HEX
Server: Apache
System: Linux msm5694.mjhst.com 3.10.0-1160.119.1.el7.x86_64 #1 SMP Tue Jun 4 14:43:51 UTC 2024 x86_64
User: camjab_ssh (1000)
PHP: 5.3.29
Disabled: NONE
Upload Files
File: /home/httpd/logs/poshbitch.com_access_log.2
66.228.53.162 - - [04/Apr/2026:04:22:58 -0400] "GET / HTTP/1.1" 302 390 "-" "Mozilla/5.0 (Macintosh; Intel Mac OS X 13_1) AppleWebKit/537.36 (KHTML, like Gecko) Chrome/108.0.0.0 Safari/537.36"
20.48.232.178 - - [04/Apr/2026:04:24:17 -0400] "GET /wp-content/plugins/hellopress/wp_filemanager.php HTTP/1.1" 302 270 "-" "-"
20.48.232.178 - - [04/Apr/2026:04:24:24 -0400] "GET /.tmb/8.php HTTP/1.1" 302 270 "-" "-"
20.48.232.178 - - [04/Apr/2026:04:24:26 -0400] "GET /index/8.php HTTP/1.1" 302 270 "-" "-"
20.48.232.178 - - [04/Apr/2026:04:24:30 -0400] "GET /133927/8.php HTTP/1.1" 302 270 "-" "-"
20.48.232.178 - - [04/Apr/2026:04:24:33 -0400] "GET /wordpress/8.php HTTP/1.1" 302 270 "-" "-"
20.48.232.178 - - [04/Apr/2026:04:24:35 -0400] "GET /.well-known/8.php HTTP/1.1" 302 270 "-" "-"
20.48.232.178 - - [04/Apr/2026:04:24:39 -0400] "GET /cgi-bin/8.php HTTP/1.1" 302 270 "-" "-"
20.48.232.178 - - [04/Apr/2026:04:24:42 -0400] "GET /wp-admin/8.php HTTP/1.1" 302 270 "-" "-"
20.48.232.178 - - [04/Apr/2026:04:24:43 -0400] "GET /wp-content/8.php HTTP/1.1" 302 270 "-" "-"
20.48.232.178 - - [04/Apr/2026:04:24:47 -0400] "GET /wp-includes/8.php HTTP/1.1" 302 270 "-" "-"
20.48.232.178 - - [04/Apr/2026:04:24:50 -0400] "GET /.well-known/simple.php HTTP/1.1" 302 270 "-" "-"
20.48.232.178 - - [04/Apr/2026:04:24:52 -0400] "GET /pcp/simple.php HTTP/1.1" 302 270 "-" "-"
20.48.232.178 - - [04/Apr/2026:04:24:56 -0400] "GET /images/simple.php HTTP/1.1" 302 270 "-" "-"
20.48.232.178 - - [04/Apr/2026:04:24:59 -0400] "GET /.well-known/f35.php HTTP/1.1" 302 270 "-" "-"
20.48.232.178 - - [04/Apr/2026:04:25:00 -0400] "GET /configPCJ/f35.php HTTP/1.1" 302 270 "-" "-"
20.48.232.178 - - [04/Apr/2026:04:25:04 -0400] "GET /well-known/nano.php HTTP/1.1" 302 270 "-" "-"
20.48.232.178 - - [04/Apr/2026:04:25:07 -0400] "GET /wp-includes/nano.php HTTP/1.1" 302 270 "-" "-"
20.48.232.178 - - [04/Apr/2026:04:25:09 -0400] "GET /wp-admin/nano.php HTTP/1.1" 302 270 "-" "-"
20.48.232.178 - - [04/Apr/2026:04:25:13 -0400] "GET /.tmb/nano.php HTTP/1.1" 302 270 "-" "-"
20.48.232.178 - - [04/Apr/2026:04:25:16 -0400] "GET /.well-known/7.php HTTP/1.1" 302 270 "-" "-"
20.48.232.178 - - [04/Apr/2026:04:25:17 -0400] "GET /administrator/7.php HTTP/1.1" 302 270 "-" "-"
20.48.232.178 - - [04/Apr/2026:04:25:21 -0400] "GET /cgi-bin/7.php HTTP/1.1" 302 270 "-" "-"
20.48.232.178 - - [04/Apr/2026:04:25:24 -0400] "GET /cli/7.php HTTP/1.1" 302 270 "-" "-"
20.48.232.178 - - [04/Apr/2026:04:25:26 -0400] "GET /includes/7.php HTTP/1.1" 302 270 "-" "-"
20.48.232.178 - - [04/Apr/2026:04:25:30 -0400] "GET /plugins/7.php HTTP/1.1" 302 270 "-" "-"
20.48.232.178 - - [04/Apr/2026:04:25:33 -0400] "GET /wp-content/a5.php HTTP/1.1" 302 270 "-" "-"
20.48.232.178 - - [04/Apr/2026:04:25:34 -0400] "GET /cgi-bin/a5.php HTTP/1.1" 302 270 "-" "-"
20.48.232.178 - - [04/Apr/2026:04:25:38 -0400] "GET /wp-includes/a5.php HTTP/1.1" 302 270 "-" "-"
20.48.232.178 - - [04/Apr/2026:04:25:41 -0400] "GET /.well-known/a5.php HTTP/1.1" 302 270 "-" "-"
20.48.232.178 - - [04/Apr/2026:04:25:44 -0400] "GET /.tmb/a5.php HTTP/1.1" 302 270 "-" "-"
20.48.232.178 - - [04/Apr/2026:04:25:48 -0400] "GET /2e754/a5.php HTTP/1.1" 302 270 "-" "-"
20.48.232.178 - - [04/Apr/2026:04:25:51 -0400] "GET /gptsh.php HTTP/1.1" 302 270 "-" "-"
20.48.232.178 - - [04/Apr/2026:04:25:52 -0400] "GET /bthil.php HTTP/1.1" 302 270 "-" "-"
20.48.232.178 - - [04/Apr/2026:04:25:56 -0400] "GET /ghhjh.php HTTP/1.1" 302 270 "-" "-"
20.48.232.178 - - [04/Apr/2026:04:25:59 -0400] "GET //cacheee.php HTTP/1.1" 302 270 "-" "-"
20.48.232.178 - - [04/Apr/2026:04:26:01 -0400] "GET /7.php HTTP/1.1" 302 270 "-" "-"
20.48.232.178 - - [04/Apr/2026:04:26:05 -0400] "GET /8.php HTTP/1.1" 302 270 "-" "-"
20.48.232.178 - - [04/Apr/2026:04:26:08 -0400] "GET /1.php HTTP/1.1" 302 270 "-" "-"
20.48.232.178 - - [04/Apr/2026:04:26:09 -0400] "GET /2.php HTTP/1.1" 302 270 "-" "-"
20.48.232.178 - - [04/Apr/2026:04:26:13 -0400] "GET /3.php HTTP/1.1" 302 270 "-" "-"
20.48.232.178 - - [04/Apr/2026:04:26:16 -0400] "GET /4.php HTTP/1.1" 302 270 "-" "-"
20.48.232.178 - - [04/Apr/2026:04:26:18 -0400] "GET /5.php HTTP/1.1" 302 270 "-" "-"
20.48.232.178 - - [04/Apr/2026:04:26:22 -0400] "GET /6.php HTTP/1.1" 302 270 "-" "-"
20.48.232.178 - - [04/Apr/2026:04:26:25 -0400] "GET /9.php HTTP/1.1" 302 270 "-" "-"
20.48.232.178 - - [04/Apr/2026:04:26:26 -0400] "GET /10.php HTTP/1.1" 302 270 "-" "-"
20.48.232.178 - - [04/Apr/2026:04:26:30 -0400] "GET /.mopj.php HTTP/1.1" 302 270 "-" "-"
20.48.232.178 - - [04/Apr/2026:04:26:33 -0400] "GET /.yuf.php HTTP/1.1" 302 270 "-" "-"
20.48.232.178 - - [04/Apr/2026:04:26:35 -0400] "GET /nano.php HTTP/1.1" 302 270 "-" "-"
20.48.232.178 - - [04/Apr/2026:04:26:39 -0400] "GET /f35_S.php HTTP/1.1" 302 270 "-" "-"
20.48.232.178 - - [04/Apr/2026:04:26:41 -0400] "GET /2026w.php HTTP/1.1" 302 270 "-" "-"
20.48.232.178 - - [04/Apr/2026:04:26:43 -0400] "GET /ftde.php HTTP/1.1" 302 270 "-" "-"
20.48.232.178 - - [04/Apr/2026:04:26:47 -0400] "GET /file31.php HTTP/1.1" 302 270 "-" "-"
20.48.232.178 - - [04/Apr/2026:04:26:50 -0400] "GET /111.php HTTP/1.1" 302 270 "-" "-"
20.48.232.178 - - [04/Apr/2026:04:26:51 -0400] "GET /control.php HTTP/1.1" 302 270 "-" "-"
20.48.232.178 - - [04/Apr/2026:04:26:55 -0400] "GET /xozx.php HTTP/1.1" 302 270 "-" "-"
20.48.232.178 - - [04/Apr/2026:04:26:58 -0400] "GET /1111.php?p= HTTP/1.1" 302 270 "-" "-"
20.48.232.178 - - [04/Apr/2026:04:27:00 -0400] "GET //fetch.php HTTP/1.1" 302 270 "-" "-"
20.48.232.178 - - [04/Apr/2026:04:27:04 -0400] "GET /wp1.php HTTP/1.1" 302 270 "-" "-"
20.48.232.178 - - [04/Apr/2026:04:27:07 -0400] "GET /aligk.php HTTP/1.1" 302 270 "-" "-"
20.48.232.178 - - [04/Apr/2026:04:27:08 -0400] "GET /byrgo.php HTTP/1.1" 302 270 "-" "-"
20.48.232.178 - - [04/Apr/2026:04:27:12 -0400] "GET //xwpg.php HTTP/1.1" 302 270 "-" "-"
20.48.232.178 - - [04/Apr/2026:04:27:15 -0400] "GET /ass.php HTTP/1.1" 302 270 "-" "-"
20.48.232.178 - - [04/Apr/2026:04:27:17 -0400] "GET //about.php HTTP/1.1" 302 270 "-" "-"
20.48.232.178 - - [04/Apr/2026:04:27:21 -0400] "GET /no18.php HTTP/1.1" 302 270 "-" "-"
20.48.232.178 - - [04/Apr/2026:04:27:24 -0400] "GET /zample.php HTTP/1.1" 302 270 "-" "-"
20.48.232.178 - - [04/Apr/2026:04:27:25 -0400] "GET /read.php HTTP/1.1" 302 270 "-" "-"
20.48.232.178 - - [04/Apr/2026:04:27:30 -0400] "GET /wp-kd4xalrg7m.php HTTP/1.1" 302 270 "-" "-"
20.48.232.178 - - [04/Apr/2026:04:27:33 -0400] "GET /hplfuns.php HTTP/1.1" 302 270 "-" "-"
20.48.232.178 - - [04/Apr/2026:04:27:34 -0400] "GET /xa.php HTTP/1.1" 302 270 "-" "-"
20.48.232.178 - - [04/Apr/2026:04:27:38 -0400] "GET /100.php HTTP/1.1" 302 270 "-" "-"
20.48.232.178 - - [04/Apr/2026:04:27:41 -0400] "GET //admin.php HTTP/1.1" 302 270 "-" "-"
20.48.232.178 - - [04/Apr/2026:04:27:43 -0400] "GET //wp-mter.php HTTP/1.1" 302 270 "-" "-"
20.48.232.178 - - [04/Apr/2026:04:27:46 -0400] "GET /inege.php HTTP/1.1" 302 270 "-" "-"
20.48.232.178 - - [04/Apr/2026:04:27:51 -0400] "GET /19.php HTTP/1.1" 302 270 "-" "-"
20.48.232.178 - - [04/Apr/2026:04:27:54 -0400] "GET /fe5.php HTTP/1.1" 302 270 "-" "-"
20.48.232.178 - - [04/Apr/2026:04:27:59 -0400] "GET /file61.php HTTP/1.1" 302 270 "-" "-"
20.48.232.178 - - [04/Apr/2026:04:28:02 -0400] "GET /uuu.php HTTP/1.1" 302 270 "-" "-"
20.48.232.178 - - [04/Apr/2026:04:28:06 -0400] "GET /sf.php HTTP/1.1" 302 270 "-" "-"
20.48.232.178 - - [04/Apr/2026:04:28:09 -0400] "GET /eee.php HTTP/1.1" 302 270 "-" "-"
20.48.232.178 - - [04/Apr/2026:04:28:10 -0400] "GET /no1.php HTTP/1.1" 302 270 "-" "-"
20.48.232.178 - - [04/Apr/2026:04:28:14 -0400] "GET /w2025.php HTTP/1.1" 302 270 "-" "-"
20.48.232.178 - - [04/Apr/2026:04:28:17 -0400] "GET /swallowable.php HTTP/1.1" 302 270 "-" "-"
20.48.232.178 - - [04/Apr/2026:04:28:19 -0400] "GET /fvvff.php HTTP/1.1" 302 270 "-" "-"
20.48.232.178 - - [04/Apr/2026:04:28:23 -0400] "GET /a2.php HTTP/1.1" 302 270 "-" "-"
20.48.232.178 - - [04/Apr/2026:04:28:26 -0400] "GET /txets.php HTTP/1.1" 302 270 "-" "-"
20.48.232.178 - - [04/Apr/2026:04:28:29 -0400] "GET //edit.php HTTP/1.1" 302 270 "-" "-"
20.48.232.178 - - [04/Apr/2026:04:28:32 -0400] "GET /ioxi-o.php HTTP/1.1" 302 270 "-" "-"
20.48.232.178 - - [04/Apr/2026:04:28:34 -0400] "GET /wp-content/admin.php HTTP/1.1" 302 270 "-" "-"
20.48.232.178 - - [04/Apr/2026:04:28:37 -0400] "GET /66.php HTTP/1.1" 302 270 "-" "-"
20.48.232.178 - - [04/Apr/2026:04:28:40 -0400] "GET /a5.php HTTP/1.1" 302 270 "-" "-"
20.48.232.178 - - [04/Apr/2026:04:28:43 -0400] "GET /ol.php HTTP/1.1" 302 270 "-" "-"
20.48.232.178 - - [04/Apr/2026:04:28:46 -0400] "GET //f6.php HTTP/1.1" 302 270 "-" "-"
20.48.232.178 - - [04/Apr/2026:04:28:49 -0400] "GET //inputs.php HTTP/1.1" 302 270 "-" "-"
20.48.232.178 - - [04/Apr/2026:04:28:51 -0400] "GET /bgymj.php HTTP/1.1" 302 270 "-" "-"
20.48.232.178 - - [04/Apr/2026:04:28:54 -0400] "GET //aa.php HTTP/1.1" 302 270 "-" "-"
20.48.232.178 - - [04/Apr/2026:04:28:57 -0400] "GET //av.php HTTP/1.1" 302 270 "-" "-"
20.48.232.178 - - [04/Apr/2026:04:29:00 -0400] "GET /wp-admin/css/bolt.php HTTP/1.1" 302 270 "-" "-"
20.48.232.178 - - [04/Apr/2026:04:29:03 -0400] "GET /wp-act.php HTTP/1.1" 302 270 "-" "-"
20.48.232.178 - - [04/Apr/2026:04:29:07 -0400] "GET /xqq.php HTTP/1.1" 302 270 "-" "-"
20.48.232.178 - - [04/Apr/2026:04:29:08 -0400] "GET /plss3.php HTTP/1.1" 302 270 "-" "-"
20.48.232.178 - - [04/Apr/2026:04:29:12 -0400] "GET /aaa.php?p= HTTP/1.1" 302 270 "-" "-"
20.48.232.178 - - [04/Apr/2026:04:29:16 -0400] "GET /classwithtostring.php?p= HTTP/1.1" 302 270 "-" "-"
20.48.232.178 - - [04/Apr/2026:04:29:18 -0400] "GET /wp-content/themes/index.php HTTP/1.1" 302 270 "-" "-"
20.48.232.178 - - [04/Apr/2026:04:29:21 -0400] "GET /tinyfilemanager.php?p= HTTP/1.1" 302 270 "-" "-"
20.48.232.178 - - [04/Apr/2026:04:29:25 -0400] "GET /wp-update.php HTTP/1.1" 302 270 "-" "-"
20.48.232.178 - - [04/Apr/2026:04:29:27 -0400] "GET /sbhu.php HTTP/1.1" 302 270 "-" "-"
20.48.232.178 - - [04/Apr/2026:04:29:31 -0400] "GET /wp-blog.php HTTP/1.1" 302 270 "-" "-"
20.48.232.178 - - [04/Apr/2026:04:29:34 -0400] "GET //wp-includes/js/jquery/ HTTP/1.1" 302 270 "-" "-"
20.48.232.178 - - [04/Apr/2026:04:29:35 -0400] "GET //wp-content/admin.php HTTP/1.1" 302 270 "-" "-"
20.48.232.178 - - [04/Apr/2026:04:29:39 -0400] "GET /ms-edit.php HTTP/1.1" 302 270 "-" "-"
20.48.232.178 - - [04/Apr/2026:04:29:42 -0400] "GET //adminfuns.php HTTP/1.1" 302 270 "-" "-"
20.48.232.178 - - [04/Apr/2026:04:29:44 -0400] "GET /goods.php HTTP/1.1" 302 270 "-" "-"
20.48.232.178 - - [04/Apr/2026:04:29:48 -0400] "GET /ms-edit.php HTTP/1.1" 302 270 "-" "-"
20.48.232.178 - - [04/Apr/2026:04:29:51 -0400] "GET /222.php HTTP/1.1" 302 270 "-" "-"
20.48.232.178 - - [04/Apr/2026:04:29:52 -0400] "GET //cgi-bin/index.php HTTP/1.1" 302 270 "-" "-"
20.48.232.178 - - [04/Apr/2026:04:29:56 -0400] "GET /fff.php HTTP/1.1" 302 270 "-" "-"
20.48.232.178 - - [04/Apr/2026:04:29:59 -0400] "GET /wp-content/ HTTP/1.1" 302 270 "-" "-"
20.48.232.178 - - [04/Apr/2026:04:30:01 -0400] "GET /alpha.php HTTP/1.1" 302 270 "-" "-"
20.48.232.178 - - [04/Apr/2026:04:30:05 -0400] "GET /makeasmtp.php?p= HTTP/1.1" 302 270 "-" "-"
20.48.232.178 - - [04/Apr/2026:04:30:08 -0400] "GET /wp-michan.php HTTP/1.1" 302 270 "-" "-"
20.48.232.178 - - [04/Apr/2026:04:30:10 -0400] "GET /wp-the.php HTTP/1.1" 302 270 "-" "-"
20.48.232.178 - - [04/Apr/2026:04:30:14 -0400] "GET //wp-includes/css/dist/ HTTP/1.1" 302 270 "-" "-"
20.48.232.178 - - [04/Apr/2026:04:30:17 -0400] "GET /BDKR28WP.php HTTP/1.1" 302 270 "-" "-"
20.48.232.178 - - [04/Apr/2026:04:30:20 -0400] "GET //wp-includes/l10n/ HTTP/1.1" 302 270 "-" "-"
20.48.232.178 - - [04/Apr/2026:04:30:22 -0400] "GET /wp-good.php HTTP/1.1" 302 270 "-" "-"
20.48.232.178 - - [04/Apr/2026:04:30:25 -0400] "GET /wp.php HTTP/1.1" 302 270 "-" "-"
20.48.232.178 - - [04/Apr/2026:04:30:28 -0400] "GET /wp-admin/js/fi.php HTTP/1.1" 302 270 "-" "-"
20.48.232.178 - - [04/Apr/2026:04:30:32 -0400] "GET /fe5.php HTTP/1.1" 302 270 "-" "-"
20.48.232.178 - - [04/Apr/2026:04:30:34 -0400] "GET /kj.php HTTP/1.1" 302 270 "-" "-"
20.48.232.178 - - [04/Apr/2026:04:30:38 -0400] "GET //wp-content/uploads/2021/02/index.php HTTP/1.1" 302 270 "-" "-"
20.48.232.178 - - [04/Apr/2026:04:30:41 -0400] "GET /av.php HTTP/1.1" 302 270 "-" "-"
20.48.232.178 - - [04/Apr/2026:04:30:43 -0400] "GET /abcd.php HTTP/1.1" 302 270 "-" "-"
20.48.232.178 - - [04/Apr/2026:04:30:47 -0400] "GET /fi.php HTTP/1.1" 302 270 "-" "-"
20.48.232.178 - - [04/Apr/2026:04:30:49 -0400] "GET //a1.php HTTP/1.1" 302 270 "-" "-"
20.48.232.178 - - [04/Apr/2026:04:30:51 -0400] "GET /update/f35.php HTTP/1.1" 302 270 "-" "-"
20.48.232.178 - - [04/Apr/2026:04:30:55 -0400] "GET /wp-includes/Text/Diff/Engine/about.php HTTP/1.1" 302 270 "-" "-"
20.48.232.178 - - [04/Apr/2026:04:30:58 -0400] "GET /f35.php HTTP/1.1" 302 270 "-" "-"
20.48.232.178 - - [04/Apr/2026:04:30:59 -0400] "GET //wp-includes/css/index.php?p= HTTP/1.1" 302 270 "-" "-"
20.48.232.178 - - [04/Apr/2026:04:31:03 -0400] "GET /wp-includes/SimplePie/ HTTP/1.1" 302 270 "-" "-"
20.48.232.178 - - [04/Apr/2026:04:31:06 -0400] "GET /prv8.php HTTP/1.1" 302 270 "-" "-"
20.48.232.178 - - [04/Apr/2026:04:31:08 -0400] "GET /k.php HTTP/1.1" 302 270 "-" "-"
20.48.232.178 - - [04/Apr/2026:04:31:12 -0400] "GET /dev.php HTTP/1.1" 302 270 "-" "-"
20.48.232.178 - - [04/Apr/2026:04:31:15 -0400] "GET /bal.php HTTP/1.1" 302 270 "-" "-"
20.48.232.178 - - [04/Apr/2026:04:31:16 -0400] "GET /in.php HTTP/1.1" 302 270 "-" "-"
20.48.232.178 - - [04/Apr/2026:04:31:20 -0400] "GET /gssdd.php HTTP/1.1" 302 270 "-" "-"
20.48.232.178 - - [04/Apr/2026:04:31:23 -0400] "GET /motu.php HTTP/1.1" 302 270 "-" "-"
176.65.151.74 - - [04/Apr/2026:04:31:24 -0400] "GET / HTTP/1.1" 302 390 "-" "Mozilla/5.0 (Windows NT 10.0; Win64; x64) AppleWebKit/537.36 (KHTML, like Gecko) Chrome/90.0.4430.85 Safari/537.36 Edg/90.0.818.46"
20.48.232.178 - - [04/Apr/2026:04:31:25 -0400] "GET /bs1.php HTTP/1.1" 302 270 "-" "-"
20.48.232.178 - - [04/Apr/2026:04:31:29 -0400] "GET /bengi.php HTTP/1.1" 302 270 "-" "-"
20.48.232.178 - - [04/Apr/2026:04:31:32 -0400] "GET /wp-content/plugins/pwnd/as.php HTTP/1.1" 302 270 "-" "-"
20.48.232.178 - - [04/Apr/2026:04:31:33 -0400] "GET /axx.php HTTP/1.1" 302 270 "-" "-"
20.48.232.178 - - [04/Apr/2026:04:31:37 -0400] "GET /alfashell.php HTTP/1.1" 302 270 "-" "-"
20.48.232.178 - - [04/Apr/2026:04:31:40 -0400] "GET /gettest.php HTTP/1.1" 302 270 "-" "-"
20.48.232.178 - - [04/Apr/2026:04:31:42 -0400] "GET /acp.php HTTP/1.1" 302 270 "-" "-"
20.48.232.178 - - [04/Apr/2026:04:31:46 -0400] "GET /file48.php HTTP/1.1" 302 270 "-" "-"
20.48.232.178 - - [04/Apr/2026:04:31:49 -0400] "GET /wp-content/ HTTP/1.1" 302 270 "-" "-"
20.48.232.178 - - [04/Apr/2026:04:31:51 -0400] "GET /simple.php HTTP/1.1" 302 270 "-" "-"
20.48.232.178 - - [04/Apr/2026:04:31:55 -0400] "GET /ew.php HTTP/1.1" 302 270 "-" "-"
20.48.232.178 - - [04/Apr/2026:04:31:58 -0400] "GET /file21.php HTTP/1.1" 302 270 "-" "-"
20.48.232.178 - - [04/Apr/2026:04:31:59 -0400] "GET /class19.php HTTP/1.1" 302 270 "-" "-"
20.48.232.178 - - [04/Apr/2026:04:32:03 -0400] "GET /class20.php HTTP/1.1" 302 270 "-" "-"
20.48.232.178 - - [04/Apr/2026:04:32:06 -0400] "GET /file18.php HTTP/1.1" 302 270 "-" "-"
20.48.232.178 - - [04/Apr/2026:04:32:08 -0400] "GET /vee.php HTTP/1.1" 302 270 "-" "-"
20.48.232.178 - - [04/Apr/2026:04:32:12 -0400] "GET /cabs.php HTTP/1.1" 302 270 "-" "-"
20.48.232.178 - - [04/Apr/2026:04:32:15 -0400] "GET /xwx1.php HTTP/1.1" 302 270 "-" "-"
20.48.232.178 - - [04/Apr/2026:04:32:16 -0400] "GET /x1da.php HTTP/1.1" 302 270 "-" "-"
20.48.232.178 - - [04/Apr/2026:04:32:20 -0400] "GET /jp.php HTTP/1.1" 302 270 "-" "-"
20.48.232.178 - - [04/Apr/2026:04:32:23 -0400] "GET /chosen.php HTTP/1.1" 302 270 "-" "-"
176.65.151.74 - - [04/Apr/2026:04:56:44 -0400] "GET / HTTP/1.1" 302 390 "-" "Mozilla/5.0 (Windows NT 10.0; Win64; x64) AppleWebKit/537.36 (KHTML, like Gecko) Chrome/90.0.4430.85 Safari/537.36 Edg/90.0.818.46"
20.163.33.22 - - [04/Apr/2026:05:16:28 -0400] "GET /developmentserver/metadatauploader HTTP/1.1" 302 270 "-" "Mozilla/5.0 zgrab/0.x"
176.65.151.74 - - [04/Apr/2026:05:23:18 -0400] "GET / HTTP/1.1" 302 390 "-" "Mozilla/5.0 (Windows NT 10.0; Win64; x64) AppleWebKit/537.36 (KHTML, like Gecko) Chrome/90.0.4430.85 Safari/537.36 Edg/90.0.818.46"
45.91.64.7 - - [04/Apr/2026:05:43:31 -0400] "GET / HTTP/1.1" 302 390 "-" "Mozilla/5.0 (Windows NT 10.0; Win64; x64) AppleWebKit/537.36 (KHTML, like Gecko) Chrome/91.0.4472.77 Safari/537.36"
176.65.151.74 - - [04/Apr/2026:05:48:53 -0400] "GET / HTTP/1.1" 302 390 "-" "Mozilla/5.0 (Windows NT 10.0; Win64; x64) AppleWebKit/537.36 (KHTML, like Gecko) Chrome/90.0.4430.85 Safari/537.36 Edg/90.0.818.46"
149.86.227.60 - - [04/Apr/2026:06:00:07 -0400] "GET / HTTP/1.1" 302 390 "-" "Mozilla/5.0"
45.205.1.20 - - [04/Apr/2026:06:07:53 -0400] "POST / HTTP/1.1" 302 390 "-" "Mozilla/5.0 (Windows NT 10.0; Win64; x64) AppleWebKit/537.36 (KHTML, like Gecko) Chrome/134.0.0.0 Safari/537.36 Edg/134.0.0.0"
45.205.1.20 - - [04/Apr/2026:06:07:58 -0400] "POST /_next HTTP/1.1" 302 270 "-" "Mozilla/5.0 (Linux; Android 14; SM-F9560 Build/UP1A.231005.007; wv) AppleWebKit/537.36 (KHTML, like Gecko) Version/4.0 Chrome/127.0.6533.103 Mobile Safari/537.36"
45.205.1.20 - - [04/Apr/2026:06:08:03 -0400] "POST /api HTTP/1.1" 302 270 "-" "Mozilla/5.0 (Macintosh; Intel Mac OS X 10_15_7) AppleWebKit/537.36 (KHTML, like Gecko) Chrome/134.0.0.0 Safari/537.36"
45.205.1.20 - - [04/Apr/2026:06:08:09 -0400] "POST /_next/server HTTP/1.1" 302 270 "-" "Mozilla/5.0 (iPhone; CPU iPhone OS 17_7 like Mac OS X) AppleWebKit/605.1.15 (KHTML, like Gecko) CriOS/134.0.6998.99 Mobile/15E148 Safari/604.1"
45.205.1.20 - - [04/Apr/2026:06:08:13 -0400] "POST /app HTTP/1.1" 302 270 "-" "Mozilla/5.0 (Macintosh; Intel Mac OS X 10_15_7) AppleWebKit/537.36 (KHTML, like Gecko) Chrome/134.0.0.0 Safari/537.36"
45.205.1.20 - - [04/Apr/2026:06:08:19 -0400] "POST /api/route HTTP/1.1" 302 270 "-" "Mozilla/5.0 (iPhone; CPU iPhone OS 17_7 like Mac OS X) AppleWebKit/605.1.15 (KHTML, like Gecko) CriOS/134.0.6998.99 Mobile/15E148 Safari/604.1"
141.94.194.132 - - [04/Apr/2026:06:15:54 -0400] "GET /2007/08/16/goth-tease-28/feed/ HTTP/1.1" 302 274 "-" "Mozilla/5.0 (X11; Linux i686) AppleWebKit/537.36 (KHTML, like Gecko) Chrome/30.0.1599.66 Safari/537.36"
176.65.151.74 - - [04/Apr/2026:06:16:04 -0400] "GET / HTTP/1.1" 302 390 "-" "Mozilla/5.0 (Windows NT 10.0; Win64; x64) AppleWebKit/537.36 (KHTML, like Gecko) Chrome/90.0.4430.85 Safari/537.36 Edg/90.0.818.46"
5.61.209.107 - - [04/Apr/2026:06:25:30 -0400] "GET /SDK/webLanguage HTTP/1.1" 302 270 "-" "Mozilla/5.0 (Windows NT 10.0; Win64; x64) AppleWebKit/537.36 (KHTML, like Gecko) Chrome/90.0.4430.85 Safari/537.36 Edg/90.0.818.46"
1.15.52.154 - - [04/Apr/2026:06:28:56 -0400] "GET / HTTP/1.1" 302 390 "-" "Mozilla/5.0 (iPhone; CPU iPhone OS 13_2_3 like Mac OS X) AppleWebKit/605.1.15 (KHTML, like Gecko) Version/13.0.3 Mobile/15E148 Safari/604.1"
176.65.151.74 - - [04/Apr/2026:06:39:27 -0400] "GET / HTTP/1.1" 302 390 "-" "Mozilla/5.0 (Windows NT 10.0; Win64; x64) AppleWebKit/537.36 (KHTML, like Gecko) Chrome/90.0.4430.85 Safari/537.36 Edg/90.0.818.46"
170.106.107.87 - - [04/Apr/2026:06:56:24 -0400] "GET / HTTP/1.1" 302 390 "-" "Mozilla/5.0 (iPhone; CPU iPhone OS 13_2_3 like Mac OS X) AppleWebKit/605.1.15 (KHTML, like Gecko) Version/13.0.3 Mobile/15E148 Safari/604.1"
176.65.151.74 - - [04/Apr/2026:07:03:27 -0400] "GET / HTTP/1.1" 302 390 "-" "Mozilla/5.0 (Windows NT 10.0; Win64; x64) AppleWebKit/537.36 (KHTML, like Gecko) Chrome/90.0.4430.85 Safari/537.36 Edg/90.0.818.46"
162.62.132.25 - - [04/Apr/2026:07:13:42 -0400] "GET / HTTP/1.1" 302 390 "-" "Mozilla/5.0 (iPhone; CPU iPhone OS 13_2_3 like Mac OS X) AppleWebKit/605.1.15 (KHTML, like Gecko) Version/13.0.3 Mobile/15E148 Safari/604.1"
176.65.151.74 - - [04/Apr/2026:07:31:38 -0400] "GET / HTTP/1.1" 302 390 "-" "Mozilla/5.0 (Windows NT 10.0; Win64; x64) AppleWebKit/537.36 (KHTML, like Gecko) Chrome/90.0.4430.85 Safari/537.36 Edg/90.0.818.46"
81.168.83.103 - - [04/Apr/2026:07:37:53 -0400] "GET /.zsh_history HTTP/1.1" 302 270 "-" "Mozilla/5.0 (Windows NT 10.0; Win64; x64) AppleWebKit/537.36 (KHTML, like Gecko) Chrome/124.0.0.0 Safari/537.36"
176.65.151.74 - - [04/Apr/2026:07:56:51 -0400] "GET / HTTP/1.1" 302 390 "-" "Mozilla/5.0 (Windows NT 10.0; Win64; x64) AppleWebKit/537.36 (KHTML, like Gecko) Chrome/90.0.4430.85 Safari/537.36 Edg/90.0.818.46"
43.131.45.213 - - [04/Apr/2026:08:17:21 -0400] "GET / HTTP/1.1" 302 390 "-" "Mozilla/5.0 (iPhone; CPU iPhone OS 13_2_3 like Mac OS X) AppleWebKit/605.1.15 (KHTML, like Gecko) Version/13.0.3 Mobile/15E148 Safari/604.1"
176.65.151.74 - - [04/Apr/2026:08:20:28 -0400] "GET / HTTP/1.1" 302 390 "-" "Mozilla/5.0 (Windows NT 10.0; Win64; x64) AppleWebKit/537.36 (KHTML, like Gecko) Chrome/90.0.4430.85 Safari/537.36 Edg/90.0.818.46"
223.123.72.130 - - [04/Apr/2026:08:24:20 -0400] "GET /boaform/admin/formLogin?username=adminisp&psd=adminisp HTTP/1.1" 302 274 "-" "-"
141.94.194.132 - - [04/Apr/2026:08:30:38 -0400] "GET /2007/12/05/latina-diamonds/feed/ HTTP/1.1" 302 274 "-" "Mozilla/5.0 (X11; Linux i686) AppleWebKit/537.36 (KHTML, like Gecko) Chrome/30.0.1599.66 Safari/537.36"
37.10.113.218 - - [04/Apr/2026:08:31:20 -0400] "GET / HTTP/1.1" 302 390 "-" "Mozilla/5.0 (compatible; Infrawatch/1.0; +https://infrawat.ch/)"
155.212.173.98 - - [04/Apr/2026:08:31:26 -0400] "GET / HTTP/1.1" 302 390 "-" "Mozilla/5.0 (Windows NT 10.0; Win64; x64) AppleWebKit/537.36 (KHTML, like Gecko) Chrome/120.0.0.0 Safari/537.36"
43.173.1.57 - - [04/Apr/2026:08:38:15 -0400] "GET / HTTP/1.1" 302 390 "-" "Mozilla/5.0 (iPhone; CPU iPhone OS 13_2_3 like Mac OS X) AppleWebKit/605.1.15 (KHTML, like Gecko) Version/13.0.3 Mobile/15E148 Safari/604.1"
202.4.125.210 - - [04/Apr/2026:08:44:15 -0400] "GET /category/bitches/skinnybitches/page/2 HTTP/1.1" 302 274 "http://www.poshbitch.com/" "Mozilla/5.0 (Windows NT 10.0; Win64; x64) AppleWebKit/537.36 (KHTML, like Gecko) Chrome/135.0.0.0 Safari/537.36"
176.65.151.74 - - [04/Apr/2026:08:48:08 -0400] "GET / HTTP/1.1" 302 390 "-" "Mozilla/5.0 (Windows NT 10.0; Win64; x64) AppleWebKit/537.36 (KHTML, like Gecko) Chrome/90.0.4430.85 Safari/537.36 Edg/90.0.818.46"
176.65.151.74 - - [04/Apr/2026:08:58:45 -0400] "GET / HTTP/1.1" 302 390 "-" "Mozilla/5.0 (Windows NT 10.0; Win64; x64) AppleWebKit/537.36 (KHTML, like Gecko) Chrome/90.0.4430.85 Safari/537.36 Edg/90.0.818.46"
5.61.209.107 - - [04/Apr/2026:09:06:02 -0400] "GET /SDK/webLanguage HTTP/1.1" 302 270 "-" "Mozilla/5.0 (Windows NT 10.0; Win64; x64) AppleWebKit/537.36 (KHTML, like Gecko) Chrome/90.0.4430.85 Safari/537.36 Edg/90.0.818.46"
62.68.121.68 - - [04/Apr/2026:09:14:04 -0400] "GET /2007/11/19/candy-carmichael HTTP/1.1" 302 274 "http://www.poshbitch.com/" "Mozilla/5.0 (X11; Linux x86_64) AppleWebKit/537.36 (KHTML, like Gecko) Chrome/129.0.0.0 Safari/537.36"
176.65.151.74 - - [04/Apr/2026:09:22:22 -0400] "GET / HTTP/1.1" 302 390 "-" "Mozilla/5.0 (Windows NT 10.0; Win64; x64) AppleWebKit/537.36 (KHTML, like Gecko) Chrome/90.0.4430.85 Safari/537.36 Edg/90.0.818.46"
20.65.194.132 - - [04/Apr/2026:09:41:43 -0400] "GET /ReportServer HTTP/1.1" 302 270 "-" "Mozilla/5.0 zgrab/0.x"
149.86.227.60 - - [04/Apr/2026:09:43:16 -0400] "GET / HTTP/1.1" 302 390 "-" "Mozilla/5.0"
51.158.234.233 - - [04/Apr/2026:09:44:07 -0400] "PUT /.htaccess HTTP/1.1" 403 274 "-" "Mozilla/5.0 (X11; Linux x86_64) Full-Uploader"
51.158.234.233 - - [04/Apr/2026:09:44:08 -0400] "PUT /.htaccess HTTP/1.1" 403 274 "-" "Mozilla/5.0 (X11; Linux x86_64) Full-Uploader"
51.158.234.233 - - [04/Apr/2026:09:44:09 -0400] "PUT /.htaccess HTTP/1.1" 403 274 "-" "Mozilla/5.0 (X11; Linux x86_64) Full-Uploader"
51.158.234.233 - - [04/Apr/2026:09:44:10 -0400] "PUT /oem.php HTTP/1.1" 302 270 "-" "Mozilla/5.0 (X11; Linux x86_64) Full-Uploader"
51.158.234.233 - - [04/Apr/2026:09:44:26 -0400] "PUT /oem.php HTTP/1.1" 302 270 "-" "Mozilla/5.0 (X11; Linux x86_64) Full-Uploader"
51.158.234.233 - - [04/Apr/2026:09:44:30 -0400] "PUT /oem.php HTTP/1.1" 302 270 "-" "Mozilla/5.0 (X11; Linux x86_64) Full-Uploader"
51.158.234.233 - - [04/Apr/2026:09:44:45 -0400] "PUT /oem.phtml HTTP/1.1" 302 270 "-" "Mozilla/5.0 (X11; Linux x86_64) Full-Uploader"
51.158.234.233 - - [04/Apr/2026:09:44:55 -0400] "PUT /oem.phtml HTTP/1.1" 302 270 "-" "Mozilla/5.0 (X11; Linux x86_64) Full-Uploader"
51.158.234.233 - - [04/Apr/2026:09:45:11 -0400] "PUT /oem.phtml HTTP/1.1" 302 270 "-" "Mozilla/5.0 (X11; Linux x86_64) Full-Uploader"
146.148.122.35 - - [04/Apr/2026:09:45:35 -0400] "GET / HTTP/1.1" 302 390 "-" "python-requests/2.32.5"
176.65.151.74 - - [04/Apr/2026:09:52:18 -0400] "GET / HTTP/1.1" 302 390 "-" "Mozilla/5.0 (Windows NT 10.0; Win64; x64) AppleWebKit/537.36 (KHTML, like Gecko) Chrome/90.0.4430.85 Safari/537.36 Edg/90.0.818.46"
27.123.255.180 - - [04/Apr/2026:10:00:51 -0400] "GET /2008/03/06/milf-next-door-18 HTTP/1.1" 302 274 "http://www.poshbitch.com/" "Mozilla/5.0 (Windows NT 10.0; Win64; x64) AppleWebKit/537.36 (KHTML, like Gecko) Chrome/135.0.0.0 Safari/537.36"
103.7.249.50 - - [04/Apr/2026:10:13:28 -0400] "GET /category/lesbian-bitches/page/2 HTTP/1.1" 302 274 "http://www.poshbitch.com/" "Mozilla/5.0 (Windows NT 10.0; Win64; x64) AppleWebKit/537.36 (KHTML, like Gecko) Chrome/126.0.0.0 Safari/537.36 Edg/126.0.0.0"
176.65.151.74 - - [04/Apr/2026:10:15:45 -0400] "GET / HTTP/1.1" 302 390 "-" "Mozilla/5.0 (Windows NT 10.0; Win64; x64) AppleWebKit/537.36 (KHTML, like Gecko) Chrome/90.0.4430.85 Safari/537.36 Edg/90.0.818.46"
145.239.10.137 - - [04/Apr/2026:10:18:59 -0400] "GET /abouts.php HTTP/1.1" 302 270 "http://poshbitch.com/abouts.php" "Mozilla/5.0 (iPhone; CPU iPhone OS 17_5_1 like Mac OS X) AppleWebKit/605.1.15 (KHTML, like Gecko) Version/17.5 Mobile/15E148 Safari/604.1"
45.219.58.67 - - [04/Apr/2026:10:39:02 -0400] "GET /2007/06/12/sara-cutie HTTP/1.1" 302 274 "http://www.poshbitch.com/" "Mozilla/5.0 (X11; Linux x86_64; rv:125.0) Gecko/20100101 Firefox/125.0"
176.65.151.74 - - [04/Apr/2026:10:43:35 -0400] "GET / HTTP/1.1" 302 390 "-" "Mozilla/5.0 (Windows NT 10.0; Win64; x64) AppleWebKit/537.36 (KHTML, like Gecko) Chrome/90.0.4430.85 Safari/537.36 Edg/90.0.818.46"
169.224.10.11 - - [04/Apr/2026:10:54:23 -0400] "GET /2007/08/08/eva-luv-12 HTTP/1.1" 302 274 "http://www.poshbitch.com/" "Mozilla/5.0 (Windows NT 10.0; Win64; x64) AppleWebKit/537.36 (KHTML, like Gecko) Chrome/135.0.0.0 Safari/537.36"
176.65.151.74 - - [04/Apr/2026:11:05:48 -0400] "GET / HTTP/1.1" 302 390 "-" "Mozilla/5.0 (Windows NT 10.0; Win64; x64) AppleWebKit/537.36 (KHTML, like Gecko) Chrome/90.0.4430.85 Safari/537.36 Edg/90.0.818.46"
183.56.235.140 - - [04/Apr/2026:11:15:08 -0400] "POST /hello.world?%ADd+allow_url_include%3d1+%ADd+auto_prepend_file%3dphp://input HTTP/1.1" 302 270 "-" "libredtail-http"
213.55.85.179 - - [04/Apr/2026:11:19:38 -0400] "GET / HTTP/1.1" 302 390 "-" "Go-http-client/1.1"
176.65.151.74 - - [04/Apr/2026:11:30:33 -0400] "GET / HTTP/1.1" 302 390 "-" "Mozilla/5.0 (Windows NT 10.0; Win64; x64) AppleWebKit/537.36 (KHTML, like Gecko) Chrome/90.0.4430.85 Safari/537.36 Edg/90.0.818.46"
81.168.83.103 - - [04/Apr/2026:11:48:29 -0400] "GET /.env.local HTTP/1.1" 302 270 "-" "Mozilla/5.0 (Windows NT 10.0; Win64; x64) AppleWebKit/537.36 (KHTML, like Gecko) Chrome/124.0.0.0 Safari/537.36"
176.65.151.74 - - [04/Apr/2026:11:56:53 -0400] "GET / HTTP/1.1" 302 390 "-" "Mozilla/5.0 (Windows NT 10.0; Win64; x64) AppleWebKit/537.36 (KHTML, like Gecko) Chrome/90.0.4430.85 Safari/537.36 Edg/90.0.818.46"
141.94.194.132 - - [04/Apr/2026:12:10:18 -0400] "GET /2007/06/28/sharing-paris-4/feed/ HTTP/1.1" 302 274 "-" "Mozilla/5.0 (X11; Linux i686) AppleWebKit/537.36 (KHTML, like Gecko) Chrome/30.0.1599.66 Safari/537.36"
45.148.10.249 - - [04/Apr/2026:12:15:17 -0400] "GET /.env HTTP/1.1" 302 270 "-" "BlackBerry9000/4.6.0.167 Profile/MIDP-2.0 Configuration/CLDC-1.1 VendorID/102"
49.51.243.95 - - [04/Apr/2026:12:21:14 -0400] "GET / HTTP/1.1" 302 390 "-" "Mozilla/5.0 (iPhone; CPU iPhone OS 13_2_3 like Mac OS X) AppleWebKit/605.1.15 (KHTML, like Gecko) Version/13.0.3 Mobile/15E148 Safari/604.1"
176.65.151.74 - - [04/Apr/2026:12:24:09 -0400] "GET / HTTP/1.1" 302 390 "-" "Mozilla/5.0 (Windows NT 10.0; Win64; x64) AppleWebKit/537.36 (KHTML, like Gecko) Chrome/90.0.4430.85 Safari/537.36 Edg/90.0.818.46"
114.220.75.156 - - [04/Apr/2026:12:32:02 -0400] "POST /hello.world?%ADd+allow_url_include%3d1+%ADd+auto_prepend_file%3dphp://input HTTP/1.1" 302 270 "-" "libredtail-http"
2.57.122.173 - - [04/Apr/2026:12:44:01 -0400] "GET /.env.production HTTP/1.1" 302 270 "-" "Mozilla/5.0 (X11; CrOS aarch64 12239.67.0) AppleWebKit/537.36 (KHTML, like Gecko) Chrome/76.0.3809.102 Safari/537.36"
2.57.122.173 - - [04/Apr/2026:12:44:01 -0400] "GET /production/.env HTTP/1.1" 302 270 "-" "Mozilla/5.0 (X11; Linux armv7l) AppleWebKit/537.36 (KHTML, like Gecko) Raspbian Chromium/72.0.3626.121 Chrome/72.0.3626.121 Safari/537.36"
2.57.122.173 - - [04/Apr/2026:12:44:01 -0400] "GET /.github/workflows/secrets.env HTTP/1.1" 302 270 "-" "Mozilla/5.0 (Macintosh; Intel Mac OS X 10.8; rv:16.0) Gecko/20120813 Firefox/16.0"
2.57.122.173 - - [04/Apr/2026:12:44:01 -0400] "GET /secrets/.env HTTP/1.1" 302 270 "-" "Mozilla/5.0 (X11; FreeBSD amd64; rv:5.0) Gecko/20100101 Firefox/5.0"
2.57.122.173 - - [04/Apr/2026:12:44:01 -0400] "GET /docker/.env HTTP/1.1" 302 270 "-" "Mozilla/5.0 (Windows; U; Windows CE 5.1; rv:1.8.1a3) Gecko/20060610 Minimo/0.016"
2.57.122.173 - - [04/Apr/2026:12:44:01 -0400] "GET /kubernetes/secrets.env HTTP/1.1" 302 270 "-" "Mozilla/5.0 (Windows NT 10.0; WOW64) AppleWebKit/537.36 (KHTML, like Gecko) Chrome/62.0.3202.94 Safari/537.36"
2.57.122.173 - - [04/Apr/2026:12:44:01 -0400] "GET /config/.env.production HTTP/1.1" 302 270 "-" "Mozilla/5.0 (Linux; Android 9; GM1913) AppleWebKit/537.36 (KHTML, like Gecko) Chrome/76.0.3809.111 Mobile Safari/537.36"
2.57.122.173 - - [04/Apr/2026:12:44:01 -0400] "GET /.env HTTP/1.1" 302 270 "-" "Mozilla/5.0 (Macintosh; Intel Mac OS X 10_8_0) AppleWebKit/536.3 (KHTML, like Gecko) Chrome/19.0.1063.0 Safari/536.3"
176.65.151.74 - - [04/Apr/2026:12:50:29 -0400] "GET / HTTP/1.1" 302 390 "-" "Mozilla/5.0 (Windows NT 10.0; Win64; x64) AppleWebKit/537.36 (KHTML, like Gecko) Chrome/90.0.4430.85 Safari/537.36 Edg/90.0.818.46"
182.43.70.143 - - [04/Apr/2026:12:58:17 -0400] "GET / HTTP/1.1" 302 390 "-" "Mozilla/5.0 (iPhone; CPU iPhone OS 13_2_3 like Mac OS X) AppleWebKit/605.1.15 (KHTML, like Gecko) Version/13.0.3 Mobile/15E148 Safari/604.1"
176.65.151.74 - - [04/Apr/2026:13:12:54 -0400] "GET / HTTP/1.1" 302 390 "-" "Mozilla/5.0 (Windows NT 10.0; Win64; x64) AppleWebKit/537.36 (KHTML, like Gecko) Chrome/90.0.4430.85 Safari/537.36 Edg/90.0.818.46"
141.94.194.132 - - [04/Apr/2026:13:21:36 -0400] "GET /2007/07/12/ladyboy-69-7/feed/ HTTP/1.1" 302 274 "-" "Mozilla/5.0 (X11; Linux i686) AppleWebKit/537.36 (KHTML, like Gecko) Chrome/30.0.1599.66 Safari/537.36"
37.236.31.38 - - [04/Apr/2026:13:28:02 -0400] "GET /2007/09/07/goth-tease-35 HTTP/1.1" 302 274 "http://www.poshbitch.com/" "Mozilla/5.0 (Macintosh; Intel Mac OS X 10_15_7) AppleWebKit/537.36 (KHTML, like Gecko) Chrome/116.0.0.0 Safari/537.36"
44.202.56.60 - - [04/Apr/2026:13:37:24 -0400] "GET / HTTP/1.1" 302 390 "-" "Mozilla/5.0 (Windows NT 10.0; Win64; x64) AppleWebKit/537.36 (KHTML, like Gecko) Chrome/136.0.0.0 Safari/537.36"
176.65.151.74 - - [04/Apr/2026:13:38:28 -0400] "GET / HTTP/1.1" 302 390 "-" "Mozilla/5.0 (Windows NT 10.0; Win64; x64) AppleWebKit/537.36 (KHTML, like Gecko) Chrome/90.0.4430.85 Safari/537.36 Edg/90.0.818.46"
141.94.194.132 - - [04/Apr/2026:13:42:19 -0400] "GET /2007/08/22/eva-luv-15/feed/ HTTP/1.1" 302 274 "-" "Mozilla/5.0 (X11; Linux i686) AppleWebKit/537.36 (KHTML, like Gecko) Chrome/30.0.1599.66 Safari/537.36"
81.168.83.103 - - [04/Apr/2026:13:43:54 -0400] "GET /llm_config.py HTTP/1.1" 302 270 "-" "Mozilla/5.0 (Windows NT 10.0; Win64; x64) AppleWebKit/537.36 (KHTML, like Gecko) Chrome/124.0.0.0 Safari/537.36"
172.232.170.154 - - [04/Apr/2026:13:46:16 -0400] "GET / HTTP/1.1" 302 390 "-" "-"
59.97.253.214 - - [04/Apr/2026:13:52:59 -0400] "GET /boaform/admin/formLogin?username=adminisp&psd=adminisp HTTP/1.1" 302 274 "-" "-"
172.232.170.154 - - [04/Apr/2026:13:54:08 -0400] "PROPFIND / HTTP/1.1" 302 390 "-" "Mozilla/5.0 (compatible; Nmap Scripting Engine; https://nmap.org/book/nse.html)"
172.232.170.154 - - [04/Apr/2026:13:54:08 -0400] "OPTIONS / HTTP/1.1" 302 390 "-" "Mozilla/5.0 (compatible; Nmap Scripting Engine; https://nmap.org/book/nse.html)"
172.232.170.154 - - [04/Apr/2026:13:54:08 -0400] "OPTIONS / HTTP/1.1" 302 390 "-" "Mozilla/5.0 (compatible; Nmap Scripting Engine; https://nmap.org/book/nse.html)"
172.232.170.154 - - [04/Apr/2026:13:54:08 -0400] "GET / HTTP/1.1" 302 390 "-" "Mozilla/5.0 (compatible; Nmap Scripting Engine; https://nmap.org/book/nse.html)"
172.232.170.154 - - [04/Apr/2026:13:54:09 -0400] "OPTIONS / HTTP/1.1" 302 390 "-" "Mozilla/5.0 (compatible; Nmap Scripting Engine; https://nmap.org/book/nse.html)"
172.232.170.154 - - [04/Apr/2026:13:54:09 -0400] "OPTIONS / HTTP/1.1" 302 390 "-" "Mozilla/5.0 (compatible; Nmap Scripting Engine; https://nmap.org/book/nse.html)"
172.232.170.154 - - [04/Apr/2026:13:54:09 -0400] "OPTIONS / HTTP/1.1" 302 390 "-" "Mozilla/5.0 (compatible; Nmap Scripting Engine; https://nmap.org/book/nse.html)"
172.232.170.154 - - [04/Apr/2026:13:54:09 -0400] "OPTIONS / HTTP/1.1" 302 390 "-" "Mozilla/5.0 (compatible; Nmap Scripting Engine; https://nmap.org/book/nse.html)"
172.232.170.154 - - [04/Apr/2026:13:54:09 -0400] "HEOZ / HTTP/1.1" 302 390 "-" "Mozilla/5.0 (compatible; Nmap Scripting Engine; https://nmap.org/book/nse.html)"
172.232.170.154 - - [04/Apr/2026:13:54:09 -0400] "OPTIONS / HTTP/1.1" 302 390 "-" "Mozilla/5.0 (compatible; Nmap Scripting Engine; https://nmap.org/book/nse.html)"
172.232.170.154 - - [04/Apr/2026:13:54:09 -0400] "GET / HTTP/1.1" 302 390 "-" "Mozilla/5.0 (compatible; Nmap Scripting Engine; https://nmap.org/book/nse.html)"
172.232.170.154 - - [04/Apr/2026:13:54:09 -0400] "OPTIONS / HTTP/1.1" 302 390 "-" "Mozilla/5.0 (compatible; Nmap Scripting Engine; https://nmap.org/book/nse.html)"
172.232.170.154 - - [04/Apr/2026:13:54:10 -0400] "HEAD / HTTP/1.1" 302 - "-" "Mozilla/5.0 (compatible; Nmap Scripting Engine; https://nmap.org/book/nse.html)"
172.232.170.154 - - [04/Apr/2026:13:54:10 -0400] "OPTIONS / HTTP/1.1" 302 390 "-" "Mozilla/5.0 (compatible; Nmap Scripting Engine; https://nmap.org/book/nse.html)"
172.232.170.154 - - [04/Apr/2026:13:54:10 -0400] "POST / HTTP/1.1" 302 390 "-" "Mozilla/5.0 (compatible; Nmap Scripting Engine; https://nmap.org/book/nse.html)"
172.232.170.154 - - [04/Apr/2026:13:54:10 -0400] "OPTIONS / HTTP/1.1" 302 390 "-" "Mozilla/5.0 (compatible; Nmap Scripting Engine; https://nmap.org/book/nse.html)"
172.232.170.154 - - [04/Apr/2026:13:54:10 -0400] "OPTIONS / HTTP/1.1" 302 390 "-" "Mozilla/5.0 (compatible; Nmap Scripting Engine; https://nmap.org/book/nse.html)"
172.232.170.154 - - [04/Apr/2026:13:54:13 -0400] "OPTIONS / HTTP/1.1" 302 390 "-" "Mozilla/5.0 (compatible; Nmap Scripting Engine; https://nmap.org/book/nse.html)"
172.232.170.154 - - [04/Apr/2026:13:54:13 -0400] "PROPFIND / HTTP/1.1" 302 390 "-" "Mozilla/5.0 (compatible; Nmap Scripting Engine; https://nmap.org/book/nse.html)"
172.232.170.154 - - [04/Apr/2026:13:54:17 -0400] "GET /robots.txt HTTP/1.1" 302 270 "-" "Mozilla/5.0 (compatible; Nmap Scripting Engine; https://nmap.org/book/nse.html)"
172.232.170.154 - - [04/Apr/2026:13:55:41 -0400] "GET /.git/HEAD HTTP/1.1" 302 270 "-" "Mozilla/5.0 (compatible; Nmap Scripting Engine; https://nmap.org/book/nse.html)"
172.232.170.154 - - [04/Apr/2026:13:55:50 -0400] "POST / HTTP/1.1" 302 390 "-" "Mozilla/5.0 (compatible; Nmap Scripting Engine; https://nmap.org/book/nse.html)"
172.232.170.154 - - [04/Apr/2026:13:55:50 -0400] "PROPFIND / HTTP/1.1" 302 390 "-" "Mozilla/5.0 (compatible; Nmap Scripting Engine; https://nmap.org/book/nse.html)"
93.174.93.12 - - [04/Apr/2026:14:05:51 -0400] "GET / HTTP/1.1" 302 390 "-" "Mozilla/5.0 (Linux; Android 8.1.0; Infinix X624B) AppleWebKit/537.36 (KHTML, like Gecko) Chrome/70.0.3538.110 Mobile Safari/537.36"
176.65.151.74 - - [04/Apr/2026:14:06:51 -0400] "GET / HTTP/1.1" 302 390 "-" "Mozilla/5.0 (Windows NT 10.0; Win64; x64) AppleWebKit/537.36 (KHTML, like Gecko) Chrome/90.0.4430.85 Safari/537.36 Edg/90.0.818.46"
161.35.124.192 - - [04/Apr/2026:14:20:35 -0400] "GET / HTTP/1.1" 302 390 "-" "Mozilla/5.0 (X11; Linux x86_64) AppleWebKit/537.36 (KHTML, like Gecko) Chrome/142.0.0.0 Safari/537.36"
176.65.151.74 - - [04/Apr/2026:14:30:37 -0400] "GET / HTTP/1.1" 302 390 "-" "Mozilla/5.0 (Windows NT 10.0; Win64; x64) AppleWebKit/537.36 (KHTML, like Gecko) Chrome/90.0.4430.85 Safari/537.36 Edg/90.0.818.46"
149.86.227.60 - - [04/Apr/2026:14:37:00 -0400] "GET / HTTP/1.1" 302 390 "-" "Mozilla/5.0"
176.65.151.74 - - [04/Apr/2026:14:55:14 -0400] "GET / HTTP/1.1" 302 390 "-" "Mozilla/5.0 (Windows NT 10.0; Win64; x64) AppleWebKit/537.36 (KHTML, like Gecko) Chrome/90.0.4430.85 Safari/537.36 Edg/90.0.818.46"
170.106.163.48 - - [04/Apr/2026:14:56:50 -0400] "GET / HTTP/1.1" 302 390 "-" "Mozilla/5.0 (iPhone; CPU iPhone OS 13_2_3 like Mac OS X) AppleWebKit/605.1.15 (KHTML, like Gecko) Version/13.0.3 Mobile/15E148 Safari/604.1"
176.65.151.74 - - [04/Apr/2026:15:21:52 -0400] "GET / HTTP/1.1" 302 390 "-" "Mozilla/5.0 (Windows NT 10.0; Win64; x64) AppleWebKit/537.36 (KHTML, like Gecko) Chrome/90.0.4430.85 Safari/537.36 Edg/90.0.818.46"
43.152.72.247 - - [04/Apr/2026:15:34:12 -0400] "GET / HTTP/1.1" 302 390 "-" "Mozilla/5.0 (iPhone; CPU iPhone OS 13_2_3 like Mac OS X) AppleWebKit/605.1.15 (KHTML, like Gecko) Version/13.0.3 Mobile/15E148 Safari/604.1"
112.86.225.19 - - [04/Apr/2026:15:43:42 -0400] "GET / HTTP/1.1" 403 269 "-" "Sogou web spider/4.0(+http://www.sogou.com/docs/help/webmasters.htm#07)"
176.65.151.74 - - [04/Apr/2026:15:46:42 -0400] "GET / HTTP/1.1" 302 390 "-" "Mozilla/5.0 (Windows NT 10.0; Win64; x64) AppleWebKit/537.36 (KHTML, like Gecko) Chrome/90.0.4430.85 Safari/537.36 Edg/90.0.818.46"
176.65.151.74 - - [04/Apr/2026:16:10:44 -0400] "GET / HTTP/1.1" 302 390 "-" "Mozilla/5.0 (Windows NT 10.0; Win64; x64) AppleWebKit/537.36 (KHTML, like Gecko) Chrome/90.0.4430.85 Safari/537.36 Edg/90.0.818.46"
20.163.37.97 - - [04/Apr/2026:16:34:48 -0400] "GET /ReportServer HTTP/1.1" 302 270 "-" "Mozilla/5.0 zgrab/0.x"
176.65.151.74 - - [04/Apr/2026:16:35:51 -0400] "GET / HTTP/1.1" 302 390 "-" "Mozilla/5.0 (Windows NT 10.0; Win64; x64) AppleWebKit/537.36 (KHTML, like Gecko) Chrome/90.0.4430.85 Safari/537.36 Edg/90.0.818.46"
176.65.151.74 - - [04/Apr/2026:17:02:12 -0400] "GET / HTTP/1.1" 302 390 "-" "Mozilla/5.0 (Windows NT 10.0; Win64; x64) AppleWebKit/537.36 (KHTML, like Gecko) Chrome/90.0.4430.85 Safari/537.36 Edg/90.0.818.46"
87.236.176.221 - - [04/Apr/2026:17:19:24 -0400] "GET / HTTP/1.1" 302 390 "-" "Mozilla/5.0 (compatible; InternetMeasurement/1.0; +https://internet-measurement.com/)"
176.65.151.74 - - [04/Apr/2026:17:29:16 -0400] "GET / HTTP/1.1" 302 390 "-" "Mozilla/5.0 (Windows NT 10.0; Win64; x64) AppleWebKit/537.36 (KHTML, like Gecko) Chrome/90.0.4430.85 Safari/537.36 Edg/90.0.818.46"
72.60.2.140 - - [04/Apr/2026:17:47:53 -0400] "POST /hello.world?%ADd+allow_url_include%3d1+%ADd+auto_prepend_file%3dphp://input HTTP/1.1" 302 270 "-" "libredtail-http"
176.65.151.74 - - [04/Apr/2026:17:55:11 -0400] "GET / HTTP/1.1" 302 390 "-" "Mozilla/5.0 (Windows NT 10.0; Win64; x64) AppleWebKit/537.36 (KHTML, like Gecko) Chrome/90.0.4430.85 Safari/537.36 Edg/90.0.818.46"
37.10.113.213 - - [04/Apr/2026:17:55:29 -0400] "GET / HTTP/1.1" 302 390 "-" "Mozilla/5.0 (compatible; Infrawatch/1.0; +https://infrawat.ch/)"
124.198.131.185 - - [04/Apr/2026:18:13:02 -0400] "POST /vendor/phpunit/phpunit/src/Util/PHP/eval-stdin.php HTTP/1.1" 302 270 "-" "Mozilla/5.0 (rondo2012@atomicmail.io)"
35.203.210.209 - - [04/Apr/2026:18:16:01 -0400] "GET / HTTP/1.1" 302 390 "-" "Hello from Palo Alto Networks, find out more about our scans in https://docs-cortex.paloaltonetworks.com/r/1/Cortex-Xpanse/Scanning-activity"
176.65.151.74 - - [04/Apr/2026:18:19:53 -0400] "GET / HTTP/1.1" 302 390 "-" "Mozilla/5.0 (Windows NT 10.0; Win64; x64) AppleWebKit/537.36 (KHTML, like Gecko) Chrome/90.0.4430.85 Safari/537.36 Edg/90.0.818.46"
71.6.167.142 - - [04/Apr/2026:18:27:01 -0400] "GET / HTTP/1.1" 302 390 "-" "Mozilla/5.0 (Windows NT 6.1) AppleWebKit/537.36 (KHTML, like Gecko) Chrome/41.0.2228.0 Safari/537.36"
71.6.167.142 - - [04/Apr/2026:18:27:03 -0400] "GET /robots.txt HTTP/1.1" 302 270 "-" "-"
71.6.167.142 - - [04/Apr/2026:18:27:04 -0400] "GET /.well-known/security.txt HTTP/1.1" 302 270 "-" "-"
185.198.27.111 - - [04/Apr/2026:18:32:07 -0400] "POST /hello.world?%ADd+allow_url_include%3d1+%ADd+auto_prepend_file%3dphp://input HTTP/1.1" 302 270 "-" "libredtail-http"
20.151.179.243 - - [04/Apr/2026:18:33:51 -0400] "GET / HTTP/1.1" 302 390 "-" "Mozilla/5.0 (Windows NT 10.0; Win64; x64) AppleWebKit/537.36"
176.65.151.74 - - [04/Apr/2026:18:44:16 -0400] "GET / HTTP/1.1" 302 390 "-" "Mozilla/5.0 (Windows NT 10.0; Win64; x64) AppleWebKit/537.36 (KHTML, like Gecko) Chrome/90.0.4430.85 Safari/537.36 Edg/90.0.818.46"
44.192.26.249 - - [04/Apr/2026:18:49:24 -0400] "GET /a9b8c7d6e5f4.txt HTTP/1.1" 302 270 "-" "Mozilla/5.0 (Windows NT 10.0; Win64; x64) AppleWebKit/537.36 (KHTML, like Gecko) Chrome/131.0.0.0 Safari/537.36"
149.86.227.60 - - [04/Apr/2026:19:02:48 -0400] "GET / HTTP/1.1" 302 390 "-" "Mozilla/5.0"
49.234.192.248 - - [04/Apr/2026:19:09:12 -0400] "GET / HTTP/1.1" 302 390 "-" "Mozilla/5.0 (iPhone; CPU iPhone OS 13_2_3 like Mac OS X) AppleWebKit/605.1.15 (KHTML, like Gecko) Version/13.0.3 Mobile/15E148 Safari/604.1"
176.65.151.74 - - [04/Apr/2026:19:10:58 -0400] "GET / HTTP/1.1" 302 390 "-" "Mozilla/5.0 (Windows NT 10.0; Win64; x64) AppleWebKit/537.36 (KHTML, like Gecko) Chrome/90.0.4430.85 Safari/537.36 Edg/90.0.818.46"
45.156.128.43 - - [04/Apr/2026:19:13:54 -0400] "GET / HTTP/1.1" 302 390 "-" "Mozilla/5.0 AppleWebKit/537.36 (KHTML, like Gecko) Chrome/123.0.6312.86 Safari/537.36 BitSightBot/1.0"
148.222.205.90 - - [04/Apr/2026:19:17:21 -0400] "GET /2008/01/02/gogo-gidget HTTP/1.1" 302 274 "http://www.poshbitch.com/" "Mozilla/5.0 (Windows NT 10.0; Win64; x64) AppleWebKit/537.36 (KHTML, like Gecko) Chrome/134.0.0.0 Safari/537.36"
176.65.151.74 - - [04/Apr/2026:19:34:28 -0400] "GET / HTTP/1.1" 302 390 "-" "Mozilla/5.0 (Windows NT 10.0; Win64; x64) AppleWebKit/537.36 (KHTML, like Gecko) Chrome/90.0.4430.85 Safari/537.36 Edg/90.0.818.46"
152.32.235.36 - - [04/Apr/2026:19:55:34 -0400] "GET / HTTP/1.1" 302 390 "-" "curl/7.29.0"
152.32.226.8 - - [04/Apr/2026:19:55:48 -0400] "GET / HTTP/1.1" 302 390 "-" "Mozilla/5.0 (Windows NT 8_0; Win64; x64) AppleWebKit/547.51 (KHTML, like Gecko) Chrome/50.0.2080 Safari/537.36"
45.148.10.249 - - [04/Apr/2026:19:55:57 -0400] "GET /_profiler/phpinfo HTTP/1.1" 302 270 "-" "Mozilla/5.0 (Linux; Android 8.0.0; SAMSUNG SM-N935F Build/R16NW) AppleWebKit/537.36 (KHTML, like Gecko) SamsungBrowser/9.4 Chrome/67.0.3396.87 Mobile Safari/537.36"
176.65.151.74 - - [04/Apr/2026:19:59:02 -0400] "GET / HTTP/1.1" 302 390 "-" "Mozilla/5.0 (Windows NT 10.0; Win64; x64) AppleWebKit/537.36 (KHTML, like Gecko) Chrome/90.0.4430.85 Safari/537.36 Edg/90.0.818.46"
5.61.209.107 - - [04/Apr/2026:20:16:35 -0400] "GET /SDK/webLanguage HTTP/1.1" 302 270 "-" "Mozilla/5.0 (Windows NT 10.0; Win64; x64) AppleWebKit/537.36 (KHTML, like Gecko) Chrome/90.0.4430.85 Safari/537.36 Edg/90.0.818.46"
79.124.40.174 - - [04/Apr/2026:20:24:06 -0400] "GET / HTTP/1.1" 302 390 "-" "Mozilla/5.0 (Windows NT 10.0; Win64; x64) AppleWebKit/537.36 (KHTML, like Gecko) Chrome/78.0.3904.108 Safari/537.36"
176.65.151.74 - - [04/Apr/2026:20:25:00 -0400] "GET / HTTP/1.1" 302 390 "-" "Mozilla/5.0 (Windows NT 10.0; Win64; x64) AppleWebKit/537.36 (KHTML, like Gecko) Chrome/90.0.4430.85 Safari/537.36 Edg/90.0.818.46"
187.17.224.139 - - [04/Apr/2026:20:32:52 -0400] "GET /robots.txt HTTP/1.1" 302 270 "-" "xfa1"
79.124.40.174 - - [04/Apr/2026:20:33:55 -0400] "GET / HTTP/1.1" 302 390 "-" "Mozilla/5.0 (Windows NT 10.0; Win64; x64) AppleWebKit/537.36 (KHTML, like Gecko) Chrome/78.0.3904.108 Safari/537.36"
124.198.131.185 - - [04/Apr/2026:20:36:34 -0400] "POST /vendor/phpunit/phpunit/src/Util/PHP/eval-stdin.php HTTP/1.1" 302 270 "-" "Mozilla/5.0 (rondo2012@atomicmail.io)"
43.167.236.228 - - [04/Apr/2026:20:38:45 -0400] "GET / HTTP/1.1" 302 390 "-" "Mozilla/5.0 (iPhone; CPU iPhone OS 13_2_3 like Mac OS X) AppleWebKit/605.1.15 (KHTML, like Gecko) Version/13.0.3 Mobile/15E148 Safari/604.1"
176.65.151.74 - - [04/Apr/2026:20:52:24 -0400] "GET / HTTP/1.1" 302 390 "-" "Mozilla/5.0 (Windows NT 10.0; Win64; x64) AppleWebKit/537.36 (KHTML, like Gecko) Chrome/90.0.4430.85 Safari/537.36 Edg/90.0.818.46"
79.124.40.174 - - [04/Apr/2026:21:06:30 -0400] "POST /vendor/phpunit/phpunit/src/Util/PHP/eval-stdin.php HTTP/1.1" 302 270 "-" "Mozilla/5.0 (Windows NT 10.0; Win64; x64) AppleWebKit/537.36 (KHTML, like Gecko) Chrome/78.0.3904.108 Safari/537.36"
45.156.129.131 - - [04/Apr/2026:21:09:49 -0400] "GET / HTTP/1.1" 302 390 "-" "Mozilla/5.0 AppleWebKit/537.36 (KHTML, like Gecko) Chrome/123.0.6312.86 Safari/537.36"
149.86.227.60 - - [04/Apr/2026:21:14:42 -0400] "GET / HTTP/1.1" 302 390 "-" "Mozilla/5.0"
141.94.194.132 - - [04/Apr/2026:21:15:03 -0400] "GET /2007/12/23/milf-next-door-14/feed/ HTTP/1.1" 302 274 "-" "Mozilla/5.0 (X11; Linux i686) AppleWebKit/537.36 (KHTML, like Gecko) Chrome/30.0.1599.66 Safari/537.36"
79.124.40.174 - - [04/Apr/2026:21:16:32 -0400] "GET /vendor/phpunit/phpunit/src/Util/PHP/eval-stdin.php HTTP/1.1" 302 270 "-" "Mozilla/5.0 (Windows NT 10.0; Win64; x64) AppleWebKit/537.36 (KHTML, like Gecko) Chrome/78.0.3904.108 Safari/537.36"
176.65.151.74 - - [04/Apr/2026:21:18:35 -0400] "GET / HTTP/1.1" 302 390 "-" "Mozilla/5.0 (Windows NT 10.0; Win64; x64) AppleWebKit/537.36 (KHTML, like Gecko) Chrome/90.0.4430.85 Safari/537.36 Edg/90.0.818.46"
45.149.154.131 - - [04/Apr/2026:21:27:04 -0400] "POST /hello.world?%ADd+allow_url_include%3d1+%ADd+auto_prepend_file%3dphp://input HTTP/1.1" 302 270 "-" "libredtail-http"
45.156.128.201 - - [04/Apr/2026:21:32:28 -0400] "GET / HTTP/1.1" 302 390 "-" "Mozilla/5.0 AppleWebKit/537.36 (KHTML, like Gecko) Chrome/123.0.6312.86 Safari/537.36"
79.124.40.174 - - [04/Apr/2026:21:34:35 -0400] "GET /solr/admin/info/system?wt=json HTTP/1.1" 302 270 "-" "Mozilla/5.0 (Windows NT 10.0; Win64; x64) AppleWebKit/537.36 (KHTML, like Gecko) Chrome/78.0.3904.108 Safari/537.36"
176.65.151.74 - - [04/Apr/2026:21:41:52 -0400] "GET / HTTP/1.1" 302 390 "-" "Mozilla/5.0 (Windows NT 10.0; Win64; x64) AppleWebKit/537.36 (KHTML, like Gecko) Chrome/90.0.4430.85 Safari/537.36 Edg/90.0.818.46"
79.124.40.174 - - [04/Apr/2026:22:03:05 -0400] "GET /?XDEBUG_SESSION_START=phpstorm HTTP/1.1" 302 390 "-" "Mozilla/5.0 (Windows NT 10.0; Win64; x64) AppleWebKit/537.36 (KHTML, like Gecko) Chrome/78.0.3904.108 Safari/537.36"
176.65.151.74 - - [04/Apr/2026:22:08:45 -0400] "GET / HTTP/1.1" 302 390 "-" "Mozilla/5.0 (Windows NT 10.0; Win64; x64) AppleWebKit/537.36 (KHTML, like Gecko) Chrome/90.0.4430.85 Safari/537.36 Edg/90.0.818.46"
79.124.40.174 - - [04/Apr/2026:22:12:51 -0400] "GET /console/ HTTP/1.1" 302 270 "-" "Mozilla/5.0 (Windows NT 10.0; Win64; x64) AppleWebKit/537.36 (KHTML, like Gecko) Chrome/78.0.3904.108 Safari/537.36"
79.124.40.174 - - [04/Apr/2026:22:20:57 -0400] "GET /_ignition/execute-solution HTTP/1.1" 302 270 "-" "Mozilla/5.0 (Windows NT 10.0; Win64; x64) AppleWebKit/537.36 (KHTML, like Gecko) Chrome/78.0.3904.108 Safari/537.36"
79.124.40.174 - - [04/Apr/2026:22:29:37 -0400] "GET / HTTP/1.1" 302 390 "-" "Mozilla/5.0 (Windows NT 10.0; Win64; x64) AppleWebKit/537.36 (KHTML, like Gecko) Chrome/78.0.3904.108 Safari/537.36"
176.65.151.74 - - [04/Apr/2026:22:32:22 -0400] "GET / HTTP/1.1" 302 390 "-" "Mozilla/5.0 (Windows NT 10.0; Win64; x64) AppleWebKit/537.36 (KHTML, like Gecko) Chrome/90.0.4430.85 Safari/537.36 Edg/90.0.818.46"
66.29.156.225 - - [04/Apr/2026:22:36:58 -0400] "GET / HTTP/1.1" 302 390 "-" "Mozilla/5.0 (Linux; Android 13; SM-A546B) AppleWebKit/537.36 (KHTML, like Gecko) Chrome/119.0.6045.193 Mobile Safari/537.36"
147.185.132.120 - - [04/Apr/2026:22:40:47 -0400] "GET / HTTP/1.1" 302 390 "-" "Hello from Palo Alto Networks, find out more about our scans in https://docs-cortex.paloaltonetworks.com/r/1/Cortex-Xpanse/Scanning-activity"
79.124.40.174 - - [04/Apr/2026:22:45:01 -0400] "GET / HTTP/1.1" 302 390 "-" "Mozilla/5.0 (Windows NT 10.0; Win64; x64) AppleWebKit/537.36 (KHTML, like Gecko) Chrome/78.0.3904.108 Safari/537.36"
109.105.209.29 - - [04/Apr/2026:22:46:07 -0400] "GET / HTTP/1.1" 302 390 "-" "Mozilla/5.0 AppleWebKit/537.36 (KHTML, like Gecko) Chrome/123.0.6312.86 Safari/537.36"
109.105.209.28 - - [04/Apr/2026:22:46:08 -0400] "GET / HTTP/1.1" 302 390 "-" "Mozilla/5.0 AppleWebKit/537.36 (KHTML, like Gecko) Chrome/123.0.6312.86 Safari/537.36"
109.105.209.27 - - [04/Apr/2026:22:46:10 -0400] "GET / HTTP/1.1" 302 390 "-" "Mozilla/5.0 AppleWebKit/537.36 (KHTML, like Gecko) Chrome/123.0.6312.86 Safari/537.36"
109.105.209.30 - - [04/Apr/2026:22:46:11 -0400] "GET / HTTP/1.1" 302 390 "-" "Mozilla/5.0 AppleWebKit/537.36 (KHTML, like Gecko) Chrome/123.0.6312.86 Safari/537.36"
109.105.209.29 - - [04/Apr/2026:22:46:12 -0400] "GET / HTTP/1.1" 302 390 "-" "Mozilla/5.0 AppleWebKit/537.36 (KHTML, like Gecko) Chrome/123.0.6312.86 Safari/537.36"
43.157.168.43 - - [04/Apr/2026:22:55:28 -0400] "GET / HTTP/1.1" 302 390 "-" "Mozilla/5.0 (iPhone; CPU iPhone OS 13_2_3 like Mac OS X) AppleWebKit/605.1.15 (KHTML, like Gecko) Version/13.0.3 Mobile/15E148 Safari/604.1"
