File: /home/httpd/logs/menvid.com_access_log.3
74.206.190.76 - - [04/Apr/2026:04:15:19 -0400] "GET / HTTP/1.1" 200 22160 "-" "curl/7.29.0"
74.206.190.76 - - [04/Apr/2026:04:20:24 -0400] "GET / HTTP/1.1" 200 22160 "-" "curl/7.29.0"
152.228.220.143 - - [04/Apr/2026:04:24:40 -0400] "GET /index.php/barebacking-men/gay-military-naked-men.html/feed HTTP/1.1" 200 2438 "-" "Mozilla/5.0 (X11; Linux i686) AppleWebKit/537.36 (KHTML, like Gecko) Chrome/30.0.1599.66 Safari/537.36"
74.206.190.76 - - [04/Apr/2026:04:25:25 -0400] "GET / HTTP/1.1" 200 22160 "-" "curl/7.29.0"
52.167.144.234 - - [04/Apr/2026:04:29:59 -0400] "GET /index.php/page/6?Submit=Search&s HTTP/1.1" 200 20633 "-" "Mozilla/5.0 AppleWebKit/537.36 (KHTML, like Gecko; compatible; bingbot/2.0; +http://www.bing.com/bingbot.htm) Chrome/116.0.1938.76 Safari/537.36"
74.206.190.76 - - [04/Apr/2026:04:30:20 -0400] "GET / HTTP/1.1" 200 22160 "-" "curl/7.29.0"
176.65.151.74 - - [04/Apr/2026:04:31:40 -0400] "GET / HTTP/1.1" 200 22160 "-" "Mozilla/5.0 (Windows NT 10.0; Win64; x64) AppleWebKit/537.36 (KHTML, like Gecko) Chrome/90.0.4430.85 Safari/537.36 Edg/90.0.818.46"
74.206.190.76 - - [04/Apr/2026:04:35:19 -0400] "GET / HTTP/1.1" 200 22160 "-" "curl/7.29.0"
74.206.190.76 - - [04/Apr/2026:04:40:31 -0400] "GET / HTTP/1.1" 200 22160 "-" "curl/7.29.0"
49.51.141.76 - - [04/Apr/2026:04:42:48 -0400] "GET / HTTP/1.1" 200 22160 "-" "Mozilla/5.0 (iPhone; CPU iPhone OS 13_2_3 like Mac OS X) AppleWebKit/605.1.15 (KHTML, like Gecko) Version/13.0.3 Mobile/15E148 Safari/604.1"
74.206.190.76 - - [04/Apr/2026:04:45:21 -0400] "GET / HTTP/1.1" 200 22160 "-" "curl/7.29.0"
81.29.142.6 - - [04/Apr/2026:04:46:06 -0400] "GET / HTTP/1.1" 200 22160 "-" "Mozilla/5.0 (Windows NT 10.0; Win64; x64) AppleWebKit/537.36 (KHTML, like Gecko) Chrome/89.0.4389.90 Safari/537.36 Edg/89.0.774.54"
81.29.142.6 - - [04/Apr/2026:04:46:12 -0400] "GET /.well-known/security.txt HTTP/1.1" 404 286 "-" "Mozilla/5.0 (Windows NT 10.0; Win64; x64) AppleWebKit/537.36 (KHTML, like Gecko) Chrome/89.0.4389.90 Safari/537.36 Edg/89.0.774.54"
81.29.142.6 - - [04/Apr/2026:04:46:17 -0400] "GET /security.txt HTTP/1.1" 404 274 "-" "Mozilla/5.0 (Windows NT 10.0; Win64; x64) AppleWebKit/537.36 (KHTML, like Gecko) Chrome/89.0.4389.90 Safari/537.36 Edg/89.0.774.54"
43.159.148.221 - - [04/Apr/2026:04:48:06 -0400] "GET / HTTP/1.1" 200 22160 "-" "Mozilla/5.0 (iPhone; CPU iPhone OS 13_2_3 like Mac OS X) AppleWebKit/605.1.15 (KHTML, like Gecko) Version/13.0.3 Mobile/15E148 Safari/604.1"
74.206.190.76 - - [04/Apr/2026:04:50:21 -0400] "GET / HTTP/1.1" 200 22160 "-" "curl/7.29.0"
17.246.19.68 - - [04/Apr/2026:04:52:54 -0400] "GET /index.php/men-videos/roulette-with-free-spins-usa-from-real-casinos-a-comprehensive-guide.html HTTP/1.1" 200 22224 "-" "Mozilla/5.0 (Macintosh; Intel Mac OS X 10_15_7) AppleWebKit/605.1.15 (KHTML, like Gecko) Version/17.4 Safari/605.1.15 (Applebot/0.1; +http://www.apple.com/go/applebot)"
66.132.172.196 - - [04/Apr/2026:04:54:08 -0400] "GET / HTTP/1.1" 200 22160 "-" "Mozilla/5.0 (compatible; CensysInspect/1.1; +https://about.censys.io/)"
66.132.172.196 - - [04/Apr/2026:04:54:24 -0400] "GET /.well-known/security.txt HTTP/1.1" 404 285 "-" "Mozilla/5.0 (compatible; CensysInspect/1.1; +https://about.censys.io/)"
74.206.190.76 - - [04/Apr/2026:04:55:19 -0400] "GET / HTTP/1.1" 200 22160 "-" "curl/7.29.0"
176.65.151.74 - - [04/Apr/2026:04:58:17 -0400] "GET / HTTP/1.1" 200 22160 "-" "Mozilla/5.0 (Windows NT 10.0; Win64; x64) AppleWebKit/537.36 (KHTML, like Gecko) Chrome/90.0.4430.85 Safari/537.36 Edg/90.0.818.46"
148.153.56.60 - - [04/Apr/2026:04:59:06 -0400] "GET /mQDZ HTTP/1.1" 404 265 "-" "Mozilla/5.0 (Macintosh; Intel Mac OS X 10.9; rv:32.0) Gecko/20100101 Firefox/32.0"
148.153.56.60 - - [04/Apr/2026:04:59:06 -0400] "GET /h2Ot HTTP/1.1" 404 265 "-" "Mozilla/5.0 (Macintosh; Intel Mac OS X 10.9; rv:32.0) Gecko/20100101 Firefox/32.0"
148.153.56.60 - - [04/Apr/2026:04:59:07 -0400] "GET /aab8 HTTP/1.1" 404 265 "-" "Mozilla/5.0 (Macintosh; Intel Mac OS X 10.9; rv:32.0) Gecko/20100101 Firefox/32.0"
148.153.56.60 - - [04/Apr/2026:04:59:07 -0400] "GET /aab9 HTTP/1.1" 404 265 "-" "Mozilla/5.0 (Macintosh; Intel Mac OS X 10.9; rv:32.0) Gecko/20100101 Firefox/32.0"
74.206.190.76 - - [04/Apr/2026:05:00:38 -0400] "GET / HTTP/1.1" 200 22160 "-" "curl/7.29.0"
74.206.190.76 - - [04/Apr/2026:05:05:24 -0400] "GET / HTTP/1.1" 200 22160 "-" "curl/7.29.0"
167.99.142.36 - - [04/Apr/2026:05:06:49 -0400] "GET / HTTP/1.1" 200 22160 "-" "Mozilla/5.0 (Windows NT 10.0; Win64; x64; rv:109.0) Gecko/20100101 Firefox/118.0"
74.206.190.76 - - [04/Apr/2026:05:10:18 -0400] "GET / HTTP/1.1" 200 22160 "-" "curl/7.29.0"
57.141.4.61 - - [04/Apr/2026:05:13:55 -0400] "GET /index.php/men-videos/muscle-men-videos-tube.html HTTP/1.1" 200 18499 "-" "meta-externalagent/1.1 (+https://developers.facebook.com/docs/sharing/webmasters/crawler)"
74.206.190.76 - - [04/Apr/2026:05:15:19 -0400] "GET / HTTP/1.1" 200 22160 "-" "curl/7.29.0"
152.228.220.143 - - [04/Apr/2026:05:15:25 -0400] "GET /index.php/feed HTTP/1.1" 200 70795 "-" "Mozilla/5.0 (X11; Linux i686) AppleWebKit/537.36 (KHTML, like Gecko) Chrome/30.0.1599.66 Safari/537.36"
74.206.190.76 - - [04/Apr/2026:05:20:32 -0400] "GET / HTTP/1.1" 200 22160 "-" "curl/7.29.0"
176.65.151.74 - - [04/Apr/2026:05:21:49 -0400] "GET / HTTP/1.1" 200 22160 "-" "Mozilla/5.0 (Windows NT 10.0; Win64; x64) AppleWebKit/537.36 (KHTML, like Gecko) Chrome/90.0.4430.85 Safari/537.36 Edg/90.0.818.46"
74.206.190.76 - - [04/Apr/2026:05:25:20 -0400] "GET / HTTP/1.1" 200 22160 "-" "curl/7.29.0"
95.214.55.244 - - [04/Apr/2026:05:29:50 -0400] "GET /welcome HTTP/1.1" 404 268 "-" "-"
74.206.190.76 - - [04/Apr/2026:05:30:19 -0400] "GET / HTTP/1.1" 200 22160 "-" "curl/7.29.0"
20.42.104.13 - - [04/Apr/2026:05:32:19 -0400] "GET /developmentserver/metadatauploader HTTP/1.1" 404 295 "-" "Mozilla/5.0 zgrab/0.x"
74.206.190.76 - - [04/Apr/2026:05:35:21 -0400] "GET / HTTP/1.1" 200 22160 "-" "curl/7.29.0"
74.206.190.76 - - [04/Apr/2026:05:40:32 -0400] "GET / HTTP/1.1" 200 22160 "-" "curl/7.29.0"
114.96.103.33 - - [04/Apr/2026:05:40:32 -0400] "GET / HTTP/1.1" 200 22160 "-" "Mozilla/5.0 (iPhone; CPU iPhone OS 13_2_3 like Mac OS X) AppleWebKit/605.1.15 (KHTML, like Gecko) Version/13.0.3 Mobile/15E148 Safari/604.1"
45.91.64.7 - - [04/Apr/2026:05:43:02 -0400] "GET / HTTP/1.1" 200 22160 "-" "Mozilla/5.0 (Windows NT 10.0; Win64; x64) AppleWebKit/537.36 (KHTML, like Gecko) Chrome/91.0.4472.77 Safari/537.36"
74.206.190.76 - - [04/Apr/2026:05:45:20 -0400] "GET / HTTP/1.1" 200 22160 "-" "curl/7.29.0"
57.141.4.13 - - [04/Apr/2026:05:47:13 -0400] "GET /index.php/men-videos/old-men-tube-videos.html HTTP/1.1" 200 18625 "-" "meta-externalagent/1.1 (+https://developers.facebook.com/docs/sharing/webmasters/crawler)"
216.73.216.182 - - [04/Apr/2026:05:47:29 -0400] "GET /robots.txt HTTP/1.1" 200 29 "-" "Mozilla/5.0 AppleWebKit/537.36 (KHTML, like Gecko; compatible; ClaudeBot/1.0; +claudebot@anthropic.com)"
66.249.79.200 - - [04/Apr/2026:05:48:55 -0400] "GET /index.php/men-videos/roulette-bonuses-uk-2026-a-comprehensive-guide.html HTTP/1.1" 200 22173 "-" "Mozilla/5.0 (Linux; Android 6.0.1; Nexus 5X Build/MMB29P) AppleWebKit/537.36 (KHTML, like Gecko) Chrome/146.0.7680.177 Mobile Safari/537.36 (compatible; Googlebot/2.1; +http://www.google.com/bot.html)"
114.119.151.172 - - [04/Apr/2026:05:49:20 -0400] "GET /index.php/men-videos/mobile-roulette-for-android-india-premium-everything-you-need-to-know.html HTTP/1.1" 200 21383 "http://www.menvid.com/index.php/men-videos/european-roulette-online-australia-no-registration-everything-you-need-to-know.html" "Mozilla/5.0 (Linux; Android 7.0;) AppleWebKit/537.36 (KHTML, like Gecko) Mobile Safari/537.36 (compatible; PetalBot;+https://webmaster.petalsearch.com/site/petalbot)"
74.206.190.76 - - [04/Apr/2026:05:50:20 -0400] "GET / HTTP/1.1" 200 22161 "-" "curl/7.29.0"
176.65.151.74 - - [04/Apr/2026:05:50:40 -0400] "GET / HTTP/1.1" 200 22161 "-" "Mozilla/5.0 (Windows NT 10.0; Win64; x64) AppleWebKit/537.36 (KHTML, like Gecko) Chrome/90.0.4430.85 Safari/537.36 Edg/90.0.818.46"
74.206.190.76 - - [04/Apr/2026:05:55:18 -0400] "GET / HTTP/1.1" 200 22161 "-" "curl/7.29.0"
77.220.195.194 - - [04/Apr/2026:05:59:25 -0400] "GET /wp-login.php HTTP/1.1" 200 2257 "-" "Mozilla/5.0 (Windows NT 10.0; Win64; x64) AppleWebKit/537.36 (KHTML, like Gecko) Chrome/124.0.6367.207 Safari/537.36"
77.220.195.194 - - [04/Apr/2026:05:59:26 -0400] "POST /xmlrpc.php HTTP/1.1" 403 276 "-" "Mozilla/5.0 (Windows NT 10.0; Win64; x64; rv:127.0) Gecko/20100101 Firefox/127.0"
157.22.127.248 - - [04/Apr/2026:05:59:27 -0400] "POST /xmlrpc.php HTTP/1.1" 403 276 "-" "Mozilla/5.0 (Windows NT 10.0; Win64; x64) AppleWebKit/537.36 (KHTML, like Gecko) Chrome/124.0.6367.207 Safari/537.36"
45.66.211.172 - - [04/Apr/2026:05:59:28 -0400] "POST /xmlrpc.php HTTP/1.1" 403 276 "-" "Mozilla/5.0 (Macintosh; Intel Mac OS X 13_5) AppleWebKit/605.1.15 (KHTML, like Gecko) Version/17.5 Safari/605.1.15"
130.49.9.11 - - [04/Apr/2026:05:59:28 -0400] "POST /xmlrpc.php HTTP/1.1" 403 276 "-" "Mozilla/5.0 (Macintosh; Intel Mac OS X 13_5) AppleWebKit/605.1.15 (KHTML, like Gecko) Version/17.5 Safari/605.1.15"
130.49.76.238 - - [04/Apr/2026:05:59:28 -0400] "POST /xmlrpc.php HTTP/1.1" 403 276 "-" "Mozilla/5.0 (Macintosh; Intel Mac OS X 13_5) AppleWebKit/605.1.15 (KHTML, like Gecko) Version/17.5 Safari/605.1.15"
130.49.114.147 - - [04/Apr/2026:05:59:37 -0400] "POST /xmlrpc.php HTTP/1.1" 403 276 "-" "Mozilla/5.0 (Windows NT 10.0; Win64; x64; rv:127.0) Gecko/20100101 Firefox/127.0"
130.49.112.57 - - [04/Apr/2026:05:59:38 -0400] "POST /xmlrpc.php HTTP/1.1" 403 276 "-" "Mozilla/5.0 (Windows NT 10.0; Win64; x64; rv:127.0) Gecko/20100101 Firefox/127.0"
185.61.223.202 - - [04/Apr/2026:05:59:39 -0400] "POST /xmlrpc.php HTTP/1.1" 403 276 "-" "Mozilla/5.0 (Macintosh; Intel Mac OS X 13_5) AppleWebKit/605.1.15 (KHTML, like Gecko) Version/17.5 Safari/605.1.15"
45.10.167.181 - - [04/Apr/2026:05:59:40 -0400] "POST /xmlrpc.php HTTP/1.1" 403 276 "-" "Mozilla/5.0 (Windows NT 10.0; Win64; x64; rv:127.0) Gecko/20100101 Firefox/127.0"
130.49.78.44 - - [04/Apr/2026:05:59:41 -0400] "POST /xmlrpc.php HTTP/1.1" 403 276 "-" "Mozilla/5.0 (Windows NT 10.0; Win64; x64; rv:127.0) Gecko/20100101 Firefox/127.0"
166.1.131.37 - - [04/Apr/2026:05:59:41 -0400] "POST /xmlrpc.php HTTP/1.1" 403 276 "-" "Mozilla/5.0 (Macintosh; Intel Mac OS X 13_5) AppleWebKit/605.1.15 (KHTML, like Gecko) Version/17.5 Safari/605.1.15"
77.220.195.194 - - [04/Apr/2026:05:59:42 -0400] "GET /wp-login.php HTTP/1.1" 200 2257 "-" "Mozilla/5.0 (Windows NT 10.0; Win64; x64) AppleWebKit/537.36 (KHTML, like Gecko) Chrome/124.0.6367.207 Safari/537.36"
77.220.195.194 - - [04/Apr/2026:05:59:42 -0400] "POST /wp-login.php HTTP/1.1" 302 - "http://www.menvid.com/wp-login.php" "Mozilla/5.0 (Windows NT 10.0; Win64; x64) AppleWebKit/537.36 (KHTML, like Gecko) Chrome/124.0.6367.207 Safari/537.36"
77.220.195.194 - - [04/Apr/2026:05:59:42 -0400] "GET /wp-admin/ HTTP/1.1" 200 87982 "http://www.menvid.com/wp-login.php" "Mozilla/5.0 (Windows NT 10.0; Win64; x64) AppleWebKit/537.36 (KHTML, like Gecko) Chrome/124.0.6367.207 Safari/537.36"
77.220.195.194 - - [04/Apr/2026:05:59:43 -0400] "GET /wp-admin/admin-ajax.php?action=rest-nonce HTTP/1.1" 200 1 "-" "Mozilla/5.0 (Windows NT 10.0; Win64; x64) AppleWebKit/537.36 (KHTML, like Gecko) Chrome/124.0.6367.207 Safari/537.36"
77.220.195.194 - - [04/Apr/2026:05:59:44 -0400] "GET /wp-json/wp/v2/users/me HTTP/1.1" 404 284 "-" "Mozilla/5.0 (Windows NT 10.0; Win64; x64) AppleWebKit/537.36 (KHTML, like Gecko) Chrome/124.0.6367.207 Safari/537.36"
77.220.195.194 - - [04/Apr/2026:05:59:44 -0400] "GET /wp-json/wp/v2/users/me HTTP/1.1" 404 284 "-" "Mozilla/5.0 (Windows NT 10.0; Win64; x64) AppleWebKit/537.36 (KHTML, like Gecko) Chrome/124.0.6367.207 Safari/537.36"
77.220.195.194 - - [04/Apr/2026:05:59:44 -0400] "GET /wp-json/wp/v2/users/me HTTP/1.1" 404 284 "-" "Mozilla/5.0 (Windows NT 10.0; Win64; x64) AppleWebKit/537.36 (KHTML, like Gecko) Chrome/124.0.6367.207 Safari/537.36"
77.220.195.194 - - [04/Apr/2026:05:59:44 -0400] "GET /wp-json/wp/v2/users/me HTTP/1.1" 404 284 "-" "Mozilla/5.0 (Windows NT 10.0; Win64; x64) AppleWebKit/537.36 (KHTML, like Gecko) Chrome/124.0.6367.207 Safari/537.36"
77.220.195.194 - - [04/Apr/2026:05:59:45 -0400] "GET /wp-json/wp/v2/users/me HTTP/1.1" 404 284 "-" "Mozilla/5.0 (Windows NT 10.0; Win64; x64) AppleWebKit/537.36 (KHTML, like Gecko) Chrome/124.0.6367.207 Safari/537.36"
77.220.195.194 - - [04/Apr/2026:05:59:45 -0400] "GET /wp-admin/plugins.php HTTP/1.1" 200 34431 "-" "Mozilla/5.0 (Windows NT 10.0; Win64; x64) AppleWebKit/537.36 (KHTML, like Gecko) Chrome/124.0.6367.207 Safari/537.36"
74.206.190.76 - - [04/Apr/2026:06:00:40 -0400] "GET / HTTP/1.1" 200 22161 "-" "curl/7.29.0"
74.206.190.76 - - [04/Apr/2026:06:05:20 -0400] "GET / HTTP/1.1" 200 22161 "-" "curl/7.29.0"
74.206.190.76 - - [04/Apr/2026:06:10:22 -0400] "GET / HTTP/1.1" 200 22161 "-" "curl/7.29.0"
52.167.144.19 - - [04/Apr/2026:06:11:53 -0400] "GET /index.php/men-videos/roulette-strategies-australia-for-mac-a-comprehensive-guide.html HTTP/1.1" 200 22459 "-" "Mozilla/5.0 AppleWebKit/537.36 (KHTML, like Gecko; compatible; bingbot/2.0; +http://www.bing.com/bingbot.htm) Chrome/116.0.1938.76 Safari/537.36"
20.17.96.176 - - [04/Apr/2026:06:12:14 -0400] "GET /wp-admin/css/ HTTP/1.1" 403 275 "binance.com" "Mozilla/5.0 (Windows NT 10.0; Win64; x64) AppleWebKit/537.36 (KHTML, like Gecko) Chrome/90.0.4430.85 Safari/537.36"
74.206.190.76 - - [04/Apr/2026:06:15:24 -0400] "GET / HTTP/1.1" 200 22161 "-" "curl/7.29.0"
176.65.151.74 - - [04/Apr/2026:06:16:28 -0400] "GET / HTTP/1.1" 200 22161 "-" "Mozilla/5.0 (Windows NT 10.0; Win64; x64) AppleWebKit/537.36 (KHTML, like Gecko) Chrome/90.0.4430.85 Safari/537.36 Edg/90.0.818.46"
5.61.209.107 - - [04/Apr/2026:06:17:04 -0400] "GET /SDK/webLanguage HTTP/1.1" 404 276 "-" "Mozilla/5.0 (Windows NT 10.0; Win64; x64) AppleWebKit/537.36 (KHTML, like Gecko) Chrome/90.0.4430.85 Safari/537.36 Edg/90.0.818.46"
98.94.26.9 - - [04/Apr/2026:06:18:35 -0400] "GET /index.php/feed HTTP/1.1" 200 70795 "https://www.google.com/" "Mozilla/5.0 (Macintosh; Intel Mac OS X 10_15_3) AppleWebKit/537.36 (KHTML, like Gecko) Chrome/80.0.3987.132 Safari/537.36"
74.206.190.76 - - [04/Apr/2026:06:20:34 -0400] "GET / HTTP/1.1" 200 22161 "-" "curl/7.29.0"
57.141.4.26 - - [04/Apr/2026:06:25:17 -0400] "GET /index.php/cum-eating-men/home-videos-of-men-masturbating.html HTTP/1.1" 200 12189 "-" "meta-externalagent/1.1 (+https://developers.facebook.com/docs/sharing/webmasters/crawler)"
74.206.190.76 - - [04/Apr/2026:06:25:21 -0400] "GET / HTTP/1.1" 200 22161 "-" "curl/7.29.0"
74.206.190.76 - - [04/Apr/2026:06:30:22 -0400] "GET / HTTP/1.1" 200 22161 "-" "curl/7.29.0"
114.119.155.69 - - [04/Apr/2026:06:31:20 -0400] "GET /index.php/men-videos/play-live-roulette-australia-with-jackpots-a-comprehensive-guide.html HTTP/1.1" 200 22292 "http://www.menvid.com/index.php/page/3" "Mozilla/5.0 (Linux; Android 7.0;) AppleWebKit/537.36 (KHTML, like Gecko) Mobile Safari/537.36 (compatible; PetalBot;+https://webmaster.petalsearch.com/site/petalbot)"
74.206.190.76 - - [04/Apr/2026:06:35:23 -0400] "GET / HTTP/1.1" 200 22161 "-" "curl/7.29.0"
176.65.151.74 - - [04/Apr/2026:06:38:28 -0400] "GET / HTTP/1.1" 200 22161 "-" "Mozilla/5.0 (Windows NT 10.0; Win64; x64) AppleWebKit/537.36 (KHTML, like Gecko) Chrome/90.0.4430.85 Safari/537.36 Edg/90.0.818.46"
74.206.190.76 - - [04/Apr/2026:06:40:30 -0400] "GET / HTTP/1.1" 200 22161 "-" "curl/7.29.0"
149.86.227.60 - - [04/Apr/2026:06:44:45 -0400] "GET / HTTP/1.1" 200 22161 "-" "Mozilla/5.0"
74.206.190.76 - - [04/Apr/2026:06:45:23 -0400] "GET / HTTP/1.1" 200 22161 "-" "curl/7.29.0"
74.206.190.76 - - [04/Apr/2026:06:50:17 -0400] "GET / HTTP/1.1" 200 22161 "-" "curl/7.29.0"
74.206.190.76 - - [04/Apr/2026:06:55:21 -0400] "GET / HTTP/1.1" 200 22161 "-" "curl/7.29.0"
74.206.190.76 - - [04/Apr/2026:07:00:38 -0400] "GET / HTTP/1.1" 200 22161 "-" "curl/7.29.0"
176.65.151.74 - - [04/Apr/2026:07:04:31 -0400] "GET / HTTP/1.1" 200 22161 "-" "Mozilla/5.0 (Windows NT 10.0; Win64; x64) AppleWebKit/537.36 (KHTML, like Gecko) Chrome/90.0.4430.85 Safari/537.36 Edg/90.0.818.46"
152.228.220.143 - - [04/Apr/2026:07:04:41 -0400] "GET /index.php/barebacking-men/gay-military-naked-men.html/feed HTTP/1.1" 200 2438 "-" "Mozilla/5.0 (X11; Linux i686) AppleWebKit/537.36 (KHTML, like Gecko) Chrome/30.0.1599.66 Safari/537.36"
74.206.190.76 - - [04/Apr/2026:07:05:23 -0400] "GET / HTTP/1.1" 200 22161 "-" "curl/7.29.0"
74.206.190.76 - - [04/Apr/2026:07:10:21 -0400] "GET / HTTP/1.1" 200 22161 "-" "curl/7.29.0"
114.119.151.246 - - [04/Apr/2026:07:10:50 -0400] "GET /index.php/cum-eating-men/home-videos-of-men-masturbating.html HTTP/1.1" 200 12189 "http://www.menvid.com/index.php/category/cum-eating-men" "Mozilla/5.0 (Linux; Android 7.0;) AppleWebKit/537.36 (KHTML, like Gecko) Mobile Safari/537.36 (compatible; PetalBot;+https://webmaster.petalsearch.com/site/petalbot)"
74.206.190.76 - - [04/Apr/2026:07:15:21 -0400] "GET / HTTP/1.1" 200 22161 "-" "curl/7.29.0"
74.206.190.76 - - [04/Apr/2026:07:19:23 -0400] "POST /wp-cron.php?doing_wp_cron=1775301563.3448300361633300781250 HTTP/1.1" 200 - "-" "WordPress/3.6.1; http://www.menvid.com"
100.48.74.227 - - [04/Apr/2026:07:19:23 -0400] "GET /index.php/feed HTTP/1.1" 200 70795 "https://www.google.com/" "Mozilla/5.0 (Windows NT 10.0; Win64; x64) AppleWebKit/537.36 (KHTML, like Gecko) Chrome/79.0.3945.130 Safari/537.36 OPR/66.0.3515.103"
74.206.190.76 - - [04/Apr/2026:07:20:33 -0400] "GET / HTTP/1.1" 200 22161 "-" "curl/7.29.0"
181.215.16.232 - - [04/Apr/2026:07:20:34 -0400] "GET /wp-login.php HTTP/1.1" 200 2257 "http://www.menvid.com/" "Mozilla/5.0 (Windows NT 10.0; Win64; x64) AppleWebKit/537.36 (KHTML, like Gecko) Chrome/114.0.0.0 Safari/537.36"
181.215.16.232 - - [04/Apr/2026:07:20:34 -0400] "GET /wp-login.php HTTP/1.1" 200 2257 "http://www.menvid.com/wp-login.php" "Mozilla/5.0 (Windows NT 6.3; Win64; x64) AppleWebKit/537.36 (KHTML, like Gecko) Chrome/103.0.0.0 Safari/537.36"
181.215.16.232 - - [04/Apr/2026:07:20:36 -0400] "POST /wp-login.php HTTP/1.1" 200 3169 "http://www.menvid.com/wp-login.php" "Mozilla/5.0 (Windows NT 6.3; Win64; x64) AppleWebKit/537.36 (KHTML, like Gecko) Chrome/103.0.0.0 Safari/537.36"
104.28.156.61 - - [04/Apr/2026:07:21:34 -0400] "GET / HTTP/1.1" 200 22161 "-" "Mozilla/5.0 (Windows NT 10.0; Win64; x64) AppleWebKit/537.36 (KHTML, like Gecko) Chrome/114.0.0.0 Safari/537.36"
205.185.118.243 - - [04/Apr/2026:07:22:49 -0400] "GET /wp-login.php HTTP/1.1" 200 2257 "-" "Mozilla/5.0 (Windows NT 10.0; Win64; x64) AppleWebKit/537.36 (KHTML, like Gecko) Chrome/134.0.0.0 Safari/537.36"
205.185.118.243 - - [04/Apr/2026:07:22:49 -0400] "POST /wp-login.php HTTP/1.1" 200 3210 "http://menvid.com/wp-admin/" "Mozilla/5.0 (Windows NT 10.0; Win64; x64) AppleWebKit/537.36 (KHTML, like Gecko) Chrome/134.0.0.0 Safari/537.36"
40.77.167.243 - - [04/Apr/2026:07:23:27 -0400] "GET /index.php/men-videos/ruleta-con-promociones-diarias-legal-en-casinos-online.html HTTP/1.1" 200 22213 "-" "Mozilla/5.0 AppleWebKit/537.36 (KHTML, like Gecko; compatible; bingbot/2.0; +http://www.bing.com/bingbot.htm) Chrome/116.0.1938.76 Safari/537.36"
74.206.190.76 - - [04/Apr/2026:07:25:20 -0400] "GET / HTTP/1.1" 200 22161 "-" "curl/7.29.0"
176.65.151.74 - - [04/Apr/2026:07:28:47 -0400] "GET / HTTP/1.1" 200 22161 "-" "Mozilla/5.0 (Windows NT 10.0; Win64; x64) AppleWebKit/537.36 (KHTML, like Gecko) Chrome/90.0.4430.85 Safari/537.36 Edg/90.0.818.46"
74.206.190.76 - - [04/Apr/2026:07:30:20 -0400] "GET / HTTP/1.1" 200 22161 "-" "curl/7.29.0"
114.119.151.172 - - [04/Apr/2026:07:31:09 -0400] "GET /index.php/cum-eating-men/gay-men-cock-docking.html HTTP/1.1" 200 12104 "http://www.menvid.com/index.php/category/cum-eating-men" "Mozilla/5.0 (Linux; Android 7.0;) AppleWebKit/537.36 (KHTML, like Gecko) Mobile Safari/537.36 (compatible; PetalBot;+https://webmaster.petalsearch.com/site/petalbot)"
34.170.181.225 - - [04/Apr/2026:07:34:17 -0400] "GET /index.php/category/men-videos HTTP/1.1" 301 - "-" "Mozilla/5.0 AppleWebKit/537.36 (KHTML, like Gecko; compatible; SleepBot/1.0; +http://sleepbot.com/) Chrome/131.0.0.0 Safari/537.36"
34.170.181.225 - - [04/Apr/2026:07:34:18 -0400] "GET /index.php/category/men-videos HTTP/1.1" 200 22189 "http://menvid.com/index.php/category/men-videos" "Mozilla/5.0 AppleWebKit/537.36 (KHTML, like Gecko; compatible; SleepBot/1.0; +http://sleepbot.com/) Chrome/131.0.0.0 Safari/537.36"
34.170.181.225 - - [04/Apr/2026:07:35:08 -0400] "GET /robots.txt HTTP/1.1" 200 29 "-" "Mozilla/5.0 AppleWebKit/537.36 (KHTML, like Gecko; compatible; SleepBot/1.0; +http://sleepbot.com/) Chrome/131.0.0.0 Safari/537.36"
74.206.190.76 - - [04/Apr/2026:07:35:20 -0400] "GET / HTTP/1.1" 200 22161 "-" "curl/7.29.0"
74.206.190.76 - - [04/Apr/2026:07:40:32 -0400] "GET / HTTP/1.1" 200 22161 "-" "curl/7.29.0"
66.249.79.201 - - [04/Apr/2026:07:41:25 -0400] "GET /robots.txt HTTP/1.1" 200 29 "-" "Mozilla/5.0 (compatible; Googlebot/2.1; +http://www.google.com/bot.html)"
57.141.4.17 - - [04/Apr/2026:07:42:49 -0400] "GET /index.php/men-videos/muscle-men-videos-tube.html HTTP/1.1" 200 18499 "-" "meta-externalagent/1.1 (+https://developers.facebook.com/docs/sharing/webmasters/crawler)"
74.206.190.76 - - [04/Apr/2026:07:45:20 -0400] "GET / HTTP/1.1" 200 22161 "-" "curl/7.29.0"
40.77.167.132 - - [04/Apr/2026:07:46:31 -0400] "GET /index.php/men-videos/ruleta-con-giros-gratis-certificada-todo-lo-que-necesitas-saber.html HTTP/1.1" 200 22016 "-" "Mozilla/5.0 AppleWebKit/537.36 (KHTML, like Gecko; compatible; bingbot/2.0; +http://www.bing.com/bingbot.htm) Chrome/116.0.1938.76 Safari/537.36"
74.206.190.76 - - [04/Apr/2026:07:50:19 -0400] "GET / HTTP/1.1" 200 22161 "-" "curl/7.29.0"
40.77.167.9 - - [04/Apr/2026:07:51:44 -0400] "GET /index.php/men-videos/play-live-roulette-australia-with-jackpots-a-comprehensive-guide.html HTTP/1.1" 200 22292 "-" "Mozilla/5.0 AppleWebKit/537.36 (KHTML, like Gecko; compatible; bingbot/2.0; +http://www.bing.com/bingbot.htm) Chrome/116.0.1938.76 Safari/537.36"
74.206.190.76 - - [04/Apr/2026:07:55:20 -0400] "GET / HTTP/1.1" 200 22161 "-" "curl/7.29.0"
91.245.236.75 - - [04/Apr/2026:07:56:18 -0400] "GET /wp-login.php HTTP/1.1" 200 2257 "-" "Mozilla/5.0 (Windows NT 10.0; Win64; x64) AppleWebKit/537.36 (KHTML, like Gecko) Chrome/124.0.6367.207 Safari/537.36"
91.245.236.75 - - [04/Apr/2026:07:56:24 -0400] "GET /wp-login.php?wp_lang=en_US HTTP/1.1" 200 2257 "-" "Mozilla/5.0 (Windows NT 10.0; Win64; x64) AppleWebKit/537.36 (KHTML, like Gecko) Chrome/124.0.6367.207 Safari/537.36"
91.245.236.75 - - [04/Apr/2026:07:56:26 -0400] "POST /wp-login.php?wp_lang=en_US HTTP/1.1" 302 - "http://www.menvid.com/wp-login.php?wp_lang=en_US" "Mozilla/5.0 (Windows NT 10.0; Win64; x64) AppleWebKit/537.36 (KHTML, like Gecko) Chrome/124.0.6367.207 Safari/537.36"
91.245.236.75 - - [04/Apr/2026:07:56:27 -0400] "GET /wp-admin/ HTTP/1.1" 200 87982 "http://www.menvid.com/wp-login.php?wp_lang=en_US" "Mozilla/5.0 (Windows NT 10.0; Win64; x64) AppleWebKit/537.36 (KHTML, like Gecko) Chrome/124.0.6367.207 Safari/537.36"
91.245.236.75 - - [04/Apr/2026:07:56:29 -0400] "GET /wp-admin/plugins.php HTTP/1.1" 200 34431 "-" "Mozilla/5.0 (Windows NT 10.0; Win64; x64) AppleWebKit/537.36 (KHTML, like Gecko) Chrome/124.0.6367.207 Safari/537.36"
91.245.236.75 - - [04/Apr/2026:07:56:31 -0400] "GET /wp-admin/plugins.php HTTP/1.1" 200 34431 "-" "Mozilla/5.0 (Windows NT 10.0; Win64; x64) AppleWebKit/537.36 (KHTML, like Gecko) Chrome/124.0.6367.207 Safari/537.36"
91.245.236.75 - - [04/Apr/2026:07:56:33 -0400] "GET /wp-admin/plugins.php HTTP/1.1" 200 34431 "-" "Mozilla/5.0 (Windows NT 10.0; Win64; x64) AppleWebKit/537.36 (KHTML, like Gecko) Chrome/124.0.6367.207 Safari/537.36"
91.245.236.75 - - [04/Apr/2026:07:56:36 -0400] "GET /wp-admin/plugins.php HTTP/1.1" 200 34431 "-" "Mozilla/5.0 (Windows NT 10.0; Win64; x64) AppleWebKit/537.36 (KHTML, like Gecko) Chrome/124.0.6367.207 Safari/537.36"
91.245.236.75 - - [04/Apr/2026:07:56:41 -0400] "GET /wp-admin/plugins.php HTTP/1.1" 200 34431 "-" "Mozilla/5.0 (Windows NT 10.0; Win64; x64) AppleWebKit/537.36 (KHTML, like Gecko) Chrome/124.0.6367.207 Safari/537.36"
91.245.236.75 - - [04/Apr/2026:07:56:42 -0400] "GET /wp-admin/plugins.php HTTP/1.1" 200 34431 "-" "Mozilla/5.0 (Windows NT 10.0; Win64; x64) AppleWebKit/537.36 (KHTML, like Gecko) Chrome/124.0.6367.207 Safari/537.36"
91.245.236.75 - - [04/Apr/2026:07:56:43 -0400] "GET /wp-admin/plugins.php HTTP/1.1" 200 34431 "-" "Mozilla/5.0 (Windows NT 10.0; Win64; x64) AppleWebKit/537.36 (KHTML, like Gecko) Chrome/124.0.6367.207 Safari/537.36"
91.245.236.75 - - [04/Apr/2026:07:56:44 -0400] "GET /wp-admin/plugin-install.php HTTP/1.1" 200 47016 "-" "Mozilla/5.0 (Windows NT 10.0; Win64; x64) AppleWebKit/537.36 (KHTML, like Gecko) Chrome/124.0.6367.207 Safari/537.36"
91.245.236.75 - - [04/Apr/2026:07:56:46 -0400] "GET /wp-admin/plugin-install.php HTTP/1.1" 200 47016 "-" "Mozilla/5.0 (Windows NT 10.0; Win64; x64) AppleWebKit/537.36 (KHTML, like Gecko) Chrome/124.0.6367.207 Safari/537.36"
91.245.236.75 - - [04/Apr/2026:07:56:47 -0400] "GET /wp-admin/plugin-install.php HTTP/1.1" 200 47016 "-" "Mozilla/5.0 (Windows NT 10.0; Win64; x64) AppleWebKit/537.36 (KHTML, like Gecko) Chrome/124.0.6367.207 Safari/537.36"
91.245.236.75 - - [04/Apr/2026:07:56:50 -0400] "GET /wp-admin/plugin-install.php HTTP/1.1" 200 47016 "-" "Mozilla/5.0 (Windows NT 10.0; Win64; x64) AppleWebKit/537.36 (KHTML, like Gecko) Chrome/124.0.6367.207 Safari/537.36"
91.245.236.75 - - [04/Apr/2026:07:56:52 -0400] "GET /wp-admin/plugin-install.php HTTP/1.1" 200 47016 "-" "Mozilla/5.0 (Windows NT 10.0; Win64; x64) AppleWebKit/537.36 (KHTML, like Gecko) Chrome/124.0.6367.207 Safari/537.36"
176.65.151.74 - - [04/Apr/2026:07:56:56 -0400] "GET / HTTP/1.1" 200 22161 "-" "Mozilla/5.0 (Windows NT 10.0; Win64; x64) AppleWebKit/537.36 (KHTML, like Gecko) Chrome/90.0.4430.85 Safari/537.36 Edg/90.0.818.46"
74.206.190.76 - - [04/Apr/2026:08:00:40 -0400] "GET / HTTP/1.1" 200 22161 "-" "curl/7.29.0"
57.141.4.42 - - [04/Apr/2026:08:02:54 -0400] "GET /index.php/men-videos/roulette-online-anbieter-im-test.html HTTP/1.1" 200 21491 "-" "meta-externalagent/1.1 (+https://developers.facebook.com/docs/sharing/webmasters/crawler)"
74.206.190.76 - - [04/Apr/2026:08:05:21 -0400] "GET / HTTP/1.1" 200 22161 "-" "curl/7.29.0"
40.77.167.47 - - [04/Apr/2026:08:06:24 -0400] "GET /index.php/men-videos/ruleta-movil-para-android-en-latinoamerica-una-experiencia-de-juego-unica.html HTTP/1.1" 200 21286 "-" "Mozilla/5.0 AppleWebKit/537.36 (KHTML, like Gecko; compatible; bingbot/2.0; +http://www.bing.com/bingbot.htm) Chrome/116.0.1938.76 Safari/537.36"
74.206.190.76 - - [04/Apr/2026:08:10:19 -0400] "GET / HTTP/1.1" 200 22161 "-" "curl/7.29.0"
152.228.220.143 - - [04/Apr/2026:08:13:26 -0400] "GET /index.php/feed HTTP/1.1" 200 70795 "-" "Mozilla/5.0 (X11; Linux i686) AppleWebKit/537.36 (KHTML, like Gecko) Chrome/30.0.1599.66 Safari/537.36"
74.206.190.76 - - [04/Apr/2026:08:15:20 -0400] "GET / HTTP/1.1" 200 22161 "-" "curl/7.29.0"
3.84.89.116 - - [04/Apr/2026:08:19:42 -0400] "GET /index.php/feed HTTP/1.1" 200 70795 "https://www.google.com/" "Mozilla/5.0 (Windows NT 10.0; Win64; x64; rv:72.0) Gecko/20100101 Firefox/72.0"
74.206.190.76 - - [04/Apr/2026:08:20:28 -0400] "GET / HTTP/1.1" 200 22161 "-" "curl/7.29.0"
40.77.167.15 - - [04/Apr/2026:08:21:22 -0400] "GET /index.php/men-videos/play-live-roulette-india-for-professionals.html HTTP/1.1" 200 21726 "-" "Mozilla/5.0 AppleWebKit/537.36 (KHTML, like Gecko; compatible; bingbot/2.0; +http://www.bing.com/bingbot.htm) Chrome/116.0.1938.76 Safari/537.36"
176.65.151.74 - - [04/Apr/2026:08:22:17 -0400] "GET / HTTP/1.1" 200 22161 "-" "Mozilla/5.0 (Windows NT 10.0; Win64; x64) AppleWebKit/537.36 (KHTML, like Gecko) Chrome/90.0.4430.85 Safari/537.36 Edg/90.0.818.46"
74.206.190.76 - - [04/Apr/2026:08:25:19 -0400] "GET / HTTP/1.1" 200 22161 "-" "curl/7.29.0"
74.206.190.76 - - [04/Apr/2026:08:30:18 -0400] "GET / HTTP/1.1" 200 22161 "-" "curl/7.29.0"
66.249.79.199 - - [04/Apr/2026:08:31:24 -0400] "GET /index.php/men-videos/roulette-for-beginners-india-fast-payouts-guide.html HTTP/1.1" 200 22224 "-" "Mozilla/5.0 (Linux; Android 6.0.1; Nexus 5X Build/MMB29P) AppleWebKit/537.36 (KHTML, like Gecko) Chrome/146.0.7680.177 Mobile Safari/537.36 (compatible; Googlebot/2.1; +http://www.google.com/bot.html)"
74.206.190.76 - - [04/Apr/2026:08:35:20 -0400] "GET / HTTP/1.1" 200 22161 "-" "curl/7.29.0"
150.109.46.88 - - [04/Apr/2026:08:35:48 -0400] "GET / HTTP/1.1" 200 22161 "-" "Mozilla/5.0 (iPhone; CPU iPhone OS 13_2_3 like Mac OS X) AppleWebKit/605.1.15 (KHTML, like Gecko) Version/13.0.3 Mobile/15E148 Safari/604.1"
114.119.151.246 - - [04/Apr/2026:08:38:48 -0400] "GET /index.php/men-videos/307.html HTTP/1.1" 200 28996 "http://www.menvid.com/index.php/category/men-videos/page/6" "Mozilla/5.0 (Linux; Android 7.0;) AppleWebKit/537.36 (KHTML, like Gecko) Mobile Safari/537.36 (compatible; PetalBot;+https://webmaster.petalsearch.com/site/petalbot)"
74.206.190.76 - - [04/Apr/2026:08:40:28 -0400] "GET / HTTP/1.1" 200 22161 "-" "curl/7.29.0"
74.206.190.76 - - [04/Apr/2026:08:45:21 -0400] "GET / HTTP/1.1" 200 22161 "-" "curl/7.29.0"
176.65.151.74 - - [04/Apr/2026:08:45:40 -0400] "GET / HTTP/1.1" 200 22161 "-" "Mozilla/5.0 (Windows NT 10.0; Win64; x64) AppleWebKit/537.36 (KHTML, like Gecko) Chrome/90.0.4430.85 Safari/537.36 Edg/90.0.818.46"
193.176.31.152 - - [04/Apr/2026:08:50:11 -0400] "GET / HTTP/1.1" 200 22161 "-" "Mozilla/5.0 (compatible; Infrawatch/1.0; +https://infrawat.ch/)"
74.206.190.76 - - [04/Apr/2026:08:50:20 -0400] "GET / HTTP/1.1" 200 22161 "-" "curl/7.29.0"
45.156.129.48 - - [04/Apr/2026:08:50:25 -0400] "GET / HTTP/1.1" 200 22161 "-" "Mozilla/5.0 AppleWebKit/537.36 (KHTML, like Gecko) Chrome/123.0.6312.86 Safari/537.36"
216.73.216.182 - - [04/Apr/2026:08:50:58 -0400] "GET /robots.txt HTTP/1.1" 200 29 "-" "Mozilla/5.0 AppleWebKit/537.36 (KHTML, like Gecko; compatible; ClaudeBot/1.0; +claudebot@anthropic.com)"
74.206.190.76 - - [04/Apr/2026:08:55:20 -0400] "GET / HTTP/1.1" 200 22161 "-" "curl/7.29.0"
176.65.151.74 - - [04/Apr/2026:09:00:39 -0400] "GET / HTTP/1.1" 200 22161 "-" "Mozilla/5.0 (Windows NT 10.0; Win64; x64) AppleWebKit/537.36 (KHTML, like Gecko) Chrome/90.0.4430.85 Safari/537.36 Edg/90.0.818.46"
74.206.190.76 - - [04/Apr/2026:09:00:48 -0400] "GET / HTTP/1.1" 200 22161 "-" "curl/7.29.0"
74.206.190.76 - - [04/Apr/2026:09:05:25 -0400] "GET / HTTP/1.1" 200 22161 "-" "curl/7.29.0"
149.86.227.60 - - [04/Apr/2026:09:05:35 -0400] "GET / HTTP/1.1" 200 22161 "-" "Mozilla/5.0"
74.206.190.76 - - [04/Apr/2026:09:09:37 -0400] "POST /wp-cron.php?doing_wp_cron=1775308177.6041829586029052734375 HTTP/1.1" 200 - "-" "WordPress/3.6.1; http://www.menvid.com"
43.135.133.241 - - [04/Apr/2026:09:09:37 -0400] "GET / HTTP/1.1" 200 22161 "-" "Mozilla/5.0 (iPhone; CPU iPhone OS 13_2_3 like Mac OS X) AppleWebKit/605.1.15 (KHTML, like Gecko) Version/13.0.3 Mobile/15E148 Safari/604.1"
74.206.190.76 - - [04/Apr/2026:09:10:21 -0400] "GET / HTTP/1.1" 200 22161 "-" "curl/7.29.0"
152.228.220.143 - - [04/Apr/2026:09:14:36 -0400] "GET /index.php/men-videos/gay-nude-men-tube.html/feed HTTP/1.1" 200 877 "-" "Mozilla/5.0 (X11; Linux i686) AppleWebKit/537.36 (KHTML, like Gecko) Chrome/30.0.1599.66 Safari/537.36"
74.206.190.76 - - [04/Apr/2026:09:15:27 -0400] "GET / HTTP/1.1" 200 22161 "-" "curl/7.29.0"
74.206.190.76 - - [04/Apr/2026:09:20:37 -0400] "GET / HTTP/1.1" 200 22161 "-" "curl/7.29.0"
54.91.209.253 - - [04/Apr/2026:09:23:43 -0400] "GET /index.php/feed HTTP/1.1" 200 70795 "https://www.google.com/" "Mozilla/5.0 (Windows NT 6.1; WOW64; Trident/7.0; rv:11.0) like Gecko"
176.65.151.74 - - [04/Apr/2026:09:24:01 -0400] "GET / HTTP/1.1" 200 22161 "-" "Mozilla/5.0 (Windows NT 10.0; Win64; x64) AppleWebKit/537.36 (KHTML, like Gecko) Chrome/90.0.4430.85 Safari/537.36 Edg/90.0.818.46"
74.206.190.76 - - [04/Apr/2026:09:25:18 -0400] "GET / HTTP/1.1" 200 22161 "-" "curl/7.29.0"
74.206.190.76 - - [04/Apr/2026:09:30:20 -0400] "GET / HTTP/1.1" 200 22161 "-" "curl/7.29.0"
159.89.55.133 - - [04/Apr/2026:09:31:17 -0400] "GET /.git/config HTTP/1.1" 404 273 "-" "Mozilla/5.0 (Windows NT 6.1; WOW64) AppleWebKit/537.36 (KHTML, like Gecko) Chrome/69.0.3497.100 Safari/537.36"
74.206.190.76 - - [04/Apr/2026:09:35:20 -0400] "GET / HTTP/1.1" 200 22161 "-" "curl/7.29.0"
5.61.209.107 - - [04/Apr/2026:09:39:13 -0400] "GET /SDK/webLanguage HTTP/1.1" 404 276 "-" "Mozilla/5.0 (Windows NT 10.0; Win64; x64) AppleWebKit/537.36 (KHTML, like Gecko) Chrome/90.0.4430.85 Safari/537.36 Edg/90.0.818.46"
74.206.190.76 - - [04/Apr/2026:09:40:31 -0400] "GET / HTTP/1.1" 200 22161 "-" "curl/7.29.0"
20.64.105.251 - - [04/Apr/2026:09:40:49 -0400] "GET /ReportServer HTTP/1.1" 404 273 "-" "Mozilla/5.0 zgrab/0.x"
87.121.84.44 - - [04/Apr/2026:09:40:50 -0400] "GET /admin/assets/plugins/plupload/examples/upload.php HTTP/1.1" 404 307 "-" "ALittle Client"
74.206.190.76 - - [04/Apr/2026:09:45:21 -0400] "GET / HTTP/1.1" 200 22161 "-" "curl/7.29.0"
152.228.220.143 - - [04/Apr/2026:09:46:42 -0400] "GET /index.php/barebacking-men/gay-military-naked-men.html/feed HTTP/1.1" 200 2438 "-" "Mozilla/5.0 (X11; Linux i686) AppleWebKit/537.36 (KHTML, like Gecko) Chrome/30.0.1599.66 Safari/537.36"
176.65.151.74 - - [04/Apr/2026:09:48:47 -0400] "GET / HTTP/1.1" 200 22161 "-" "Mozilla/5.0 (Windows NT 10.0; Win64; x64) AppleWebKit/537.36 (KHTML, like Gecko) Chrome/90.0.4430.85 Safari/537.36 Edg/90.0.818.46"
74.206.190.76 - - [04/Apr/2026:09:50:21 -0400] "GET / HTTP/1.1" 200 22161 "-" "curl/7.29.0"
74.206.190.76 - - [04/Apr/2026:09:55:20 -0400] "GET / HTTP/1.1" 200 22161 "-" "curl/7.29.0"
74.206.190.76 - - [04/Apr/2026:10:00:34 -0400] "GET / HTTP/1.1" 200 22161 "-" "curl/7.29.0"
74.206.190.76 - - [04/Apr/2026:10:05:21 -0400] "GET / HTTP/1.1" 200 22161 "-" "curl/7.29.0"
74.206.190.76 - - [04/Apr/2026:10:10:22 -0400] "GET / HTTP/1.1" 200 22161 "-" "curl/7.29.0"
74.206.190.76 - - [04/Apr/2026:10:15:19 -0400] "GET / HTTP/1.1" 200 22161 "-" "curl/7.29.0"
176.65.151.74 - - [04/Apr/2026:10:17:20 -0400] "GET / HTTP/1.1" 200 22161 "-" "Mozilla/5.0 (Windows NT 10.0; Win64; x64) AppleWebKit/537.36 (KHTML, like Gecko) Chrome/90.0.4430.85 Safari/537.36 Edg/90.0.818.46"
74.206.190.76 - - [04/Apr/2026:10:20:31 -0400] "GET / HTTP/1.1" 200 22161 "-" "curl/7.29.0"
54.227.239.199 - - [04/Apr/2026:10:24:14 -0400] "GET /index.php/feed HTTP/1.1" 200 70795 "https://www.google.com/" "Mozilla/5.0 (Windows NT 6.1; WOW64; Trident/7.0; rv:11.0) like Gecko"
74.206.190.76 - - [04/Apr/2026:10:25:18 -0400] "GET / HTTP/1.1" 200 22161 "-" "curl/7.29.0"
205.210.31.172 - - [04/Apr/2026:10:29:10 -0400] "GET / HTTP/1.1" 301 - "-" "Hello from Palo Alto Networks, find out more about our scans in https://docs-cortex.paloaltonetworks.com/r/1/Cortex-Xpanse/Scanning-activity"
205.210.31.172 - - [04/Apr/2026:10:29:11 -0400] "GET / HTTP/1.1" 200 22161 "http://menvid.com/" "Hello from Palo Alto Networks, find out more about our scans in https://docs-cortex.paloaltonetworks.com/r/1/Cortex-Xpanse/Scanning-activity"
74.206.190.76 - - [04/Apr/2026:10:30:21 -0400] "GET / HTTP/1.1" 200 22161 "-" "curl/7.29.0"
74.206.190.76 - - [04/Apr/2026:10:35:24 -0400] "GET / HTTP/1.1" 200 22161 "-" "curl/7.29.0"
176.65.151.74 - - [04/Apr/2026:10:40:18 -0400] "GET / HTTP/1.1" 200 22161 "-" "Mozilla/5.0 (Windows NT 10.0; Win64; x64) AppleWebKit/537.36 (KHTML, like Gecko) Chrome/90.0.4430.85 Safari/537.36 Edg/90.0.818.46"
74.206.190.76 - - [04/Apr/2026:10:40:37 -0400] "GET / HTTP/1.1" 200 22161 "-" "curl/7.29.0"
74.206.190.76 - - [04/Apr/2026:10:45:22 -0400] "GET / HTTP/1.1" 200 22161 "-" "curl/7.29.0"
74.206.190.76 - - [04/Apr/2026:10:50:23 -0400] "GET / HTTP/1.1" 200 22161 "-" "curl/7.29.0"
152.228.220.143 - - [04/Apr/2026:10:52:27 -0400] "GET /index.php/feed HTTP/1.1" 200 70795 "-" "Mozilla/5.0 (X11; Linux i686) AppleWebKit/537.36 (KHTML, like Gecko) Chrome/30.0.1599.66 Safari/537.36"
74.206.190.76 - - [04/Apr/2026:10:55:21 -0400] "GET / HTTP/1.1" 200 22161 "-" "curl/7.29.0"
117.98.20.154 - - [04/Apr/2026:10:56:59 -0400] "GET / HTTP/1.1" 200 22161 "https://www.google.com/" "Mozilla/5.0 (Linux; Android 10; K) AppleWebKit/537.36 (KHTML, like Gecko) Chrome/146.0.0.0 Mobile Safari/537.36"
74.206.190.76 - - [04/Apr/2026:11:00:37 -0400] "GET / HTTP/1.1" 200 22161 "-" "curl/7.29.0"
66.249.79.199 - - [04/Apr/2026:11:01:25 -0400] "GET /index.php/men-videos/ruleta-con-giros-gratis-certificada-todo-lo-que-necesitas-saber.html HTTP/1.1" 200 22016 "-" "Mozilla/5.0 (Linux; Android 6.0.1; Nexus 5X Build/MMB29P) AppleWebKit/537.36 (KHTML, like Gecko) Chrome/146.0.7680.177 Mobile Safari/537.36 (compatible; Googlebot/2.1; +http://www.google.com/bot.html)"
74.206.190.76 - - [04/Apr/2026:11:05:19 -0400] "GET / HTTP/1.1" 200 22161 "-" "curl/7.29.0"
176.65.151.74 - - [04/Apr/2026:11:06:24 -0400] "GET / HTTP/1.1" 200 22161 "-" "Mozilla/5.0 (Windows NT 10.0; Win64; x64) AppleWebKit/537.36 (KHTML, like Gecko) Chrome/90.0.4430.85 Safari/537.36 Edg/90.0.818.46"
40.77.167.23 - - [04/Apr/2026:11:10:12 -0400] "GET /index.php/page/6 HTTP/1.1" 200 20423 "-" "Mozilla/5.0 AppleWebKit/537.36 (KHTML, like Gecko; compatible; bingbot/2.0; +http://www.bing.com/bingbot.htm) Chrome/116.0.1938.76 Safari/537.36"
74.206.190.76 - - [04/Apr/2026:11:10:22 -0400] "GET / HTTP/1.1" 200 22161 "-" "curl/7.29.0"
43.130.26.3 - - [04/Apr/2026:11:11:12 -0400] "GET / HTTP/1.1" 200 22161 "-" "Mozilla/5.0 (iPhone; CPU iPhone OS 13_2_3 like Mac OS X) AppleWebKit/605.1.15 (KHTML, like Gecko) Version/13.0.3 Mobile/15E148 Safari/604.1"
5.180.41.96 - - [04/Apr/2026:11:13:23 -0400] "GET / HTTP/1.1" 200 22161 "-" "Mozilla/5.0 (Macintosh; Intel Mac OS X 10_15_7) AppleWebKit/537.36 (KHTML, like Gecko) Chrome/120.0.0.0 Safari/537.36"
74.206.190.76 - - [04/Apr/2026:11:15:20 -0400] "GET / HTTP/1.1" 200 22161 "-" "curl/7.29.0"
3.84.89.116 - - [04/Apr/2026:11:18:09 -0400] "GET /index.php/feed HTTP/1.1" 200 70795 "https://www.google.com/" "Mozilla/5.0 (Macintosh; Intel Mac OS X 10_13_6) AppleWebKit/537.36 (KHTML, like Gecko) Chrome/80.0.3987.132 Safari/537.36"
184.82.173.157 - - [04/Apr/2026:11:20:12 -0400] "GET /wp-json/wp/v2/posts HTTP/1.1" 404 277 "-" "Mozilla/5.0 (Windows NT 10.0; Win64; x64) AppleWebKit/537.36 (KHTML, like Gecko) Chrome/120.0.0.0 Safari/537.36"
74.206.190.76 - - [04/Apr/2026:11:20:32 -0400] "GET / HTTP/1.1" 200 22161 "-" "curl/7.29.0"
74.206.190.76 - - [04/Apr/2026:11:25:22 -0400] "GET / HTTP/1.1" 200 22161 "-" "curl/7.29.0"
216.73.216.182 - - [04/Apr/2026:11:28:24 -0400] "GET /robots.txt HTTP/1.1" 200 29 "-" "Mozilla/5.0 AppleWebKit/537.36 (KHTML, like Gecko; compatible; ClaudeBot/1.0; +claudebot@anthropic.com)"
107.151.247.45 - - [04/Apr/2026:11:29:02 -0400] "POST /hello.world?%ADd+allow_url_include%3d1+%ADd+auto_prepend_file%3dphp://input HTTP/1.1" 404 272 "-" "libredtail-http"
107.151.247.45 - - [04/Apr/2026:11:29:03 -0400] "POST /?%ADd+allow_url_include%3d1+%ADd+auto_prepend_file%3dphp://input HTTP/1.1" 200 22553 "-" "libredtail-http"
74.206.190.76 - - [04/Apr/2026:11:30:18 -0400] "GET / HTTP/1.1" 200 22161 "-" "curl/7.29.0"
176.65.151.74 - - [04/Apr/2026:11:31:43 -0400] "GET / HTTP/1.1" 200 22161 "-" "Mozilla/5.0 (Windows NT 10.0; Win64; x64) AppleWebKit/537.36 (KHTML, like Gecko) Chrome/90.0.4430.85 Safari/537.36 Edg/90.0.818.46"
57.141.4.55 - - [04/Apr/2026:11:34:29 -0400] "GET /index.php/barebacking-men/old-men-jackin-off-videos.html HTTP/1.1" 200 17290 "-" "meta-externalagent/1.1 (+https://developers.facebook.com/docs/sharing/webmasters/crawler)"
74.206.190.76 - - [04/Apr/2026:11:35:25 -0400] "GET / HTTP/1.1" 200 22161 "-" "curl/7.29.0"
74.206.190.76 - - [04/Apr/2026:11:40:21 -0400] "GET / HTTP/1.1" 200 22161 "-" "curl/7.29.0"
24.253.98.37 - - [04/Apr/2026:11:44:06 -0400] "GET / HTTP/1.1" 301 - "-" "Mozilla/5.0 (iPhone; CPU iPhone OS 26_2_0 like Mac OS X) AppleWebKit/605.1.15 (KHTML, like Gecko) CriOS/146.0.7680.151 Mobile/15E148 Safari/604.1"
24.253.98.37 - - [04/Apr/2026:11:44:07 -0400] "GET / HTTP/1.1" 200 22161 "-" "Mozilla/5.0 (iPhone; CPU iPhone OS 26_2_0 like Mac OS X) AppleWebKit/605.1.15 (KHTML, like Gecko) CriOS/146.0.7680.151 Mobile/15E148 Safari/604.1"
74.206.190.76 - - [04/Apr/2026:11:45:23 -0400] "GET / HTTP/1.1" 200 22161 "-" "curl/7.29.0"
103.131.71.44 - - [04/Apr/2026:11:48:00 -0400] "GET /robots.txt HTTP/1.1" 200 29 "-" "Mozilla/5.0 (compatible; coccocbot-image/1.0; +http://help.coccoc.com/searchengine)"
103.131.71.26 - - [04/Apr/2026:11:48:10 -0400] "GET /robots.txt HTTP/1.1" 200 29 "-" "Mozilla/5.0 (compatible; coccocbot-image/1.0; +http://help.coccoc.com/searchengine)"
74.206.190.76 - - [04/Apr/2026:11:50:17 -0400] "GET / HTTP/1.1" 200 22161 "-" "curl/7.29.0"
74.206.190.76 - - [04/Apr/2026:11:55:18 -0400] "GET / HTTP/1.1" 200 22161 "-" "curl/7.29.0"
176.65.151.74 - - [04/Apr/2026:11:56:00 -0400] "GET / HTTP/1.1" 200 22161 "-" "Mozilla/5.0 (Windows NT 10.0; Win64; x64) AppleWebKit/537.36 (KHTML, like Gecko) Chrome/90.0.4430.85 Safari/537.36 Edg/90.0.818.46"
143.244.191.24 - - [04/Apr/2026:11:56:12 -0400] "GET / HTTP/1.1" 301 - "-" "Mozilla/5.0 (X11; Linux x86_64) AppleWebKit/537.36 (KHTML, like Gecko) Chrome/142.0.0.0 Safari/537.36"
74.206.190.76 - - [04/Apr/2026:12:00:32 -0400] "GET / HTTP/1.1" 200 22161 "-" "curl/7.29.0"
74.206.190.76 - - [04/Apr/2026:12:05:22 -0400] "GET / HTTP/1.1" 200 22161 "-" "curl/7.29.0"
54.196.127.23 - - [04/Apr/2026:12:07:47 -0400] "GET /index.php/feed HTTP/1.1" 200 70795 "https://www.google.com/" "Mozilla/5.0 (Windows NT 10.0; Win64; x64; rv:72.0) Gecko/20100101 Firefox/72.0"
57.141.4.13 - - [04/Apr/2026:12:08:03 -0400] "GET /index.php/men-videos/old-men-tube-videos.html HTTP/1.1" 200 18625 "-" "meta-externalagent/1.1 (+https://developers.facebook.com/docs/sharing/webmasters/crawler)"
74.206.190.76 - - [04/Apr/2026:12:10:20 -0400] "GET / HTTP/1.1" 200 22161 "-" "curl/7.29.0"
114.119.145.102 - - [04/Apr/2026:12:10:37 -0400] "GET /index.php/barebacking-men/hot-gay-men-tube.html HTTP/1.1" 200 17510 "http://www.menvid.com/index.php/barebacking-men/men-in-pain-videos.html" "Mozilla/5.0 (Linux; Android 7.0;) AppleWebKit/537.36 (KHTML, like Gecko) Mobile Safari/537.36 (compatible; PetalBot;+https://webmaster.petalsearch.com/site/petalbot)"
43.153.96.233 - - [04/Apr/2026:12:11:29 -0400] "GET / HTTP/1.1" 301 - "-" "Mozilla/5.0 (iPhone; CPU iPhone OS 13_2_3 like Mac OS X) AppleWebKit/605.1.15 (KHTML, like Gecko) Version/13.0.3 Mobile/15E148 Safari/604.1"
43.153.96.233 - - [04/Apr/2026:12:11:30 -0400] "GET / HTTP/1.1" 200 22161 "http://menvid.com" "Mozilla/5.0 (iPhone; CPU iPhone OS 13_2_3 like Mac OS X) AppleWebKit/605.1.15 (KHTML, like Gecko) Version/13.0.3 Mobile/15E148 Safari/604.1"
182.44.2.148 - - [04/Apr/2026:12:11:35 -0400] "GET / HTTP/1.1" 301 - "-" "Mozilla/5.0 (iPhone; CPU iPhone OS 13_2_3 like Mac OS X) AppleWebKit/605.1.15 (KHTML, like Gecko) Version/13.0.3 Mobile/15E148 Safari/604.1"
182.44.2.148 - - [04/Apr/2026:12:11:39 -0400] "GET / HTTP/1.1" 200 22161 "http://menvid.com" "Mozilla/5.0 (iPhone; CPU iPhone OS 13_2_3 like Mac OS X) AppleWebKit/605.1.15 (KHTML, like Gecko) Version/13.0.3 Mobile/15E148 Safari/604.1"
74.206.190.76 - - [04/Apr/2026:12:15:24 -0400] "GET / HTTP/1.1" 200 22161 "-" "curl/7.29.0"
74.206.190.76 - - [04/Apr/2026:12:20:34 -0400] "GET / HTTP/1.1" 200 22161 "-" "curl/7.29.0"
57.141.4.12 - - [04/Apr/2026:12:20:45 -0400] "GET /index.php/gay-latin-men/gay-military-naked-men-2.html HTTP/1.1" 200 14871 "-" "meta-externalagent/1.1 (+https://developers.facebook.com/docs/sharing/webmasters/crawler)"
45.148.10.249 - - [04/Apr/2026:12:23:47 -0400] "GET /.env HTTP/1.1" 404 265 "-" "Opera/9.80 (X11; FreeBSD 8.1-RELEASE i386; Edition Next) Presto/2.12.388 Version/12.10"
74.206.190.76 - - [04/Apr/2026:12:25:19 -0400] "GET / HTTP/1.1" 200 22161 "-" "curl/7.29.0"
176.65.151.74 - - [04/Apr/2026:12:25:20 -0400] "GET / HTTP/1.1" 200 22161 "-" "Mozilla/5.0 (Windows NT 10.0; Win64; x64) AppleWebKit/537.36 (KHTML, like Gecko) Chrome/90.0.4430.85 Safari/537.36 Edg/90.0.818.46"
155.2.192.43 - - [04/Apr/2026:12:26:54 -0400] "GET /.env HTTP/1.1" 404 265 "-" "Mozilla/5.0 (X11; Linux x86_64) AppleWebKit/537.36 (KHTML, like Gecko) Chrome/81.0.4044.129 Safari/537.36"
155.2.192.43 - - [04/Apr/2026:12:26:55 -0400] "POST / HTTP/1.1" 200 22161 "-" "Mozilla/5.0 (X11; Linux x86_64) AppleWebKit/537.36 (KHTML, like Gecko) Chrome/81.0.4044.129 Safari/537.36"
169.150.201.29 - - [04/Apr/2026:12:29:32 -0400] "GET /cart HTTP/1.1" 404 262 "-" "Mozilla/5.0 (Macintosh; Intel Mac OS X 10_15_7) AppleWebKit/537.36 (KHTML, like Gecko) Chrome/122.0.0.0 Safari/537.36"
74.206.190.76 - - [04/Apr/2026:12:30:23 -0400] "GET / HTTP/1.1" 200 22161 "-" "curl/7.29.0"
152.228.220.143 - - [04/Apr/2026:12:33:43 -0400] "GET /index.php/barebacking-men/gay-military-naked-men.html/feed HTTP/1.1" 200 2438 "-" "Mozilla/5.0 (X11; Linux i686) AppleWebKit/537.36 (KHTML, like Gecko) Chrome/30.0.1599.66 Safari/537.36"
74.206.190.76 - - [04/Apr/2026:12:35:28 -0400] "GET / HTTP/1.1" 200 22161 "-" "curl/7.29.0"
44.196.172.251 - - [04/Apr/2026:12:40:36 -0400] "GET /robots.txt HTTP/1.1" 200 29 "-" "Mozilla/5.0 (Macintosh; Intel Mac OS X 10_10_1) AppleWebKit/600.2.5 (KHTML, like Gecko) Version/8.0.2 Safari/600.2.5 (Gort)"
74.206.190.76 - - [04/Apr/2026:12:40:37 -0400] "GET / HTTP/1.1" 200 22161 "-" "curl/7.29.0"
74.206.190.76 - - [04/Apr/2026:12:45:20 -0400] "GET / HTTP/1.1" 200 22161 "-" "curl/7.29.0"
43.135.139.165 - - [04/Apr/2026:12:45:59 -0400] "GET /index.php/men-videos/roulette-for-beginners-usa-a-comprehensive-guide-to-secure-online-play.html HTTP/1.1" 200 23961 "-" "Mozilla/5.0 (iPhone; CPU iPhone OS 13_2_3 like Mac OS X) AppleWebKit/605.1.15 (KHTML, like Gecko) Version/13.0.3 Mobile/15E148 Safari/604.1"
31.220.45.74 - - [04/Apr/2026:12:48:10 -0400] "HEAD / HTTP/1.1" 200 - "-" "Mozilla/5.0 (Macintosh; Intel Mac OS X 10_15_7) AppleWebKit/537.36 (KHTML, like Gecko) Chrome/131.0.0.0 Safari/537.36"
31.220.45.74 - - [04/Apr/2026:12:48:10 -0400] "POST /xmlrpc.php HTTP/1.1" 403 276 "-" "Mozilla/5.0 (Macintosh; Intel Mac OS X 10_15_7) AppleWebKit/537.36 (KHTML, like Gecko) Chrome/131.0.0.0 Safari/537.36"
31.220.45.74 - - [04/Apr/2026:12:48:10 -0400] "POST /xmlrpc.php HTTP/1.1" 403 276 "-" "Mozilla/5.0 (Macintosh; Intel Mac OS X 10_15_7) AppleWebKit/537.36 (KHTML, like Gecko) Chrome/131.0.0.0 Safari/537.36"
31.220.45.74 - - [04/Apr/2026:12:48:10 -0400] "POST /xmlrpc.php HTTP/1.1" 403 276 "-" "Mozilla/5.0 (Macintosh; Intel Mac OS X 10_15_7) AppleWebKit/537.36 (KHTML, like Gecko) Chrome/131.0.0.0 Safari/537.36"
31.220.45.74 - - [04/Apr/2026:12:48:10 -0400] "POST /xmlrpc.php HTTP/1.1" 403 276 "-" "Mozilla/5.0 (Macintosh; Intel Mac OS X 10_15_7) AppleWebKit/537.36 (KHTML, like Gecko) Chrome/131.0.0.0 Safari/537.36"
31.220.45.74 - - [04/Apr/2026:12:48:11 -0400] "POST /xmlrpc.php HTTP/1.1" 403 276 "-" "Mozilla/5.0 (Macintosh; Intel Mac OS X 10_15_7) AppleWebKit/537.36 (KHTML, like Gecko) Chrome/131.0.0.0 Safari/537.36"
31.220.45.74 - - [04/Apr/2026:12:48:11 -0400] "POST /xmlrpc.php HTTP/1.1" 403 276 "-" "Mozilla/5.0 (Macintosh; Intel Mac OS X 10_15_7) AppleWebKit/537.36 (KHTML, like Gecko) Chrome/131.0.0.0 Safari/537.36"
31.220.45.74 - - [04/Apr/2026:12:48:11 -0400] "POST /xmlrpc.php HTTP/1.1" 403 276 "-" "Mozilla/5.0 (Macintosh; Intel Mac OS X 10_15_7) AppleWebKit/537.36 (KHTML, like Gecko) Chrome/131.0.0.0 Safari/537.36"
31.220.45.74 - - [04/Apr/2026:12:48:11 -0400] "POST /xmlrpc.php HTTP/1.1" 403 276 "-" "Mozilla/5.0 (Macintosh; Intel Mac OS X 10_15_7) AppleWebKit/537.36 (KHTML, like Gecko) Chrome/131.0.0.0 Safari/537.36"
31.220.45.74 - - [04/Apr/2026:12:48:11 -0400] "POST /xmlrpc.php HTTP/1.1" 403 276 "-" "Mozilla/5.0 (Macintosh; Intel Mac OS X 10_15_7) AppleWebKit/537.36 (KHTML, like Gecko) Chrome/131.0.0.0 Safari/537.36"
31.220.45.74 - - [04/Apr/2026:12:48:11 -0400] "POST /xmlrpc.php HTTP/1.1" 403 276 "-" "Mozilla/5.0 (Macintosh; Intel Mac OS X 10_15_7) AppleWebKit/537.36 (KHTML, like Gecko) Chrome/131.0.0.0 Safari/537.36"
31.220.45.74 - - [04/Apr/2026:12:48:11 -0400] "POST /xmlrpc.php HTTP/1.1" 403 276 "-" "Mozilla/5.0 (Macintosh; Intel Mac OS X 10_15_7) AppleWebKit/537.36 (KHTML, like Gecko) Chrome/131.0.0.0 Safari/537.36"
31.220.45.74 - - [04/Apr/2026:12:48:11 -0400] "POST /xmlrpc.php HTTP/1.1" 403 276 "-" "Mozilla/5.0 (Macintosh; Intel Mac OS X 10_15_7) AppleWebKit/537.36 (KHTML, like Gecko) Chrome/131.0.0.0 Safari/537.36"
31.220.45.74 - - [04/Apr/2026:12:48:12 -0400] "POST /xmlrpc.php HTTP/1.1" 403 276 "-" "Mozilla/5.0 (Macintosh; Intel Mac OS X 10_15_7) AppleWebKit/537.36 (KHTML, like Gecko) Chrome/131.0.0.0 Safari/537.36"
31.220.45.74 - - [04/Apr/2026:12:48:12 -0400] "GET /wp-json/wp/v2/users/me?context=edit HTTP/1.1" 404 284 "-" "Mozilla/5.0 (Macintosh; Intel Mac OS X 10_15_7) AppleWebKit/537.36 (KHTML, like Gecko) Chrome/131.0.0.0 Safari/537.36"
31.220.45.74 - admin [04/Apr/2026:12:48:12 -0400] "GET /?rest_route=/wp/v2/users/me&context=edit HTTP/1.1" 200 22532 "-" "Mozilla/5.0 (Macintosh; Intel Mac OS X 10_15_7) AppleWebKit/537.36 (KHTML, like Gecko) Chrome/131.0.0.0 Safari/537.36"
31.220.45.74 - - [04/Apr/2026:12:48:13 -0400] "GET /wp-login.php HTTP/1.1" 200 2257 "-" "Mozilla/5.0 (Macintosh; Intel Mac OS X 10_15_7) AppleWebKit/537.36 (KHTML, like Gecko) Chrome/131.0.0.0 Safari/537.36"
31.220.45.74 - - [04/Apr/2026:12:48:13 -0400] "POST /wp-login.php HTTP/1.1" 302 - "http://www.menvid.com/wp-login.php" "Mozilla/5.0 (Macintosh; Intel Mac OS X 10_15_7) AppleWebKit/537.36 (KHTML, like Gecko) Chrome/131.0.0.0 Safari/537.36"
31.220.45.74 - - [04/Apr/2026:12:48:13 -0400] "GET /wp-admin/ HTTP/1.1" 200 79430 "http://www.menvid.com/wp-login.php" "Mozilla/5.0 (Macintosh; Intel Mac OS X 10_15_7) AppleWebKit/537.36 (KHTML, like Gecko) Chrome/131.0.0.0 Safari/537.36"
