74.206.190.75 - - [06/Apr/2026:00:03:01 -0400] "POST /wp-cron.php?doing_wp_cron=1775448181.8614790439605712890625 HTTP/1.1" 200 - "http://www.mentube.net/wp-cron.php?doing_wp_cron=1775448181.8614790439605712890625" "WordPress/5.1.8; http://www.mentube.net"
141.94.194.132 - - [06/Apr/2026:00:03:01 -0400] "GET /index.php/feed HTTP/1.1" 200 94836 "-" "Mozilla/5.0 (X11; Linux i686) AppleWebKit/537.36 (KHTML, like Gecko) Chrome/30.0.1599.66 Safari/537.36"
34.202.88.37 - - [06/Apr/2026:00:03:46 -0400] "GET /index.php/category/uncategorized/feed HTTP/1.1" 200 23968 "-" "Mozilla/5.0 AppleWebKit/537.36 (KHTML, like Gecko; compatible; Amazonbot/0.1; +https://developer.amazon.com/support/amazonbot) Chrome/119.0.6045.214 Safari/537.36"
3.224.205.25 - - [06/Apr/2026:00:03:50 -0400] "GET /index.php/wp-json/oembed/1.0/embed?format=xml&url=http://www.mentube.net/index.php/sex/expekt-talletusbonus-tehokas-tapa-parantaa-pelikassaasi.html HTTP/1.1" 200 2583 "-" "Mozilla/5.0 AppleWebKit/537.36 (KHTML, like Gecko; compatible; Amazonbot/0.1; +https://developer.amazon.com/support/amazonbot) Chrome/119.0.6045.214 Safari/537.36"
54.225.81.20 - - [06/Apr/2026:00:03:54 -0400] "GET /index.php/wp-json/oembed/1.0/embed?url=http://www.mentube.net/index.php/sex/talletusbonus-ilmaista-pelirahaa-uusille-pelaajille.html HTTP/1.1" 200 2483 "-" "Mozilla/5.0 AppleWebKit/537.36 (KHTML, like Gecko; compatible; Amazonbot/0.1; +https://developer.amazon.com/support/amazonbot) Chrome/119.0.6045.214 Safari/537.36"
43.155.195.141 - - [06/Apr/2026:00:04:48 -0400] "GET / HTTP/1.1" 301 - "-" "Mozilla/5.0 (iPhone; CPU iPhone OS 13_2_3 like Mac OS X) AppleWebKit/605.1.15 (KHTML, like Gecko) Version/13.0.3 Mobile/15E148 Safari/604.1"
43.155.195.141 - - [06/Apr/2026:00:04:49 -0400] "GET / HTTP/1.1" 200 25828 "http://mentube.net" "Mozilla/5.0 (iPhone; CPU iPhone OS 13_2_3 like Mac OS X) AppleWebKit/605.1.15 (KHTML, like Gecko) Version/13.0.3 Mobile/15E148 Safari/604.1"
74.206.190.75 - - [06/Apr/2026:00:05:21 -0400] "GET / HTTP/1.1" 200 25828 "-" "curl/7.29.0"
17.22.253.56 - - [06/Apr/2026:00:06:35 -0400] "GET /index.php/tag/asshole/feed HTTP/1.1" 200 1975 "-" "Mozilla/5.0 (Macintosh; Intel Mac OS X 10_15_7) AppleWebKit/605.1.15 (KHTML, like Gecko) Version/17.4 Safari/605.1.15 (Applebot/0.1; +http://www.apple.com/go/applebot)"
74.206.190.75 - - [06/Apr/2026:00:10:28 -0400] "GET / HTTP/1.1" 200 25828 "-" "curl/7.29.0"
74.206.190.75 - - [06/Apr/2026:00:15:20 -0400] "GET / HTTP/1.1" 200 25828 "-" "curl/7.29.0"
141.94.194.132 - - [06/Apr/2026:00:16:04 -0400] "GET /index.php/category/sex/feed HTTP/1.1" 200 80491 "-" "Mozilla/5.0 (X11; Linux i686) AppleWebKit/537.36 (KHTML, like Gecko) Chrome/30.0.1599.66 Safari/537.36"
74.206.190.75 - - [06/Apr/2026:00:20:32 -0400] "GET / HTTP/1.1" 200 25828 "-" "curl/7.29.0"
74.206.190.75 - - [06/Apr/2026:00:25:17 -0400] "GET / HTTP/1.1" 200 25828 "-" "curl/7.29.0"
74.206.190.75 - - [06/Apr/2026:00:30:21 -0400] "GET / HTTP/1.1" 200 25828 "-" "curl/7.29.0"
51.91.77.172 - - [06/Apr/2026:00:31:23 -0400] "GET /wp-login.php HTTP/1.1" 200 2912 "http://www.mentube.net/" "Mozilla/5.0 (Windows NT 10.0; Win64; x64) AppleWebKit/537.36 (KHTML, like Gecko) Chrome/143.0.0.0 Safari/537.36"
51.91.77.172 - - [06/Apr/2026:00:31:35 -0400] "POST /wp-login.php HTTP/1.1" 302 - "http://www.mentube.net/wp-login.php" "Mozilla/5.0 (Windows NT 10.0; Win64; x64) AppleWebKit/537.36 (KHTML, like Gecko) Chrome/143.0.0.0 Safari/537.36"
51.91.77.172 - - [06/Apr/2026:00:31:39 -0400] "GET /wp-admin/images/wordpress-logo.svg?ver=20131107 HTTP/1.1" 200 1521 "http://www.mentube.net/wp-admin/css/login.min.css?ver=5.1.8" "Mozilla/5.0 (Windows NT 10.0; Win64; x64) AppleWebKit/537.36 (KHTML, like Gecko) Chrome/143.0.0.0 Safari/537.36"
51.91.77.172 - - [06/Apr/2026:00:31:39 -0400] "GET /wp-admin/ HTTP/1.1" 200 71707 "http://www.mentube.net/wp-login.php" "Mozilla/5.0 (Windows NT 10.0; Win64; x64) AppleWebKit/537.36 (KHTML, like Gecko) Chrome/143.0.0.0 Safari/537.36"
51.91.77.172 - - [06/Apr/2026:00:31:45 -0400] "GET /wp-admin/post-new.php HTTP/1.1" 200 136030 "http://www.mentube.net/" "Mozilla/5.0 (Windows NT 10.0; Win64; x64) AppleWebKit/537.36 (KHTML, like Gecko) Chrome/143.0.0.0 Safari/537.36"
51.91.77.172 - - [06/Apr/2026:00:31:51 -0400] "GET /wp-admin/load-styles.php?c=1&dir=ltr&load%5B%5D=dashicons,admin-bar,common,forms,admin-menu,dashboard,list-tables,edit,revisions,media,themes,about,nav-menus,wp-pointer,widgets&load%5B%5D=,site-icon,l10n,buttons,wp-auth-check&ver=5.1.8 HTTP/1.1" 200 339095 "http://www.mentube.net/wp-admin/post-new.php" "Mozilla/5.0 (Windows NT 10.0; Win64; x64) AppleWebKit/537.36 (KHTML, like Gecko) Chrome/143.0.0.0 Safari/537.36"
51.91.77.172 - - [06/Apr/2026:00:31:52 -0400] "GET /wp-admin/load-scripts.php?c=1&load%5B%5D=jquery-core,jquery-migrate,utils&ver=5.1.8 HTTP/1.1" 200 108792 "http://www.mentube.net/wp-admin/post-new.php" "Mozilla/5.0 (Windows NT 10.0; Win64; x64) AppleWebKit/537.36 (KHTML, like Gecko) Chrome/143.0.0.0 Safari/537.36"
51.91.77.172 - - [06/Apr/2026:00:31:54 -0400] "GET /wp-admin/load-styles.php?c=1&dir=ltr&load%5B%5D=media-views&ver=5.1.8 HTTP/1.1" 200 40479 "http://www.mentube.net/wp-admin/post-new.php" "Mozilla/5.0 (Windows NT 10.0; Win64; x64) AppleWebKit/537.36 (KHTML, like Gecko) Chrome/143.0.0.0 Safari/537.36"
51.91.77.172 - - [06/Apr/2026:00:32:03 -0400] "GET /wp-admin/load-scripts.php?c=1&load%5B%5D=hoverIntent,common,admin-bar&ver=5.1.8 HTTP/1.1" 200 23724 "http://www.mentube.net/wp-admin/post-new.php" "Mozilla/5.0 (Windows NT 10.0; Win64; x64) AppleWebKit/537.36 (KHTML, like Gecko) Chrome/143.0.0.0 Safari/537.36"
51.91.77.172 - - [06/Apr/2026:00:32:12 -0400] "POST /wp-admin/post.php HTTP/1.1" 302 - "http://www.mentube.net/wp-admin/post-new.php" "Mozilla/5.0 (Windows NT 10.0; Win64; x64) AppleWebKit/537.36 (KHTML, like Gecko) Chrome/143.0.0.0 Safari/537.36"
51.91.77.172 - - [06/Apr/2026:00:32:13 -0400] "GET /wp-admin/post.php?post=799&action=edit&message=6 HTTP/1.1" 200 149389 "http://www.mentube.net/wp-admin/post-new.php" "Mozilla/5.0 (Windows NT 10.0; Win64; x64) AppleWebKit/537.36 (KHTML, like Gecko) Chrome/143.0.0.0 Safari/537.36"
74.206.190.75 - - [06/Apr/2026:00:32:13 -0400] "POST /wp-cron.php?doing_wp_cron=1775449933.8835239410400390625000 HTTP/1.1" 200 - "http://www.mentube.net/wp-cron.php?doing_wp_cron=1775449933.8835239410400390625000" "WordPress/5.1.8; http://www.mentube.net"
51.91.77.172 - - [06/Apr/2026:00:32:54 -0400] "POST /wp-admin/post.php HTTP/1.1" 302 - "http://www.mentube.net/wp-admin/post.php?post=799&action=edit" "Mozilla/5.0 (Windows NT 10.0; Win64; x64) AppleWebKit/537.36 (KHTML, like Gecko) Chrome/143.0.0.0 Safari/537.36"
74.206.190.75 - - [06/Apr/2026:00:32:59 -0400] "POST /wp-cron.php?doing_wp_cron=1775449979.1812090873718261718750 HTTP/1.1" 200 - "http://www.mentube.net/wp-cron.php?doing_wp_cron=1775449979.1812090873718261718750" "WordPress/5.1.8; http://www.mentube.net"
51.91.77.172 - - [06/Apr/2026:00:32:59 -0400] "GET /index.php/sex/799.html HTTP/1.1" 200 36747 "-" "Mozilla/5.0 (Windows NT 10.0; Win64; x64) AppleWebKit/537.36 (KHTML, like Gecko) Chrome/143.0.0.0 Safari/537.36"
74.206.190.75 - - [06/Apr/2026:00:35:25 -0400] "GET / HTTP/1.1" 200 25624 "-" "curl/7.29.0"
34.194.14.255 - - [06/Apr/2026:00:37:38 -0400] "GET /index.php/anonymous/%D0%BA%D0%B0%D0%B7%D0%B8%D0%BD%D0%BE-7%D0%BA-%D0%B8%D0%B3%D1%80%D0%BE%D0%B2%D1%8B%D0%B5-%D0%B0%D0%B2%D1%82%D0%BE%D0%BC%D0%B0%D1%82%D1%8B-%D0%BB%D1%83%D1%87%D1%88%D0%B8%D0%B5-%D1%81%D0%BB.html HTTP/1.1" 404 10197 "-" "Mozilla/5.0 AppleWebKit/537.36 (KHTML, like Gecko; compatible; Amazonbot/0.1; +https://developer.amazon.com/support/amazonbot) Chrome/119.0.6045.214 Safari/537.36"
44.217.255.167 - - [06/Apr/2026:00:37:42 -0400] "GET /index.php/category/1137622271 HTTP/1.1" 404 10197 "-" "Mozilla/5.0 AppleWebKit/537.36 (KHTML, like Gecko; compatible; Amazonbot/0.1; +https://developer.amazon.com/support/amazonbot) Chrome/119.0.6045.214 Safari/537.36"
54.84.161.62 - - [06/Apr/2026:00:37:46 -0400] "GET /index.php/wp-json/oembed/1.0/embed?format=xml&url=http://www.mentube.net/index.php/sex/vahva-tunnistautuminen-kaikki-mita-sinun-tarvitsee-tietaa.html HTTP/1.1" 200 2638 "-" "Mozilla/5.0 AppleWebKit/537.36 (KHTML, like Gecko; compatible; Amazonbot/0.1; +https://developer.amazon.com/support/amazonbot) Chrome/119.0.6045.214 Safari/537.36"
34.205.170.13 - - [06/Apr/2026:00:37:50 -0400] "GET /index.php/wp-json/oembed/1.0/embed?format=xml&url=http://www.mentube.net/index.php/sex/nitro-casino-nosto-kesto-taydellinen-opas-pelaajille.html HTTP/1.1" 200 2600 "-" "Mozilla/5.0 AppleWebKit/537.36 (KHTML, like Gecko; compatible; Amazonbot/0.1; +https://developer.amazon.com/support/amazonbot) Chrome/119.0.6045.214 Safari/537.36"
74.206.190.75 - - [06/Apr/2026:00:40:26 -0400] "GET / HTTP/1.1" 200 25624 "-" "curl/7.29.0"
74.206.190.75 - - [06/Apr/2026:00:45:20 -0400] "GET / HTTP/1.1" 200 25624 "-" "curl/7.29.0"
74.206.190.75 - - [06/Apr/2026:00:50:19 -0400] "GET / HTTP/1.1" 200 25624 "-" "curl/7.29.0"