77.232.36.29 - - [05/Apr/2026:13:33:38 -0400] "POST /xmlrpc.php HTTP/1.1" 302 271 "-" "Mozilla/5.0 (Windows NT 10.0; WOW64) AppleWebKit/537.36 (KHTML, like Gecko) Chrome/114.0.0.0 Safari/537.36 Vivaldi/5.3.2679.68"
77.232.36.29 - - [05/Apr/2026:13:33:38 -0400] "GET / HTTP/1.1" 200 26081 "-" "Mozilla/5.0 (Windows NT 10.0; WOW64) AppleWebKit/537.36 (KHTML, like Gecko) Chrome/114.0.0.0 Safari/537.36 Vivaldi/5.3.2679.68"
74.206.190.75 - - [05/Apr/2026:13:35:47 -0400] "GET / HTTP/1.1" 200 26081 "-" "curl/7.29.0"
74.206.190.75 - - [05/Apr/2026:13:40:35 -0400] "GET / HTTP/1.1" 200 26081 "-" "curl/7.29.0"
74.206.190.75 - - [05/Apr/2026:13:45:21 -0400] "GET / HTTP/1.1" 200 26081 "-" "curl/7.29.0"
35.174.253.85 - - [05/Apr/2026:13:46:50 -0400] "GET /index.php/sex/flaksi-kirjaudu-taydellinen-opas-online-rulettiin.html HTTP/1.1" 200 22749 "-" "Mozilla/5.0 AppleWebKit/537.36 (KHTML, like Gecko; compatible; Amazonbot/0.1; +https://developer.amazon.com/support/amazonbot) Chrome/119.0.6045.214 Safari/537.36"
50.19.79.213 - - [05/Apr/2026:13:46:54 -0400] "GET /index.php/sex/spinz-paivan-peli-kaikki-mita-sinun-tulee-tietaa-tasta-suositusta-casinopelista.html HTTP/1.1" 200 24119 "-" "Mozilla/5.0 AppleWebKit/537.36 (KHTML, like Gecko; compatible; Amazonbot/0.1; +https://developer.amazon.com/support/amazonbot) Chrome/119.0.6045.214 Safari/537.36"
223.15.245.170 - - [05/Apr/2026:13:48:45 -0400] "GET / HTTP/1.1" 301 - "-" "Mozilla/5.0 (iPhone; CPU iPhone OS 13_2_3 like Mac OS X) AppleWebKit/605.1.15 (KHTML, like Gecko) Version/13.0.3 Mobile/15E148 Safari/604.1"
223.15.245.170 - - [05/Apr/2026:13:48:47 -0400] "GET / HTTP/1.1" 200 26081 "http://mentube.net" "Mozilla/5.0 (iPhone; CPU iPhone OS 13_2_3 like Mac OS X) AppleWebKit/605.1.15 (KHTML, like Gecko) Version/13.0.3 Mobile/15E148 Safari/604.1"
74.206.190.75 - - [05/Apr/2026:13:50:19 -0400] "GET / HTTP/1.1" 200 26081 "-" "curl/7.29.0"
74.206.190.75 - - [05/Apr/2026:13:55:19 -0400] "GET / HTTP/1.1" 200 26081 "-" "curl/7.29.0"
74.206.190.75 - - [05/Apr/2026:14:00:33 -0400] "GET / HTTP/1.1" 200 26081 "-" "curl/7.29.0"
216.73.216.174 - - [05/Apr/2026:14:04:52 -0400] "GET /robots.txt HTTP/1.1" 200 24 "-" "Mozilla/5.0 AppleWebKit/537.36 (KHTML, like Gecko; compatible; ClaudeBot/1.0; +claudebot@anthropic.com)"
74.206.190.75 - - [05/Apr/2026:14:05:20 -0400] "POST /wp-cron.php?doing_wp_cron=1775412320.4729399681091308593750 HTTP/1.1" 200 - "http://www.mentube.net/wp-cron.php?doing_wp_cron=1775412320.4729399681091308593750" "WordPress/5.1.8; http://www.mentube.net"
74.206.190.75 - - [05/Apr/2026:14:05:20 -0400] "GET / HTTP/1.1" 200 26081 "-" "curl/7.29.0"
194.165.16.5 - - [05/Apr/2026:14:05:41 -0400] "GET /wp-login.php HTTP/1.1" 200 2912 "-" "Mozilla/5.0 (Windows NT 10.0; Win64; x64) AppleWebKit/537.36 (KHTML, like Gecko) Chrome/124.0.6367.207 Safari/537.36"
194.165.16.5 - - [05/Apr/2026:14:05:42 -0400] "POST /xmlrpc.php HTTP/1.1" 302 271 "-" "Mozilla/5.0 (Windows NT 10.0; Win64; x64; rv:127.0) Gecko/20100101 Firefox/127.0"
194.165.16.5 - - [05/Apr/2026:14:05:43 -0400] "GET / HTTP/1.1" 200 26081 "-" "Mozilla/5.0 (Windows NT 10.0; Win64; x64; rv:127.0) Gecko/20100101 Firefox/127.0"
77.79.44.27 - - [05/Apr/2026:14:05:51 -0400] "POST /xmlrpc.php HTTP/1.1" 302 271 "-" "Mozilla/5.0 (Windows NT 10.0; Win64; x64; rv:127.0) Gecko/20100101 Firefox/127.0"
77.79.44.27 - - [05/Apr/2026:14:05:52 -0400] "GET / HTTP/1.1" 200 26081 "-" "Mozilla/5.0 (Windows NT 10.0; Win64; x64; rv:127.0) Gecko/20100101 Firefox/127.0"
5.68.244.229 - - [05/Apr/2026:14:05:53 -0400] "POST /xmlrpc.php HTTP/1.1" 302 271 "-" "Mozilla/5.0 (Windows NT 10.0; Win64; x64; rv:127.0) Gecko/20100101 Firefox/127.0"
5.68.244.229 - - [05/Apr/2026:14:05:53 -0400] "GET / HTTP/1.1" 200 26081 "-" "Mozilla/5.0 (Windows NT 10.0; Win64; x64; rv:127.0) Gecko/20100101 Firefox/127.0"
176.221.125.234 - - [05/Apr/2026:14:05:56 -0400] "POST /xmlrpc.php HTTP/1.1" 302 271 "-" "Mozilla/5.0 (Windows NT 10.0; Win64; x64; rv:127.0) Gecko/20100101 Firefox/127.0"
176.221.125.234 - - [05/Apr/2026:14:05:57 -0400] "GET / HTTP/1.1" 200 26081 "-" "Mozilla/5.0 (Windows NT 10.0; Win64; x64; rv:127.0) Gecko/20100101 Firefox/127.0"
84.192.232.162 - - [05/Apr/2026:14:05:59 -0400] "POST /xmlrpc.php HTTP/1.1" 302 271 "-" "Mozilla/5.0 (Windows NT 10.0; Win64; x64) AppleWebKit/537.36 (KHTML, like Gecko) Chrome/124.0.6367.207 Safari/537.36"
84.192.232.162 - - [05/Apr/2026:14:05:59 -0400] "GET / HTTP/1.1" 200 26081 "-" "Mozilla/5.0 (Windows NT 10.0; Win64; x64) AppleWebKit/537.36 (KHTML, like Gecko) Chrome/124.0.6367.207 Safari/537.36"
158.47.230.37 - - [05/Apr/2026:14:06:02 -0400] "POST /xmlrpc.php HTTP/1.1" 302 271 "-" "Mozilla/5.0 (Windows NT 10.0; Win64; x64) AppleWebKit/537.36 (KHTML, like Gecko) Chrome/124.0.6367.207 Safari/537.36"
158.47.230.37 - - [05/Apr/2026:14:06:03 -0400] "GET / HTTP/1.1" 200 26081 "-" "Mozilla/5.0 (Windows NT 10.0; Win64; x64) AppleWebKit/537.36 (KHTML, like Gecko) Chrome/124.0.6367.207 Safari/537.36"
91.54.239.242 - - [05/Apr/2026:14:06:12 -0400] "POST /xmlrpc.php HTTP/1.1" 302 271 "-" "Mozilla/5.0 (Windows NT 10.0; Win64; x64) AppleWebKit/537.36 (KHTML, like Gecko) Chrome/124.0.6367.207 Safari/537.36"
91.54.239.242 - - [05/Apr/2026:14:06:13 -0400] "GET / HTTP/1.1" 200 26081 "-" "Mozilla/5.0 (Windows NT 10.0; Win64; x64) AppleWebKit/537.36 (KHTML, like Gecko) Chrome/124.0.6367.207 Safari/537.36"
178.199.203.196 - - [05/Apr/2026:14:06:16 -0400] "POST /xmlrpc.php HTTP/1.1" 302 271 "-" "Mozilla/5.0 (Macintosh; Intel Mac OS X 13_5) AppleWebKit/605.1.15 (KHTML, like Gecko) Version/17.5 Safari/605.1.15"
178.199.203.196 - - [05/Apr/2026:14:06:16 -0400] "GET / HTTP/1.1" 200 26081 "-" "Mozilla/5.0 (Macintosh; Intel Mac OS X 13_5) AppleWebKit/605.1.15 (KHTML, like Gecko) Version/17.5 Safari/605.1.15"
95.91.246.10 - - [05/Apr/2026:14:06:25 -0400] "POST /xmlrpc.php HTTP/1.1" 302 271 "-" "Mozilla/5.0 (Windows NT 10.0; Win64; x64) AppleWebKit/537.36 (KHTML, like Gecko) Chrome/124.0.6367.207 Safari/537.36"
95.91.246.10 - - [05/Apr/2026:14:06:26 -0400] "GET / HTTP/1.1" 200 26081 "-" "Mozilla/5.0 (Windows NT 10.0; Win64; x64) AppleWebKit/537.36 (KHTML, like Gecko) Chrome/124.0.6367.207 Safari/537.36"
146.241.7.70 - - [05/Apr/2026:14:06:34 -0400] "POST /xmlrpc.php HTTP/1.1" 302 271 "-" "Mozilla/5.0 (Windows NT 10.0; Win64; x64) AppleWebKit/537.36 (KHTML, like Gecko) Chrome/124.0.6367.207 Safari/537.36"
146.241.7.70 - - [05/Apr/2026:14:06:35 -0400] "GET / HTTP/1.1" 200 26081 "-" "Mozilla/5.0 (Windows NT 10.0; Win64; x64) AppleWebKit/537.36 (KHTML, like Gecko) Chrome/124.0.6367.207 Safari/537.36"
194.165.16.5 - - [05/Apr/2026:14:06:42 -0400] "GET /wp-login.php?wp_lang=en_US HTTP/1.1" 200 2912 "-" "Mozilla/5.0 (Windows NT 10.0; Win64; x64) AppleWebKit/537.36 (KHTML, like Gecko) Chrome/124.0.6367.207 Safari/537.36"
194.165.16.5 - - [05/Apr/2026:14:06:44 -0400] "POST /wp-login.php?wp_lang=en_US HTTP/1.1" 302 - "http://www.mentube.net/wp-login.php?wp_lang=en_US" "Mozilla/5.0 (Windows NT 10.0; Win64; x64) AppleWebKit/537.36 (KHTML, like Gecko) Chrome/124.0.6367.207 Safari/537.36"
194.165.16.5 - - [05/Apr/2026:14:06:44 -0400] "GET /wp-admin/ HTTP/1.1" 200 71951 "http://www.mentube.net/wp-login.php?wp_lang=en_US" "Mozilla/5.0 (Windows NT 10.0; Win64; x64) AppleWebKit/537.36 (KHTML, like Gecko) Chrome/124.0.6367.207 Safari/537.36"
194.165.16.5 - - [05/Apr/2026:14:06:46 -0400] "GET /wp-admin/admin-ajax.php?action=rest-nonce HTTP/1.1" 400 1 "-" "Mozilla/5.0 (Windows NT 10.0; Win64; x64) AppleWebKit/537.36 (KHTML, like Gecko) Chrome/124.0.6367.207 Safari/537.36"
194.165.16.5 - - [05/Apr/2026:14:06:47 -0400] "GET /wp-admin/admin-ajax.php?action=rest-nonce HTTP/1.1" 400 1 "-" "Mozilla/5.0 (Windows NT 10.0; Win64; x64) AppleWebKit/537.36 (KHTML, like Gecko) Chrome/124.0.6367.207 Safari/537.36"
194.165.16.5 - - [05/Apr/2026:14:06:48 -0400] "GET /wp-admin/admin-ajax.php?action=rest-nonce HTTP/1.1" 400 1 "-" "Mozilla/5.0 (Windows NT 10.0; Win64; x64) AppleWebKit/537.36 (KHTML, like Gecko) Chrome/124.0.6367.207 Safari/537.36"
74.206.190.75 - - [05/Apr/2026:14:10:17 -0400] "GET / HTTP/1.1" 200 26081 "-" "curl/7.29.0"
74.206.190.75 - - [05/Apr/2026:14:15:20 -0400] "GET / HTTP/1.1" 200 26081 "-" "curl/7.29.0"
74.206.190.75 - - [05/Apr/2026:14:18:02 -0400] "POST /wp-cron.php?doing_wp_cron=1775413082.5299348831176757812500 HTTP/1.1" 200 - "http://www.mentube.net/wp-cron.php?doing_wp_cron=1775413082.5299348831176757812500" "WordPress/5.1.8; http://www.mentube.net"
34.234.200.207 - - [05/Apr/2026:14:18:02 -0400] "GET /index.php/sex/expekt-talletusbonus-tehokas-tapa-parantaa-pelikassaasi.html HTTP/1.1" 200 24502 "-" "Mozilla/5.0 AppleWebKit/537.36 (KHTML, like Gecko; compatible; Amazonbot/0.1; +https://developer.amazon.com/support/amazonbot) Chrome/119.0.6045.214 Safari/537.36"
74.206.190.75 - - [05/Apr/2026:14:20:30 -0400] "GET / HTTP/1.1" 200 26081 "-" "curl/7.29.0"
57.141.6.61 - - [05/Apr/2026:14:21:47 -0400] "GET /index.php/gay-cum/gay-cumshot.html HTTP/1.1" 200 20148 "-" "meta-externalagent/1.1 (+https://developers.facebook.com/docs/sharing/webmasters/crawler)"
74.206.190.75 - - [05/Apr/2026:14:25:19 -0400] "GET / HTTP/1.1" 200 26081 "-" "curl/7.29.0"
141.94.194.132 - - [05/Apr/2026:14:28:53 -0400] "GET /index.php/category/gay-bareback/feed HTTP/1.1" 200 16923 "-" "Mozilla/5.0 (X11; Linux i686) AppleWebKit/537.36 (KHTML, like Gecko) Chrome/30.0.1599.66 Safari/537.36"
141.94.194.132 - - [05/Apr/2026:14:29:56 -0400] "GET /index.php/feed HTTP/1.1" 200 94393 "-" "Mozilla/5.0 (X11; Linux i686) AppleWebKit/537.36 (KHTML, like Gecko) Chrome/30.0.1599.66 Safari/537.36"
74.206.190.75 - - [05/Apr/2026:14:30:17 -0400] "GET / HTTP/1.1" 200 26081 "-" "curl/7.29.0"
93.177.73.234 - - [05/Apr/2026:14:30:32 -0400] "GET /wp-login.php HTTP/1.1" 200 2912 "http://www.mentube.net/" "Mozilla/5.0 (Windows NT 10.0; Win64; x64) AppleWebKit/537.36 (KHTML, like Gecko) Chrome/143.0.0.0 Safari/537.36"
93.177.73.234 - - [05/Apr/2026:14:30:32 -0400] "GET /wp-admin/images/wordpress-logo.svg?ver=20131107 HTTP/1.1" 200 1521 "http://www.mentube.net/wp-admin/css/login.min.css?ver=5.1.8" "Mozilla/5.0 (Windows NT 10.0; Win64; x64) AppleWebKit/537.36 (KHTML, like Gecko) Chrome/143.0.0.0 Safari/537.36"
93.177.73.234 - - [05/Apr/2026:14:30:41 -0400] "POST /wp-login.php HTTP/1.1" 302 - "http://www.mentube.net/wp-login.php" "Mozilla/5.0 (Windows NT 10.0; Win64; x64) AppleWebKit/537.36 (KHTML, like Gecko) Chrome/143.0.0.0 Safari/537.36"
93.177.73.234 - - [05/Apr/2026:14:30:42 -0400] "GET /wp-admin/ HTTP/1.1" 200 71951 "http://www.mentube.net/wp-login.php" "Mozilla/5.0 (Windows NT 10.0; Win64; x64) AppleWebKit/537.36 (KHTML, like Gecko) Chrome/143.0.0.0 Safari/537.36"
93.177.73.234 - - [05/Apr/2026:14:30:43 -0400] "GET /wp-admin/load-scripts.php?c=1&load%5B%5D=jquery-core,jquery-migrate,utils&ver=5.1.8 HTTP/1.1" 200 108792 "http://www.mentube.net/wp-admin/" "Mozilla/5.0 (Windows NT 10.0; Win64; x64) AppleWebKit/537.36 (KHTML, like Gecko) Chrome/143.0.0.0 Safari/537.36"
93.177.73.234 - - [05/Apr/2026:14:30:43 -0400] "GET /wp-admin/load-styles.php?c=1&dir=ltr&load%5B%5D=dashicons,admin-bar,common,forms,admin-menu,dashboard,list-tables,edit,revisions,media,themes,about,nav-menus,wp-pointer,widgets&load%5B%5D=,site-icon,l10n,buttons,wp-auth-check&ver=5.1.8 HTTP/1.1" 200 339095 "http://www.mentube.net/wp-admin/" "Mozilla/5.0 (Windows NT 10.0; Win64; x64) AppleWebKit/537.36 (KHTML, like Gecko) Chrome/143.0.0.0 Safari/537.36"
93.177.73.234 - - [05/Apr/2026:14:30:43 -0400] "GET /wp-admin/load-scripts.php?c=1&load%5B%5D=hoverIntent,common,admin-bar,wp-ajax-response,jquery-color,wp-lists,quicktags,jquery-query,admin-comments,jquery-ui-core,jquery-&load%5B%5D=ui-widget,jquery-ui-mouse,jquery-ui-sortable,postbox,underscore,wp-util,wp-a11y,dashboard,thickbox,plugin-install,updates,shortc&load%5B%5D=ode,media-upload,svg-painter&ver=5.1.8 HTTP/1.1" 200 201345 "http://www.mentube.net/wp-admin/" "Mozilla/5.0 (Windows NT 10.0; Win64; x64) AppleWebKit/537.36 (KHTML, like Gecko) Chrome/143.0.0.0 Safari/537.36"
93.177.73.234 - - [05/Apr/2026:14:30:44 -0400] "POST /wp-admin/admin-ajax.php HTTP/1.1" 200 96 "http://www.mentube.net/wp-admin/" "Mozilla/5.0 (Windows NT 10.0; Win64; x64) AppleWebKit/537.36 (KHTML, like Gecko) Chrome/143.0.0.0 Safari/537.36"
93.177.73.234 - - [05/Apr/2026:14:30:45 -0400] "GET /wp-admin/post-new.php HTTP/1.1" 200 136030 "http://www.mentube.net/" "Mozilla/5.0 (Windows NT 10.0; Win64; x64) AppleWebKit/537.36 (KHTML, like Gecko) Chrome/143.0.0.0 Safari/537.36"
93.177.73.234 - - [05/Apr/2026:14:30:46 -0400] "GET /wp-admin/load-scripts.php?c=1&load%5B%5D=hoverIntent,common,admin-bar&ver=5.1.8 HTTP/1.1" 200 23724 "http://www.mentube.net/wp-admin/post-new.php" "Mozilla/5.0 (Windows NT 10.0; Win64; x64) AppleWebKit/537.36 (KHTML, like Gecko) Chrome/143.0.0.0 Safari/537.36"
93.177.73.234 - - [05/Apr/2026:14:30:46 -0400] "GET /wp-admin/load-styles.php?c=1&dir=ltr&load%5B%5D=media-views&ver=5.1.8 HTTP/1.1" 200 40479 "http://www.mentube.net/wp-admin/post-new.php" "Mozilla/5.0 (Windows NT 10.0; Win64; x64) AppleWebKit/537.36 (KHTML, like Gecko) Chrome/143.0.0.0 Safari/537.36"
93.177.73.234 - - [05/Apr/2026:14:31:03 -0400] "POST /wp-admin/admin-ajax.php HTTP/1.1" 200 98 "http://www.mentube.net/wp-admin/post-new.php" "Mozilla/5.0 (Windows NT 10.0; Win64; x64) AppleWebKit/537.36 (KHTML, like Gecko) Chrome/143.0.0.0 Safari/537.36"
93.177.73.234 - - [05/Apr/2026:14:31:10 -0400] "POST /wp-admin/admin-ajax.php HTTP/1.1" 200 169 "http://www.mentube.net/wp-admin/post-new.php" "Mozilla/5.0 (Windows NT 10.0; Win64; x64) AppleWebKit/537.36 (KHTML, like Gecko) Chrome/143.0.0.0 Safari/537.36"
93.177.73.234 - - [05/Apr/2026:14:31:11 -0400] "POST /wp-admin/admin-ajax.php HTTP/1.1" 200 513 "http://www.mentube.net/wp-admin/post-new.php" "Mozilla/5.0 (Windows NT 10.0; Win64; x64) AppleWebKit/537.36 (KHTML, like Gecko) Chrome/143.0.0.0 Safari/537.36"
93.177.73.234 - - [05/Apr/2026:14:31:11 -0400] "POST /wp-admin/post.php HTTP/1.1" 302 - "http://www.mentube.net/wp-admin/post-new.php?wp-post-new-reload=true" "Mozilla/5.0 (Windows NT 10.0; Win64; x64) AppleWebKit/537.36 (KHTML, like Gecko) Chrome/143.0.0.0 Safari/537.36"
74.206.190.75 - - [05/Apr/2026:14:31:11 -0400] "POST /wp-cron.php?doing_wp_cron=1775413871.9042260646820068359375 HTTP/1.1" 200 - "http://www.mentube.net/wp-cron.php?doing_wp_cron=1775413871.9042260646820068359375" "WordPress/5.1.8; http://www.mentube.net"
93.177.73.234 - - [05/Apr/2026:14:31:11 -0400] "GET /wp-admin/post.php?post=790&action=edit&message=6 HTTP/1.1" 200 144068 "http://www.mentube.net/wp-admin/post-new.php?wp-post-new-reload=true" "Mozilla/5.0 (Windows NT 10.0; Win64; x64) AppleWebKit/537.36 (KHTML, like Gecko) Chrome/143.0.0.0 Safari/537.36"
93.177.73.234 - - [05/Apr/2026:14:31:12 -0400] "GET /wp-admin/load-styles.php?c=1&dir=ltr&load%5B%5D=media-views&ver=5.1.8 HTTP/1.1" 200 40479 "http://www.mentube.net/wp-admin/post.php?post=790&action=edit" "Mozilla/5.0 (Windows NT 10.0; Win64; x64) AppleWebKit/537.36 (KHTML, like Gecko) Chrome/143.0.0.0 Safari/537.36"
93.177.73.234 - - [05/Apr/2026:14:31:13 -0400] "GET /wp-admin/admin-ajax.php?action=oembed-cache&post=790 HTTP/1.1" 200 1 "http://www.mentube.net/wp-admin/post.php?post=790&action=edit" "Mozilla/5.0 (Windows NT 10.0; Win64; x64) AppleWebKit/537.36 (KHTML, like Gecko) Chrome/143.0.0.0 Safari/537.36"
93.177.73.234 - - [05/Apr/2026:14:31:17 -0400] "POST /wp-admin/post.php HTTP/1.1" 302 - "http://www.mentube.net/wp-admin/post.php?post=790&action=edit" "Mozilla/5.0 (Windows NT 10.0; Win64; x64) AppleWebKit/537.36 (KHTML, like Gecko) Chrome/143.0.0.0 Safari/537.36"
74.206.190.75 - - [05/Apr/2026:14:31:18 -0400] "POST /wp-cron.php?doing_wp_cron=1775413878.0876550674438476562500 HTTP/1.1" 200 - "http://www.mentube.net/wp-cron.php?doing_wp_cron=1775413878.0876550674438476562500" "WordPress/5.1.8; http://www.mentube.net"
93.177.73.234 - - [05/Apr/2026:14:31:17 -0400] "GET /wp-admin/post.php?post=790&action=edit&message=1 HTTP/1.1" 200 144061 "http://www.mentube.net/wp-admin/post.php?post=790&action=edit" "Mozilla/5.0 (Windows NT 10.0; Win64; x64) AppleWebKit/537.36 (KHTML, like Gecko) Chrome/143.0.0.0 Safari/537.36"
93.177.73.234 - - [05/Apr/2026:14:31:31 -0400] "GET /wp-admin/load-styles.php?c=1&dir=ltr&load%5B%5D=media-views&ver=5.1.8 HTTP/1.1" 200 40479 "http://www.mentube.net/wp-admin/post.php?post=790&action=edit" "Mozilla/5.0 (Windows NT 10.0; Win64; x64) AppleWebKit/537.36 (KHTML, like Gecko) Chrome/143.0.0.0 Safari/537.36"
93.177.73.234 - - [05/Apr/2026:14:31:35 -0400] "GET /wp-admin/admin-ajax.php?action=oembed-cache&post=790 HTTP/1.1" 200 1 "http://www.mentube.net/wp-admin/post.php?post=790&action=edit" "Mozilla/5.0 (Windows NT 10.0; Win64; x64) AppleWebKit/537.36 (KHTML, like Gecko) Chrome/143.0.0.0 Safari/537.36"
93.177.73.234 - - [05/Apr/2026:14:31:45 -0400] "GET /index.php/sex/ibet-bonus-ilmaiskierrokset-ja-muut-bonukset.html HTTP/1.1" 200 31506 "-" "Mozilla/5.0 (Windows NT 10.0; Win64; x64) AppleWebKit/537.36 (KHTML, like Gecko) Chrome/143.0.0.0 Safari/537.36"
93.177.73.234 - - [05/Apr/2026:14:31:45 -0400] "POST /wp-admin/admin-ajax.php HTTP/1.1" 200 1 "http://www.mentube.net/wp-admin/post.php?post=790&action=edit" "Mozilla/5.0 (Windows NT 10.0; Win64; x64) AppleWebKit/537.36 (KHTML, like Gecko) Chrome/143.0.0.0 Safari/537.36"
34.162.187.34 - - [05/Apr/2026:14:32:04 -0400] "HEAD / HTTP/1.1" 301 - "-" "Mozilla/5.0 (Linux; Android 12; TECNO CK6n) AppleWebKit/537.36 (KHTML, like Gecko) Chrome/125.0.6422.50 Mobile Safari/537.36"
34.162.187.34 - - [05/Apr/2026:14:32:04 -0400] "HEAD / HTTP/1.1" 200 - "http://mentube.net/" "Mozilla/5.0 (Linux; Android 12; TECNO CK6n) AppleWebKit/537.36 (KHTML, like Gecko) Chrome/125.0.6422.50 Mobile Safari/537.36"
34.162.187.34 - - [05/Apr/2026:14:32:04 -0400] "HEAD /old/ HTTP/1.1" 302 - "-" "Mozilla/5.0 (Linux; Android 11; moto g31) AppleWebKit/537.36 (KHTML, like Gecko) Chrome/122.0.6261.96 Mobile Safari/537.36"
34.162.187.34 - - [05/Apr/2026:14:32:05 -0400] "HEAD / HTTP/1.1" 200 - "http://mentube.net/old/" "Mozilla/5.0 (Linux; Android 11; moto g31) AppleWebKit/537.36 (KHTML, like Gecko) Chrome/122.0.6261.96 Mobile Safari/537.36"
34.162.187.34 - - [05/Apr/2026:14:32:05 -0400] "HEAD /blog/ HTTP/1.1" 302 - "-" "Mozilla/5.0 (Linux; Android 14; RMX3842) AppleWebKit/537.36 (KHTML, like Gecko) Chrome/126.0.6478.44 Mobile Safari/537.36"
34.162.187.34 - - [05/Apr/2026:14:32:05 -0400] "HEAD / HTTP/1.1" 200 - "http://mentube.net/blog/" "Mozilla/5.0 (Linux; Android 14; RMX3842) AppleWebKit/537.36 (KHTML, like Gecko) Chrome/126.0.6478.44 Mobile Safari/537.36"
34.162.187.34 - - [05/Apr/2026:14:32:05 -0400] "HEAD /backup/ HTTP/1.1" 302 - "-" "Mozilla/5.0 (iPad; CPU OS 17_4 like Mac OS X) AppleWebKit/605.1.15 (KHTML, like Gecko) Version/17.4 Mobile/15E148 Safari/604.1"
34.162.187.34 - - [05/Apr/2026:14:32:05 -0400] "HEAD / HTTP/1.1" 200 - "http://mentube.net/backup/" "Mozilla/5.0 (iPad; CPU OS 17_4 like Mac OS X) AppleWebKit/605.1.15 (KHTML, like Gecko) Version/17.4 Mobile/15E148 Safari/604.1"
34.162.187.34 - - [05/Apr/2026:14:32:05 -0400] "HEAD /wp/ HTTP/1.1" 302 - "-" "Mozilla/5.0 (Macintosh; Intel Mac OS X 13_5) AppleWebKit/605.1.15 (KHTML, like Gecko) Version/16.5 Safari/605.1.15"
34.162.187.34 - - [05/Apr/2026:14:32:05 -0400] "HEAD / HTTP/1.1" 200 - "http://mentube.net/wp/" "Mozilla/5.0 (Macintosh; Intel Mac OS X 13_5) AppleWebKit/605.1.15 (KHTML, like Gecko) Version/16.5 Safari/605.1.15"
34.162.187.34 - - [05/Apr/2026:14:32:06 -0400] "HEAD /wordpress/ HTTP/1.1" 302 - "-" "Mozilla/5.0 (Windows NT 10.0; Win64; x64; rv:127.0) Gecko/20100101 Firefox/127.0"
34.162.187.34 - - [05/Apr/2026:14:32:06 -0400] "HEAD / HTTP/1.1" 200 - "http://mentube.net/wordpress/" "Mozilla/5.0 (Windows NT 10.0; Win64; x64; rv:127.0) Gecko/20100101 Firefox/127.0"
34.162.187.34 - - [05/Apr/2026:14:32:06 -0400] "HEAD /new/ HTTP/1.1" 302 - "-" "Mozilla/5.0 (X11; Linux x86_64) AppleWebKit/537.36 (KHTML, like Gecko) Chrome/125.0.6422.76 Safari/537.36"
34.162.187.34 - - [05/Apr/2026:14:32:06 -0400] "HEAD / HTTP/1.1" 200 - "http://mentube.net/new/" "Mozilla/5.0 (X11; Linux x86_64) AppleWebKit/537.36 (KHTML, like Gecko) Chrome/125.0.6422.76 Safari/537.36"
74.206.190.75 - - [05/Apr/2026:14:35:20 -0400] "GET / HTTP/1.1" 200 26066 "-" "curl/7.29.0"
74.206.190.75 - - [05/Apr/2026:14:40:35 -0400] "GET / HTTP/1.1" 200 26066 "-" "curl/7.29.0"
141.94.194.132 - - [05/Apr/2026:14:41:34 -0400] "GET /index.php/gay-cum/gay-facial-tube.html/feed HTTP/1.1" 200 2419 "-" "Mozilla/5.0 (X11; Linux i686) AppleWebKit/537.36 (KHTML, like Gecko) Chrome/30.0.1599.66 Safari/537.36"
74.206.190.75 - - [05/Apr/2026:14:45:52 -0400] "GET / HTTP/1.1" 200 26066 "-" "curl/7.29.0"
74.206.190.75 - - [05/Apr/2026:14:50:27 -0400] "GET / HTTP/1.1" 200 26066 "-" "curl/7.29.0"
41.83.205.132 - - [05/Apr/2026:14:52:05 -0400] "GET /index.php/gay-bareback/fat-gay-men.html HTTP/1.1" 200 20279 "-" "Mozilla/5.0 (Macintosh; Intel Mac OS X 10_15_7) AppleWebKit/537.36 (KHTML, like Gecko) Brave Chrome/89.0.4389.90 Safari/537.36"
3.215.221.125 - - [05/Apr/2026:14:54:46 -0400] "GET /index.php/sex/mahti-kasino-kirjaudu-kaikki-mita-sinun-tarvitsee-tietaa.html HTTP/1.1" 200 23499 "-" "Mozilla/5.0 AppleWebKit/537.36 (KHTML, like Gecko; compatible; Amazonbot/0.1; +https://developer.amazon.com/support/amazonbot) Chrome/119.0.6045.214 Safari/537.36"
74.206.190.75 - - [05/Apr/2026:14:55:19 -0400] "GET / HTTP/1.1" 200 26066 "-" "curl/7.29.0"
40.77.167.9 - - [05/Apr/2026:14:56:10 -0400] "GET /index.php/sex/maltan-pelilisenssi-kaikki-mita-sinun-tulee-tietaa.html HTTP/1.1" 200 24665 "-" "Mozilla/5.0 AppleWebKit/537.36 (KHTML, like Gecko; compatible; bingbot/2.0; +http://www.bing.com/bingbot.htm) Chrome/116.0.1938.76 Safari/537.36"
74.206.190.75 - - [05/Apr/2026:15:00:32 -0400] "GET / HTTP/1.1" 200 26066 "-" "curl/7.29.0"
74.206.190.75 - - [05/Apr/2026:15:04:49 -0400] "POST /wp-cron.php?doing_wp_cron=1775415889.3355050086975097656250 HTTP/1.1" 200 - "http://www.mentube.net/wp-cron.php?doing_wp_cron=1775415889.3355050086975097656250" "WordPress/5.1.8; http://www.mentube.net"
194.165.16.5 - - [05/Apr/2026:15:04:49 -0400] "GET /wp-login.php HTTP/1.1" 200 2912 "-" "Mozilla/5.0 (Windows NT 10.0; Win64; x64) AppleWebKit/537.36 (KHTML, like Gecko) Chrome/124.0.6367.207 Safari/537.36"
194.165.16.5 - - [05/Apr/2026:15:04:51 -0400] "POST /xmlrpc.php HTTP/1.1" 302 271 "-" "Mozilla/5.0 (Macintosh; Intel Mac OS X 13_5) AppleWebKit/605.1.15 (KHTML, like Gecko) Version/17.5 Safari/605.1.15"
194.165.16.5 - - [05/Apr/2026:15:04:51 -0400] "GET / HTTP/1.1" 200 26066 "-" "Mozilla/5.0 (Macintosh; Intel Mac OS X 13_5) AppleWebKit/605.1.15 (KHTML, like Gecko) Version/17.5 Safari/605.1.15"
213.65.56.216 - - [05/Apr/2026:15:04:55 -0400] "POST /xmlrpc.php HTTP/1.1" 302 271 "-" "Mozilla/5.0 (Windows NT 10.0; Win64; x64) AppleWebKit/537.36 (KHTML, like Gecko) Chrome/124.0.6367.207 Safari/537.36"
213.65.56.216 - - [05/Apr/2026:15:04:55 -0400] "GET / HTTP/1.1" 200 26066 "-" "Mozilla/5.0 (Windows NT 10.0; Win64; x64) AppleWebKit/537.36 (KHTML, like Gecko) Chrome/124.0.6367.207 Safari/537.36"
81.97.154.120 - - [05/Apr/2026:15:04:56 -0400] "POST /xmlrpc.php HTTP/1.1" 302 271 "-" "Mozilla/5.0 (Macintosh; Intel Mac OS X 13_5) AppleWebKit/605.1.15 (KHTML, like Gecko) Version/17.5 Safari/605.1.15"
81.97.154.120 - - [05/Apr/2026:15:04:57 -0400] "GET / HTTP/1.1" 200 26066 "-" "Mozilla/5.0 (Macintosh; Intel Mac OS X 13_5) AppleWebKit/605.1.15 (KHTML, like Gecko) Version/17.5 Safari/605.1.15"
74.206.190.75 - - [05/Apr/2026:15:05:17 -0400] "GET / HTTP/1.1" 200 26066 "-" "curl/7.29.0"
94.9.44.188 - - [05/Apr/2026:15:05:28 -0400] "POST /xmlrpc.php HTTP/1.1" 302 271 "-" "Mozilla/5.0 (Windows NT 10.0; Win64; x64; rv:127.0) Gecko/20100101 Firefox/127.0"
94.9.44.188 - - [05/Apr/2026:15:05:28 -0400] "GET / HTTP/1.1" 200 26066 "-" "Mozilla/5.0 (Windows NT 10.0; Win64; x64; rv:127.0) Gecko/20100101 Firefox/127.0"
185.141.139.55 - - [05/Apr/2026:15:05:31 -0400] "POST /xmlrpc.php HTTP/1.1" 302 271 "-" "Mozilla/5.0 (Windows NT 10.0; Win64; x64; rv:127.0) Gecko/20100101 Firefox/127.0"
185.141.139.55 - - [05/Apr/2026:15:05:35 -0400] "GET / HTTP/1.1" 200 26066 "-" "Mozilla/5.0 (Windows NT 10.0; Win64; x64; rv:127.0) Gecko/20100101 Firefox/127.0"
91.44.163.63 - - [05/Apr/2026:15:05:45 -0400] "POST /xmlrpc.php HTTP/1.1" 302 271 "-" "Mozilla/5.0 (Macintosh; Intel Mac OS X 13_5) AppleWebKit/605.1.15 (KHTML, like Gecko) Version/17.5 Safari/605.1.15"
91.44.163.63 - - [05/Apr/2026:15:05:45 -0400] "GET / HTTP/1.1" 200 26066 "-" "Mozilla/5.0 (Macintosh; Intel Mac OS X 13_5) AppleWebKit/605.1.15 (KHTML, like Gecko) Version/17.5 Safari/605.1.15"
46.99.185.129 - - [05/Apr/2026:15:05:50 -0400] "POST /xmlrpc.php HTTP/1.1" 302 271 "-" "Mozilla/5.0 (Windows NT 10.0; Win64; x64; rv:127.0) Gecko/20100101 Firefox/127.0"
46.99.185.129 - - [05/Apr/2026:15:05:52 -0400] "GET / HTTP/1.1" 200 26066 "-" "Mozilla/5.0 (Windows NT 10.0; Win64; x64; rv:127.0) Gecko/20100101 Firefox/127.0"
81.237.229.12 - - [05/Apr/2026:15:05:57 -0400] "POST /xmlrpc.php HTTP/1.1" 302 271 "-" "Mozilla/5.0 (Windows NT 10.0; Win64; x64) AppleWebKit/537.36 (KHTML, like Gecko) Chrome/124.0.6367.207 Safari/537.36"
81.237.229.12 - - [05/Apr/2026:15:05:58 -0400] "GET / HTTP/1.1" 200 26066 "-" "Mozilla/5.0 (Windows NT 10.0; Win64; x64) AppleWebKit/537.36 (KHTML, like Gecko) Chrome/124.0.6367.207 Safari/537.36"
91.150.188.51 - - [05/Apr/2026:15:06:01 -0400] "POST /xmlrpc.php HTTP/1.1" 302 271 "-" "Mozilla/5.0 (Macintosh; Intel Mac OS X 13_5) AppleWebKit/605.1.15 (KHTML, like Gecko) Version/17.5 Safari/605.1.15"
91.150.188.51 - - [05/Apr/2026:15:06:02 -0400] "GET / HTTP/1.1" 200 26066 "-" "Mozilla/5.0 (Macintosh; Intel Mac OS X 13_5) AppleWebKit/605.1.15 (KHTML, like Gecko) Version/17.5 Safari/605.1.15"
194.165.16.5 - - [05/Apr/2026:15:06:05 -0400] "GET /wp-login.php?wp_lang=en_US HTTP/1.1" 200 2912 "-" "Mozilla/5.0 (Windows NT 10.0; Win64; x64) AppleWebKit/537.36 (KHTML, like Gecko) Chrome/124.0.6367.207 Safari/537.36"
194.165.16.5 - - [05/Apr/2026:15:06:05 -0400] "POST /wp-login.php?wp_lang=en_US HTTP/1.1" 302 - "http://www.mentube.net/wp-login.php?wp_lang=en_US" "Mozilla/5.0 (Windows NT 10.0; Win64; x64) AppleWebKit/537.36 (KHTML, like Gecko) Chrome/124.0.6367.207 Safari/537.36"
194.165.16.5 - - [05/Apr/2026:15:06:05 -0400] "GET /wp-admin/ HTTP/1.1" 200 71942 "http://www.mentube.net/wp-login.php?wp_lang=en_US" "Mozilla/5.0 (Windows NT 10.0; Win64; x64) AppleWebKit/537.36 (KHTML, like Gecko) Chrome/124.0.6367.207 Safari/537.36"
194.165.16.5 - - [05/Apr/2026:15:06:07 -0400] "GET /wp-admin/admin-ajax.php?action=rest-nonce HTTP/1.1" 400 1 "-" "Mozilla/5.0 (Windows NT 10.0; Win64; x64) AppleWebKit/537.36 (KHTML, like Gecko) Chrome/124.0.6367.207 Safari/537.36"
194.165.16.5 - - [05/Apr/2026:15:06:10 -0400] "GET /wp-admin/admin-ajax.php?action=rest-nonce HTTP/1.1" 400 1 "-" "Mozilla/5.0 (Windows NT 10.0; Win64; x64) AppleWebKit/537.36 (KHTML, like Gecko) Chrome/124.0.6367.207 Safari/537.36"
194.165.16.5 - - [05/Apr/2026:15:06:12 -0400] "GET /wp-admin/admin-ajax.php?action=rest-nonce HTTP/1.1" 400 1 "-" "Mozilla/5.0 (Windows NT 10.0; Win64; x64) AppleWebKit/537.36 (KHTML, like Gecko) Chrome/124.0.6367.207 Safari/537.36"
74.206.190.75 - - [05/Apr/2026:15:10:19 -0400] "GET / HTTP/1.1" 200 26066 "-" "curl/7.29.0"
92.38.176.84 - - [05/Apr/2026:15:11:28 -0400] "GET /index.php/gay-cum/bareback-male.html HTTP/1.1" 200 19649 "https://www.google.com/" "Mozilla/5.0 (Linux; U; Android 14; en-US; Infinix X678B Build/UP1A.231005.007) AppleWebKit/537.36 (KHTML, like Gecko) Version/4.0 Chrome/123.0.6312.80 UCBrowser/15.1.2.1388 Mobile Safari/537.36"
92.38.176.84 - - [05/Apr/2026:15:12:05 -0400] "GET / HTTP/1.1" 200 26066 "http://www.mentube.net/index.php/gay-cum/bareback-male.html" "Mozilla/5.0 (Linux; U; Android 14; en-US; Infinix X678B Build/UP1A.231005.007) AppleWebKit/537.36 (KHTML, like Gecko) Version/4.0 Chrome/123.0.6312.80 UCBrowser/15.1.2.1388 Mobile Safari/537.36"
92.38.176.84 - - [05/Apr/2026:15:12:22 -0400] "GET / HTTP/1.1" 200 26066 "http://www.mentube.net/index.php/gay-cum/bareback-male.html" "Mozilla/5.0 (Linux; U; Android 14; en-US; Infinix X678B Build/UP1A.231005.007) AppleWebKit/537.36 (KHTML, like Gecko) Version/4.0 Chrome/123.0.6312.80 UCBrowser/15.1.2.1388 Mobile Safari/537.36"
74.206.190.75 - - [05/Apr/2026:15:15:20 -0400] "GET / HTTP/1.1" 200 26066 "-" "curl/7.29.0"
44.209.187.99 - - [05/Apr/2026:15:16:34 -0400] "GET /index.php/category/general HTTP/1.1" 200 14842 "-" "Mozilla/5.0 AppleWebKit/537.36 (KHTML, like Gecko; compatible; Amazonbot/0.1; +https://developer.amazon.com/support/amazonbot) Chrome/119.0.6045.214 Safari/537.36"
34.227.234.246 - - [05/Apr/2026:15:16:38 -0400] "GET /index.php/sex/mahti-pisteet-tehokasta-pelaamista-suomalaisten-suosikkicasinoilla.html HTTP/1.1" 200 23911 "-" "Mozilla/5.0 AppleWebKit/537.36 (KHTML, like Gecko; compatible; Amazonbot/0.1; +https://developer.amazon.com/support/amazonbot) Chrome/119.0.6045.214 Safari/537.36"
93.177.73.234 - - [05/Apr/2026:15:18:52 -0400] "GET /wp-login.php HTTP/1.1" 200 2912 "http://www.mentube.net/" "Mozilla/5.0 (Windows NT 10.0; Win64; x64) AppleWebKit/537.36 (KHTML, like Gecko) Chrome/143.0.0.0 Safari/537.36"
93.177.73.234 - - [05/Apr/2026:15:18:53 -0400] "GET /wp-admin/images/wordpress-logo.svg?ver=20131107 HTTP/1.1" 200 1521 "http://www.mentube.net/wp-admin/css/login.min.css?ver=5.1.8" "Mozilla/5.0 (Windows NT 10.0; Win64; x64) AppleWebKit/537.36 (KHTML, like Gecko) Chrome/143.0.0.0 Safari/537.36"
66.249.66.198 - - [05/Apr/2026:15:18:58 -0400] "GET /robots.txt HTTP/1.1" 200 24 "-" "Mozilla/5.0 (compatible; Googlebot/2.1; +http://www.google.com/bot.html)"
66.249.66.76 - - [05/Apr/2026:15:18:58 -0400] "GET /index.php/gay-cum/massive-cumshot-tube.html HTTP/1.1" 200 20235 "-" "Mozilla/5.0 (Linux; Android 6.0.1; Nexus 5X Build/MMB29P) AppleWebKit/537.36 (KHTML, like Gecko) Chrome/146.0.7680.177 Mobile Safari/537.36 (compatible; Googlebot/2.1; +http://www.google.com/bot.html)"
93.177.73.234 - - [05/Apr/2026:15:19:06 -0400] "POST /wp-login.php HTTP/1.1" 302 - "http://www.mentube.net/wp-login.php" "Mozilla/5.0 (Windows NT 10.0; Win64; x64) AppleWebKit/537.36 (KHTML, like Gecko) Chrome/143.0.0.0 Safari/537.36"
93.177.73.234 - - [05/Apr/2026:15:19:06 -0400] "GET /wp-admin/ HTTP/1.1" 200 71942 "http://www.mentube.net/wp-login.php" "Mozilla/5.0 (Windows NT 10.0; Win64; x64) AppleWebKit/537.36 (KHTML, like Gecko) Chrome/143.0.0.0 Safari/537.36"
93.177.73.234 - - [05/Apr/2026:15:19:07 -0400] "GET /wp-admin/load-scripts.php?c=1&load%5B%5D=jquery-core,jquery-migrate,utils&ver=5.1.8 HTTP/1.1" 200 108792 "http://www.mentube.net/wp-admin/" "Mozilla/5.0 (Windows NT 10.0; Win64; x64) AppleWebKit/537.36 (KHTML, like Gecko) Chrome/143.0.0.0 Safari/537.36"
93.177.73.234 - - [05/Apr/2026:15:19:07 -0400] "GET /wp-admin/load-styles.php?c=1&dir=ltr&load%5B%5D=dashicons,admin-bar,common,forms,admin-menu,dashboard,list-tables,edit,revisions,media,themes,about,nav-menus,wp-pointer,widgets&load%5B%5D=,site-icon,l10n,buttons,wp-auth-check&ver=5.1.8 HTTP/1.1" 200 339095 "http://www.mentube.net/wp-admin/" "Mozilla/5.0 (Windows NT 10.0; Win64; x64) AppleWebKit/537.36 (KHTML, like Gecko) Chrome/143.0.0.0 Safari/537.36"
93.177.73.234 - - [05/Apr/2026:15:19:08 -0400] "GET /wp-admin/load-scripts.php?c=1&load%5B%5D=hoverIntent,common,admin-bar,wp-ajax-response,jquery-color,wp-lists,quicktags,jquery-query,admin-comments,jquery-ui-core,jquery-&load%5B%5D=ui-widget,jquery-ui-mouse,jquery-ui-sortable,postbox,underscore,wp-util,wp-a11y,dashboard,thickbox,plugin-install,updates,shortc&load%5B%5D=ode,media-upload,svg-painter&ver=5.1.8 HTTP/1.1" 200 201345 "http://www.mentube.net/wp-admin/" "Mozilla/5.0 (Windows NT 10.0; Win64; x64) AppleWebKit/537.36 (KHTML, like Gecko) Chrome/143.0.0.0 Safari/537.36"
93.177.73.234 - - [05/Apr/2026:15:19:09 -0400] "POST /wp-admin/admin-ajax.php HTTP/1.1" 200 96 "http://www.mentube.net/wp-admin/" "Mozilla/5.0 (Windows NT 10.0; Win64; x64) AppleWebKit/537.36 (KHTML, like Gecko) Chrome/143.0.0.0 Safari/537.36"
93.177.73.234 - - [05/Apr/2026:15:19:11 -0400] "GET /wp-admin/post-new.php HTTP/1.1" 200 136030 "http://www.mentube.net/" "Mozilla/5.0 (Windows NT 10.0; Win64; x64) AppleWebKit/537.36 (KHTML, like Gecko) Chrome/143.0.0.0 Safari/537.36"
93.177.73.234 - - [05/Apr/2026:15:19:11 -0400] "GET /wp-admin/load-styles.php?c=1&dir=ltr&load%5B%5D=media-views&ver=5.1.8 HTTP/1.1" 200 40479 "http://www.mentube.net/wp-admin/post-new.php" "Mozilla/5.0 (Windows NT 10.0; Win64; x64) AppleWebKit/537.36 (KHTML, like Gecko) Chrome/143.0.0.0 Safari/537.36"
93.177.73.234 - - [05/Apr/2026:15:19:11 -0400] "GET /wp-admin/load-scripts.php?c=1&load%5B%5D=hoverIntent,common,admin-bar&ver=5.1.8 HTTP/1.1" 200 23724 "http://www.mentube.net/wp-admin/post-new.php" "Mozilla/5.0 (Windows NT 10.0; Win64; x64) AppleWebKit/537.36 (KHTML, like Gecko) Chrome/143.0.0.0 Safari/537.36"
93.177.73.234 - - [05/Apr/2026:15:19:29 -0400] "POST /wp-admin/admin-ajax.php HTTP/1.1" 200 98 "http://www.mentube.net/wp-admin/post-new.php" "Mozilla/5.0 (Windows NT 10.0; Win64; x64) AppleWebKit/537.36 (KHTML, like Gecko) Chrome/143.0.0.0 Safari/537.36"
92.38.176.84 - - [05/Apr/2026:15:19:36 -0400] "GET /index.php/gay-cum/gay-men-cumming-2.html HTTP/1.1" 200 20219 "https://www.google.com/" "Mozilla/5.0 (Linux; U; Android 14; en-US; Infinix X678B Build/UP1A.231005.007) AppleWebKit/537.36 (KHTML, like Gecko) Version/4.0 Chrome/123.0.6312.80 UCBrowser/15.1.2.1388 Mobile Safari/537.36"
93.177.73.234 - - [05/Apr/2026:15:19:45 -0400] "POST /wp-admin/admin-ajax.php HTTP/1.1" 200 98 "http://www.mentube.net/wp-admin/post-new.php" "Mozilla/5.0 (Windows NT 10.0; Win64; x64) AppleWebKit/537.36 (KHTML, like Gecko) Chrome/143.0.0.0 Safari/537.36"
93.177.73.234 - - [05/Apr/2026:15:19:48 -0400] "POST /wp-admin/admin-ajax.php HTTP/1.1" 200 169 "http://www.mentube.net/wp-admin/post-new.php" "Mozilla/5.0 (Windows NT 10.0; Win64; x64) AppleWebKit/537.36 (KHTML, like Gecko) Chrome/143.0.0.0 Safari/537.36"
93.177.73.234 - - [05/Apr/2026:15:19:49 -0400] "POST /wp-admin/admin-ajax.php HTTP/1.1" 200 510 "http://www.mentube.net/wp-admin/post-new.php" "Mozilla/5.0 (Windows NT 10.0; Win64; x64) AppleWebKit/537.36 (KHTML, like Gecko) Chrome/143.0.0.0 Safari/537.36"
93.177.73.234 - - [05/Apr/2026:15:19:49 -0400] "POST /wp-admin/post.php HTTP/1.1" 302 - "http://www.mentube.net/wp-admin/post-new.php?wp-post-new-reload=true" "Mozilla/5.0 (Windows NT 10.0; Win64; x64) AppleWebKit/537.36 (KHTML, like Gecko) Chrome/143.0.0.0 Safari/537.36"
74.206.190.75 - - [05/Apr/2026:15:19:50 -0400] "POST /wp-cron.php?doing_wp_cron=1775416790.3064360618591308593750 HTTP/1.1" 200 - "http://www.mentube.net/wp-cron.php?doing_wp_cron=1775416790.3064360618591308593750" "WordPress/5.1.8; http://www.mentube.net"
93.177.73.234 - - [05/Apr/2026:15:19:50 -0400] "GET /wp-admin/post.php?post=792&action=edit&message=6 HTTP/1.1" 200 143537 "http://www.mentube.net/wp-admin/post-new.php?wp-post-new-reload=true" "Mozilla/5.0 (Windows NT 10.0; Win64; x64) AppleWebKit/537.36 (KHTML, like Gecko) Chrome/143.0.0.0 Safari/537.36"
93.177.73.234 - - [05/Apr/2026:15:19:51 -0400] "GET /wp-admin/load-styles.php?c=1&dir=ltr&load%5B%5D=media-views&ver=5.1.8 HTTP/1.1" 200 40479 "http://www.mentube.net/wp-admin/post.php?post=792&action=edit" "Mozilla/5.0 (Windows NT 10.0; Win64; x64) AppleWebKit/537.36 (KHTML, like Gecko) Chrome/143.0.0.0 Safari/537.36"
93.177.73.234 - - [05/Apr/2026:15:19:51 -0400] "GET /wp-admin/admin-ajax.php?action=oembed-cache&post=792 HTTP/1.1" 200 1 "http://www.mentube.net/wp-admin/post.php?post=792&action=edit" "Mozilla/5.0 (Windows NT 10.0; Win64; x64) AppleWebKit/537.36 (KHTML, like Gecko) Chrome/143.0.0.0 Safari/537.36"
168.235.203.225 - - [05/Apr/2026:15:19:54 -0400] "GET /index.php/gay-cum/gay-cumshot.html HTTP/1.1" 200 20148 "http://www.mentube.net/index.php/gay-cum/gay-men-cumming-2.html" "Mozilla/5.0 (Linux; U; Android 14; en-US; Infinix X678B Build/UP1A.231005.007) AppleWebKit/537.36 (KHTML, like Gecko) Version/4.0 Chrome/123.0.6312.80 UCBrowser/15.1.2.1388 Mobile Safari/537.36"
93.177.73.234 - - [05/Apr/2026:15:19:55 -0400] "POST /wp-admin/post.php HTTP/1.1" 302 - "http://www.mentube.net/wp-admin/post.php?post=792&action=edit" "Mozilla/5.0 (Windows NT 10.0; Win64; x64) AppleWebKit/537.36 (KHTML, like Gecko) Chrome/143.0.0.0 Safari/537.36"
74.206.190.75 - - [05/Apr/2026:15:19:56 -0400] "POST /wp-cron.php?doing_wp_cron=1775416796.1984930038452148437500 HTTP/1.1" 200 - "http://www.mentube.net/wp-cron.php?doing_wp_cron=1775416796.1984930038452148437500" "WordPress/5.1.8; http://www.mentube.net"
168.235.203.225 - - [05/Apr/2026:15:19:56 -0400] "GET /index.php/gay-cum/gay-men-cumshot-anal.html HTTP/1.1" 200 20202 "http://www.mentube.net/index.php/gay-cum/gay-men-cumming-2.html" "Mozilla/5.0 (Linux; U; Android 14; en-US; Infinix X678B Build/UP1A.231005.007) AppleWebKit/537.36 (KHTML, like Gecko) Version/4.0 Chrome/123.0.6312.80 UCBrowser/15.1.2.1388 Mobile Safari/537.36"
93.177.73.234 - - [05/Apr/2026:15:19:56 -0400] "GET /wp-admin/post.php?post=792&action=edit&message=1 HTTP/1.1" 200 143530 "http://www.mentube.net/wp-admin/post.php?post=792&action=edit" "Mozilla/5.0 (Windows NT 10.0; Win64; x64) AppleWebKit/537.36 (KHTML, like Gecko) Chrome/143.0.0.0 Safari/537.36"
168.235.203.225 - - [05/Apr/2026:15:19:56 -0400] "GET /index.php/gay-cum/gay-men-cumshot-anal.html HTTP/1.1" 200 20202 "http://www.mentube.net/index.php/gay-cum/gay-men-cumming-2.html" "Mozilla/5.0 (Linux; U; Android 14; en-US; Infinix X678B Build/UP1A.231005.007) AppleWebKit/537.36 (KHTML, like Gecko) Version/4.0 Chrome/123.0.6312.80 UCBrowser/15.1.2.1388 Mobile Safari/537.36"
93.177.73.234 - - [05/Apr/2026:15:19:56 -0400] "GET /wp-admin/admin-ajax.php?action=oembed-cache&post=792 HTTP/1.1" 200 1 "http://www.mentube.net/wp-admin/post.php?post=792&action=edit" "Mozilla/5.0 (Windows NT 10.0; Win64; x64) AppleWebKit/537.36 (KHTML, like Gecko) Chrome/143.0.0.0 Safari/537.36"
93.177.73.234 - - [05/Apr/2026:15:20:01 -0400] "GET /index.php/sex/expekt-kotiutus-opas-ja-vinkit-pelaajille.html HTTP/1.1" 200 31009 "-" "Mozilla/5.0 (Windows NT 10.0; Win64; x64) AppleWebKit/537.36 (KHTML, like Gecko) Chrome/143.0.0.0 Safari/537.36"
93.177.73.234 - - [05/Apr/2026:15:20:03 -0400] "POST /wp-admin/admin-ajax.php HTTP/1.1" 200 1 "http://www.mentube.net/wp-admin/post.php?post=792&action=edit" "Mozilla/5.0 (Windows NT 10.0; Win64; x64) AppleWebKit/537.36 (KHTML, like Gecko) Chrome/143.0.0.0 Safari/537.36"
74.206.190.75 - - [05/Apr/2026:15:20:32 -0400] "GET / HTTP/1.1" 200 26034 "-" "curl/7.29.0"
74.206.190.75 - - [05/Apr/2026:15:25:17 -0400] "GET / HTTP/1.1" 200 26034 "-" "curl/7.29.0"
213.139.63.6 - - [05/Apr/2026:15:29:24 -0400] "GET /index.php/gay-bareback/sexy-men-tube.html HTTP/1.1" 200 20141 "-" "Mozilla/5.0 (Windows NT 5.1) AppleWebKit/537.36 (KHTML, like Gecko) Chrome/41.0.2224.3 Safari/537.36"
74.206.190.75 - - [05/Apr/2026:15:30:17 -0400] "GET / HTTP/1.1" 200 26034 "-" "curl/7.29.0"
93.177.73.234 - - [05/Apr/2026:15:34:22 -0400] "GET /wp-login.php HTTP/1.1" 200 2912 "http://www.mentube.net/" "Mozilla/5.0 (Windows NT 10.0; Win64; x64) AppleWebKit/537.36 (KHTML, like Gecko) Chrome/143.0.0.0 Safari/537.36"
93.177.73.234 - - [05/Apr/2026:15:34:23 -0400] "GET /wp-admin/images/wordpress-logo.svg?ver=20131107 HTTP/1.1" 200 1521 "http://www.mentube.net/wp-admin/css/login.min.css?ver=5.1.8" "Mozilla/5.0 (Windows NT 10.0; Win64; x64) AppleWebKit/537.36 (KHTML, like Gecko) Chrome/143.0.0.0 Safari/537.36"
93.177.73.234 - - [05/Apr/2026:15:34:35 -0400] "POST /wp-login.php HTTP/1.1" 302 - "http://www.mentube.net/wp-login.php" "Mozilla/5.0 (Windows NT 10.0; Win64; x64) AppleWebKit/537.36 (KHTML, like Gecko) Chrome/143.0.0.0 Safari/537.36"
93.177.73.234 - - [05/Apr/2026:15:34:35 -0400] "GET /wp-admin/ HTTP/1.1" 200 71903 "http://www.mentube.net/wp-login.php" "Mozilla/5.0 (Windows NT 10.0; Win64; x64) AppleWebKit/537.36 (KHTML, like Gecko) Chrome/143.0.0.0 Safari/537.36"
93.177.73.234 - - [05/Apr/2026:15:34:36 -0400] "GET /wp-admin/load-styles.php?c=1&dir=ltr&load%5B%5D=dashicons,admin-bar,common,forms,admin-menu,dashboard,list-tables,edit,revisions,media,themes,about,nav-menus,wp-pointer,widgets&load%5B%5D=,site-icon,l10n,buttons,wp-auth-check&ver=5.1.8 HTTP/1.1" 200 339095 "http://www.mentube.net/wp-admin/" "Mozilla/5.0 (Windows NT 10.0; Win64; x64) AppleWebKit/537.36 (KHTML, like Gecko) Chrome/143.0.0.0 Safari/537.36"
93.177.73.234 - - [05/Apr/2026:15:34:36 -0400] "GET /wp-admin/load-scripts.php?c=1&load%5B%5D=jquery-core,jquery-migrate,utils&ver=5.1.8 HTTP/1.1" 200 108792 "http://www.mentube.net/wp-admin/" "Mozilla/5.0 (Windows NT 10.0; Win64; x64) AppleWebKit/537.36 (KHTML, like Gecko) Chrome/143.0.0.0 Safari/537.36"
93.177.73.234 - - [05/Apr/2026:15:34:37 -0400] "GET /wp-admin/load-scripts.php?c=1&load%5B%5D=hoverIntent,common,admin-bar,wp-ajax-response,jquery-color,wp-lists,quicktags,jquery-query,admin-comments,jquery-ui-core,jquery-&load%5B%5D=ui-widget,jquery-ui-mouse,jquery-ui-sortable,postbox,underscore,wp-util,wp-a11y,dashboard,thickbox,plugin-install,updates,shortc&load%5B%5D=ode,media-upload,svg-painter&ver=5.1.8 HTTP/1.1" 200 201345 "http://www.mentube.net/wp-admin/" "Mozilla/5.0 (Windows NT 10.0; Win64; x64) AppleWebKit/537.36 (KHTML, like Gecko) Chrome/143.0.0.0 Safari/537.36"
93.177.73.234 - - [05/Apr/2026:15:34:37 -0400] "POST /wp-admin/admin-ajax.php HTTP/1.1" 200 96 "http://www.mentube.net/wp-admin/" "Mozilla/5.0 (Windows NT 10.0; Win64; x64) AppleWebKit/537.36 (KHTML, like Gecko) Chrome/143.0.0.0 Safari/537.36"
93.177.73.234 - - [05/Apr/2026:15:34:40 -0400] "GET /wp-admin/post-new.php HTTP/1.1" 200 136030 "http://www.mentube.net/" "Mozilla/5.0 (Windows NT 10.0; Win64; x64) AppleWebKit/537.36 (KHTML, like Gecko) Chrome/143.0.0.0 Safari/537.36"
93.177.73.234 - - [05/Apr/2026:15:34:41 -0400] "GET /wp-admin/load-styles.php?c=1&dir=ltr&load%5B%5D=media-views&ver=5.1.8 HTTP/1.1" 200 40479 "http://www.mentube.net/wp-admin/post-new.php" "Mozilla/5.0 (Windows NT 10.0; Win64; x64) AppleWebKit/537.36 (KHTML, like Gecko) Chrome/143.0.0.0 Safari/537.36"
93.177.73.234 - - [05/Apr/2026:15:34:41 -0400] "GET /wp-admin/load-scripts.php?c=1&load%5B%5D=hoverIntent,common,admin-bar&ver=5.1.8 HTTP/1.1" 200 23724 "http://www.mentube.net/wp-admin/post-new.php" "Mozilla/5.0 (Windows NT 10.0; Win64; x64) AppleWebKit/537.36 (KHTML, like Gecko) Chrome/143.0.0.0 Safari/537.36"
93.177.73.234 - - [05/Apr/2026:15:34:58 -0400] "POST /wp-admin/admin-ajax.php HTTP/1.1" 200 98 "http://www.mentube.net/wp-admin/post-new.php" "Mozilla/5.0 (Windows NT 10.0; Win64; x64) AppleWebKit/537.36 (KHTML, like Gecko) Chrome/143.0.0.0 Safari/537.36"
93.177.73.234 - - [05/Apr/2026:15:35:09 -0400] "POST /wp-admin/admin-ajax.php HTTP/1.1" 200 169 "http://www.mentube.net/wp-admin/post-new.php" "Mozilla/5.0 (Windows NT 10.0; Win64; x64) AppleWebKit/537.36 (KHTML, like Gecko) Chrome/143.0.0.0 Safari/537.36"
93.177.73.234 - - [05/Apr/2026:15:35:09 -0400] "POST /wp-admin/admin-ajax.php HTTP/1.1" 200 505 "http://www.mentube.net/wp-admin/post-new.php?wp-post-new-reload=true" "Mozilla/5.0 (Windows NT 10.0; Win64; x64) AppleWebKit/537.36 (KHTML, like Gecko) Chrome/143.0.0.0 Safari/537.36"
93.177.73.234 - - [05/Apr/2026:15:35:13 -0400] "POST /wp-admin/post.php HTTP/1.1" 302 - "http://www.mentube.net/wp-admin/post-new.php?wp-post-new-reload=true&wp-post-new-reload=true" "Mozilla/5.0 (Windows NT 10.0; Win64; x64) AppleWebKit/537.36 (KHTML, like Gecko) Chrome/143.0.0.0 Safari/537.36"
74.206.190.75 - - [05/Apr/2026:15:35:14 -0400] "POST /wp-cron.php?doing_wp_cron=1775417714.3539550304412841796875 HTTP/1.1" 200 - "http://www.mentube.net/wp-cron.php?doing_wp_cron=1775417714.3539550304412841796875" "WordPress/5.1.8; http://www.mentube.net"
93.177.73.234 - - [05/Apr/2026:15:35:14 -0400] "GET /wp-admin/post.php?post=794&action=edit&message=6 HTTP/1.1" 200 142029 "http://www.mentube.net/wp-admin/post-new.php?wp-post-new-reload=true&wp-post-new-reload=true" "Mozilla/5.0 (Windows NT 10.0; Win64; x64) AppleWebKit/537.36 (KHTML, like Gecko) Chrome/143.0.0.0 Safari/537.36"
93.177.73.234 - - [05/Apr/2026:15:35:15 -0400] "GET /wp-admin/load-styles.php?c=1&dir=ltr&load%5B%5D=media-views&ver=5.1.8 HTTP/1.1" 200 40479 "http://www.mentube.net/wp-admin/post.php?post=794&action=edit" "Mozilla/5.0 (Windows NT 10.0; Win64; x64) AppleWebKit/537.36 (KHTML, like Gecko) Chrome/143.0.0.0 Safari/537.36"
93.177.73.234 - - [05/Apr/2026:15:35:15 -0400] "GET /wp-admin/admin-ajax.php?action=oembed-cache&post=794 HTTP/1.1" 200 1 "http://www.mentube.net/wp-admin/post.php?post=794&action=edit" "Mozilla/5.0 (Windows NT 10.0; Win64; x64) AppleWebKit/537.36 (KHTML, like Gecko) Chrome/143.0.0.0 Safari/537.36"
93.177.73.234 - - [05/Apr/2026:15:35:17 -0400] "GET /index.php/sex/nitro-casino-kirjaudu-expert-article.html HTTP/1.1" 200 29823 "-" "Mozilla/5.0 (Windows NT 10.0; Win64; x64) AppleWebKit/537.36 (KHTML, like Gecko) Chrome/143.0.0.0 Safari/537.36"
93.177.73.234 - - [05/Apr/2026:15:35:18 -0400] "POST /wp-admin/admin-ajax.php HTTP/1.1" 200 1 "http://www.mentube.net/wp-admin/post.php?post=794&action=edit" "Mozilla/5.0 (Windows NT 10.0; Win64; x64) AppleWebKit/537.36 (KHTML, like Gecko) Chrome/143.0.0.0 Safari/537.36"
74.206.190.75 - - [05/Apr/2026:15:35:22 -0400] "GET / HTTP/1.1" 200 25937 "-" "curl/7.29.0"
74.206.190.75 - - [05/Apr/2026:15:40:27 -0400] "GET / HTTP/1.1" 200 25937 "-" "curl/7.29.0"
74.206.190.75 - - [05/Apr/2026:15:45:20 -0400] "GET / HTTP/1.1" 200 25937 "-" "curl/7.29.0"
74.206.190.75 - - [05/Apr/2026:15:50:20 -0400] "GET / HTTP/1.1" 200 25937 "-" "curl/7.29.0"
141.94.194.132 - - [05/Apr/2026:15:53:00 -0400] "GET /index.php/category/sex/feed HTTP/1.1" 200 80564 "-" "Mozilla/5.0 (X11; Linux i686) AppleWebKit/537.36 (KHTML, like Gecko) Chrome/30.0.1599.66 Safari/537.36"
5.135.23.77 - - [05/Apr/2026:15:53:01 -0400] "GET /index.php/sex/ibet-bonus-ilmaiskierrokset-ja-muut-bonukset.html HTTP/1.1" 200 24114 "-" "Mozilla/5.0 (Macintosh; Intel Mac OS X 10_14_1) AppleWebKit/537.36 (KHTML, like Gecko) Chrome/71.0.3578.62 Safari/537.36"
178.32.164.15 - - [05/Apr/2026:15:53:03 -0400] "GET /index.php/sex/expekt-kotiutus-opas-ja-vinkit-pelaajille.html HTTP/1.1" 200 23657 "-" "Mozilla/5.0 (Macintosh; Intel Mac OS X 10_14_1) AppleWebKit/537.36 (KHTML, like Gecko) Chrome/71.0.3578.62 Safari/537.36"
178.33.168.208 - - [05/Apr/2026:15:53:05 -0400] "GET /index.php/sex/nitro-casino-kirjaudu-expert-article.html HTTP/1.1" 200 22474 "-" "Mozilla/5.0 (Macintosh; Intel Mac OS X 10_14_1) AppleWebKit/537.36 (KHTML, like Gecko) Chrome/71.0.3578.62 Safari/537.36"
74.206.190.75 - - [05/Apr/2026:15:55:19 -0400] "GET / HTTP/1.1" 200 25937 "-" "curl/7.29.0"
74.206.190.75 - - [05/Apr/2026:16:00:34 -0400] "GET / HTTP/1.1" 200 25937 "-" "curl/7.29.0"
74.206.190.75 - - [05/Apr/2026:16:01:51 -0400] "POST /wp-cron.php?doing_wp_cron=1775419311.4435489177703857421875 HTTP/1.1" 200 - "http://www.mentube.net/wp-cron.php?doing_wp_cron=1775419311.4435489177703857421875" "WordPress/5.1.8; http://www.mentube.net"
57.141.6.22 - - [05/Apr/2026:16:01:51 -0400] "GET / HTTP/1.1" 200 25937 "-" "meta-externalagent/1.1 (+https://developers.facebook.com/docs/sharing/webmasters/crawler)"
57.141.6.47 - - [05/Apr/2026:16:02:10 -0400] "GET /index.php/sex/expekt-kotiutus-opas-ja-vinkit-pelaajille.html HTTP/1.1" 200 23657 "-" "meta-externalagent/1.1 (+https://developers.facebook.com/docs/sharing/webmasters/crawler)"
57.141.6.46 - - [05/Apr/2026:16:02:12 -0400] "GET /index.php/sex/nitro-casino-kirjaudu-expert-article.html HTTP/1.1" 200 22474 "-" "meta-externalagent/1.1 (+https://developers.facebook.com/docs/sharing/webmasters/crawler)"
57.141.6.18 - - [05/Apr/2026:16:02:14 -0400] "GET /index.php/sex/ibet-bonus-ilmaiskierrokset-ja-muut-bonukset.html HTTP/1.1" 200 24114 "-" "meta-externalagent/1.1 (+https://developers.facebook.com/docs/sharing/webmasters/crawler)"
57.141.6.46 - - [05/Apr/2026:16:02:16 -0400] "GET /index.php/page/11 HTTP/1.1" 200 12799 "-" "meta-externalagent/1.1 (+https://developers.facebook.com/docs/sharing/webmasters/crawler)"
57.141.6.26 - - [05/Apr/2026:16:02:25 -0400] "GET /index.php/wp-json/oembed/1.0/embed?url=http%3A%2F%2Fwww.mentube.net%2Findex.php%2Fsex%2Fexpekt-kotiutus-opas-ja-vinkit-pelaajille.html HTTP/1.1" 200 2418 "-" "meta-externalagent/1.1 (+https://developers.facebook.com/docs/sharing/webmasters/crawler)"
57.141.6.6 - - [05/Apr/2026:16:02:26 -0400] "GET /index.php/wp-json/oembed/1.0/embed?url=http%3A%2F%2Fwww.mentube.net%2Findex.php%2Fsex%2Fnitro-casino-kirjaudu-expert-article.html HTTP/1.1" 200 2393 "-" "meta-externalagent/1.1 (+https://developers.facebook.com/docs/sharing/webmasters/crawler)"
57.141.6.48 - - [05/Apr/2026:16:02:28 -0400] "GET /?p=792 HTTP/1.1" 301 - "-" "meta-externalagent/1.1 (+https://developers.facebook.com/docs/sharing/webmasters/crawler)"
57.141.6.68 - - [05/Apr/2026:16:02:30 -0400] "GET /?p=794 HTTP/1.1" 301 - "-" "meta-externalagent/1.1 (+https://developers.facebook.com/docs/sharing/webmasters/crawler)"
57.141.6.15 - - [05/Apr/2026:16:02:32 -0400] "GET /index.php/wp-json/oembed/1.0/embed?url=http%3A%2F%2Fwww.mentube.net%2Findex.php%2Fsex%2Fibet-bonus-ilmaiskierrokset-ja-muut-bonukset.html HTTP/1.1" 200 2448 "-" "meta-externalagent/1.1 (+https://developers.facebook.com/docs/sharing/webmasters/crawler)"
57.141.6.13 - - [05/Apr/2026:16:02:33 -0400] "GET /?p=790 HTTP/1.1" 301 - "-" "meta-externalagent/1.1 (+https://developers.facebook.com/docs/sharing/webmasters/crawler)"
74.206.190.75 - - [05/Apr/2026:16:05:19 -0400] "GET / HTTP/1.1" 200 25937 "-" "curl/7.29.0"
93.177.73.234 - - [05/Apr/2026:16:08:28 -0400] "GET /wp-login.php HTTP/1.1" 200 2912 "http://www.mentube.net/" "Mozilla/5.0 (Windows NT 10.0; Win64; x64) AppleWebKit/537.36 (KHTML, like Gecko) Chrome/142.0.0.0 Safari/537.36"
