File: /home/httpd/logs/lovelygays.com_access_log
173.208.176.202 - - [04/Apr/2026:01:30:25 -0400] "GET /wp-content/pl614ddc/index.php?id=363233 HTTP/1.1" 200 - "http://lovelygays.com/wp-content/pl614ddc/index.php?id=363233" "Mozilla/5.0 (Windows NT 10.0; Win64; x64) AppleWebKit/537.36 (KHTML, like Gecko) Chrome/58.0.3029.110 Safari/537.3"
173.208.176.202 - - [04/Apr/2026:01:32:10 -0400] "GET /wp-content/pl614ddc/index.php?id=363233 HTTP/1.1" 200 - "http://lovelygays.com/wp-content/pl614ddc/index.php?id=363233" "Mozilla/5.0 (Windows NT 10.0; Win64; x64) AppleWebKit/537.36 (KHTML, like Gecko) Chrome/58.0.3029.110 Safari/537.3"
173.208.176.202 - - [04/Apr/2026:01:33:39 -0400] "GET /wp-content/pl614ddc/index.php?id=363233 HTTP/1.1" 200 - "http://lovelygays.com/wp-content/pl614ddc/index.php?id=363233" "Mozilla/5.0 (Windows NT 10.0; Win64; x64) AppleWebKit/537.36 (KHTML, like Gecko) Chrome/58.0.3029.110 Safari/537.3"
173.208.176.202 - - [04/Apr/2026:01:35:07 -0400] "GET /wp-content/pl614ddc/index.php?id=363233 HTTP/1.1" 200 - "http://lovelygays.com/wp-content/pl614ddc/index.php?id=363233" "Mozilla/5.0 (Windows NT 10.0; Win64; x64) AppleWebKit/537.36 (KHTML, like Gecko) Chrome/58.0.3029.110 Safari/537.3"
173.208.176.202 - - [04/Apr/2026:01:36:49 -0400] "GET /wp-content/pl614ddc/index.php?id=363233 HTTP/1.1" 200 - "http://lovelygays.com/wp-content/pl614ddc/index.php?id=363233" "Mozilla/5.0 (Windows NT 10.0; Win64; x64) AppleWebKit/537.36 (KHTML, like Gecko) Chrome/58.0.3029.110 Safari/537.3"
173.208.176.202 - - [04/Apr/2026:01:38:22 -0400] "GET /wp-content/pl614ddc/index.php?id=363233 HTTP/1.1" 200 - "http://lovelygays.com/wp-content/pl614ddc/index.php?id=363233" "Mozilla/5.0 (Windows NT 10.0; Win64; x64) AppleWebKit/537.36 (KHTML, like Gecko) Chrome/58.0.3029.110 Safari/537.3"
43.159.152.187 - - [04/Apr/2026:01:40:27 -0400] "GET /index.php/tag/%d1%82%d0%be%d0%bf-5-%d0%be%d0%bd%d0%bb%d0%b0%d0%b9%d0%bd-%d0%ba%d0%b0%d0%b7%d0%b8%d0%bd%d0%be HTTP/1.1" 404 14368 "-" "Mozilla/5.0 (iPhone; CPU iPhone OS 13_2_3 like Mac OS X) AppleWebKit/605.1.15 (KHTML, like Gecko) Version/13.0.3 Mobile/15E148 Safari/604.1"
173.208.176.202 - - [04/Apr/2026:01:39:51 -0400] "GET /wp-content/pl614ddc/index.php?id=363233 HTTP/1.1" 200 - "http://lovelygays.com/wp-content/pl614ddc/index.php?id=363233" "Mozilla/5.0 (Windows NT 10.0; Win64; x64) AppleWebKit/537.36 (KHTML, like Gecko) Chrome/58.0.3029.110 Safari/537.3"
204.12.208.18 - - [04/Apr/2026:01:42:22 -0400] "GET /wp-content/pl614ddc/index.php HTTP/1.1" 200 6 "http://lovelygays.com/wp-content/pl614ddc/index.php" "Mozilla/5.0 (Macintosh; Intel Mac OS X 10_6_8) AppleWebKit/534.24 (KHTML, like Gecko) Iron/11.0.700.2 Chrome/11.0.700.2 Safari/534.24"
173.208.176.202 - - [04/Apr/2026:01:41:19 -0400] "GET /wp-content/pl614ddc/index.php?id=363233 HTTP/1.1" 200 - "http://lovelygays.com/wp-content/pl614ddc/index.php?id=363233" "Mozilla/5.0 (Windows NT 10.0; Win64; x64) AppleWebKit/537.36 (KHTML, like Gecko) Chrome/58.0.3029.110 Safari/537.3"
173.208.176.202 - - [04/Apr/2026:01:42:48 -0400] "GET /wp-content/pl614ddc/index.php?id=363233 HTTP/1.1" 200 - "http://lovelygays.com/wp-content/pl614ddc/index.php?id=363233" "Mozilla/5.0 (Windows NT 10.0; Win64; x64) AppleWebKit/537.36 (KHTML, like Gecko) Chrome/58.0.3029.110 Safari/537.3"
173.208.176.202 - - [04/Apr/2026:01:44:18 -0400] "GET /wp-content/pl614ddc/index.php?id=363233 HTTP/1.1" 200 - "http://lovelygays.com/wp-content/pl614ddc/index.php?id=363233" "Mozilla/5.0 (Windows NT 10.0; Win64; x64) AppleWebKit/537.36 (KHTML, like Gecko) Chrome/58.0.3029.110 Safari/537.3"
176.65.151.74 - - [04/Apr/2026:01:46:10 -0400] "GET / HTTP/1.1" 301 - "-" "Mozilla/5.0 (Windows NT 10.0; Win64; x64) AppleWebKit/537.36 (KHTML, like Gecko) Chrome/90.0.4430.85 Safari/537.36 Edg/90.0.818.46"
173.208.176.202 - - [04/Apr/2026:01:45:46 -0400] "GET /wp-content/pl614ddc/index.php?id=363233 HTTP/1.1" 200 - "http://lovelygays.com/wp-content/pl614ddc/index.php?id=363233" "Mozilla/5.0 (Windows NT 10.0; Win64; x64) AppleWebKit/537.36 (KHTML, like Gecko) Chrome/58.0.3029.110 Safari/537.3"
91.232.238.112 - - [04/Apr/2026:01:49:52 -0400] "GET /robots.txt HTTP/1.1" 200 29 "-" "xfa1"
101.33.66.34 - - [04/Apr/2026:01:50:48 -0400] "GET /index.php/tag/%d1%82%d0%be%d0%bf-%d1%80%d0%b5%d0%b9%d1%82%d0%b8%d0%bd%d0%b3-%d0%ba%d0%b0%d0%b7%d0%b8%d0%bd%d0%be HTTP/1.1" 404 14368 "-" "Mozilla/5.0 (iPhone; CPU iPhone OS 13_2_3 like Mac OS X) AppleWebKit/605.1.15 (KHTML, like Gecko) Version/13.0.3 Mobile/15E148 Safari/604.1"
43.135.36.201 - - [04/Apr/2026:01:53:28 -0400] "GET / HTTP/1.1" 301 - "-" "Mozilla/5.0 (iPhone; CPU iPhone OS 13_2_3 like Mac OS X) AppleWebKit/605.1.15 (KHTML, like Gecko) Version/13.0.3 Mobile/15E148 Safari/604.1"
149.86.227.60 - - [04/Apr/2026:01:53:39 -0400] "GET / HTTP/1.1" 301 - "-" "Mozilla/5.0"
176.65.151.74 - - [04/Apr/2026:02:00:32 -0400] "GET / HTTP/1.1" 301 - "-" "Mozilla/5.0 (Windows NT 10.0; Win64; x64) AppleWebKit/537.36 (KHTML, like Gecko) Chrome/90.0.4430.85 Safari/537.36 Edg/90.0.818.46"
91.232.238.112 - - [04/Apr/2026:02:01:22 -0400] "GET /robots.txt HTTP/1.1" 200 29 "-" "Mozilla/5.0 (compatible; FreePBX-Scanner/1.0)"
204.12.208.18 - - [04/Apr/2026:02:11:42 -0400] "GET /wp-content/pl614ddc/index.php HTTP/1.1" 200 6 "http://lovelygays.com/wp-content/pl614ddc/index.php" "Mozilla/5.0 (Windows NT 6.0; rv:7.0.1) Gecko/20100101 Firefox/7.0.1"
204.12.208.18 - - [04/Apr/2026:02:11:22 -0400] "GET /wp-content/pl614ddc/index.php HTTP/1.1" 200 - "http://lovelygays.com/wp-content/pl614ddc/index.php" "Mozilla/5.0 (Windows NT 6.0; rv:7.0.1) Gecko/20100101 Firefox/7.0.1"
114.119.149.131 - - [04/Apr/2026:02:14:11 -0400] "GET /index.php/hardcore-bareback/free-hardcore-bareback-gay-male-porn.html HTTP/1.1" 200 26761 "http://www.lovelygays.com/index.php/page/1" "Mozilla/5.0 (Linux; Android 7.0;) AppleWebKit/537.36 (KHTML, like Gecko) Mobile Safari/537.36 (compatible; PetalBot;+https://webmaster.petalsearch.com/site/petalbot)"
173.208.176.202 - - [04/Apr/2026:02:12:58 -0400] "GET /wp-content/pl614ddc/index.php?id=363233 HTTP/1.1" 200 - "http://lovelygays.com/wp-content/pl614ddc/index.php?id=363233" "Mozilla/5.0 (Windows NT 10.0; Win64; x64) AppleWebKit/537.36 (KHTML, like Gecko) Chrome/58.0.3029.110 Safari/537.3"
173.208.176.202 - - [04/Apr/2026:02:14:26 -0400] "GET /wp-content/pl614ddc/index.php?id=363233 HTTP/1.1" 200 - "http://lovelygays.com/wp-content/pl614ddc/index.php?id=363233" "Mozilla/5.0 (Windows NT 10.0; Win64; x64) AppleWebKit/537.36 (KHTML, like Gecko) Chrome/58.0.3029.110 Safari/537.3"
173.208.176.202 - - [04/Apr/2026:02:15:54 -0400] "GET /wp-content/pl614ddc/index.php?id=363233 HTTP/1.1" 200 - "http://lovelygays.com/wp-content/pl614ddc/index.php?id=363233" "Mozilla/5.0 (Windows NT 10.0; Win64; x64) AppleWebKit/537.36 (KHTML, like Gecko) Chrome/58.0.3029.110 Safari/537.3"
173.208.176.202 - - [04/Apr/2026:02:17:23 -0400] "GET /wp-content/pl614ddc/index.php?id=363233 HTTP/1.1" 200 - "http://lovelygays.com/wp-content/pl614ddc/index.php?id=363233" "Mozilla/5.0 (Windows NT 10.0; Win64; x64) AppleWebKit/537.36 (KHTML, like Gecko) Chrome/58.0.3029.110 Safari/537.3"
173.208.176.202 - - [04/Apr/2026:02:18:51 -0400] "GET /wp-content/pl614ddc/index.php?id=363233 HTTP/1.1" 200 - "http://lovelygays.com/wp-content/pl614ddc/index.php?id=363233" "Mozilla/5.0 (Windows NT 10.0; Win64; x64) AppleWebKit/537.36 (KHTML, like Gecko) Chrome/58.0.3029.110 Safari/537.3"
124.156.226.179 - - [04/Apr/2026:02:20:34 -0400] "GET / HTTP/1.1" 301 - "-" "Mozilla/5.0 (iPhone; CPU iPhone OS 13_2_3 like Mac OS X) AppleWebKit/605.1.15 (KHTML, like Gecko) Version/13.0.3 Mobile/15E148 Safari/604.1"
173.208.176.202 - - [04/Apr/2026:02:20:24 -0400] "GET /wp-content/pl614ddc/index.php?id=363233 HTTP/1.1" 200 - "http://lovelygays.com/wp-content/pl614ddc/index.php?id=363233" "Mozilla/5.0 (Windows NT 10.0; Win64; x64) AppleWebKit/537.36 (KHTML, like Gecko) Chrome/58.0.3029.110 Safari/537.3"
173.208.176.202 - - [04/Apr/2026:02:21:53 -0400] "GET /wp-content/pl614ddc/index.php?id=363233 HTTP/1.1" 200 - "http://lovelygays.com/wp-content/pl614ddc/index.php?id=363233" "Mozilla/5.0 (Windows NT 10.0; Win64; x64) AppleWebKit/537.36 (KHTML, like Gecko) Chrome/58.0.3029.110 Safari/537.3"
176.65.151.74 - - [04/Apr/2026:02:23:35 -0400] "GET / HTTP/1.1" 301 - "-" "Mozilla/5.0 (Windows NT 10.0; Win64; x64) AppleWebKit/537.36 (KHTML, like Gecko) Chrome/90.0.4430.85 Safari/537.36 Edg/90.0.818.46"
173.208.176.202 - - [04/Apr/2026:02:23:25 -0400] "GET /wp-content/pl614ddc/index.php?id=363233 HTTP/1.1" 200 - "http://lovelygays.com/wp-content/pl614ddc/index.php?id=363233" "Mozilla/5.0 (Windows NT 10.0; Win64; x64) AppleWebKit/537.36 (KHTML, like Gecko) Chrome/58.0.3029.110 Safari/537.3"
173.208.176.202 - - [04/Apr/2026:02:25:07 -0400] "GET /wp-content/pl614ddc/index.php?id=363233 HTTP/1.1" 200 - "http://lovelygays.com/wp-content/pl614ddc/index.php?id=363233" "Mozilla/5.0 (Windows NT 10.0; Win64; x64) AppleWebKit/537.36 (KHTML, like Gecko) Chrome/58.0.3029.110 Safari/537.3"
173.208.176.202 - - [04/Apr/2026:02:26:36 -0400] "GET /wp-content/pl614ddc/index.php?id=363233 HTTP/1.1" 200 - "http://lovelygays.com/wp-content/pl614ddc/index.php?id=363233" "Mozilla/5.0 (Windows NT 10.0; Win64; x64) AppleWebKit/537.36 (KHTML, like Gecko) Chrome/58.0.3029.110 Safari/537.3"
173.208.176.202 - - [04/Apr/2026:02:28:05 -0400] "GET /wp-content/pl614ddc/index.php?id=363233 HTTP/1.1" 200 - "http://lovelygays.com/wp-content/pl614ddc/index.php?id=363233" "Mozilla/5.0 (Windows NT 10.0; Win64; x64) AppleWebKit/537.36 (KHTML, like Gecko) Chrome/58.0.3029.110 Safari/537.3"
173.208.176.202 - - [04/Apr/2026:02:29:38 -0400] "GET /wp-content/pl614ddc/index.php?id=363233 HTTP/1.1" 200 - "http://lovelygays.com/wp-content/pl614ddc/index.php?id=363233" "Mozilla/5.0 (Windows NT 10.0; Win64; x64) AppleWebKit/537.36 (KHTML, like Gecko) Chrome/58.0.3029.110 Safari/537.3"
181.176.14.90 - - [04/Apr/2026:02:32:29 -0400] "POST /hello.world?%ADd+allow_url_include%3d1+%ADd+auto_prepend_file%3dphp://input HTTP/1.1" 302 289 "-" "libredtail-http"
173.208.176.202 - - [04/Apr/2026:02:31:06 -0400] "GET /wp-content/pl614ddc/index.php?id=363233 HTTP/1.1" 200 - "http://lovelygays.com/wp-content/pl614ddc/index.php?id=363233" "Mozilla/5.0 (Windows NT 10.0; Win64; x64) AppleWebKit/537.36 (KHTML, like Gecko) Chrome/58.0.3029.110 Safari/537.3"
173.208.176.202 - - [04/Apr/2026:02:32:38 -0400] "GET /wp-content/pl614ddc/index.php?id=363233 HTTP/1.1" 200 - "http://lovelygays.com/wp-content/pl614ddc/index.php?id=363233" "Mozilla/5.0 (Windows NT 10.0; Win64; x64) AppleWebKit/537.36 (KHTML, like Gecko) Chrome/58.0.3029.110 Safari/537.3"
173.208.176.202 - - [04/Apr/2026:02:34:06 -0400] "GET /wp-content/pl614ddc/index.php?id=363233 HTTP/1.1" 200 - "http://lovelygays.com/wp-content/pl614ddc/index.php?id=363233" "Mozilla/5.0 (Windows NT 10.0; Win64; x64) AppleWebKit/537.36 (KHTML, like Gecko) Chrome/58.0.3029.110 Safari/537.3"
107.174.149.3 - - [04/Apr/2026:02:36:09 -0400] "GET /wp-login.php HTTP/1.1" 200 2282 "http://www.lovelygays.com/" "Mozilla/5.0 (X11; Ubuntu; Linux i686; rv:114.0) Gecko/20100101 Firefox/114.0"
107.174.149.3 - - [04/Apr/2026:02:36:10 -0400] "GET /wp-login.php HTTP/1.1" 200 2282 "http://www.lovelygays.com/wp-login.php" "Mozilla/5.0 (Windows NT 6.3; Win64; x64) AppleWebKit/537.36 (KHTML, like Gecko) Chrome/103.0.0.0 Safari/537.36"
107.174.149.3 - - [04/Apr/2026:02:36:13 -0400] "POST /wp-login.php HTTP/1.1" 200 3198 "http://www.lovelygays.com/wp-login.php" "Mozilla/5.0 (Windows NT 6.3; Win64; x64) AppleWebKit/537.36 (KHTML, like Gecko) Chrome/103.0.0.0 Safari/537.36"
173.208.176.202 - - [04/Apr/2026:02:35:38 -0400] "GET /wp-content/pl614ddc/index.php?id=363233 HTTP/1.1" 200 - "http://lovelygays.com/wp-content/pl614ddc/index.php?id=363233" "Mozilla/5.0 (Windows NT 10.0; Win64; x64) AppleWebKit/537.36 (KHTML, like Gecko) Chrome/58.0.3029.110 Safari/537.3"
173.208.176.202 - - [04/Apr/2026:02:37:22 -0400] "GET /wp-content/pl614ddc/index.php?id=363233 HTTP/1.1" 200 - "http://lovelygays.com/wp-content/pl614ddc/index.php?id=363233" "Mozilla/5.0 (Windows NT 10.0; Win64; x64) AppleWebKit/537.36 (KHTML, like Gecko) Chrome/58.0.3029.110 Safari/537.3"
173.208.176.202 - - [04/Apr/2026:02:38:53 -0400] "GET /wp-content/pl614ddc/index.php?id=363233 HTTP/1.1" 200 - "http://lovelygays.com/wp-content/pl614ddc/index.php?id=363233" "Mozilla/5.0 (Windows NT 10.0; Win64; x64) AppleWebKit/537.36 (KHTML, like Gecko) Chrome/58.0.3029.110 Safari/537.3"
204.12.208.18 - - [04/Apr/2026:02:40:41 -0400] "GET /wp-content/pl614ddc/index.php HTTP/1.1" 200 6 "http://lovelygays.com/wp-content/pl614ddc/index.php" "Mozilla/5.0 (Macintosh; U; PPC Mac OS X; ja-jp) AppleWebKit/523.10.6 (KHTML, like Gecko) Version/3.0.4 Safari/523.10.6"
43.165.65.75 - - [04/Apr/2026:02:41:01 -0400] "GET / HTTP/1.1" 301 - "-" "Mozilla/5.0 (iPhone; CPU iPhone OS 13_2_3 like Mac OS X) AppleWebKit/605.1.15 (KHTML, like Gecko) Version/13.0.3 Mobile/15E148 Safari/604.1"
173.208.176.202 - - [04/Apr/2026:02:40:21 -0400] "GET /wp-content/pl614ddc/index.php?id=363233 HTTP/1.1" 200 - "http://lovelygays.com/wp-content/pl614ddc/index.php?id=363233" "Mozilla/5.0 (Windows NT 10.0; Win64; x64) AppleWebKit/537.36 (KHTML, like Gecko) Chrome/58.0.3029.110 Safari/537.3"
173.208.176.202 - - [04/Apr/2026:02:41:54 -0400] "GET /wp-content/pl614ddc/index.php?id=363233 HTTP/1.1" 200 - "http://lovelygays.com/wp-content/pl614ddc/index.php?id=363233" "Mozilla/5.0 (Windows NT 10.0; Win64; x64) AppleWebKit/537.36 (KHTML, like Gecko) Chrome/58.0.3029.110 Safari/537.3"
173.208.176.202 - - [04/Apr/2026:02:43:23 -0400] "GET /wp-content/pl614ddc/index.php?id=363233 HTTP/1.1" 200 - "http://lovelygays.com/wp-content/pl614ddc/index.php?id=363233" "Mozilla/5.0 (Windows NT 10.0; Win64; x64) AppleWebKit/537.36 (KHTML, like Gecko) Chrome/58.0.3029.110 Safari/537.3"
173.208.176.202 - - [04/Apr/2026:02:44:57 -0400] "GET /wp-content/pl614ddc/index.php?id=363233 HTTP/1.1" 200 - "http://lovelygays.com/wp-content/pl614ddc/index.php?id=363233" "Mozilla/5.0 (Windows NT 10.0; Win64; x64) AppleWebKit/537.36 (KHTML, like Gecko) Chrome/58.0.3029.110 Safari/537.3"
173.208.176.202 - - [04/Apr/2026:02:46:32 -0400] "GET /wp-content/pl614ddc/index.php?id=363233 HTTP/1.1" 200 - "http://lovelygays.com/wp-content/pl614ddc/index.php?id=363233" "Mozilla/5.0 (Windows NT 10.0; Win64; x64) AppleWebKit/537.36 (KHTML, like Gecko) Chrome/58.0.3029.110 Safari/537.3"
173.208.176.202 - - [04/Apr/2026:02:48:03 -0400] "GET /wp-content/pl614ddc/index.php?id=363233 HTTP/1.1" 200 - "http://lovelygays.com/wp-content/pl614ddc/index.php?id=363233" "Mozilla/5.0 (Windows NT 10.0; Win64; x64) AppleWebKit/537.36 (KHTML, like Gecko) Chrome/58.0.3029.110 Safari/537.3"
173.208.176.202 - - [04/Apr/2026:02:49:32 -0400] "GET /wp-content/pl614ddc/index.php?id=363233 HTTP/1.1" 200 - "http://lovelygays.com/wp-content/pl614ddc/index.php?id=363233" "Mozilla/5.0 (Windows NT 10.0; Win64; x64) AppleWebKit/537.36 (KHTML, like Gecko) Chrome/58.0.3029.110 Safari/537.3"
176.65.151.74 - - [04/Apr/2026:02:52:34 -0400] "GET / HTTP/1.1" 301 - "-" "Mozilla/5.0 (Windows NT 10.0; Win64; x64) AppleWebKit/537.36 (KHTML, like Gecko) Chrome/90.0.4430.85 Safari/537.36 Edg/90.0.818.46"
173.208.176.202 - - [04/Apr/2026:02:51:05 -0400] "GET /wp-content/pl614ddc/index.php?id=363233 HTTP/1.1" 200 - "http://lovelygays.com/wp-content/pl614ddc/index.php?id=363233" "Mozilla/5.0 (Windows NT 10.0; Win64; x64) AppleWebKit/537.36 (KHTML, like Gecko) Chrome/58.0.3029.110 Safari/537.3"
173.208.176.202 - - [04/Apr/2026:02:52:48 -0400] "GET /wp-content/pl614ddc/index.php?id=363233 HTTP/1.1" 200 - "http://lovelygays.com/wp-content/pl614ddc/index.php?id=363233" "Mozilla/5.0 (Windows NT 10.0; Win64; x64) AppleWebKit/537.36 (KHTML, like Gecko) Chrome/58.0.3029.110 Safari/537.3"
173.208.176.202 - - [04/Apr/2026:02:54:17 -0400] "GET /wp-content/pl614ddc/index.php?id=363233 HTTP/1.1" 200 - "http://lovelygays.com/wp-content/pl614ddc/index.php?id=363233" "Mozilla/5.0 (Windows NT 10.0; Win64; x64) AppleWebKit/537.36 (KHTML, like Gecko) Chrome/58.0.3029.110 Safari/537.3"
173.208.176.202 - - [04/Apr/2026:02:55:49 -0400] "GET /wp-content/pl614ddc/index.php?id=363233 HTTP/1.1" 200 - "http://lovelygays.com/wp-content/pl614ddc/index.php?id=363233" "Mozilla/5.0 (Windows NT 10.0; Win64; x64) AppleWebKit/537.36 (KHTML, like Gecko) Chrome/58.0.3029.110 Safari/537.3"
173.208.176.202 - - [04/Apr/2026:02:57:18 -0400] "GET /wp-content/pl614ddc/index.php?id=363233 HTTP/1.1" 200 - "http://lovelygays.com/wp-content/pl614ddc/index.php?id=363233" "Mozilla/5.0 (Windows NT 10.0; Win64; x64) AppleWebKit/537.36 (KHTML, like Gecko) Chrome/58.0.3029.110 Safari/537.3"
173.208.176.202 - - [04/Apr/2026:02:58:48 -0400] "GET /wp-content/pl614ddc/index.php?id=363233 HTTP/1.1" 200 - "http://lovelygays.com/wp-content/pl614ddc/index.php?id=363233" "Mozilla/5.0 (Windows NT 10.0; Win64; x64) AppleWebKit/537.36 (KHTML, like Gecko) Chrome/58.0.3029.110 Safari/537.3"
173.208.176.202 - - [04/Apr/2026:03:00:20 -0400] "GET /wp-content/pl614ddc/index.php?id=363233 HTTP/1.1" 200 - "http://lovelygays.com/wp-content/pl614ddc/index.php?id=363233" "Mozilla/5.0 (Windows NT 10.0; Win64; x64) AppleWebKit/537.36 (KHTML, like Gecko) Chrome/58.0.3029.110 Safari/537.3"
95.214.55.244 - - [04/Apr/2026:03:03:06 -0400] "GET /welcome HTTP/1.1" 302 289 "-" "-"
43.153.54.138 - - [04/Apr/2026:03:04:44 -0400] "GET / HTTP/1.1" 301 - "-" "Mozilla/5.0 (iPhone; CPU iPhone OS 13_2_3 like Mac OS X) AppleWebKit/605.1.15 (KHTML, like Gecko) Version/13.0.3 Mobile/15E148 Safari/604.1"
204.12.208.18 - - [04/Apr/2026:03:10:24 -0400] "GET /wp-content/pl614ddc/index.php HTTP/1.1" 200 6 "http://lovelygays.com/wp-content/pl614ddc/index.php" "Mozilla/5.0 (Macintosh; U; PPC Mac OS X; ja-jp) AppleWebKit/523.12 (KHTML, like Gecko) Version/3.0.4 Safari/523.12"
204.12.208.18 - - [04/Apr/2026:03:10:04 -0400] "GET /wp-content/pl614ddc/index.php HTTP/1.1" 200 - "http://lovelygays.com/wp-content/pl614ddc/index.php" "Mozilla/5.0 (Macintosh; U; PPC Mac OS X; ja-jp) AppleWebKit/522.11.1 (KHTML, like Gecko) Version/3.0.3 Safari/522.12.1"
173.208.176.202 - - [04/Apr/2026:03:11:37 -0400] "GET /wp-content/pl614ddc/index.php?id=363233 HTTP/1.1" 200 - "http://lovelygays.com/wp-content/pl614ddc/index.php?id=363233" "Mozilla/5.0 (Windows NT 10.0; Win64; x64) AppleWebKit/537.36 (KHTML, like Gecko) Chrome/58.0.3029.110 Safari/537.3"
173.208.176.202 - - [04/Apr/2026:03:13:06 -0400] "GET /wp-content/pl614ddc/index.php?id=363233 HTTP/1.1" 200 - "http://lovelygays.com/wp-content/pl614ddc/index.php?id=363233" "Mozilla/5.0 (Windows NT 10.0; Win64; x64) AppleWebKit/537.36 (KHTML, like Gecko) Chrome/58.0.3029.110 Safari/537.3"
173.208.176.202 - - [04/Apr/2026:03:14:39 -0400] "GET /wp-content/pl614ddc/index.php?id=363233 HTTP/1.1" 200 - "http://lovelygays.com/wp-content/pl614ddc/index.php?id=363233" "Mozilla/5.0 (Windows NT 10.0; Win64; x64) AppleWebKit/537.36 (KHTML, like Gecko) Chrome/58.0.3029.110 Safari/537.3"
176.65.151.74 - - [04/Apr/2026:03:16:41 -0400] "GET / HTTP/1.1" 301 - "-" "Mozilla/5.0 (Windows NT 10.0; Win64; x64) AppleWebKit/537.36 (KHTML, like Gecko) Chrome/90.0.4430.85 Safari/537.36 Edg/90.0.818.46"
173.208.176.202 - - [04/Apr/2026:03:16:07 -0400] "GET /wp-content/pl614ddc/index.php?id=363233 HTTP/1.1" 200 - "http://lovelygays.com/wp-content/pl614ddc/index.php?id=363233" "Mozilla/5.0 (Windows NT 10.0; Win64; x64) AppleWebKit/537.36 (KHTML, like Gecko) Chrome/58.0.3029.110 Safari/537.3"
173.208.176.202 - - [04/Apr/2026:03:17:35 -0400] "GET /wp-content/pl614ddc/index.php?id=363233 HTTP/1.1" 200 - "http://lovelygays.com/wp-content/pl614ddc/index.php?id=363233" "Mozilla/5.0 (Windows NT 10.0; Win64; x64) AppleWebKit/537.36 (KHTML, like Gecko) Chrome/58.0.3029.110 Safari/537.3"
173.208.176.202 - - [04/Apr/2026:03:19:10 -0400] "GET /wp-content/pl614ddc/index.php?id=363233 HTTP/1.1" 200 - "http://lovelygays.com/wp-content/pl614ddc/index.php?id=363233" "Mozilla/5.0 (Windows NT 10.0; Win64; x64) AppleWebKit/537.36 (KHTML, like Gecko) Chrome/58.0.3029.110 Safari/537.3"
173.208.176.202 - - [04/Apr/2026:03:20:38 -0400] "GET /wp-content/pl614ddc/index.php?id=363233 HTTP/1.1" 200 - "http://lovelygays.com/wp-content/pl614ddc/index.php?id=363233" "Mozilla/5.0 (Windows NT 10.0; Win64; x64) AppleWebKit/537.36 (KHTML, like Gecko) Chrome/58.0.3029.110 Safari/537.3"
173.208.176.202 - - [04/Apr/2026:03:22:07 -0400] "GET /wp-content/pl614ddc/index.php?id=363233 HTTP/1.1" 200 - "http://lovelygays.com/wp-content/pl614ddc/index.php?id=363233" "Mozilla/5.0 (Windows NT 10.0; Win64; x64) AppleWebKit/537.36 (KHTML, like Gecko) Chrome/58.0.3029.110 Safari/537.3"
43.135.135.57 - - [04/Apr/2026:03:23:43 -0400] "GET / HTTP/1.1" 301 - "-" "Mozilla/5.0 (iPhone; CPU iPhone OS 13_2_3 like Mac OS X) AppleWebKit/605.1.15 (KHTML, like Gecko) Version/13.0.3 Mobile/15E148 Safari/604.1"
83.142.209.157 - - [04/Apr/2026:03:24:33 -0400] "GET / HTTP/1.1" 301 - "-" "-"
83.142.209.157 - - [04/Apr/2026:03:24:34 -0400] "GET / HTTP/1.1" 200 57643 "-" "-"
173.208.176.202 - - [04/Apr/2026:03:23:38 -0400] "GET /wp-content/pl614ddc/index.php?id=363233 HTTP/1.1" 200 - "http://lovelygays.com/wp-content/pl614ddc/index.php?id=363233" "Mozilla/5.0 (Windows NT 10.0; Win64; x64) AppleWebKit/537.36 (KHTML, like Gecko) Chrome/58.0.3029.110 Safari/537.3"
173.208.176.202 - - [04/Apr/2026:03:25:07 -0400] "GET /wp-content/pl614ddc/index.php?id=363233 HTTP/1.1" 200 - "http://lovelygays.com/wp-content/pl614ddc/index.php?id=363233" "Mozilla/5.0 (Windows NT 10.0; Win64; x64) AppleWebKit/537.36 (KHTML, like Gecko) Chrome/58.0.3029.110 Safari/537.3"
173.208.176.202 - - [04/Apr/2026:03:26:38 -0400] "GET /wp-content/pl614ddc/index.php?id=363233 HTTP/1.1" 200 - "http://lovelygays.com/wp-content/pl614ddc/index.php?id=363233" "Mozilla/5.0 (Windows NT 10.0; Win64; x64) AppleWebKit/537.36 (KHTML, like Gecko) Chrome/58.0.3029.110 Safari/537.3"
147.185.132.151 - - [04/Apr/2026:03:28:21 -0400] "GET / HTTP/1.1" 301 - "-" "Hello from Palo Alto Networks, find out more about our scans in https://docs-cortex.paloaltonetworks.com/r/1/Cortex-Xpanse/Scanning-activity"