216.73.216.134 - - [03/Apr/2026:15:48:23 -0400] "GET /index.php/category/hardcore-amateur HTTP/1.1" 200 18142 "-" "Mozilla/5.0 AppleWebKit/537.36 (KHTML, like Gecko; compatible; ClaudeBot/1.0; +claudebot@anthropic.com)"
216.73.216.134 - - [03/Apr/2026:15:48:56 -0400] "GET /index.php/hardcore-blonde/hardcore-alexis-texas.html HTTP/1.1" 200 25338 "-" "Mozilla/5.0 AppleWebKit/537.36 (KHTML, like Gecko; compatible; ClaudeBot/1.0; +claudebot@anthropic.com)"
216.73.216.134 - - [03/Apr/2026:15:49:59 -0400] "GET /index.php/category/hardcore-blonde HTTP/1.1" 200 23873 "-" "Mozilla/5.0 AppleWebKit/537.36 (KHTML, like Gecko; compatible; ClaudeBot/1.0; +claudebot@anthropic.com)"
216.73.216.134 - - [03/Apr/2026:15:50:35 -0400] "GET /index.php/page/2 HTTP/1.1" 200 23369 "-" "Mozilla/5.0 AppleWebKit/537.36 (KHTML, like Gecko; compatible; ClaudeBot/1.0; +claudebot@anthropic.com)"
194.88.98.87 - - [03/Apr/2026:15:51:53 -0400] "GET / HTTP/1.1" 301 - "-" "Mozilla/5.0 (compatible; Infrawatch/1.0; +https://infrawat.ch/)"
36.150.60.24 - - [03/Apr/2026:15:53:26 -0400] "GET / HTTP/1.1" 301 - "-" "Mozilla/5.0 (Macintosh; Intel Mac OS X 10_11) AppleWebKit/601.1.27 (KHTML, like Gecko) Chrome/47.0.2526.106 Safari/601.1.27"
36.150.60.24 - - [03/Apr/2026:15:54:16 -0400] "GET / HTTP/1.1" 301 - "-" "Mozilla/5.0 (Macintosh; U; PPC; en-US; rv:1.2a) Gecko/20020910"
106.63.26.141 - - [03/Apr/2026:15:55:20 -0400] "GET / HTTP/1.1" 301 - "-" "Mozilla/5.0 (Macintosh; Intel Mac OS X 10_15_7) AppleWebKit/537.36 (KHTML, like Gecko) Chrome/120.0.0.0 Safari/537.36 Edg/120.0.0.0"
106.63.26.7 - - [03/Apr/2026:15:55:32 -0400] "GET / HTTP/1.1" 200 26913 "http://hardercopy.com/" "Mozilla/5.0 (Macintosh; Intel Mac OS X 10_15_7) AppleWebKit/537.36 (KHTML, like Gecko) Chrome/120.0.0.0 Safari/537.36 Edg/120.0.0.0"
106.63.26.27 - - [03/Apr/2026:15:55:39 -0400] "GET /robots.txt HTTP/1.1" 200 24 "-" "Mozilla/5.0 (Macintosh; Intel Mac OS X 10_15_7) AppleWebKit/537.36 (KHTML, like Gecko) Chrome/120.0.0.0 Safari/537.36 Edg/120.0.0.0"
106.63.26.27 - - [03/Apr/2026:15:55:43 -0400] "GET /config.json HTTP/1.1" 302 290 "-" "Mozilla/5.0 (Macintosh; Intel Mac OS X 10_7_0) AppleWebKit/535.11 (KHTML, like Gecko) Chrome/17.0.963.56 Safari/535.11"
106.63.26.28 - - [03/Apr/2026:15:58:28 -0400] "GET /wp-content/themes/tubetheme-2017-v3-filled/readme.txt HTTP/1.1" 302 290 "-" "Mozilla/5.0 (Windows 95; ro-RO; rv:1.9.0.20) Gecko/3753-02-08 23:56:08.428947 Firefox/3.8"
4.204.222.235 - - [03/Apr/2026:15:58:59 -0400] "GET //wp-content/plugins/fix/up.php HTTP/1.1" 302 294 "-" "Mozilla/5.0 (Windows NT 10.0; Win64; x64) AppleWebKit/537.36 (KHTML, like Gecko) Chrome/85.0.4183.102 Safari/537.36"
176.65.151.74 - - [03/Apr/2026:16:01:38 -0400] "GET / HTTP/1.1" 301 - "-" "Mozilla/5.0 (Windows NT 10.0; Win64; x64) AppleWebKit/537.36 (KHTML, like Gecko) Chrome/90.0.4430.85 Safari/537.36 Edg/90.0.818.46"
49.51.180.2 - - [03/Apr/2026:16:03:31 -0400] "GET / HTTP/1.1" 301 - "-" "Mozilla/5.0 (iPhone; CPU iPhone OS 13_2_3 like Mac OS X) AppleWebKit/605.1.15 (KHTML, like Gecko) Version/13.0.3 Mobile/15E148 Safari/604.1"
52.55.58.190 - - [03/Apr/2026:16:09:10 -0400] "GET /robots.txt HTTP/1.1" 200 24 "-" "Mozilla/5.0 (Macintosh; Intel Mac OS X 10_10_1) AppleWebKit/600.2.5 (KHTML, like Gecko) Version/8.0.2 Safari/600.2.5 (Gort)"
176.65.151.74 - - [03/Apr/2026:16:24:28 -0400] "GET / HTTP/1.1" 301 - "-" "Mozilla/5.0 (Windows NT 10.0; Win64; x64) AppleWebKit/537.36 (KHTML, like Gecko) Chrome/90.0.4430.85 Safari/537.36 Edg/90.0.818.46"
182.119.226.215 - - [03/Apr/2026:16:26:55 -0400] "GET / HTTP/1.1" 301 - "-" "Mozilla/5.0 (Windows NT 6.1) AppleWebKit/537.36 (KHTML, like Gecko) Chrome/49.0.2623.112 Safari/537.36"
106.63.26.149 - - [03/Apr/2026:16:27:02 -0400] "GET / HTTP/1.1" 301 - "-" "Mozilla/5.0 (Macintosh; Intel Mac OS X 10_15_7) AppleWebKit/537.36 (KHTML, like Gecko) Chrome/120.0.0.0 Safari/537.36 Edg/120.0.0.0"
209.38.89.236 - - [03/Apr/2026:16:31:13 -0400] "GET /.git/config HTTP/1.1" 302 289 "-" "Mozilla/5.0 (X11; Linux x86_64) AppleWebKit/537.36 (KHTML, like Gecko) Chrome/81.0.4044.129 Safari/537.36"
216.244.66.196 - - [03/Apr/2026:16:34:10 -0400] "GET /robots.txt HTTP/1.1" 302 294 "-" "Mozilla/5.0 (compatible; DotBot/1.2; +https://opensiteexplorer.org/dotbot; help@moz.com)"
216.244.66.196 - - [03/Apr/2026:16:48:40 -0400] "GET /index.php/category/hardcore-teen/feed HTTP/1.1" 302 294 "-" "Mozilla/5.0 (compatible; DotBot/1.2; +https://opensiteexplorer.org/dotbot; help@moz.com)"
216.244.66.196 - - [03/Apr/2026:16:48:44 -0400] "GET /index.php/hardcore-blonde/hardcore-alexis-texas.html/feed HTTP/1.1" 302 294 "-" "Mozilla/5.0 (compatible; DotBot/1.2; +https://opensiteexplorer.org/dotbot; help@moz.com)"
176.65.151.74 - - [03/Apr/2026:16:51:51 -0400] "GET / HTTP/1.1" 301 - "-" "Mozilla/5.0 (Windows NT 10.0; Win64; x64) AppleWebKit/537.36 (KHTML, like Gecko) Chrome/90.0.4430.85 Safari/537.36 Edg/90.0.818.46"
209.38.89.236 - - [03/Apr/2026:16:58:41 -0400] "GET /.git/config HTTP/1.1" 302 289 "-" "Mozilla/5.0 (X11; Linux x86_64) AppleWebKit/537.36 (KHTML, like Gecko) Chrome/81.0.4044.129 Safari/537.36"
20.9.50.25 - - [03/Apr/2026:16:59:03 -0400] "GET //wp-content/plugins/fix/up.php HTTP/1.1" 302 294 "-" "Mozilla/5.0 (Windows NT 10.0; Win64; x64) AppleWebKit/537.36 (KHTML, like Gecko) Chrome/85.0.4183.102 Safari/537.36"
20.9.50.25 - - [03/Apr/2026:16:59:18 -0400] "GET //wp-content/plugins/fix/up.php HTTP/1.1" 302 294 "-" "Mozilla/5.0 (Windows NT 10.0; Win64; x64) AppleWebKit/537.36 (KHTML, like Gecko) Chrome/85.0.4183.102 Safari/537.36"
209.38.89.236 - - [03/Apr/2026:17:02:56 -0400] "GET /.git/config HTTP/1.1" 302 289 "-" "Mozilla/5.0 (X11; Linux x86_64) AppleWebKit/537.36 (KHTML, like Gecko) Chrome/81.0.4044.129 Safari/537.36"
43.130.16.140 - - [03/Apr/2026:17:05:22 -0400] "GET / HTTP/1.1" 301 - "-" "Mozilla/5.0 (iPhone; CPU iPhone OS 13_2_3 like Mac OS X) AppleWebKit/605.1.15 (KHTML, like Gecko) Version/13.0.3 Mobile/15E148 Safari/604.1"
216.73.216.134 - - [03/Apr/2026:17:05:31 -0400] "GET /robots.txt HTTP/1.1" 200 24 "-" "Mozilla/5.0 AppleWebKit/537.36 (KHTML, like Gecko; compatible; ClaudeBot/1.0; +claudebot@anthropic.com)"
74.206.190.67 - - [03/Apr/2026:17:05:31 -0400] "POST /wp-cron.php?doing_wp_cron=1775250331.8882009983062744140625 HTTP/1.1" 200 - "-" "WordPress/3.6.1; http://www.hardercopy.com"
216.73.216.134 - - [03/Apr/2026:17:05:31 -0400] "GET /index.php/feed HTTP/1.1" 200 11760 "-" "Mozilla/5.0 AppleWebKit/537.36 (KHTML, like Gecko; compatible; ClaudeBot/1.0; +claudebot@anthropic.com)"
216.73.216.134 - - [03/Apr/2026:17:05:33 -0400] "GET /xmlrpc.php HTTP/1.1" 302 294 "-" "Mozilla/5.0 AppleWebKit/537.36 (KHTML, like Gecko; compatible; ClaudeBot/1.0; +claudebot@anthropic.com)"
216.73.216.134 - - [03/Apr/2026:17:06:02 -0400] "GET /index.php/hardcore-blonde/shawna-lenee-hardcore.html HTTP/1.1" 200 25181 "-" "Mozilla/5.0 AppleWebKit/537.36 (KHTML, like Gecko; compatible; ClaudeBot/1.0; +claudebot@anthropic.com)"
216.73.216.134 - - [03/Apr/2026:17:06:03 -0400] "GET /index.php/category/hardcore-blonde/feed HTTP/1.1" 200 12164 "-" "Mozilla/5.0 AppleWebKit/537.36 (KHTML, like Gecko; compatible; ClaudeBot/1.0; +claudebot@anthropic.com)"
74.206.190.67 - - [03/Apr/2026:17:06:46 -0400] "POST /wp-cron.php?doing_wp_cron=1775250406.4151070117950439453125 HTTP/1.1" 200 - "-" "WordPress/3.6.1; http://www.hardercopy.com"
216.73.216.134 - - [03/Apr/2026:17:06:46 -0400] "GET /index.php/category/hardcore-brunette HTTP/1.1" 200 20935 "-" "Mozilla/5.0 AppleWebKit/537.36 (KHTML, like Gecko; compatible; ClaudeBot/1.0; +claudebot@anthropic.com)"
216.73.216.134 - - [03/Apr/2026:17:06:48 -0400] "GET /index.php/tag/hardcore-porn HTTP/1.1" 200 27036 "-" "Mozilla/5.0 AppleWebKit/537.36 (KHTML, like Gecko; compatible; ClaudeBot/1.0; +claudebot@anthropic.com)"
216.73.216.134 - - [03/Apr/2026:17:06:49 -0400] "GET /index.php/hardcore-blonde/nikki-james-hardcore.html HTTP/1.1" 200 25250 "-" "Mozilla/5.0 AppleWebKit/537.36 (KHTML, like Gecko; compatible; ClaudeBot/1.0; +claudebot@anthropic.com)"
216.73.216.134 - - [03/Apr/2026:17:06:49 -0400] "GET /index.php/tag/hardcore-anal HTTP/1.1" 200 27036 "-" "Mozilla/5.0 AppleWebKit/537.36 (KHTML, like Gecko; compatible; ClaudeBot/1.0; +claudebot@anthropic.com)"
216.73.216.134 - - [03/Apr/2026:17:07:11 -0400] "GET /index.php/hardcore-blonde/eden-adams.html HTTP/1.1" 200 25267 "-" "Mozilla/5.0 AppleWebKit/537.36 (KHTML, like Gecko; compatible; ClaudeBot/1.0; +claudebot@anthropic.com)"
216.73.216.134 - - [03/Apr/2026:17:07:12 -0400] "GET /index.php/tag/paris-gables HTTP/1.1" 200 16679 "-" "Mozilla/5.0 AppleWebKit/537.36 (KHTML, like Gecko; compatible; ClaudeBot/1.0; +claudebot@anthropic.com)"
216.73.216.134 - - [03/Apr/2026:17:07:43 -0400] "GET /index.php/hardcore-blonde/hardcore-alexis-texas.html HTTP/1.1" 200 25338 "-" "Mozilla/5.0 AppleWebKit/537.36 (KHTML, like Gecko; compatible; ClaudeBot/1.0; +claudebot@anthropic.com)"
216.73.216.134 - - [03/Apr/2026:17:07:44 -0400] "GET /index.php/tag/xxx HTTP/1.1" 200 26976 "-" "Mozilla/5.0 AppleWebKit/537.36 (KHTML, like Gecko; compatible; ClaudeBot/1.0; +claudebot@anthropic.com)"
216.73.216.134 - - [03/Apr/2026:17:08:14 -0400] "GET /index.php/category/hardcore-amateur HTTP/1.1" 200 18142 "-" "Mozilla/5.0 AppleWebKit/537.36 (KHTML, like Gecko; compatible; ClaudeBot/1.0; +claudebot@anthropic.com)"
216.73.216.134 - - [03/Apr/2026:17:08:16 -0400] "GET /index.php/tag/hardcore-fuck HTTP/1.1" 200 27036 "-" "Mozilla/5.0 AppleWebKit/537.36 (KHTML, like Gecko; compatible; ClaudeBot/1.0; +claudebot@anthropic.com)"
216.73.216.134 - - [03/Apr/2026:17:08:20 -0400] "GET /index.php/tag/hardcore-fucking HTTP/1.1" 200 27054 "-" "Mozilla/5.0 AppleWebKit/537.36 (KHTML, like Gecko; compatible; ClaudeBot/1.0; +claudebot@anthropic.com)"
216.73.216.134 - - [03/Apr/2026:17:08:21 -0400] "GET /index.php/hardcore-brunette/hardcore-missy-stone.html HTTP/1.1" 200 22948 "-" "Mozilla/5.0 AppleWebKit/537.36 (KHTML, like Gecko; compatible; ClaudeBot/1.0; +claudebot@anthropic.com)"
216.73.216.134 - - [03/Apr/2026:17:09:12 -0400] "GET /index.php/tag/hardcore-sex HTTP/1.1" 200 27030 "-" "Mozilla/5.0 AppleWebKit/537.36 (KHTML, like Gecko; compatible; ClaudeBot/1.0; +claudebot@anthropic.com)"
216.73.216.134 - - [03/Apr/2026:17:09:12 -0400] "GET /index.php/tag/hardcore-tube HTTP/1.1" 200 27036 "-" "Mozilla/5.0 AppleWebKit/537.36 (KHTML, like Gecko; compatible; ClaudeBot/1.0; +claudebot@anthropic.com)"
216.73.216.134 - - [03/Apr/2026:17:09:28 -0400] "GET /?p=76 HTTP/1.1" 301 - "-" "Mozilla/5.0 AppleWebKit/537.36 (KHTML, like Gecko; compatible; ClaudeBot/1.0; +claudebot@anthropic.com)"
216.73.216.134 - - [03/Apr/2026:17:09:29 -0400] "GET /index.php/hardcore-blonde/shawna-lenee-hardcore.html HTTP/1.1" 200 25181 "http://www.hardercopy.com/?p=76" "Mozilla/5.0 AppleWebKit/537.36 (KHTML, like Gecko; compatible; ClaudeBot/1.0; +claudebot@anthropic.com)"
216.73.216.134 - - [03/Apr/2026:17:09:30 -0400] "GET /index.php/hardcore-brunette/virgin-tube.html HTTP/1.1" 200 22921 "-" "Mozilla/5.0 AppleWebKit/537.36 (KHTML, like Gecko; compatible; ClaudeBot/1.0; +claudebot@anthropic.com)"
216.73.216.134 - - [03/Apr/2026:17:09:40 -0400] "GET /?p=85 HTTP/1.1" 301 - "-" "Mozilla/5.0 AppleWebKit/537.36 (KHTML, like Gecko; compatible; ClaudeBot/1.0; +claudebot@anthropic.com)"
216.73.216.134 - - [03/Apr/2026:17:09:40 -0400] "GET /index.php/hardcore-blonde/hardcore-tube.html HTTP/1.1" 200 25167 "http://www.hardercopy.com/?p=85" "Mozilla/5.0 AppleWebKit/537.36 (KHTML, like Gecko; compatible; ClaudeBot/1.0; +claudebot@anthropic.com)"
216.73.216.134 - - [03/Apr/2026:17:09:42 -0400] "GET /?p=89 HTTP/1.1" 301 - "-" "Mozilla/5.0 AppleWebKit/537.36 (KHTML, like Gecko; compatible; ClaudeBot/1.0; +claudebot@anthropic.com)"
216.73.216.134 - - [03/Apr/2026:17:09:42 -0400] "GET /index.php/hardcore-brunette/hardcore-threesome.html HTTP/1.1" 200 22513 "http://www.hardercopy.com/?p=89" "Mozilla/5.0 AppleWebKit/537.36 (KHTML, like Gecko; compatible; ClaudeBot/1.0; +claudebot@anthropic.com)"
216.73.216.134 - - [03/Apr/2026:17:10:07 -0400] "GET /?p=49 HTTP/1.1" 301 - "-" "Mozilla/5.0 AppleWebKit/537.36 (KHTML, like Gecko; compatible; ClaudeBot/1.0; +claudebot@anthropic.com)"
216.73.216.134 - - [03/Apr/2026:17:10:07 -0400] "GET /index.php/hardcore-blonde/paris-gables.html HTTP/1.1" 200 25244 "http://www.hardercopy.com/?p=49" "Mozilla/5.0 AppleWebKit/537.36 (KHTML, like Gecko; compatible; ClaudeBot/1.0; +claudebot@anthropic.com)"
216.73.216.134 - - [03/Apr/2026:17:10:08 -0400] "GET /index.php/hardcore-teen/kates-playground-hardcore.html HTTP/1.1" 200 23527 "-" "Mozilla/5.0 AppleWebKit/537.36 (KHTML, like Gecko; compatible; ClaudeBot/1.0; +claudebot@anthropic.com)"
205.210.31.32 - - [03/Apr/2026:17:10:22 -0400] "GET /wp-login.php HTTP/1.1" 301 - "-" "Hello from Palo Alto Networks, find out more about our scans in https://docs-cortex.paloaltonetworks.com/r/1/Cortex-Xpanse/Scanning-activity"
216.73.216.134 - - [03/Apr/2026:17:10:28 -0400] "GET /?p=99 HTTP/1.1" 301 - "-" "Mozilla/5.0 AppleWebKit/537.36 (KHTML, like Gecko; compatible; ClaudeBot/1.0; +claudebot@anthropic.com)"
216.73.216.134 - - [03/Apr/2026:17:10:28 -0400] "GET /index.php/hardcore-blonde/hardcore-alexis-texas.html HTTP/1.1" 200 25338 "http://www.hardercopy.com/?p=99" "Mozilla/5.0 AppleWebKit/537.36 (KHTML, like Gecko; compatible; ClaudeBot/1.0; +claudebot@anthropic.com)"
216.73.216.134 - - [03/Apr/2026:17:10:28 -0400] "GET /index.php/hardcore-movies/codi-carmichael-hardcore-tube.html HTTP/1.1" 200 25915 "-" "Mozilla/5.0 AppleWebKit/537.36 (KHTML, like Gecko; compatible; ClaudeBot/1.0; +claudebot@anthropic.com)"
216.73.216.134 - - [03/Apr/2026:17:10:50 -0400] "GET /index.php/category/hardcore-teen HTTP/1.1" 200 21031 "-" "Mozilla/5.0 AppleWebKit/537.36 (KHTML, like Gecko; compatible; ClaudeBot/1.0; +claudebot@anthropic.com)"
216.73.216.134 - - [03/Apr/2026:17:10:53 -0400] "GET /index.php/hardcore-blonde/cheerleader-tube.html HTTP/1.1" 200 25465 "-" "Mozilla/5.0 AppleWebKit/537.36 (KHTML, like Gecko; compatible; ClaudeBot/1.0; +claudebot@anthropic.com)"
216.73.216.134 - - [03/Apr/2026:17:11:09 -0400] "GET /index.php/hardcore-brunette/hardcore-porn-tube.html HTTP/1.1" 200 22519 "-" "Mozilla/5.0 AppleWebKit/537.36 (KHTML, like Gecko; compatible; ClaudeBot/1.0; +claudebot@anthropic.com)"
216.73.216.134 - - [03/Apr/2026:17:11:46 -0400] "GET /index.php/category/hardcore-movies HTTP/1.1" 200 18150 "-" "Mozilla/5.0 AppleWebKit/537.36 (KHTML, like Gecko; compatible; ClaudeBot/1.0; +claudebot@anthropic.com)"
216.73.216.134 - - [03/Apr/2026:17:11:49 -0400] "GET /?p=106 HTTP/1.1" 301 - "-" "Mozilla/5.0 AppleWebKit/537.36 (KHTML, like Gecko; compatible; ClaudeBot/1.0; +claudebot@anthropic.com)"
216.73.216.134 - - [03/Apr/2026:17:11:49 -0400] "GET /index.php/hardcore-brunette/hardcore-brunette.html HTTP/1.1" 200 22467 "http://www.hardercopy.com/?p=106" "Mozilla/5.0 AppleWebKit/537.36 (KHTML, like Gecko; compatible; ClaudeBot/1.0; +claudebot@anthropic.com)"
216.73.216.134 - - [03/Apr/2026:17:12:31 -0400] "GET /index.php/hardcore-teen/southern-brooke.html HTTP/1.1" 200 23792 "-" "Mozilla/5.0 AppleWebKit/537.36 (KHTML, like Gecko; compatible; ClaudeBot/1.0; +claudebot@anthropic.com)"
216.73.216.134 - - [03/Apr/2026:17:12:37 -0400] "GET /index.php/hardcore-brunette/london-keys-tube.html HTTP/1.1" 200 22394 "-" "Mozilla/5.0 AppleWebKit/537.36 (KHTML, like Gecko; compatible; ClaudeBot/1.0; +claudebot@anthropic.com)"
216.73.216.134 - - [03/Apr/2026:17:13:08 -0400] "GET /index.php/hardcore-movies/hardcore-virgin-tube.html HTTP/1.1" 200 20277 "-" "Mozilla/5.0 AppleWebKit/537.36 (KHTML, like Gecko; compatible; ClaudeBot/1.0; +claudebot@anthropic.com)"
216.73.216.134 - - [03/Apr/2026:17:13:14 -0400] "GET /index.php/hardcore-blonde/hardcore-sex-tube.html HTTP/1.1" 200 25376 "-" "Mozilla/5.0 AppleWebKit/537.36 (KHTML, like Gecko; compatible; ClaudeBot/1.0; +claudebot@anthropic.com)"
111.172.249.49 - - [03/Apr/2026:17:13:23 -0400] "GET / HTTP/1.1" 301 - "-" "Mozilla/5.0 (iPhone; CPU iPhone OS 13_2_3 like Mac OS X) AppleWebKit/605.1.15 (KHTML, like Gecko) Version/13.0.3 Mobile/15E148 Safari/604.1"
111.172.249.49 - - [03/Apr/2026:17:13:25 -0400] "GET / HTTP/1.1" 200 26913 "http://hardercopy.com" "Mozilla/5.0 (iPhone; CPU iPhone OS 13_2_3 like Mac OS X) AppleWebKit/605.1.15 (KHTML, like Gecko) Version/13.0.3 Mobile/15E148 Safari/604.1"
216.73.216.134 - - [03/Apr/2026:17:13:53 -0400] "GET /index.php/hardcore-blonde/blonde-pornstar-hardcore-sex.html HTTP/1.1" 200 25426 "-" "Mozilla/5.0 AppleWebKit/537.36 (KHTML, like Gecko; compatible; ClaudeBot/1.0; +claudebot@anthropic.com)"
216.73.216.134 - - [03/Apr/2026:17:13:55 -0400] "GET /index.php/hardcore-amateur/ex-girlfriend-hardcore-tube.html HTTP/1.1" 200 20978 "-" "Mozilla/5.0 AppleWebKit/537.36 (KHTML, like Gecko; compatible; ClaudeBot/1.0; +claudebot@anthropic.com)"
216.73.216.134 - - [03/Apr/2026:17:14:30 -0400] "GET /index.php/hardcore-teen/young-tube-sex.html HTTP/1.1" 200 26953 "-" "Mozilla/5.0 AppleWebKit/537.36 (KHTML, like Gecko; compatible; ClaudeBot/1.0; +claudebot@anthropic.com)"
216.73.216.134 - - [03/Apr/2026:17:14:35 -0400] "GET /index.php/hardcore-movies/school-girl-tube.html HTTP/1.1" 200 26955 "-" "Mozilla/5.0 AppleWebKit/537.36 (KHTML, like Gecko; compatible; ClaudeBot/1.0; +claudebot@anthropic.com)"
216.73.216.134 - - [03/Apr/2026:17:15:09 -0400] "GET /index.php/category/hardcore-blonde HTTP/1.1" 200 23873 "-" "Mozilla/5.0 AppleWebKit/537.36 (KHTML, like Gecko; compatible; ClaudeBot/1.0; +claudebot@anthropic.com)"
216.73.216.134 - - [03/Apr/2026:17:15:10 -0400] "GET /index.php/page/1 HTTP/1.1" 200 26913 "-" "Mozilla/5.0 AppleWebKit/537.36 (KHTML, like Gecko; compatible; ClaudeBot/1.0; +claudebot@anthropic.com)"
176.65.151.74 - - [03/Apr/2026:17:16:17 -0400] "GET / HTTP/1.1" 301 - "-" "Mozilla/5.0 (Windows NT 10.0; Win64; x64) AppleWebKit/537.36 (KHTML, like Gecko) Chrome/90.0.4430.85 Safari/537.36 Edg/90.0.818.46"
216.73.216.134 - - [03/Apr/2026:17:17:54 -0400] "GET /index.php/hardcore-teen/amber-rayne-tube.html HTTP/1.1" 200 23325 "-" "Mozilla/5.0 AppleWebKit/537.36 (KHTML, like Gecko; compatible; ClaudeBot/1.0; +claudebot@anthropic.com)"
216.73.216.134 - - [03/Apr/2026:17:21:54 -0400] "GET /index.php/category/hardcore-amateur/feed HTTP/1.1" 200 4427 "-" "Mozilla/5.0 AppleWebKit/537.36 (KHTML, like Gecko; compatible; ClaudeBot/1.0; +claudebot@anthropic.com)"
114.119.155.55 - - [03/Apr/2026:17:23:30 -0400] "GET /index.php/hardcore-brunette/hardcore-threesome.html HTTP/1.1" 200 22513 "http://www.hardercopy.com/index.php/tag/hardcore-anal/" "Mozilla/5.0 (Linux; Android 7.0;) AppleWebKit/537.36 (KHTML, like Gecko) Mobile Safari/537.36 (compatible; PetalBot;+https://webmaster.petalsearch.com/site/petalbot)"
162.62.213.187 - - [03/Apr/2026:17:30:39 -0400] "GET / HTTP/1.1" 301 - "-" "Mozilla/5.0 (iPhone; CPU iPhone OS 13_2_3 like Mac OS X) AppleWebKit/605.1.15 (KHTML, like Gecko) Version/13.0.3 Mobile/15E148 Safari/604.1"
107.174.109.139 - - [03/Apr/2026:17:31:22 -0400] "GET /robots.txt HTTP/1.1" 200 24 "-" "Mozilla/5.0 (X11; Linux x86_64) AppleWebKit/537.36 (KHTML, like Gecko) Chrome/116.0.0.0 Safari/537.36"
107.174.109.139 - - [03/Apr/2026:17:31:22 -0400] "GET / HTTP/1.1" 301 - "-" "Mozilla/5.0 (X11; Linux x86_64) AppleWebKit/537.36 (KHTML, like Gecko) Chrome/116.0.0.0 Safari/537.36"
107.174.109.139 - - [03/Apr/2026:17:31:23 -0400] "GET / HTTP/1.1" 200 26913 "-" "Mozilla/5.0 (X11; Linux x86_64) AppleWebKit/537.36 (KHTML, like Gecko) Chrome/116.0.0.0 Safari/537.36"
120.88.115.8 - - [03/Apr/2026:17:40:11 -0400] "GET / HTTP/1.1" 301 - "-" "Mozilla/5.0 (Linux; Android 10; K) AppleWebKit/537.36 (KHTML, like Gecko) Chrome/145.0.0.0 Mobile Safari/537.36"
120.88.115.8 - - [03/Apr/2026:17:40:15 -0400] "GET / HTTP/1.1" 200 26913 "-" "req/v3 (https://github.com/imroc/req)"
176.65.151.74 - - [03/Apr/2026:17:41:02 -0400] "GET / HTTP/1.1" 301 - "-" "Mozilla/5.0 (Windows NT 10.0; Win64; x64) AppleWebKit/537.36 (KHTML, like Gecko) Chrome/90.0.4430.85 Safari/537.36 Edg/90.0.818.46"
43.157.38.131 - - [03/Apr/2026:17:51:28 -0400] "GET / HTTP/1.1" 301 - "-" "Mozilla/5.0 (iPhone; CPU iPhone OS 13_2_3 like Mac OS X) AppleWebKit/605.1.15 (KHTML, like Gecko) Version/13.0.3 Mobile/15E148 Safari/604.1"
105.214.101.24 - - [03/Apr/2026:18:01:28 -0400] "GET /wp-json/wp/v2/posts HTTP/1.1" 302 290 "-" "Mozilla/5.0 (Windows NT 10.0; Win64; x64) AppleWebKit/537.36 (KHTML, like Gecko) Chrome/120.0.0.0 Safari/537.36"