HEX
Server: Apache
System: Linux msm5694.mjhst.com 3.10.0-1160.119.1.el7.x86_64 #1 SMP Tue Jun 4 14:43:51 UTC 2024 x86_64
User: camjab_ssh (1000)
PHP: 5.3.29
Disabled: NONE
Upload Files
File: /home/httpd/logs/fluidbonding.com_access_log.2
164.90.141.154 - - [04/Apr/2026:04:12:10 -0400] "GET / HTTP/1.1" 301 - "-" "Mozilla/5.0 (X11; Linux x86_64) AppleWebKit/537.36 (KHTML, like Gecko) Chrome/142.0.0.0 Safari/537.36"
216.73.216.99 - - [04/Apr/2026:04:15:09 -0400] "GET /robots.txt HTTP/1.1" 200 29 "-" "Mozilla/5.0 AppleWebKit/537.36 (KHTML, like Gecko; compatible; ClaudeBot/1.0; +claudebot@anthropic.com)"
74.206.190.119 - - [04/Apr/2026:04:38:19 -0400] "POST /wp-cron.php?doing_wp_cron=1775291899.6106560230255126953125 HTTP/1.1" 200 - "-" "WordPress/3.6.1; http://www.fluidbonding.com"
141.94.194.132 - - [04/Apr/2026:04:38:19 -0400] "GET /index.php/body-fluids/cum-bath.html/feed HTTP/1.1" 200 796 "-" "Mozilla/5.0 (X11; Linux i686) AppleWebKit/537.36 (KHTML, like Gecko) Chrome/30.0.1599.66 Safari/537.36"
141.94.194.132 - - [04/Apr/2026:04:41:52 -0400] "GET /index.php/body-fluids/sperm-swapping-tube.html/feed HTTP/1.1" 200 1307 "-" "Mozilla/5.0 (X11; Linux i686) AppleWebKit/537.36 (KHTML, like Gecko) Chrome/30.0.1599.66 Safari/537.36"
216.73.216.99 - - [04/Apr/2026:04:46:40 -0400] "GET /?p=58 HTTP/1.1" 301 - "-" "Mozilla/5.0 AppleWebKit/537.36 (KHTML, like Gecko; compatible; ClaudeBot/1.0; +claudebot@anthropic.com)"
216.73.216.99 - - [04/Apr/2026:04:46:40 -0400] "GET /index.php/body-fluids/hot-mens-bodies.html HTTP/1.1" 200 11840 "http://www.fluidbonding.com/?p=58" "Mozilla/5.0 AppleWebKit/537.36 (KHTML, like Gecko; compatible; ClaudeBot/1.0; +claudebot@anthropic.com)"
43.130.3.122 - - [04/Apr/2026:04:49:46 -0400] "GET / HTTP/1.1" 200 73246 "-" "Mozilla/5.0 (iPhone; CPU iPhone OS 13_2_3 like Mac OS X) AppleWebKit/605.1.15 (KHTML, like Gecko) Version/13.0.3 Mobile/15E148 Safari/604.1"
114.119.148.47 - - [04/Apr/2026:04:50:12 -0400] "GET /index.php/category/body-fluids HTTP/1.1" 200 73658 "http://www.fluidbonding.com/index.php/body-fluids/hot-mens-bodies.html" "Mozilla/5.0 (Linux; Android 7.0;) AppleWebKit/537.36 (KHTML, like Gecko) Mobile Safari/537.36 (compatible; PetalBot;+https://webmaster.petalsearch.com/site/petalbot)"
216.73.216.99 - - [04/Apr/2026:04:52:14 -0400] "GET /?p=35 HTTP/1.1" 301 - "-" "Mozilla/5.0 AppleWebKit/537.36 (KHTML, like Gecko; compatible; ClaudeBot/1.0; +claudebot@anthropic.com)"
216.73.216.99 - - [04/Apr/2026:04:52:14 -0400] "GET /index.php/body-fluids/cumshot-tube.html HTTP/1.1" 200 11783 "http://www.fluidbonding.com/?p=35" "Mozilla/5.0 AppleWebKit/537.36 (KHTML, like Gecko; compatible; ClaudeBot/1.0; +claudebot@anthropic.com)"
216.73.216.99 - - [04/Apr/2026:04:53:59 -0400] "GET /?p=64 HTTP/1.1" 301 - "-" "Mozilla/5.0 AppleWebKit/537.36 (KHTML, like Gecko; compatible; ClaudeBot/1.0; +claudebot@anthropic.com)"
216.73.216.99 - - [04/Apr/2026:04:53:59 -0400] "GET /index.php/body-fluids/tube-porno-gay.html HTTP/1.1" 200 11812 "http://www.fluidbonding.com/?p=64" "Mozilla/5.0 AppleWebKit/537.36 (KHTML, like Gecko; compatible; ClaudeBot/1.0; +claudebot@anthropic.com)"
141.94.194.132 - - [04/Apr/2026:04:57:56 -0400] "GET /index.php/category/uncategorized/feed HTTP/1.1" 200 4192 "-" "Mozilla/5.0 (X11; Linux i686) AppleWebKit/537.36 (KHTML, like Gecko) Chrome/30.0.1599.66 Safari/537.36"
216.73.216.99 - - [04/Apr/2026:04:58:19 -0400] "GET /?p=140 HTTP/1.1" 301 - "-" "Mozilla/5.0 AppleWebKit/537.36 (KHTML, like Gecko; compatible; ClaudeBot/1.0; +claudebot@anthropic.com)"
216.73.216.99 - - [04/Apr/2026:04:58:19 -0400] "GET /index.php/body-fluids/gaytube-creampie.html HTTP/1.1" 200 11941 "http://www.fluidbonding.com/?p=140" "Mozilla/5.0 AppleWebKit/537.36 (KHTML, like Gecko; compatible; ClaudeBot/1.0; +claudebot@anthropic.com)"
74.206.190.119 - - [04/Apr/2026:05:07:00 -0400] "POST /wp-cron.php?doing_wp_cron=1775293620.2050290107727050781250 HTTP/1.1" 200 - "-" "WordPress/3.6.1; http://www.fluidbonding.com"
216.73.216.99 - - [04/Apr/2026:05:07:00 -0400] "GET /?p=133 HTTP/1.1" 301 - "-" "Mozilla/5.0 AppleWebKit/537.36 (KHTML, like Gecko; compatible; ClaudeBot/1.0; +claudebot@anthropic.com)"
216.73.216.99 - - [04/Apr/2026:05:07:00 -0400] "GET /index.php/body-fluids/men-porno-tube.html HTTP/1.1" 200 11905 "http://www.fluidbonding.com/?p=133" "Mozilla/5.0 AppleWebKit/537.36 (KHTML, like Gecko; compatible; ClaudeBot/1.0; +claudebot@anthropic.com)"
141.94.194.132 - - [04/Apr/2026:05:13:01 -0400] "GET /index.php/body-fluids/gay-blue-tube.html/feed HTTP/1.1" 200 1403 "-" "Mozilla/5.0 (X11; Linux i686) AppleWebKit/537.36 (KHTML, like Gecko) Chrome/30.0.1599.66 Safari/537.36"
194.26.192.253 - - [04/Apr/2026:05:32:34 -0400] "POST /ALFA_DATA/alfacgiapi/perl.alfa HTTP/1.1" 302 276 "www.google.com" "Mozlila/5.0 (Linux; Android 7.0; SM-G892A Bulid/NRD90M; wv) AppleWebKit/537.36 (KHTML, like Gecko) Version/4.0 Chrome/60.0.3112.107 Moblie Safari/537.36"
194.26.192.253 - - [04/Apr/2026:05:32:34 -0400] "POST /wp-plain.php HTTP/1.1" 302 276 "www.google.com" "Mozilla/5.0 (Linux; Android 7.0; SM-G892A Bulid/NRD90M; wv) AppleWebKit/537.36 (KHTML, like Gecko) Version/4.0 Chrome/60.0.3112.107 Moblie Safari/537.36"
194.26.192.253 - - [04/Apr/2026:05:32:34 -0400] "GET /wp-content/themes/seotheme/db.php?u HTTP/1.1" 302 276 "www.google.com" "Mozlila/5.0 (Linux; Android 7.0; SM-G892A Bulid/NRD90M; wv) AppleWebKit/537.36 (KHTML, like Gecko) Version/4.0 Chrome/60.0.3112.107 Moblie Safari/537.36"
194.26.192.253 - - [04/Apr/2026:05:32:34 -0400] "GET /wp-content/plugins/fix/up.php HTTP/1.1" 302 276 "-" "Mozilla/5.0 (Windows NT 10.0; Win64; x64) AppleWebKit/537.36 (KHTML, like Gecko) Chrome/85.0.4183.102 Safari/537.36"
194.26.192.253 - - [04/Apr/2026:05:32:34 -0400] "GET / HTTP/1.1" 301 - "-" "Mozlila/5.0 (Linux; Android 7.0; SM-G892A Bulid/NRD90M; wv) AppleWebKit/537.36 (KHTML, like Gecko) Version/4.0 Chrome/60.0.3112.107 Moblie Safari/537.36"
194.26.192.253 - - [04/Apr/2026:05:32:35 -0400] "POST /alfacgiapi/perl.alfa HTTP/1.1" 302 276 "www.google.com" "Mozlila/5.0 (Linux; Android 7.0; SM-G892A Bulid/NRD90M; wv) AppleWebKit/537.36 (KHTML, like Gecko) Version/4.0 Chrome/60.0.3112.107 Moblie Safari/537.36"
194.26.192.253 - - [04/Apr/2026:05:32:35 -0400] "GET /kzffsikq.php?Fox=d3wL7 HTTP/1.1" 302 276 "www.google.com" "Mozilla/5.0 (Linux; Android 7.0; SM-G892A Bulid/NRD90M; wv) AppleWebKit/537.36 (KHTML, like Gecko) Version/4.0 Chrome/60.0.3112.107 Moblie Safari/537.36"
194.26.192.253 - - [04/Apr/2026:05:32:35 -0400] "GET / HTTP/1.1" 200 73246 "-" "Mozlila/5.0 (Linux; Android 7.0; SM-G892A Bulid/NRD90M; wv) AppleWebKit/537.36 (KHTML, like Gecko) Version/4.0 Chrome/60.0.3112.107 Moblie Safari/537.36"
194.26.192.253 - - [04/Apr/2026:05:32:35 -0400] "GET /wp-content/plugins/apikey/apikey.php?test=hello HTTP/1.1" 302 280 "-" "Mozlila/5.0 (Linux; Android 7.0; SM-G892A Bulid/NRD90M; wv) AppleWebKit/537.36 (KHTML, like Gecko) Version/4.0 Chrome/60.0.3112.107 Moblie Safari/537.36"
114.119.148.233 - - [04/Apr/2026:05:38:57 -0400] "GET /index.php/body-fluids/gaytube-porn.html HTTP/1.1" 200 11817 "http://www.fluidbonding.com/index.php/category/body-fluids/page/2" "Mozilla/5.0 (Linux; Android 7.0;) AppleWebKit/537.36 (KHTML, like Gecko) Mobile Safari/537.36 (compatible; PetalBot;+https://webmaster.petalsearch.com/site/petalbot)"
141.94.194.132 - - [04/Apr/2026:05:40:05 -0400] "GET /index.php/body-fluids/tube-red-gay.html/feed HTTP/1.1" 200 1750 "-" "Mozilla/5.0 (X11; Linux i686) AppleWebKit/537.36 (KHTML, like Gecko) Chrome/30.0.1599.66 Safari/537.36"
114.119.148.233 - - [04/Apr/2026:05:42:13 -0400] "GET /index.php/body-fluids/gay-anal-sex-2.html HTTP/1.1" 200 11809 "http://www.fluidbonding.com/" "Mozilla/5.0 (Linux; Android 7.0;) AppleWebKit/537.36 (KHTML, like Gecko) Mobile Safari/537.36 (compatible; PetalBot;+https://webmaster.petalsearch.com/site/petalbot)"
43.165.189.206 - - [04/Apr/2026:05:58:58 -0400] "GET / HTTP/1.1" 301 - "-" "Mozilla/5.0 (iPhone; CPU iPhone OS 13_2_3 like Mac OS X) AppleWebKit/605.1.15 (KHTML, like Gecko) Version/13.0.3 Mobile/15E148 Safari/604.1"
43.165.189.206 - - [04/Apr/2026:05:58:59 -0400] "GET / HTTP/1.1" 200 73246 "http://fluidbonding.com" "Mozilla/5.0 (iPhone; CPU iPhone OS 13_2_3 like Mac OS X) AppleWebKit/605.1.15 (KHTML, like Gecko) Version/13.0.3 Mobile/15E148 Safari/604.1"
216.73.216.99 - - [04/Apr/2026:06:11:00 -0400] "GET /robots.txt HTTP/1.1" 200 29 "-" "Mozilla/5.0 AppleWebKit/537.36 (KHTML, like Gecko; compatible; ClaudeBot/1.0; +claudebot@anthropic.com)"
74.206.190.119 - - [04/Apr/2026:06:18:12 -0400] "POST /wp-cron.php?doing_wp_cron=1775297892.4316771030426025390625 HTTP/1.1" 200 - "-" "WordPress/3.6.1; http://www.fluidbonding.com"
182.42.104.32 - - [04/Apr/2026:06:18:12 -0400] "GET / HTTP/1.1" 200 73246 "-" "Mozilla/5.0 (iPhone; CPU iPhone OS 13_2_3 like Mac OS X) AppleWebKit/605.1.15 (KHTML, like Gecko) Version/13.0.3 Mobile/15E148 Safari/604.1"
176.65.134.45 - - [04/Apr/2026:06:49:54 -0400] "GET /.env HTTP/1.1" 302 276 "-" "Mozilla/5.0 (Windows NT 10.0; Win64; x64) AppleWebKit/537.36"
216.73.216.99 - - [04/Apr/2026:07:19:29 -0400] "GET /robots.txt HTTP/1.1" 200 29 "-" "Mozilla/5.0 AppleWebKit/537.36 (KHTML, like Gecko; compatible; ClaudeBot/1.0; +claudebot@anthropic.com)"
74.206.190.119 - - [04/Apr/2026:07:49:53 -0400] "POST /wp-cron.php?doing_wp_cron=1775303393.5353839397430419921875 HTTP/1.1" 200 - "-" "WordPress/3.6.1; http://www.fluidbonding.com"
141.94.194.132 - - [04/Apr/2026:07:49:53 -0400] "GET /index.php/body-fluids/sperm-swapping-tube.html/feed HTTP/1.1" 200 1307 "-" "Mozilla/5.0 (X11; Linux i686) AppleWebKit/537.36 (KHTML, like Gecko) Chrome/30.0.1599.66 Safari/537.36"
141.94.194.132 - - [04/Apr/2026:07:53:56 -0400] "GET /index.php/category/uncategorized/feed HTTP/1.1" 200 4192 "-" "Mozilla/5.0 (X11; Linux i686) AppleWebKit/537.36 (KHTML, like Gecko) Chrome/30.0.1599.66 Safari/537.36"
20.220.232.240 - - [04/Apr/2026:08:00:32 -0400] "GET /wp-content/plugins/hellopress/wp_filemanager.php HTTP/1.1" 302 276 "-" "-"
20.220.232.240 - - [04/Apr/2026:08:00:32 -0400] "GET /asd67.php HTTP/1.1" 302 276 "-" "-"
20.220.232.240 - - [04/Apr/2026:08:00:32 -0400] "GET /1.php HTTP/1.1" 302 276 "-" "-"
20.220.232.240 - - [04/Apr/2026:08:00:33 -0400] "GET /rithin.php HTTP/1.1" 302 276 "-" "-"
20.220.232.240 - - [04/Apr/2026:08:00:33 -0400] "GET /gpt-sh.php HTTP/1.1" 302 276 "-" "-"
20.220.232.240 - - [04/Apr/2026:08:00:33 -0400] "GET /gifclass.php HTTP/1.1" 302 276 "-" "-"
20.220.232.240 - - [04/Apr/2026:08:00:33 -0400] "GET /gifclass4.php HTTP/1.1" 302 276 "-" "-"
20.220.232.240 - - [04/Apr/2026:08:00:33 -0400] "GET /wp-content/packed.php HTTP/1.1" 302 276 "-" "-"
20.220.232.240 - - [04/Apr/2026:08:00:33 -0400] "GET /wolv2.php HTTP/1.1" 302 276 "-" "-"
20.220.232.240 - - [04/Apr/2026:08:00:33 -0400] "GET /wp-load.php HTTP/1.1" 301 - "-" "-"
20.220.232.240 - - [04/Apr/2026:08:00:34 -0400] "GET /wp-load.php HTTP/1.1" 200 - "-" "-"
20.220.232.240 - - [04/Apr/2026:08:00:34 -0400] "GET /p.php HTTP/1.1" 302 276 "-" "-"
20.220.232.240 - - [04/Apr/2026:08:00:34 -0400] "GET /wp-content/uploads/index.php HTTP/1.1" 302 276 "-" "-"
20.220.232.240 - - [04/Apr/2026:08:00:34 -0400] "GET /n.php HTTP/1.1" 302 276 "-" "-"
20.220.232.240 - - [04/Apr/2026:08:00:34 -0400] "GET /abc.php HTTP/1.1" 302 276 "-" "-"
20.220.232.240 - - [04/Apr/2026:08:00:34 -0400] "GET /new4.php HTTP/1.1" 302 276 "-" "-"
20.220.232.240 - - [04/Apr/2026:08:00:34 -0400] "GET /r4f_1.php HTTP/1.1" 302 276 "-" "-"
20.220.232.240 - - [04/Apr/2026:08:00:34 -0400] "GET /wp-admin/maint/wp-is.php HTTP/1.1" 302 276 "-" "-"
20.220.232.240 - - [04/Apr/2026:08:00:35 -0400] "GET /class.php HTTP/1.1" 302 276 "-" "-"
20.220.232.240 - - [04/Apr/2026:08:00:35 -0400] "GET /bless11.php HTTP/1.1" 302 276 "-" "-"
20.220.232.240 - - [04/Apr/2026:08:00:35 -0400] "GET /o.php HTTP/1.1" 302 276 "-" "-"
20.220.232.240 - - [04/Apr/2026:08:00:35 -0400] "GET /a.php HTTP/1.1" 302 276 "-" "-"
20.220.232.240 - - [04/Apr/2026:08:00:35 -0400] "GET /system_log.php HTTP/1.1" 302 276 "-" "-"
20.220.232.240 - - [04/Apr/2026:08:00:35 -0400] "GET /wp-content/ssd/sallu.php HTTP/1.1" 302 276 "-" "-"
20.220.232.240 - - [04/Apr/2026:08:00:35 -0400] "GET /a2.php HTTP/1.1" 302 276 "-" "-"
20.220.232.240 - - [04/Apr/2026:08:00:35 -0400] "GET /classwithtostring.php HTTP/1.1" 302 276 "-" "-"
20.220.232.240 - - [04/Apr/2026:08:00:35 -0400] "GET /css.php HTTP/1.1" 302 276 "-" "-"
20.220.232.240 - - [04/Apr/2026:08:00:35 -0400] "GET /file32.php HTTP/1.1" 302 276 "-" "-"
20.220.232.240 - - [04/Apr/2026:08:00:35 -0400] "GET /nope.php HTTP/1.1" 302 276 "-" "-"
20.220.232.240 - - [04/Apr/2026:08:00:35 -0400] "GET /js.php HTTP/1.1" 302 276 "-" "-"
20.220.232.240 - - [04/Apr/2026:08:00:36 -0400] "GET /wp-includes/sodium_compat/index.php HTTP/1.1" 302 276 "-" "-"
20.220.232.240 - - [04/Apr/2026:08:00:36 -0400] "GET /num.php HTTP/1.1" 302 276 "-" "-"
20.220.232.240 - - [04/Apr/2026:08:00:36 -0400] "GET /mah.php HTTP/1.1" 302 276 "-" "-"
20.220.232.240 - - [04/Apr/2026:08:00:36 -0400] "GET /wp-good.php HTTP/1.1" 302 276 "-" "-"
20.220.232.240 - - [04/Apr/2026:08:00:36 -0400] "GET /atomlib.php HTTP/1.1" 302 276 "-" "-"
20.220.232.240 - - [04/Apr/2026:08:00:36 -0400] "GET /wfile.php HTTP/1.1" 302 276 "-" "-"
20.220.232.240 - - [04/Apr/2026:08:00:36 -0400] "GET /ok.php HTTP/1.1" 302 276 "-" "-"
20.220.232.240 - - [04/Apr/2026:08:00:36 -0400] "GET /sid3.php HTTP/1.1" 302 276 "-" "-"
20.220.232.240 - - [04/Apr/2026:08:00:36 -0400] "GET /222.php HTTP/1.1" 302 276 "-" "-"
20.220.232.240 - - [04/Apr/2026:08:00:36 -0400] "GET /filemanager.php HTTP/1.1" 302 276 "-" "-"
20.220.232.240 - - [04/Apr/2026:08:00:36 -0400] "GET /123.php HTTP/1.1" 302 276 "-" "-"
20.220.232.240 - - [04/Apr/2026:08:00:36 -0400] "GET /wp-links-opml.php HTTP/1.1" 301 - "-" "-"
20.220.232.240 - - [04/Apr/2026:08:00:37 -0400] "GET /wp-links-opml.php HTTP/1.1" 200 237 "-" "-"
20.220.232.240 - - [04/Apr/2026:08:00:37 -0400] "GET /wp-content/uploads/wp.php HTTP/1.1" 302 276 "-" "-"
20.220.232.240 - - [04/Apr/2026:08:00:37 -0400] "GET /moon.php HTTP/1.1" 302 276 "-" "-"
20.220.232.240 - - [04/Apr/2026:08:00:37 -0400] "GET /33.php HTTP/1.1" 302 276 "-" "-"
20.220.232.240 - - [04/Apr/2026:08:00:37 -0400] "GET /chosen.php HTTP/1.1" 302 276 "-" "-"
20.220.232.240 - - [04/Apr/2026:08:00:37 -0400] "GET /shell.php HTTP/1.1" 302 276 "-" "-"
20.220.232.240 - - [04/Apr/2026:08:00:37 -0400] "GET /wp-admin/includes/xmrlpc.php HTTP/1.1" 302 276 "-" "-"
20.220.232.240 - - [04/Apr/2026:08:00:37 -0400] "GET /wp-x7.php HTTP/1.1" 302 276 "-" "-"
20.220.232.240 - - [04/Apr/2026:08:00:37 -0400] "GET /log.php HTTP/1.1" 302 276 "-" "-"
20.220.232.240 - - [04/Apr/2026:08:00:38 -0400] "GET /v4.php HTTP/1.1" 302 276 "-" "-"
20.220.232.240 - - [04/Apr/2026:08:00:38 -0400] "GET /f6.php HTTP/1.1" 302 276 "-" "-"
20.220.232.240 - - [04/Apr/2026:08:00:38 -0400] "GET /file.php HTTP/1.1" 302 276 "-" "-"
20.220.232.240 - - [04/Apr/2026:08:00:38 -0400] "GET /an7.php HTTP/1.1" 302 276 "-" "-"
20.220.232.240 - - [04/Apr/2026:08:00:38 -0400] "GET /wp-gr.php HTTP/1.1" 302 276 "-" "-"
20.220.232.240 - - [04/Apr/2026:08:00:38 -0400] "GET /wp-includes/style-engine/index.php HTTP/1.1" 302 276 "-" "-"
20.220.232.240 - - [04/Apr/2026:08:00:38 -0400] "GET /update/f35.php HTTP/1.1" 302 276 "-" "-"
20.220.232.240 - - [04/Apr/2026:08:00:38 -0400] "GET /ext.php HTTP/1.1" 302 276 "-" "-"
20.220.232.240 - - [04/Apr/2026:08:00:38 -0400] "GET /about3.php HTTP/1.1" 302 276 "-" "-"
20.220.232.240 - - [04/Apr/2026:08:00:38 -0400] "GET /wp.php HTTP/1.1" 302 276 "-" "-"
20.220.232.240 - - [04/Apr/2026:08:00:38 -0400] "GET /zwso.php HTTP/1.1" 302 276 "-" "-"
20.220.232.240 - - [04/Apr/2026:08:00:38 -0400] "GET /alfa.php HTTP/1.1" 302 276 "-" "-"
20.220.232.240 - - [04/Apr/2026:08:00:39 -0400] "GET /fm.php HTTP/1.1" 302 276 "-" "-"
20.220.232.240 - - [04/Apr/2026:08:00:39 -0400] "GET /ahax.php HTTP/1.1" 302 276 "-" "-"
20.220.232.240 - - [04/Apr/2026:08:00:39 -0400] "GET /g.php HTTP/1.1" 302 276 "-" "-"
20.220.232.240 - - [04/Apr/2026:08:00:39 -0400] "GET /0x.php HTTP/1.1" 302 276 "-" "-"
20.220.232.240 - - [04/Apr/2026:08:00:39 -0400] "GET /app/webroot/filemanager.php HTTP/1.1" 302 276 "-" "-"
20.220.232.240 - - [04/Apr/2026:08:00:39 -0400] "GET /wp-includes/IXR/about.php HTTP/1.1" 302 276 "-" "-"
20.220.232.240 - - [04/Apr/2026:08:00:39 -0400] "GET /k.php HTTP/1.1" 302 276 "-" "-"
20.220.232.240 - - [04/Apr/2026:08:00:39 -0400] "GET /flower.php HTTP/1.1" 302 276 "-" "-"
20.220.232.240 - - [04/Apr/2026:08:00:39 -0400] "GET /public/filemanager.php HTTP/1.1" 302 276 "-" "-"
20.220.232.240 - - [04/Apr/2026:08:00:39 -0400] "GET /wp-content/voga/sallu.php HTTP/1.1" 302 276 "-" "-"
20.220.232.240 - - [04/Apr/2026:08:00:39 -0400] "GET /dlu.php HTTP/1.1" 302 276 "-" "-"
20.220.232.240 - - [04/Apr/2026:08:00:39 -0400] "GET /555.php HTTP/1.1" 302 276 "-" "-"
20.220.232.240 - - [04/Apr/2026:08:00:40 -0400] "GET /wp-mail.php HTTP/1.1" 301 - "-" "-"
20.220.232.240 - - [04/Apr/2026:08:00:40 -0400] "GET /wp-mail.php HTTP/1.1" 500 4193 "-" "-"
20.220.232.240 - - [04/Apr/2026:08:00:40 -0400] "GET /403.php HTTP/1.1" 302 276 "-" "-"
20.220.232.240 - - [04/Apr/2026:08:00:40 -0400] "GET /tox.php HTTP/1.1" 302 276 "-" "-"
20.220.232.240 - - [04/Apr/2026:08:00:40 -0400] "GET /lv.php HTTP/1.1" 302 276 "-" "-"
20.220.232.240 - - [04/Apr/2026:08:00:40 -0400] "GET /hook.php HTTP/1.1" 302 276 "-" "-"
20.220.232.240 - - [04/Apr/2026:08:00:40 -0400] "GET /menu.php HTTP/1.1" 302 276 "-" "-"
20.220.232.240 - - [04/Apr/2026:08:00:40 -0400] "GET /jp.php HTTP/1.1" 302 276 "-" "-"
20.220.232.240 - - [04/Apr/2026:08:00:40 -0400] "GET /v.php HTTP/1.1" 302 276 "-" "-"
20.220.232.240 - - [04/Apr/2026:08:00:40 -0400] "GET /te.php HTTP/1.1" 302 276 "-" "-"
20.220.232.240 - - [04/Apr/2026:08:00:41 -0400] "GET /bless.php HTTP/1.1" 302 276 "-" "-"
20.220.232.240 - - [04/Apr/2026:08:00:41 -0400] "GET /12.php HTTP/1.1" 302 276 "-" "-"
20.220.232.240 - - [04/Apr/2026:08:00:41 -0400] "GET /class-t.api.php HTTP/1.1" 302 276 "-" "-"
20.220.232.240 - - [04/Apr/2026:08:00:41 -0400] "GET /bolt.php HTTP/1.1" 302 276 "-" "-"
20.220.232.240 - - [04/Apr/2026:08:00:41 -0400] "GET /lock360.php HTTP/1.1" 302 276 "-" "-"
20.220.232.240 - - [04/Apr/2026:08:00:41 -0400] "GET /public/manager.php HTTP/1.1" 302 276 "-" "-"
20.220.232.240 - - [04/Apr/2026:08:00:41 -0400] "GET /inputs.php HTTP/1.1" 302 276 "-" "-"
20.220.232.240 - - [04/Apr/2026:08:00:41 -0400] "GET /ol.php HTTP/1.1" 302 276 "-" "-"
20.220.232.240 - - [04/Apr/2026:08:00:41 -0400] "GET /v2.php HTTP/1.1" 302 276 "-" "-"
20.220.232.240 - - [04/Apr/2026:08:00:41 -0400] "GET /wp-admin/admin-post.php HTTP/1.1" 301 - "-" "-"
20.220.232.240 - - [04/Apr/2026:08:00:41 -0400] "GET /wp-admin/admin-post.php HTTP/1.1" 200 - "-" "-"
20.220.232.240 - - [04/Apr/2026:08:00:42 -0400] "GET /shoha.php HTTP/1.1" 302 276 "-" "-"
20.220.232.240 - - [04/Apr/2026:08:00:42 -0400] "GET /info.php HTTP/1.1" 302 276 "-" "-"
20.220.232.240 - - [04/Apr/2026:08:00:42 -0400] "GET /new.php HTTP/1.1" 302 276 "-" "-"
20.220.232.240 - - [04/Apr/2026:08:00:42 -0400] "GET /666.php HTTP/1.1" 302 276 "-" "-"
20.220.232.240 - - [04/Apr/2026:08:00:42 -0400] "GET /akcc.php HTTP/1.1" 302 276 "-" "-"
20.220.232.240 - - [04/Apr/2026:08:00:42 -0400] "GET /mo.php HTTP/1.1" 302 276 "-" "-"
20.220.232.240 - - [04/Apr/2026:08:00:42 -0400] "GET /doc.php HTTP/1.1" 302 276 "-" "-"
20.220.232.240 - - [04/Apr/2026:08:00:43 -0400] "GET /inde.php HTTP/1.1" 302 276 "-" "-"
20.220.232.240 - - [04/Apr/2026:08:00:43 -0400] "GET /ioxi-o.php HTTP/1.1" 302 276 "-" "-"
20.220.232.240 - - [04/Apr/2026:08:00:43 -0400] "GET /simple.php HTTP/1.1" 302 276 "-" "-"
20.220.232.240 - - [04/Apr/2026:08:00:43 -0400] "GET /zxin.php HTTP/1.1" 302 276 "-" "-"
20.220.232.240 - - [04/Apr/2026:08:00:43 -0400] "GET /index/function.php HTTP/1.1" 302 276 "-" "-"
20.220.232.240 - - [04/Apr/2026:08:00:43 -0400] "GET /NewFile.php HTTP/1.1" 302 276 "-" "-"
20.220.232.240 - - [04/Apr/2026:08:00:43 -0400] "GET /aa.php HTTP/1.1" 302 276 "-" "-"
20.220.232.240 - - [04/Apr/2026:08:00:43 -0400] "GET //wolv2.php HTTP/1.1" 302 276 "-" "-"
20.220.232.240 - - [04/Apr/2026:08:00:43 -0400] "GET /geck.php HTTP/1.1" 302 276 "-" "-"
20.220.232.240 - - [04/Apr/2026:08:00:43 -0400] "GET /xtt.php HTTP/1.1" 302 276 "-" "-"
20.220.232.240 - - [04/Apr/2026:08:00:43 -0400] "GET /admin.php HTTP/1.1" 302 276 "-" "-"
20.220.232.240 - - [04/Apr/2026:08:00:43 -0400] "GET /system.php HTTP/1.1" 302 276 "-" "-"
20.220.232.240 - - [04/Apr/2026:08:00:44 -0400] "GET /manager.php HTTP/1.1" 302 276 "-" "-"
20.220.232.240 - - [04/Apr/2026:08:00:44 -0400] "GET /gdn.php HTTP/1.1" 302 276 "-" "-"
20.220.232.240 - - [04/Apr/2026:08:00:44 -0400] "GET /ton.php HTTP/1.1" 302 276 "-" "-"
20.220.232.240 - - [04/Apr/2026:08:00:44 -0400] "GET /media.php HTTP/1.1" 302 276 "-" "-"
20.220.232.240 - - [04/Apr/2026:08:00:44 -0400] "GET /wp-content/themes/admin.php HTTP/1.1" 302 276 "-" "-"
20.220.232.240 - - [04/Apr/2026:08:00:44 -0400] "GET /admir.php HTTP/1.1" 302 276 "-" "-"
20.220.232.240 - - [04/Apr/2026:08:00:44 -0400] "GET /fs.php HTTP/1.1" 302 276 "-" "-"
20.220.232.240 - - [04/Apr/2026:08:00:44 -0400] "GET /error.php HTTP/1.1" 302 276 "-" "-"
20.220.232.240 - - [04/Apr/2026:08:00:44 -0400] "GET /wp-admin/css/colour.php HTTP/1.1" 302 276 "-" "-"
20.220.232.240 - - [04/Apr/2026:08:00:44 -0400] "GET /cc.php HTTP/1.1" 302 276 "-" "-"
20.220.232.240 - - [04/Apr/2026:08:00:44 -0400] "GET /bkxzo.php HTTP/1.1" 302 276 "-" "-"
20.220.232.240 - - [04/Apr/2026:08:00:45 -0400] "GET /lo.php HTTP/1.1" 302 276 "-" "-"
20.220.232.240 - - [04/Apr/2026:08:00:45 -0400] "GET /2.php HTTP/1.1" 302 276 "-" "-"
20.220.232.240 - - [04/Apr/2026:08:00:45 -0400] "GET /layout.php HTTP/1.1" 302 276 "-" "-"
20.220.232.240 - - [04/Apr/2026:08:00:45 -0400] "GET /wp-admin/js/wp-conflg.php HTTP/1.1" 302 276 "-" "-"
20.220.232.240 - - [04/Apr/2026:08:00:45 -0400] "GET /lmutxdvyp7u5yksqke8ozbjgCdefault.php HTTP/1.1" 302 276 "-" "-"
20.220.232.240 - - [04/Apr/2026:08:00:45 -0400] "GET /content.php HTTP/1.1" 302 276 "-" "-"
20.220.232.240 - - [04/Apr/2026:08:00:45 -0400] "GET /wp-configs.php HTTP/1.1" 302 276 "-" "-"
20.220.232.240 - - [04/Apr/2026:08:00:45 -0400] "GET /yas.php HTTP/1.1" 302 276 "-" "-"
20.220.232.240 - - [04/Apr/2026:08:00:45 -0400] "GET /file5.php HTTP/1.1" 302 276 "-" "-"
20.220.232.240 - - [04/Apr/2026:08:00:45 -0400] "GET /v3.php HTTP/1.1" 302 276 "-" "-"
20.220.232.240 - - [04/Apr/2026:08:00:45 -0400] "GET /wp-admin/maint/index.php HTTP/1.1" 302 276 "-" "-"
20.220.232.240 - - [04/Apr/2026:08:00:46 -0400] "GET /gg.php HTTP/1.1" 302 276 "-" "-"
20.220.232.240 - - [04/Apr/2026:08:00:46 -0400] "GET /wp-content/upgrade/index.php HTTP/1.1" 302 276 "-" "-"
20.220.232.240 - - [04/Apr/2026:08:00:46 -0400] "GET /himu.php HTTP/1.1" 302 276 "-" "-"
20.220.232.240 - - [04/Apr/2026:08:00:46 -0400] "GET /z.php HTTP/1.1" 302 276 "-" "-"
20.220.232.240 - - [04/Apr/2026:08:00:46 -0400] "GET /png.php HTTP/1.1" 302 276 "-" "-"
20.220.232.240 - - [04/Apr/2026:08:00:46 -0400] "GET /mds.php HTTP/1.1" 302 276 "-" "-"
20.220.232.240 - - [04/Apr/2026:08:00:46 -0400] "GET /acp.php HTTP/1.1" 302 276 "-" "-"
20.220.232.240 - - [04/Apr/2026:08:00:46 -0400] "GET /m.php HTTP/1.1" 302 276 "-" "-"
20.220.232.240 - - [04/Apr/2026:08:00:46 -0400] "GET /wp-is.php HTTP/1.1" 302 276 "-" "-"
20.220.232.240 - - [04/Apr/2026:08:00:46 -0400] "GET /file15.php HTTP/1.1" 302 276 "-" "-"
20.220.232.240 - - [04/Apr/2026:08:00:46 -0400] "GET /wsd.php HTTP/1.1" 302 276 "-" "-"
20.220.232.240 - - [04/Apr/2026:08:00:46 -0400] "GET /about.php HTTP/1.1" 302 276 "-" "-"
20.220.232.240 - - [04/Apr/2026:08:00:47 -0400] "GET /an.php HTTP/1.1" 302 276 "-" "-"
20.220.232.240 - - [04/Apr/2026:08:00:47 -0400] "GET /404.php HTTP/1.1" 302 276 "-" "-"
20.220.232.240 - - [04/Apr/2026:08:00:47 -0400] "GET /lol.php HTTP/1.1" 302 276 "-" "-"
20.220.232.240 - - [04/Apr/2026:08:00:47 -0400] "GET /radio.php HTTP/1.1" 302 276 "-" "-"
74.206.190.119 - - [04/Apr/2026:08:07:36 -0400] "POST /wp-cron.php?doing_wp_cron=1775304456.8249650001525878906250 HTTP/1.1" 200 - "-" "WordPress/3.6.1; http://www.fluidbonding.com"
141.94.194.132 - - [04/Apr/2026:08:07:36 -0400] "GET /index.php/feed HTTP/1.1" 200 14876 "-" "Mozilla/5.0 (X11; Linux i686) AppleWebKit/537.36 (KHTML, like Gecko) Chrome/30.0.1599.66 Safari/537.36"
51.68.111.212 - - [04/Apr/2026:08:18:06 -0400] "GET /robots.txt HTTP/1.1" 302 276 "-" "Mozilla/5.0 (compatible; MJ12bot/v2.0.5; http://mj12bot.com/)"
51.68.111.212 - - [04/Apr/2026:08:18:07 -0400] "GET / HTTP/1.1" 302 276 "-" "Mozilla/5.0 (compatible; MJ12bot/v2.0.5; http://mj12bot.com/)"
114.119.148.233 - - [04/Apr/2026:08:18:45 -0400] "GET /index.php/category/body-fluids/page/4 HTTP/1.1" 200 58231 "http://www.fluidbonding.com/index.php/category/body-fluids/page/2" "Mozilla/5.0 (Linux; Android 7.0;) AppleWebKit/537.36 (KHTML, like Gecko) Mobile Safari/537.36 (compatible; PetalBot;+https://webmaster.petalsearch.com/site/petalbot)"
4.210.23.217 - - [04/Apr/2026:08:57:33 -0400] "GET /index.php/feed HTTP/1.1" 200 14876 "-" "Mozilla/5.0 (Macintosh; Intel Mac OS X 10.15; rv:92.0) Gecko/20100101 Firefox/92.0"
74.206.190.119 - - [04/Apr/2026:09:08:18 -0400] "POST /wp-cron.php?doing_wp_cron=1775308098.3741359710693359375000 HTTP/1.1" 200 - "-" "WordPress/3.6.1; http://www.fluidbonding.com"
110.249.202.87 - - [04/Apr/2026:09:08:18 -0400] "GET / HTTP/1.1" 200 73246 "-" "Mozilla/5.0 (Linux; Android 5.0) AppleWebKit/537.36 (KHTML, like Gecko) Mobile Safari/537.36 (compatible; Bytespider; https://zhanzhang.toutiao.com/)"
110.249.202.186 - - [04/Apr/2026:09:08:31 -0400] "GET /wp-content/plugins/wp-postratings/postratings-js.php?ver=1.30 HTTP/1.1" 200 4813 "http://www.fluidbonding.com/" "Mozilla/5.0 (Linux; Android 5.0) AppleWebKit/537.36 (KHTML, like Gecko) Mobile Safari/537.36 (compatible; Bytespider; https://zhanzhang.toutiao.com/)"
110.249.202.34 - - [04/Apr/2026:09:12:20 -0400] "GET /robots.txt HTTP/1.1" 200 29 "-" "Mozilla/5.0 (Linux; Android 5.0) AppleWebKit/537.36 (KHTML, like Gecko) Mobile Safari/537.36 (compatible; Bytespider; https://zhanzhang.toutiao.com/)"
43.133.139.6 - - [04/Apr/2026:09:25:15 -0400] "GET / HTTP/1.1" 200 73246 "-" "Mozilla/5.0 (iPhone; CPU iPhone OS 13_2_3 like Mac OS X) AppleWebKit/605.1.15 (KHTML, like Gecko) Version/13.0.3 Mobile/15E148 Safari/604.1"
216.73.216.99 - - [04/Apr/2026:09:31:28 -0400] "GET /robots.txt HTTP/1.1" 200 29 "-" "Mozilla/5.0 AppleWebKit/537.36 (KHTML, like Gecko; compatible; ClaudeBot/1.0; +claudebot@anthropic.com)"
74.206.190.119 - - [04/Apr/2026:10:13:00 -0400] "POST /wp-cron.php?doing_wp_cron=1775311980.7545969486236572265625 HTTP/1.1" 200 - "-" "WordPress/3.6.1; http://www.fluidbonding.com"
14.184.74.213 - - [04/Apr/2026:10:13:00 -0400] "GET / HTTP/1.1" 200 73246 "-" "Mozilla/5.0 (Macintosh; Intel Mac OS X 11_7_0) AppleWebKit/537.36 (KHTML, like Gecko) Chrome/126.0.6478.126 Safari/537.36"
141.94.194.132 - - [04/Apr/2026:10:29:54 -0400] "GET /index.php/body-fluids/sperm-swapping-tube.html/feed HTTP/1.1" 200 1307 "-" "Mozilla/5.0 (X11; Linux i686) AppleWebKit/537.36 (KHTML, like Gecko) Chrome/30.0.1599.66 Safari/537.36"
216.73.216.99 - - [04/Apr/2026:10:33:17 -0400] "GET /robots.txt HTTP/1.1" 200 29 "-" "Mozilla/5.0 AppleWebKit/537.36 (KHTML, like Gecko; compatible; ClaudeBot/1.0; +claudebot@anthropic.com)"
141.94.194.132 - - [04/Apr/2026:10:35:57 -0400] "GET /index.php/category/uncategorized/feed HTTP/1.1" 200 4192 "-" "Mozilla/5.0 (X11; Linux i686) AppleWebKit/537.36 (KHTML, like Gecko) Chrome/30.0.1599.66 Safari/537.36"
43.130.12.43 - - [04/Apr/2026:10:37:22 -0400] "GET / HTTP/1.1" 301 - "-" "Mozilla/5.0 (iPhone; CPU iPhone OS 13_2_3 like Mac OS X) AppleWebKit/605.1.15 (KHTML, like Gecko) Version/13.0.3 Mobile/15E148 Safari/604.1"
43.130.12.43 - - [04/Apr/2026:10:37:23 -0400] "GET / HTTP/1.1" 200 73246 "http://fluidbonding.com" "Mozilla/5.0 (iPhone; CPU iPhone OS 13_2_3 like Mac OS X) AppleWebKit/605.1.15 (KHTML, like Gecko) Version/13.0.3 Mobile/15E148 Safari/604.1"
145.239.10.137 - - [04/Apr/2026:10:50:44 -0400] "GET /c15.php HTTP/1.1" 302 276 "http://fluidbonding.com/c15.php" "Mozilla/5.0 (iPhone; CPU iPhone OS 17_5_1 like Mac OS X) AppleWebKit/605.1.15 (KHTML, like Gecko) Version/17.5 Mobile/15E148 Safari/604.1"
199.45.154.119 - - [04/Apr/2026:10:51:59 -0400] "GET / HTTP/1.1" 301 - "-" "Mozilla/5.0 (compatible; CensysInspect/1.1; +https://about.censys.io/)"
199.45.154.119 - - [04/Apr/2026:10:52:03 -0400] "GET / HTTP/1.1" 200 73246 "-" "Mozilla/5.0 (compatible; CensysInspect/1.1; +https://about.censys.io/)"
74.206.190.119 - - [04/Apr/2026:11:25:37 -0400] "POST /wp-cron.php?doing_wp_cron=1775316337.0920519828796386718750 HTTP/1.1" 200 - "-" "WordPress/3.6.1; http://www.fluidbonding.com"
141.94.194.132 - - [04/Apr/2026:11:25:37 -0400] "GET /index.php/feed HTTP/1.1" 200 14876 "-" "Mozilla/5.0 (X11; Linux i686) AppleWebKit/537.36 (KHTML, like Gecko) Chrome/30.0.1599.66 Safari/537.36"
114.119.148.233 - - [04/Apr/2026:11:38:34 -0400] "GET /index.php/tag/fluid-tube HTTP/1.1" 200 10648 "http://www.fluidbonding.com/index.php/body-fluids/fluid-tube.html" "Mozilla/5.0 (Linux; Android 7.0;) AppleWebKit/537.36 (KHTML, like Gecko) Mobile Safari/537.36 (compatible; PetalBot;+https://webmaster.petalsearch.com/site/petalbot)"
74.206.190.119 - - [04/Apr/2026:12:17:10 -0400] "POST /wp-cron.php?doing_wp_cron=1775319430.7594959735870361328125 HTTP/1.1" 200 - "-" "WordPress/3.6.1; http://www.fluidbonding.com"
141.94.194.132 - - [04/Apr/2026:12:17:10 -0400] "GET /index.php/body-fluids/gay-facial-cum.html/feed HTTP/1.1" 200 2156 "-" "Mozilla/5.0 (X11; Linux i686) AppleWebKit/537.36 (KHTML, like Gecko) Chrome/30.0.1599.66 Safari/537.36"
141.94.194.132 - - [04/Apr/2026:12:36:23 -0400] "GET /index.php/body-fluids/gay-sex-tubes.html/feed HTTP/1.1" 200 1285 "-" "Mozilla/5.0 (X11; Linux i686) AppleWebKit/537.36 (KHTML, like Gecko) Chrome/30.0.1599.66 Safari/537.36"
216.73.216.99 - - [04/Apr/2026:12:42:09 -0400] "GET /robots.txt HTTP/1.1" 200 29 "-" "Mozilla/5.0 AppleWebKit/537.36 (KHTML, like Gecko; compatible; ClaudeBot/1.0; +claudebot@anthropic.com)"
44.194.98.103 - - [04/Apr/2026:12:45:07 -0400] "GET /robots.txt HTTP/1.1" 200 29 "-" "Mozilla/5.0 (Macintosh; Intel Mac OS X 10_10_1) AppleWebKit/600.2.5 (KHTML, like Gecko) Version/8.0.2 Safari/600.2.5 (Gort)"
114.119.159.64 - - [04/Apr/2026:12:58:15 -0400] "GET /index.php/page/4 HTTP/1.1" 200 64990 "http://www.fluidbonding.com/" "Mozilla/5.0 (Linux; Android 7.0;) AppleWebKit/537.36 (KHTML, like Gecko) Mobile Safari/537.36 (compatible; PetalBot;+https://webmaster.petalsearch.com/site/petalbot)"
74.206.190.119 - - [04/Apr/2026:13:06:56 -0400] "POST /wp-cron.php?doing_wp_cron=1775322416.5916879177093505859375 HTTP/1.1" 200 - "-" "WordPress/3.6.1; http://www.fluidbonding.com"
141.94.194.132 - - [04/Apr/2026:13:06:55 -0400] "GET /index.php/body-fluids/sperm-swapping-tube.html/feed HTTP/1.1" 200 1307 "-" "Mozilla/5.0 (X11; Linux i686) AppleWebKit/537.36 (KHTML, like Gecko) Chrome/30.0.1599.66 Safari/537.36"
114.119.148.233 - - [04/Apr/2026:13:28:15 -0400] "GET /index.php/uncategorized/gay-video-tube.html HTTP/1.1" 200 11890 "http://www.fluidbonding.com/index.php/category/uncategorized" "Mozilla/5.0 (Linux; Android 7.0;) AppleWebKit/537.36 (KHTML, like Gecko) Mobile Safari/537.36 (compatible; PetalBot;+https://webmaster.petalsearch.com/site/petalbot)"
141.94.194.132 - - [04/Apr/2026:13:30:58 -0400] "GET /index.php/category/uncategorized/feed HTTP/1.1" 200 4192 "-" "Mozilla/5.0 (X11; Linux i686) AppleWebKit/537.36 (KHTML, like Gecko) Chrome/30.0.1599.66 Safari/537.36"
141.94.194.132 - - [04/Apr/2026:13:53:43 -0400] "GET /index.php/body-fluids/red-gay-tube.html/feed HTTP/1.1" 200 1356 "-" "Mozilla/5.0 (X11; Linux i686) AppleWebKit/537.36 (KHTML, like Gecko) Chrome/30.0.1599.66 Safari/537.36"
160.30.137.9 - - [04/Apr/2026:13:54:25 -0400] "GET /wp-login.php HTTP/1.1" 301 - "" "Mozilla/5.0 (Windows NT 11.0; Win64; x64; rv:119.0) Gecko/20100101 Firefox/119.0"
160.30.137.9 - - [04/Apr/2026:13:54:26 -0400] "GET /wp-login.php HTTP/1.1" 200 2338 "" "Mozilla/5.0 (Windows NT 11.0; Win64; x64; rv:119.0) Gecko/20100101 Firefox/119.0"
160.30.137.9 - - [04/Apr/2026:13:54:31 -0400] "POST /wp-login.php HTTP/1.1" 301 - "http://fluidbonding.com/wp-login.php" "Mozilla/5.0 (Macintosh; Intel Mac OS X 13_6_1; rv:118.0) Gecko/20100101 Firefox/118.0"
160.30.137.9 - - [04/Apr/2026:13:54:34 -0400] "POST /wp-login.php HTTP/1.1" 301 - "http://fluidbonding.com/wp-login.php" "Mozilla/5.0 (Macintosh; Intel Mac OS X 10_15_7; rv:120.0) Gecko/20100101 Firefox/120.0"
160.30.137.9 - - [04/Apr/2026:13:54:37 -0400] "POST /wp-login.php HTTP/1.1" 301 - "http://fluidbonding.com/wp-login.php" "Mozilla/5.0 (Windows NT 10.0; Win64; x64) AppleWebKit/537.36 (KHTML, like Gecko) Chrome/120.0.0.0 Safari/537.36"
160.30.137.9 - - [04/Apr/2026:13:54:40 -0400] "POST /wp-login.php HTTP/1.1" 301 - "http://fluidbonding.com/wp-login.php" "Mozilla/5.0 (Windows NT 10.0; Win64; x64; rv:121.0) Gecko/20100101 Firefox/121.0"
160.30.137.9 - - [04/Apr/2026:13:54:42 -0400] "POST /wp-login.php HTTP/1.1" 301 - "http://fluidbonding.com/wp-login.php" "Mozilla/5.0 (X11; Ubuntu; Linux x86_64) AppleWebKit/537.36 (KHTML, like Gecko) Chrome/118.0.0.0 Safari/537.36"
160.30.137.9 - - [04/Apr/2026:13:54:44 -0400] "POST /wp-login.php HTTP/1.1" 301 - "http://fluidbonding.com/wp-login.php" "Mozilla/5.0 (Macintosh; Intel Mac OS X 10_15_7) AppleWebKit/537.36 (KHTML, like Gecko) Chrome/118.0.0.0 Safari/537.36"
160.30.137.9 - - [04/Apr/2026:13:54:46 -0400] "POST /wp-login.php HTTP/1.1" 301 - "http://fluidbonding.com/wp-login.php" "Mozilla/5.0 (X11; Linux x86_64) AppleWebKit/537.36 (KHTML, like Gecko) Chrome/119.0.0.0 Safari/537.36"
160.30.137.9 - - [04/Apr/2026:13:54:48 -0400] "POST /wp-login.php HTTP/1.1" 301 - "http://fluidbonding.com/wp-login.php" "Mozilla/5.0 (Macintosh; Intel Mac OS X 10_15_7) AppleWebKit/537.36 (KHTML, like Gecko) Chrome/119.0.0.0 Safari/537.36"
160.30.137.9 - - [04/Apr/2026:13:54:50 -0400] "POST /wp-login.php HTTP/1.1" 301 - "http://fluidbonding.com/wp-login.php" "Mozilla/5.0 (Windows NT 11.0; Win64; x64; rv:118.0) Gecko/20100101 Firefox/118.0"
160.30.137.9 - - [04/Apr/2026:13:54:52 -0400] "POST /wp-login.php HTTP/1.1" 301 - "http://fluidbonding.com/wp-login.php" "Mozilla/5.0 (Macintosh; Intel Mac OS X 13_6_1) AppleWebKit/537.36 (KHTML, like Gecko) Chrome/119.0.0.0 Safari/537.36"
160.30.137.9 - - [04/Apr/2026:13:54:54 -0400] "POST /wp-login.php HTTP/1.1" 301 - "http://fluidbonding.com/wp-login.php" "Mozilla/5.0 (Windows NT 11.0; Win64; x64) AppleWebKit/537.36 (KHTML, like Gecko) Chrome/120.0.0.0 Safari/537.36"
160.30.137.9 - - [04/Apr/2026:13:54:56 -0400] "POST /wp-login.php HTTP/1.1" 301 - "http://fluidbonding.com/wp-login.php" "Mozilla/5.0 (Windows NT 11.0; Win64; x64; rv:118.0) Gecko/20100101 Firefox/118.0"
160.30.137.9 - - [04/Apr/2026:13:54:58 -0400] "POST /wp-login.php HTTP/1.1" 301 - "http://fluidbonding.com/wp-login.php" "Mozilla/5.0 (Windows NT 11.0; Win64; x64; rv:120.0) Gecko/20100101 Firefox/120.0"
160.30.137.9 - - [04/Apr/2026:13:55:00 -0400] "POST /wp-login.php HTTP/1.1" 301 - "http://fluidbonding.com/wp-login.php" "Mozilla/5.0 (Macintosh; Intel Mac OS X 10_15_7) AppleWebKit/537.36 (KHTML, like Gecko) Chrome/121.0.0.0 Safari/537.36"
160.30.137.9 - - [04/Apr/2026:13:55:02 -0400] "POST /wp-login.php HTTP/1.1" 301 - "http://fluidbonding.com/wp-login.php" "Mozilla/5.0 (Macintosh; Intel Mac OS X 13_6_1) AppleWebKit/605.1.15 (KHTML, like Gecko) Version/17.2 Safari/605.1.15"
160.30.137.9 - - [04/Apr/2026:13:55:04 -0400] "POST /wp-login.php HTTP/1.1" 301 - "http://fluidbonding.com/wp-login.php" "Mozilla/5.0 (X11; Linux x86_64) AppleWebKit/537.36 (KHTML, like Gecko) Chrome/118.0.0.0 Safari/537.36"
160.30.137.9 - - [04/Apr/2026:13:55:07 -0400] "POST /wp-login.php HTTP/1.1" 301 - "http://fluidbonding.com/wp-login.php" "Mozilla/5.0 (Macintosh; Intel Mac OS X 13_6_1) AppleWebKit/537.36 (KHTML, like Gecko) Chrome/120.0.0.0 Safari/537.36"
160.30.137.9 - - [04/Apr/2026:13:55:09 -0400] "POST /wp-login.php HTTP/1.1" 301 - "http://fluidbonding.com/wp-login.php" "Mozilla/5.0 (Macintosh; Intel Mac OS X 10_15_7) AppleWebKit/537.36 (KHTML, like Gecko) Chrome/121.0.0.0 Safari/537.36"
160.30.137.9 - - [04/Apr/2026:13:55:11 -0400] "POST /wp-login.php HTTP/1.1" 301 - "http://fluidbonding.com/wp-login.php" "Mozilla/5.0 (X11; Linux x86_64) AppleWebKit/537.36 (KHTML, like Gecko) Chrome/121.0.0.0 Safari/537.36"
160.30.137.9 - - [04/Apr/2026:13:55:13 -0400] "POST /wp-login.php HTTP/1.1" 301 - "http://fluidbonding.com/wp-login.php" "Mozilla/5.0 (Windows NT 10.0; Win64; x64) AppleWebKit/537.36 (KHTML, like Gecko) Chrome/119.0.0.0 Safari/537.36"
160.30.137.9 - - [04/Apr/2026:13:55:15 -0400] "POST /wp-login.php HTTP/1.1" 301 - "http://fluidbonding.com/wp-login.php" "Mozilla/5.0 (Macintosh; Intel Mac OS X 10_15_7; rv:120.0) Gecko/20100101 Firefox/120.0"
160.30.137.9 - - [04/Apr/2026:13:55:17 -0400] "POST /wp-login.php HTTP/1.1" 301 - "http://fluidbonding.com/wp-login.php" "Mozilla/5.0 (Windows NT 10.0; Win64; x64) AppleWebKit/537.36 (KHTML, like Gecko) Chrome/120.0.0.0 Safari/537.36"
160.30.137.9 - - [04/Apr/2026:13:55:19 -0400] "POST /wp-login.php HTTP/1.1" 301 - "http://fluidbonding.com/wp-login.php" "Mozilla/5.0 (Macintosh; Intel Mac OS X 10_15_7) AppleWebKit/605.1.15 (KHTML, like Gecko) Version/17.0 Safari/605.1.15"
160.30.137.9 - - [04/Apr/2026:13:55:21 -0400] "POST /wp-login.php HTTP/1.1" 301 - "http://fluidbonding.com/wp-login.php" "Mozilla/5.0 (Macintosh; Intel Mac OS X 10_15_7) AppleWebKit/605.1.15 (KHTML, like Gecko) Version/17.2 Safari/605.1.15"
160.30.137.9 - - [04/Apr/2026:13:55:23 -0400] "POST /wp-login.php HTTP/1.1" 301 - "http://fluidbonding.com/wp-login.php" "Mozilla/5.0 (Macintosh; Intel Mac OS X 10_15_7) AppleWebKit/537.36 (KHTML, like Gecko) Chrome/121.0.0.0 Safari/537.36"
160.30.137.9 - - [04/Apr/2026:13:55:26 -0400] "POST /wp-login.php HTTP/1.1" 301 - "http://fluidbonding.com/wp-login.php" "Mozilla/5.0 (Windows NT 10.0; Win64; x64) AppleWebKit/537.36 (KHTML, like Gecko) Chrome/118.0.0.0 Safari/537.36"
201.247.37.33 - - [04/Apr/2026:14:01:49 -0400] "GET / HTTP/1.1" 200 73246 "-" "Mozilla/5.0 (Macintosh; Intel Mac OS X 14_5_0) AppleWebKit/537.36 (KHTML, like Gecko) Chrome/130.0.6723.69 Safari/537.36"
74.206.190.119 - - [04/Apr/2026:14:20:31 -0400] "POST /wp-cron.php?doing_wp_cron=1775326831.7314510345458984375000 HTTP/1.1" 200 - "-" "WordPress/3.6.1; http://www.fluidbonding.com"
114.119.148.233 - - [04/Apr/2026:14:20:31 -0400] "GET /index.php/body-fluids/gay-sperm-lovers.html HTTP/1.1" 200 11913 "http://www.fluidbonding.com/index.php/tag/barebacked" "Mozilla/5.0 (Linux; Android 7.0;) AppleWebKit/537.36 (KHTML, like Gecko) Mobile Safari/537.36 (compatible; PetalBot;+https://webmaster.petalsearch.com/site/petalbot)"
141.94.194.132 - - [04/Apr/2026:14:25:38 -0400] "GET /index.php/feed HTTP/1.1" 200 14876 "-" "Mozilla/5.0 (X11; Linux i686) AppleWebKit/537.36 (KHTML, like Gecko) Chrome/30.0.1599.66 Safari/537.36"
216.73.216.99 - - [04/Apr/2026:14:42:39 -0400] "GET /robots.txt HTTP/1.1" 200 29 "-" "Mozilla/5.0 AppleWebKit/537.36 (KHTML, like Gecko; compatible; ClaudeBot/1.0; +claudebot@anthropic.com)"
141.94.194.132 - - [04/Apr/2026:14:53:16 -0400] "GET /index.php/body-fluids/gay-cum-lovers.html/feed HTTP/1.1" 200 814 "-" "Mozilla/5.0 (X11; Linux i686) AppleWebKit/537.36 (KHTML, like Gecko) Chrome/30.0.1599.66 Safari/537.36"
43.157.158.178 - - [04/Apr/2026:14:58:58 -0400] "GET / HTTP/1.1" 200 73246 "-" "Mozilla/5.0 (iPhone; CPU iPhone OS 13_2_3 like Mac OS X) AppleWebKit/605.1.15 (KHTML, like Gecko) Version/13.0.3 Mobile/15E148 Safari/604.1"
74.206.190.119 - - [04/Apr/2026:15:26:40 -0400] "POST /wp-cron.php?doing_wp_cron=1775330800.4167060852050781250000 HTTP/1.1" 200 - "-" "WordPress/3.6.1; http://www.fluidbonding.com"
14.169.63.110 - - [04/Apr/2026:15:26:40 -0400] "GET /index.php/tag/barebacked HTTP/1.1" 200 17929 "-" "Mozilla/5.0 (Macintosh; U; PPC Mac OS X; it-it) AppleWebKit/417.9 (KHTML, like Gecko) Safari/417.8"
43.159.139.164 - - [04/Apr/2026:15:33:51 -0400] "GET /index.php/page/3 HTTP/1.1" 200 72531 "-" "Mozilla/5.0 (iPhone; CPU iPhone OS 13_2_3 like Mac OS X) AppleWebKit/605.1.15 (KHTML, like Gecko) Version/13.0.3 Mobile/15E148 Safari/604.1"
43.155.195.141 - - [04/Apr/2026:15:52:43 -0400] "GET /index.php/body-fluids/gay-bukkake-porn.html HTTP/1.1" 200 11893 "-" "Mozilla/5.0 (iPhone; CPU iPhone OS 13_2_3 like Mac OS X) AppleWebKit/605.1.15 (KHTML, like Gecko) Version/13.0.3 Mobile/15E148 Safari/604.1"
141.94.194.132 - - [04/Apr/2026:15:59:57 -0400] "GET /index.php/body-fluids/sperm-swapping-tube.html/feed HTTP/1.1" 200 1307 "-" "Mozilla/5.0 (X11; Linux i686) AppleWebKit/537.36 (KHTML, like Gecko) Chrome/30.0.1599.66 Safari/537.36"
43.130.105.21 - - [04/Apr/2026:16:03:45 -0400] "GET /index.php/body-fluids/gay-fuck-tube.html HTTP/1.1" 200 11892 "-" "Mozilla/5.0 (iPhone; CPU iPhone OS 13_2_3 like Mac OS X) AppleWebKit/605.1.15 (KHTML, like Gecko) Version/13.0.3 Mobile/15E148 Safari/604.1"
74.206.190.119 - - [04/Apr/2026:16:22:56 -0400] "POST /wp-cron.php?doing_wp_cron=1775334176.6955389976501464843750 HTTP/1.1" 200 - "-" "WordPress/3.6.1; http://www.fluidbonding.com"
43.153.86.78 - - [04/Apr/2026:16:22:56 -0400] "GET /index.php/body-fluids/body-tube-2.html HTTP/1.1" 200 11709 "-" "Mozilla/5.0 (iPhone; CPU iPhone OS 13_2_3 like Mac OS X) AppleWebKit/605.1.15 (KHTML, like Gecko) Version/13.0.3 Mobile/15E148 Safari/604.1"
43.157.170.13 - - [04/Apr/2026:16:41:36 -0400] "GET /index.php/body-fluids/gay-bukkake-porn.html HTTP/1.1" 200 11893 "-" "Mozilla/5.0 (iPhone; CPU iPhone OS 13_2_3 like Mac OS X) AppleWebKit/605.1.15 (KHTML, like Gecko) Version/13.0.3 Mobile/15E148 Safari/604.1"
49.51.233.46 - - [04/Apr/2026:16:52:50 -0400] "GET /index.php/feed HTTP/1.1" 200 14876 "-" "Mozilla/5.0 (iPhone; CPU iPhone OS 13_2_3 like Mac OS X) AppleWebKit/605.1.15 (KHTML, like Gecko) Version/13.0.3 Mobile/15E148 Safari/604.1"
43.155.195.141 - - [04/Apr/2026:17:01:31 -0400] "GET / HTTP/1.1" 301 - "-" "Mozilla/5.0 (iPhone; CPU iPhone OS 13_2_3 like Mac OS X) AppleWebKit/605.1.15 (KHTML, like Gecko) Version/13.0.3 Mobile/15E148 Safari/604.1"
43.155.195.141 - - [04/Apr/2026:17:01:32 -0400] "GET / HTTP/1.1" 200 73246 "http://fluidbonding.com" "Mozilla/5.0 (iPhone; CPU iPhone OS 13_2_3 like Mac OS X) AppleWebKit/605.1.15 (KHTML, like Gecko) Version/13.0.3 Mobile/15E148 Safari/604.1"
141.94.194.132 - - [04/Apr/2026:17:02:08 -0400] "GET /index.php/body-fluids/gay-sex-videos.html/feed HTTP/1.1" 200 3206 "-" "Mozilla/5.0 (X11; Linux i686) AppleWebKit/537.36 (KHTML, like Gecko) Chrome/30.0.1599.66 Safari/537.36"
74.206.190.119 - - [04/Apr/2026:17:05:49 -0400] "POST /wp-cron.php?doing_wp_cron=1775336749.9456350803375244140625 HTTP/1.1" 200 - "-" "WordPress/3.6.1; http://www.fluidbonding.com"
43.130.3.122 - - [04/Apr/2026:17:05:49 -0400] "GET /?p=200 HTTP/1.1" 301 - "-" "Mozilla/5.0 (iPhone; CPU iPhone OS 13_2_3 like Mac OS X) AppleWebKit/605.1.15 (KHTML, like Gecko) Version/13.0.3 Mobile/15E148 Safari/604.1"
43.130.3.122 - - [04/Apr/2026:17:05:52 -0400] "GET /index.php/body-fluids/gay-fuck-tube.html HTTP/1.1" 200 11892 "http://www.fluidbonding.com/?p=200" "Mozilla/5.0 (iPhone; CPU iPhone OS 13_2_3 like Mac OS X) AppleWebKit/605.1.15 (KHTML, like Gecko) Version/13.0.3 Mobile/15E148 Safari/604.1"
217.216.37.56 - - [04/Apr/2026:17:06:29 -0400] "GET / HTTP/1.1" 301 - "-" "Go-http-client/1.1"
217.216.37.56 - - [04/Apr/2026:17:06:30 -0400] "GET / HTTP/1.1" 200 73246 "http://fluidbonding.com/" "Go-http-client/1.1"
141.94.194.132 - - [04/Apr/2026:17:06:45 -0400] "GET /index.php/body-fluids/red-gay-tube.html/feed HTTP/1.1" 200 1356 "-" "Mozilla/5.0 (X11; Linux i686) AppleWebKit/537.36 (KHTML, like Gecko) Chrome/30.0.1599.66 Safari/537.36"
216.73.216.99 - - [04/Apr/2026:17:12:41 -0400] "GET /robots.txt HTTP/1.1" 200 29 "-" "Mozilla/5.0 AppleWebKit/537.36 (KHTML, like Gecko; compatible; ClaudeBot/1.0; +claudebot@anthropic.com)"
43.153.87.54 - - [04/Apr/2026:17:13:18 -0400] "GET /index.php/body-fluids/body-tube-2.html HTTP/1.1" 200 11709 "-" "Mozilla/5.0 (iPhone; CPU iPhone OS 13_2_3 like Mac OS X) AppleWebKit/605.1.15 (KHTML, like Gecko) Version/13.0.3 Mobile/15E148 Safari/604.1"
141.94.194.132 - - [04/Apr/2026:17:19:38 -0400] "GET /index.php/feed HTTP/1.1" 200 14876 "-" "Mozilla/5.0 (X11; Linux i686) AppleWebKit/537.36 (KHTML, like Gecko) Chrome/30.0.1599.66 Safari/537.36"
43.153.73.200 - - [04/Apr/2026:17:24:15 -0400] "GET /index.php/body-fluids/sexy-body-tube.html HTTP/1.1" 200 11811 "-" "Mozilla/5.0 (iPhone; CPU iPhone OS 13_2_3 like Mac OS X) AppleWebKit/605.1.15 (KHTML, like Gecko) Version/13.0.3 Mobile/15E148 Safari/604.1"
52.167.144.18 - - [04/Apr/2026:17:26:34 -0400] "GET /index.php/page/2 HTTP/1.1" 200 72944 "-" "Mozilla/5.0 AppleWebKit/537.36 (KHTML, like Gecko; compatible; bingbot/2.0; +http://www.bing.com/bingbot.htm) Chrome/116.0.1938.76 Safari/537.36"
43.131.36.84 - - [04/Apr/2026:17:32:31 -0400] "GET /index.php/body-fluids/gay-anal-sex-2.html HTTP/1.1" 200 11809 "-" "Mozilla/5.0 (iPhone; CPU iPhone OS 13_2_3 like Mac OS X) AppleWebKit/605.1.15 (KHTML, like Gecko) Version/13.0.3 Mobile/15E148 Safari/604.1"
47.128.50.108 - - [04/Apr/2026:17:34:17 -0400] "GET / HTTP/1.1" 200 73246 "-" "Mozilla/5.0 (Linux; Android 5.0) AppleWebKit/537.36 (KHTML, like Gecko) Mobile Safari/537.36 (compatible; Bytespider; spider-feedback@bytedance.com)"
47.128.120.168 - - [04/Apr/2026:17:34:53 -0400] "GET / HTTP/1.1" 200 73246 "-" "Mozilla/5.0 (Linux; Android 5.0) AppleWebKit/537.36 (KHTML, like Gecko) Mobile Safari/537.36 (compatible; TikTokSpider; ttspider-feedback@tiktok.com)"
170.106.140.110 - - [04/Apr/2026:17:41:32 -0400] "GET /?p=194 HTTP/1.1" 301 - "-" "Mozilla/5.0 (iPhone; CPU iPhone OS 13_2_3 like Mac OS X) AppleWebKit/605.1.15 (KHTML, like Gecko) Version/13.0.3 Mobile/15E148 Safari/604.1"
170.106.140.110 - - [04/Apr/2026:17:41:35 -0400] "GET /index.php/body-fluids/gay-bukkake-porn.html HTTP/1.1" 200 11893 "http://www.fluidbonding.com/?p=194" "Mozilla/5.0 (iPhone; CPU iPhone OS 13_2_3 like Mac OS X) AppleWebKit/605.1.15 (KHTML, like Gecko) Version/13.0.3 Mobile/15E148 Safari/604.1"
40.77.167.47 - - [04/Apr/2026:17:48:32 -0400] "GET /index.php/body-fluids/cum-shot-tube.html HTTP/1.1" 200 11854 "-" "Mozilla/5.0 AppleWebKit/537.36 (KHTML, like Gecko; compatible; bingbot/2.0; +http://www.bing.com/bingbot.htm) Chrome/116.0.1938.76 Safari/537.36"
43.157.170.13 - - [04/Apr/2026:17:51:58 -0400] "GET /index.php/body-fluids/red-gay-tube.html/feed HTTP/1.1" 200 1356 "-" "Mozilla/5.0 (iPhone; CPU iPhone OS 13_2_3 like Mac OS X) AppleWebKit/605.1.15 (KHTML, like Gecko) Version/13.0.3 Mobile/15E148 Safari/604.1"
141.94.194.132 - - [04/Apr/2026:17:57:53 -0400] "GET /index.php/body-fluids/gay-tube-porn.html/feed HTTP/1.1" 200 811 "-" "Mozilla/5.0 (X11; Linux i686) AppleWebKit/537.36 (KHTML, like Gecko) Chrome/30.0.1599.66 Safari/537.36"
74.206.190.119 - - [04/Apr/2026:18:04:07 -0400] "POST /wp-cron.php?doing_wp_cron=1775340247.0164570808410644531250 HTTP/1.1" 200 - "-" "WordPress/3.6.1; http://www.fluidbonding.com"
43.159.128.237 - - [04/Apr/2026:18:04:06 -0400] "GET /index.php/body-fluids/cumshot-tube-2.html HTTP/1.1" 200 11951 "-" "Mozilla/5.0 (iPhone; CPU iPhone OS 13_2_3 like Mac OS X) AppleWebKit/605.1.15 (KHTML, like Gecko) Version/13.0.3 Mobile/15E148 Safari/604.1"
43.159.148.221 - - [04/Apr/2026:18:17:55 -0400] "GET /index.php/body-fluids/cumshot-tube-2.html HTTP/1.1" 200 11951 "-" "Mozilla/5.0 (iPhone; CPU iPhone OS 13_2_3 like Mac OS X) AppleWebKit/605.1.15 (KHTML, like Gecko) Version/13.0.3 Mobile/15E148 Safari/604.1"
43.153.7.191 - - [04/Apr/2026:18:29:00 -0400] "GET /?p=179 HTTP/1.1" 301 - "-" "Mozilla/5.0 (iPhone; CPU iPhone OS 13_2_3 like Mac OS X) AppleWebKit/605.1.15 (KHTML, like Gecko) Version/13.0.3 Mobile/15E148 Safari/604.1"
43.153.7.191 - - [04/Apr/2026:18:29:03 -0400] "GET /index.php/body-fluids/cumshot-tube-2.html HTTP/1.1" 200 11951 "http://www.fluidbonding.com/?p=179" "Mozilla/5.0 (iPhone; CPU iPhone OS 13_2_3 like Mac OS X) AppleWebKit/605.1.15 (KHTML, like Gecko) Version/13.0.3 Mobile/15E148 Safari/604.1"
202.61.196.126 - - [04/Apr/2026:18:38:26 -0400] "GET /robots.txt HTTP/1.1" 200 29 "-" "Mozilla/5.0 (compatible; Website-info.net-Robot; https://website-info.net/robot)"
202.61.196.126 - - [04/Apr/2026:18:38:27 -0400] "GET / HTTP/1.1" 301 - "-" "Mozilla/5.0 (compatible; Website-info.net-Robot; https://website-info.net/robot)"
202.61.196.126 - - [04/Apr/2026:18:38:28 -0400] "GET / HTTP/1.1" 200 73246 "-" "Mozilla/5.0 (compatible; Website-info.net-Robot; https://website-info.net/robot)"
202.61.196.126 - - [04/Apr/2026:18:38:29 -0400] "GET /robots.txt HTTP/1.1" 200 29 "-" "Mozilla/5.0 (compatible; Website-info.net-Robot; https://website-info.net/robot)"
202.61.196.126 - - [04/Apr/2026:18:38:30 -0400] "GET / HTTP/1.1" 200 73246 "-" "Mozilla/5.0 (compatible; Website-info.net-Robot; https://website-info.net/robot)"
66.29.156.203 - - [04/Apr/2026:18:44:52 -0400] "GET / HTTP/1.1" 301 - "-" "Mozilla/5.0 (iPhone; CPU iPhone OS 17_3 like Mac OS X) AppleWebKit/605.1.15 (KHTML, like Gecko) GSA/300.0.598994205 Mobile/15E148 Safari/604.1"
66.29.156.203 - - [04/Apr/2026:18:44:53 -0400] "GET / HTTP/1.1" 200 73246 "http://fluidbonding.com" "Mozilla/5.0 (iPhone; CPU iPhone OS 17_3 like Mac OS X) AppleWebKit/605.1.15 (KHTML, like Gecko) GSA/300.0.598994205 Mobile/15E148 Safari/604.1"
36.41.75.167 - - [04/Apr/2026:18:54:40 -0400] "GET / HTTP/1.1" 200 73246 "-" "Mozilla/5.0 (iPhone; CPU iPhone OS 13_2_3 like Mac OS X) AppleWebKit/605.1.15 (KHTML, like Gecko) Version/13.0.3 Mobile/15E148 Safari/604.1"
74.206.190.119 - - [04/Apr/2026:19:15:58 -0400] "POST /wp-cron.php?doing_wp_cron=1775344558.2724359035491943359375 HTTP/1.1" 200 - "-" "WordPress/3.6.1; http://www.fluidbonding.com"
