HEX
Server: Apache
System: Linux msm5694.mjhst.com 3.10.0-1160.119.1.el7.x86_64 #1 SMP Tue Jun 4 14:43:51 UTC 2024 x86_64
User: camjab_ssh (1000)
PHP: 5.3.29
Disabled: NONE
Upload Files
File: /home/httpd/logs/fluidbonding.com_access_log.1
152.42.255.59 - - [04/Apr/2026:01:30:36 -0400] "POST /wp-login.php HTTP/1.1" 200 3239 "http://www.fluidbonding.com/wp-login.php" "Mozilla/5.0 (Macintosh; Intel Mac OS X 13_6_1) AppleWebKit/605.1.15 (KHTML, like Gecko) Version/17.2 Safari/605.1.15"
152.42.255.59 - - [04/Apr/2026:01:30:41 -0400] "POST /wp-login.php HTTP/1.1" 200 3239 "http://www.fluidbonding.com/wp-login.php" "Mozilla/5.0 (Windows NT 11.0; Win64; x64) AppleWebKit/537.36 (KHTML, like Gecko) Chrome/120.0.0.0 Safari/537.36"
152.42.255.59 - - [04/Apr/2026:01:30:48 -0400] "POST /wp-login.php HTTP/1.1" 200 3239 "http://www.fluidbonding.com/wp-login.php" "Mozilla/5.0 (X11; Ubuntu; Linux x86_64) AppleWebKit/537.36 (KHTML, like Gecko) Chrome/118.0.0.0 Safari/537.36"
152.42.255.59 - - [04/Apr/2026:01:30:54 -0400] "POST /wp-login.php HTTP/1.1" 200 3239 "http://www.fluidbonding.com/wp-login.php" "Mozilla/5.0 (Windows NT 10.0; Win64; x64) AppleWebKit/537.36 (KHTML, like Gecko) Chrome/118.0.0.0 Safari/537.36"
152.42.255.59 - - [04/Apr/2026:01:30:59 -0400] "POST /wp-login.php HTTP/1.1" 200 3239 "http://www.fluidbonding.com/wp-login.php" "Mozilla/5.0 (Macintosh; Intel Mac OS X 10_15_7) AppleWebKit/605.1.15 (KHTML, like Gecko) Version/17.2 Safari/605.1.15"
152.42.255.59 - - [04/Apr/2026:01:31:08 -0400] "POST /wp-login.php HTTP/1.1" 200 3239 "http://www.fluidbonding.com/wp-login.php" "Mozilla/5.0 (Macintosh; Intel Mac OS X 10_15_7) AppleWebKit/537.36 (KHTML, like Gecko) Chrome/119.0.0.0 Safari/537.36"
152.42.255.59 - - [04/Apr/2026:01:31:15 -0400] "POST /wp-login.php HTTP/1.1" 200 3239 "http://www.fluidbonding.com/wp-login.php" "Mozilla/5.0 (Macintosh; Intel Mac OS X 13_6_1) AppleWebKit/537.36 (KHTML, like Gecko) Chrome/120.0.0.0 Safari/537.36"
152.42.255.59 - - [04/Apr/2026:01:31:23 -0400] "POST /wp-login.php HTTP/1.1" 200 3239 "http://www.fluidbonding.com/wp-login.php" "Mozilla/5.0 (Windows NT 11.0; Win64; x64) AppleWebKit/537.36 (KHTML, like Gecko) Chrome/121.0.0.0 Safari/537.36"
152.42.255.59 - - [04/Apr/2026:01:31:29 -0400] "POST /wp-login.php HTTP/1.1" 200 3239 "http://www.fluidbonding.com/wp-login.php" "Mozilla/5.0 (Windows NT 10.0; Win64; x64; rv:120.0) Gecko/20100101 Firefox/120.0"
152.42.255.59 - - [04/Apr/2026:01:32:14 -0400] "POST /wp-login.php HTTP/1.1" 200 3284 "http://www.fluidbonding.com/wp-login.php" "Mozilla/5.0 (Macintosh; Intel Mac OS X 10_15_7) AppleWebKit/537.36 (KHTML, like Gecko) Chrome/119.0.0.0 Safari/537.36"
152.42.255.59 - - [04/Apr/2026:01:32:21 -0400] "POST /wp-login.php HTTP/1.1" 200 3284 "http://www.fluidbonding.com/wp-login.php" "Mozilla/5.0 (Windows NT 10.0; Win64; x64; rv:121.0) Gecko/20100101 Firefox/121.0"
152.42.255.59 - - [04/Apr/2026:01:32:28 -0400] "POST /wp-login.php HTTP/1.1" 200 3284 "http://www.fluidbonding.com/wp-login.php" "Mozilla/5.0 (Macintosh; Intel Mac OS X 13_6_1) AppleWebKit/605.1.15 (KHTML, like Gecko) Version/16.6 Safari/605.1.15"
152.42.255.59 - - [04/Apr/2026:01:32:33 -0400] "POST /wp-login.php HTTP/1.1" 200 3239 "http://www.fluidbonding.com/wp-login.php" "Mozilla/5.0 (Windows NT 10.0; Win64; x64) AppleWebKit/537.36 (KHTML, like Gecko) Chrome/120.0.0.0 Safari/537.36"
152.42.255.59 - - [04/Apr/2026:01:32:42 -0400] "POST /wp-login.php HTTP/1.1" 200 3239 "http://www.fluidbonding.com/wp-login.php" "Mozilla/5.0 (Macintosh; Intel Mac OS X 13_6_1) AppleWebKit/537.36 (KHTML, like Gecko) Chrome/121.0.0.0 Safari/537.36"
152.42.255.59 - - [04/Apr/2026:01:32:47 -0400] "POST /wp-login.php HTTP/1.1" 200 3239 "http://www.fluidbonding.com/wp-login.php" "Mozilla/5.0 (Macintosh; Intel Mac OS X 10_15_7) AppleWebKit/605.1.15 (KHTML, like Gecko) Version/17.1 Safari/605.1.15"
152.42.255.59 - - [04/Apr/2026:01:32:54 -0400] "POST /wp-login.php HTTP/1.1" 200 3284 "http://www.fluidbonding.com/wp-login.php" "Mozilla/5.0 (X11; Ubuntu; Linux x86_64) AppleWebKit/537.36 (KHTML, like Gecko) Chrome/119.0.0.0 Safari/537.36"
152.42.255.59 - - [04/Apr/2026:01:33:00 -0400] "POST /wp-login.php HTTP/1.1" 200 3284 "http://www.fluidbonding.com/wp-login.php" "Mozilla/5.0 (Macintosh; Intel Mac OS X 13_6_1) AppleWebKit/537.36 (KHTML, like Gecko) Chrome/119.0.0.0 Safari/537.36"
152.42.255.59 - - [04/Apr/2026:01:33:10 -0400] "POST /wp-login.php HTTP/1.1" 200 3239 "http://www.fluidbonding.com/wp-login.php" "Mozilla/5.0 (Windows NT 10.0; Win64; x64; rv:119.0) Gecko/20100101 Firefox/119.0"
152.42.255.59 - - [04/Apr/2026:01:33:19 -0400] "POST /wp-login.php HTTP/1.1" 200 3284 "http://www.fluidbonding.com/wp-login.php" "Mozilla/5.0 (Macintosh; Intel Mac OS X 10_15_7; rv:119.0) Gecko/20100101 Firefox/119.0"
152.42.255.59 - - [04/Apr/2026:01:34:06 -0400] "POST /wp-login.php HTTP/1.1" 200 3239 "http://www.fluidbonding.com/wp-login.php" "Mozilla/5.0 (X11; Linux x86_64) AppleWebKit/537.36 (KHTML, like Gecko) Chrome/121.0.0.0 Safari/537.36"
152.42.255.59 - - [04/Apr/2026:01:34:14 -0400] "POST /wp-login.php HTTP/1.1" 200 3239 "http://www.fluidbonding.com/wp-login.php" "Mozilla/5.0 (Windows NT 10.0; Win64; x64) AppleWebKit/537.36 (KHTML, like Gecko) Chrome/120.0.0.0 Safari/537.36"
152.42.255.59 - - [04/Apr/2026:01:34:21 -0400] "POST /wp-login.php HTTP/1.1" 200 3239 "http://www.fluidbonding.com/wp-login.php" "Mozilla/5.0 (Windows NT 11.0; Win64; x64; rv:118.0) Gecko/20100101 Firefox/118.0"
152.42.255.59 - - [04/Apr/2026:01:34:26 -0400] "POST /wp-login.php HTTP/1.1" 200 3239 "http://www.fluidbonding.com/wp-login.php" "Mozilla/5.0 (Macintosh; Intel Mac OS X 10_15_7) AppleWebKit/605.1.15 (KHTML, like Gecko) Version/17.0 Safari/605.1.15"
152.42.255.59 - - [04/Apr/2026:01:34:34 -0400] "POST /wp-login.php HTTP/1.1" 200 3239 "http://www.fluidbonding.com/wp-login.php" "Mozilla/5.0 (Macintosh; Intel Mac OS X 13_6_1) AppleWebKit/605.1.15 (KHTML, like Gecko) Version/17.2 Safari/605.1.15"
152.42.255.59 - - [04/Apr/2026:01:34:39 -0400] "POST /wp-login.php HTTP/1.1" 200 3284 "http://www.fluidbonding.com/wp-login.php" "Mozilla/5.0 (Windows NT 11.0; Win64; x64; rv:121.0) Gecko/20100101 Firefox/121.0"
152.42.255.59 - - [04/Apr/2026:01:34:45 -0400] "POST /wp-login.php HTTP/1.1" 200 3284 "http://www.fluidbonding.com/wp-login.php" "Mozilla/5.0 (X11; Linux x86_64) AppleWebKit/537.36 (KHTML, like Gecko) Chrome/119.0.0.0 Safari/537.36"
152.42.255.59 - - [04/Apr/2026:01:34:54 -0400] "POST /wp-login.php HTTP/1.1" 200 3239 "http://www.fluidbonding.com/wp-login.php" "Mozilla/5.0 (Macintosh; Intel Mac OS X 10_15_7) AppleWebKit/537.36 (KHTML, like Gecko) Chrome/121.0.0.0 Safari/537.36"
152.42.255.59 - - [04/Apr/2026:01:35:01 -0400] "POST /wp-login.php HTTP/1.1" 200 3239 "http://www.fluidbonding.com/wp-login.php" "Mozilla/5.0 (Windows NT 11.0; Win64; x64) AppleWebKit/537.36 (KHTML, like Gecko) Chrome/120.0.0.0 Safari/537.36"
152.42.255.59 - - [04/Apr/2026:01:35:13 -0400] "POST /wp-login.php HTTP/1.1" 200 3239 "http://www.fluidbonding.com/wp-login.php" "Mozilla/5.0 (Macintosh; Intel Mac OS X 10_15_7; rv:119.0) Gecko/20100101 Firefox/119.0"
152.42.255.59 - - [04/Apr/2026:01:35:35 -0400] "POST /wp-login.php HTTP/1.1" 200 3239 "http://www.fluidbonding.com/wp-login.php" "Mozilla/5.0 (Macintosh; Intel Mac OS X 10_15_7) AppleWebKit/537.36 (KHTML, like Gecko) Chrome/118.0.0.0 Safari/537.36"
152.42.255.59 - - [04/Apr/2026:01:35:43 -0400] "POST /wp-login.php HTTP/1.1" 200 3239 "http://www.fluidbonding.com/wp-login.php" "Mozilla/5.0 (X11; Ubuntu; Linux x86_64) AppleWebKit/537.36 (KHTML, like Gecko) Chrome/118.0.0.0 Safari/537.36"
152.42.255.59 - - [04/Apr/2026:01:35:51 -0400] "POST /wp-login.php HTTP/1.1" 200 3239 "http://www.fluidbonding.com/wp-login.php" "Mozilla/5.0 (Macintosh; Intel Mac OS X 10_15_7) AppleWebKit/605.1.15 (KHTML, like Gecko) Version/17.2 Safari/605.1.15"
152.42.255.59 - - [04/Apr/2026:01:35:59 -0400] "POST /wp-login.php HTTP/1.1" 200 3239 "http://www.fluidbonding.com/wp-login.php" "Mozilla/5.0 (X11; Linux x86_64) AppleWebKit/537.36 (KHTML, like Gecko) Chrome/119.0.0.0 Safari/537.36"
152.42.255.59 - - [04/Apr/2026:01:36:07 -0400] "POST /wp-login.php HTTP/1.1" 200 3239 "http://www.fluidbonding.com/wp-login.php" "Mozilla/5.0 (Macintosh; Intel Mac OS X 13_6_1) AppleWebKit/605.1.15 (KHTML, like Gecko) Version/17.0 Safari/605.1.15"
152.42.255.59 - - [04/Apr/2026:01:36:14 -0400] "POST /wp-login.php HTTP/1.1" 200 3239 "http://www.fluidbonding.com/wp-login.php" "Mozilla/5.0 (Macintosh; Intel Mac OS X 13_6_1; rv:119.0) Gecko/20100101 Firefox/119.0"
152.42.255.59 - - [04/Apr/2026:01:36:22 -0400] "POST /wp-login.php HTTP/1.1" 200 3239 "http://www.fluidbonding.com/wp-login.php" "Mozilla/5.0 (Windows NT 11.0; Win64; x64) AppleWebKit/537.36 (KHTML, like Gecko) Chrome/121.0.0.0 Safari/537.36"
152.42.255.59 - - [04/Apr/2026:01:36:27 -0400] "POST /wp-login.php HTTP/1.1" 200 3239 "http://www.fluidbonding.com/wp-login.php" "Mozilla/5.0 (Macintosh; Intel Mac OS X 13_6_1; rv:121.0) Gecko/20100101 Firefox/121.0"
152.42.255.59 - - [04/Apr/2026:01:36:33 -0400] "POST /wp-login.php HTTP/1.1" 200 3239 "http://www.fluidbonding.com/wp-login.php" "Mozilla/5.0 (X11; Linux x86_64) AppleWebKit/537.36 (KHTML, like Gecko) Chrome/120.0.0.0 Safari/537.36"
152.42.255.59 - - [04/Apr/2026:01:36:38 -0400] "POST /wp-login.php HTTP/1.1" 200 3239 "http://www.fluidbonding.com/wp-login.php" "Mozilla/5.0 (X11; Ubuntu; Linux x86_64) AppleWebKit/537.36 (KHTML, like Gecko) Chrome/121.0.0.0 Safari/537.36"
152.42.255.59 - - [04/Apr/2026:01:37:08 -0400] "POST /wp-login.php HTTP/1.1" 200 3239 "http://www.fluidbonding.com/wp-login.php" "Mozilla/5.0 (Windows NT 11.0; Win64; x64) AppleWebKit/537.36 (KHTML, like Gecko) Chrome/119.0.0.0 Safari/537.36"
152.42.255.59 - - [04/Apr/2026:01:37:15 -0400] "POST /wp-login.php HTTP/1.1" 200 3239 "http://www.fluidbonding.com/wp-login.php" "Mozilla/5.0 (Macintosh; Intel Mac OS X 10_15_7) AppleWebKit/605.1.15 (KHTML, like Gecko) Version/17.2 Safari/605.1.15"
152.42.255.59 - - [04/Apr/2026:01:37:21 -0400] "POST /wp-login.php HTTP/1.1" 200 3239 "http://www.fluidbonding.com/wp-login.php" "Mozilla/5.0 (Macintosh; Intel Mac OS X 10_15_7) AppleWebKit/605.1.15 (KHTML, like Gecko) Version/17.0 Safari/605.1.15"
152.42.255.59 - - [04/Apr/2026:01:37:31 -0400] "POST /wp-login.php HTTP/1.1" 200 3239 "http://www.fluidbonding.com/wp-login.php" "Mozilla/5.0 (Macintosh; Intel Mac OS X 13_6_1) AppleWebKit/605.1.15 (KHTML, like Gecko) Version/17.1 Safari/605.1.15"
152.42.255.59 - - [04/Apr/2026:01:37:37 -0400] "POST /wp-login.php HTTP/1.1" 200 3284 "http://www.fluidbonding.com/wp-login.php" "Mozilla/5.0 (Windows NT 10.0; Win64; x64; rv:118.0) Gecko/20100101 Firefox/118.0"
152.42.255.59 - - [04/Apr/2026:01:37:44 -0400] "POST /wp-login.php HTTP/1.1" 200 3239 "http://www.fluidbonding.com/wp-login.php" "Mozilla/5.0 (Windows NT 11.0; Win64; x64) AppleWebKit/537.36 (KHTML, like Gecko) Chrome/120.0.0.0 Safari/537.36"
152.42.255.59 - - [04/Apr/2026:01:37:52 -0400] "POST /wp-login.php HTTP/1.1" 200 3284 "http://www.fluidbonding.com/wp-login.php" "Mozilla/5.0 (Windows NT 11.0; Win64; x64; rv:121.0) Gecko/20100101 Firefox/121.0"
152.42.255.59 - - [04/Apr/2026:01:37:59 -0400] "POST /wp-login.php HTTP/1.1" 200 3239 "http://www.fluidbonding.com/wp-login.php" "Mozilla/5.0 (Macintosh; Intel Mac OS X 10_15_7) AppleWebKit/605.1.15 (KHTML, like Gecko) Version/16.6 Safari/605.1.15"
152.42.255.59 - - [04/Apr/2026:01:38:11 -0400] "POST /wp-login.php HTTP/1.1" 200 3239 "http://www.fluidbonding.com/wp-login.php" "Mozilla/5.0 (Macintosh; Intel Mac OS X 10_15_7) AppleWebKit/605.1.15 (KHTML, like Gecko) Version/17.1 Safari/605.1.15"
141.94.194.132 - - [04/Apr/2026:01:38:26 -0400] "GET /index.php/body-fluids/monster-gay-cock.html/feed HTTP/1.1" 200 820 "-" "Mozilla/5.0 (X11; Linux i686) AppleWebKit/537.36 (KHTML, like Gecko) Chrome/30.0.1599.66 Safari/537.36"
152.42.255.59 - - [04/Apr/2026:01:38:28 -0400] "POST /wp-login.php HTTP/1.1" 200 3239 "http://www.fluidbonding.com/wp-login.php" "Mozilla/5.0 (Macintosh; Intel Mac OS X 13_6_1) AppleWebKit/537.36 (KHTML, like Gecko) Chrome/121.0.0.0 Safari/537.36"
152.42.255.59 - - [04/Apr/2026:01:38:37 -0400] "POST /wp-login.php HTTP/1.1" 200 3239 "http://www.fluidbonding.com/wp-login.php" "Mozilla/5.0 (Windows NT 10.0; Win64; x64; rv:121.0) Gecko/20100101 Firefox/121.0"
152.42.255.59 - - [04/Apr/2026:01:38:42 -0400] "POST /wp-login.php HTTP/1.1" 200 3239 "http://www.fluidbonding.com/wp-login.php" "Mozilla/5.0 (Macintosh; Intel Mac OS X 13_6_1) AppleWebKit/537.36 (KHTML, like Gecko) Chrome/120.0.0.0 Safari/537.36"
152.42.255.59 - - [04/Apr/2026:01:38:50 -0400] "POST /wp-login.php HTTP/1.1" 200 3284 "http://www.fluidbonding.com/wp-login.php" "Mozilla/5.0 (X11; Ubuntu; Linux x86_64) AppleWebKit/537.36 (KHTML, like Gecko) Chrome/119.0.0.0 Safari/537.36"
114.119.159.86 - - [04/Apr/2026:01:38:51 -0400] "GET /index.php/body-fluids/gay-tube-sex.html HTTP/1.1" 200 11717 "http://www.fluidbonding.com/index.php/category/body-fluids/page/4" "Mozilla/5.0 (Linux; Android 7.0;) AppleWebKit/537.36 (KHTML, like Gecko) Mobile Safari/537.36 (compatible; PetalBot;+https://webmaster.petalsearch.com/site/petalbot)"
152.42.255.59 - - [04/Apr/2026:01:38:57 -0400] "POST /wp-login.php HTTP/1.1" 200 3239 "http://www.fluidbonding.com/wp-login.php" "Mozilla/5.0 (Macintosh; Intel Mac OS X 10_15_7) AppleWebKit/537.36 (KHTML, like Gecko) Chrome/121.0.0.0 Safari/537.36"
152.42.255.59 - - [04/Apr/2026:01:39:03 -0400] "POST /wp-login.php HTTP/1.1" 200 3284 "http://www.fluidbonding.com/wp-login.php" "Mozilla/5.0 (Macintosh; Intel Mac OS X 13_6_1; rv:118.0) Gecko/20100101 Firefox/118.0"
152.42.255.59 - - [04/Apr/2026:01:39:10 -0400] "POST /wp-login.php HTTP/1.1" 200 3239 "http://www.fluidbonding.com/wp-login.php" "Mozilla/5.0 (Macintosh; Intel Mac OS X 10_15_7; rv:121.0) Gecko/20100101 Firefox/121.0"
152.42.255.59 - - [04/Apr/2026:01:39:19 -0400] "POST /wp-login.php HTTP/1.1" 200 3239 "http://www.fluidbonding.com/wp-login.php" "Mozilla/5.0 (X11; Linux x86_64) AppleWebKit/537.36 (KHTML, like Gecko) Chrome/121.0.0.0 Safari/537.36"
152.42.255.59 - - [04/Apr/2026:01:39:27 -0400] "POST /wp-login.php HTTP/1.1" 200 3239 "http://www.fluidbonding.com/wp-login.php" "Mozilla/5.0 (X11; Ubuntu; Linux x86_64) AppleWebKit/537.36 (KHTML, like Gecko) Chrome/118.0.0.0 Safari/537.36"
152.42.255.59 - - [04/Apr/2026:01:39:34 -0400] "POST /wp-login.php HTTP/1.1" 200 3284 "http://www.fluidbonding.com/wp-login.php" "Mozilla/5.0 (Macintosh; Intel Mac OS X 10_15_7) AppleWebKit/537.36 (KHTML, like Gecko) Chrome/118.0.0.0 Safari/537.36"
141.94.194.132 - - [04/Apr/2026:01:40:00 -0400] "GET /index.php/body-fluids/gay-facial-tube.html/feed HTTP/1.1" 200 1496 "-" "Mozilla/5.0 (X11; Linux i686) AppleWebKit/537.36 (KHTML, like Gecko) Chrome/30.0.1599.66 Safari/537.36"
152.42.255.59 - - [04/Apr/2026:01:40:05 -0400] "POST /wp-login.php HTTP/1.1" 200 3284 "http://www.fluidbonding.com/wp-login.php" "Mozilla/5.0 (Macintosh; Intel Mac OS X 10_15_7) AppleWebKit/605.1.15 (KHTML, like Gecko) Version/17.2 Safari/605.1.15"
152.42.255.59 - - [04/Apr/2026:01:40:13 -0400] "POST /wp-login.php HTTP/1.1" 200 3239 "http://www.fluidbonding.com/wp-login.php" "Mozilla/5.0 (Macintosh; Intel Mac OS X 10_15_7) AppleWebKit/605.1.15 (KHTML, like Gecko) Version/17.1 Safari/605.1.15"
152.42.255.59 - - [04/Apr/2026:01:40:20 -0400] "POST /wp-login.php HTTP/1.1" 200 3239 "http://www.fluidbonding.com/wp-login.php" "Mozilla/5.0 (Windows NT 11.0; Win64; x64; rv:121.0) Gecko/20100101 Firefox/121.0"
152.42.255.59 - - [04/Apr/2026:01:40:27 -0400] "POST /wp-login.php HTTP/1.1" 200 3239 "http://www.fluidbonding.com/wp-login.php" "Mozilla/5.0 (Windows NT 10.0; Win64; x64; rv:120.0) Gecko/20100101 Firefox/120.0"
152.42.255.59 - - [04/Apr/2026:01:40:35 -0400] "POST /wp-login.php HTTP/1.1" 200 3239 "http://www.fluidbonding.com/wp-login.php" "Mozilla/5.0 (Windows NT 10.0; Win64; x64; rv:120.0) Gecko/20100101 Firefox/120.0"
152.42.255.59 - - [04/Apr/2026:01:40:41 -0400] "POST /wp-login.php HTTP/1.1" 200 3239 "http://www.fluidbonding.com/wp-login.php" "Mozilla/5.0 (Macintosh; Intel Mac OS X 13_6_1; rv:119.0) Gecko/20100101 Firefox/119.0"
152.42.255.59 - - [04/Apr/2026:01:40:49 -0400] "POST /wp-login.php HTTP/1.1" 200 3284 "http://www.fluidbonding.com/wp-login.php" "Mozilla/5.0 (X11; Ubuntu; Linux x86_64) AppleWebKit/537.36 (KHTML, like Gecko) Chrome/121.0.0.0 Safari/537.36"
152.42.255.59 - - [04/Apr/2026:01:40:54 -0400] "POST /wp-login.php HTTP/1.1" 200 3239 "http://www.fluidbonding.com/wp-login.php" "Mozilla/5.0 (Macintosh; Intel Mac OS X 13_6_1; rv:118.0) Gecko/20100101 Firefox/118.0"
152.42.255.59 - - [04/Apr/2026:01:41:01 -0400] "POST /wp-login.php HTTP/1.1" 200 3239 "http://www.fluidbonding.com/wp-login.php" "Mozilla/5.0 (Macintosh; Intel Mac OS X 13_6_1; rv:119.0) Gecko/20100101 Firefox/119.0"
152.42.255.59 - - [04/Apr/2026:01:41:09 -0400] "POST /wp-login.php HTTP/1.1" 200 3239 "http://www.fluidbonding.com/wp-login.php" "Mozilla/5.0 (Windows NT 11.0; Win64; x64; rv:120.0) Gecko/20100101 Firefox/120.0"
152.42.255.59 - - [04/Apr/2026:01:41:35 -0400] "POST /wp-login.php HTTP/1.1" 200 3239 "http://www.fluidbonding.com/wp-login.php" "Mozilla/5.0 (Windows NT 11.0; Win64; x64; rv:119.0) Gecko/20100101 Firefox/119.0"
152.42.255.59 - - [04/Apr/2026:01:41:43 -0400] "POST /wp-login.php HTTP/1.1" 200 3239 "http://www.fluidbonding.com/wp-login.php" "Mozilla/5.0 (Macintosh; Intel Mac OS X 10_15_7) AppleWebKit/605.1.15 (KHTML, like Gecko) Version/16.6 Safari/605.1.15"
152.42.255.59 - - [04/Apr/2026:01:41:52 -0400] "POST /wp-login.php HTTP/1.1" 200 3239 "http://www.fluidbonding.com/wp-login.php" "Mozilla/5.0 (Macintosh; Intel Mac OS X 10_15_7) AppleWebKit/537.36 (KHTML, like Gecko) Chrome/119.0.0.0 Safari/537.36"
152.42.255.59 - - [04/Apr/2026:01:42:00 -0400] "POST /wp-login.php HTTP/1.1" 200 3239 "http://www.fluidbonding.com/wp-login.php" "Mozilla/5.0 (X11; Ubuntu; Linux x86_64) AppleWebKit/537.36 (KHTML, like Gecko) Chrome/119.0.0.0 Safari/537.36"
152.42.255.59 - - [04/Apr/2026:01:42:12 -0400] "POST /wp-login.php HTTP/1.1" 200 3239 "http://www.fluidbonding.com/wp-login.php" "Mozilla/5.0 (Windows NT 10.0; Win64; x64; rv:118.0) Gecko/20100101 Firefox/118.0"
152.42.255.59 - - [04/Apr/2026:01:42:21 -0400] "POST /wp-login.php HTTP/1.1" 200 3239 "http://www.fluidbonding.com/wp-login.php" "Mozilla/5.0 (Macintosh; Intel Mac OS X 13_6_1) AppleWebKit/537.36 (KHTML, like Gecko) Chrome/121.0.0.0 Safari/537.36"
152.42.255.59 - - [04/Apr/2026:01:42:28 -0400] "POST /wp-login.php HTTP/1.1" 200 3239 "http://www.fluidbonding.com/wp-login.php" "Mozilla/5.0 (X11; Ubuntu; Linux x86_64) AppleWebKit/537.36 (KHTML, like Gecko) Chrome/120.0.0.0 Safari/537.36"
152.42.255.59 - - [04/Apr/2026:01:42:36 -0400] "POST /wp-login.php HTTP/1.1" 200 3239 "http://www.fluidbonding.com/wp-login.php" "Mozilla/5.0 (Windows NT 10.0; Win64; x64; rv:119.0) Gecko/20100101 Firefox/119.0"
152.42.255.59 - - [04/Apr/2026:01:42:43 -0400] "POST /wp-login.php HTTP/1.1" 200 3284 "http://www.fluidbonding.com/wp-login.php" "Mozilla/5.0 (Windows NT 10.0; Win64; x64; rv:121.0) Gecko/20100101 Firefox/121.0"
152.42.255.59 - - [04/Apr/2026:01:42:49 -0400] "POST /wp-login.php HTTP/1.1" 200 3239 "http://www.fluidbonding.com/wp-login.php" "Mozilla/5.0 (X11; Linux x86_64) AppleWebKit/537.36 (KHTML, like Gecko) Chrome/120.0.0.0 Safari/537.36"
152.42.255.59 - - [04/Apr/2026:01:43:33 -0400] "POST /wp-login.php HTTP/1.1" 200 3284 "http://www.fluidbonding.com/wp-login.php" "Mozilla/5.0 (Macintosh; Intel Mac OS X 10_15_7) AppleWebKit/537.36 (KHTML, like Gecko) Chrome/119.0.0.0 Safari/537.36"
152.42.255.59 - - [04/Apr/2026:01:43:40 -0400] "POST /wp-login.php HTTP/1.1" 200 3284 "http://www.fluidbonding.com/wp-login.php" "Mozilla/5.0 (Windows NT 10.0; Win64; x64) AppleWebKit/537.36 (KHTML, like Gecko) Chrome/118.0.0.0 Safari/537.36"
152.42.255.59 - - [04/Apr/2026:01:43:49 -0400] "POST /wp-login.php HTTP/1.1" 200 3284 "http://www.fluidbonding.com/wp-login.php" "Mozilla/5.0 (Macintosh; Intel Mac OS X 10_15_7; rv:119.0) Gecko/20100101 Firefox/119.0"
152.42.255.59 - - [04/Apr/2026:01:43:55 -0400] "POST /wp-login.php HTTP/1.1" 200 3284 "http://www.fluidbonding.com/wp-login.php" "Mozilla/5.0 (Windows NT 10.0; Win64; x64; rv:119.0) Gecko/20100101 Firefox/119.0"
152.42.255.59 - - [04/Apr/2026:01:44:02 -0400] "POST /wp-login.php HTTP/1.1" 200 3284 "http://www.fluidbonding.com/wp-login.php" "Mozilla/5.0 (Windows NT 10.0; Win64; x64; rv:119.0) Gecko/20100101 Firefox/119.0"
152.42.255.59 - - [04/Apr/2026:01:44:08 -0400] "POST /wp-login.php HTTP/1.1" 200 3284 "http://www.fluidbonding.com/wp-login.php" "Mozilla/5.0 (Macintosh; Intel Mac OS X 10_15_7; rv:121.0) Gecko/20100101 Firefox/121.0"
152.42.255.59 - - [04/Apr/2026:01:44:14 -0400] "POST /wp-login.php HTTP/1.1" 200 3284 "http://www.fluidbonding.com/wp-login.php" "Mozilla/5.0 (X11; Ubuntu; Linux x86_64) AppleWebKit/537.36 (KHTML, like Gecko) Chrome/118.0.0.0 Safari/537.36"
152.42.255.59 - - [04/Apr/2026:01:44:20 -0400] "POST /wp-login.php HTTP/1.1" 200 3284 "http://www.fluidbonding.com/wp-login.php" "Mozilla/5.0 (Macintosh; Intel Mac OS X 10_15_7; rv:119.0) Gecko/20100101 Firefox/119.0"
152.42.255.59 - - [04/Apr/2026:01:44:26 -0400] "POST /wp-login.php HTTP/1.1" 200 3284 "http://www.fluidbonding.com/wp-login.php" "Mozilla/5.0 (X11; Ubuntu; Linux x86_64) AppleWebKit/537.36 (KHTML, like Gecko) Chrome/120.0.0.0 Safari/537.36"
152.42.255.59 - - [04/Apr/2026:01:44:32 -0400] "POST /wp-login.php HTTP/1.1" 200 3284 "http://www.fluidbonding.com/wp-login.php" "Mozilla/5.0 (X11; Linux x86_64) AppleWebKit/537.36 (KHTML, like Gecko) Chrome/121.0.0.0 Safari/537.36"
152.42.255.59 - - [04/Apr/2026:01:44:42 -0400] "POST /wp-login.php HTTP/1.1" 200 3284 "http://www.fluidbonding.com/wp-login.php" "Mozilla/5.0 (Macintosh; Intel Mac OS X 13_6_1) AppleWebKit/605.1.15 (KHTML, like Gecko) Version/17.1 Safari/605.1.15"
152.42.255.59 - - [04/Apr/2026:01:44:50 -0400] "POST /wp-login.php HTTP/1.1" 200 3284 "http://www.fluidbonding.com/wp-login.php" "Mozilla/5.0 (X11; Ubuntu; Linux x86_64) AppleWebKit/537.36 (KHTML, like Gecko) Chrome/118.0.0.0 Safari/537.36"
152.42.255.59 - - [04/Apr/2026:01:44:58 -0400] "POST /wp-login.php HTTP/1.1" 200 3284 "http://www.fluidbonding.com/wp-login.php" "Mozilla/5.0 (Macintosh; Intel Mac OS X 13_6_1) AppleWebKit/537.36 (KHTML, like Gecko) Chrome/119.0.0.0 Safari/537.36"
152.42.255.59 - - [04/Apr/2026:01:45:07 -0400] "POST /wp-login.php HTTP/1.1" 200 3284 "http://www.fluidbonding.com/wp-login.php" "Mozilla/5.0 (Macintosh; Intel Mac OS X 10_15_7; rv:119.0) Gecko/20100101 Firefox/119.0"
152.42.255.59 - - [04/Apr/2026:01:45:14 -0400] "POST /wp-login.php HTTP/1.1" 200 3284 "http://www.fluidbonding.com/wp-login.php" "Mozilla/5.0 (Windows NT 10.0; Win64; x64; rv:119.0) Gecko/20100101 Firefox/119.0"
152.42.255.59 - - [04/Apr/2026:01:45:20 -0400] "POST /wp-login.php HTTP/1.1" 200 3284 "http://www.fluidbonding.com/wp-login.php" "Mozilla/5.0 (Macintosh; Intel Mac OS X 13_6_1) AppleWebKit/605.1.15 (KHTML, like Gecko) Version/17.1 Safari/605.1.15"
152.42.255.59 - - [04/Apr/2026:01:45:26 -0400] "POST /wp-login.php HTTP/1.1" 200 3284 "http://www.fluidbonding.com/wp-login.php" "Mozilla/5.0 (Macintosh; Intel Mac OS X 13_6_1) AppleWebKit/537.36 (KHTML, like Gecko) Chrome/121.0.0.0 Safari/537.36"
152.42.255.59 - - [04/Apr/2026:01:45:33 -0400] "POST /wp-login.php HTTP/1.1" 200 3284 "http://www.fluidbonding.com/wp-login.php" "Mozilla/5.0 (X11; Linux x86_64) AppleWebKit/537.36 (KHTML, like Gecko) Chrome/120.0.0.0 Safari/537.36"
152.42.255.59 - - [04/Apr/2026:01:45:39 -0400] "POST /wp-login.php HTTP/1.1" 200 3284 "http://www.fluidbonding.com/wp-login.php" "Mozilla/5.0 (Macintosh; Intel Mac OS X 13_6_1) AppleWebKit/605.1.15 (KHTML, like Gecko) Version/17.2 Safari/605.1.15"
152.42.255.59 - - [04/Apr/2026:01:45:45 -0400] "POST /wp-login.php HTTP/1.1" 200 3284 "http://www.fluidbonding.com/wp-login.php" "Mozilla/5.0 (Macintosh; Intel Mac OS X 13_6_1; rv:121.0) Gecko/20100101 Firefox/121.0"
152.42.255.59 - - [04/Apr/2026:01:45:58 -0400] "POST /wp-login.php HTTP/1.1" 200 3284 "http://www.fluidbonding.com/wp-login.php" "Mozilla/5.0 (Macintosh; Intel Mac OS X 13_6_1; rv:120.0) Gecko/20100101 Firefox/120.0"
152.42.255.59 - - [04/Apr/2026:01:46:04 -0400] "POST /wp-login.php HTTP/1.1" 200 3284 "http://www.fluidbonding.com/wp-login.php" "Mozilla/5.0 (X11; Ubuntu; Linux x86_64) AppleWebKit/537.36 (KHTML, like Gecko) Chrome/121.0.0.0 Safari/537.36"
152.42.255.59 - - [04/Apr/2026:01:46:11 -0400] "POST /wp-login.php HTTP/1.1" 200 3239 "http://www.fluidbonding.com/wp-login.php" "Mozilla/5.0 (Macintosh; Intel Mac OS X 10_15_7) AppleWebKit/605.1.15 (KHTML, like Gecko) Version/17.1 Safari/605.1.15"
152.42.255.59 - - [04/Apr/2026:01:46:18 -0400] "POST /wp-login.php HTTP/1.1" 200 3239 "http://www.fluidbonding.com/wp-login.php" "Mozilla/5.0 (Macintosh; Intel Mac OS X 10_15_7) AppleWebKit/605.1.15 (KHTML, like Gecko) Version/17.1 Safari/605.1.15"
152.42.255.59 - - [04/Apr/2026:01:46:24 -0400] "POST /wp-login.php HTTP/1.1" 200 3284 "http://www.fluidbonding.com/wp-login.php" "Mozilla/5.0 (Macintosh; Intel Mac OS X 13_6_1; rv:120.0) Gecko/20100101 Firefox/120.0"
152.42.255.59 - - [04/Apr/2026:01:46:30 -0400] "POST /wp-login.php HTTP/1.1" 200 3284 "http://www.fluidbonding.com/wp-login.php" "Mozilla/5.0 (Windows NT 10.0; Win64; x64) AppleWebKit/537.36 (KHTML, like Gecko) Chrome/118.0.0.0 Safari/537.36"
152.42.255.59 - - [04/Apr/2026:01:46:36 -0400] "POST /wp-login.php HTTP/1.1" 200 3284 "http://www.fluidbonding.com/wp-login.php" "Mozilla/5.0 (Macintosh; Intel Mac OS X 13_6_1) AppleWebKit/605.1.15 (KHTML, like Gecko) Version/16.6 Safari/605.1.15"
152.42.255.59 - - [04/Apr/2026:01:46:42 -0400] "POST /wp-login.php HTTP/1.1" 200 3239 "http://www.fluidbonding.com/wp-login.php" "Mozilla/5.0 (Macintosh; Intel Mac OS X 13_6_1) AppleWebKit/537.36 (KHTML, like Gecko) Chrome/119.0.0.0 Safari/537.36"
152.42.255.59 - - [04/Apr/2026:01:46:49 -0400] "POST /wp-login.php HTTP/1.1" 200 3239 "http://www.fluidbonding.com/wp-login.php" "Mozilla/5.0 (Macintosh; Intel Mac OS X 10_15_7) AppleWebKit/537.36 (KHTML, like Gecko) Chrome/118.0.0.0 Safari/537.36"
152.42.255.59 - - [04/Apr/2026:01:46:54 -0400] "POST /wp-login.php HTTP/1.1" 200 3239 "http://www.fluidbonding.com/wp-login.php" "Mozilla/5.0 (Windows NT 10.0; Win64; x64; rv:119.0) Gecko/20100101 Firefox/119.0"
216.73.216.99 - - [04/Apr/2026:01:47:09 -0400] "GET /robots.txt HTTP/1.1" 200 29 "-" "Mozilla/5.0 AppleWebKit/537.36 (KHTML, like Gecko; compatible; ClaudeBot/1.0; +claudebot@anthropic.com)"
216.73.216.99 - - [04/Apr/2026:01:47:09 -0400] "GET /index.php/category/body-fluids/feed HTTP/1.1" 200 14916 "-" "Mozilla/5.0 AppleWebKit/537.36 (KHTML, like Gecko; compatible; ClaudeBot/1.0; +claudebot@anthropic.com)"
152.42.255.59 - - [04/Apr/2026:01:47:33 -0400] "POST /wp-login.php HTTP/1.1" 200 3239 "http://www.fluidbonding.com/wp-login.php" "Mozilla/5.0 (Windows NT 11.0; Win64; x64) AppleWebKit/537.36 (KHTML, like Gecko) Chrome/118.0.0.0 Safari/537.36"
152.42.255.59 - - [04/Apr/2026:01:47:41 -0400] "POST /wp-login.php HTTP/1.1" 200 3284 "http://www.fluidbonding.com/wp-login.php" "Mozilla/5.0 (Windows NT 10.0; Win64; x64) AppleWebKit/537.36 (KHTML, like Gecko) Chrome/120.0.0.0 Safari/537.36"
152.42.255.59 - - [04/Apr/2026:01:47:47 -0400] "POST /wp-login.php HTTP/1.1" 200 3284 "http://www.fluidbonding.com/wp-login.php" "Mozilla/5.0 (Windows NT 10.0; Win64; x64; rv:120.0) Gecko/20100101 Firefox/120.0"
141.94.194.132 - - [04/Apr/2026:01:47:51 -0400] "GET /index.php/body-fluids/sperm-swapping-tube.html/feed HTTP/1.1" 200 1307 "-" "Mozilla/5.0 (X11; Linux i686) AppleWebKit/537.36 (KHTML, like Gecko) Chrome/30.0.1599.66 Safari/537.36"
152.42.255.59 - - [04/Apr/2026:01:47:53 -0400] "POST /wp-login.php HTTP/1.1" 200 3284 "http://www.fluidbonding.com/wp-login.php" "Mozilla/5.0 (X11; Ubuntu; Linux x86_64) AppleWebKit/537.36 (KHTML, like Gecko) Chrome/120.0.0.0 Safari/537.36"
152.42.255.59 - - [04/Apr/2026:01:48:00 -0400] "POST /wp-login.php HTTP/1.1" 200 3284 "http://www.fluidbonding.com/wp-login.php" "Mozilla/5.0 (Windows NT 10.0; Win64; x64; rv:121.0) Gecko/20100101 Firefox/121.0"
152.42.255.59 - - [04/Apr/2026:01:48:08 -0400] "POST /wp-login.php HTTP/1.1" 200 3239 "http://www.fluidbonding.com/wp-login.php" "Mozilla/5.0 (Windows NT 10.0; Win64; x64) AppleWebKit/537.36 (KHTML, like Gecko) Chrome/118.0.0.0 Safari/537.36"
152.42.255.59 - - [04/Apr/2026:01:48:13 -0400] "POST /wp-login.php HTTP/1.1" 200 3239 "http://www.fluidbonding.com/wp-login.php" "Mozilla/5.0 (Macintosh; Intel Mac OS X 13_6_1) AppleWebKit/537.36 (KHTML, like Gecko) Chrome/120.0.0.0 Safari/537.36"
152.42.255.59 - - [04/Apr/2026:01:48:20 -0400] "POST /wp-login.php HTTP/1.1" 200 3239 "http://www.fluidbonding.com/wp-login.php" "Mozilla/5.0 (Windows NT 10.0; Win64; x64; rv:121.0) Gecko/20100101 Firefox/121.0"
152.42.255.59 - - [04/Apr/2026:01:48:26 -0400] "POST /wp-login.php HTTP/1.1" 200 3239 "http://www.fluidbonding.com/wp-login.php" "Mozilla/5.0 (X11; Linux x86_64) AppleWebKit/537.36 (KHTML, like Gecko) Chrome/119.0.0.0 Safari/537.36"
152.42.255.59 - - [04/Apr/2026:01:48:31 -0400] "POST /wp-login.php HTTP/1.1" 200 3239 "http://www.fluidbonding.com/wp-login.php" "Mozilla/5.0 (X11; Linux x86_64) AppleWebKit/537.36 (KHTML, like Gecko) Chrome/121.0.0.0 Safari/537.36"
152.42.255.59 - - [04/Apr/2026:01:49:20 -0400] "POST /wp-login.php HTTP/1.1" 200 3239 "http://www.fluidbonding.com/wp-login.php" "Mozilla/5.0 (Windows NT 11.0; Win64; x64; rv:121.0) Gecko/20100101 Firefox/121.0"
152.42.255.59 - - [04/Apr/2026:01:49:28 -0400] "POST /wp-login.php HTTP/1.1" 200 3239 "http://www.fluidbonding.com/wp-login.php" "Mozilla/5.0 (Macintosh; Intel Mac OS X 10_15_7) AppleWebKit/537.36 (KHTML, like Gecko) Chrome/119.0.0.0 Safari/537.36"
152.42.255.59 - - [04/Apr/2026:01:49:37 -0400] "POST /wp-login.php HTTP/1.1" 200 3284 "http://www.fluidbonding.com/wp-login.php" "Mozilla/5.0 (Windows NT 11.0; Win64; x64; rv:121.0) Gecko/20100101 Firefox/121.0"
216.73.216.99 - - [04/Apr/2026:01:49:40 -0400] "GET /index.php/tag/butter HTTP/1.1" 200 10718 "-" "Mozilla/5.0 AppleWebKit/537.36 (KHTML, like Gecko; compatible; ClaudeBot/1.0; +claudebot@anthropic.com)"
152.42.255.59 - - [04/Apr/2026:01:49:44 -0400] "POST /wp-login.php HTTP/1.1" 200 3239 "http://www.fluidbonding.com/wp-login.php" "Mozilla/5.0 (Windows NT 11.0; Win64; x64; rv:120.0) Gecko/20100101 Firefox/120.0"
152.42.255.59 - - [04/Apr/2026:01:49:50 -0400] "POST /wp-login.php HTTP/1.1" 200 3239 "http://www.fluidbonding.com/wp-login.php" "Mozilla/5.0 (Macintosh; Intel Mac OS X 13_6_1) AppleWebKit/605.1.15 (KHTML, like Gecko) Version/17.0 Safari/605.1.15"
152.42.255.59 - - [04/Apr/2026:01:49:56 -0400] "POST /wp-login.php HTTP/1.1" 200 3239 "http://www.fluidbonding.com/wp-login.php" "Mozilla/5.0 (Macintosh; Intel Mac OS X 10_15_7) AppleWebKit/537.36 (KHTML, like Gecko) Chrome/121.0.0.0 Safari/537.36"
152.42.255.59 - - [04/Apr/2026:01:50:04 -0400] "POST /wp-login.php HTTP/1.1" 200 3284 "http://www.fluidbonding.com/wp-login.php" "Mozilla/5.0 (Macintosh; Intel Mac OS X 13_6_1) AppleWebKit/605.1.15 (KHTML, like Gecko) Version/17.2 Safari/605.1.15"
152.42.255.59 - - [04/Apr/2026:01:50:13 -0400] "POST /wp-login.php HTTP/1.1" 200 3239 "http://www.fluidbonding.com/wp-login.php" "Mozilla/5.0 (Windows NT 10.0; Win64; x64) AppleWebKit/537.36 (KHTML, like Gecko) Chrome/121.0.0.0 Safari/537.36"
152.42.255.59 - - [04/Apr/2026:01:50:20 -0400] "POST /wp-login.php HTTP/1.1" 200 3239 "http://www.fluidbonding.com/wp-login.php" "Mozilla/5.0 (Windows NT 11.0; Win64; x64; rv:119.0) Gecko/20100101 Firefox/119.0"
152.42.255.59 - - [04/Apr/2026:01:50:27 -0400] "POST /wp-login.php HTTP/1.1" 200 3284 "http://www.fluidbonding.com/wp-login.php" "Mozilla/5.0 (Macintosh; Intel Mac OS X 10_15_7; rv:121.0) Gecko/20100101 Firefox/121.0"
216.73.216.99 - - [04/Apr/2026:01:51:04 -0400] "GET /index.php/body-fluids/cum-bath.html HTTP/1.1" 200 11718 "-" "Mozilla/5.0 AppleWebKit/537.36 (KHTML, like Gecko; compatible; ClaudeBot/1.0; +claudebot@anthropic.com)"
152.42.255.59 - - [04/Apr/2026:01:51:15 -0400] "POST /wp-login.php HTTP/1.1" 200 3239 "http://www.fluidbonding.com/wp-login.php" "Mozilla/5.0 (Windows NT 10.0; Win64; x64; rv:121.0) Gecko/20100101 Firefox/121.0"
152.42.255.59 - - [04/Apr/2026:01:51:22 -0400] "POST /wp-login.php HTTP/1.1" 200 3239 "http://www.fluidbonding.com/wp-login.php" "Mozilla/5.0 (Windows NT 10.0; Win64; x64) AppleWebKit/537.36 (KHTML, like Gecko) Chrome/120.0.0.0 Safari/537.36"
152.42.255.59 - - [04/Apr/2026:01:51:28 -0400] "POST /wp-login.php HTTP/1.1" 200 3284 "http://www.fluidbonding.com/wp-login.php" "Mozilla/5.0 (Macintosh; Intel Mac OS X 13_6_1) AppleWebKit/605.1.15 (KHTML, like Gecko) Version/17.0 Safari/605.1.15"
152.42.255.59 - - [04/Apr/2026:01:51:34 -0400] "POST /wp-login.php HTTP/1.1" 200 3239 "http://www.fluidbonding.com/wp-login.php" "Mozilla/5.0 (X11; Ubuntu; Linux x86_64) AppleWebKit/537.36 (KHTML, like Gecko) Chrome/120.0.0.0 Safari/537.36"
152.42.255.59 - - [04/Apr/2026:01:51:41 -0400] "POST /wp-login.php HTTP/1.1" 200 3239 "http://www.fluidbonding.com/wp-login.php" "Mozilla/5.0 (Macintosh; Intel Mac OS X 13_6_1) AppleWebKit/537.36 (KHTML, like Gecko) Chrome/121.0.0.0 Safari/537.36"
152.42.255.59 - - [04/Apr/2026:01:51:48 -0400] "POST /wp-login.php HTTP/1.1" 200 3284 "http://www.fluidbonding.com/wp-login.php" "Mozilla/5.0 (X11; Linux x86_64) AppleWebKit/537.36 (KHTML, like Gecko) Chrome/121.0.0.0 Safari/537.36"
152.42.255.59 - - [04/Apr/2026:01:51:53 -0400] "POST /wp-login.php HTTP/1.1" 200 3239 "http://www.fluidbonding.com/wp-login.php" "Mozilla/5.0 (Macintosh; Intel Mac OS X 10_15_7; rv:120.0) Gecko/20100101 Firefox/120.0"
152.42.255.59 - - [04/Apr/2026:01:51:59 -0400] "POST /wp-login.php HTTP/1.1" 200 3239 "http://www.fluidbonding.com/wp-login.php" "Mozilla/5.0 (Macintosh; Intel Mac OS X 13_6_1; rv:118.0) Gecko/20100101 Firefox/118.0"
152.42.255.59 - - [04/Apr/2026:01:52:09 -0400] "POST /wp-login.php HTTP/1.1" 200 3284 "http://www.fluidbonding.com/wp-login.php" "Mozilla/5.0 (Windows NT 10.0; Win64; x64) AppleWebKit/537.36 (KHTML, like Gecko) Chrome/120.0.0.0 Safari/537.36"
152.42.255.59 - - [04/Apr/2026:01:52:15 -0400] "POST /wp-login.php HTTP/1.1" 200 3239 "http://www.fluidbonding.com/wp-login.php" "Mozilla/5.0 (X11; Ubuntu; Linux x86_64) AppleWebKit/537.36 (KHTML, like Gecko) Chrome/119.0.0.0 Safari/537.36"
216.73.216.99 - - [04/Apr/2026:01:52:16 -0400] "GET /index.php/tag/ass/feed HTTP/1.1" 200 2575 "-" "Mozilla/5.0 AppleWebKit/537.36 (KHTML, like Gecko; compatible; ClaudeBot/1.0; +claudebot@anthropic.com)"
216.73.216.99 - - [04/Apr/2026:01:52:20 -0400] "GET /index.php/tag/boy/feed HTTP/1.1" 200 2575 "-" "Mozilla/5.0 AppleWebKit/537.36 (KHTML, like Gecko; compatible; ClaudeBot/1.0; +claudebot@anthropic.com)"
216.73.216.99 - - [04/Apr/2026:01:52:25 -0400] "GET /index.php/tag/barebacked HTTP/1.1" 200 17929 "-" "Mozilla/5.0 AppleWebKit/537.36 (KHTML, like Gecko; compatible; ClaudeBot/1.0; +claudebot@anthropic.com)"
216.73.216.99 - - [04/Apr/2026:01:52:30 -0400] "GET /index.php/tag/raw-papi HTTP/1.1" 200 10731 "-" "Mozilla/5.0 AppleWebKit/537.36 (KHTML, like Gecko; compatible; ClaudeBot/1.0; +claudebot@anthropic.com)"
152.42.255.59 - - [04/Apr/2026:01:52:51 -0400] "POST /wp-login.php HTTP/1.1" 200 3239 "http://www.fluidbonding.com/wp-login.php" "Mozilla/5.0 (X11; Ubuntu; Linux x86_64) AppleWebKit/537.36 (KHTML, like Gecko) Chrome/119.0.0.0 Safari/537.36"
152.42.255.59 - - [04/Apr/2026:01:52:58 -0400] "POST /wp-login.php HTTP/1.1" 200 3284 "http://www.fluidbonding.com/wp-login.php" "Mozilla/5.0 (Macintosh; Intel Mac OS X 13_6_1; rv:121.0) Gecko/20100101 Firefox/121.0"
152.42.255.59 - - [04/Apr/2026:01:53:05 -0400] "POST /wp-login.php HTTP/1.1" 200 3239 "http://www.fluidbonding.com/wp-login.php" "Mozilla/5.0 (Windows NT 10.0; Win64; x64; rv:119.0) Gecko/20100101 Firefox/119.0"
216.73.216.99 - - [04/Apr/2026:01:53:12 -0400] "GET /index.php/tag/sex HTTP/1.1" 200 10703 "-" "Mozilla/5.0 AppleWebKit/537.36 (KHTML, like Gecko; compatible; ClaudeBot/1.0; +claudebot@anthropic.com)"
152.42.255.59 - - [04/Apr/2026:01:53:13 -0400] "POST /wp-login.php HTTP/1.1" 200 3239 "http://www.fluidbonding.com/wp-login.php" "Mozilla/5.0 (Macintosh; Intel Mac OS X 10_15_7) AppleWebKit/537.36 (KHTML, like Gecko) Chrome/119.0.0.0 Safari/537.36"
152.42.255.59 - - [04/Apr/2026:01:53:21 -0400] "POST /wp-login.php HTTP/1.1" 200 3284 "http://www.fluidbonding.com/wp-login.php" "Mozilla/5.0 (X11; Linux x86_64) AppleWebKit/537.36 (KHTML, like Gecko) Chrome/120.0.0.0 Safari/537.36"
216.73.216.99 - - [04/Apr/2026:01:53:21 -0400] "GET /index.php/body-fluids/sperm-swapping-tube.html/feed HTTP/1.1" 200 1307 "-" "Mozilla/5.0 AppleWebKit/537.36 (KHTML, like Gecko; compatible; ClaudeBot/1.0; +claudebot@anthropic.com)"
152.42.255.59 - - [04/Apr/2026:01:53:26 -0400] "POST /wp-login.php HTTP/1.1" 200 3239 "http://www.fluidbonding.com/wp-login.php" "Mozilla/5.0 (Macintosh; Intel Mac OS X 10_15_7) AppleWebKit/605.1.15 (KHTML, like Gecko) Version/17.2 Safari/605.1.15"
216.73.216.99 - - [04/Apr/2026:01:53:26 -0400] "GET /index.php/tag/vum/feed HTTP/1.1" 200 2575 "-" "Mozilla/5.0 AppleWebKit/537.36 (KHTML, like Gecko; compatible; ClaudeBot/1.0; +claudebot@anthropic.com)"
152.42.255.59 - - [04/Apr/2026:01:53:33 -0400] "POST /wp-login.php HTTP/1.1" 200 3239 "http://www.fluidbonding.com/wp-login.php" "Mozilla/5.0 (X11; Ubuntu; Linux x86_64) AppleWebKit/537.36 (KHTML, like Gecko) Chrome/118.0.0.0 Safari/537.36"
216.73.216.99 - - [04/Apr/2026:01:53:43 -0400] "GET /?p=136 HTTP/1.1" 301 - "-" "Mozilla/5.0 AppleWebKit/537.36 (KHTML, like Gecko; compatible; ClaudeBot/1.0; +claudebot@anthropic.com)"
216.73.216.99 - - [04/Apr/2026:01:53:43 -0400] "GET /index.php/body-fluids/gay-tube-porn.html HTTP/1.1" 200 11663 "http://www.fluidbonding.com/?p=136" "Mozilla/5.0 AppleWebKit/537.36 (KHTML, like Gecko; compatible; ClaudeBot/1.0; +claudebot@anthropic.com)"
152.42.255.59 - - [04/Apr/2026:01:53:45 -0400] "POST /wp-login.php HTTP/1.1" 200 3284 "http://www.fluidbonding.com/wp-login.php" "Mozilla/5.0 (Macintosh; Intel Mac OS X 10_15_7) AppleWebKit/605.1.15 (KHTML, like Gecko) Version/17.1 Safari/605.1.15"
216.73.216.99 - - [04/Apr/2026:01:53:48 -0400] "GET /?p=3 HTTP/1.1" 301 - "-" "Mozilla/5.0 AppleWebKit/537.36 (KHTML, like Gecko; compatible; ClaudeBot/1.0; +claudebot@anthropic.com)"
216.73.216.99 - - [04/Apr/2026:01:53:48 -0400] "GET /index.php/body-fluids/fluid-tube.html HTTP/1.1" 200 11679 "http://www.fluidbonding.com/?p=3" "Mozilla/5.0 AppleWebKit/537.36 (KHTML, like Gecko; compatible; ClaudeBot/1.0; +claudebot@anthropic.com)"
152.42.255.59 - - [04/Apr/2026:01:53:53 -0400] "POST /wp-login.php HTTP/1.1" 200 3239 "http://www.fluidbonding.com/wp-login.php" "Mozilla/5.0 (Macintosh; Intel Mac OS X 10_15_7) AppleWebKit/537.36 (KHTML, like Gecko) Chrome/119.0.0.0 Safari/537.36"
216.73.216.99 - - [04/Apr/2026:01:53:53 -0400] "GET /index.php/tag/fluid-tube HTTP/1.1" 200 10648 "-" "Mozilla/5.0 AppleWebKit/537.36 (KHTML, like Gecko; compatible; ClaudeBot/1.0; +claudebot@anthropic.com)"
216.73.216.99 - - [04/Apr/2026:01:53:58 -0400] "GET /index.php/body-fluids/red-tube-top.html HTTP/1.1" 200 11849 "-" "Mozilla/5.0 AppleWebKit/537.36 (KHTML, like Gecko; compatible; ClaudeBot/1.0; +claudebot@anthropic.com)"
152.42.255.59 - - [04/Apr/2026:01:53:59 -0400] "POST /wp-login.php HTTP/1.1" 200 3284 "http://www.fluidbonding.com/wp-login.php" "Mozilla/5.0 (Macintosh; Intel Mac OS X 10_15_7; rv:118.0) Gecko/20100101 Firefox/118.0"
216.73.216.99 - - [04/Apr/2026:01:54:06 -0400] "GET /?p=84 HTTP/1.1" 301 - "-" "Mozilla/5.0 AppleWebKit/537.36 (KHTML, like Gecko; compatible; ClaudeBot/1.0; +claudebot@anthropic.com)"
216.73.216.99 - - [04/Apr/2026:01:54:06 -0400] "GET /index.php/body-fluids/body-tube-2.html HTTP/1.1" 200 11709 "http://www.fluidbonding.com/?p=84" "Mozilla/5.0 AppleWebKit/537.36 (KHTML, like Gecko; compatible; ClaudeBot/1.0; +claudebot@anthropic.com)"
216.73.216.99 - - [04/Apr/2026:01:54:10 -0400] "GET /?p=124 HTTP/1.1" 301 - "-" "Mozilla/5.0 AppleWebKit/537.36 (KHTML, like Gecko; compatible; ClaudeBot/1.0; +claudebot@anthropic.com)"
216.73.216.99 - - [04/Apr/2026:01:54:10 -0400] "GET /index.php/body-fluids/gay-tube-sex-2.html HTTP/1.1" 200 11832 "http://www.fluidbonding.com/?p=124" "Mozilla/5.0 AppleWebKit/537.36 (KHTML, like Gecko; compatible; ClaudeBot/1.0; +claudebot@anthropic.com)"
216.73.216.99 - - [04/Apr/2026:01:54:15 -0400] "GET /?p=67 HTTP/1.1" 301 - "-" "Mozilla/5.0 AppleWebKit/537.36 (KHTML, like Gecko; compatible; ClaudeBot/1.0; +claudebot@anthropic.com)"
216.73.216.99 - - [04/Apr/2026:01:54:15 -0400] "GET /index.php/body-fluids/you-tube-gays.html HTTP/1.1" 200 11818 "http://www.fluidbonding.com/?p=67" "Mozilla/5.0 AppleWebKit/537.36 (KHTML, like Gecko; compatible; ClaudeBot/1.0; +claudebot@anthropic.com)"
152.42.255.59 - - [04/Apr/2026:01:54:27 -0400] "POST /wp-login.php HTTP/1.1" 200 3239 "http://www.fluidbonding.com/wp-login.php" "Mozilla/5.0 (X11; Linux x86_64) AppleWebKit/537.36 (KHTML, like Gecko) Chrome/118.0.0.0 Safari/537.36"
152.42.255.59 - - [04/Apr/2026:01:54:34 -0400] "POST /wp-login.php HTTP/1.1" 200 3239 "http://www.fluidbonding.com/wp-login.php" "Mozilla/5.0 (Macintosh; Intel Mac OS X 10_15_7; rv:120.0) Gecko/20100101 Firefox/120.0"
152.42.255.59 - - [04/Apr/2026:01:54:40 -0400] "POST /wp-login.php HTTP/1.1" 200 3284 "http://www.fluidbonding.com/wp-login.php" "Mozilla/5.0 (Windows NT 10.0; Win64; x64) AppleWebKit/537.36 (KHTML, like Gecko) Chrome/118.0.0.0 Safari/537.36"
152.42.255.59 - - [04/Apr/2026:01:54:49 -0400] "POST /wp-login.php HTTP/1.1" 200 3239 "http://www.fluidbonding.com/wp-login.php" "Mozilla/5.0 (Windows NT 10.0; Win64; x64; rv:120.0) Gecko/20100101 Firefox/120.0"
152.42.255.59 - - [04/Apr/2026:01:54:55 -0400] "POST /wp-login.php HTTP/1.1" 200 3284 "http://www.fluidbonding.com/wp-login.php" "Mozilla/5.0 (Macintosh; Intel Mac OS X 13_6_1) AppleWebKit/605.1.15 (KHTML, like Gecko) Version/17.0 Safari/605.1.15"
152.42.255.59 - - [04/Apr/2026:01:55:01 -0400] "POST /wp-login.php HTTP/1.1" 200 3239 "http://www.fluidbonding.com/wp-login.php" "Mozilla/5.0 (Macintosh; Intel Mac OS X 13_6_1; rv:121.0) Gecko/20100101 Firefox/121.0"
216.73.216.99 - - [04/Apr/2026:01:55:04 -0400] "GET /?p=55 HTTP/1.1" 301 - "-" "Mozilla/5.0 AppleWebKit/537.36 (KHTML, like Gecko; compatible; ClaudeBot/1.0; +claudebot@anthropic.com)"
216.73.216.99 - - [04/Apr/2026:01:55:04 -0400] "GET /index.php/body-fluids/sex-tubes-gay.html HTTP/1.1" 200 11846 "http://www.fluidbonding.com/?p=55" "Mozilla/5.0 AppleWebKit/537.36 (KHTML, like Gecko; compatible; ClaudeBot/1.0; +claudebot@anthropic.com)"
216.73.216.99 - - [04/Apr/2026:01:55:08 -0400] "GET /?p=99 HTTP/1.1" 301 - "-" "Mozilla/5.0 AppleWebKit/537.36 (KHTML, like Gecko; compatible; ClaudeBot/1.0; +claudebot@anthropic.com)"
216.73.216.99 - - [04/Apr/2026:01:55:08 -0400] "GET /index.php/body-fluids/ass-sex-tube.html HTTP/1.1" 200 11739 "http://www.fluidbonding.com/?p=99" "Mozilla/5.0 AppleWebKit/537.36 (KHTML, like Gecko; compatible; ClaudeBot/1.0; +claudebot@anthropic.com)"
152.42.255.59 - - [04/Apr/2026:01:55:09 -0400] "POST /wp-login.php HTTP/1.1" 200 3284 "http://www.fluidbonding.com/wp-login.php" "Mozilla/5.0 (Windows NT 10.0; Win64; x64; rv:119.0) Gecko/20100101 Firefox/119.0"
216.73.216.99 - - [04/Apr/2026:01:55:13 -0400] "GET /?p=93 HTTP/1.1" 301 - "-" "Mozilla/5.0 AppleWebKit/537.36 (KHTML, like Gecko; compatible; ClaudeBot/1.0; +claudebot@anthropic.com)"
216.73.216.99 - - [04/Apr/2026:01:55:13 -0400] "GET /index.php/body-fluids/bareback-gay-tube.html HTTP/1.1" 200 11839 "http://www.fluidbonding.com/?p=93" "Mozilla/5.0 AppleWebKit/537.36 (KHTML, like Gecko; compatible; ClaudeBot/1.0; +claudebot@anthropic.com)"
152.42.255.59 - - [04/Apr/2026:01:55:14 -0400] "POST /wp-login.php HTTP/1.1" 200 3239 "http://www.fluidbonding.com/wp-login.php" "Mozilla/5.0 (Macintosh; Intel Mac OS X 10_15_7) AppleWebKit/537.36 (KHTML, like Gecko) Chrome/120.0.0.0 Safari/537.36"
216.73.216.99 - - [04/Apr/2026:01:55:18 -0400] "GET /?p=96 HTTP/1.1" 301 - "-" "Mozilla/5.0 AppleWebKit/537.36 (KHTML, like Gecko; compatible; ClaudeBot/1.0; +claudebot@anthropic.com)"
216.73.216.99 - - [04/Apr/2026:01:55:18 -0400] "GET /index.php/body-fluids/boy-pussy-tube.html HTTP/1.1" 200 11865 "http://www.fluidbonding.com/?p=96" "Mozilla/5.0 AppleWebKit/537.36 (KHTML, like Gecko; compatible; ClaudeBot/1.0; +claudebot@anthropic.com)"
152.42.255.59 - - [04/Apr/2026:01:55:22 -0400] "POST /wp-login.php HTTP/1.1" 200 3284 "http://www.fluidbonding.com/wp-login.php" "Mozilla/5.0 (Macintosh; Intel Mac OS X 13_6_1) AppleWebKit/605.1.15 (KHTML, like Gecko) Version/17.1 Safari/605.1.15"
141.94.194.132 - - [04/Apr/2026:01:55:24 -0400] "GET /index.php/body-fluids/cumshot-tube.html/feed HTTP/1.1" 200 808 "-" "Mozilla/5.0 (X11; Linux i686) AppleWebKit/537.36 (KHTML, like Gecko) Chrome/30.0.1599.66 Safari/537.36"
216.73.216.99 - - [04/Apr/2026:01:55:26 -0400] "GET /?p=26 HTTP/1.1" 301 - "-" "Mozilla/5.0 AppleWebKit/537.36 (KHTML, like Gecko; compatible; ClaudeBot/1.0; +claudebot@anthropic.com)"
216.73.216.99 - - [04/Apr/2026:01:55:26 -0400] "GET /index.php/body-fluids/gay-tube-sex.html HTTP/1.1" 200 11717 "http://www.fluidbonding.com/?p=26" "Mozilla/5.0 AppleWebKit/537.36 (KHTML, like Gecko; compatible; ClaudeBot/1.0; +claudebot@anthropic.com)"
152.42.255.59 - - [04/Apr/2026:01:55:28 -0400] "POST /wp-login.php HTTP/1.1" 200 3239 "http://www.fluidbonding.com/wp-login.php" "Mozilla/5.0 (X11; Ubuntu; Linux x86_64) AppleWebKit/537.36 (KHTML, like Gecko) Chrome/120.0.0.0 Safari/537.36"
216.73.216.99 - - [04/Apr/2026:01:55:33 -0400] "GET /?p=162 HTTP/1.1" 301 - "-" "Mozilla/5.0 AppleWebKit/537.36 (KHTML, like Gecko; compatible; ClaudeBot/1.0; +claudebot@anthropic.com)"
216.73.216.99 - - [04/Apr/2026:01:55:33 -0400] "GET /index.php/body-fluids/gay-cum-inside.html HTTP/1.1" 200 11799 "http://www.fluidbonding.com/?p=162" "Mozilla/5.0 AppleWebKit/537.36 (KHTML, like Gecko; compatible; ClaudeBot/1.0; +claudebot@anthropic.com)"
216.73.216.99 - - [04/Apr/2026:01:55:38 -0400] "GET /?p=81 HTTP/1.1" 301 - "-" "Mozilla/5.0 AppleWebKit/537.36 (KHTML, like Gecko; compatible; ClaudeBot/1.0; +claudebot@anthropic.com)"
216.73.216.99 - - [04/Apr/2026:01:55:38 -0400] "GET /index.php/body-fluids/gay-blue-tube.html HTTP/1.1" 200 12490 "http://www.fluidbonding.com/?p=81" "Mozilla/5.0 AppleWebKit/537.36 (KHTML, like Gecko; compatible; ClaudeBot/1.0; +claudebot@anthropic.com)"
216.73.216.99 - - [04/Apr/2026:01:55:43 -0400] "GET /?p=17 HTTP/1.1" 301 - "-" "Mozilla/5.0 AppleWebKit/537.36 (KHTML, like Gecko; compatible; ClaudeBot/1.0; +claudebot@anthropic.com)"
216.73.216.99 - - [04/Apr/2026:01:55:43 -0400] "GET /index.php/body-fluids/bodily-fluid-tube.html HTTP/1.1" 200 11832 "http://www.fluidbonding.com/?p=17" "Mozilla/5.0 AppleWebKit/537.36 (KHTML, like Gecko; compatible; ClaudeBot/1.0; +claudebot@anthropic.com)"
152.42.255.59 - - [04/Apr/2026:01:55:58 -0400] "POST /wp-login.php HTTP/1.1" 200 3284 "http://www.fluidbonding.com/wp-login.php" "Mozilla/5.0 (Macintosh; Intel Mac OS X 10_15_7) AppleWebKit/605.1.15 (KHTML, like Gecko) Version/16.6 Safari/605.1.15"
152.42.255.59 - - [04/Apr/2026:01:56:09 -0400] "POST /wp-login.php HTTP/1.1" 200 3239 "http://www.fluidbonding.com/wp-login.php" "Mozilla/5.0 (Macintosh; Intel Mac OS X 10_15_7) AppleWebKit/605.1.15 (KHTML, like Gecko) Version/16.6 Safari/605.1.15"
152.42.255.59 - - [04/Apr/2026:01:56:16 -0400] "POST /wp-login.php HTTP/1.1" 200 3284 "http://www.fluidbonding.com/wp-login.php" "Mozilla/5.0 (Macintosh; Intel Mac OS X 13_6_1) AppleWebKit/605.1.15 (KHTML, like Gecko) Version/16.6 Safari/605.1.15"
152.42.255.59 - - [04/Apr/2026:01:56:23 -0400] "POST /wp-login.php HTTP/1.1" 200 3239 "http://www.fluidbonding.com/wp-login.php" "Mozilla/5.0 (Macintosh; Intel Mac OS X 13_6_1) AppleWebKit/537.36 (KHTML, like Gecko) Chrome/120.0.0.0 Safari/537.36"
152.42.255.59 - - [04/Apr/2026:01:56:29 -0400] "POST /wp-login.php HTTP/1.1" 200 3239 "http://www.fluidbonding.com/wp-login.php" "Mozilla/5.0 (Windows NT 11.0; Win64; x64) AppleWebKit/537.36 (KHTML, like Gecko) Chrome/119.0.0.0 Safari/537.36"
152.42.255.59 - - [04/Apr/2026:01:56:34 -0400] "POST /wp-login.php HTTP/1.1" 200 3284 "http://www.fluidbonding.com/wp-login.php" "Mozilla/5.0 (Macintosh; Intel Mac OS X 10_15_7; rv:121.0) Gecko/20100101 Firefox/121.0"
216.73.216.99 - - [04/Apr/2026:01:56:36 -0400] "GET /?p=182 HTTP/1.1" 301 - "-" "Mozilla/5.0 AppleWebKit/537.36 (KHTML, like Gecko; compatible; ClaudeBot/1.0; +claudebot@anthropic.com)"
216.73.216.99 - - [04/Apr/2026:01:56:36 -0400] "GET /index.php/body-fluids/hot-body-tube.html HTTP/1.1" 200 11879 "http://www.fluidbonding.com/?p=182" "Mozilla/5.0 AppleWebKit/537.36 (KHTML, like Gecko; compatible; ClaudeBot/1.0; +claudebot@anthropic.com)"
152.42.255.59 - - [04/Apr/2026:01:56:40 -0400] "POST /wp-login.php HTTP/1.1" 200 3239 "http://www.fluidbonding.com/wp-login.php" "Mozilla/5.0 (Macintosh; Intel Mac OS X 10_15_7; rv:120.0) Gecko/20100101 Firefox/120.0"
216.73.216.99 - - [04/Apr/2026:01:56:41 -0400] "GET /?p=14 HTTP/1.1" 301 - "-" "Mozilla/5.0 AppleWebKit/537.36 (KHTML, like Gecko; compatible; ClaudeBot/1.0; +claudebot@anthropic.com)"
216.73.216.99 - - [04/Apr/2026:01:56:41 -0400] "GET /index.php/body-fluids/body-tube.html HTTP/1.1" 200 11681 "http://www.fluidbonding.com/?p=14" "Mozilla/5.0 AppleWebKit/537.36 (KHTML, like Gecko; compatible; ClaudeBot/1.0; +claudebot@anthropic.com)"
216.73.216.99 - - [04/Apr/2026:01:56:45 -0400] "GET /?p=29 HTTP/1.1" 301 - "-" "Mozilla/5.0 AppleWebKit/537.36 (KHTML, like Gecko; compatible; ClaudeBot/1.0; +claudebot@anthropic.com)"
216.73.216.99 - - [04/Apr/2026:01:56:46 -0400] "GET /index.php/body-fluids/anal-cumshot-tube.html HTTP/1.1" 200 11876 "http://www.fluidbonding.com/?p=29" "Mozilla/5.0 AppleWebKit/537.36 (KHTML, like Gecko; compatible; ClaudeBot/1.0; +claudebot@anthropic.com)"
