File: /home/httpd/logs/findingxxx.com_access_log
74.206.190.118 - - [03/Apr/2026:03:30:08 -0400] "POST /wp-cron.php?doing_wp_cron=1775201408.7225730419158935546875 HTTP/1.1" 406 330 "-" "WordPress/3.6.1; http://www.findingxxx.com"
74.206.190.118 - - [03/Apr/2026:03:30:08 -0400] "GET / HTTP/1.1" 200 24408 "-" "curl/7.29.0"
74.206.190.118 - - [03/Apr/2026:03:35:08 -0400] "POST /wp-cron.php?doing_wp_cron=1775201708.5928440093994140625000 HTTP/1.1" 406 330 "-" "WordPress/3.6.1; http://www.findingxxx.com"
74.206.190.118 - - [03/Apr/2026:03:35:08 -0400] "GET / HTTP/1.1" 200 24408 "-" "curl/7.29.0"
74.206.190.118 - - [03/Apr/2026:03:40:11 -0400] "POST /wp-cron.php?doing_wp_cron=1775202011.6916809082031250000000 HTTP/1.1" 406 330 "-" "WordPress/3.6.1; http://www.findingxxx.com"
74.206.190.118 - - [03/Apr/2026:03:40:11 -0400] "GET / HTTP/1.1" 200 24408 "-" "curl/7.29.0"
37.59.21.100 - - [03/Apr/2026:03:40:54 -0400] "GET /index.php/brunnette-xxx/london-keys-fuck.html/feed HTTP/1.1" 200 2380 "-" "Mozilla/5.0 (X11; Linux i686) AppleWebKit/537.36 (KHTML, like Gecko) Chrome/30.0.1599.66 Safari/537.36"
74.206.190.118 - - [03/Apr/2026:03:45:08 -0400] "POST /wp-cron.php?doing_wp_cron=1775202308.9873909950256347656250 HTTP/1.1" 406 330 "-" "WordPress/3.6.1; http://www.findingxxx.com"
74.206.190.118 - - [03/Apr/2026:03:45:08 -0400] "GET / HTTP/1.1" 200 24408 "-" "curl/7.29.0"
74.206.190.118 - - [03/Apr/2026:03:50:09 -0400] "POST /wp-cron.php?doing_wp_cron=1775202609.0628230571746826171875 HTTP/1.1" 406 330 "-" "WordPress/3.6.1; http://www.findingxxx.com"
74.206.190.118 - - [03/Apr/2026:03:50:08 -0400] "GET / HTTP/1.1" 200 24408 "-" "curl/7.29.0"
74.206.190.118 - - [03/Apr/2026:03:55:08 -0400] "POST /wp-cron.php?doing_wp_cron=1775202908.4772970676422119140625 HTTP/1.1" 406 330 "-" "WordPress/3.6.1; http://www.findingxxx.com"
74.206.190.118 - - [03/Apr/2026:03:55:08 -0400] "GET / HTTP/1.1" 200 24408 "-" "curl/7.29.0"
74.206.190.118 - - [03/Apr/2026:04:00:22 -0400] "POST /wp-cron.php?doing_wp_cron=1775203222.9535710811614990234375 HTTP/1.1" 406 330 "-" "WordPress/3.6.1; http://www.findingxxx.com"
74.206.190.118 - - [03/Apr/2026:04:00:22 -0400] "GET / HTTP/1.1" 200 24408 "-" "curl/7.29.0"
20.63.102.187 - - [03/Apr/2026:04:02:43 -0400] "GET //wp-content/plugins/fix/up.php HTTP/1.1" 404 295 "-" "Mozilla/5.0 (Windows NT 10.0; Win64; x64) AppleWebKit/537.36 (KHTML, like Gecko) Chrome/85.0.4183.102 Safari/537.36"
74.206.190.118 - - [03/Apr/2026:04:05:09 -0400] "POST /wp-cron.php?doing_wp_cron=1775203509.1366789340972900390625 HTTP/1.1" 406 330 "-" "WordPress/3.6.1; http://www.findingxxx.com"
74.206.190.118 - - [03/Apr/2026:04:05:09 -0400] "GET / HTTP/1.1" 200 24408 "-" "curl/7.29.0"
203.95.196.141 - - [03/Apr/2026:04:08:23 -0400] "GET //wp-json/wp/v2/posts HTTP/1.1" 404 281 "-" "Mozilla/5.0 (Windows NT 10.0; Win64; x64) AppleWebKit/537.36 (KHTML, like Gecko) Chrome/120.0.0.0 Safari/537.36"
74.206.190.118 - - [03/Apr/2026:04:10:11 -0400] "POST /wp-cron.php?doing_wp_cron=1775203811.1701099872589111328125 HTTP/1.1" 406 330 "-" "WordPress/3.6.1; http://www.findingxxx.com"
74.206.190.118 - - [03/Apr/2026:04:10:11 -0400] "GET / HTTP/1.1" 200 24408 "-" "curl/7.29.0"
74.206.190.118 - - [03/Apr/2026:04:15:09 -0400] "POST /wp-cron.php?doing_wp_cron=1775204109.3243489265441894531250 HTTP/1.1" 406 330 "-" "WordPress/3.6.1; http://www.findingxxx.com"
74.206.190.118 - - [03/Apr/2026:04:15:09 -0400] "GET / HTTP/1.1" 200 24408 "-" "curl/7.29.0"
74.206.190.118 - - [03/Apr/2026:04:20:19 -0400] "POST /wp-cron.php?doing_wp_cron=1775204419.5922799110412597656250 HTTP/1.1" 406 330 "-" "WordPress/3.6.1; http://www.findingxxx.com"
74.206.190.118 - - [03/Apr/2026:04:20:19 -0400] "GET / HTTP/1.1" 200 24408 "-" "curl/7.29.0"
74.206.190.118 - - [03/Apr/2026:04:25:09 -0400] "POST /wp-cron.php?doing_wp_cron=1775204709.1383841037750244140625 HTTP/1.1" 406 330 "-" "WordPress/3.6.1; http://www.findingxxx.com"
74.206.190.118 - - [03/Apr/2026:04:25:09 -0400] "GET / HTTP/1.1" 200 24408 "-" "curl/7.29.0"
74.206.190.118 - - [03/Apr/2026:04:30:08 -0400] "POST /wp-cron.php?doing_wp_cron=1775205008.6783390045166015625000 HTTP/1.1" 406 330 "-" "WordPress/3.6.1; http://www.findingxxx.com"
74.206.190.118 - - [03/Apr/2026:04:30:08 -0400] "GET / HTTP/1.1" 200 24408 "-" "curl/7.29.0"
74.206.190.118 - - [03/Apr/2026:04:35:09 -0400] "POST /wp-cron.php?doing_wp_cron=1775205309.1541249752044677734375 HTTP/1.1" 406 330 "-" "WordPress/3.6.1; http://www.findingxxx.com"
74.206.190.118 - - [03/Apr/2026:04:35:09 -0400] "GET / HTTP/1.1" 200 24408 "-" "curl/7.29.0"
74.206.190.118 - - [03/Apr/2026:04:36:20 -0400] "POST /wp-cron.php?doing_wp_cron=1775205380.9568159580230712890625 HTTP/1.1" 406 330 "-" "WordPress/3.6.1; http://www.findingxxx.com"
128.237.82.213 - - [03/Apr/2026:04:36:20 -0400] "GET / HTTP/1.1" 301 - "-" "curl/8.14.1"
128.237.82.213 - - [03/Apr/2026:04:36:21 -0400] "GET / HTTP/1.1" 301 - "-" "curl/8.14.1"
128.237.82.213 - - [03/Apr/2026:04:36:21 -0400] "GET / HTTP/1.1" 301 - "-" "curl/8.14.1"
74.206.190.118 - - [03/Apr/2026:04:40:16 -0400] "POST /wp-cron.php?doing_wp_cron=1775205616.8808150291442871093750 HTTP/1.1" 406 330 "-" "WordPress/3.6.1; http://www.findingxxx.com"
74.206.190.118 - - [03/Apr/2026:04:40:16 -0400] "GET / HTTP/1.1" 200 24408 "-" "curl/7.29.0"
74.206.190.118 - - [03/Apr/2026:04:45:14 -0400] "POST /wp-cron.php?doing_wp_cron=1775205914.8118391036987304687500 HTTP/1.1" 406 330 "-" "WordPress/3.6.1; http://www.findingxxx.com"
74.206.190.118 - - [03/Apr/2026:04:45:14 -0400] "GET / HTTP/1.1" 200 24408 "-" "curl/7.29.0"
216.244.66.203 - - [03/Apr/2026:04:48:52 -0400] "GET /robots.txt HTTP/1.1" 403 280 "-" "Mozilla/5.0 (compatible; DotBot/1.2; +https://opensiteexplorer.org/dotbot; help@moz.com)"
74.206.190.118 - - [03/Apr/2026:04:50:10 -0400] "POST /wp-cron.php?doing_wp_cron=1775206210.0697109699249267578125 HTTP/1.1" 406 330 "-" "WordPress/3.6.1; http://www.findingxxx.com"
74.206.190.118 - - [03/Apr/2026:04:50:09 -0400] "GET / HTTP/1.1" 200 24408 "-" "curl/7.29.0"
74.206.190.118 - - [03/Apr/2026:04:55:09 -0400] "POST /wp-cron.php?doing_wp_cron=1775206509.7851500511169433593750 HTTP/1.1" 406 330 "-" "WordPress/3.6.1; http://www.findingxxx.com"
74.206.190.118 - - [03/Apr/2026:04:55:09 -0400] "GET / HTTP/1.1" 200 24408 "-" "curl/7.29.0"
74.206.190.118 - - [03/Apr/2026:05:00:23 -0400] "POST /wp-cron.php?doing_wp_cron=1775206823.7282249927520751953125 HTTP/1.1" 406 330 "-" "WordPress/3.6.1; http://www.findingxxx.com"
74.206.190.118 - - [03/Apr/2026:05:00:23 -0400] "GET / HTTP/1.1" 200 24408 "-" "curl/7.29.0"
74.206.190.118 - - [03/Apr/2026:05:02:10 -0400] "POST /wp-cron.php?doing_wp_cron=1775206930.1962850093841552734375 HTTP/1.1" 406 330 "-" "WordPress/3.6.1; http://www.findingxxx.com"
184.22.16.148 - - [03/Apr/2026:05:02:10 -0400] "GET / HTTP/1.1" 301 - "-" "Python/3.14 aiohttp/3.13.3"
74.206.190.118 - - [03/Apr/2026:05:03:22 -0400] "POST /wp-cron.php?doing_wp_cron=1775207002.9325599670410156250000 HTTP/1.1" 406 330 "-" "WordPress/3.6.1; http://www.findingxxx.com"
37.59.21.100 - - [03/Apr/2026:05:03:22 -0400] "GET /index.php/brunnette-xxx/porn-xxx.html/feed HTTP/1.1" 200 2356 "-" "Mozilla/5.0 (X11; Linux i686) AppleWebKit/537.36 (KHTML, like Gecko) Chrome/30.0.1599.66 Safari/537.36"
27.46.125.19 - - [03/Apr/2026:05:05:02 -0400] "GET /robots.txt HTTP/1.1" 200 24 "-" "Mozilla/5.0 (Windows NT 10.0; Win64; x64) AppleWebKit/537.36 (KHTML, like Gecko) Chrome/48.0.3686.120 Safari/537.36 Edge/18.18362"
74.206.190.118 - - [03/Apr/2026:05:05:12 -0400] "POST /wp-cron.php?doing_wp_cron=1775207112.2578909397125244140625 HTTP/1.1" 406 330 "-" "WordPress/3.6.1; http://www.findingxxx.com"
74.206.190.118 - - [03/Apr/2026:05:05:12 -0400] "GET / HTTP/1.1" 200 24408 "-" "curl/7.29.0"
184.22.16.148 - - [03/Apr/2026:05:05:28 -0400] "GET / HTTP/1.1" 301 - "-" "Python/3.14 aiohttp/3.13.3"
74.206.190.118 - - [03/Apr/2026:05:10:09 -0400] "POST /wp-cron.php?doing_wp_cron=1775207409.1500430107116699218750 HTTP/1.1" 406 330 "-" "WordPress/3.6.1; http://www.findingxxx.com"
74.206.190.118 - - [03/Apr/2026:05:10:09 -0400] "GET / HTTP/1.1" 200 24408 "-" "curl/7.29.0"
74.206.190.118 - - [03/Apr/2026:05:15:10 -0400] "POST /wp-cron.php?doing_wp_cron=1775207710.1282920837402343750000 HTTP/1.1" 406 330 "-" "WordPress/3.6.1; http://www.findingxxx.com"
74.206.190.118 - - [03/Apr/2026:05:15:10 -0400] "GET / HTTP/1.1" 200 24408 "-" "curl/7.29.0"
74.206.190.118 - - [03/Apr/2026:05:20:14 -0400] "POST /wp-cron.php?doing_wp_cron=1775208014.6549699306488037109375 HTTP/1.1" 406 330 "-" "WordPress/3.6.1; http://www.findingxxx.com"
74.206.190.118 - - [03/Apr/2026:05:20:14 -0400] "GET / HTTP/1.1" 200 24408 "-" "curl/7.29.0"
74.206.190.118 - - [03/Apr/2026:05:21:31 -0400] "POST /wp-cron.php?doing_wp_cron=1775208091.4297699928283691406250 HTTP/1.1" 406 330 "-" "WordPress/3.6.1; http://www.findingxxx.com"
37.59.21.100 - - [03/Apr/2026:05:21:31 -0400] "GET /index.php/category/brunnette-xxx/feed HTTP/1.1" 200 11086 "-" "Mozilla/5.0 (X11; Linux i686) AppleWebKit/537.36 (KHTML, like Gecko) Chrome/30.0.1599.66 Safari/537.36"
74.206.190.118 - - [03/Apr/2026:05:25:09 -0400] "POST /wp-cron.php?doing_wp_cron=1775208309.1763739585876464843750 HTTP/1.1" 406 330 "-" "WordPress/3.6.1; http://www.findingxxx.com"
74.206.190.118 - - [03/Apr/2026:05:25:09 -0400] "GET / HTTP/1.1" 200 24408 "-" "curl/7.29.0"
74.206.190.118 - - [03/Apr/2026:05:26:38 -0400] "POST /wp-cron.php?doing_wp_cron=1775208398.5256729125976562500000 HTTP/1.1" 406 330 "-" "WordPress/3.6.1; http://www.findingxxx.com"
209.141.46.13 - - [03/Apr/2026:05:26:38 -0400] "GET /wp-login.php HTTP/1.1" 200 2405 "-" "Mozilla/5.0 (Windows NT 10.0; Win64; x64) AppleWebKit/537.36 (KHTML, like Gecko) Chrome/134.0.0.0 Safari/537.36"
209.141.46.13 - - [03/Apr/2026:05:26:38 -0400] "POST /wp-login.php HTTP/1.1" 200 3362 "http://findingxxx.com/wp-admin/" "Mozilla/5.0 (Windows NT 10.0; Win64; x64) AppleWebKit/537.36 (KHTML, like Gecko) Chrome/134.0.0.0 Safari/537.36"
74.206.190.118 - - [03/Apr/2026:05:30:15 -0400] "POST /wp-cron.php?doing_wp_cron=1775208615.4451680183410644531250 HTTP/1.1" 406 330 "-" "WordPress/3.6.1; http://www.findingxxx.com"
74.206.190.118 - - [03/Apr/2026:05:30:15 -0400] "GET / HTTP/1.1" 200 24408 "-" "curl/7.29.0"
74.206.190.118 - - [03/Apr/2026:05:35:14 -0400] "POST /wp-cron.php?doing_wp_cron=1775208914.4576680660247802734375 HTTP/1.1" 406 330 "-" "WordPress/3.6.1; http://www.findingxxx.com"
74.206.190.118 - - [03/Apr/2026:05:35:14 -0400] "GET / HTTP/1.1" 200 24408 "-" "curl/7.29.0"
74.206.190.118 - - [03/Apr/2026:05:40:18 -0400] "POST /wp-cron.php?doing_wp_cron=1775209218.7033300399780273437500 HTTP/1.1" 406 330 "-" "WordPress/3.6.1; http://www.findingxxx.com"
74.206.190.118 - - [03/Apr/2026:05:40:18 -0400] "GET / HTTP/1.1" 200 24408 "-" "curl/7.29.0"
74.206.190.118 - - [03/Apr/2026:05:45:10 -0400] "POST /wp-cron.php?doing_wp_cron=1775209510.3405709266662597656250 HTTP/1.1" 406 330 "-" "WordPress/3.6.1; http://www.findingxxx.com"
74.206.190.118 - - [03/Apr/2026:05:45:10 -0400] "GET / HTTP/1.1" 200 24408 "-" "curl/7.29.0"
216.73.216.49 - - [03/Apr/2026:05:46:44 -0400] "GET /robots.txt HTTP/1.1" 200 24 "-" "Mozilla/5.0 AppleWebKit/537.36 (KHTML, like Gecko; compatible; ClaudeBot/1.0; +claudebot@anthropic.com)"
74.206.190.118 - - [03/Apr/2026:05:50:10 -0400] "POST /wp-cron.php?doing_wp_cron=1775209810.4001410007476806640625 HTTP/1.1" 406 330 "-" "WordPress/3.6.1; http://www.findingxxx.com"
74.206.190.118 - - [03/Apr/2026:05:50:10 -0400] "GET / HTTP/1.1" 200 24408 "-" "curl/7.29.0"
74.206.190.118 - - [03/Apr/2026:05:55:09 -0400] "POST /wp-cron.php?doing_wp_cron=1775210109.2454779148101806640625 HTTP/1.1" 406 330 "-" "WordPress/3.6.1; http://www.findingxxx.com"
74.206.190.118 - - [03/Apr/2026:05:55:09 -0400] "GET / HTTP/1.1" 200 24408 "-" "curl/7.29.0"
43.167.204.112 - - [03/Apr/2026:05:58:52 -0400] "GET /wp-json/wp/v2/posts HTTP/1.1" 404 281 "-" "Mozilla/5.0 (Windows NT 10.0; Win64; x64) AppleWebKit/537.36 (KHTML, like Gecko) Chrome/120.0.0.0 Safari/537.36"
74.206.190.118 - - [03/Apr/2026:06:00:25 -0400] "POST /wp-cron.php?doing_wp_cron=1775210425.4492430686950683593750 HTTP/1.1" 406 330 "-" "WordPress/3.6.1; http://www.findingxxx.com"
74.206.190.118 - - [03/Apr/2026:06:00:25 -0400] "GET / HTTP/1.1" 200 24408 "-" "curl/7.29.0"
74.206.190.118 - - [03/Apr/2026:06:05:10 -0400] "POST /wp-cron.php?doing_wp_cron=1775210710.6133821010589599609375 HTTP/1.1" 406 330 "-" "WordPress/3.6.1; http://www.findingxxx.com"
74.206.190.118 - - [03/Apr/2026:06:05:10 -0400] "GET / HTTP/1.1" 200 24408 "-" "curl/7.29.0"
74.206.190.118 - - [03/Apr/2026:06:10:12 -0400] "POST /wp-cron.php?doing_wp_cron=1775211012.0103540420532226562500 HTTP/1.1" 406 330 "-" "WordPress/3.6.1; http://www.findingxxx.com"
74.206.190.118 - - [03/Apr/2026:06:10:11 -0400] "GET / HTTP/1.1" 200 24408 "-" "curl/7.29.0"
74.206.190.118 - - [03/Apr/2026:06:15:13 -0400] "POST /wp-cron.php?doing_wp_cron=1775211313.0305910110473632812500 HTTP/1.1" 406 330 "-" "WordPress/3.6.1; http://www.findingxxx.com"
74.206.190.118 - - [03/Apr/2026:06:15:12 -0400] "GET / HTTP/1.1" 200 24408 "-" "curl/7.29.0"
74.206.190.118 - - [03/Apr/2026:06:20:21 -0400] "POST /wp-cron.php?doing_wp_cron=1775211621.3147470951080322265625 HTTP/1.1" 406 330 "-" "WordPress/3.6.1; http://www.findingxxx.com"
74.206.190.118 - - [03/Apr/2026:06:20:21 -0400] "GET / HTTP/1.1" 200 24408 "-" "curl/7.29.0"
74.206.190.118 - - [03/Apr/2026:06:25:12 -0400] "POST /wp-cron.php?doing_wp_cron=1775211912.2170169353485107421875 HTTP/1.1" 406 330 "-" "WordPress/3.6.1; http://www.findingxxx.com"
74.206.190.118 - - [03/Apr/2026:06:25:12 -0400] "GET / HTTP/1.1" 200 24408 "-" "curl/7.29.0"
74.206.190.118 - - [03/Apr/2026:06:30:10 -0400] "POST /wp-cron.php?doing_wp_cron=1775212210.7439870834350585937500 HTTP/1.1" 406 330 "-" "WordPress/3.6.1; http://www.findingxxx.com"
74.206.190.118 - - [03/Apr/2026:06:30:10 -0400] "GET / HTTP/1.1" 200 24408 "-" "curl/7.29.0"
74.206.190.118 - - [03/Apr/2026:06:35:10 -0400] "POST /wp-cron.php?doing_wp_cron=1775212510.9361529350280761718750 HTTP/1.1" 406 330 "-" "WordPress/3.6.1; http://www.findingxxx.com"
74.206.190.118 - - [03/Apr/2026:06:35:10 -0400] "GET / HTTP/1.1" 200 24408 "-" "curl/7.29.0"
74.206.190.118 - - [03/Apr/2026:06:39:16 -0400] "POST /wp-cron.php?doing_wp_cron=1775212756.3563530445098876953125 HTTP/1.1" 406 330 "-" "WordPress/3.6.1; http://www.findingxxx.com"
209.141.47.233 - - [03/Apr/2026:06:39:16 -0400] "GET /wp-login.php HTTP/1.1" 200 2405 "-" "Mozilla/5.0 (Macintosh; Intel Mac OS X 10.8; rv:31.0) Gecko/20100101 Firefox/31.0"
209.141.47.233 - - [03/Apr/2026:06:39:16 -0400] "POST /wp-login.php HTTP/1.1" 200 3362 "-" "Mozilla/5.0 (Macintosh; Intel Mac OS X 10.8; rv:31.0) Gecko/20100101 Firefox/31.0"
74.206.190.118 - - [03/Apr/2026:06:40:26 -0400] "POST /wp-cron.php?doing_wp_cron=1775212826.3127520084381103515625 HTTP/1.1" 406 330 "-" "WordPress/3.6.1; http://www.findingxxx.com"
74.206.190.118 - - [03/Apr/2026:06:40:26 -0400] "GET / HTTP/1.1" 200 24408 "-" "curl/7.29.0"
192.253.248.90 - - [03/Apr/2026:06:40:38 -0400] "GET /app/.env HTTP/1.1" 404 270 "-" "Mozilla/5.0"
192.253.248.90 - - [03/Apr/2026:06:40:38 -0400] "GET /.env HTTP/1.1" 404 266 "-" "Mozilla/5.0"
74.206.190.118 - - [03/Apr/2026:06:45:10 -0400] "POST /wp-cron.php?doing_wp_cron=1775213110.8052859306335449218750 HTTP/1.1" 406 330 "-" "WordPress/3.6.1; http://www.findingxxx.com"
74.206.190.118 - - [03/Apr/2026:06:45:10 -0400] "GET / HTTP/1.1" 200 24408 "-" "curl/7.29.0"
74.206.190.118 - - [03/Apr/2026:06:49:29 -0400] "POST /wp-cron.php?doing_wp_cron=1775213368.9949889183044433593750 HTTP/1.1" 406 330 "-" "WordPress/3.6.1; http://www.findingxxx.com"
37.59.21.100 - - [03/Apr/2026:06:49:28 -0400] "GET /index.php/category/young-xxx/feed HTTP/1.1" 200 4632 "-" "Mozilla/5.0 (X11; Linux i686) AppleWebKit/537.36 (KHTML, like Gecko) Chrome/30.0.1599.66 Safari/537.36"
74.206.190.118 - - [03/Apr/2026:06:50:11 -0400] "GET / HTTP/1.1" 200 24408 "-" "curl/7.29.0"
74.206.190.118 - - [03/Apr/2026:06:55:11 -0400] "POST /wp-cron.php?doing_wp_cron=1775213711.1138780117034912109375 HTTP/1.1" 406 330 "-" "WordPress/3.6.1; http://www.findingxxx.com"
74.206.190.118 - - [03/Apr/2026:06:55:11 -0400] "GET / HTTP/1.1" 200 24408 "-" "curl/7.29.0"
74.206.190.118 - - [03/Apr/2026:07:00:24 -0400] "POST /wp-cron.php?doing_wp_cron=1775214024.4634649753570556640625 HTTP/1.1" 406 330 "-" "WordPress/3.6.1; http://www.findingxxx.com"
74.206.190.118 - - [03/Apr/2026:07:00:24 -0400] "GET / HTTP/1.1" 200 24408 "-" "curl/7.29.0"
216.244.66.203 - - [03/Apr/2026:07:04:59 -0400] "GET /robots.txt HTTP/1.1" 403 280 "-" "Mozilla/5.0 (compatible; DotBot/1.2; +https://opensiteexplorer.org/dotbot; help@moz.com)"
74.206.190.118 - - [03/Apr/2026:07:05:08 -0400] "POST /wp-cron.php?doing_wp_cron=1775214308.8179090023040771484375 HTTP/1.1" 406 330 "-" "WordPress/3.6.1; http://www.findingxxx.com"
74.206.190.118 - - [03/Apr/2026:07:05:08 -0400] "GET / HTTP/1.1" 200 24408 "-" "curl/7.29.0"
74.206.190.118 - - [03/Apr/2026:07:10:11 -0400] "POST /wp-cron.php?doing_wp_cron=1775214611.0084140300750732421875 HTTP/1.1" 406 330 "-" "WordPress/3.6.1; http://www.findingxxx.com"
74.206.190.118 - - [03/Apr/2026:07:10:10 -0400] "GET / HTTP/1.1" 200 24408 "-" "curl/7.29.0"
74.206.190.118 - - [03/Apr/2026:07:15:13 -0400] "POST /wp-cron.php?doing_wp_cron=1775214913.4074189662933349609375 HTTP/1.1" 406 330 "-" "WordPress/3.6.1; http://www.findingxxx.com"
74.206.190.118 - - [03/Apr/2026:07:15:13 -0400] "GET / HTTP/1.1" 200 24408 "-" "curl/7.29.0"
74.206.190.118 - - [03/Apr/2026:07:16:43 -0400] "POST /wp-cron.php?doing_wp_cron=1775215003.1682159900665283203125 HTTP/1.1" 406 330 "-" "WordPress/3.6.1; http://www.findingxxx.com"
20.191.45.212 - - [03/Apr/2026:07:16:43 -0400] "GET / HTTP/1.1" 200 24408 "-" "DuckDuckBot/1.1; (+http://duckduckgo.com/duckduckbot.html)"
74.206.190.118 - - [03/Apr/2026:07:19:01 -0400] "POST /wp-cron.php?doing_wp_cron=1775215141.3094530105590820312500 HTTP/1.1" 406 330 "-" "WordPress/3.6.1; http://www.findingxxx.com"
184.22.16.148 - - [03/Apr/2026:07:19:01 -0400] "GET / HTTP/1.1" 301 - "-" "Python/3.14 aiohttp/3.13.3"
20.191.45.212 - - [03/Apr/2026:07:19:56 -0400] "GET / HTTP/1.1" 200 24408 "-" "DuckDuckBot/1.1; (+http://duckduckgo.com/duckduckbot.html)"
74.206.190.118 - - [03/Apr/2026:07:20:22 -0400] "POST /wp-cron.php?doing_wp_cron=1775215222.5300090312957763671875 HTTP/1.1" 406 330 "-" "WordPress/3.6.1; http://www.findingxxx.com"
74.206.190.118 - - [03/Apr/2026:07:20:22 -0400] "GET / HTTP/1.1" 200 24408 "-" "curl/7.29.0"
74.206.190.118 - - [03/Apr/2026:07:22:24 -0400] "POST /wp-cron.php?doing_wp_cron=1775215344.5831809043884277343750 HTTP/1.1" 406 330 "-" "WordPress/3.6.1; http://www.findingxxx.com"
43.135.182.43 - - [03/Apr/2026:07:22:24 -0400] "GET / HTTP/1.1" 301 - "-" "Mozilla/5.0 (iPhone; CPU iPhone OS 13_2_3 like Mac OS X) AppleWebKit/605.1.15 (KHTML, like Gecko) Version/13.0.3 Mobile/15E148 Safari/604.1"
43.135.182.43 - - [03/Apr/2026:07:22:25 -0400] "GET / HTTP/1.1" 200 24408 "http://findingxxx.com" "Mozilla/5.0 (iPhone; CPU iPhone OS 13_2_3 like Mac OS X) AppleWebKit/605.1.15 (KHTML, like Gecko) Version/13.0.3 Mobile/15E148 Safari/604.1"
74.206.190.118 - - [03/Apr/2026:07:25:09 -0400] "POST /wp-cron.php?doing_wp_cron=1775215509.6575889587402343750000 HTTP/1.1" 406 330 "-" "WordPress/3.6.1; http://www.findingxxx.com"
74.206.190.118 - - [03/Apr/2026:07:25:09 -0400] "GET / HTTP/1.1" 200 24408 "-" "curl/7.29.0"
74.206.190.118 - - [03/Apr/2026:07:30:09 -0400] "POST /wp-cron.php?doing_wp_cron=1775215809.2396609783172607421875 HTTP/1.1" 406 330 "-" "WordPress/3.6.1; http://www.findingxxx.com"
74.206.190.118 - - [03/Apr/2026:07:30:09 -0400] "GET / HTTP/1.1" 200 24408 "-" "curl/7.29.0"
74.206.190.118 - - [03/Apr/2026:07:35:09 -0400] "POST /wp-cron.php?doing_wp_cron=1775216109.9406890869140625000000 HTTP/1.1" 406 330 "-" "WordPress/3.6.1; http://www.findingxxx.com"
74.206.190.118 - - [03/Apr/2026:07:35:09 -0400] "GET / HTTP/1.1" 200 24408 "-" "curl/7.29.0"
74.206.190.118 - - [03/Apr/2026:07:40:20 -0400] "POST /wp-cron.php?doing_wp_cron=1775216420.4924340248107910156250 HTTP/1.1" 406 330 "-" "WordPress/3.6.1; http://www.findingxxx.com"
74.206.190.118 - - [03/Apr/2026:07:40:20 -0400] "GET / HTTP/1.1" 200 24408 "-" "curl/7.29.0"
74.206.190.118 - - [03/Apr/2026:07:45:10 -0400] "POST /wp-cron.php?doing_wp_cron=1775216710.4003889560699462890625 HTTP/1.1" 406 330 "-" "WordPress/3.6.1; http://www.findingxxx.com"
74.206.190.118 - - [03/Apr/2026:07:45:10 -0400] "GET / HTTP/1.1" 200 24408 "-" "curl/7.29.0"
74.206.190.118 - - [03/Apr/2026:07:50:09 -0400] "POST /wp-cron.php?doing_wp_cron=1775217009.5413329601287841796875 HTTP/1.1" 406 330 "-" "WordPress/3.6.1; http://www.findingxxx.com"
74.206.190.118 - - [03/Apr/2026:07:50:09 -0400] "GET / HTTP/1.1" 200 24408 "-" "curl/7.29.0"
74.206.190.118 - - [03/Apr/2026:07:55:10 -0400] "POST /wp-cron.php?doing_wp_cron=1775217310.6106750965118408203125 HTTP/1.1" 406 330 "-" "WordPress/3.6.1; http://www.findingxxx.com"
74.206.190.118 - - [03/Apr/2026:07:55:10 -0400] "GET / HTTP/1.1" 200 24408 "-" "curl/7.29.0"
151.236.18.18 - - [03/Apr/2026:07:56:09 -0400] "GET / HTTP/1.1" 200 24408 "-" "Mozilla/5.0 (Windows NT 10.0; Win64; x64) AppleWebKit/537.36 (KHTML, like Gecko) Chrome/123.0.0.0 Safari/537.36"
35.231.172.245 - - [03/Apr/2026:07:56:10 -0400] "GET /robots.txt HTTP/1.1" 200 24 "-" "Mozilla/5.0 (Macintosh; Intel Mac OS X 14_4_1) AppleWebKit/605.1.15 (KHTML, like Gecko) Version/17.3.1 Safari/605.1.15"
35.231.172.245 - - [03/Apr/2026:07:56:11 -0400] "GET /404error_test.html HTTP/1.1" 404 284 "-" "Mozilla/5.0 (Windows NT 10.0; Win64; x64) AppleWebKit/537.36 (KHTML, like Gecko) Chrome/123.0.0.0 Safari/537.36"
74.206.190.118 - - [03/Apr/2026:07:56:26 -0400] "POST /wp-cron.php?doing_wp_cron=1775217386.3407249450683593750000 HTTP/1.1" 406 330 "-" "WordPress/3.6.1; http://www.findingxxx.com"
170.106.193.108 - - [03/Apr/2026:07:56:26 -0400] "GET / HTTP/1.1" 200 24408 "-" "Mozilla/5.0 (iPhone; CPU iPhone OS 13_2_3 like Mac OS X) AppleWebKit/605.1.15 (KHTML, like Gecko) Version/13.0.3 Mobile/15E148 Safari/604.1"
74.206.190.118 - - [03/Apr/2026:08:00:22 -0400] "POST /wp-cron.php?doing_wp_cron=1775217622.5190689563751220703125 HTTP/1.1" 406 330 "-" "WordPress/3.6.1; http://www.findingxxx.com"
74.206.190.118 - - [03/Apr/2026:08:00:22 -0400] "GET / HTTP/1.1" 200 24408 "-" "curl/7.29.0"
74.206.190.118 - - [03/Apr/2026:08:05:13 -0400] "POST /wp-cron.php?doing_wp_cron=1775217913.1013569831848144531250 HTTP/1.1" 406 330 "-" "WordPress/3.6.1; http://www.findingxxx.com"
74.206.190.118 - - [03/Apr/2026:08:05:13 -0400] "GET / HTTP/1.1" 200 24408 "-" "curl/7.29.0"
74.206.190.118 - - [03/Apr/2026:08:10:10 -0400] "POST /wp-cron.php?doing_wp_cron=1775218210.2349770069122314453125 HTTP/1.1" 406 330 "-" "WordPress/3.6.1; http://www.findingxxx.com"
74.206.190.118 - - [03/Apr/2026:08:10:10 -0400] "GET / HTTP/1.1" 200 24408 "-" "curl/7.29.0"
216.73.216.49 - - [03/Apr/2026:08:14:04 -0400] "GET /robots.txt HTTP/1.1" 200 24 "-" "Mozilla/5.0 AppleWebKit/537.36 (KHTML, like Gecko; compatible; ClaudeBot/1.0; +claudebot@anthropic.com)"
74.206.190.118 - - [03/Apr/2026:08:15:10 -0400] "POST /wp-cron.php?doing_wp_cron=1775218510.8091340065002441406250 HTTP/1.1" 406 330 "-" "WordPress/3.6.1; http://www.findingxxx.com"
74.206.190.118 - - [03/Apr/2026:08:15:10 -0400] "GET / HTTP/1.1" 200 24408 "-" "curl/7.29.0"
74.206.190.118 - - [03/Apr/2026:08:20:23 -0400] "POST /wp-cron.php?doing_wp_cron=1775218823.2503631114959716796875 HTTP/1.1" 406 330 "-" "WordPress/3.6.1; http://www.findingxxx.com"
74.206.190.118 - - [03/Apr/2026:08:20:23 -0400] "GET / HTTP/1.1" 200 24408 "-" "curl/7.29.0"
74.206.190.118 - - [03/Apr/2026:08:25:10 -0400] "POST /wp-cron.php?doing_wp_cron=1775219110.5610530376434326171875 HTTP/1.1" 406 330 "-" "WordPress/3.6.1; http://www.findingxxx.com"
74.206.190.118 - - [03/Apr/2026:08:25:10 -0400] "GET / HTTP/1.1" 200 24408 "-" "curl/7.29.0"
74.206.190.118 - - [03/Apr/2026:08:30:10 -0400] "POST /wp-cron.php?doing_wp_cron=1775219410.4079570770263671875000 HTTP/1.1" 406 330 "-" "WordPress/3.6.1; http://www.findingxxx.com"
74.206.190.118 - - [03/Apr/2026:08:30:10 -0400] "GET / HTTP/1.1" 200 24408 "-" "curl/7.29.0"
74.206.190.118 - - [03/Apr/2026:08:35:12 -0400] "POST /wp-cron.php?doing_wp_cron=1775219712.7739970684051513671875 HTTP/1.1" 406 330 "-" "WordPress/3.6.1; http://www.findingxxx.com"
74.206.190.118 - - [03/Apr/2026:08:35:12 -0400] "GET / HTTP/1.1" 200 24408 "-" "curl/7.29.0"
74.206.190.118 - - [03/Apr/2026:08:40:01 -0400] "POST /wp-cron.php?doing_wp_cron=1775220001.1418740749359130859375 HTTP/1.1" 406 330 "-" "WordPress/3.6.1; http://www.findingxxx.com"
167.114.65.168 - - [03/Apr/2026:08:40:01 -0400] "GET /wp-login.php HTTP/1.1" 200 2405 "-" "Mozilla/5.0 (Macintosh; Intel Mac OS X 10_13_2) AppleWebKit/537.36 (KHTML, like Gecko) Chrome/65.0.3325.162 Safari/537.36"
167.114.65.168 - - [03/Apr/2026:08:40:01 -0400] "POST /wp-login.php HTTP/1.1" 200 3366 "http://www.findingxxx.com/wp-login.php" "Mozilla/5.0 (Macintosh; Intel Mac OS X 10_13_2) AppleWebKit/537.36 (KHTML, like Gecko) Chrome/65.0.3325.162 Safari/537.36"
74.206.190.118 - - [03/Apr/2026:08:40:16 -0400] "GET / HTTP/1.1" 200 24408 "-" "curl/7.29.0"
37.59.21.100 - - [03/Apr/2026:08:40:32 -0400] "GET /index.php/category/brunnette-xxx/feed HTTP/1.1" 200 11086 "-" "Mozilla/5.0 (X11; Linux i686) AppleWebKit/537.36 (KHTML, like Gecko) Chrome/30.0.1599.66 Safari/537.36"
74.206.190.118 - - [03/Apr/2026:08:45:10 -0400] "POST /wp-cron.php?doing_wp_cron=1775220310.6960730552673339843750 HTTP/1.1" 406 330 "-" "WordPress/3.6.1; http://www.findingxxx.com"
74.206.190.118 - - [03/Apr/2026:08:45:10 -0400] "GET / HTTP/1.1" 200 24408 "-" "curl/7.29.0"
74.206.190.118 - - [03/Apr/2026:08:48:20 -0400] "POST /wp-cron.php?doing_wp_cron=1775220500.0296409130096435546875 HTTP/1.1" 406 330 "-" "WordPress/3.6.1; http://www.findingxxx.com"
177.91.172.6 - - [03/Apr/2026:08:48:19 -0400] "GET /wp-login.php HTTP/1.1" 200 2405 "-" "Mozilla/4.0 (compatible; MSIE 7.0; Windows NT 6.1; WOW64; Trident/7.0; SLCC2; .NET CLR 2.0.50727; .NET CLR 3.5.30729; .NET CLR 3.0.30729; Media Center PC 6.0; .NET4.0C; .NET4.0E; MS-RTC LM 8; InfoPath.3)"
177.91.172.6 - - [03/Apr/2026:08:48:20 -0400] "POST /wp-login.php HTTP/1.1" 200 3366 "http://www.findingxxx.com/wp-login.php" "Mozilla/4.0 (compatible; MSIE 7.0; Windows NT 6.1; WOW64; Trident/7.0; SLCC2; .NET CLR 2.0.50727; .NET CLR 3.5.30729; .NET CLR 3.0.30729; Media Center PC 6.0; .NET4.0C; .NET4.0E; MS-RTC LM 8; InfoPath.3)"
74.206.190.118 - - [03/Apr/2026:08:50:09 -0400] "POST /wp-cron.php?doing_wp_cron=1775220609.2388720512390136718750 HTTP/1.1" 406 330 "-" "WordPress/3.6.1; http://www.findingxxx.com"
74.206.190.118 - - [03/Apr/2026:08:50:09 -0400] "GET / HTTP/1.1" 200 24408 "-" "curl/7.29.0"
74.206.190.118 - - [03/Apr/2026:08:55:08 -0400] "POST /wp-cron.php?doing_wp_cron=1775220908.7579789161682128906250 HTTP/1.1" 406 330 "-" "WordPress/3.6.1; http://www.findingxxx.com"
74.206.190.118 - - [03/Apr/2026:08:55:08 -0400] "GET / HTTP/1.1" 200 24408 "-" "curl/7.29.0"
74.206.190.118 - - [03/Apr/2026:09:00:24 -0400] "POST /wp-cron.php?doing_wp_cron=1775221224.4511270523071289062500 HTTP/1.1" 406 330 "-" "WordPress/3.6.1; http://www.findingxxx.com"
74.206.190.118 - - [03/Apr/2026:09:00:24 -0400] "GET / HTTP/1.1" 200 24408 "-" "curl/7.29.0"
66.249.77.225 - - [03/Apr/2026:09:04:34 -0400] "GET /robots.txt HTTP/1.1" 200 24 "-" "Mozilla/5.0 (compatible; Googlebot/2.1; +http://www.google.com/bot.html)"
74.206.190.118 - - [03/Apr/2026:09:04:34 -0400] "POST /wp-cron.php?doing_wp_cron=1775221474.4604279994964599609375 HTTP/1.1" 406 330 "-" "WordPress/3.6.1; http://www.findingxxx.com"
66.249.77.225 - - [03/Apr/2026:09:04:34 -0400] "GET /index.php/blonde-xxx/eden-adams-tube.html HTTP/1.1" 200 25273 "-" "Mozilla/5.0 (Linux; Android 6.0.1; Nexus 5X Build/MMB29P) AppleWebKit/537.36 (KHTML, like Gecko) Chrome/146.0.7680.177 Mobile Safari/537.36 (compatible; Googlebot/2.1; +http://www.google.com/bot.html)"
14.215.163.132 - - [03/Apr/2026:09:04:42 -0400] "GET / HTTP/1.1" 301 - "-" "Mozilla/5.0 (iPhone; CPU iPhone OS 13_2_3 like Mac OS X) AppleWebKit/605.1.15 (KHTML, like Gecko) Version/13.0.3 Mobile/15E148 Safari/604.1"
74.206.190.118 - - [03/Apr/2026:09:05:13 -0400] "GET / HTTP/1.1" 200 24408 "-" "curl/7.29.0"
74.206.190.118 - - [03/Apr/2026:09:06:18 -0400] "POST /wp-cron.php?doing_wp_cron=1775221578.5989830493927001953125 HTTP/1.1" 406 330 "-" "WordPress/3.6.1; http://www.findingxxx.com"
139.162.242.111 - - [03/Apr/2026:09:06:18 -0400] "GET /wp-login.php HTTP/1.1" 200 2405 "-" "Mozilla/5.0 (Windows NT 10.0; WOW64; Trident/7.0; MDDRJS; rv:11.0) like Gecko"
139.162.242.111 - - [03/Apr/2026:09:06:20 -0400] "POST /wp-login.php HTTP/1.1" 200 3366 "http://www.findingxxx.com/wp-login.php" "Mozilla/5.0 (Windows NT 10.0; WOW64; Trident/7.0; MDDRJS; rv:11.0) like Gecko"
74.206.190.118 - - [03/Apr/2026:09:10:14 -0400] "POST /wp-cron.php?doing_wp_cron=1775221814.0754859447479248046875 HTTP/1.1" 406 330 "-" "WordPress/3.6.1; http://www.findingxxx.com"
74.206.190.118 - - [03/Apr/2026:09:10:13 -0400] "GET / HTTP/1.1" 200 24408 "-" "curl/7.29.0"
74.206.190.118 - - [03/Apr/2026:09:15:10 -0400] "POST /wp-cron.php?doing_wp_cron=1775222110.3644969463348388671875 HTTP/1.1" 406 330 "-" "WordPress/3.6.1; http://www.findingxxx.com"
74.206.190.118 - - [03/Apr/2026:09:15:10 -0400] "GET / HTTP/1.1" 200 24408 "-" "curl/7.29.0"
72.52.157.23 - - [03/Apr/2026:09:15:22 -0400] "GET /wp-login.php HTTP/1.1" 200 2405 "-" "Mozilla/5.0 (Windows NT 6.1; WOW64; Trident/7.0; Ypkch32; rv:11.0) like Gecko"
72.52.157.23 - - [03/Apr/2026:09:15:27 -0400] "POST /wp-login.php HTTP/1.1" 200 3366 "http://www.findingxxx.com/wp-login.php" "Mozilla/5.0 (Windows NT 6.1; WOW64; Trident/7.0; Ypkch32; rv:11.0) like Gecko"
74.206.190.118 - - [03/Apr/2026:09:20:15 -0400] "POST /wp-cron.php?doing_wp_cron=1775222415.0444600582122802734375 HTTP/1.1" 406 330 "-" "WordPress/3.6.1; http://www.findingxxx.com"
74.206.190.118 - - [03/Apr/2026:09:20:14 -0400] "GET / HTTP/1.1" 200 24408 "-" "curl/7.29.0"
74.206.190.118 - - [03/Apr/2026:09:24:45 -0400] "POST /wp-cron.php?doing_wp_cron=1775222685.0987920761108398437500 HTTP/1.1" 406 330 "-" "WordPress/3.6.1; http://www.findingxxx.com"
184.22.16.148 - - [03/Apr/2026:09:24:44 -0400] "GET / HTTP/1.1" 301 - "-" "Python/3.14 aiohttp/3.13.3"
74.206.190.118 - - [03/Apr/2026:09:25:14 -0400] "GET / HTTP/1.1" 200 24408 "-" "curl/7.29.0"
74.206.190.118 - - [03/Apr/2026:09:30:16 -0400] "POST /wp-cron.php?doing_wp_cron=1775223016.6708021163940429687500 HTTP/1.1" 406 330 "-" "WordPress/3.6.1; http://www.findingxxx.com"
74.206.190.118 - - [03/Apr/2026:09:30:16 -0400] "GET / HTTP/1.1" 200 24408 "-" "curl/7.29.0"
74.206.190.118 - - [03/Apr/2026:09:34:34 -0400] "POST /wp-cron.php?doing_wp_cron=1775223274.3659739494323730468750 HTTP/1.1" 406 330 "-" "WordPress/3.6.1; http://www.findingxxx.com"
66.249.77.225 - - [03/Apr/2026:09:34:34 -0400] "GET / HTTP/1.1" 200 24408 "-" "Mozilla/5.0 (Linux; Android 6.0.1; Nexus 5X Build/MMB29P) AppleWebKit/537.36 (KHTML, like Gecko) Chrome/146.0.7680.177 Mobile Safari/537.36 (compatible; Googlebot/2.1; +http://www.google.com/bot.html)"
74.206.190.118 - - [03/Apr/2026:09:35:16 -0400] "GET / HTTP/1.1" 200 24408 "-" "curl/7.29.0"
74.206.190.118 - - [03/Apr/2026:09:40:14 -0400] "POST /wp-cron.php?doing_wp_cron=1775223614.2206571102142333984375 HTTP/1.1" 406 330 "-" "WordPress/3.6.1; http://www.findingxxx.com"
74.206.190.118 - - [03/Apr/2026:09:40:14 -0400] "GET / HTTP/1.1" 200 24408 "-" "curl/7.29.0"
74.206.190.118 - - [03/Apr/2026:09:45:09 -0400] "POST /wp-cron.php?doing_wp_cron=1775223909.8378379344940185546875 HTTP/1.1" 406 330 "-" "WordPress/3.6.1; http://www.findingxxx.com"
74.206.190.118 - - [03/Apr/2026:09:45:09 -0400] "GET / HTTP/1.1" 200 24408 "-" "curl/7.29.0"
74.206.190.118 - - [03/Apr/2026:09:50:10 -0400] "POST /wp-cron.php?doing_wp_cron=1775224210.0062499046325683593750 HTTP/1.1" 406 330 "-" "WordPress/3.6.1; http://www.findingxxx.com"
74.206.190.118 - - [03/Apr/2026:09:50:09 -0400] "GET / HTTP/1.1" 200 24408 "-" "curl/7.29.0"
74.206.190.118 - - [03/Apr/2026:09:55:10 -0400] "POST /wp-cron.php?doing_wp_cron=1775224510.1668310165405273437500 HTTP/1.1" 406 330 "-" "WordPress/3.6.1; http://www.findingxxx.com"
74.206.190.118 - - [03/Apr/2026:09:55:10 -0400] "GET / HTTP/1.1" 200 24408 "-" "curl/7.29.0"
74.206.190.118 - - [03/Apr/2026:10:00:23 -0400] "POST /wp-cron.php?doing_wp_cron=1775224823.1750869750976562500000 HTTP/1.1" 406 330 "-" "WordPress/3.6.1; http://www.findingxxx.com"
74.206.190.118 - - [03/Apr/2026:10:00:23 -0400] "GET / HTTP/1.1" 200 24408 "-" "curl/7.29.0"
74.206.190.118 - - [03/Apr/2026:10:02:29 -0400] "POST /wp-cron.php?doing_wp_cron=1775224949.6031839847564697265625 HTTP/1.1" 406 330 "-" "WordPress/3.6.1; http://www.findingxxx.com"
37.59.21.100 - - [03/Apr/2026:10:02:29 -0400] "GET /index.php/category/young-xxx/feed HTTP/1.1" 200 4632 "-" "Mozilla/5.0 (X11; Linux i686) AppleWebKit/537.36 (KHTML, like Gecko) Chrome/30.0.1599.66 Safari/537.36"
74.206.190.118 - - [03/Apr/2026:10:05:10 -0400] "POST /wp-cron.php?doing_wp_cron=1775225110.5016140937805175781250 HTTP/1.1" 406 330 "-" "WordPress/3.6.1; http://www.findingxxx.com"
74.206.190.118 - - [03/Apr/2026:10:05:10 -0400] "GET / HTTP/1.1" 200 24408 "-" "curl/7.29.0"
74.206.190.118 - - [03/Apr/2026:10:10:11 -0400] "POST /wp-cron.php?doing_wp_cron=1775225411.1619560718536376953125 HTTP/1.1" 406 330 "-" "WordPress/3.6.1; http://www.findingxxx.com"
74.206.190.118 - - [03/Apr/2026:10:10:11 -0400] "GET / HTTP/1.1" 200 24408 "-" "curl/7.29.0"
74.206.190.118 - - [03/Apr/2026:10:15:09 -0400] "POST /wp-cron.php?doing_wp_cron=1775225709.9243938922882080078125 HTTP/1.1" 406 330 "-" "WordPress/3.6.1; http://www.findingxxx.com"
74.206.190.118 - - [03/Apr/2026:10:15:09 -0400] "GET / HTTP/1.1" 200 24408 "-" "curl/7.29.0"
18.235.173.251 - - [03/Apr/2026:10:18:14 -0400] "GET /robots.txt HTTP/1.1" 200 24 "-" "Mozilla/5.0 (Macintosh; Intel Mac OS X 10_10_1) AppleWebKit/600.2.5 (KHTML, like Gecko) Version/8.0.2 Safari/600.2.5 (Gort)"
74.206.190.118 - - [03/Apr/2026:10:20:22 -0400] "POST /wp-cron.php?doing_wp_cron=1775226022.0366261005401611328125 HTTP/1.1" 406 330 "-" "WordPress/3.6.1; http://www.findingxxx.com"
74.206.190.118 - - [03/Apr/2026:10:20:21 -0400] "GET / HTTP/1.1" 200 24408 "-" "curl/7.29.0"
74.206.190.118 - - [03/Apr/2026:10:25:13 -0400] "POST /wp-cron.php?doing_wp_cron=1775226313.5053529739379882812500 HTTP/1.1" 406 330 "-" "WordPress/3.6.1; http://www.findingxxx.com"
74.206.190.118 - - [03/Apr/2026:10:25:13 -0400] "GET / HTTP/1.1" 200 24408 "-" "curl/7.29.0"
74.206.190.118 - - [03/Apr/2026:10:30:11 -0400] "POST /wp-cron.php?doing_wp_cron=1775226611.0145258903503417968750 HTTP/1.1" 406 330 "-" "WordPress/3.6.1; http://www.findingxxx.com"
74.206.190.118 - - [03/Apr/2026:10:30:10 -0400] "GET / HTTP/1.1" 200 24408 "-" "curl/7.29.0"
74.206.190.118 - - [03/Apr/2026:10:35:14 -0400] "POST /wp-cron.php?doing_wp_cron=1775226914.2151999473571777343750 HTTP/1.1" 406 330 "-" "WordPress/3.6.1; http://www.findingxxx.com"
74.206.190.118 - - [03/Apr/2026:10:35:14 -0400] "GET / HTTP/1.1" 200 24408 "-" "curl/7.29.0"
74.206.190.118 - - [03/Apr/2026:10:38:14 -0400] "POST /wp-cron.php?doing_wp_cron=1775227094.0812389850616455078125 HTTP/1.1" 406 330 "-" "WordPress/3.6.1; http://www.findingxxx.com"
52.205.141.124 - - [03/Apr/2026:10:38:14 -0400] "GET / HTTP/1.1" 200 24408 "-" "Mozilla/5.0 AppleWebKit/537.36 (KHTML, like Gecko; compatible; Amazonbot/0.1; +https://developer.amazon.com/support/amazonbot) Chrome/119.0.6045.214 Safari/537.36"
74.206.190.118 - - [03/Apr/2026:10:40:18 -0400] "POST /wp-cron.php?doing_wp_cron=1775227218.7831649780273437500000 HTTP/1.1" 406 330 "-" "WordPress/3.6.1; http://www.findingxxx.com"
74.206.190.118 - - [03/Apr/2026:10:40:18 -0400] "GET / HTTP/1.1" 200 24408 "-" "curl/7.29.0"
74.206.190.118 - - [03/Apr/2026:10:45:11 -0400] "POST /wp-cron.php?doing_wp_cron=1775227511.5509109497070312500000 HTTP/1.1" 406 330 "-" "WordPress/3.6.1; http://www.findingxxx.com"
74.206.190.118 - - [03/Apr/2026:10:45:11 -0400] "GET / HTTP/1.1" 200 24408 "-" "curl/7.29.0"
74.206.190.118 - - [03/Apr/2026:10:49:42 -0400] "POST /wp-cron.php?doing_wp_cron=1775227782.7666521072387695312500 HTTP/1.1" 406 330 "-" "WordPress/3.6.1; http://www.findingxxx.com"
52.167.144.183 - - [03/Apr/2026:10:49:42 -0400] "GET /?Submit=Search&s=2026 HTTP/1.1" 200 14665 "-" "Mozilla/5.0 AppleWebKit/537.36 (KHTML, like Gecko; compatible; bingbot/2.0; +http://www.bing.com/bingbot.htm) Chrome/116.0.1938.76 Safari/537.36"
74.206.190.118 - - [03/Apr/2026:10:50:13 -0400] "GET / HTTP/1.1" 200 24408 "-" "curl/7.29.0"
74.206.190.118 - - [03/Apr/2026:10:55:13 -0400] "POST /wp-cron.php?doing_wp_cron=1775228113.7670569419860839843750 HTTP/1.1" 406 330 "-" "WordPress/3.6.1; http://www.findingxxx.com"
74.206.190.118 - - [03/Apr/2026:10:55:13 -0400] "GET / HTTP/1.1" 200 24408 "-" "curl/7.29.0"
74.206.190.118 - - [03/Apr/2026:10:58:55 -0400] "POST /wp-cron.php?doing_wp_cron=1775228335.1879789829254150390625 HTTP/1.1" 406 330 "-" "WordPress/3.6.1; http://www.findingxxx.com"
74.206.190.118 - - [03/Apr/2026:10:58:55 -0400] "POST /wp-cron.php?doing_wp_cron=1775228335.1990449428558349609375 HTTP/1.1" 406 330 "-" "WordPress/3.6.1; http://www.findingxxx.com"
195.178.110.64 - - [03/Apr/2026:10:58:55 -0400] "GET / HTTP/1.1" 301 - "-" "Mozilla/5.0 (Windows NT 10.0; Win64; x64) AppleWebKit/537.36 (KHTML, like Gecko) Chrome/120.0.0.0 Safari/537.36"
195.178.110.64 - - [03/Apr/2026:10:58:55 -0400] "GET / HTTP/1.1" 200 24408 "-" "Mozilla/5.0 (Windows NT 10.0; Win64; x64) AppleWebKit/537.36 (KHTML, like Gecko) Chrome/120.0.0.0 Safari/537.36"
195.178.110.64 - - [03/Apr/2026:10:58:55 -0400] "GET / HTTP/1.1" 200 24408 "http://findingxxx.com/" "Mozilla/5.0 (Windows NT 10.0; Win64; x64) AppleWebKit/537.36 (KHTML, like Gecko) Chrome/120.0.0.0 Safari/537.36"
74.206.190.118 - - [03/Apr/2026:11:00:23 -0400] "POST /wp-cron.php?doing_wp_cron=1775228423.1282899379730224609375 HTTP/1.1" 406 330 "-" "WordPress/3.6.1; http://www.findingxxx.com"
74.206.190.118 - - [03/Apr/2026:11:00:23 -0400] "GET / HTTP/1.1" 200 24408 "-" "curl/7.29.0"
74.206.190.118 - - [03/Apr/2026:11:05:12 -0400] "POST /wp-cron.php?doing_wp_cron=1775228712.5663089752197265625000 HTTP/1.1" 406 330 "-" "WordPress/3.6.1; http://www.findingxxx.com"
74.206.190.118 - - [03/Apr/2026:11:05:12 -0400] "GET / HTTP/1.1" 200 24408 "-" "curl/7.29.0"
172.68.195.190 - - [03/Apr/2026:11:05:17 -0400] "GET /.git/index HTTP/1.1" 404 272 "-" "-"
172.69.150.146 - - [03/Apr/2026:11:05:17 -0400] "GET /.git/HEAD HTTP/1.1" 404 271 "-" "-"
172.69.150.181 - - [03/Apr/2026:11:05:17 -0400] "GET /.git/logs/HEAD HTTP/1.1" 404 276 "-" "-"
172.69.150.181 - - [03/Apr/2026:11:05:17 -0400] "GET /.git/config HTTP/1.1" 404 273 "-" "-"
172.69.150.180 - - [03/Apr/2026:11:05:17 -0400] "GET /.git/refs/heads/master HTTP/1.1" 404 284 "-" "-"
172.69.150.180 - - [03/Apr/2026:11:05:17 -0400] "GET /.git/refs/heads/main HTTP/1.1" 404 282 "-" "-"
172.68.195.190 - - [03/Apr/2026:11:05:17 -0400] "GET /.env HTTP/1.1" 404 266 "-" "-"
172.69.150.146 - - [03/Apr/2026:11:05:17 -0400] "GET /.env.production HTTP/1.1" 404 277 "-" "-"
172.69.150.181 - - [03/Apr/2026:11:05:17 -0400] "GET /.env.development HTTP/1.1" 404 278 "-" "-"
172.68.195.190 - - [03/Apr/2026:11:05:17 -0400] "GET /.env.staging HTTP/1.1" 404 274 "-" "-"
172.69.150.146 - - [03/Apr/2026:11:05:17 -0400] "GET /.env.local HTTP/1.1" 404 272 "-" "-"
172.69.150.181 - - [03/Apr/2026:11:05:17 -0400] "GET /.env.backup HTTP/1.1" 404 273 "-" "-"
172.69.150.147 - - [03/Apr/2026:11:05:17 -0400] "GET /.env.dev HTTP/1.1" 404 270 "-" "-"
172.69.150.147 - - [03/Apr/2026:11:05:17 -0400] "GET /.env.test HTTP/1.1" 404 271 "-" "-"
172.69.150.146 - - [03/Apr/2026:11:05:17 -0400] "GET /.env.old HTTP/1.1" 404 270 "-" "-"
172.69.150.146 - - [03/Apr/2026:11:05:18 -0400] "GET /.env.save HTTP/1.1" 404 271 "-" "-"
172.68.195.191 - - [03/Apr/2026:11:05:18 -0400] "GET /.env.bak HTTP/1.1" 404 270 "-" "-"
172.69.150.180 - - [03/Apr/2026:11:05:18 -0400] "GET /.env.tmp HTTP/1.1" 404 270 "-" "-"
172.69.150.147 - - [03/Apr/2026:11:05:18 -0400] "GET /.env.example HTTP/1.1" 404 274 "-" "-"
172.69.150.147 - - [03/Apr/2026:11:05:18 -0400] "GET /.env.production.local HTTP/1.1" 404 283 "-" "-"
172.69.150.180 - - [03/Apr/2026:11:05:18 -0400] "GET /.env.development.local HTTP/1.1" 404 284 "-" "-"
172.69.150.146 - - [03/Apr/2026:11:05:18 -0400] "GET /config/.env HTTP/1.1" 404 273 "-" "-"
172.68.195.190 - - [03/Apr/2026:11:05:18 -0400] "GET /app/.env HTTP/1.1" 404 270 "-" "-"
172.68.195.191 - - [03/Apr/2026:11:05:18 -0400] "GET /backend/.env HTTP/1.1" 404 274 "-" "-"
172.69.150.146 - - [03/Apr/2026:11:05:18 -0400] "GET /api/.env HTTP/1.1" 404 270 "-" "-"
172.69.150.181 - - [03/Apr/2026:11:05:18 -0400] "GET /admin/.env HTTP/1.1" 404 272 "-" "-"
172.69.150.147 - - [03/Apr/2026:11:05:18 -0400] "GET /public/.env HTTP/1.1" 404 273 "-" "-"
172.68.195.190 - - [03/Apr/2026:11:05:18 -0400] "GET /private/.env HTTP/1.1" 404 274 "-" "-"
172.69.150.181 - - [03/Apr/2026:11:05:18 -0400] "GET /core/.env HTTP/1.1" 404 271 "-" "-"
172.69.150.147 - - [03/Apr/2026:11:05:18 -0400] "GET /config/env HTTP/1.1" 404 272 "-" "-"
172.69.150.146 - - [03/Apr/2026:11:05:18 -0400] "GET /config/.env.local HTTP/1.1" 404 279 "-" "-"
172.69.150.180 - - [03/Apr/2026:11:05:18 -0400] "GET /.env.php HTTP/1.1" 404 270 "-" "-"
172.68.195.191 - - [03/Apr/2026:11:05:18 -0400] "GET /.env_backup HTTP/1.1" 404 273 "-" "-"
172.69.150.146 - - [03/Apr/2026:11:05:18 -0400] "GET /.env.json HTTP/1.1" 404 271 "-" "-"
172.69.150.147 - - [03/Apr/2026:11:05:18 -0400] "GET /.env~ HTTP/1.1" 404 267 "-" "-"
172.68.195.190 - - [03/Apr/2026:11:05:18 -0400] "GET /.env1 HTTP/1.1" 404 267 "-" "-"
172.69.150.147 - - [03/Apr/2026:11:05:18 -0400] "GET /.env2 HTTP/1.1" 404 267 "-" "-"
172.69.150.146 - - [03/Apr/2026:11:05:18 -0400] "GET /.env.dist HTTP/1.1" 404 271 "-" "-"
172.68.195.191 - - [03/Apr/2026:11:05:18 -0400] "GET /.env.orig HTTP/1.1" 404 271 "-" "-"
172.69.150.180 - - [03/Apr/2026:11:05:18 -0400] "GET /.envrc HTTP/1.1" 404 268 "-" "-"
172.69.150.181 - - [03/Apr/2026:11:05:18 -0400] "GET /.env.prod HTTP/1.1" 404 271 "-" "-"
172.69.150.146 - - [03/Apr/2026:11:05:18 -0400] "GET /.env.production.bak HTTP/1.1" 404 281 "-" "-"
172.68.195.190 - - [03/Apr/2026:11:05:18 -0400] "GET /.env.dev.local HTTP/1.1" 404 276 "-" "-"
172.69.150.147 - - [03/Apr/2026:11:05:18 -0400] "GET /.env.container HTTP/1.1" 404 276 "-" "-"
172.68.195.191 - - [03/Apr/2026:11:05:18 -0400] "GET /docker/.env HTTP/1.1" 404 273 "-" "-"
172.69.150.147 - - [03/Apr/2026:11:05:18 -0400] "GET /docker-compose.env HTTP/1.1" 404 280 "-" "-"
172.68.195.190 - - [03/Apr/2026:11:05:18 -0400] "GET /server/.env HTTP/1.1" 404 273 "-" "-"
172.68.195.190 - - [03/Apr/2026:11:05:18 -0400] "GET /.env.docker HTTP/1.1" 404 273 "-" "-"
172.68.195.190 - - [03/Apr/2026:11:05:18 -0400] "GET /docker/.env.local HTTP/1.1" 404 279 "-" "-"
172.68.195.191 - - [03/Apr/2026:11:05:18 -0400] "GET /srv/.env HTTP/1.1" 404 270 "-" "-"
172.69.150.146 - - [03/Apr/2026:11:05:18 -0400] "GET /web/.env HTTP/1.1" 404 270 "-" "-"
172.68.195.190 - - [03/Apr/2026:11:05:18 -0400] "GET /site/.env HTTP/1.1" 404 271 "-" "-"
172.69.150.181 - - [03/Apr/2026:11:05:18 -0400] "GET /www/.env HTTP/1.1" 404 270 "-" "-"
172.68.195.190 - - [03/Apr/2026:11:05:18 -0400] "GET /var/www/.env HTTP/1.1" 404 274 "-" "-"
172.68.195.190 - - [03/Apr/2026:11:05:18 -0400] "GET /var/www/html/.env HTTP/1.1" 404 279 "-" "-"
172.69.150.147 - - [03/Apr/2026:11:05:18 -0400] "GET /.env_config HTTP/1.1" 404 273 "-" "-"
172.69.150.147 - - [03/Apr/2026:11:05:18 -0400] "GET /root/.env HTTP/1.1" 404 271 "-" "-"
172.69.150.146 - - [03/Apr/2026:11:05:18 -0400] "GET /home/.env HTTP/1.1" 404 271 "-" "-"
172.68.195.190 - - [03/Apr/2026:11:05:18 -0400] "GET /.env_secret HTTP/1.1" 404 273 "-" "-"
172.69.150.180 - - [03/Apr/2026:11:05:18 -0400] "GET /.env_settings HTTP/1.1" 404 275 "-" "-"
172.68.195.191 - - [03/Apr/2026:11:05:18 -0400] "GET /.env.local.backup HTTP/1.1" 404 279 "-" "-"
216.244.66.203 - - [03/Apr/2026:11:08:37 -0400] "GET /robots.txt HTTP/1.1" 403 280 "-" "Mozilla/5.0 (compatible; DotBot/1.2; +https://opensiteexplorer.org/dotbot; help@moz.com)"
74.206.190.118 - - [03/Apr/2026:11:10:09 -0400] "POST /wp-cron.php?doing_wp_cron=1775229009.0232019424438476562500 HTTP/1.1" 406 330 "-" "WordPress/3.6.1; http://www.findingxxx.com"
74.206.190.118 - - [03/Apr/2026:11:10:08 -0400] "GET / HTTP/1.1" 200 24408 "-" "curl/7.29.0"
74.206.190.118 - - [03/Apr/2026:11:13:04 -0400] "POST /wp-cron.php?doing_wp_cron=1775229184.1738450527191162109375 HTTP/1.1" 406 330 "-" "WordPress/3.6.1; http://www.findingxxx.com"
137.184.220.165 - - [03/Apr/2026:11:13:04 -0400] "GET / HTTP/1.1" 301 - "-" "Mozilla/5.0 (X11; Linux x86_64) AppleWebKit/537.36 (KHTML, like Gecko) Chrome/142.0.0.0 Safari/537.36"
74.206.190.118 - - [03/Apr/2026:11:15:12 -0400] "POST /wp-cron.php?doing_wp_cron=1775229312.5539340972900390625000 HTTP/1.1" 406 330 "-" "WordPress/3.6.1; http://www.findingxxx.com"
74.206.190.118 - - [03/Apr/2026:11:15:12 -0400] "GET / HTTP/1.1" 200 24408 "-" "curl/7.29.0"
74.206.190.118 - - [03/Apr/2026:11:20:17 -0400] "POST /wp-cron.php?doing_wp_cron=1775229617.5049850940704345703125 HTTP/1.1" 406 330 "-" "WordPress/3.6.1; http://www.findingxxx.com"
74.206.190.118 - - [03/Apr/2026:11:20:17 -0400] "GET / HTTP/1.1" 200 24408 "-" "curl/7.29.0"
172.161.140.213 - - [03/Apr/2026:11:22:38 -0400] "GET /wp-content/plugins/hellopress/wp_filemanager.php HTTP/1.1" 404 310 "-" "-"
172.161.140.213 - - [03/Apr/2026:11:22:38 -0400] "GET /chosen.php? HTTP/1.1" 404 272 "-" "-"
172.161.140.213 - - [03/Apr/2026:11:22:38 -0400] "GET /wp-2019.php? HTTP/1.1" 404 273 "-" "-"
172.161.140.213 - - [03/Apr/2026:11:22:39 -0400] "GET /a5.php HTTP/1.1" 404 268 "-" "-"
172.161.140.213 - - [03/Apr/2026:11:22:39 -0400] "GET /sc.php HTTP/1.1" 404 268 "-" "-"
172.161.140.213 - - [03/Apr/2026:11:22:39 -0400] "GET /filesss.php HTTP/1.1" 404 273 "-" "-"
172.161.140.213 - - [03/Apr/2026:11:22:39 -0400] "GET /feokc.php HTTP/1.1" 404 271 "-" "-"
172.161.140.213 - - [03/Apr/2026:11:22:39 -0400] "GET /b4txckoieeyhynhsrpi9lCdefault.php HTTP/1.1" 404 295 "-" "-"
172.161.140.213 - - [03/Apr/2026:11:22:39 -0400] "GET /lmutxdvyp7u5yksqke8ozbjgCdefault.php HTTP/1.1" 404 298 "-" "-"
172.161.140.213 - - [03/Apr/2026:11:22:39 -0400] "GET /wp-admin/maint/Jcrop.php HTTP/1.1" 404 286 "-" "-"
172.161.140.213 - - [03/Apr/2026:11:22:39 -0400] "GET /wp-admin/maint/max.php HTTP/1.1" 404 284 "-" "-"
172.161.140.213 - - [03/Apr/2026:11:22:39 -0400] "GET /inege.php HTTP/1.1" 404 271 "-" "-"
172.161.140.213 - - [03/Apr/2026:11:22:40 -0400] "GET /mail.php? HTTP/1.1" 404 270 "-" "-"
172.161.140.213 - - [03/Apr/2026:11:22:40 -0400] "GET /aapig.php HTTP/1.1" 404 271 "-" "-"
172.161.140.213 - - [03/Apr/2026:11:22:40 -0400] "GET /web.php HTTP/1.1" 404 269 "-" "-"
172.161.140.213 - - [03/Apr/2026:11:22:40 -0400] "GET /class.php HTTP/1.1" 404 271 "-" "-"
172.161.140.213 - - [03/Apr/2026:11:22:40 -0400] "GET /wander.php HTTP/1.1" 404 272 "-" "-"
172.161.140.213 - - [03/Apr/2026:11:22:40 -0400] "GET /rithin.php HTTP/1.1" 404 272 "-" "-"
172.161.140.213 - - [03/Apr/2026:11:22:40 -0400] "GET /lp6.php HTTP/1.1" 404 269 "-" "-"
172.161.140.213 - - [03/Apr/2026:11:22:40 -0400] "GET /gvg1bvpsgtot1rpklCdefault.php HTTP/1.1" 404 291 "-" "-"
172.161.140.213 - - [03/Apr/2026:11:22:41 -0400] "GET /wp-includes/IXR/admin.php HTTP/1.1" 404 287 "-" "-"
172.161.140.213 - - [03/Apr/2026:11:22:41 -0400] "GET /aves.php HTTP/1.1" 404 270 "-" "-"
172.161.140.213 - - [03/Apr/2026:11:22:41 -0400] "GET /webadmin.php HTTP/1.1" 404 274 "-" "-"
172.161.140.213 - - [03/Apr/2026:11:22:41 -0400] "GET /to.php HTTP/1.1" 404 268 "-" "-"
172.161.140.213 - - [03/Apr/2026:11:22:41 -0400] "GET /ibcqocdtu3eovdx2hwj7Cdefault.php HTTP/1.1" 404 294 "-" "-"
172.161.140.213 - - [03/Apr/2026:11:22:41 -0400] "GET /yanz.php HTTP/1.1" 404 270 "-" "-"
172.161.140.213 - - [03/Apr/2026:11:22:41 -0400] "GET /v3.php HTTP/1.1" 404 268 "-" "-"
172.161.140.213 - - [03/Apr/2026:11:22:41 -0400] "GET /0x.php HTTP/1.1" 404 268 "-" "-"
172.161.140.213 - - [03/Apr/2026:11:22:41 -0400] "GET /24.php HTTP/1.1" 404 268 "-" "-"
172.161.140.213 - - [03/Apr/2026:11:22:42 -0400] "GET /lock.php HTTP/1.1" 404 270 "-" "-"
172.161.140.213 - - [03/Apr/2026:11:22:42 -0400] "GET /aj.php HTTP/1.1" 404 268 "-" "-"
172.161.140.213 - - [03/Apr/2026:11:22:42 -0400] "GET /config.php? HTTP/1.1" 404 272 "-" "-"
172.161.140.213 - - [03/Apr/2026:11:22:42 -0400] "GET /wqqs.php HTTP/1.1" 404 270 "-" "-"
172.161.140.213 - - [03/Apr/2026:11:22:42 -0400] "GET /file9.php HTTP/1.1" 404 271 "-" "-"
172.161.140.213 - - [03/Apr/2026:11:22:42 -0400] "GET /mfptbopeeg7v0sezxnbtgcgsCdefault.php HTTP/1.1" 404 298 "-" "-"
172.161.140.213 - - [03/Apr/2026:11:22:42 -0400] "GET /xc0252.php HTTP/1.1" 404 272 "-" "-"
172.161.140.213 - - [03/Apr/2026:11:22:42 -0400] "GET /cabs.php HTTP/1.1" 404 270 "-" "-"
172.161.140.213 - - [03/Apr/2026:11:22:43 -0400] "GET /tiny.php?p= HTTP/1.1" 404 270 "-" "-"
172.161.140.213 - - [03/Apr/2026:11:22:43 -0400] "GET /nhj6t74aqmkde3hgpCdefault.php HTTP/1.1" 404 291 "-" "-"
172.161.140.213 - - [03/Apr/2026:11:22:43 -0400] "GET /com.php HTTP/1.1" 404 269 "-" "-"
172.161.140.213 - - [03/Apr/2026:11:22:43 -0400] "GET /filer.php HTTP/1.1" 404 271 "-" "-"
172.161.140.213 - - [03/Apr/2026:11:22:43 -0400] "GET /ng.php HTTP/1.1" 404 268 "-" "-"
172.161.140.213 - - [03/Apr/2026:11:22:43 -0400] "GET /gm.php HTTP/1.1" 404 268 "-" "-"
172.161.140.213 - - [03/Apr/2026:11:22:43 -0400] "GET /vanta.php HTTP/1.1" 404 271 "-" "-"
172.161.140.213 - - [03/Apr/2026:11:22:43 -0400] "GET /zogy1.php HTTP/1.1" 404 271 "-" "-"
172.161.140.213 - - [03/Apr/2026:11:22:43 -0400] "GET /wps.php HTTP/1.1" 404 269 "-" "-"
