172.161.140.213 - - [03/Apr/2026:11:22:44 -0400] "GET /bolt.php HTTP/1.1" 404 270 "-" "-"
172.161.140.213 - - [03/Apr/2026:11:22:44 -0400] "GET /simple.php HTTP/1.1" 404 272 "-" "-"
74.206.190.118 - - [03/Apr/2026:11:22:44 -0400] "POST /wp-cron.php?doing_wp_cron=1775229764.4316389560699462890625 HTTP/1.1" 406 330 "-" "WordPress/3.6.1; http://www.findingxxx.com"
172.161.140.213 - - [03/Apr/2026:11:22:44 -0400] "GET /wp-admin/index.php HTTP/1.1" 302 - "-" "-"
172.161.140.213 - - [03/Apr/2026:11:22:44 -0400] "GET /wp-login.php?redirect_to=http%3A%2F%2Ffindingxxx.com%2Fwp-admin%2Findex.php&reauth=1 HTTP/1.1" 200 2410 "-" "-"
172.161.140.213 - - [03/Apr/2026:11:22:45 -0400] "GET /wp-admin/maint/admin.php HTTP/1.1" 404 286 "-" "-"
172.161.140.213 - - [03/Apr/2026:11:22:45 -0400] "GET /eFpU3yHnriNNLtvdefault.php HTTP/1.1" 404 288 "-" "-"
172.161.140.213 - - [03/Apr/2026:11:22:45 -0400] "GET /xvs.php HTTP/1.1" 404 269 "-" "-"
172.161.140.213 - - [03/Apr/2026:11:22:45 -0400] "GET /ass.php HTTP/1.1" 404 269 "-" "-"
172.161.140.213 - - [03/Apr/2026:11:22:45 -0400] "GET /amax.php HTTP/1.1" 404 270 "-" "-"
172.161.140.213 - - [03/Apr/2026:11:22:45 -0400] "GET /gorila.php HTTP/1.1" 404 272 "-" "-"
172.161.140.213 - - [03/Apr/2026:11:22:45 -0400] "GET /0.php HTTP/1.1" 404 267 "-" "-"
172.161.140.213 - - [03/Apr/2026:11:22:45 -0400] "GET /333.php HTTP/1.1" 404 269 "-" "-"
172.161.140.213 - - [03/Apr/2026:11:22:46 -0400] "GET /wp-includes/theme-compat/wp-login.php HTTP/1.1" 404 299 "-" "-"
172.161.140.213 - - [03/Apr/2026:11:22:46 -0400] "GET /as.php HTTP/1.1" 404 268 "-" "-"
172.161.140.213 - - [03/Apr/2026:11:22:46 -0400] "GET /wp9.php HTTP/1.1" 404 269 "-" "-"
172.161.140.213 - - [03/Apr/2026:11:22:46 -0400] "GET /x1.php HTTP/1.1" 404 268 "-" "-"
172.161.140.213 - - [03/Apr/2026:11:22:46 -0400] "GET /t00l.php HTTP/1.1" 404 270 "-" "-"
172.161.140.213 - - [03/Apr/2026:11:22:46 -0400] "GET /wp-admin/images/acxx.php HTTP/1.1" 404 286 "-" "-"
172.161.140.213 - - [03/Apr/2026:11:22:46 -0400] "GET /xwx1.php HTTP/1.1" 404 270 "-" "-"
172.161.140.213 - - [03/Apr/2026:11:22:46 -0400] "GET /nc4.php HTTP/1.1" 404 269 "-" "-"
172.161.140.213 - - [03/Apr/2026:11:22:47 -0400] "GET /sh3ll.php HTTP/1.1" 404 271 "-" "-"
172.161.140.213 - - [03/Apr/2026:11:22:47 -0400] "GET /ws84.php HTTP/1.1" 404 270 "-" "-"
172.161.140.213 - - [03/Apr/2026:11:22:47 -0400] "GET /goat1.php HTTP/1.1" 404 271 "-" "-"
172.161.140.213 - - [03/Apr/2026:11:22:47 -0400] "GET /mis.php HTTP/1.1" 404 269 "-" "-"
172.161.140.213 - - [03/Apr/2026:11:22:47 -0400] "GET /wgift1.php HTTP/1.1" 404 272 "-" "-"
172.161.140.213 - - [03/Apr/2026:11:22:47 -0400] "GET /admir.php HTTP/1.1" 404 271 "-" "-"
172.161.140.213 - - [03/Apr/2026:11:22:47 -0400] "GET /gettest.php HTTP/1.1" 404 273 "-" "-"
172.161.140.213 - - [03/Apr/2026:11:22:47 -0400] "GET /fyiiz.php HTTP/1.1" 404 271 "-" "-"
172.161.140.213 - - [03/Apr/2026:11:22:47 -0400] "GET /ogifomnzqnlvwh5womfjirvaCdefault.php HTTP/1.1" 404 298 "-" "-"
172.161.140.213 - - [03/Apr/2026:11:22:48 -0400] "GET /wp-admin/images/admin.php HTTP/1.1" 404 287 "-" "-"
172.161.140.213 - - [03/Apr/2026:11:22:48 -0400] "GET /file88.php HTTP/1.1" 404 272 "-" "-"
172.161.140.213 - - [03/Apr/2026:11:22:48 -0400] "GET /c6jpzOQvtPyeM9hdefault.php HTTP/1.1" 404 288 "-" "-"
172.161.140.213 - - [03/Apr/2026:11:22:48 -0400] "GET /network.php HTTP/1.1" 404 273 "-" "-"
172.161.140.213 - - [03/Apr/2026:11:22:48 -0400] "GET /aifa.php HTTP/1.1" 404 270 "-" "-"
172.161.140.213 - - [03/Apr/2026:11:22:48 -0400] "GET /opts.php HTTP/1.1" 404 270 "-" "-"
172.161.140.213 - - [03/Apr/2026:11:22:48 -0400] "GET /wp-includes/app.php HTTP/1.1" 404 281 "-" "-"
172.161.140.213 - - [03/Apr/2026:11:22:48 -0400] "GET /444.php HTTP/1.1" 404 269 "-" "-"
172.161.140.213 - - [03/Apr/2026:11:22:49 -0400] "GET /lites.php HTTP/1.1" 404 271 "-" "-"
172.161.140.213 - - [03/Apr/2026:11:22:49 -0400] "GET /az.php HTTP/1.1" 404 268 "-" "-"
172.161.140.213 - - [03/Apr/2026:11:22:49 -0400] "GET /tool.php HTTP/1.1" 404 270 "-" "-"
172.161.140.213 - - [03/Apr/2026:11:22:49 -0400] "GET /JKydQumkIarjMJ4default.php HTTP/1.1" 404 288 "-" "-"
172.161.140.213 - - [03/Apr/2026:11:22:49 -0400] "GET /he.php HTTP/1.1" 404 268 "-" "-"
172.161.140.213 - - [03/Apr/2026:11:22:49 -0400] "GET /wp-cron.php? HTTP/1.1" 200 - "-" "-"
172.161.140.213 - - [03/Apr/2026:11:22:49 -0400] "GET /zwq13.php HTTP/1.1" 404 271 "-" "-"
172.161.140.213 - - [03/Apr/2026:11:22:49 -0400] "GET /marijuana.php HTTP/1.1" 404 275 "-" "-"
172.161.140.213 - - [03/Apr/2026:11:22:50 -0400] "GET /torsa1.php HTTP/1.1" 404 272 "-" "-"
172.161.140.213 - - [03/Apr/2026:11:22:50 -0400] "GET /ta0ol.php HTTP/1.1" 404 271 "-" "-"
172.161.140.213 - - [03/Apr/2026:11:22:50 -0400] "GET /ff1.php HTTP/1.1" 404 269 "-" "-"
172.161.140.213 - - [03/Apr/2026:11:22:50 -0400] "GET /erty.php HTTP/1.1" 404 270 "-" "-"
172.161.140.213 - - [03/Apr/2026:11:22:50 -0400] "GET /mI35rZhMg1zJ1vuXdefault.php HTTP/1.1" 404 289 "-" "-"
172.161.140.213 - - [03/Apr/2026:11:22:50 -0400] "GET /bypass.php HTTP/1.1" 404 272 "-" "-"
74.206.190.118 - - [03/Apr/2026:11:25:11 -0400] "POST /wp-cron.php?doing_wp_cron=1775229911.1723160743713378906250 HTTP/1.1" 406 330 "-" "WordPress/3.6.1; http://www.findingxxx.com"
74.206.190.118 - - [03/Apr/2026:11:25:11 -0400] "GET / HTTP/1.1" 200 24408 "-" "curl/7.29.0"
74.206.190.118 - - [03/Apr/2026:11:30:10 -0400] "POST /wp-cron.php?doing_wp_cron=1775230210.5447530746459960937500 HTTP/1.1" 406 330 "-" "WordPress/3.6.1; http://www.findingxxx.com"
74.206.190.118 - - [03/Apr/2026:11:30:10 -0400] "GET / HTTP/1.1" 200 24408 "-" "curl/7.29.0"
74.206.190.118 - - [03/Apr/2026:11:35:11 -0400] "POST /wp-cron.php?doing_wp_cron=1775230511.7009620666503906250000 HTTP/1.1" 406 330 "-" "WordPress/3.6.1; http://www.findingxxx.com"
74.206.190.118 - - [03/Apr/2026:11:35:11 -0400] "GET / HTTP/1.1" 200 24408 "-" "curl/7.29.0"
74.206.190.118 - - [03/Apr/2026:11:37:21 -0400] "POST /wp-cron.php?doing_wp_cron=1775230641.4540860652923583984375 HTTP/1.1" 406 330 "-" "WordPress/3.6.1; http://www.findingxxx.com"
184.22.16.148 - - [03/Apr/2026:11:37:21 -0400] "GET / HTTP/1.1" 301 - "-" "Python/3.14 aiohttp/3.13.3"
85.208.96.208 - - [03/Apr/2026:11:37:49 -0400] "GET /robots.txt HTTP/1.1" 403 280 "-" "Mozilla/5.0 (compatible; SemrushBot/7~bl; +http://www.semrush.com/bot.html)"
85.208.96.205 - - [03/Apr/2026:11:37:50 -0400] "GET /index.php/category/blonde-xxx HTTP/1.1" 403 299 "-" "Mozilla/5.0 (compatible; SemrushBot/7~bl; +http://www.semrush.com/bot.html)"
74.206.190.118 - - [03/Apr/2026:11:40:20 -0400] "POST /wp-cron.php?doing_wp_cron=1775230820.2746291160583496093750 HTTP/1.1" 406 330 "-" "WordPress/3.6.1; http://www.findingxxx.com"
74.206.190.118 - - [03/Apr/2026:11:40:20 -0400] "GET / HTTP/1.1" 200 24408 "-" "curl/7.29.0"
74.206.190.118 - - [03/Apr/2026:11:41:33 -0400] "POST /wp-cron.php?doing_wp_cron=1775230893.2752881050109863281250 HTTP/1.1" 406 330 "-" "WordPress/3.6.1; http://www.findingxxx.com"
37.59.21.100 - - [03/Apr/2026:11:41:33 -0400] "GET /index.php/category/brunnette-xxx/feed HTTP/1.1" 200 11086 "-" "Mozilla/5.0 (X11; Linux i686) AppleWebKit/537.36 (KHTML, like Gecko) Chrome/30.0.1599.66 Safari/537.36"
74.206.190.118 - - [03/Apr/2026:11:45:11 -0400] "POST /wp-cron.php?doing_wp_cron=1775231111.9389469623565673828125 HTTP/1.1" 406 330 "-" "WordPress/3.6.1; http://www.findingxxx.com"
74.206.190.118 - - [03/Apr/2026:11:45:11 -0400] "GET / HTTP/1.1" 200 24408 "-" "curl/7.29.0"
74.206.190.118 - - [03/Apr/2026:11:48:05 -0400] "POST /wp-cron.php?doing_wp_cron=1775231285.8345429897308349609375 HTTP/1.1" 406 330 "-" "WordPress/3.6.1; http://www.findingxxx.com"
43.130.102.223 - - [03/Apr/2026:11:48:05 -0400] "GET / HTTP/1.1" 301 - "-" "Mozilla/5.0 (iPhone; CPU iPhone OS 13_2_3 like Mac OS X) AppleWebKit/605.1.15 (KHTML, like Gecko) Version/13.0.3 Mobile/15E148 Safari/604.1"
43.130.102.223 - - [03/Apr/2026:11:48:06 -0400] "GET / HTTP/1.1" 200 24408 "http://findingxxx.com" "Mozilla/5.0 (iPhone; CPU iPhone OS 13_2_3 like Mac OS X) AppleWebKit/605.1.15 (KHTML, like Gecko) Version/13.0.3 Mobile/15E148 Safari/604.1"
74.206.190.118 - - [03/Apr/2026:11:50:12 -0400] "POST /wp-cron.php?doing_wp_cron=1775231412.2430939674377441406250 HTTP/1.1" 406 330 "-" "WordPress/3.6.1; http://www.findingxxx.com"
74.206.190.118 - - [03/Apr/2026:11:50:12 -0400] "GET / HTTP/1.1" 200 24408 "-" "curl/7.29.0"
74.206.190.118 - - [03/Apr/2026:11:55:10 -0400] "POST /wp-cron.php?doing_wp_cron=1775231710.0617339611053466796875 HTTP/1.1" 406 330 "-" "WordPress/3.6.1; http://www.findingxxx.com"
74.206.190.118 - - [03/Apr/2026:11:55:09 -0400] "GET / HTTP/1.1" 200 24408 "-" "curl/7.29.0"
216.73.216.49 - - [03/Apr/2026:11:58:00 -0400] "GET /robots.txt HTTP/1.1" 200 24 "-" "Mozilla/5.0 AppleWebKit/537.36 (KHTML, like Gecko; compatible; ClaudeBot/1.0; +claudebot@anthropic.com)"
74.206.190.118 - - [03/Apr/2026:12:00:15 -0400] "POST /wp-cron.php?doing_wp_cron=1775232015.9444301128387451171875 HTTP/1.1" 406 330 "-" "WordPress/3.6.1; http://www.findingxxx.com"
74.206.190.118 - - [03/Apr/2026:12:00:15 -0400] "GET / HTTP/1.1" 200 24408 "-" "curl/7.29.0"
74.206.190.118 - - [03/Apr/2026:12:05:14 -0400] "POST /wp-cron.php?doing_wp_cron=1775232314.7167220115661621093750 HTTP/1.1" 406 330 "-" "WordPress/3.6.1; http://www.findingxxx.com"
74.206.190.118 - - [03/Apr/2026:12:05:14 -0400] "GET / HTTP/1.1" 200 24408 "-" "curl/7.29.0"
74.206.190.118 - - [03/Apr/2026:12:10:10 -0400] "POST /wp-cron.php?doing_wp_cron=1775232610.5789909362792968750000 HTTP/1.1" 406 330 "-" "WordPress/3.6.1; http://www.findingxxx.com"
74.206.190.118 - - [03/Apr/2026:12:10:10 -0400] "GET / HTTP/1.1" 200 24408 "-" "curl/7.29.0"
85.208.96.204 - - [03/Apr/2026:12:15:11 -0400] "GET /index.php/tag/xxx HTTP/1.1" 403 287 "-" "Mozilla/5.0 (compatible; SemrushBot/7~bl; +http://www.semrush.com/bot.html)"
74.206.190.118 - - [03/Apr/2026:12:15:11 -0400] "POST /wp-cron.php?doing_wp_cron=1775232911.2700240612030029296875 HTTP/1.1" 406 330 "-" "WordPress/3.6.1; http://www.findingxxx.com"
74.206.190.118 - - [03/Apr/2026:12:15:11 -0400] "GET / HTTP/1.1" 200 24408 "-" "curl/7.29.0"
74.206.190.118 - - [03/Apr/2026:12:19:48 -0400] "POST /wp-cron.php?doing_wp_cron=1775233188.9655349254608154296875 HTTP/1.1" 406 330 "-" "WordPress/3.6.1; http://www.findingxxx.com"
43.157.170.126 - - [03/Apr/2026:12:19:48 -0400] "GET / HTTP/1.1" 200 24408 "-" "Mozilla/5.0 (iPhone; CPU iPhone OS 13_2_3 like Mac OS X) AppleWebKit/605.1.15 (KHTML, like Gecko) Version/13.0.3 Mobile/15E148 Safari/604.1"
74.206.190.118 - - [03/Apr/2026:12:20:21 -0400] "GET / HTTP/1.1" 200 24408 "-" "curl/7.29.0"
74.206.190.118 - - [03/Apr/2026:12:25:11 -0400] "POST /wp-cron.php?doing_wp_cron=1775233511.1077609062194824218750 HTTP/1.1" 406 330 "-" "WordPress/3.6.1; http://www.findingxxx.com"
74.206.190.118 - - [03/Apr/2026:12:25:10 -0400] "GET / HTTP/1.1" 200 24408 "-" "curl/7.29.0"
74.206.190.118 - - [03/Apr/2026:12:30:15 -0400] "POST /wp-cron.php?doing_wp_cron=1775233815.4137260913848876953125 HTTP/1.1" 406 330 "-" "WordPress/3.6.1; http://www.findingxxx.com"
74.206.190.118 - - [03/Apr/2026:12:30:15 -0400] "GET / HTTP/1.1" 200 24408 "-" "curl/7.29.0"
74.206.190.118 - - [03/Apr/2026:12:35:12 -0400] "POST /wp-cron.php?doing_wp_cron=1775234112.2874419689178466796875 HTTP/1.1" 406 330 "-" "WordPress/3.6.1; http://www.findingxxx.com"
74.206.190.118 - - [03/Apr/2026:12:35:11 -0400] "GET / HTTP/1.1" 200 24408 "-" "curl/7.29.0"
74.206.190.118 - - [03/Apr/2026:12:40:06 -0400] "POST /wp-cron.php?doing_wp_cron=1775234406.0859529972076416015625 HTTP/1.1" 406 330 "-" "WordPress/3.6.1; http://www.findingxxx.com"
37.59.21.100 - - [03/Apr/2026:12:40:05 -0400] "GET /index.php/tag/porntube/feed HTTP/1.1" 200 4462 "-" "Mozilla/5.0 (X11; Linux i686) AppleWebKit/537.36 (KHTML, like Gecko) Chrome/30.0.1599.66 Safari/537.36"
74.206.190.118 - - [03/Apr/2026:12:40:15 -0400] "GET / HTTP/1.1" 200 24408 "-" "curl/7.29.0"
74.206.190.118 - - [03/Apr/2026:12:41:28 -0400] "POST /wp-cron.php?doing_wp_cron=1775234488.3165218830108642578125 HTTP/1.1" 406 330 "-" "WordPress/3.6.1; http://www.findingxxx.com"
20.125.120.41 - - [03/Apr/2026:12:41:28 -0400] "GET / HTTP/1.1" 200 24408 "-" "Mozilla/5.0 (Windows NT 10.0; Win64; x64; rv:128.0) Gecko/20100101 Firefox/128.0"
20.125.120.41 - - [03/Apr/2026:12:41:30 -0400] "GET /_profiler/phpinfo.php HTTP/1.1" 404 287 "-" "Mozilla/5.0 (Windows NT 10.0; Win64; x64; rv:128.0) Gecko/20100101 Firefox/128.0"
20.125.120.41 - - [03/Apr/2026:12:41:30 -0400] "GET /phpinfo HTTP/1.1" 404 273 "-" "Mozilla/5.0 (Windows NT 10.0; Win64; x64; rv:128.0) Gecko/20100101 Firefox/128.0"
20.125.120.41 - - [03/Apr/2026:12:41:31 -0400] "GET /_profiler/phpinfo HTTP/1.1" 404 283 "-" "Mozilla/5.0 (Windows NT 10.0; Win64; x64; rv:128.0) Gecko/20100101 Firefox/128.0"
20.125.120.41 - - [03/Apr/2026:12:41:31 -0400] "GET /info HTTP/1.1" 404 270 "-" "Mozilla/5.0 (Windows NT 10.0; Win64; x64; rv:128.0) Gecko/20100101 Firefox/128.0"
20.125.120.41 - - [03/Apr/2026:12:41:35 -0400] "GET /phpinfo.php HTTP/1.1" 404 277 "-" "Mozilla/5.0 (Windows NT 10.0; Win64; x64; rv:128.0) Gecko/20100101 Firefox/128.0"
20.125.120.41 - - [03/Apr/2026:12:41:36 -0400] "GET /info.php HTTP/1.1" 404 274 "-" "Mozilla/5.0 (Windows NT 10.0; Win64; x64; rv:128.0) Gecko/20100101 Firefox/128.0"
20.125.120.41 - - [03/Apr/2026:12:41:37 -0400] "GET /.env HTTP/1.1" 404 270 "-" "-"
20.125.120.41 - - [03/Apr/2026:12:41:37 -0400] "GET /.env.production HTTP/1.1" 404 281 "-" "-"
20.125.120.41 - - [03/Apr/2026:12:41:37 -0400] "GET /application/.env HTTP/1.1" 404 282 "-" "-"
20.125.120.41 - - [03/Apr/2026:12:41:37 -0400] "GET /prod/.env HTTP/1.1" 404 275 "-" "-"
20.125.120.41 - - [03/Apr/2026:12:41:38 -0400] "GET /.env.save HTTP/1.1" 404 275 "-" "-"
20.125.120.41 - - [03/Apr/2026:12:41:38 -0400] "GET /beta/.env HTTP/1.1" 404 275 "-" "-"
20.125.120.41 - - [03/Apr/2026:12:41:38 -0400] "GET /admin/.env HTTP/1.1" 404 276 "-" "-"
20.125.120.41 - - [03/Apr/2026:12:41:38 -0400] "GET /app/.env HTTP/1.1" 404 274 "-" "-"
20.125.120.41 - - [03/Apr/2026:12:41:38 -0400] "GET /config/.env HTTP/1.1" 404 277 "-" "-"
20.125.120.41 - - [03/Apr/2026:12:41:38 -0400] "GET /api/.env HTTP/1.1" 404 274 "-" "-"
20.125.120.41 - - [03/Apr/2026:12:41:39 -0400] "GET /laravel/.env HTTP/1.1" 404 278 "-" "-"
74.206.190.118 - - [03/Apr/2026:12:45:18 -0400] "POST /wp-cron.php?doing_wp_cron=1775234718.4180579185485839843750 HTTP/1.1" 406 330 "-" "WordPress/3.6.1; http://www.findingxxx.com"
74.206.190.118 - - [03/Apr/2026:12:45:18 -0400] "GET / HTTP/1.1" 200 24408 "-" "curl/7.29.0"
74.206.190.118 - - [03/Apr/2026:12:46:46 -0400] "POST /wp-cron.php?doing_wp_cron=1775234806.6938049793243408203125 HTTP/1.1" 406 330 "-" "WordPress/3.6.1; http://www.findingxxx.com"
43.131.39.179 - - [03/Apr/2026:12:46:46 -0400] "GET /index.php/blonde-xxx/finding-codi-carmichael-xxx.html HTTP/1.1" 200 25335 "-" "Mozilla/5.0 (iPhone; CPU iPhone OS 13_2_3 like Mac OS X) AppleWebKit/605.1.15 (KHTML, like Gecko) Version/13.0.3 Mobile/15E148 Safari/604.1"
74.206.190.118 - - [03/Apr/2026:12:50:09 -0400] "POST /wp-cron.php?doing_wp_cron=1775235009.9871931076049804687500 HTTP/1.1" 406 330 "-" "WordPress/3.6.1; http://www.findingxxx.com"
74.206.190.118 - - [03/Apr/2026:12:50:09 -0400] "GET / HTTP/1.1" 200 24408 "-" "curl/7.29.0"
66.33.193.94 - - [03/Apr/2026:12:50:19 -0400] "GET /wp-login.php HTTP/1.1" 200 2405 "-" "Mozilla/4.0 (compatible; MSIE 7.0; Windows NT 6.1; WOW64; Trident/7.0; SLCC2; .NET CLR 2.0.50727; .NET CLR 3.5.30729; .NET CLR 3.0.30729; Media Center PC 6.0; .NET4.0C; .NET4.0E; MS-RTC LM 8; InfoPath.3)"
66.33.193.94 - - [03/Apr/2026:12:50:19 -0400] "POST /wp-login.php HTTP/1.1" 200 3366 "http://www.findingxxx.com/wp-login.php" "Mozilla/4.0 (compatible; MSIE 7.0; Windows NT 6.1; WOW64; Trident/7.0; SLCC2; .NET CLR 2.0.50727; .NET CLR 3.5.30729; .NET CLR 3.0.30729; Media Center PC 6.0; .NET4.0C; .NET4.0E; MS-RTC LM 8; InfoPath.3)"
51.103.121.234 - - [03/Apr/2026:12:51:59 -0400] "GET /wp-content/plugins/hellopress/wp_filemanager.php HTTP/1.1" 404 310 "-" "-"
51.103.121.234 - - [03/Apr/2026:12:52:00 -0400] "GET /asd67.php HTTP/1.1" 404 271 "-" "-"
51.103.121.234 - - [03/Apr/2026:12:52:00 -0400] "GET /1.php HTTP/1.1" 404 267 "-" "-"
51.103.121.234 - - [03/Apr/2026:12:52:00 -0400] "GET /rithin.php HTTP/1.1" 404 272 "-" "-"
51.103.121.234 - - [03/Apr/2026:12:52:00 -0400] "GET /gpt-sh.php HTTP/1.1" 404 272 "-" "-"
51.103.121.234 - - [03/Apr/2026:12:52:00 -0400] "GET /gifclass.php HTTP/1.1" 404 274 "-" "-"
51.103.121.234 - - [03/Apr/2026:12:52:00 -0400] "GET /gifclass4.php HTTP/1.1" 404 275 "-" "-"
51.103.121.234 - - [03/Apr/2026:12:52:00 -0400] "GET /wp-content/packed.php HTTP/1.1" 404 283 "-" "-"
51.103.121.234 - - [03/Apr/2026:12:52:01 -0400] "GET /wolv2.php HTTP/1.1" 404 271 "-" "-"
74.206.190.118 - - [03/Apr/2026:12:52:01 -0400] "POST /wp-cron.php?doing_wp_cron=1775235121.4655048847198486328125 HTTP/1.1" 406 330 "-" "WordPress/3.6.1; http://www.findingxxx.com"
51.103.121.234 - - [03/Apr/2026:12:52:01 -0400] "GET /wp-load.php HTTP/1.1" 200 - "-" "-"
51.103.121.234 - - [03/Apr/2026:12:52:01 -0400] "GET /p.php HTTP/1.1" 404 267 "-" "-"
51.103.121.234 - - [03/Apr/2026:12:52:01 -0400] "GET /wp-content/uploads/index.php HTTP/1.1" 404 290 "-" "-"
51.103.121.234 - - [03/Apr/2026:12:52:01 -0400] "GET /n.php HTTP/1.1" 404 267 "-" "-"
51.103.121.234 - - [03/Apr/2026:12:52:02 -0400] "GET /abc.php HTTP/1.1" 404 269 "-" "-"
51.103.121.234 - - [03/Apr/2026:12:52:02 -0400] "GET /new4.php HTTP/1.1" 404 270 "-" "-"
51.103.121.234 - - [03/Apr/2026:12:52:02 -0400] "GET /r4f_1.php HTTP/1.1" 404 271 "-" "-"
51.103.121.234 - - [03/Apr/2026:12:52:02 -0400] "GET /wp-admin/maint/wp-is.php HTTP/1.1" 404 286 "-" "-"
51.103.121.234 - - [03/Apr/2026:12:52:02 -0400] "GET /class.php HTTP/1.1" 404 271 "-" "-"
51.103.121.234 - - [03/Apr/2026:12:52:02 -0400] "GET /bless11.php HTTP/1.1" 404 273 "-" "-"
51.103.121.234 - - [03/Apr/2026:12:52:03 -0400] "GET /o.php HTTP/1.1" 404 267 "-" "-"
51.103.121.234 - - [03/Apr/2026:12:52:03 -0400] "GET /a.php HTTP/1.1" 404 267 "-" "-"
51.103.121.234 - - [03/Apr/2026:12:52:03 -0400] "GET /system_log.php HTTP/1.1" 404 276 "-" "-"
51.103.121.234 - - [03/Apr/2026:12:52:03 -0400] "GET /wp-content/ssd/sallu.php HTTP/1.1" 404 286 "-" "-"
51.103.121.234 - - [03/Apr/2026:12:52:03 -0400] "GET /a2.php HTTP/1.1" 404 268 "-" "-"
51.103.121.234 - - [03/Apr/2026:12:52:03 -0400] "GET /classwithtostring.php HTTP/1.1" 404 283 "-" "-"
51.103.121.234 - - [03/Apr/2026:12:52:03 -0400] "GET /css.php HTTP/1.1" 404 269 "-" "-"
51.103.121.234 - - [03/Apr/2026:12:52:04 -0400] "GET /file32.php HTTP/1.1" 404 272 "-" "-"
51.103.121.234 - - [03/Apr/2026:12:52:04 -0400] "GET /nope.php HTTP/1.1" 404 270 "-" "-"
51.103.121.234 - - [03/Apr/2026:12:52:04 -0400] "GET /js.php HTTP/1.1" 404 268 "-" "-"
51.103.121.234 - - [03/Apr/2026:12:52:04 -0400] "GET /wp-includes/sodium_compat/index.php HTTP/1.1" 404 297 "-" "-"
51.103.121.234 - - [03/Apr/2026:12:52:04 -0400] "GET /num.php HTTP/1.1" 404 269 "-" "-"
51.103.121.234 - - [03/Apr/2026:12:52:04 -0400] "GET /mah.php HTTP/1.1" 404 269 "-" "-"
51.103.121.234 - - [03/Apr/2026:12:52:04 -0400] "GET /wp-good.php HTTP/1.1" 404 273 "-" "-"
51.103.121.234 - - [03/Apr/2026:12:52:04 -0400] "GET /atomlib.php HTTP/1.1" 404 273 "-" "-"
51.103.121.234 - - [03/Apr/2026:12:52:04 -0400] "GET /wfile.php HTTP/1.1" 404 271 "-" "-"
51.103.121.234 - - [03/Apr/2026:12:52:05 -0400] "GET /ok.php HTTP/1.1" 404 268 "-" "-"
51.103.121.234 - - [03/Apr/2026:12:52:05 -0400] "GET /sid3.php HTTP/1.1" 404 270 "-" "-"
51.103.121.234 - - [03/Apr/2026:12:52:05 -0400] "GET /222.php HTTP/1.1" 404 269 "-" "-"
51.103.121.234 - - [03/Apr/2026:12:52:05 -0400] "GET /filemanager.php HTTP/1.1" 404 277 "-" "-"
51.103.121.234 - - [03/Apr/2026:12:52:05 -0400] "GET /123.php HTTP/1.1" 404 269 "-" "-"
51.103.121.234 - - [03/Apr/2026:12:52:05 -0400] "GET /wp-links-opml.php HTTP/1.1" 200 1117 "-" "-"
51.103.121.234 - - [03/Apr/2026:12:52:05 -0400] "GET /wp-content/uploads/wp.php HTTP/1.1" 404 287 "-" "-"
51.103.121.234 - - [03/Apr/2026:12:52:06 -0400] "GET /moon.php HTTP/1.1" 404 270 "-" "-"
51.103.121.234 - - [03/Apr/2026:12:52:06 -0400] "GET /33.php HTTP/1.1" 404 268 "-" "-"
51.103.121.234 - - [03/Apr/2026:12:52:06 -0400] "GET /chosen.php HTTP/1.1" 404 272 "-" "-"
51.103.121.234 - - [03/Apr/2026:12:52:06 -0400] "GET /shell.php HTTP/1.1" 404 271 "-" "-"
51.103.121.234 - - [03/Apr/2026:12:52:06 -0400] "GET /wp-admin/includes/xmrlpc.php HTTP/1.1" 404 290 "-" "-"
51.103.121.234 - - [03/Apr/2026:12:52:06 -0400] "GET /wp-x7.php HTTP/1.1" 404 271 "-" "-"
51.103.121.234 - - [03/Apr/2026:12:52:06 -0400] "GET /log.php HTTP/1.1" 404 269 "-" "-"
51.103.121.234 - - [03/Apr/2026:12:52:06 -0400] "GET /v4.php HTTP/1.1" 404 268 "-" "-"
51.103.121.234 - - [03/Apr/2026:12:52:06 -0400] "GET /f6.php HTTP/1.1" 404 268 "-" "-"
51.103.121.234 - - [03/Apr/2026:12:52:07 -0400] "GET /file.php HTTP/1.1" 404 270 "-" "-"
51.103.121.234 - - [03/Apr/2026:12:52:07 -0400] "GET /an7.php HTTP/1.1" 404 269 "-" "-"
51.103.121.234 - - [03/Apr/2026:12:52:07 -0400] "GET /wp-gr.php HTTP/1.1" 404 271 "-" "-"
51.103.121.234 - - [03/Apr/2026:12:52:07 -0400] "GET /wp-includes/style-engine/index.php HTTP/1.1" 404 296 "-" "-"
51.103.121.234 - - [03/Apr/2026:12:52:07 -0400] "GET /update/f35.php HTTP/1.1" 404 276 "-" "-"
51.103.121.234 - - [03/Apr/2026:12:52:07 -0400] "GET /ext.php HTTP/1.1" 404 269 "-" "-"
51.103.121.234 - - [03/Apr/2026:12:52:07 -0400] "GET /about3.php HTTP/1.1" 404 272 "-" "-"
51.103.121.234 - - [03/Apr/2026:12:52:08 -0400] "GET /wp.php HTTP/1.1" 404 268 "-" "-"
51.103.121.234 - - [03/Apr/2026:12:52:08 -0400] "GET /zwso.php HTTP/1.1" 404 270 "-" "-"
51.103.121.234 - - [03/Apr/2026:12:52:08 -0400] "GET /alfa.php HTTP/1.1" 404 270 "-" "-"
51.103.121.234 - - [03/Apr/2026:12:52:08 -0400] "GET /fm.php HTTP/1.1" 404 268 "-" "-"
51.103.121.234 - - [03/Apr/2026:12:52:08 -0400] "GET /ahax.php HTTP/1.1" 404 270 "-" "-"
51.103.121.234 - - [03/Apr/2026:12:52:08 -0400] "GET /g.php HTTP/1.1" 404 267 "-" "-"
51.103.121.234 - - [03/Apr/2026:12:52:08 -0400] "GET /0x.php HTTP/1.1" 404 268 "-" "-"
51.103.121.234 - - [03/Apr/2026:12:52:09 -0400] "GET /app/webroot/filemanager.php HTTP/1.1" 404 289 "-" "-"
51.103.121.234 - - [03/Apr/2026:12:52:09 -0400] "GET /wp-includes/IXR/about.php HTTP/1.1" 404 287 "-" "-"
51.103.121.234 - - [03/Apr/2026:12:52:09 -0400] "GET /k.php HTTP/1.1" 404 267 "-" "-"
51.103.121.234 - - [03/Apr/2026:12:52:09 -0400] "GET /flower.php HTTP/1.1" 404 272 "-" "-"
51.103.121.234 - - [03/Apr/2026:12:52:09 -0400] "GET /public/filemanager.php HTTP/1.1" 404 284 "-" "-"
51.103.121.234 - - [03/Apr/2026:12:52:09 -0400] "GET /wp-content/voga/sallu.php HTTP/1.1" 404 287 "-" "-"
51.103.121.234 - - [03/Apr/2026:12:52:10 -0400] "GET /dlu.php HTTP/1.1" 404 269 "-" "-"
51.103.121.234 - - [03/Apr/2026:12:52:10 -0400] "GET /555.php HTTP/1.1" 404 269 "-" "-"
51.103.121.234 - - [03/Apr/2026:12:52:10 -0400] "GET /wp-mail.php HTTP/1.1" 500 4193 "-" "-"
51.103.121.234 - - [03/Apr/2026:12:52:10 -0400] "GET /403.php HTTP/1.1" 404 269 "-" "-"
51.103.121.234 - - [03/Apr/2026:12:52:11 -0400] "GET /tox.php HTTP/1.1" 404 269 "-" "-"
51.103.121.234 - - [03/Apr/2026:12:52:11 -0400] "GET /lv.php HTTP/1.1" 404 268 "-" "-"
51.103.121.234 - - [03/Apr/2026:12:52:11 -0400] "GET /hook.php HTTP/1.1" 404 270 "-" "-"
51.103.121.234 - - [03/Apr/2026:12:52:11 -0400] "GET /menu.php HTTP/1.1" 404 270 "-" "-"
51.103.121.234 - - [03/Apr/2026:12:52:11 -0400] "GET /jp.php HTTP/1.1" 404 268 "-" "-"
51.103.121.234 - - [03/Apr/2026:12:52:11 -0400] "GET /v.php HTTP/1.1" 404 267 "-" "-"
51.103.121.234 - - [03/Apr/2026:12:52:12 -0400] "GET /te.php HTTP/1.1" 404 268 "-" "-"
51.103.121.234 - - [03/Apr/2026:12:52:12 -0400] "GET /bless.php HTTP/1.1" 404 271 "-" "-"
51.103.121.234 - - [03/Apr/2026:12:52:12 -0400] "GET /12.php HTTP/1.1" 404 268 "-" "-"
51.103.121.234 - - [03/Apr/2026:12:52:12 -0400] "GET /class-t.api.php HTTP/1.1" 404 277 "-" "-"
51.103.121.234 - - [03/Apr/2026:12:52:12 -0400] "GET /bolt.php HTTP/1.1" 404 270 "-" "-"
51.103.121.234 - - [03/Apr/2026:12:52:12 -0400] "GET /lock360.php HTTP/1.1" 404 273 "-" "-"
51.103.121.234 - - [03/Apr/2026:12:52:12 -0400] "GET /public/manager.php HTTP/1.1" 404 280 "-" "-"
51.103.121.234 - - [03/Apr/2026:12:52:13 -0400] "GET /inputs.php HTTP/1.1" 404 272 "-" "-"
51.103.121.234 - - [03/Apr/2026:12:52:13 -0400] "GET /ol.php HTTP/1.1" 404 268 "-" "-"
51.103.121.234 - - [03/Apr/2026:12:52:13 -0400] "GET /v2.php HTTP/1.1" 404 268 "-" "-"
51.103.121.234 - - [03/Apr/2026:12:52:13 -0400] "GET /wp-admin/admin-post.php HTTP/1.1" 200 - "-" "-"
51.103.121.234 - - [03/Apr/2026:12:52:13 -0400] "GET /shoha.php HTTP/1.1" 404 271 "-" "-"
51.103.121.234 - - [03/Apr/2026:12:52:14 -0400] "GET /info.php HTTP/1.1" 404 270 "-" "-"
51.103.121.234 - - [03/Apr/2026:12:52:14 -0400] "GET /new.php HTTP/1.1" 404 269 "-" "-"
51.103.121.234 - - [03/Apr/2026:12:52:14 -0400] "GET /666.php HTTP/1.1" 404 269 "-" "-"
51.103.121.234 - - [03/Apr/2026:12:52:14 -0400] "GET /akcc.php HTTP/1.1" 404 270 "-" "-"
51.103.121.234 - - [03/Apr/2026:12:52:14 -0400] "GET /mo.php HTTP/1.1" 404 268 "-" "-"
51.103.121.234 - - [03/Apr/2026:12:52:15 -0400] "GET /doc.php HTTP/1.1" 404 269 "-" "-"
51.103.121.234 - - [03/Apr/2026:12:52:15 -0400] "GET /inde.php HTTP/1.1" 404 270 "-" "-"
51.103.121.234 - - [03/Apr/2026:12:52:16 -0400] "GET /ioxi-o.php HTTP/1.1" 404 272 "-" "-"
51.103.121.234 - - [03/Apr/2026:12:52:16 -0400] "GET /simple.php HTTP/1.1" 404 272 "-" "-"
51.103.121.234 - - [03/Apr/2026:12:52:16 -0400] "GET /zxin.php HTTP/1.1" 404 270 "-" "-"
51.103.121.234 - - [03/Apr/2026:12:52:16 -0400] "GET /index/function.php HTTP/1.1" 404 280 "-" "-"
51.103.121.234 - - [03/Apr/2026:12:52:16 -0400] "GET /NewFile.php HTTP/1.1" 404 273 "-" "-"
51.103.121.234 - - [03/Apr/2026:12:52:16 -0400] "GET /aa.php HTTP/1.1" 404 268 "-" "-"
51.103.121.234 - - [03/Apr/2026:12:52:17 -0400] "GET //wolv2.php HTTP/1.1" 404 271 "-" "-"
51.103.121.234 - - [03/Apr/2026:12:52:17 -0400] "GET /geck.php HTTP/1.1" 404 270 "-" "-"
51.103.121.234 - - [03/Apr/2026:12:52:17 -0400] "GET /xtt.php HTTP/1.1" 404 269 "-" "-"
51.103.121.234 - - [03/Apr/2026:12:52:17 -0400] "GET /admin.php HTTP/1.1" 404 271 "-" "-"
51.103.121.234 - - [03/Apr/2026:12:52:17 -0400] "GET /system.php HTTP/1.1" 404 272 "-" "-"
51.103.121.234 - - [03/Apr/2026:12:52:17 -0400] "GET /manager.php HTTP/1.1" 404 273 "-" "-"
51.103.121.234 - - [03/Apr/2026:12:52:18 -0400] "GET /gdn.php HTTP/1.1" 404 269 "-" "-"
51.103.121.234 - - [03/Apr/2026:12:52:18 -0400] "GET /ton.php HTTP/1.1" 404 269 "-" "-"
51.103.121.234 - - [03/Apr/2026:12:52:18 -0400] "GET /media.php HTTP/1.1" 404 271 "-" "-"
51.103.121.234 - - [03/Apr/2026:12:52:18 -0400] "GET /wp-content/themes/admin.php HTTP/1.1" 404 289 "-" "-"
51.103.121.234 - - [03/Apr/2026:12:52:18 -0400] "GET /admir.php HTTP/1.1" 404 271 "-" "-"
51.103.121.234 - - [03/Apr/2026:12:52:18 -0400] "GET /fs.php HTTP/1.1" 404 268 "-" "-"
51.103.121.234 - - [03/Apr/2026:12:52:18 -0400] "GET /error.php HTTP/1.1" 404 271 "-" "-"
51.103.121.234 - - [03/Apr/2026:12:52:19 -0400] "GET /wp-admin/css/colour.php HTTP/1.1" 404 285 "-" "-"
51.103.121.234 - - [03/Apr/2026:12:52:19 -0400] "GET /cc.php HTTP/1.1" 404 268 "-" "-"
51.103.121.234 - - [03/Apr/2026:12:52:19 -0400] "GET /bkxzo.php HTTP/1.1" 404 271 "-" "-"
51.103.121.234 - - [03/Apr/2026:12:52:19 -0400] "GET /lo.php HTTP/1.1" 404 268 "-" "-"
51.103.121.234 - - [03/Apr/2026:12:52:19 -0400] "GET /2.php HTTP/1.1" 404 267 "-" "-"
51.103.121.234 - - [03/Apr/2026:12:52:19 -0400] "GET /layout.php HTTP/1.1" 404 272 "-" "-"
51.103.121.234 - - [03/Apr/2026:12:52:19 -0400] "GET /wp-admin/js/wp-conflg.php HTTP/1.1" 404 287 "-" "-"
51.103.121.234 - - [03/Apr/2026:12:52:19 -0400] "GET /lmutxdvyp7u5yksqke8ozbjgCdefault.php HTTP/1.1" 404 298 "-" "-"
51.103.121.234 - - [03/Apr/2026:12:52:20 -0400] "GET /content.php HTTP/1.1" 404 273 "-" "-"
51.103.121.234 - - [03/Apr/2026:12:52:20 -0400] "GET /wp-configs.php HTTP/1.1" 404 276 "-" "-"
51.103.121.234 - - [03/Apr/2026:12:52:20 -0400] "GET /yas.php HTTP/1.1" 404 269 "-" "-"
51.103.121.234 - - [03/Apr/2026:12:52:20 -0400] "GET /file5.php HTTP/1.1" 404 271 "-" "-"
51.103.121.234 - - [03/Apr/2026:12:52:20 -0400] "GET /v3.php HTTP/1.1" 404 268 "-" "-"
51.103.121.234 - - [03/Apr/2026:12:52:20 -0400] "GET /wp-admin/maint/index.php HTTP/1.1" 404 286 "-" "-"
51.103.121.234 - - [03/Apr/2026:12:52:20 -0400] "GET /gg.php HTTP/1.1" 404 268 "-" "-"
51.103.121.234 - - [03/Apr/2026:12:52:20 -0400] "GET /wp-content/upgrade/index.php HTTP/1.1" 404 290 "-" "-"
51.103.121.234 - - [03/Apr/2026:12:52:21 -0400] "GET /himu.php HTTP/1.1" 404 270 "-" "-"
51.103.121.234 - - [03/Apr/2026:12:52:21 -0400] "GET /z.php HTTP/1.1" 404 267 "-" "-"
51.103.121.234 - - [03/Apr/2026:12:52:21 -0400] "GET /png.php HTTP/1.1" 404 269 "-" "-"
51.103.121.234 - - [03/Apr/2026:12:52:21 -0400] "GET /mds.php HTTP/1.1" 404 269 "-" "-"
51.103.121.234 - - [03/Apr/2026:12:52:21 -0400] "GET /acp.php HTTP/1.1" 404 269 "-" "-"
51.103.121.234 - - [03/Apr/2026:12:52:21 -0400] "GET /m.php HTTP/1.1" 404 267 "-" "-"
51.103.121.234 - - [03/Apr/2026:12:52:21 -0400] "GET /wp-is.php HTTP/1.1" 404 271 "-" "-"
51.103.121.234 - - [03/Apr/2026:12:52:21 -0400] "GET /file15.php HTTP/1.1" 404 272 "-" "-"
51.103.121.234 - - [03/Apr/2026:12:52:22 -0400] "GET /wsd.php HTTP/1.1" 404 269 "-" "-"
51.103.121.234 - - [03/Apr/2026:12:52:22 -0400] "GET /about.php HTTP/1.1" 404 271 "-" "-"
51.103.121.234 - - [03/Apr/2026:12:52:22 -0400] "GET /an.php HTTP/1.1" 404 268 "-" "-"
51.103.121.234 - - [03/Apr/2026:12:52:22 -0400] "GET /404.php HTTP/1.1" 404 269 "-" "-"
51.103.121.234 - - [03/Apr/2026:12:52:22 -0400] "GET /lol.php HTTP/1.1" 404 269 "-" "-"
51.103.121.234 - - [03/Apr/2026:12:52:22 -0400] "GET /radio.php HTTP/1.1" 404 271 "-" "-"
74.206.190.118 - - [03/Apr/2026:12:54:54 -0400] "POST /wp-cron.php?doing_wp_cron=1775235294.2299399375915527343750 HTTP/1.1" 406 330 "-" "WordPress/3.6.1; http://www.findingxxx.com"
104.244.73.186 - - [03/Apr/2026:12:54:54 -0400] "GET /wp-login.php HTTP/1.1" 200 2405 "-" "Mozilla/5.0 (Windows NT 10.0; Win64; x64) AppleWebKit/537.36 (KHTML, like Gecko) Chrome/134.0.0.0 Safari/537.36"
104.244.73.186 - - [03/Apr/2026:12:54:54 -0400] "POST /wp-login.php HTTP/1.1" 200 3362 "http://findingxxx.com/wp-admin/" "Mozilla/5.0 (Windows NT 10.0; Win64; x64) AppleWebKit/537.36 (KHTML, like Gecko) Chrome/134.0.0.0 Safari/537.36"
74.206.190.118 - - [03/Apr/2026:12:55:12 -0400] "GET / HTTP/1.1" 200 24408 "-" "curl/7.29.0"
74.206.190.118 - - [03/Apr/2026:13:00:22 -0400] "POST /wp-cron.php?doing_wp_cron=1775235622.7502250671386718750000 HTTP/1.1" 406 330 "-" "WordPress/3.6.1; http://www.findingxxx.com"
74.206.190.118 - - [03/Apr/2026:13:00:22 -0400] "GET / HTTP/1.1" 200 24408 "-" "curl/7.29.0"
74.206.190.118 - - [03/Apr/2026:13:05:11 -0400] "POST /wp-cron.php?doing_wp_cron=1775235911.8987369537353515625000 HTTP/1.1" 406 330 "-" "WordPress/3.6.1; http://www.findingxxx.com"
74.206.190.118 - - [03/Apr/2026:13:05:11 -0400] "GET / HTTP/1.1" 200 24408 "-" "curl/7.29.0"
194.163.131.184 - - [03/Apr/2026:13:05:13 -0400] "GET /wp-login.php HTTP/1.1" 200 2405 "-" "Mozilla/5.0 (Windows NT 10.0; WOW64; Trident/7.0; MDDSJS; rv:11.0) like Gecko"
194.163.131.184 - - [03/Apr/2026:13:05:14 -0400] "POST /wp-login.php HTTP/1.1" 200 3366 "http://www.findingxxx.com/wp-login.php" "Mozilla/5.0 (Windows NT 10.0; WOW64; Trident/7.0; MDDSJS; rv:11.0) like Gecko"
43.159.140.236 - - [03/Apr/2026:13:05:29 -0400] "GET /index.php/category/young-xxx HTTP/1.1" 200 15683 "-" "Mozilla/5.0 (iPhone; CPU iPhone OS 13_2_3 like Mac OS X) AppleWebKit/605.1.15 (KHTML, like Gecko) Version/13.0.3 Mobile/15E148 Safari/604.1"
74.206.190.118 - - [03/Apr/2026:13:10:10 -0400] "POST /wp-cron.php?doing_wp_cron=1775236210.2097799777984619140625 HTTP/1.1" 406 330 "-" "WordPress/3.6.1; http://www.findingxxx.com"
74.206.190.118 - - [03/Apr/2026:13:10:10 -0400] "GET / HTTP/1.1" 200 24408 "-" "curl/7.29.0"
37.59.21.100 - - [03/Apr/2026:13:10:30 -0400] "GET /index.php/category/young-xxx/feed HTTP/1.1" 200 4632 "-" "Mozilla/5.0 (X11; Linux i686) AppleWebKit/537.36 (KHTML, like Gecko) Chrome/30.0.1599.66 Safari/537.36"
74.206.190.118 - - [03/Apr/2026:13:15:14 -0400] "POST /wp-cron.php?doing_wp_cron=1775236514.3788259029388427734375 HTTP/1.1" 406 330 "-" "WordPress/3.6.1; http://www.findingxxx.com"
74.206.190.118 - - [03/Apr/2026:13:15:14 -0400] "GET / HTTP/1.1" 200 24408 "-" "curl/7.29.0"
43.157.147.3 - - [03/Apr/2026:13:15:40 -0400] "GET /index.php/feed HTTP/1.1" 200 13170 "-" "Mozilla/5.0 (iPhone; CPU iPhone OS 13_2_3 like Mac OS X) AppleWebKit/605.1.15 (KHTML, like Gecko) Version/13.0.3 Mobile/15E148 Safari/604.1"
74.206.190.118 - - [03/Apr/2026:13:18:12 -0400] "POST /wp-cron.php?doing_wp_cron=1775236692.9333140850067138671875 HTTP/1.1" 406 330 "-" "WordPress/3.6.1; http://www.findingxxx.com"
163.47.203.81 - - [03/Apr/2026:13:18:12 -0400] "GET /wp-login.php HTTP/1.1" 200 2405 "-" "Mozilla/5.0 (Windows NT 10.0; WOW64; Trident/7.0; MDDRJS; rv:11.0) like Gecko"
163.47.203.81 - - [03/Apr/2026:13:18:17 -0400] "POST /wp-login.php HTTP/1.1" 200 3366 "http://www.findingxxx.com/wp-login.php" "Mozilla/5.0 (Windows NT 10.0; WOW64; Trident/7.0; MDDRJS; rv:11.0) like Gecko"
74.206.190.118 - - [03/Apr/2026:13:20:20 -0400] "POST /wp-cron.php?doing_wp_cron=1775236820.5610809326171875000000 HTTP/1.1" 406 330 "-" "WordPress/3.6.1; http://www.findingxxx.com"
74.206.190.118 - - [03/Apr/2026:13:20:20 -0400] "GET / HTTP/1.1" 200 24408 "-" "curl/7.29.0"
74.206.190.118 - - [03/Apr/2026:13:25:20 -0400] "POST /wp-cron.php?doing_wp_cron=1775237120.2496418952941894531250 HTTP/1.1" 406 330 "-" "WordPress/3.6.1; http://www.findingxxx.com"
74.206.190.118 - - [03/Apr/2026:13:25:20 -0400] "GET / HTTP/1.1" 200 24408 "-" "curl/7.29.0"
74.206.190.118 - - [03/Apr/2026:13:30:10 -0400] "POST /wp-cron.php?doing_wp_cron=1775237410.1956520080566406250000 HTTP/1.1" 406 330 "-" "WordPress/3.6.1; http://www.findingxxx.com"
74.206.190.118 - - [03/Apr/2026:13:30:10 -0400] "GET / HTTP/1.1" 200 24408 "-" "curl/7.29.0"
88.198.64.173 - - [03/Apr/2026:13:30:17 -0400] "GET /wp-login.php HTTP/1.1" 200 2405 "-" "Mozilla/5.0 (Windows NT 6.1; WOW64; Trident/7.0; Ypkch32; rv:11.0) like Gecko"
88.198.64.173 - - [03/Apr/2026:13:30:17 -0400] "POST /wp-login.php HTTP/1.1" 200 3366 "http://www.findingxxx.com/wp-login.php" "Mozilla/5.0 (Windows NT 6.1; WOW64; Trident/7.0; Ypkch32; rv:11.0) like Gecko"
74.206.190.118 - - [03/Apr/2026:13:35:17 -0400] "POST /wp-cron.php?doing_wp_cron=1775237717.0198071002960205078125 HTTP/1.1" 406 330 "-" "WordPress/3.6.1; http://www.findingxxx.com"
74.206.190.118 - - [03/Apr/2026:13:35:16 -0400] "GET / HTTP/1.1" 200 24408 "-" "curl/7.29.0"
20.125.120.41 - - [03/Apr/2026:13:35:39 -0400] "GET / HTTP/1.1" 301 - "-" "Mozilla/5.0 (Windows NT 10.0; Win64; x64; rv:128.0) Gecko/20100101 Firefox/128.0"
20.125.120.41 - - [03/Apr/2026:13:35:40 -0400] "GET / HTTP/1.1" 200 24408 "-" "Mozilla/5.0 (Windows NT 10.0; Win64; x64; rv:128.0) Gecko/20100101 Firefox/128.0"
20.125.120.41 - - [03/Apr/2026:13:35:40 -0400] "GET /_profiler/phpinfo.php HTTP/1.1" 404 283 "-" "Mozilla/5.0 (Windows NT 10.0; Win64; x64; rv:128.0) Gecko/20100101 Firefox/128.0"
20.125.120.41 - - [03/Apr/2026:13:35:41 -0400] "GET /phpinfo HTTP/1.1" 404 269 "-" "Mozilla/5.0 (Windows NT 10.0; Win64; x64; rv:128.0) Gecko/20100101 Firefox/128.0"
20.125.120.41 - - [03/Apr/2026:13:35:41 -0400] "GET /_profiler/phpinfo HTTP/1.1" 404 279 "-" "Mozilla/5.0 (Windows NT 10.0; Win64; x64; rv:128.0) Gecko/20100101 Firefox/128.0"
20.125.120.41 - - [03/Apr/2026:13:35:42 -0400] "GET /info HTTP/1.1" 404 266 "-" "Mozilla/5.0 (Windows NT 10.0; Win64; x64; rv:128.0) Gecko/20100101 Firefox/128.0"
20.125.120.41 - - [03/Apr/2026:13:35:43 -0400] "GET /phpinfo.php HTTP/1.1" 404 273 "-" "Mozilla/5.0 (Windows NT 10.0; Win64; x64; rv:128.0) Gecko/20100101 Firefox/128.0"
20.125.120.41 - - [03/Apr/2026:13:35:43 -0400] "GET /info.php HTTP/1.1" 404 270 "-" "Mozilla/5.0 (Windows NT 10.0; Win64; x64; rv:128.0) Gecko/20100101 Firefox/128.0"
20.125.120.41 - - [03/Apr/2026:13:35:44 -0400] "GET /.env HTTP/1.1" 404 266 "-" "-"
20.125.120.41 - - [03/Apr/2026:13:35:44 -0400] "GET /.env.production HTTP/1.1" 404 277 "-" "-"
20.125.120.41 - - [03/Apr/2026:13:35:44 -0400] "GET /application/.env HTTP/1.1" 404 278 "-" "-"
20.125.120.41 - - [03/Apr/2026:13:35:44 -0400] "GET /prod/.env HTTP/1.1" 404 271 "-" "-"
20.125.120.41 - - [03/Apr/2026:13:35:45 -0400] "GET /.env.save HTTP/1.1" 404 271 "-" "-"
20.125.120.41 - - [03/Apr/2026:13:35:45 -0400] "GET /beta/.env HTTP/1.1" 404 271 "-" "-"
20.125.120.41 - - [03/Apr/2026:13:35:45 -0400] "GET /admin/.env HTTP/1.1" 404 272 "-" "-"
20.125.120.41 - - [03/Apr/2026:13:35:45 -0400] "GET /app/.env HTTP/1.1" 404 270 "-" "-"
20.125.120.41 - - [03/Apr/2026:13:35:45 -0400] "GET /config/.env HTTP/1.1" 404 273 "-" "-"
20.125.120.41 - - [03/Apr/2026:13:35:45 -0400] "GET /api/.env HTTP/1.1" 404 270 "-" "-"
20.125.120.41 - - [03/Apr/2026:13:35:46 -0400] "GET /laravel/.env HTTP/1.1" 404 274 "-" "-"
74.206.190.118 - - [03/Apr/2026:13:40:16 -0400] "POST /wp-cron.php?doing_wp_cron=1775238016.8049550056457519531250 HTTP/1.1" 406 330 "-" "WordPress/3.6.1; http://www.findingxxx.com"
74.206.190.118 - - [03/Apr/2026:13:40:16 -0400] "GET / HTTP/1.1" 200 24408 "-" "curl/7.29.0"
74.206.190.118 - - [03/Apr/2026:13:41:19 -0400] "POST /wp-cron.php?doing_wp_cron=1775238079.6227309703826904296875 HTTP/1.1" 406 330 "-" "WordPress/3.6.1; http://www.findingxxx.com"
63.34.169.56 - - [03/Apr/2026:13:41:19 -0400] "GET /wp-login.php HTTP/1.1" 200 2405 "-" "Mozilla/5.0 (Windows NT 6.1) AppleWebKit/537.36 (KHTML, like Gecko) Chrome/65.0.3325.181 Safari/537.36"
63.34.169.56 - - [03/Apr/2026:13:41:19 -0400] "POST /wp-login.php HTTP/1.1" 200 3366 "http://www.findingxxx.com/wp-login.php" "Mozilla/5.0 (Windows NT 6.1) AppleWebKit/537.36 (KHTML, like Gecko) Chrome/65.0.3325.181 Safari/537.36"
74.206.190.118 - - [03/Apr/2026:13:43:02 -0400] "POST /wp-cron.php?doing_wp_cron=1775238182.8977630138397216796875 HTTP/1.1" 406 330 "-" "WordPress/3.6.1; http://www.findingxxx.com"
184.22.16.148 - - [03/Apr/2026:13:43:02 -0400] "GET / HTTP/1.1" 301 - "-" "Python/3.14 aiohttp/3.13.3"
74.206.190.118 - - [03/Apr/2026:13:45:13 -0400] "POST /wp-cron.php?doing_wp_cron=1775238313.6609361171722412109375 HTTP/1.1" 406 330 "-" "WordPress/3.6.1; http://www.findingxxx.com"
74.206.190.118 - - [03/Apr/2026:13:45:13 -0400] "GET / HTTP/1.1" 200 24408 "-" "curl/7.29.0"
74.206.190.118 - - [03/Apr/2026:13:47:58 -0400] "POST /wp-cron.php?doing_wp_cron=1775238478.7591600418090820312500 HTTP/1.1" 406 330 "-" "WordPress/3.6.1; http://www.findingxxx.com"
43.153.76.247 - - [03/Apr/2026:13:47:58 -0400] "GET /index.php/blonde-xxx/garage-xxx-fucks.html HTTP/1.1" 200 25570 "-" "Mozilla/5.0 (iPhone; CPU iPhone OS 13_2_3 like Mac OS X) AppleWebKit/605.1.15 (KHTML, like Gecko) Version/13.0.3 Mobile/15E148 Safari/604.1"
77.74.177.118 - - [03/Apr/2026:13:48:48 -0400] "GET / HTTP/1.1" 301 - "-" "Mozilla/5.0 (Linux; arm_64; Android 12; CPH2205) AppleWebKit/537.36 (KHTML, like Gecko) Chrome/110.0.0.0 YaBrowser/23.3.3.86.00 SA/3 Mobile Safari/537.36"
77.74.177.118 - - [03/Apr/2026:13:48:49 -0400] "GET / HTTP/1.1" 200 24408 "http://findingxxx.com" "Mozilla/5.0 (Linux; arm_64; Android 12; CPH2205) AppleWebKit/537.36 (KHTML, like Gecko) Chrome/110.0.0.0 YaBrowser/23.3.3.86.00 SA/3 Mobile Safari/537.36"
74.206.190.118 - - [03/Apr/2026:13:50:14 -0400] "POST /wp-cron.php?doing_wp_cron=1775238614.8082280158996582031250 HTTP/1.1" 406 330 "-" "WordPress/3.6.1; http://www.findingxxx.com"
74.206.190.118 - - [03/Apr/2026:13:50:14 -0400] "GET / HTTP/1.1" 200 24408 "-" "curl/7.29.0"
74.206.190.118 - - [03/Apr/2026:13:52:33 -0400] "POST /wp-cron.php?doing_wp_cron=1775238753.1047840118408203125000 HTTP/1.1" 406 330 "-" "WordPress/3.6.1; http://www.findingxxx.com"
193.180.208.18 - - [03/Apr/2026:13:52:33 -0400] "GET /wp-login.php HTTP/1.1" 200 2405 "-" "Mozilla/5.0 (Macintosh; Intel Mac OS X 10_13_1) AppleWebKit/537.36 (KHTML, like Gecko) Chrome/65.0.3325.181 Safari/537.36"
193.180.208.18 - - [03/Apr/2026:13:52:33 -0400] "POST /wp-login.php HTTP/1.1" 200 3366 "http://www.findingxxx.com/wp-login.php" "Mozilla/5.0 (Macintosh; Intel Mac OS X 10_13_1) AppleWebKit/537.36 (KHTML, like Gecko) Chrome/65.0.3325.181 Safari/537.36"
74.206.190.118 - - [03/Apr/2026:13:55:13 -0400] "POST /wp-cron.php?doing_wp_cron=1775238913.2462260723114013671875 HTTP/1.1" 406 330 "-" "WordPress/3.6.1; http://www.findingxxx.com"
74.206.190.118 - - [03/Apr/2026:13:55:13 -0400] "GET / HTTP/1.1" 200 24408 "-" "curl/7.29.0"
74.206.190.118 - - [03/Apr/2026:14:00:22 -0400] "POST /wp-cron.php?doing_wp_cron=1775239222.6077609062194824218750 HTTP/1.1" 406 330 "-" "WordPress/3.6.1; http://www.findingxxx.com"
74.206.190.118 - - [03/Apr/2026:14:00:22 -0400] "GET / HTTP/1.1" 200 24408 "-" "curl/7.29.0"
74.206.190.118 - - [03/Apr/2026:14:04:11 -0400] "POST /wp-cron.php?doing_wp_cron=1775239451.0037899017333984375000 HTTP/1.1" 406 330 "-" "WordPress/3.6.1; http://www.findingxxx.com"
54.38.157.200 - - [03/Apr/2026:14:04:10 -0400] "GET /wp-login.php HTTP/1.1" 200 2405 "-" "Mozilla/5.0 (Macintosh; Intel Mac OS X 10_9_5) AppleWebKit/537.36 (KHTML, like Gecko) Chrome/65.0.3325.181 Safari/537.36"
54.38.157.200 - - [03/Apr/2026:14:04:18 -0400] "POST /wp-login.php HTTP/1.1" 200 3366 "http://www.findingxxx.com/wp-login.php" "Mozilla/5.0 (Macintosh; Intel Mac OS X 10_9_5) AppleWebKit/537.36 (KHTML, like Gecko) Chrome/65.0.3325.181 Safari/537.36"
74.206.190.118 - - [03/Apr/2026:14:05:15 -0400] "POST /wp-cron.php?doing_wp_cron=1775239515.2282099723815917968750 HTTP/1.1" 406 330 "-" "WordPress/3.6.1; http://www.findingxxx.com"
74.206.190.118 - - [03/Apr/2026:14:05:15 -0400] "GET / HTTP/1.1" 200 24408 "-" "curl/7.29.0"
74.206.190.118 - - [03/Apr/2026:14:06:59 -0400] "POST /wp-cron.php?doing_wp_cron=1775239619.7514240741729736328125 HTTP/1.1" 406 330 "-" "WordPress/3.6.1; http://www.findingxxx.com"
43.159.128.247 - - [03/Apr/2026:14:06:59 -0400] "GET /index.php/category/brunnette-xxx HTTP/1.1" 200 19842 "-" "Mozilla/5.0 (iPhone; CPU iPhone OS 13_2_3 like Mac OS X) AppleWebKit/605.1.15 (KHTML, like Gecko) Version/13.0.3 Mobile/15E148 Safari/604.1"
74.206.190.118 - - [03/Apr/2026:14:10:12 -0400] "POST /wp-cron.php?doing_wp_cron=1775239812.8053059577941894531250 HTTP/1.1" 406 330 "-" "WordPress/3.6.1; http://www.findingxxx.com"
74.206.190.118 - - [03/Apr/2026:14:10:12 -0400] "GET / HTTP/1.1" 200 24408 "-" "curl/7.29.0"
74.206.190.118 - - [03/Apr/2026:14:15:11 -0400] "POST /wp-cron.php?doing_wp_cron=1775240111.7260410785675048828125 HTTP/1.1" 406 330 "-" "WordPress/3.6.1; http://www.findingxxx.com"
74.206.190.118 - - [03/Apr/2026:14:15:11 -0400] "GET / HTTP/1.1" 200 24408 "-" "curl/7.29.0"
54.39.17.116 - - [03/Apr/2026:14:15:42 -0400] "GET /wp-login.php HTTP/1.1" 200 2405 "-" "Mozilla/5.0 (Windows NT 10.0; WOW64; Trident/7.0; Touch; MAARJS; rv:11.0) like Gecko"
54.39.17.116 - - [03/Apr/2026:14:15:43 -0400] "POST /wp-login.php HTTP/1.1" 200 3366 "http://www.findingxxx.com/wp-login.php" "Mozilla/5.0 (Windows NT 10.0; WOW64; Trident/7.0; Touch; MAARJS; rv:11.0) like Gecko"
74.206.190.118 - - [03/Apr/2026:14:18:39 -0400] "POST /wp-cron.php?doing_wp_cron=1775240319.1417191028594970703125 HTTP/1.1" 406 330 "-" "WordPress/3.6.1; http://www.findingxxx.com"
119.28.89.249 - - [03/Apr/2026:14:18:38 -0400] "GET /index.php/blonde-xxx/garage-xxx-fucks.html/feed HTTP/1.1" 200 2374 "-" "Mozilla/5.0 (iPhone; CPU iPhone OS 13_2_3 like Mac OS X) AppleWebKit/605.1.15 (KHTML, like Gecko) Version/13.0.3 Mobile/15E148 Safari/604.1"
74.206.190.118 - - [03/Apr/2026:14:20:16 -0400] "POST /wp-cron.php?doing_wp_cron=1775240416.9444909095764160156250 HTTP/1.1" 406 330 "-" "WordPress/3.6.1; http://www.findingxxx.com"
74.206.190.118 - - [03/Apr/2026:14:20:16 -0400] "GET / HTTP/1.1" 200 24408 "-" "curl/7.29.0"
74.206.190.118 - - [03/Apr/2026:14:25:16 -0400] "POST /wp-cron.php?doing_wp_cron=1775240716.1997680664062500000000 HTTP/1.1" 406 330 "-" "WordPress/3.6.1; http://www.findingxxx.com"
74.206.190.118 - - [03/Apr/2026:14:25:16 -0400] "GET / HTTP/1.1" 200 24408 "-" "curl/7.29.0"
74.206.190.118 - - [03/Apr/2026:14:27:02 -0400] "POST /wp-cron.php?doing_wp_cron=1775240822.0743849277496337890625 HTTP/1.1" 406 330 "-" "WordPress/3.6.1; http://www.findingxxx.com"
63.34.169.56 - - [03/Apr/2026:14:27:01 -0400] "GET /wp-login.php HTTP/1.1" 200 2405 "-" "Mozilla/5.0 (Windows NT 6.2; ARM; Trident/7.0; Touch; rv:11.0; WPDesktop; NOKIA; Lumia 1520) like Gecko"
63.34.169.56 - - [03/Apr/2026:14:27:02 -0400] "POST /wp-login.php HTTP/1.1" 200 3366 "http://www.findingxxx.com/wp-login.php" "Mozilla/5.0 (Windows NT 6.2; ARM; Trident/7.0; Touch; rv:11.0; WPDesktop; NOKIA; Lumia 1520) like Gecko"
74.206.190.118 - - [03/Apr/2026:14:30:09 -0400] "POST /wp-cron.php?doing_wp_cron=1775241009.4601619243621826171875 HTTP/1.1" 406 330 "-" "WordPress/3.6.1; http://www.findingxxx.com"
74.206.190.118 - - [03/Apr/2026:14:30:09 -0400] "GET / HTTP/1.1" 200 24408 "-" "curl/7.29.0"
74.206.190.118 - - [03/Apr/2026:14:35:14 -0400] "POST /wp-cron.php?doing_wp_cron=1775241314.1407699584960937500000 HTTP/1.1" 406 330 "-" "WordPress/3.6.1; http://www.findingxxx.com"
74.206.190.118 - - [03/Apr/2026:14:35:13 -0400] "GET / HTTP/1.1" 200 24408 "-" "curl/7.29.0"
74.206.190.118 - - [03/Apr/2026:14:36:29 -0400] "POST /wp-cron.php?doing_wp_cron=1775241389.4593451023101806640625 HTTP/1.1" 406 330 "-" "WordPress/3.6.1; http://www.findingxxx.com"
43.133.91.48 - - [03/Apr/2026:14:36:29 -0400] "GET /index.php/blonde-xxx/elli-fox-porn.html HTTP/1.1" 200 25392 "-" "Mozilla/5.0 (iPhone; CPU iPhone OS 13_2_3 like Mac OS X) AppleWebKit/605.1.15 (KHTML, like Gecko) Version/13.0.3 Mobile/15E148 Safari/604.1"
74.206.190.118 - - [03/Apr/2026:14:38:19 -0400] "POST /wp-cron.php?doing_wp_cron=1775241499.6588571071624755859375 HTTP/1.1" 406 330 "-" "WordPress/3.6.1; http://www.findingxxx.com"
50.6.7.129 - - [03/Apr/2026:14:38:19 -0400] "GET /wp-login.php HTTP/1.1" 200 2405 "-" "Mozilla/5.0 (Macintosh; Intel Mac OS X 10_11_6) AppleWebKit/603.3.8 (KHTML, like Gecko) Version/10.1.2 Safari/603.3.8"
74.206.190.118 - - [03/Apr/2026:14:39:33 -0400] "POST /wp-cron.php?doing_wp_cron=1775241573.7460319995880126953125 HTTP/1.1" 406 330 "-" "WordPress/3.6.1; http://www.findingxxx.com"
37.59.21.100 - - [03/Apr/2026:14:39:33 -0400] "GET /index.php/category/brunnette-xxx/feed HTTP/1.1" 200 11086 "-" "Mozilla/5.0 (X11; Linux i686) AppleWebKit/537.36 (KHTML, like Gecko) Chrome/30.0.1599.66 Safari/537.36"
74.206.190.118 - - [03/Apr/2026:14:40:19 -0400] "GET / HTTP/1.1" 200 24408 "-" "curl/7.29.0"
74.206.190.118 - - [03/Apr/2026:14:45:09 -0400] "POST /wp-cron.php?doing_wp_cron=1775241909.1967740058898925781250 HTTP/1.1" 406 330 "-" "WordPress/3.6.1; http://www.findingxxx.com"
74.206.190.118 - - [03/Apr/2026:14:45:09 -0400] "GET / HTTP/1.1" 200 24408 "-" "curl/7.29.0"
74.206.190.118 - - [03/Apr/2026:14:48:14 -0400] "POST /wp-cron.php?doing_wp_cron=1775242094.8978650569915771484375 HTTP/1.1" 406 330 "-" "WordPress/3.6.1; http://www.findingxxx.com"
43.159.128.237 - - [03/Apr/2026:14:48:14 -0400] "GET /index.php/tag/xxx HTTP/1.1" 200 22932 "-" "Mozilla/5.0 (iPhone; CPU iPhone OS 13_2_3 like Mac OS X) AppleWebKit/605.1.15 (KHTML, like Gecko) Version/13.0.3 Mobile/15E148 Safari/604.1"
74.206.190.118 - - [03/Apr/2026:14:49:49 -0400] "POST /wp-cron.php?doing_wp_cron=1775242189.8808810710906982421875 HTTP/1.1" 406 330 "-" "WordPress/3.6.1; http://www.findingxxx.com"
60.199.230.59 - - [03/Apr/2026:14:49:49 -0400] "GET /wp-login.php HTTP/1.1" 200 2405 "-" "Mozilla/5.0 (X11; Linux x86_64) AppleWebKit/537.36 (KHTML, like Gecko) Chrome/67.0.3396.62 Safari/537.36"
60.199.230.59 - - [03/Apr/2026:14:49:54 -0400] "POST /wp-login.php HTTP/1.1" 200 3366 "http://www.findingxxx.com/wp-login.php" "Mozilla/5.0 (X11; Linux x86_64) AppleWebKit/537.36 (KHTML, like Gecko) Chrome/67.0.3396.62 Safari/537.36"
74.206.190.118 - - [03/Apr/2026:14:50:10 -0400] "GET / HTTP/1.1" 200 24408 "-" "curl/7.29.0"
74.206.190.118 - - [03/Apr/2026:14:55:09 -0400] "POST /wp-cron.php?doing_wp_cron=1775242509.8469779491424560546875 HTTP/1.1" 406 330 "-" "WordPress/3.6.1; http://www.findingxxx.com"
74.206.190.118 - - [03/Apr/2026:14:55:09 -0400] "GET / HTTP/1.1" 200 24408 "-" "curl/7.29.0"
74.206.190.118 - - [03/Apr/2026:15:00:23 -0400] "POST /wp-cron.php?doing_wp_cron=1775242823.5830230712890625000000 HTTP/1.1" 406 330 "-" "WordPress/3.6.1; http://www.findingxxx.com"
74.206.190.118 - - [03/Apr/2026:15:00:23 -0400] "GET / HTTP/1.1" 200 24408 "-" "curl/7.29.0"
31.24.155.180 - - [03/Apr/2026:15:01:00 -0400] "GET /wp-login.php HTTP/1.1" 200 2405 "-" "Mozilla/5.0 (Macintosh; Intel Mac OS X 10_12_1) AppleWebKit/602.2.14 (KHTML, like Gecko) Version/10.0.1 Safari/602.2.14"
31.24.155.180 - - [03/Apr/2026:15:01:00 -0400] "POST /wp-login.php HTTP/1.1" 200 3366 "http://www.findingxxx.com/wp-login.php" "Mozilla/5.0 (Macintosh; Intel Mac OS X 10_12_1) AppleWebKit/602.2.14 (KHTML, like Gecko) Version/10.0.1 Safari/602.2.14"
74.206.190.118 - - [03/Apr/2026:15:05:10 -0400] "POST /wp-cron.php?doing_wp_cron=1775243110.3255980014801025390625 HTTP/1.1" 406 330 "-" "WordPress/3.6.1; http://www.findingxxx.com"
74.206.190.118 - - [03/Apr/2026:15:05:10 -0400] "GET / HTTP/1.1" 200 24408 "-" "curl/7.29.0"
216.73.216.49 - - [03/Apr/2026:15:05:33 -0400] "GET /robots.txt HTTP/1.1" 200 24 "-" "Mozilla/5.0 AppleWebKit/537.36 (KHTML, like Gecko; compatible; ClaudeBot/1.0; +claudebot@anthropic.com)"
74.206.190.118 - - [03/Apr/2026:15:06:24 -0400] "POST /wp-cron.php?doing_wp_cron=1775243184.7424249649047851562500 HTTP/1.1" 406 330 "-" "WordPress/3.6.1; http://www.findingxxx.com"
43.130.39.254 - - [03/Apr/2026:15:06:24 -0400] "GET /index.php/brunnette-xxx/audrianna-angel-tube.html HTTP/1.1" 200 22236 "-" "Mozilla/5.0 (iPhone; CPU iPhone OS 13_2_3 like Mac OS X) AppleWebKit/605.1.15 (KHTML, like Gecko) Version/13.0.3 Mobile/15E148 Safari/604.1"
