74.206.190.118 - - [03/Apr/2026:15:10:09 -0400] "POST /wp-cron.php?doing_wp_cron=1775243409.2788960933685302734375 HTTP/1.1" 406 330 "-" "WordPress/3.6.1; http://www.findingxxx.com"
74.206.190.118 - - [03/Apr/2026:15:10:09 -0400] "GET / HTTP/1.1" 200 24408 "-" "curl/7.29.0"
74.206.190.118 - - [03/Apr/2026:15:12:04 -0400] "POST /wp-cron.php?doing_wp_cron=1775243524.9433360099792480468750 HTTP/1.1" 406 330 "-" "WordPress/3.6.1; http://www.findingxxx.com"
45.13.190.19 - - [03/Apr/2026:15:12:04 -0400] "GET /wp-login.php HTTP/1.1" 200 2405 "-" "Mozilla/5.0 (Macintosh; Intel Mac OS X 10_10_5) AppleWebKit/602.3.12 (KHTML, like Gecko) Version/10.0.2 Safari/602.3.12"
45.13.190.19 - - [03/Apr/2026:15:12:05 -0400] "POST /wp-login.php HTTP/1.1" 200 3366 "http://www.findingxxx.com/wp-login.php" "Mozilla/5.0 (Macintosh; Intel Mac OS X 10_10_5) AppleWebKit/602.3.12 (KHTML, like Gecko) Version/10.0.2 Safari/602.3.12"
74.206.190.118 - - [03/Apr/2026:15:14:05 -0400] "POST /wp-cron.php?doing_wp_cron=1775243645.0911819934844970703125 HTTP/1.1" 406 330 "-" "WordPress/3.6.1; http://www.findingxxx.com"
184.22.16.148 - - [03/Apr/2026:15:14:05 -0400] "GET / HTTP/1.1" 301 - "-" "Python/3.14 aiohttp/3.13.3"
74.206.190.118 - - [03/Apr/2026:15:15:15 -0400] "POST /wp-cron.php?doing_wp_cron=1775243715.3436210155487060546875 HTTP/1.1" 406 330 "-" "WordPress/3.6.1; http://www.findingxxx.com"
74.206.190.118 - - [03/Apr/2026:15:15:15 -0400] "GET / HTTP/1.1" 200 24408 "-" "curl/7.29.0"
74.206.190.118 - - [03/Apr/2026:15:20:20 -0400] "POST /wp-cron.php?doing_wp_cron=1775244020.6242010593414306640625 HTTP/1.1" 406 330 "-" "WordPress/3.6.1; http://www.findingxxx.com"
74.206.190.118 - - [03/Apr/2026:15:20:20 -0400] "GET / HTTP/1.1" 200 24408 "-" "curl/7.29.0"
74.206.190.118 - - [03/Apr/2026:15:23:46 -0400] "POST /wp-cron.php?doing_wp_cron=1775244226.9272119998931884765625 HTTP/1.1" 406 330 "-" "WordPress/3.6.1; http://www.findingxxx.com"
208.115.200.114 - - [03/Apr/2026:15:23:46 -0400] "GET /wp-login.php HTTP/1.1" 200 2405 "-" "Mozilla/5.0 (X11; Linux x86_64) AppleWebKit/537.36 (KHTML, like Gecko) Chrome/67.0.3396.79 Safari/537.36"
208.115.200.114 - - [03/Apr/2026:15:23:47 -0400] "POST /wp-login.php HTTP/1.1" 200 3366 "http://www.findingxxx.com/wp-login.php" "Mozilla/5.0 (X11; Linux x86_64) AppleWebKit/537.36 (KHTML, like Gecko) Chrome/67.0.3396.79 Safari/537.36"
74.206.190.118 - - [03/Apr/2026:15:25:08 -0400] "POST /wp-cron.php?doing_wp_cron=1775244308.8383989334106445312500 HTTP/1.1" 406 330 "-" "WordPress/3.6.1; http://www.findingxxx.com"
74.206.190.118 - - [03/Apr/2026:15:25:08 -0400] "GET / HTTP/1.1" 200 24408 "-" "curl/7.29.0"
20.9.50.25 - - [03/Apr/2026:15:26:40 -0400] "GET //wp-content/plugins/fix/up.php HTTP/1.1" 404 295 "-" "Mozilla/5.0 (Windows NT 10.0; Win64; x64) AppleWebKit/537.36 (KHTML, like Gecko) Chrome/85.0.4183.102 Safari/537.36"
74.206.190.118 - - [03/Apr/2026:15:30:12 -0400] "POST /wp-cron.php?doing_wp_cron=1775244612.0308129787445068359375 HTTP/1.1" 406 330 "-" "WordPress/3.6.1; http://www.findingxxx.com"
74.206.190.118 - - [03/Apr/2026:15:30:11 -0400] "GET / HTTP/1.1" 200 24408 "-" "curl/7.29.0"
74.206.190.118 - - [03/Apr/2026:15:33:07 -0400] "POST /wp-cron.php?doing_wp_cron=1775244787.8149518966674804687500 HTTP/1.1" 406 330 "-" "WordPress/3.6.1; http://www.findingxxx.com"
182.42.110.255 - - [03/Apr/2026:15:33:07 -0400] "GET / HTTP/1.1" 200 24408 "-" "Mozilla/5.0 (iPhone; CPU iPhone OS 13_2_3 like Mac OS X) AppleWebKit/605.1.15 (KHTML, like Gecko) Version/13.0.3 Mobile/15E148 Safari/604.1"
74.206.190.118 - - [03/Apr/2026:15:35:10 -0400] "POST /wp-cron.php?doing_wp_cron=1775244910.8175659179687500000000 HTTP/1.1" 406 330 "-" "WordPress/3.6.1; http://www.findingxxx.com"
34.75.167.170 - - [03/Apr/2026:15:35:10 -0400] "GET /wp-login.php HTTP/1.1" 200 2405 "-" "Mozilla/5.0 (Macintosh; Intel Mac OS X 10_10_5) AppleWebKit/602.4.8 (KHTML, like Gecko) Version/10.0.3 Safari/602.4.8"
34.75.167.170 - - [03/Apr/2026:15:35:10 -0400] "POST /wp-login.php HTTP/1.1" 200 3366 "http://www.findingxxx.com/wp-login.php" "Mozilla/5.0 (Macintosh; Intel Mac OS X 10_10_5) AppleWebKit/602.4.8 (KHTML, like Gecko) Version/10.0.3 Safari/602.4.8"
74.206.190.118 - - [03/Apr/2026:15:35:13 -0400] "GET / HTTP/1.1" 200 24408 "-" "curl/7.29.0"
74.206.190.118 - - [03/Apr/2026:15:37:30 -0400] "POST /wp-cron.php?doing_wp_cron=1775245050.6089489459991455078125 HTTP/1.1" 406 330 "-" "WordPress/3.6.1; http://www.findingxxx.com"
184.22.16.148 - - [03/Apr/2026:15:37:30 -0400] "GET / HTTP/1.1" 301 - "-" "Python/3.14 aiohttp/3.13.3"
74.206.190.118 - - [03/Apr/2026:15:40:14 -0400] "POST /wp-cron.php?doing_wp_cron=1775245214.5123751163482666015625 HTTP/1.1" 406 330 "-" "WordPress/3.6.1; http://www.findingxxx.com"
74.206.190.118 - - [03/Apr/2026:15:40:14 -0400] "GET / HTTP/1.1" 200 24408 "-" "curl/7.29.0"
74.206.190.118 - - [03/Apr/2026:15:42:31 -0400] "POST /wp-cron.php?doing_wp_cron=1775245351.2376539707183837890625 HTTP/1.1" 406 330 "-" "WordPress/3.6.1; http://www.findingxxx.com"
37.59.21.100 - - [03/Apr/2026:15:42:31 -0400] "GET /index.php/category/young-xxx/feed HTTP/1.1" 200 4632 "-" "Mozilla/5.0 (X11; Linux i686) AppleWebKit/537.36 (KHTML, like Gecko) Chrome/30.0.1599.66 Safari/537.36"
74.206.190.118 - - [03/Apr/2026:15:45:09 -0400] "POST /wp-cron.php?doing_wp_cron=1775245509.6260590553283691406250 HTTP/1.1" 406 330 "-" "WordPress/3.6.1; http://www.findingxxx.com"
74.206.190.118 - - [03/Apr/2026:15:45:09 -0400] "GET / HTTP/1.1" 200 24408 "-" "curl/7.29.0"
74.206.190.118 - - [03/Apr/2026:15:46:30 -0400] "POST /wp-cron.php?doing_wp_cron=1775245590.4504969120025634765625 HTTP/1.1" 406 330 "-" "WordPress/3.6.1; http://www.findingxxx.com"
15.161.25.29 - - [03/Apr/2026:15:46:30 -0400] "GET /wp-login.php HTTP/1.1" 200 2405 "-" "Mozilla/5.0 (Windows NT 6.1; Trident/7.0; MDDRJS; rv:11.0) like Gecko"
15.161.25.29 - - [03/Apr/2026:15:46:30 -0400] "POST /wp-login.php HTTP/1.1" 200 3366 "http://www.findingxxx.com/wp-login.php" "Mozilla/5.0 (Windows NT 6.1; Trident/7.0; MDDRJS; rv:11.0) like Gecko"
20.104.201.101 - - [03/Apr/2026:15:47:58 -0400] "GET /wp-content/plugins/hellopress/wp_filemanager.php HTTP/1.1" 404 310 "-" "-"
20.104.201.101 - - [03/Apr/2026:15:47:59 -0400] "GET /txets.php HTTP/1.1" 404 271 "-" "-"
20.104.201.101 - - [03/Apr/2026:15:47:59 -0400] "GET /7logs.php HTTP/1.1" 404 271 "-" "-"
20.104.201.101 - - [03/Apr/2026:15:47:59 -0400] "GET /css/xp.php HTTP/1.1" 404 272 "-" "-"
74.206.190.118 - - [03/Apr/2026:15:47:59 -0400] "POST /wp-cron.php?doing_wp_cron=1775245679.2404320240020751953125 HTTP/1.1" 406 330 "-" "WordPress/3.6.1; http://www.findingxxx.com"
20.104.201.101 - - [03/Apr/2026:15:47:59 -0400] "GET /wp-admin/network/admin.php HTTP/1.1" 302 - "-" "-"
20.104.201.101 - - [03/Apr/2026:15:48:10 -0400] "GET /chosen.php HTTP/1.1" 404 272 "-" "-"
20.104.201.101 - - [03/Apr/2026:15:48:10 -0400] "GET /pp.php HTTP/1.1" 404 268 "-" "-"
20.104.201.101 - - [03/Apr/2026:15:48:10 -0400] "GET /wp-includes/ID3/rk2.php HTTP/1.1" 404 285 "-" "-"
20.104.201.101 - - [03/Apr/2026:15:48:10 -0400] "GET /gfile.php HTTP/1.1" 404 271 "-" "-"
20.104.201.101 - - [03/Apr/2026:15:48:10 -0400] "GET /a2.php HTTP/1.1" 404 268 "-" "-"
20.104.201.101 - - [03/Apr/2026:15:48:10 -0400] "GET /sys.php HTTP/1.1" 404 269 "-" "-"
20.104.201.101 - - [03/Apr/2026:15:48:10 -0400] "GET /path.php HTTP/1.1" 404 270 "-" "-"
20.104.201.101 - - [03/Apr/2026:15:48:10 -0400] "GET /wp-tem.php HTTP/1.1" 404 272 "-" "-"
20.104.201.101 - - [03/Apr/2026:15:48:10 -0400] "GET /mga.php HTTP/1.1" 404 269 "-" "-"
20.104.201.101 - - [03/Apr/2026:15:48:11 -0400] "GET /agg.php HTTP/1.1" 404 269 "-" "-"
20.104.201.101 - - [03/Apr/2026:15:48:11 -0400] "GET /G-In.php HTTP/1.1" 404 270 "-" "-"
20.104.201.101 - - [03/Apr/2026:15:48:11 -0400] "GET /edit.php HTTP/1.1" 404 270 "-" "-"
20.104.201.101 - - [03/Apr/2026:15:48:11 -0400] "GET /ioxi-o.php HTTP/1.1" 404 272 "-" "-"
20.104.201.101 - - [03/Apr/2026:15:48:11 -0400] "GET /wp-content/admin.php HTTP/1.1" 404 282 "-" "-"
20.104.201.101 - - [03/Apr/2026:15:48:11 -0400] "GET /66.php HTTP/1.1" 404 268 "-" "-"
20.104.201.101 - - [03/Apr/2026:15:48:11 -0400] "GET /wp-includes/assets/index.php HTTP/1.1" 404 290 "-" "-"
20.104.201.101 - - [03/Apr/2026:15:48:11 -0400] "GET /assets/css/index.php HTTP/1.1" 404 282 "-" "-"
20.104.201.101 - - [03/Apr/2026:15:48:11 -0400] "GET /alfa.php HTTP/1.1" 404 270 "-" "-"
20.104.201.101 - - [03/Apr/2026:15:48:11 -0400] "GET /fm.php HTTP/1.1" 404 268 "-" "-"
20.104.201.101 - - [03/Apr/2026:15:48:11 -0400] "GET /admin.php HTTP/1.1" 404 271 "-" "-"
20.104.201.101 - - [03/Apr/2026:15:48:11 -0400] "GET /wp-admin/css/colors/blue/index.php HTTP/1.1" 404 296 "-" "-"
20.104.201.101 - - [03/Apr/2026:15:48:11 -0400] "GET /bjfl.php HTTP/1.1" 404 270 "-" "-"
20.104.201.101 - - [03/Apr/2026:15:48:11 -0400] "GET /ad1.php HTTP/1.1" 404 269 "-" "-"
20.104.201.101 - - [03/Apr/2026:15:48:11 -0400] "GET /nz.php HTTP/1.1" 404 268 "-" "-"
20.104.201.101 - - [03/Apr/2026:15:48:12 -0400] "GET /inwp.php HTTP/1.1" 404 270 "-" "-"
20.104.201.101 - - [03/Apr/2026:15:48:12 -0400] "GET /X7T6.php HTTP/1.1" 404 270 "-" "-"
20.104.201.101 - - [03/Apr/2026:15:48:12 -0400] "GET /p.php HTTP/1.1" 404 267 "-" "-"
20.104.201.101 - - [03/Apr/2026:15:48:12 -0400] "GET /Rk41.php HTTP/1.1" 404 270 "-" "-"
20.104.201.101 - - [03/Apr/2026:15:48:12 -0400] "GET /fgd.php HTTP/1.1" 404 269 "-" "-"
20.104.201.101 - - [03/Apr/2026:15:48:12 -0400] "GET /wp-mail.php/wp-includes/admin.php HTTP/1.1" 500 4193 "-" "-"
20.104.201.101 - - [03/Apr/2026:15:48:12 -0400] "GET /wp-admin/user/content.php HTTP/1.1" 404 287 "-" "-"
20.104.201.101 - - [03/Apr/2026:15:48:12 -0400] "GET /wp-content/plugins/wp.php HTTP/1.1" 403 291 "-" "-"
20.104.201.101 - - [03/Apr/2026:15:48:12 -0400] "GET /wp-includes/Text/wp-conflg.php HTTP/1.1" 404 292 "-" "-"
20.104.201.101 - - [03/Apr/2026:15:48:12 -0400] "GET /wp-content/plugin.php HTTP/1.1" 404 283 "-" "-"
20.104.201.101 - - [03/Apr/2026:15:48:12 -0400] "GET /wp-admin/network/chosen.php HTTP/1.1" 404 289 "-" "-"
20.104.201.101 - - [03/Apr/2026:15:48:12 -0400] "GET /wp-includes/images/chosen.php HTTP/1.1" 404 291 "-" "-"
20.104.201.101 - - [03/Apr/2026:15:48:12 -0400] "GET /inputs.php HTTP/1.1" 404 272 "-" "-"
20.104.201.101 - - [03/Apr/2026:15:48:12 -0400] "GET /css.php HTTP/1.1" 404 269 "-" "-"
20.104.201.101 - - [03/Apr/2026:15:48:12 -0400] "GET /lock.php HTTP/1.1" 404 270 "-" "-"
20.104.201.101 - - [03/Apr/2026:15:48:12 -0400] "GET /wp-admin/wp-admin.php HTTP/1.1" 404 283 "-" "-"
20.104.201.101 - - [03/Apr/2026:15:48:12 -0400] "GET /byp.php HTTP/1.1" 404 269 "-" "-"
20.104.201.101 - - [03/Apr/2026:15:48:12 -0400] "GET /wp-admin/includes/install.php HTTP/1.1" 404 291 "-" "-"
20.104.201.101 - - [03/Apr/2026:15:48:13 -0400] "GET /admin/ty.php HTTP/1.1" 404 274 "-" "-"
20.104.201.101 - - [03/Apr/2026:15:48:13 -0400] "GET /wp-admin/upgrade.php HTTP/1.1" 200 949 "-" "-"
20.104.201.101 - - [03/Apr/2026:15:48:13 -0400] "GET /wp-admin/media.php HTTP/1.1" 302 - "-" "-"
20.104.201.101 - - [03/Apr/2026:15:48:24 -0400] "GET /about.php HTTP/1.1" 404 271 "-" "-"
20.104.201.101 - - [03/Apr/2026:15:48:24 -0400] "GET /shell.php HTTP/1.1" 404 271 "-" "-"
20.104.201.101 - - [03/Apr/2026:15:48:24 -0400] "GET /index/lock.php HTTP/1.1" 404 276 "-" "-"
20.104.201.101 - - [03/Apr/2026:15:48:24 -0400] "GET /file.php HTTP/1.1" 404 270 "-" "-"
20.104.201.101 - - [03/Apr/2026:15:48:24 -0400] "GET /assets/edit.php HTTP/1.1" 404 277 "-" "-"
20.104.201.101 - - [03/Apr/2026:15:48:24 -0400] "GET /wp-admin/user/chosen.php HTTP/1.1" 404 286 "-" "-"
20.104.201.101 - - [03/Apr/2026:15:48:24 -0400] "GET /themes.php HTTP/1.1" 404 272 "-" "-"
20.104.201.101 - - [03/Apr/2026:15:48:24 -0400] "GET /wp-includes/assets/themes.php HTTP/1.1" 404 291 "-" "-"
20.104.201.101 - - [03/Apr/2026:15:48:24 -0400] "GET /403.php HTTP/1.1" 404 269 "-" "-"
20.104.201.101 - - [03/Apr/2026:15:48:25 -0400] "GET /plugin.php HTTP/1.1" 404 272 "-" "-"
20.104.201.101 - - [03/Apr/2026:15:48:25 -0400] "GET /wp-includes/Text/wp.php HTTP/1.1" 404 285 "-" "-"
20.104.201.101 - - [03/Apr/2026:15:48:25 -0400] "GET /network.php HTTP/1.1" 404 273 "-" "-"
20.104.201.101 - - [03/Apr/2026:15:48:25 -0400] "GET /css/index.php HTTP/1.1" 404 275 "-" "-"
20.104.201.101 - - [03/Apr/2026:15:48:25 -0400] "GET /user.php HTTP/1.1" 404 270 "-" "-"
20.104.201.101 - - [03/Apr/2026:15:48:25 -0400] "GET /wp-admin/js/about.php HTTP/1.1" 404 283 "-" "-"
20.104.201.101 - - [03/Apr/2026:15:48:25 -0400] "GET /wp-admin/images/index.php HTTP/1.1" 404 287 "-" "-"
20.104.201.101 - - [03/Apr/2026:15:48:25 -0400] "GET /wp-content/plugins/index.php?p= HTTP/1.1" 200 - "-" "-"
20.104.201.101 - - [03/Apr/2026:15:48:25 -0400] "GET /wp-mail.php/wp-includes/ID3/rk2.php HTTP/1.1" 500 4144 "-" "-"
20.104.201.101 - - [03/Apr/2026:15:48:25 -0400] "GET /wp-content/upgrade-temp-backup/wp-login.php HTTP/1.1" 404 305 "-" "-"
20.104.201.101 - - [03/Apr/2026:15:48:25 -0400] "GET /wp-admin/css/colors/index.php HTTP/1.1" 404 291 "-" "-"
20.104.201.101 - - [03/Apr/2026:15:48:25 -0400] "GET /wp-includes/SimplePie/about.php HTTP/1.1" 404 293 "-" "-"
20.104.201.101 - - [03/Apr/2026:15:48:25 -0400] "GET /abcd.php HTTP/1.1" 404 270 "-" "-"
20.104.201.101 - - [03/Apr/2026:15:48:25 -0400] "GET /fi.php HTTP/1.1" 404 268 "-" "-"
20.104.201.101 - - [03/Apr/2026:15:48:25 -0400] "GET /class-t.api.php HTTP/1.1" 404 277 "-" "-"
20.104.201.101 - - [03/Apr/2026:15:48:25 -0400] "GET /wp9.php HTTP/1.1" 404 269 "-" "-"
20.104.201.101 - - [03/Apr/2026:15:48:25 -0400] "GET /file59.php HTTP/1.1" 404 272 "-" "-"
20.104.201.101 - - [03/Apr/2026:15:48:26 -0400] "GET /file.php? HTTP/1.1" 404 270 "-" "-"
20.104.201.101 - - [03/Apr/2026:15:48:26 -0400] "GET /wp-admin/images/users.php HTTP/1.1" 404 287 "-" "-"
20.104.201.101 - - [03/Apr/2026:15:48:26 -0400] "GET /wp-admin/includes/index.php HTTP/1.1" 404 289 "-" "-"
20.104.201.101 - - [03/Apr/2026:15:48:26 -0400] "GET /wp-includes/js/wp-login.php HTTP/1.1" 404 289 "-" "-"
20.104.201.101 - - [03/Apr/2026:15:48:26 -0400] "GET /default.php HTTP/1.1" 404 273 "-" "-"
20.104.201.101 - - [03/Apr/2026:15:48:26 -0400] "GET /js/fm.php HTTP/1.1" 404 271 "-" "-"
20.104.201.101 - - [03/Apr/2026:15:48:26 -0400] "GET /wp-includes/Text/network.php HTTP/1.1" 404 290 "-" "-"
20.104.201.101 - - [03/Apr/2026:15:48:26 -0400] "GET /info.php HTTP/1.1" 404 270 "-" "-"
20.104.201.101 - - [03/Apr/2026:15:48:26 -0400] "GET /wordpress/wp-includes/wp-config-sample.php HTTP/1.1" 404 304 "-" "-"
20.104.201.101 - - [03/Apr/2026:15:48:26 -0400] "GET /images/cjfuns.php HTTP/1.1" 404 279 "-" "-"
20.104.201.101 - - [03/Apr/2026:15:48:26 -0400] "GET /js/style.php HTTP/1.1" 404 274 "-" "-"
20.104.201.101 - - [03/Apr/2026:15:48:26 -0400] "GET /index/x.php HTTP/1.1" 404 273 "-" "-"
20.104.201.101 - - [03/Apr/2026:15:48:26 -0400] "GET /wp-content/languages/chosen.php HTTP/1.1" 404 293 "-" "-"
20.104.201.101 - - [03/Apr/2026:15:48:26 -0400] "GET /wp-content/themes/classic/inc/json.php HTTP/1.1" 404 300 "-" "-"
20.104.201.101 - - [03/Apr/2026:15:48:26 -0400] "GET /wp-mail.php/wp-includes/ID3/Core32.php HTTP/1.1" 500 4144 "-" "-"
20.104.201.101 - - [03/Apr/2026:15:48:26 -0400] "GET /wp-includes/sitemaps/providers/index.php HTTP/1.1" 404 302 "-" "-"
20.104.201.101 - - [03/Apr/2026:15:48:26 -0400] "GET /uploads/test.php HTTP/1.1" 404 278 "-" "-"
20.104.201.101 - - [03/Apr/2026:15:48:26 -0400] "GET /wp-includes/fonts/about.php HTTP/1.1" 404 289 "-" "-"
20.104.201.101 - - [03/Apr/2026:15:48:26 -0400] "GET /1.php HTTP/1.1" 404 267 "-" "-"
20.104.201.101 - - [03/Apr/2026:15:48:27 -0400] "GET /cgi-bin/about.php HTTP/1.1" 404 279 "-" "-"
20.104.201.101 - - [03/Apr/2026:15:48:27 -0400] "GET /wp-includes/style-engine/wp-login.php HTTP/1.1" 404 299 "-" "-"
20.104.201.101 - - [03/Apr/2026:15:48:27 -0400] "GET /wp-includes/images/about.php HTTP/1.1" 404 290 "-" "-"
20.104.201.101 - - [03/Apr/2026:15:48:27 -0400] "GET /wp-content/upgrade-temp-backup/about.php HTTP/1.1" 404 302 "-" "-"
20.104.201.101 - - [03/Apr/2026:15:48:27 -0400] "GET /wp-admin/wp-conflg.php HTTP/1.1" 404 284 "-" "-"
74.206.190.118 - - [03/Apr/2026:15:50:09 -0400] "POST /wp-cron.php?doing_wp_cron=1775245809.5790960788726806640625 HTTP/1.1" 406 330 "-" "WordPress/3.6.1; http://www.findingxxx.com"
74.206.190.118 - - [03/Apr/2026:15:50:09 -0400] "GET / HTTP/1.1" 200 24408 "-" "curl/7.29.0"
74.206.190.118 - - [03/Apr/2026:15:52:18 -0400] "POST /wp-cron.php?doing_wp_cron=1775245938.2521619796752929687500 HTTP/1.1" 406 330 "-" "WordPress/3.6.1; http://www.findingxxx.com"
37.59.21.100 - - [03/Apr/2026:15:52:18 -0400] "GET /index.php/tag/teen-porn/feed HTTP/1.1" 200 4464 "-" "Mozilla/5.0 (X11; Linux i686) AppleWebKit/537.36 (KHTML, like Gecko) Chrome/30.0.1599.66 Safari/537.36"
74.206.190.118 - - [03/Apr/2026:15:55:08 -0400] "POST /wp-cron.php?doing_wp_cron=1775246108.7455730438232421875000 HTTP/1.1" 406 330 "-" "WordPress/3.6.1; http://www.findingxxx.com"
74.206.190.118 - - [03/Apr/2026:15:55:08 -0400] "GET / HTTP/1.1" 200 24408 "-" "curl/7.29.0"
74.206.190.118 - - [03/Apr/2026:15:57:22 -0400] "POST /wp-cron.php?doing_wp_cron=1775246242.7250750064849853515625 HTTP/1.1" 406 330 "-" "WordPress/3.6.1; http://www.findingxxx.com"
60.199.230.59 - - [03/Apr/2026:15:57:22 -0400] "GET /wp-login.php HTTP/1.1" 200 2405 "-" "Mozilla/5.0 (X11; Ubuntu; Linux x86_64; rv:60.0) Gecko/20100101 Firefox/60.0"
60.199.230.59 - - [03/Apr/2026:15:57:27 -0400] "POST /wp-login.php HTTP/1.1" 200 3366 "http://www.findingxxx.com/wp-login.php" "Mozilla/5.0 (X11; Ubuntu; Linux x86_64; rv:60.0) Gecko/20100101 Firefox/60.0"
4.204.222.235 - - [03/Apr/2026:15:59:01 -0400] "GET //wp-content/plugins/fix/up.php HTTP/1.1" 404 291 "-" "Mozilla/5.0 (Windows NT 10.0; Win64; x64) AppleWebKit/537.36 (KHTML, like Gecko) Chrome/85.0.4183.102 Safari/537.36"
4.204.222.235 - - [03/Apr/2026:15:59:23 -0400] "GET //wp-content/plugins/fix/up.php HTTP/1.1" 404 295 "-" "Mozilla/5.0 (Windows NT 10.0; Win64; x64) AppleWebKit/537.36 (KHTML, like Gecko) Chrome/85.0.4183.102 Safari/537.36"
74.206.190.118 - - [03/Apr/2026:16:00:17 -0400] "POST /wp-cron.php?doing_wp_cron=1775246417.6612679958343505859375 HTTP/1.1" 406 330 "-" "WordPress/3.6.1; http://www.findingxxx.com"
74.206.190.118 - - [03/Apr/2026:16:00:17 -0400] "GET / HTTP/1.1" 200 24408 "-" "curl/7.29.0"
74.206.190.118 - - [03/Apr/2026:16:05:12 -0400] "POST /wp-cron.php?doing_wp_cron=1775246712.5827460289001464843750 HTTP/1.1" 406 330 "-" "WordPress/3.6.1; http://www.findingxxx.com"
74.206.190.118 - - [03/Apr/2026:16:05:12 -0400] "GET / HTTP/1.1" 200 24408 "-" "curl/7.29.0"
74.206.190.118 - - [03/Apr/2026:16:08:16 -0400] "POST /wp-cron.php?doing_wp_cron=1775246896.6297650337219238281250 HTTP/1.1" 406 330 "-" "WordPress/3.6.1; http://www.findingxxx.com"
203.201.164.142 - - [03/Apr/2026:16:08:16 -0400] "GET /wp-login.php HTTP/1.1" 200 2405 "-" "Mozilla/5.0 (X11; Linux x86_64; rv:61.0) Gecko/20100101 Firefox/61.0"
203.201.164.142 - - [03/Apr/2026:16:08:18 -0400] "POST /wp-login.php HTTP/1.1" 200 3366 "http://www.findingxxx.com/wp-login.php" "Mozilla/5.0 (X11; Linux x86_64; rv:61.0) Gecko/20100101 Firefox/61.0"
74.206.190.118 - - [03/Apr/2026:16:10:09 -0400] "POST /wp-cron.php?doing_wp_cron=1775247009.0312530994415283203125 HTTP/1.1" 406 330 "-" "WordPress/3.6.1; http://www.findingxxx.com"
74.206.190.118 - - [03/Apr/2026:16:10:08 -0400] "GET / HTTP/1.1" 200 24408 "-" "curl/7.29.0"
17.22.253.121 - - [03/Apr/2026:16:11:53 -0400] "GET /robots.txt HTTP/1.1" 200 24 "-" "Mozilla/5.0 (Macintosh; Intel Mac OS X 10_15_7) AppleWebKit/605.1.15 (KHTML, like Gecko) Version/17.4 Safari/605.1.15 (Applebot/0.1; +http://www.apple.com/go/applebot)"
74.206.190.118 - - [03/Apr/2026:16:11:54 -0400] "POST /wp-cron.php?doing_wp_cron=1775247114.9625070095062255859375 HTTP/1.1" 406 330 "-" "WordPress/3.6.1; http://www.findingxxx.com"
17.22.253.121 - - [03/Apr/2026:16:11:54 -0400] "GET /index.php/tag/teen-porn/feed HTTP/1.1" 200 4464 "-" "Mozilla/5.0 (Macintosh; Intel Mac OS X 10_15_7) AppleWebKit/605.1.15 (KHTML, like Gecko) Version/17.4 Safari/605.1.15 (Applebot/0.1; +http://www.apple.com/go/applebot)"
74.206.190.118 - - [03/Apr/2026:16:15:09 -0400] "POST /wp-cron.php?doing_wp_cron=1775247309.3623709678649902343750 HTTP/1.1" 406 330 "-" "WordPress/3.6.1; http://www.findingxxx.com"
74.206.190.118 - - [03/Apr/2026:16:15:09 -0400] "GET / HTTP/1.1" 200 24408 "-" "curl/7.29.0"
74.206.190.118 - - [03/Apr/2026:16:19:42 -0400] "POST /wp-cron.php?doing_wp_cron=1775247582.4580121040344238281250 HTTP/1.1" 406 330 "-" "WordPress/3.6.1; http://www.findingxxx.com"
208.109.188.137 - - [03/Apr/2026:16:19:42 -0400] "GET /wp-login.php HTTP/1.1" 200 2405 "-" "Mozilla/5.0 (Macintosh; Intel Mac OS X 10.13; rv:60.0) Gecko/20100101 Firefox/60.0"
208.109.188.137 - - [03/Apr/2026:16:19:42 -0400] "POST /wp-login.php HTTP/1.1" 200 3366 "http://www.findingxxx.com/wp-login.php" "Mozilla/5.0 (Macintosh; Intel Mac OS X 10.13; rv:60.0) Gecko/20100101 Firefox/60.0"
74.206.190.118 - - [03/Apr/2026:16:20:12 -0400] "GET / HTTP/1.1" 200 24408 "-" "curl/7.29.0"
74.206.190.118 - - [03/Apr/2026:16:25:09 -0400] "POST /wp-cron.php?doing_wp_cron=1775247909.5210928916931152343750 HTTP/1.1" 406 330 "-" "WordPress/3.6.1; http://www.findingxxx.com"
74.206.190.118 - - [03/Apr/2026:16:25:09 -0400] "GET / HTTP/1.1" 200 24408 "-" "curl/7.29.0"
74.206.190.118 - - [03/Apr/2026:16:30:14 -0400] "POST /wp-cron.php?doing_wp_cron=1775248214.2028350830078125000000 HTTP/1.1" 406 330 "-" "WordPress/3.6.1; http://www.findingxxx.com"
74.206.190.118 - - [03/Apr/2026:16:30:14 -0400] "GET / HTTP/1.1" 200 24408 "-" "curl/7.29.0"
74.206.190.118 - - [03/Apr/2026:16:35:21 -0400] "POST /wp-cron.php?doing_wp_cron=1775248521.2383780479431152343750 HTTP/1.1" 406 330 "-" "WordPress/3.6.1; http://www.findingxxx.com"
74.206.190.118 - - [03/Apr/2026:16:35:21 -0400] "GET / HTTP/1.1" 200 24408 "-" "curl/7.29.0"
74.206.190.118 - - [03/Apr/2026:16:40:28 -0400] "POST /wp-cron.php?doing_wp_cron=1775248828.1705510616302490234375 HTTP/1.1" 406 330 "-" "WordPress/3.6.1; http://www.findingxxx.com"
74.206.190.118 - - [03/Apr/2026:16:40:28 -0400] "GET / HTTP/1.1" 200 24408 "-" "curl/7.29.0"
20.9.50.25 - - [03/Apr/2026:16:40:51 -0400] "GET //wp-content/plugins/fix/up.php HTTP/1.1" 404 291 "-" "Mozilla/5.0 (Windows NT 10.0; Win64; x64) AppleWebKit/537.36 (KHTML, like Gecko) Chrome/85.0.4183.102 Safari/537.36"
74.206.190.118 - - [03/Apr/2026:16:42:24 -0400] "POST /wp-cron.php?doing_wp_cron=1775248944.2444860935211181640625 HTTP/1.1" 406 330 "-" "WordPress/3.6.1; http://www.findingxxx.com"
34.151.106.13 - - [03/Apr/2026:16:42:24 -0400] "GET /wp-login.php HTTP/1.1" 200 2405 "-" "Mozilla/5.0 (Macintosh; Intel Mac OS X 10_13_5) AppleWebKit/537.36 (KHTML, like Gecko) Chrome/66.0.3359.181 Safari/537.36"
34.151.106.13 - - [03/Apr/2026:16:42:25 -0400] "POST /wp-login.php HTTP/1.1" 200 3366 "http://www.findingxxx.com/wp-login.php" "Mozilla/5.0 (Macintosh; Intel Mac OS X 10_13_5) AppleWebKit/537.36 (KHTML, like Gecko) Chrome/66.0.3359.181 Safari/537.36"
4.204.222.235 - - [03/Apr/2026:16:45:08 -0400] "GET //wp-content/plugins/fix/up.php HTTP/1.1" 404 291 "-" "Mozilla/5.0 (Windows NT 10.0; Win64; x64) AppleWebKit/537.36 (KHTML, like Gecko) Chrome/85.0.4183.102 Safari/537.36"
74.206.190.118 - - [03/Apr/2026:16:45:11 -0400] "POST /wp-cron.php?doing_wp_cron=1775249111.9785690307617187500000 HTTP/1.1" 406 330 "-" "WordPress/3.6.1; http://www.findingxxx.com"
74.206.190.118 - - [03/Apr/2026:16:45:11 -0400] "GET / HTTP/1.1" 200 24408 "-" "curl/7.29.0"
20.9.50.25 - - [03/Apr/2026:16:48:08 -0400] "GET //wp-content/plugins/fix/up.php HTTP/1.1" 404 291 "-" "Mozilla/5.0 (Windows NT 10.0; Win64; x64) AppleWebKit/537.36 (KHTML, like Gecko) Chrome/85.0.4183.102 Safari/537.36"
74.206.190.118 - - [03/Apr/2026:16:50:09 -0400] "POST /wp-cron.php?doing_wp_cron=1775249409.7066841125488281250000 HTTP/1.1" 406 330 "-" "WordPress/3.6.1; http://www.findingxxx.com"
74.206.190.118 - - [03/Apr/2026:16:50:09 -0400] "GET / HTTP/1.1" 200 24408 "-" "curl/7.29.0"
74.206.190.118 - - [03/Apr/2026:16:53:37 -0400] "POST /wp-cron.php?doing_wp_cron=1775249617.6390469074249267578125 HTTP/1.1" 406 330 "-" "WordPress/3.6.1; http://www.findingxxx.com"
145.239.232.4 - - [03/Apr/2026:16:53:37 -0400] "GET /wp-login.php HTTP/1.1" 200 2405 "-" "Mozilla/5.0 (Windows NT 6.2; ARM; Trident/7.0; Touch; rv:11.0; WPDesktop; NOKIA; Lumia 530) like Gecko"
145.239.232.4 - - [03/Apr/2026:16:53:37 -0400] "POST /wp-login.php HTTP/1.1" 200 3366 "http://www.findingxxx.com/wp-login.php" "Mozilla/5.0 (Windows NT 6.2; ARM; Trident/7.0; Touch; rv:11.0; WPDesktop; NOKIA; Lumia 530) like Gecko"
74.206.190.118 - - [03/Apr/2026:16:55:10 -0400] "POST /wp-cron.php?doing_wp_cron=1775249710.7434909343719482421875 HTTP/1.1" 406 330 "-" "WordPress/3.6.1; http://www.findingxxx.com"
74.206.190.118 - - [03/Apr/2026:16:55:10 -0400] "GET / HTTP/1.1" 200 24408 "-" "curl/7.29.0"
207.46.13.229 - - [03/Apr/2026:16:56:02 -0400] "GET /robots.txt HTTP/1.1" 200 24 "-" "Mozilla/5.0 AppleWebKit/537.36 (KHTML, like Gecko; compatible; bingbot/2.0; +http://www.bing.com/bingbot.htm) Chrome/116.0.1938.76 Safari/537.36"
40.77.167.47 - - [03/Apr/2026:16:56:07 -0400] "GET /index.php/young-xxx/hailey-young-xxx.html HTTP/1.1" 200 18160 "-" "Mozilla/5.0 AppleWebKit/537.36 (KHTML, like Gecko; compatible; bingbot/2.0; +http://www.bing.com/bingbot.htm) Chrome/116.0.1938.76 Safari/537.36"
20.9.50.25 - - [03/Apr/2026:16:59:22 -0400] "GET //wp-content/plugins/fix/up.php HTTP/1.1" 404 295 "-" "Mozilla/5.0 (Windows NT 10.0; Win64; x64) AppleWebKit/537.36 (KHTML, like Gecko) Chrome/85.0.4183.102 Safari/537.36"
20.9.50.25 - - [03/Apr/2026:16:59:43 -0400] "GET //wp-content/plugins/fix/up.php HTTP/1.1" 404 295 "-" "Mozilla/5.0 (Windows NT 10.0; Win64; x64) AppleWebKit/537.36 (KHTML, like Gecko) Chrome/85.0.4183.102 Safari/537.36"
74.206.190.118 - - [03/Apr/2026:17:00:22 -0400] "POST /wp-cron.php?doing_wp_cron=1775250022.7983050346374511718750 HTTP/1.1" 406 330 "-" "WordPress/3.6.1; http://www.findingxxx.com"
74.206.190.118 - - [03/Apr/2026:17:00:22 -0400] "GET / HTTP/1.1" 200 24408 "-" "curl/7.29.0"
74.206.190.118 - - [03/Apr/2026:17:05:03 -0400] "POST /wp-cron.php?doing_wp_cron=1775250303.3908278942108154296875 HTTP/1.1" 406 330 "-" "WordPress/3.6.1; http://www.findingxxx.com"
98.70.2.27 - - [03/Apr/2026:17:05:03 -0400] "GET /wp-login.php HTTP/1.1" 200 2405 "-" "Mozilla/5.0 (Windows NT 6.1; WOW64; Trident/7.0; MATBJS; rv:11.0) like Gecko"
98.70.2.27 - - [03/Apr/2026:17:05:06 -0400] "POST /wp-login.php HTTP/1.1" 200 3366 "http://www.findingxxx.com/wp-login.php" "Mozilla/5.0 (Windows NT 6.1; WOW64; Trident/7.0; MATBJS; rv:11.0) like Gecko"
74.206.190.118 - - [03/Apr/2026:17:05:09 -0400] "GET / HTTP/1.1" 200 24408 "-" "curl/7.29.0"
74.206.190.118 - - [03/Apr/2026:17:10:09 -0400] "POST /wp-cron.php?doing_wp_cron=1775250609.2338819503784179687500 HTTP/1.1" 406 330 "-" "WordPress/3.6.1; http://www.findingxxx.com"
74.206.190.118 - - [03/Apr/2026:17:10:09 -0400] "GET / HTTP/1.1" 200 24408 "-" "curl/7.29.0"
74.206.190.118 - - [03/Apr/2026:17:15:10 -0400] "POST /wp-cron.php?doing_wp_cron=1775250910.2840280532836914062500 HTTP/1.1" 406 330 "-" "WordPress/3.6.1; http://www.findingxxx.com"
74.206.190.118 - - [03/Apr/2026:17:15:10 -0400] "GET / HTTP/1.1" 200 24408 "-" "curl/7.29.0"
74.206.190.118 - - [03/Apr/2026:17:16:11 -0400] "POST /wp-cron.php?doing_wp_cron=1775250971.5852119922637939453125 HTTP/1.1" 406 330 "-" "WordPress/3.6.1; http://www.findingxxx.com"
159.198.76.140 - - [03/Apr/2026:17:16:11 -0400] "GET /wp-login.php HTTP/1.1" 200 2405 "-" "Mozilla/5.0 (Windows NT 10.0) AppleWebKit/537.36 (KHTML, like Gecko) Chrome/66.0.3359.117 Safari/537.36"
159.198.76.140 - - [03/Apr/2026:17:16:11 -0400] "POST /wp-login.php HTTP/1.1" 200 3366 "http://www.findingxxx.com/wp-login.php" "Mozilla/5.0 (Windows NT 10.0) AppleWebKit/537.36 (KHTML, like Gecko) Chrome/66.0.3359.117 Safari/537.36"
74.206.190.118 - - [03/Apr/2026:17:20:22 -0400] "POST /wp-cron.php?doing_wp_cron=1775251222.4451949596405029296875 HTTP/1.1" 406 330 "-" "WordPress/3.6.1; http://www.findingxxx.com"
74.206.190.118 - - [03/Apr/2026:17:20:22 -0400] "GET / HTTP/1.1" 200 24408 "-" "curl/7.29.0"
74.206.190.118 - - [03/Apr/2026:17:25:10 -0400] "POST /wp-cron.php?doing_wp_cron=1775251510.0720551013946533203125 HTTP/1.1" 406 330 "-" "WordPress/3.6.1; http://www.findingxxx.com"
74.206.190.118 - - [03/Apr/2026:17:25:09 -0400] "GET / HTTP/1.1" 200 24408 "-" "curl/7.29.0"
74.206.190.118 - - [03/Apr/2026:17:27:42 -0400] "POST /wp-cron.php?doing_wp_cron=1775251662.4064800739288330078125 HTTP/1.1" 406 330 "-" "WordPress/3.6.1; http://www.findingxxx.com"
202.131.4.18 - - [03/Apr/2026:17:27:42 -0400] "GET /wp-login.php HTTP/1.1" 200 2405 "-" "Mozilla/5.0 (Windows NT 6.3; WOW64) AppleWebKit/537.36 (KHTML, like Gecko) Chrome/65.0.3325.181 Safari/537.36"
202.131.4.18 - - [03/Apr/2026:17:27:42 -0400] "POST /wp-login.php HTTP/1.1" 200 3366 "http://www.findingxxx.com/wp-login.php" "Mozilla/5.0 (Windows NT 6.3; WOW64) AppleWebKit/537.36 (KHTML, like Gecko) Chrome/65.0.3325.181 Safari/537.36"
74.206.190.118 - - [03/Apr/2026:17:30:08 -0400] "POST /wp-cron.php?doing_wp_cron=1775251808.8225469589233398437500 HTTP/1.1" 406 330 "-" "WordPress/3.6.1; http://www.findingxxx.com"
74.206.190.118 - - [03/Apr/2026:17:30:08 -0400] "GET / HTTP/1.1" 200 24408 "-" "curl/7.29.0"
74.206.190.118 - - [03/Apr/2026:17:35:12 -0400] "POST /wp-cron.php?doing_wp_cron=1775252112.1224439144134521484375 HTTP/1.1" 406 330 "-" "WordPress/3.6.1; http://www.findingxxx.com"
74.206.190.118 - - [03/Apr/2026:17:35:11 -0400] "GET / HTTP/1.1" 200 24408 "-" "curl/7.29.0"
74.206.190.118 - - [03/Apr/2026:17:38:55 -0400] "POST /wp-cron.php?doing_wp_cron=1775252335.7787299156188964843750 HTTP/1.1" 406 330 "-" "WordPress/3.6.1; http://www.findingxxx.com"
212.89.15.132 - - [03/Apr/2026:17:38:55 -0400] "GET /wp-login.php HTTP/1.1" 200 2405 "-" "Mozilla/4.0 (compatible; MSIE 7.0; Windows NT 6.2; WOW64; Trident/7.0; .NET4.0C; .NET4.0E; .NET CLR 2.0.50727; .NET CLR 3.0.30729; .NET CLR 3.5.30729; Tablet PC 2.0)"
212.89.15.132 - - [03/Apr/2026:17:38:56 -0400] "POST /wp-login.php HTTP/1.1" 200 3366 "http://www.findingxxx.com/wp-login.php" "Mozilla/4.0 (compatible; MSIE 7.0; Windows NT 6.2; WOW64; Trident/7.0; .NET4.0C; .NET4.0E; .NET CLR 2.0.50727; .NET CLR 3.0.30729; .NET CLR 3.5.30729; Tablet PC 2.0)"
74.206.190.118 - - [03/Apr/2026:17:40:20 -0400] "POST /wp-cron.php?doing_wp_cron=1775252420.7741160392761230468750 HTTP/1.1" 406 330 "-" "WordPress/3.6.1; http://www.findingxxx.com"
74.206.190.118 - - [03/Apr/2026:17:40:20 -0400] "GET / HTTP/1.1" 200 24408 "-" "curl/7.29.0"
74.206.190.118 - - [03/Apr/2026:17:45:12 -0400] "POST /wp-cron.php?doing_wp_cron=1775252712.4820859432220458984375 HTTP/1.1" 406 330 "-" "WordPress/3.6.1; http://www.findingxxx.com"
74.206.190.118 - - [03/Apr/2026:17:45:12 -0400] "GET / HTTP/1.1" 200 24408 "-" "curl/7.29.0"
74.206.190.118 - - [03/Apr/2026:17:48:08 -0400] "POST /wp-cron.php?doing_wp_cron=1775252888.3204350471496582031250 HTTP/1.1" 406 330 "-" "WordPress/3.6.1; http://www.findingxxx.com"
184.22.16.148 - - [03/Apr/2026:17:48:08 -0400] "GET / HTTP/1.1" 301 - "-" "Python/3.14 aiohttp/3.13.3"
74.206.190.118 - - [03/Apr/2026:17:49:55 -0400] "POST /wp-cron.php?doing_wp_cron=1775252995.8023591041564941406250 HTTP/1.1" 406 330 "-" "WordPress/3.6.1; http://www.findingxxx.com"
15.235.211.211 - - [03/Apr/2026:17:49:55 -0400] "GET /wp-login.php HTTP/1.1" 200 2405 "-" "Mozilla/4.0 (compatible; MSIE 7.0; Windows NT 6.3; WOW64; Trident/7.0; Touch; .NET4.0E; .NET4.0C; Tablet PC 2.0; .NET CLR 3.5.30729; .NET CLR 2.0.50727; .NET CLR 3.0.30729)"
15.235.211.211 - - [03/Apr/2026:17:49:56 -0400] "POST /wp-login.php HTTP/1.1" 200 3366 "http://www.findingxxx.com/wp-login.php" "Mozilla/4.0 (compatible; MSIE 7.0; Windows NT 6.3; WOW64; Trident/7.0; Touch; .NET4.0E; .NET4.0C; Tablet PC 2.0; .NET CLR 3.5.30729; .NET CLR 2.0.50727; .NET CLR 3.0.30729)"
74.206.190.118 - - [03/Apr/2026:17:50:09 -0400] "GET / HTTP/1.1" 200 24408 "-" "curl/7.29.0"
74.206.190.118 - - [03/Apr/2026:17:53:34 -0400] "POST /wp-cron.php?doing_wp_cron=1775253214.3378810882568359375000 HTTP/1.1" 406 330 "-" "WordPress/3.6.1; http://www.findingxxx.com"
37.59.21.100 - - [03/Apr/2026:17:53:34 -0400] "GET /index.php/category/brunnette-xxx/feed HTTP/1.1" 200 11086 "-" "Mozilla/5.0 (X11; Linux i686) AppleWebKit/537.36 (KHTML, like Gecko) Chrome/30.0.1599.66 Safari/537.36"
74.206.190.118 - - [03/Apr/2026:17:55:09 -0400] "POST /wp-cron.php?doing_wp_cron=1775253309.1380980014801025390625 HTTP/1.1" 406 330 "-" "WordPress/3.6.1; http://www.findingxxx.com"
74.206.190.118 - - [03/Apr/2026:17:55:09 -0400] "GET / HTTP/1.1" 200 24408 "-" "curl/7.29.0"
74.206.190.118 - - [03/Apr/2026:18:00:18 -0400] "POST /wp-cron.php?doing_wp_cron=1775253618.0172779560089111328125 HTTP/1.1" 406 330 "-" "WordPress/3.6.1; http://www.findingxxx.com"
74.206.190.118 - - [03/Apr/2026:18:00:17 -0400] "GET / HTTP/1.1" 200 24408 "-" "curl/7.29.0"
41.76.215.184 - - [03/Apr/2026:18:01:00 -0400] "GET /wp-login.php HTTP/1.1" 200 2405 "-" "Mozilla/5.0 (Windows NT 6.1; WOW64; Trident/7.0; rv:11.0)"
41.76.215.184 - - [03/Apr/2026:18:01:01 -0400] "POST /wp-login.php HTTP/1.1" 200 3366 "http://www.findingxxx.com/wp-login.php" "Mozilla/5.0 (Windows NT 6.1; WOW64; Trident/7.0; rv:11.0)"
74.206.190.118 - - [03/Apr/2026:18:05:10 -0400] "POST /wp-cron.php?doing_wp_cron=1775253910.2349529266357421875000 HTTP/1.1" 406 330 "-" "WordPress/3.6.1; http://www.findingxxx.com"
74.206.190.118 - - [03/Apr/2026:18:05:10 -0400] "GET / HTTP/1.1" 200 24408 "-" "curl/7.29.0"
74.206.190.118 - - [03/Apr/2026:18:10:09 -0400] "POST /wp-cron.php?doing_wp_cron=1775254209.6878719329833984375000 HTTP/1.1" 406 330 "-" "WordPress/3.6.1; http://www.findingxxx.com"
74.206.190.118 - - [03/Apr/2026:18:10:09 -0400] "GET / HTTP/1.1" 200 24408 "-" "curl/7.29.0"
74.206.190.118 - - [03/Apr/2026:18:12:58 -0400] "POST /wp-cron.php?doing_wp_cron=1775254378.4803919792175292968750 HTTP/1.1" 406 330 "-" "WordPress/3.6.1; http://www.findingxxx.com"
72.52.252.26 - - [03/Apr/2026:18:12:58 -0400] "GET /wp-login.php HTTP/1.1" 200 2405 "-" "Mozilla/5.0 (Windows NT 10.0) AppleWebKit/537.36 (KHTML, like Gecko) Chrome/52.0.2743.116 Safari/537.36 Edge/15.15063"
72.52.252.26 - - [03/Apr/2026:18:12:59 -0400] "POST /wp-login.php HTTP/1.1" 200 3366 "http://www.findingxxx.com/wp-login.php" "Mozilla/5.0 (Windows NT 10.0) AppleWebKit/537.36 (KHTML, like Gecko) Chrome/52.0.2743.116 Safari/537.36 Edge/15.15063"
74.206.190.118 - - [03/Apr/2026:18:15:10 -0400] "POST /wp-cron.php?doing_wp_cron=1775254510.9495830535888671875000 HTTP/1.1" 406 330 "-" "WordPress/3.6.1; http://www.findingxxx.com"
74.206.190.118 - - [03/Apr/2026:18:15:10 -0400] "GET / HTTP/1.1" 200 24408 "-" "curl/7.29.0"
51.57.72.253 - - [03/Apr/2026:18:15:39 -0400] "GET / HTTP/1.1" 200 24408 "-" "Mozilla/5.0 (Windows NT 10.0; Win64; x64; rv:128.0) Gecko/20100101 Firefox/128.0"
51.57.72.253 - - [03/Apr/2026:18:15:40 -0400] "GET /_profiler/phpinfo.php HTTP/1.1" 404 287 "-" "Mozilla/5.0 (Windows NT 10.0; Win64; x64; rv:128.0) Gecko/20100101 Firefox/128.0"
51.57.72.253 - - [03/Apr/2026:18:15:40 -0400] "GET /phpinfo HTTP/1.1" 404 273 "-" "Mozilla/5.0 (Windows NT 10.0; Win64; x64; rv:128.0) Gecko/20100101 Firefox/128.0"
51.57.72.253 - - [03/Apr/2026:18:15:41 -0400] "GET /_profiler/phpinfo HTTP/1.1" 404 283 "-" "Mozilla/5.0 (Windows NT 10.0; Win64; x64; rv:128.0) Gecko/20100101 Firefox/128.0"
51.57.72.253 - - [03/Apr/2026:18:15:41 -0400] "GET /info HTTP/1.1" 404 270 "-" "Mozilla/5.0 (Windows NT 10.0; Win64; x64; rv:128.0) Gecko/20100101 Firefox/128.0"
51.57.72.253 - - [03/Apr/2026:18:15:42 -0400] "GET /phpinfo.php HTTP/1.1" 404 277 "-" "Mozilla/5.0 (Windows NT 10.0; Win64; x64; rv:128.0) Gecko/20100101 Firefox/128.0"
51.57.72.253 - - [03/Apr/2026:18:15:43 -0400] "GET /info.php HTTP/1.1" 404 274 "-" "Mozilla/5.0 (Windows NT 10.0; Win64; x64; rv:128.0) Gecko/20100101 Firefox/128.0"
51.57.72.253 - - [03/Apr/2026:18:15:43 -0400] "GET /.env HTTP/1.1" 404 270 "-" "-"
51.57.72.253 - - [03/Apr/2026:18:15:43 -0400] "GET /.env.production HTTP/1.1" 404 281 "-" "-"
51.57.72.253 - - [03/Apr/2026:18:15:44 -0400] "GET /application/.env HTTP/1.1" 404 282 "-" "-"
51.57.72.253 - - [03/Apr/2026:18:15:44 -0400] "GET /prod/.env HTTP/1.1" 404 275 "-" "-"
51.57.72.253 - - [03/Apr/2026:18:15:44 -0400] "GET /.env.save HTTP/1.1" 404 275 "-" "-"
51.57.72.253 - - [03/Apr/2026:18:15:44 -0400] "GET /beta/.env HTTP/1.1" 404 275 "-" "-"
51.57.72.253 - - [03/Apr/2026:18:15:44 -0400] "GET /admin/.env HTTP/1.1" 404 276 "-" "-"
51.57.72.253 - - [03/Apr/2026:18:15:45 -0400] "GET /app/.env HTTP/1.1" 404 274 "-" "-"
51.57.72.253 - - [03/Apr/2026:18:15:45 -0400] "GET /config/.env HTTP/1.1" 404 277 "-" "-"
51.57.72.253 - - [03/Apr/2026:18:15:45 -0400] "GET /api/.env HTTP/1.1" 404 274 "-" "-"
51.57.72.253 - - [03/Apr/2026:18:15:45 -0400] "GET /laravel/.env HTTP/1.1" 404 278 "-" "-"
74.206.190.118 - - [03/Apr/2026:18:20:20 -0400] "POST /wp-cron.php?doing_wp_cron=1775254820.2720179557800292968750 HTTP/1.1" 406 330 "-" "WordPress/3.6.1; http://www.findingxxx.com"
74.206.190.118 - - [03/Apr/2026:18:20:20 -0400] "GET / HTTP/1.1" 200 24408 "-" "curl/7.29.0"
74.206.190.118 - - [03/Apr/2026:18:25:09 -0400] "POST /wp-cron.php?doing_wp_cron=1775255109.0131869316101074218750 HTTP/1.1" 406 330 "-" "WordPress/3.6.1; http://www.findingxxx.com"
74.206.190.118 - - [03/Apr/2026:18:25:08 -0400] "GET / HTTP/1.1" 200 24408 "-" "curl/7.29.0"
74.206.190.118 - - [03/Apr/2026:18:30:10 -0400] "POST /wp-cron.php?doing_wp_cron=1775255410.4000630378723144531250 HTTP/1.1" 406 330 "-" "WordPress/3.6.1; http://www.findingxxx.com"
74.206.190.118 - - [03/Apr/2026:18:30:10 -0400] "GET / HTTP/1.1" 200 24408 "-" "curl/7.29.0"
74.206.190.118 - - [03/Apr/2026:18:35:12 -0400] "POST /wp-cron.php?doing_wp_cron=1775255712.7784810066223144531250 HTTP/1.1" 406 330 "-" "WordPress/3.6.1; http://www.findingxxx.com"
74.206.190.118 - - [03/Apr/2026:18:35:12 -0400] "GET / HTTP/1.1" 200 24408 "-" "curl/7.29.0"
216.73.216.49 - - [03/Apr/2026:18:35:29 -0400] "GET /robots.txt HTTP/1.1" 200 24 "-" "Mozilla/5.0 AppleWebKit/537.36 (KHTML, like Gecko; compatible; ClaudeBot/1.0; +claudebot@anthropic.com)"
74.206.190.118 - - [03/Apr/2026:18:40:13 -0400] "POST /wp-cron.php?doing_wp_cron=1775256013.7419590950012207031250 HTTP/1.1" 406 330 "-" "WordPress/3.6.1; http://www.findingxxx.com"
74.206.190.118 - - [03/Apr/2026:18:40:13 -0400] "GET / HTTP/1.1" 200 24408 "-" "curl/7.29.0"
74.206.190.118 - - [03/Apr/2026:18:41:25 -0400] "POST /wp-cron.php?doing_wp_cron=1775256085.4144160747528076171875 HTTP/1.1" 406 330 "-" "WordPress/3.6.1; http://www.findingxxx.com"
82.223.30.175 - - [03/Apr/2026:18:41:25 -0400] "GET /wp-login.php HTTP/1.1" 200 2405 "-" "Mozilla/5.0 (compatible; MSIE 9.0; Windows NT 6.3; WOW64; Trident/7.0)"
82.223.30.175 - - [03/Apr/2026:18:41:25 -0400] "POST /wp-login.php HTTP/1.1" 200 3366 "http://www.findingxxx.com/wp-login.php" "Mozilla/5.0 (compatible; MSIE 9.0; Windows NT 6.3; WOW64; Trident/7.0)"
74.206.190.118 - - [03/Apr/2026:18:45:11 -0400] "POST /wp-cron.php?doing_wp_cron=1775256311.0201370716094970703125 HTTP/1.1" 406 330 "-" "WordPress/3.6.1; http://www.findingxxx.com"
74.206.190.118 - - [03/Apr/2026:18:45:10 -0400] "GET / HTTP/1.1" 200 24408 "-" "curl/7.29.0"
74.206.190.118 - - [03/Apr/2026:18:49:31 -0400] "POST /wp-cron.php?doing_wp_cron=1775256571.8427081108093261718750 HTTP/1.1" 406 330 "-" "WordPress/3.6.1; http://www.findingxxx.com"
37.59.21.100 - - [03/Apr/2026:18:49:31 -0400] "GET /index.php/category/young-xxx/feed HTTP/1.1" 200 4632 "-" "Mozilla/5.0 (X11; Linux i686) AppleWebKit/537.36 (KHTML, like Gecko) Chrome/30.0.1599.66 Safari/537.36"
74.206.190.118 - - [03/Apr/2026:18:50:09 -0400] "GET / HTTP/1.1" 200 24408 "-" "curl/7.29.0"
74.206.190.118 - - [03/Apr/2026:18:54:25 -0400] "POST /wp-cron.php?doing_wp_cron=1775256865.9625070095062255859375 HTTP/1.1" 406 330 "-" "WordPress/3.6.1; http://www.findingxxx.com"
66.116.226.103 - - [03/Apr/2026:18:54:25 -0400] "GET /wp-login.php HTTP/1.1" 200 2405 "-" "Mozilla/5.0 (Windows NT 6.1; Win64; x64) AppleWebKit/537.36 (KHTML, like Gecko) Chrome/65.0.3325.146 Safari/537.36"
66.116.226.103 - - [03/Apr/2026:18:54:32 -0400] "POST /wp-login.php HTTP/1.1" 200 3366 "http://www.findingxxx.com/wp-login.php" "Mozilla/5.0 (Windows NT 6.1; Win64; x64) AppleWebKit/537.36 (KHTML, like Gecko) Chrome/65.0.3325.146 Safari/537.36"
74.206.190.118 - - [03/Apr/2026:18:55:11 -0400] "GET / HTTP/1.1" 200 24408 "-" "curl/7.29.0"
74.206.190.118 - - [03/Apr/2026:19:00:24 -0400] "POST /wp-cron.php?doing_wp_cron=1775257224.6875400543212890625000 HTTP/1.1" 406 330 "-" "WordPress/3.6.1; http://www.findingxxx.com"
74.206.190.118 - - [03/Apr/2026:19:00:24 -0400] "GET / HTTP/1.1" 200 24408 "-" "curl/7.29.0"
74.206.190.118 - - [03/Apr/2026:19:05:09 -0400] "POST /wp-cron.php?doing_wp_cron=1775257509.3033258914947509765625 HTTP/1.1" 406 330 "-" "WordPress/3.6.1; http://www.findingxxx.com"
74.206.190.118 - - [03/Apr/2026:19:05:09 -0400] "GET / HTTP/1.1" 200 24408 "-" "curl/7.29.0"
74.206.190.118 - - [03/Apr/2026:19:07:13 -0400] "POST /wp-cron.php?doing_wp_cron=1775257633.0105669498443603515625 HTTP/1.1" 406 330 "-" "WordPress/3.6.1; http://www.findingxxx.com"
5.196.62.228 - - [03/Apr/2026:19:07:12 -0400] "GET /wp-login.php HTTP/1.1" 200 2405 "-" "Mozilla/4.0 (compatible; MSIE 7.0; Windows NT 6.1; Win64; x64; Trident/7.0; .NET CLR 2.0.50727; SLCC2; .NET CLR 3.5.30729; .NET CLR 3.0.30729; .NET4.0C; .NET4.0E)"
5.196.62.228 - - [03/Apr/2026:19:07:13 -0400] "POST /wp-login.php HTTP/1.1" 200 3366 "http://www.findingxxx.com/wp-login.php" "Mozilla/4.0 (compatible; MSIE 7.0; Windows NT 6.1; Win64; x64; Trident/7.0; .NET CLR 2.0.50727; SLCC2; .NET CLR 3.5.30729; .NET CLR 3.0.30729; .NET4.0C; .NET4.0E)"
74.206.190.118 - - [03/Apr/2026:19:10:10 -0400] "POST /wp-cron.php?doing_wp_cron=1775257810.3277521133422851562500 HTTP/1.1" 406 330 "-" "WordPress/3.6.1; http://www.findingxxx.com"
74.206.190.118 - - [03/Apr/2026:19:10:10 -0400] "GET / HTTP/1.1" 200 24408 "-" "curl/7.29.0"
51.57.72.253 - - [03/Apr/2026:19:10:24 -0400] "GET / HTTP/1.1" 301 - "-" "Mozilla/5.0 (Windows NT 10.0; Win64; x64; rv:128.0) Gecko/20100101 Firefox/128.0"
51.57.72.253 - - [03/Apr/2026:19:10:25 -0400] "GET / HTTP/1.1" 200 24408 "-" "Mozilla/5.0 (Windows NT 10.0; Win64; x64; rv:128.0) Gecko/20100101 Firefox/128.0"
51.57.72.253 - - [03/Apr/2026:19:10:25 -0400] "GET /_profiler/phpinfo.php HTTP/1.1" 404 283 "-" "Mozilla/5.0 (Windows NT 10.0; Win64; x64; rv:128.0) Gecko/20100101 Firefox/128.0"
51.57.72.253 - - [03/Apr/2026:19:10:26 -0400] "GET /phpinfo HTTP/1.1" 404 269 "-" "Mozilla/5.0 (Windows NT 10.0; Win64; x64; rv:128.0) Gecko/20100101 Firefox/128.0"
51.57.72.253 - - [03/Apr/2026:19:10:27 -0400] "GET /_profiler/phpinfo HTTP/1.1" 404 279 "-" "Mozilla/5.0 (Windows NT 10.0; Win64; x64; rv:128.0) Gecko/20100101 Firefox/128.0"
51.57.72.253 - - [03/Apr/2026:19:10:28 -0400] "GET /info HTTP/1.1" 404 266 "-" "Mozilla/5.0 (Windows NT 10.0; Win64; x64; rv:128.0) Gecko/20100101 Firefox/128.0"
51.57.72.253 - - [03/Apr/2026:19:10:29 -0400] "GET /phpinfo.php HTTP/1.1" 404 273 "-" "Mozilla/5.0 (Windows NT 10.0; Win64; x64; rv:128.0) Gecko/20100101 Firefox/128.0"
51.57.72.253 - - [03/Apr/2026:19:10:31 -0400] "GET /info.php HTTP/1.1" 404 270 "-" "Mozilla/5.0 (Windows NT 10.0; Win64; x64; rv:128.0) Gecko/20100101 Firefox/128.0"
51.57.72.253 - - [03/Apr/2026:19:10:33 -0400] "GET /.env HTTP/1.1" 404 266 "-" "-"
51.57.72.253 - - [03/Apr/2026:19:10:33 -0400] "GET /.env.production HTTP/1.1" 404 277 "-" "-"
51.57.72.253 - - [03/Apr/2026:19:10:34 -0400] "GET /application/.env HTTP/1.1" 404 278 "-" "-"
51.57.72.253 - - [03/Apr/2026:19:10:34 -0400] "GET /prod/.env HTTP/1.1" 404 271 "-" "-"
51.57.72.253 - - [03/Apr/2026:19:10:35 -0400] "GET /.env.save HTTP/1.1" 404 271 "-" "-"
51.57.72.253 - - [03/Apr/2026:19:10:35 -0400] "GET /beta/.env HTTP/1.1" 404 271 "-" "-"
51.57.72.253 - - [03/Apr/2026:19:10:35 -0400] "GET /admin/.env HTTP/1.1" 404 272 "-" "-"
51.57.72.253 - - [03/Apr/2026:19:10:36 -0400] "GET /app/.env HTTP/1.1" 404 270 "-" "-"
51.57.72.253 - - [03/Apr/2026:19:10:36 -0400] "GET /config/.env HTTP/1.1" 404 273 "-" "-"
51.57.72.253 - - [03/Apr/2026:19:10:36 -0400] "GET /api/.env HTTP/1.1" 404 270 "-" "-"
51.57.72.253 - - [03/Apr/2026:19:10:36 -0400] "GET /laravel/.env HTTP/1.1" 404 274 "-" "-"
74.206.190.118 - - [03/Apr/2026:19:15:10 -0400] "POST /wp-cron.php?doing_wp_cron=1775258110.4450540542602539062500 HTTP/1.1" 406 330 "-" "WordPress/3.6.1; http://www.findingxxx.com"
74.206.190.118 - - [03/Apr/2026:19:15:10 -0400] "GET / HTTP/1.1" 200 24408 "-" "curl/7.29.0"
74.206.190.118 - - [03/Apr/2026:19:20:17 -0400] "POST /wp-cron.php?doing_wp_cron=1775258417.8489580154418945312500 HTTP/1.1" 406 330 "-" "WordPress/3.6.1; http://www.findingxxx.com"
74.206.190.118 - - [03/Apr/2026:19:20:17 -0400] "GET / HTTP/1.1" 200 24408 "-" "curl/7.29.0"
74.206.190.118 - - [03/Apr/2026:19:25:06 -0400] "POST /wp-cron.php?doing_wp_cron=1775258706.6388349533081054687500 HTTP/1.1" 406 330 "-" "WordPress/3.6.1; http://www.findingxxx.com"
107.189.24.145 - - [03/Apr/2026:19:25:06 -0400] "GET / HTTP/1.1" 301 - "-" "Mozilla/5.0 (Windows NT 10.0; Win64; x64; rv:109.0) Gecko/20100101 Firefox/117.0"
107.189.24.145 - - [03/Apr/2026:19:25:07 -0400] "GET / HTTP/1.1" 200 24408 "-" "Mozilla/5.0 (Windows NT 10.0; Win64; x64; rv:109.0) Gecko/20100101 Firefox/117.0"
107.189.24.145 - - [03/Apr/2026:19:25:07 -0400] "GET //wp-json/ HTTP/1.1" 404 274 "-" "Mozilla/5.0 (Windows NT 10.0; Win64; x64; rv:109.0) Gecko/20100101 Firefox/117.0"
74.206.190.118 - - [03/Apr/2026:19:25:12 -0400] "GET / HTTP/1.1" 200 24408 "-" "curl/7.29.0"
74.206.190.118 - - [03/Apr/2026:19:27:57 -0400] "POST /wp-cron.php?doing_wp_cron=1775258877.5484290122985839843750 HTTP/1.1" 406 330 "-" "WordPress/3.6.1; http://www.findingxxx.com"
37.59.21.100 - - [03/Apr/2026:19:27:57 -0400] "GET /index.php/tag/search-xxx/feed HTTP/1.1" 200 13203 "-" "Mozilla/5.0 (X11; Linux i686) AppleWebKit/537.36 (KHTML, like Gecko) Chrome/30.0.1599.66 Safari/537.36"
74.206.190.118 - - [03/Apr/2026:19:30:12 -0400] "POST /wp-cron.php?doing_wp_cron=1775259012.3992059230804443359375 HTTP/1.1" 406 330 "-" "WordPress/3.6.1; http://www.findingxxx.com"
74.206.190.118 - - [03/Apr/2026:19:30:12 -0400] "GET / HTTP/1.1" 200 24408 "-" "curl/7.29.0"
74.206.190.118 - - [03/Apr/2026:19:31:13 -0400] "POST /wp-cron.php?doing_wp_cron=1775259073.2192258834838867187500 HTTP/1.1" 406 330 "-" "WordPress/3.6.1; http://www.findingxxx.com"
5.196.62.228 - - [03/Apr/2026:19:31:13 -0400] "GET /wp-login.php HTTP/1.1" 200 2405 "-" "Mozilla/4.0 (compatible; MSIE 7.0; Windows NT 6.1; Trident/7.0; SLCC2; .NET CLR 2.0.50727; .NET CLR 3.5.30729; .NET CLR 3.0.30729; Media Center PC 6.0; .NET4.0C; .NET4.0E; Tablet PC 2.0)"
5.196.62.228 - - [03/Apr/2026:19:31:14 -0400] "POST /wp-login.php HTTP/1.1" 200 3366 "http://www.findingxxx.com/wp-login.php" "Mozilla/4.0 (compatible; MSIE 7.0; Windows NT 6.1; Trident/7.0; SLCC2; .NET CLR 2.0.50727; .NET CLR 3.5.30729; .NET CLR 3.0.30729; Media Center PC 6.0; .NET4.0C; .NET4.0E; Tablet PC 2.0)"
74.206.190.118 - - [03/Apr/2026:19:35:11 -0400] "POST /wp-cron.php?doing_wp_cron=1775259311.2575149536132812500000 HTTP/1.1" 406 330 "-" "WordPress/3.6.1; http://www.findingxxx.com"
74.206.190.118 - - [03/Apr/2026:19:35:11 -0400] "GET / HTTP/1.1" 200 24408 "-" "curl/7.29.0"
74.206.190.118 - - [03/Apr/2026:19:40:19 -0400] "POST /wp-cron.php?doing_wp_cron=1775259619.8805260658264160156250 HTTP/1.1" 406 330 "-" "WordPress/3.6.1; http://www.findingxxx.com"
74.206.190.118 - - [03/Apr/2026:19:40:19 -0400] "GET / HTTP/1.1" 200 24408 "-" "curl/7.29.0"
74.206.190.118 - - [03/Apr/2026:19:42:36 -0400] "POST /wp-cron.php?doing_wp_cron=1775259756.7077059745788574218750 HTTP/1.1" 406 330 "-" "WordPress/3.6.1; http://www.findingxxx.com"
91.136.11.216 - - [03/Apr/2026:19:42:36 -0400] "GET /wp-login.php HTTP/1.1" 200 2405 "-" "Mozilla/5.0 (Windows NT 10.0; Win64; x64) AppleWebKit/537.36 (KHTML, like Gecko) Chrome/67.0.3396.79 Safari/537.36"
74.206.190.118 - - [03/Apr/2026:19:45:10 -0400] "POST /wp-cron.php?doing_wp_cron=1775259910.7764549255371093750000 HTTP/1.1" 406 330 "-" "WordPress/3.6.1; http://www.findingxxx.com"
74.206.190.118 - - [03/Apr/2026:19:45:10 -0400] "GET / HTTP/1.1" 200 24408 "-" "curl/7.29.0"
74.206.190.118 - - [03/Apr/2026:19:48:14 -0400] "POST /wp-cron.php?doing_wp_cron=1775260094.2114350795745849609375 HTTP/1.1" 406 330 "-" "WordPress/3.6.1; http://www.findingxxx.com"
184.22.16.148 - - [03/Apr/2026:19:48:14 -0400] "GET / HTTP/1.1" 301 - "-" "Python/3.14 aiohttp/3.13.3"
74.206.190.118 - - [03/Apr/2026:19:50:09 -0400] "POST /wp-cron.php?doing_wp_cron=1775260209.3132069110870361328125 HTTP/1.1" 406 330 "-" "WordPress/3.6.1; http://www.findingxxx.com"
74.206.190.118 - - [03/Apr/2026:19:50:09 -0400] "GET / HTTP/1.1" 200 24408 "-" "curl/7.29.0"
125.27.5.153 - - [03/Apr/2026:19:52:02 -0400] "GET /wp-json/wp/v2/posts HTTP/1.1" 404 281 "-" "Mozilla/5.0 (Windows NT 10.0; Win64; x64) AppleWebKit/537.36 (KHTML, like Gecko) Chrome/120.0.0.0 Safari/537.36"
74.206.190.118 - - [03/Apr/2026:19:53:48 -0400] "POST /wp-cron.php?doing_wp_cron=1775260428.6127409934997558593750 HTTP/1.1" 406 330 "-" "WordPress/3.6.1; http://www.findingxxx.com"
60.199.230.59 - - [03/Apr/2026:19:53:48 -0400] "GET /wp-login.php HTTP/1.1" 200 2405 "-" "Mozilla/5.0 (Windows NT 6.1; WOW64; Trident/7.0; LCJB; rv:11.0) like Gecko"
74.206.190.118 - - [03/Apr/2026:19:55:09 -0400] "POST /wp-cron.php?doing_wp_cron=1775260509.5122148990631103515625 HTTP/1.1" 406 330 "-" "WordPress/3.6.1; http://www.findingxxx.com"
74.206.190.118 - - [03/Apr/2026:19:55:09 -0400] "GET / HTTP/1.1" 200 24408 "-" "curl/7.29.0"
74.206.190.118 - - [03/Apr/2026:20:00:21 -0400] "POST /wp-cron.php?doing_wp_cron=1775260821.9860870838165283203125 HTTP/1.1" 406 330 "-" "WordPress/3.6.1; http://www.findingxxx.com"
