216.73.216.135 - - [04/Apr/2026:01:33:16 -0400] "GET /gender/t,f/ethnicity/white,native,other/languages/Fiji?sortOrder=leastViewed HTTP/1.1" 200 19253 "-" "Mozilla/5.0 AppleWebKit/537.36 (KHTML, like Gecko; compatible; ClaudeBot/1.0; +claudebot@anthropic.com)"
216.73.216.135 - - [04/Apr/2026:01:33:16 -0400] "GET /status/offline/gender/t,f/ethnicity/native,black,white/languages/Fiji HTTP/1.1" 200 19873 "-" "Mozilla/5.0 AppleWebKit/537.36 (KHTML, like Gecko; compatible; ClaudeBot/1.0; +claudebot@anthropic.com)"
216.73.216.135 - - [04/Apr/2026:01:33:16 -0400] "GET /gender/t,c,f/age/20-29,18-19/languages/English?sortOrder=leastViewed HTTP/1.1" 200 19056 "-" "Mozilla/5.0 AppleWebKit/537.36 (KHTML, like Gecko; compatible; ClaudeBot/1.0; +claudebot@anthropic.com)"
74.7.241.25 - - [04/Apr/2026:01:33:16 -0400] "GET /status/offline/age/30-39/ethnicity/native,other,white,east-indian,black,asian HTTP/1.1" 200 20867 "https://www.camjab.com/age/30-39/ethnicity/native,other,white,east-indian,black,asian" "Mozilla/5.0 AppleWebKit/537.36 (KHTML, like Gecko; compatible; GPTBot/1.3; +https://openai.com/gptbot)"
216.73.216.135 - - [04/Apr/2026:01:33:16 -0400] "GET /status/online/gender/c,m,t/ethnicity/islander/languages/scots?sortOrder=leastViewed HTTP/1.1" 200 19447 "-" "Mozilla/5.0 AppleWebKit/537.36 (KHTML, like Gecko; compatible; ClaudeBot/1.0; +claudebot@anthropic.com)"
216.73.216.135 - - [04/Apr/2026:01:33:16 -0400] "GET /gender/f,c/age/30-39,40-49/ethnicity/islander/languages/catalan?sortOrder=leastViewed HTTP/1.1" 200 19541 "-" "Mozilla/5.0 AppleWebKit/537.36 (KHTML, like Gecko; compatible; ClaudeBot/1.0; +claudebot@anthropic.com)"
216.73.216.135 - - [04/Apr/2026:01:33:16 -0400] "GET /status/offline/gender/t,c/age/20-29,30-39/languages/estonian?sortOrder=leastViewed HTTP/1.1" 200 19501 "-" "Mozilla/5.0 AppleWebKit/537.36 (KHTML, like Gecko; compatible; ClaudeBot/1.0; +claudebot@anthropic.com)"
216.73.216.135 - - [04/Apr/2026:01:33:16 -0400] "GET /gender/c,f/age/40-49/ethnicity/native,asian/languages/Cambodian?sortOrder=mostViewed HTTP/1.1" 200 19553 "-" "Mozilla/5.0 AppleWebKit/537.36 (KHTML, like Gecko; compatible; ClaudeBot/1.0; +claudebot@anthropic.com)"
216.73.216.135 - - [04/Apr/2026:01:33:16 -0400] "GET /status/offline/gender/c,f/age/30-39/ethnicity/latinas,native/languages/thai HTTP/1.1" 200 20081 "-" "Mozilla/5.0 AppleWebKit/537.36 (KHTML, like Gecko; compatible; ClaudeBot/1.0; +claudebot@anthropic.com)"
74.7.241.1 - - [04/Apr/2026:01:33:16 -0400] "GET /age/18-19,60-100/ethnicity/latest-news.php,native,black,asian,other,islander,latinas?sortOrder=timeOnline HTTP/1.1" 200 21296 "https://camjab.com/age/18-19,60-100/ethnicity/latest-news.php,native,black,asian,other,islander,latinas" "Mozilla/5.0 AppleWebKit/537.36 (KHTML, like Gecko; compatible; GPTBot/1.3; +https://openai.com/gptbot)"
144.76.32.187 - - [04/Apr/2026:01:33:16 -0400] "GET /gender/c,f/age/60-100,40-49 HTTP/1.1" 200 18070 "-" "Mozilla/5.0 (compatible; SERankingBacklinksBot/1.0; +https://seranking.com/backlinks-crawler)"
216.73.216.135 - - [04/Apr/2026:01:33:17 -0400] "GET /status/online,offline/age/30-39/ethnicity/native,black/languages/belarusian HTTP/1.1" 200 19854 "-" "Mozilla/5.0 AppleWebKit/537.36 (KHTML, like Gecko; compatible; ClaudeBot/1.0; +claudebot@anthropic.com)"
38.183.49.252 - - [04/Apr/2026:01:33:17 -0400] "GET /status/offline/gender/m,f/age/30-39,40-49,20-29/ethnicity/asian,black,other,islander HTTP/1.1" 200 21611 "https://www.camjab.com/status/offline/gender/t,m,f/age/30-39,40-49,20-29/ethnicity/asian,black,other,islander" "Mozilla/5.0 (Windows NT 10.0; Win64; x64) AppleWebKit/537.36 (KHTML, like Gecko) Chrome/135.0.0.0 Safari/537.36"
216.73.216.135 - - [04/Apr/2026:01:33:17 -0400] "GET /gender/t,m/age/40-49/ethnicity/native,black/languages/faeroese HTTP/1.1" 200 19398 "-" "Mozilla/5.0 AppleWebKit/537.36 (KHTML, like Gecko; compatible; ClaudeBot/1.0; +claudebot@anthropic.com)"
216.73.216.135 - - [04/Apr/2026:01:33:17 -0400] "GET /status/offline,online/age/60-100,18-19/ethnicity/black/languages/Scots HTTP/1.1" 200 19660 "-" "Mozilla/5.0 AppleWebKit/537.36 (KHTML, like Gecko; compatible; ClaudeBot/1.0; +claudebot@anthropic.com)"
216.73.216.135 - - [04/Apr/2026:01:33:17 -0400] "GET /gender/t,c/ethnicity/islander,native/languages/Cambodian?sortOrder=timeOnline HTTP/1.1" 200 19102 "-" "Mozilla/5.0 AppleWebKit/537.36 (KHTML, like Gecko; compatible; ClaudeBot/1.0; +claudebot@anthropic.com)"
74.7.241.25 - - [04/Apr/2026:01:33:17 -0400] "GET /age/50-59/ethnicity/asian,native,east-indian,other,black HTTP/1.1" 200 19647 "https://www.camjab.com/age/50-59/ethnicity/latinas,asian,native,east-indian,other,black" "Mozilla/5.0 AppleWebKit/537.36 (KHTML, like Gecko; compatible; GPTBot/1.3; +https://openai.com/gptbot)"
54.225.181.161 - - [04/Apr/2026:01:33:17 -0400] "GET /status/offline,online/gender/t,m,c,f/age/20-29,30-39,40-49,60-100/ethnicity/east-indian,islander,asian/sites/1 HTTP/1.1" 200 23361 "-" "Mozilla/5.0 AppleWebKit/537.36 (KHTML, like Gecko; compatible; Amazonbot/0.1; +https://developer.amazon.com/support/amazonbot) Chrome/119.0.6045.214 Safari/537.36"
216.73.216.135 - - [04/Apr/2026:01:33:17 -0400] "GET /gender/c,m/age/60-100,40-49/ethnicity/islander/languages/serbian?sortOrder=mostViewed HTTP/1.1" 200 19565 "-" "Mozilla/5.0 AppleWebKit/537.36 (KHTML, like Gecko; compatible; ClaudeBot/1.0; +claudebot@anthropic.com)"
216.73.216.135 - - [04/Apr/2026:01:33:17 -0400] "GET /status/online,offline/age/40-49,50-59/languages/vietnamese?sortOrder=name HTTP/1.1" 200 19209 "-" "Mozilla/5.0 AppleWebKit/537.36 (KHTML, like Gecko; compatible; ClaudeBot/1.0; +claudebot@anthropic.com)"
52.45.194.165 - - [04/Apr/2026:01:33:18 -0400] "GET /status/offline,online/gender/c,t,m,f/age/18-19,60-100/ethnicity/latinas,white,asian,black HTTP/1.1" 200 22367 "-" "Mozilla/5.0 AppleWebKit/537.36 (KHTML, like Gecko; compatible; Amazonbot/0.1; +https://developer.amazon.com/support/amazonbot) Chrome/119.0.6045.214 Safari/537.36"
216.73.216.135 - - [04/Apr/2026:01:33:18 -0400] "GET /status/offline/gender/c,f/age/30-39,40-49/languages/Ukrainian?sortOrder=name HTTP/1.1" 200 19520 "-" "Mozilla/5.0 AppleWebKit/537.36 (KHTML, like Gecko; compatible; ClaudeBot/1.0; +claudebot@anthropic.com)"
74.7.241.1 - - [04/Apr/2026:01:33:18 -0400] "GET /age/50-59/ethnicity/latest-news.php,islander,native,latinas,black,white?sortOrder=youngest HTTP/1.1" 200 20302 "https://camjab.com/age/50-59/ethnicity/latest-news.php,islander,native,latinas,black,white" "Mozilla/5.0 AppleWebKit/537.36 (KHTML, like Gecko; compatible; GPTBot/1.3; +https://openai.com/gptbot)"
216.73.216.135 - - [04/Apr/2026:01:33:18 -0400] "GET /gender/m,f,t,c/age/60-100/languages/Cambodian HTTP/1.1" 200 18915 "-" "Mozilla/5.0 AppleWebKit/537.36 (KHTML, like Gecko; compatible; ClaudeBot/1.0; +claudebot@anthropic.com)"
217.113.194.206 - - [04/Apr/2026:01:33:18 -0400] "GET /age/30-39,60-100,40-49/ethnicity/white,latino,native,other?sortOrder=recent HTTP/1.1" 200 19765 "-" "Mozilla/5.0 (compatible; Barkrowler/0.9; +https://babbar.tech/crawler)"
216.73.216.135 - - [04/Apr/2026:01:33:18 -0400] "GET /gender/c,t,m/ethnicity/black,white,native/languages/German?sortOrder=mostViewed HTTP/1.1" 200 19617 "-" "Mozilla/5.0 AppleWebKit/537.36 (KHTML, like Gecko; compatible; ClaudeBot/1.0; +claudebot@anthropic.com)"
216.73.216.135 - - [04/Apr/2026:01:33:18 -0400] "GET /status/online/gender/c,f,m/ethnicity/other/languages/hebrew?sortOrder=recent HTTP/1.1" 200 19361 "-" "Mozilla/5.0 AppleWebKit/537.36 (KHTML, like Gecko; compatible; ClaudeBot/1.0; +claudebot@anthropic.com)"
216.73.216.135 - - [04/Apr/2026:01:33:18 -0400] "GET /status/offline/gender/m,t,f/ethnicity/other/languages/Thai?sortOrder=recent HTTP/1.1" 200 19323 "-" "Mozilla/5.0 AppleWebKit/537.36 (KHTML, like Gecko; compatible; ClaudeBot/1.0; +claudebot@anthropic.com)"
216.73.216.135 - - [04/Apr/2026:01:33:18 -0400] "GET /status/online,offline/ethnicity/east-indian/languages/azerbaijani?sortOrder=mostViewed HTTP/1.1" 200 19150 "-" "Mozilla/5.0 AppleWebKit/537.36 (KHTML, like Gecko; compatible; ClaudeBot/1.0; +claudebot@anthropic.com)"
74.7.241.25 - - [04/Apr/2026:01:33:18 -0400] "GET /age/50-59/ethnicity/native,black,asian,east-indian,white HTTP/1.1" 200 19647 "https://www.camjab.com/age/18-19,50-59/ethnicity/native,black,asian,east-indian,white" "Mozilla/5.0 AppleWebKit/537.36 (KHTML, like Gecko; compatible; GPTBot/1.3; +https://openai.com/gptbot)"
216.73.216.135 - - [04/Apr/2026:01:33:18 -0400] "GET /gender/f,t/age/60-100,50-59/languages/azerbaijani HTTP/1.1" 200 18827 "-" "Mozilla/5.0 AppleWebKit/537.36 (KHTML, like Gecko; compatible; ClaudeBot/1.0; +claudebot@anthropic.com)"
216.73.216.135 - - [04/Apr/2026:01:33:18 -0400] "GET /status/offline/gender/m,c/ethnicity/other,white/languages/Armenian?sortOrder=leastViewed HTTP/1.1" 200 19632 "-" "Mozilla/5.0 AppleWebKit/537.36 (KHTML, like Gecko; compatible; ClaudeBot/1.0; +claudebot@anthropic.com)"
216.73.216.135 - - [04/Apr/2026:01:33:18 -0400] "GET /gender/m,t/ethnicity/native,white,islander/languages/kashmiri HTTP/1.1" 200 19386 "-" "Mozilla/5.0 AppleWebKit/537.36 (KHTML, like Gecko; compatible; ClaudeBot/1.0; +claudebot@anthropic.com)"
216.73.216.135 - - [04/Apr/2026:01:33:18 -0400] "GET /gender/t,f,c/ethnicity/islander/languages/Afrikaans?sortOrder=name HTTP/1.1" 200 18903 "-" "Mozilla/5.0 AppleWebKit/537.36 (KHTML, like Gecko; compatible; ClaudeBot/1.0; +claudebot@anthropic.com)"
216.73.216.135 - - [04/Apr/2026:01:33:18 -0400] "GET /status/online/gender/m,f/ethnicity/black,native/languages/Hungarian?sortOrder=recent HTTP/1.1" 200 19652 "-" "Mozilla/5.0 AppleWebKit/537.36 (KHTML, like Gecko; compatible; ClaudeBot/1.0; +claudebot@anthropic.com)"
74.7.241.1 - - [04/Apr/2026:01:33:18 -0400] "GET /age/30-39/ethnicity/latest-news.php,islander,other,white,asian,east-indian,black HTTP/1.1" 200 20790 "https://camjab.com/age/30-39/ethnicity/latest-news.php,islander,other,white,asian,east-indian,latinas,black" "Mozilla/5.0 AppleWebKit/537.36 (KHTML, like Gecko; compatible; GPTBot/1.3; +https://openai.com/gptbot)"
216.73.216.135 - - [04/Apr/2026:01:33:19 -0400] "GET /status/online/gender/m,f/age/30-39/languages/Armenian?sortOrder=youngest HTTP/1.1" 200 19018 "-" "Mozilla/5.0 AppleWebKit/537.36 (KHTML, like Gecko; compatible; ClaudeBot/1.0; +claudebot@anthropic.com)"
216.73.216.135 - - [04/Apr/2026:01:33:19 -0400] "GET /status/online/gender/c,f/ethnicity/islander/languages/Icelandic?sortOrder=oldest HTTP/1.1" 200 19275 "-" "Mozilla/5.0 AppleWebKit/537.36 (KHTML, like Gecko; compatible; ClaudeBot/1.0; +claudebot@anthropic.com)"
216.73.216.135 - - [04/Apr/2026:01:33:19 -0400] "GET /status/online/age/50-59/ethnicity/native,black,islander/languages/faeroese?sortOrder=mostViewed HTTP/1.1" 200 19918 "-" "Mozilla/5.0 AppleWebKit/537.36 (KHTML, like Gecko; compatible; ClaudeBot/1.0; +claudebot@anthropic.com)"
54.88.84.219 - - [04/Apr/2026:01:33:19 -0400] "GET /status/offline,online/gender/f,m,c/age/30-39,60-100/ethnicity/native,asian,black,white/languages/hindi HTTP/1.1" 200 22645 "-" "Mozilla/5.0 AppleWebKit/537.36 (KHTML, like Gecko; compatible; Amazonbot/0.1; +https://developer.amazon.com/support/amazonbot) Chrome/119.0.6045.214 Safari/537.36"
216.73.216.135 - - [04/Apr/2026:01:33:19 -0400] "GET /gender/f,t,c/ethnicity/islander/languages/portuguese?sortOrder=recent HTTP/1.1" 200 18943 "-" "Mozilla/5.0 AppleWebKit/537.36 (KHTML, like Gecko; compatible; ClaudeBot/1.0; +claudebot@anthropic.com)"
216.73.216.135 - - [04/Apr/2026:01:33:19 -0400] "GET /gender/m,c/ethnicity/white,latinas/languages/faeroese?sortOrder=recent HTTP/1.1" 200 18979 "-" "Mozilla/5.0 AppleWebKit/537.36 (KHTML, like Gecko; compatible; ClaudeBot/1.0; +claudebot@anthropic.com)"
216.73.216.135 - - [04/Apr/2026:01:33:19 -0400] "GET /gender/m,c,f/age/18-19,30-39/languages/Indonesian?sortOrder=mostViewed HTTP/1.1" 200 19153 "-" "Mozilla/5.0 AppleWebKit/537.36 (KHTML, like Gecko; compatible; ClaudeBot/1.0; +claudebot@anthropic.com)"
216.73.216.135 - - [04/Apr/2026:01:33:19 -0400] "GET /status/offline/gender/f,m,t/age/30-39/languages/Cambodian?sortOrder=oldest HTTP/1.1" 200 19381 "-" "Mozilla/5.0 AppleWebKit/537.36 (KHTML, like Gecko; compatible; ClaudeBot/1.0; +claudebot@anthropic.com)"
216.73.216.135 - - [04/Apr/2026:01:33:19 -0400] "GET /gender/c,m/age/20-29,30-39/languages/Kurdish?sortOrder=youngest HTTP/1.1" 200 18749 "-" "Mozilla/5.0 AppleWebKit/537.36 (KHTML, like Gecko; compatible; ClaudeBot/1.0; +claudebot@anthropic.com)"
74.7.241.25 - - [04/Apr/2026:01:33:19 -0400] "GET /age/40-49/ethnicity/black,asian,east-indian,native,white HTTP/1.1" 200 19647 "https://www.camjab.com/age/30-39,40-49/ethnicity/black,asian,east-indian,native,white" "Mozilla/5.0 AppleWebKit/537.36 (KHTML, like Gecko; compatible; GPTBot/1.3; +https://openai.com/gptbot)"
216.73.216.135 - - [04/Apr/2026:01:33:19 -0400] "GET /status/offline,online/age/30-39/ethnicity/native,white/languages/armenian?sortOrder=recent HTTP/1.1" 200 19877 "-" "Mozilla/5.0 AppleWebKit/537.36 (KHTML, like Gecko; compatible; ClaudeBot/1.0; +claudebot@anthropic.com)"
216.73.216.135 - - [04/Apr/2026:01:33:19 -0400] "GET /status/offline/gender/t,f/age/40-49,30-39/languages/Italian?sortOrder=youngest HTTP/1.1" 200 19457 "-" "Mozilla/5.0 AppleWebKit/537.36 (KHTML, like Gecko; compatible; ClaudeBot/1.0; +claudebot@anthropic.com)"
216.73.216.135 - - [04/Apr/2026:01:33:19 -0400] "GET /status/offline/gender/c,m/ethnicity/islander,native/languages/Indonesian?sortOrder=timeOnline HTTP/1.1" 200 19847 "-" "Mozilla/5.0 AppleWebKit/537.36 (KHTML, like Gecko; compatible; ClaudeBot/1.0; +claudebot@anthropic.com)"
216.73.216.135 - - [04/Apr/2026:01:33:20 -0400] "GET /gender/f,t/ethnicity/black,other,native/languages/chinese?sortOrder=mostViewed HTTP/1.1" 200 19355 "-" "Mozilla/5.0 AppleWebKit/537.36 (KHTML, like Gecko; compatible; ClaudeBot/1.0; +claudebot@anthropic.com)"
74.7.241.1 - - [04/Apr/2026:01:33:20 -0400] "GET /age/40-49/ethnicity/latest-news.php,white,other,islander,east-indian,black,latinas HTTP/1.1" 200 20870 "https://camjab.com/age/40-49/ethnicity/latest-news.php,white,other,islander,asian,east-indian,black,latinas" "Mozilla/5.0 AppleWebKit/537.36 (KHTML, like Gecko; compatible; GPTBot/1.3; +https://openai.com/gptbot)"
216.73.216.135 - - [04/Apr/2026:01:33:20 -0400] "GET /status/online,offline/ethnicity/islander,east-indian/languages/Greek?sortOrder=mostViewed HTTP/1.1" 200 19511 "-" "Mozilla/5.0 AppleWebKit/537.36 (KHTML, like Gecko; compatible; ClaudeBot/1.0; +claudebot@anthropic.com)"
216.73.216.135 - - [04/Apr/2026:01:33:20 -0400] "GET /gender/t,f/age/20-29,30-39/languages/Lithuanian?sortOrder=oldest HTTP/1.1" 200 18850 "-" "Mozilla/5.0 AppleWebKit/537.36 (KHTML, like Gecko; compatible; ClaudeBot/1.0; +claudebot@anthropic.com)"
34.234.200.207 - - [04/Apr/2026:01:33:20 -0400] "GET /status/offline,online/gender/t,f,m,c/age/18-19,30-39,40-49/ethnicity/native,east-indian,white/languages/hindi HTTP/1.1" 200 23222 "-" "Mozilla/5.0 AppleWebKit/537.36 (KHTML, like Gecko; compatible; Amazonbot/0.1; +https://developer.amazon.com/support/amazonbot) Chrome/119.0.6045.214 Safari/537.36"
216.73.216.135 - - [04/Apr/2026:01:33:20 -0400] "GET /status/offline/gender/c,t/age/30-39/ethnicity/asian/languages/Norwegian HTTP/1.1" 200 19667 "-" "Mozilla/5.0 AppleWebKit/537.36 (KHTML, like Gecko; compatible; ClaudeBot/1.0; +claudebot@anthropic.com)"
216.73.216.135 - - [04/Apr/2026:01:33:20 -0400] "GET /gender/c,m/age/60-100/ethnicity/latino/languages/Maltese?sortOrder=mostViewed HTTP/1.1" 200 19019 "-" "Mozilla/5.0 AppleWebKit/537.36 (KHTML, like Gecko; compatible; ClaudeBot/1.0; +claudebot@anthropic.com)"
216.73.216.135 - - [04/Apr/2026:01:33:20 -0400] "GET /status/online/gender/m,f/ethnicity/white,native/languages/Belarusian?sortOrder=recent HTTP/1.1" 200 19687 "-" "Mozilla/5.0 AppleWebKit/537.36 (KHTML, like Gecko; compatible; ClaudeBot/1.0; +claudebot@anthropic.com)"
216.73.216.135 - - [04/Apr/2026:01:33:20 -0400] "GET /gender/t,f,c/ethnicity/white,native/languages/Spanish?sortOrder=youngest HTTP/1.1" 200 19220 "-" "Mozilla/5.0 AppleWebKit/537.36 (KHTML, like Gecko; compatible; ClaudeBot/1.0; +claudebot@anthropic.com)"
216.73.216.135 - - [04/Apr/2026:01:33:20 -0400] "GET /status/offline/gender/t,f,c/age/18-19/languages/chinese?sortOrder=name HTTP/1.1" 200 19315 "-" "Mozilla/5.0 AppleWebKit/537.36 (KHTML, like Gecko; compatible; ClaudeBot/1.0; +claudebot@anthropic.com)"
144.76.32.187 - - [04/Apr/2026:01:33:20 -0400] "GET /gender/c/age/60-100 HTTP/1.1" 200 17398 "-" "Mozilla/5.0 (compatible; SERankingBacklinksBot/1.0; +https://seranking.com/backlinks-crawler)"
216.73.216.135 - - [04/Apr/2026:01:33:20 -0400] "GET /status/offline/gender/m,c/age/60-100,30-39/languages/german?sortOrder=youngest HTTP/1.1" 200 19454 "-" "Mozilla/5.0 AppleWebKit/537.36 (KHTML, like Gecko; compatible; ClaudeBot/1.0; +claudebot@anthropic.com)"
216.73.216.135 - - [04/Apr/2026:01:33:20 -0400] "GET /gender/f,t/ethnicity/islander,black,native/languages/hungarian?sortOrder=leastViewed HTTP/1.1" 200 19539 "-" "Mozilla/5.0 AppleWebKit/537.36 (KHTML, like Gecko; compatible; ClaudeBot/1.0; +claudebot@anthropic.com)"
74.7.241.25 - - [04/Apr/2026:01:33:20 -0400] "GET /age/18-19/ethnicity/east-indian,native,black,white,asian HTTP/1.1" 200 19647 "https://www.camjab.com/age/50-59,18-19/ethnicity/east-indian,native,black,white,asian" "Mozilla/5.0 AppleWebKit/537.36 (KHTML, like Gecko; compatible; GPTBot/1.3; +https://openai.com/gptbot)"
216.73.216.135 - - [04/Apr/2026:01:33:20 -0400] "GET /status/online,offline/age/60-100,18-19/languages/kazakh?sortOrder=leastViewed HTTP/1.1" 200 19130 "-" "Mozilla/5.0 AppleWebKit/537.36 (KHTML, like Gecko; compatible; ClaudeBot/1.0; +claudebot@anthropic.com)"
216.73.216.135 - - [04/Apr/2026:01:33:21 -0400] "GET /gender/m,c/ethnicity/black,islander,native/languages/armenian?sortOrder=mostViewed HTTP/1.1" 200 19496 "-" "Mozilla/5.0 AppleWebKit/537.36 (KHTML, like Gecko; compatible; ClaudeBot/1.0; +claudebot@anthropic.com)"
216.73.216.135 - - [04/Apr/2026:01:33:21 -0400] "GET /status/offline,online/gender/f,t/ethnicity/other/languages/Norwegian HTTP/1.1" 200 19589 "-" "Mozilla/5.0 AppleWebKit/537.36 (KHTML, like Gecko; compatible; ClaudeBot/1.0; +claudebot@anthropic.com)"
74.7.241.1 - - [04/Apr/2026:01:33:21 -0400] "GET /age/40-49/ethnicity/latest-news.php,east-indian,other,native,islander,black HTTP/1.1" 200 20359 "https://camjab.com/age/40-49/ethnicity/latest-news.php,east-indian,other,native,islander,latinas,black" "Mozilla/5.0 AppleWebKit/537.36 (KHTML, like Gecko; compatible; GPTBot/1.3; +https://openai.com/gptbot)"
216.73.216.135 - - [04/Apr/2026:01:33:21 -0400] "GET /status/online/gender/f,t/ethnicity/asian/languages/Polish?sortOrder=recent HTTP/1.1" 200 19060 "-" "Mozilla/5.0 AppleWebKit/537.36 (KHTML, like Gecko; compatible; ClaudeBot/1.0; +claudebot@anthropic.com)"
216.73.216.135 - - [04/Apr/2026:01:33:21 -0400] "GET /gender/f,c/age/50-59/ethnicity/black/languages/hindi?sortOrder=recent HTTP/1.1" 200 18914 "-" "Mozilla/5.0 AppleWebKit/537.36 (KHTML, like Gecko; compatible; ClaudeBot/1.0; +claudebot@anthropic.com)"
52.167.144.212 - - [04/Apr/2026:01:33:21 -0400] "GET /age/20-29,50-59/ethnicity/latinas,asian,white,islander,native HTTP/1.1" 200 20059 "-" "Mozilla/5.0 AppleWebKit/537.36 (KHTML, like Gecko; compatible; bingbot/2.0; +http://www.bing.com/bingbot.htm) Chrome/116.0.1938.76 Safari/537.36"
216.73.216.135 - - [04/Apr/2026:01:33:21 -0400] "GET /status/offline/gender/c,t/age/30-39,40-49/languages/Irish?sortOrder=timeOnline HTTP/1.1" 200 19393 "-" "Mozilla/5.0 AppleWebKit/537.36 (KHTML, like Gecko; compatible; ClaudeBot/1.0; +claudebot@anthropic.com)"
217.113.194.19 - - [04/Apr/2026:01:33:21 -0400] "GET /status/online/gender/f,m/age/18-19/ethnicity/islander,white,black?sortOrder=name HTTP/1.1" 200 20231 "-" "Mozilla/5.0 (compatible; Barkrowler/0.9; +https://babbar.tech/crawler)"
216.73.216.135 - - [04/Apr/2026:01:33:21 -0400] "GET /status/online/gender/f,m,c/age/18-19/languages/spanish?sortOrder=recent HTTP/1.1" 200 19279 "-" "Mozilla/5.0 AppleWebKit/537.36 (KHTML, like Gecko; compatible; ClaudeBot/1.0; +claudebot@anthropic.com)"
216.73.216.135 - - [04/Apr/2026:01:33:21 -0400] "GET /status/online/gender/t,c,m,f/languages/turkish?sortOrder=name HTTP/1.1" 200 19016 "-" "Mozilla/5.0 AppleWebKit/537.36 (KHTML, like Gecko; compatible; ClaudeBot/1.0; +claudebot@anthropic.com)"
216.73.216.135 - - [04/Apr/2026:01:33:21 -0400] "GET /gender/c,f/ethnicity/native,islander,asian/languages/Belarusian?sortOrder=mostViewed HTTP/1.1" 200 19576 "-" "Mozilla/5.0 AppleWebKit/537.36 (KHTML, like Gecko; compatible; ClaudeBot/1.0; +claudebot@anthropic.com)"
216.73.216.135 - - [04/Apr/2026:01:33:21 -0400] "GET /status/online,offline/gender/f/age/18-19/languages/icelandic?sortOrder=recent HTTP/1.1" 200 19247 "-" "Mozilla/5.0 AppleWebKit/537.36 (KHTML, like Gecko; compatible; ClaudeBot/1.0; +claudebot@anthropic.com)"
74.7.241.25 - - [04/Apr/2026:01:33:21 -0400] "GET /age/30-39/ethnicity/east-indian,native,other,white,black HTTP/1.1" 200 19647 "https://www.camjab.com/age/30-39/ethnicity/latinas,east-indian,native,other,white,black" "Mozilla/5.0 AppleWebKit/537.36 (KHTML, like Gecko; compatible; GPTBot/1.3; +https://openai.com/gptbot)"
216.73.216.135 - - [04/Apr/2026:01:33:21 -0400] "GET /gender/m,c,f/age/18-19/languages/Indonesian?sortOrder=youngest HTTP/1.1" 200 18725 "-" "Mozilla/5.0 AppleWebKit/537.36 (KHTML, like Gecko; compatible; ClaudeBot/1.0; +claudebot@anthropic.com)"
100.28.133.214 - - [04/Apr/2026:01:33:21 -0400] "GET /status/offline/gender/m,f,t/age/20-29/ethnicity/asian,islander,white,east-indian,native HTTP/1.1" 200 21529 "-" "Mozilla/5.0 AppleWebKit/537.36 (KHTML, like Gecko; compatible; Amazonbot/0.1; +https://developer.amazon.com/support/amazonbot) Chrome/119.0.6045.214 Safari/537.36"
216.73.216.135 - - [04/Apr/2026:01:33:21 -0400] "GET /gender/f,t/age/20-29,18-19/languages/Finnish?sortOrder=oldest HTTP/1.1" 200 18748 "-" "Mozilla/5.0 AppleWebKit/537.36 (KHTML, like Gecko; compatible; ClaudeBot/1.0; +claudebot@anthropic.com)"
216.73.216.135 - - [04/Apr/2026:01:33:22 -0400] "GET /gender/c,f/ethnicity/latino/languages/afrikaans?sortOrder=timeOnline HTTP/1.1" 200 18523 "-" "Mozilla/5.0 AppleWebKit/537.36 (KHTML, like Gecko; compatible; ClaudeBot/1.0; +claudebot@anthropic.com)"
216.73.216.135 - - [04/Apr/2026:01:33:22 -0400] "GET /status/online,offline/ethnicity/latinas,asian/languages/catalan?sortOrder=leastViewed HTTP/1.1" 200 19330 "-" "Mozilla/5.0 AppleWebKit/537.36 (KHTML, like Gecko; compatible; ClaudeBot/1.0; +claudebot@anthropic.com)"
74.7.241.1 - - [04/Apr/2026:01:33:22 -0400] "GET /age/18-19/ethnicity/latest-news.php,other,black,white,latinas,east-indian,islander HTTP/1.1" 200 20870 "https://camjab.com/age/18-19/ethnicity/latest-news.php,other,black,white,latinas,east-indian,islander,asian" "Mozilla/5.0 AppleWebKit/537.36 (KHTML, like Gecko; compatible; GPTBot/1.3; +https://openai.com/gptbot)"
216.73.216.135 - - [04/Apr/2026:01:33:22 -0400] "GET /status/offline/gender/t,c/ethnicity/black,native/languages/Armenian?sortOrder=name HTTP/1.1" 200 19653 "-" "Mozilla/5.0 AppleWebKit/537.36 (KHTML, like Gecko; compatible; ClaudeBot/1.0; +claudebot@anthropic.com)"
216.73.216.135 - - [04/Apr/2026:01:33:22 -0400] "GET /gender/f,c/age/20-29/ethnicity/latinas/languages/irish?sortOrder=recent HTTP/1.1" 200 18986 "-" "Mozilla/5.0 AppleWebKit/537.36 (KHTML, like Gecko; compatible; ClaudeBot/1.0; +claudebot@anthropic.com)"
216.73.216.135 - - [04/Apr/2026:01:33:22 -0400] "GET /gender/c,m/age/18-19/ethnicity/latinas/languages/Spanish?sortOrder=recent HTTP/1.1" 200 19044 "-" "Mozilla/5.0 AppleWebKit/537.36 (KHTML, like Gecko; compatible; ClaudeBot/1.0; +claudebot@anthropic.com)"
52.205.222.214 - - [04/Apr/2026:01:33:22 -0400] "GET /status/offline,online/gender/f,t,c/age/50-59,20-29/ethnicity/east-indian,islander,native,latinas,black,asian HTTP/1.1" 200 23462 "-" "Mozilla/5.0 AppleWebKit/537.36 (KHTML, like Gecko; compatible; Amazonbot/0.1; +https://developer.amazon.com/support/amazonbot) Chrome/119.0.6045.214 Safari/537.36"
216.73.216.135 - - [04/Apr/2026:01:33:22 -0400] "GET /gender/t,c/ethnicity/white,other/languages/Fiji?sortOrder=name HTTP/1.1" 200 18770 "-" "Mozilla/5.0 AppleWebKit/537.36 (KHTML, like Gecko; compatible; ClaudeBot/1.0; +claudebot@anthropic.com)"
216.73.216.135 - - [04/Apr/2026:01:33:22 -0400] "GET /status/online/gender/m,f,c/age/40-49/languages/spanish?sortOrder=oldest HTTP/1.1" 200 19279 "-" "Mozilla/5.0 AppleWebKit/537.36 (KHTML, like Gecko; compatible; ClaudeBot/1.0; +claudebot@anthropic.com)"
216.73.216.135 - - [04/Apr/2026:01:33:22 -0400] "GET /gender/c,f,m,t/age/30-39/languages/Polish?sortOrder=name HTTP/1.1" 200 18860 "-" "Mozilla/5.0 AppleWebKit/537.36 (KHTML, like Gecko; compatible; ClaudeBot/1.0; +claudebot@anthropic.com)"
216.73.216.135 - - [04/Apr/2026:01:33:22 -0400] "GET /gender/m,f,c,t/age/30-39/languages/Polish?sortOrder=name HTTP/1.1" 200 18860 "-" "Mozilla/5.0 AppleWebKit/537.36 (KHTML, like Gecko; compatible; ClaudeBot/1.0; +claudebot@anthropic.com)"
216.73.216.135 - - [04/Apr/2026:01:33:22 -0400] "GET /status/online/gender/t,m,c/languages/croatian?sortOrder=oldest HTTP/1.1" 200 18763 "-" "Mozilla/5.0 AppleWebKit/537.36 (KHTML, like Gecko; compatible; ClaudeBot/1.0; +claudebot@anthropic.com)"
74.7.241.25 - - [04/Apr/2026:01:33:22 -0400] "GET /age/50-59/ethnicity/other,black,east-indian,native,asian HTTP/1.1" 200 19647 "https://www.camjab.com/age/50-59/ethnicity/other,black,east-indian,islander,native,asian" "Mozilla/5.0 AppleWebKit/537.36 (KHTML, like Gecko; compatible; GPTBot/1.3; +https://openai.com/gptbot)"
216.73.216.135 - - [04/Apr/2026:01:33:22 -0400] "GET /gender/c,m,t/age/50-59/ethnicity/native/languages/Polish HTTP/1.1" 200 19179 "-" "Mozilla/5.0 AppleWebKit/537.36 (KHTML, like Gecko; compatible; ClaudeBot/1.0; +claudebot@anthropic.com)"
216.73.216.135 - - [04/Apr/2026:01:33:23 -0400] "GET /gender/t,m/ethnicity/native,east-indian/languages/serbian?sortOrder=mostViewed HTTP/1.1" 200 19132 "-" "Mozilla/5.0 AppleWebKit/537.36 (KHTML, like Gecko; compatible; ClaudeBot/1.0; +claudebot@anthropic.com)"
216.73.216.135 - - [04/Apr/2026:01:33:23 -0400] "GET /status/offline/gender/m,f,c/age/30-39/ethnicity/native,islander/languages/Hebrew HTTP/1.1" 200 20512 "-" "Mozilla/5.0 AppleWebKit/537.36 (KHTML, like Gecko; compatible; ClaudeBot/1.0; +claudebot@anthropic.com)"
216.73.216.135 - - [04/Apr/2026:01:33:23 -0400] "GET /gender/m,f,t/age/50-59/languages/Maltese?sortOrder=timeOnline HTTP/1.1" 200 18624 "-" "Mozilla/5.0 AppleWebKit/537.36 (KHTML, like Gecko; compatible; ClaudeBot/1.0; +claudebot@anthropic.com)"
52.73.6.26 - - [04/Apr/2026:01:33:23 -0400] "GET /status/offline,online/gender/t,m,f,c/age/60-100,40-49,18-19/ethnicity/white,islander HTTP/1.1" 200 21896 "-" "Mozilla/5.0 AppleWebKit/537.36 (KHTML, like Gecko; compatible; Amazonbot/0.1; +https://developer.amazon.com/support/amazonbot) Chrome/119.0.6045.214 Safari/537.36"
216.73.216.135 - - [04/Apr/2026:01:33:23 -0400] "GET /status/online/gender/f,m/age/18-19/languages/Malay?sortOrder=timeOnline HTTP/1.1" 200 18922 "-" "Mozilla/5.0 AppleWebKit/537.36 (KHTML, like Gecko; compatible; ClaudeBot/1.0; +claudebot@anthropic.com)"
74.7.241.1 - - [04/Apr/2026:01:33:23 -0400] "GET /age/30-39/ethnicity/latest-news.php,latinas,black,other,islander,white,native?sortOrder=timeOnline HTTP/1.1" 200 20775 "https://camjab.com/age/30-39/ethnicity/latest-news.php,latinas,black,other,islander,white,native" "Mozilla/5.0 AppleWebKit/537.36 (KHTML, like Gecko; compatible; GPTBot/1.3; +https://openai.com/gptbot)"
216.73.216.135 - - [04/Apr/2026:01:33:23 -0400] "GET /status/offline,online/age/30-39,60-100,40-49/languages/Hebrew?sortOrder=oldest HTTP/1.1" 200 19541 "-" "Mozilla/5.0 AppleWebKit/537.36 (KHTML, like Gecko; compatible; ClaudeBot/1.0; +claudebot@anthropic.com)"
216.73.216.135 - - [04/Apr/2026:01:33:23 -0400] "GET /status/offline,online/gender/f,c/ethnicity/latino/languages/Irish?sortOrder=mostViewed HTTP/1.1" 200 19559 "-" "Mozilla/5.0 AppleWebKit/537.36 (KHTML, like Gecko; compatible; ClaudeBot/1.0; +claudebot@anthropic.com)"
216.73.216.135 - - [04/Apr/2026:01:33:23 -0400] "GET /status/offline,online/age/40-49/ethnicity/latino,native/languages/Irish?sortOrder=name HTTP/1.1" 200 19756 "-" "Mozilla/5.0 AppleWebKit/537.36 (KHTML, like Gecko; compatible; ClaudeBot/1.0; +claudebot@anthropic.com)"
216.73.216.135 - - [04/Apr/2026:01:33:23 -0400] "GET /gender/f,m/ethnicity/other,white,islander/languages/romanian?sortOrder=mostViewed HTTP/1.1" 200 19459 "-" "Mozilla/5.0 AppleWebKit/537.36 (KHTML, like Gecko; compatible; ClaudeBot/1.0; +claudebot@anthropic.com)"
216.73.216.135 - - [04/Apr/2026:01:33:23 -0400] "GET /status/offline,online/age/40-49,60-100/ethnicity/other/languages/catalan?sortOrder=mostViewed HTTP/1.1" 200 19835 "-" "Mozilla/5.0 AppleWebKit/537.36 (KHTML, like Gecko; compatible; ClaudeBot/1.0; +claudebot@anthropic.com)"
216.73.216.135 - - [04/Apr/2026:01:33:23 -0400] "GET /status/offline/gender/f,m,c,t/ethnicity/native/languages/greek HTTP/1.1" 200 19613 "-" "Mozilla/5.0 AppleWebKit/537.36 (KHTML, like Gecko; compatible; ClaudeBot/1.0; +claudebot@anthropic.com)"
74.7.241.25 - - [04/Apr/2026:01:33:23 -0400] "GET /age/50-59/ethnicity/asian,other,black,east-indian,native HTTP/1.1" 200 19647 "https://www.camjab.com/age/50-59/ethnicity/asian,other,black,islander,east-indian,native" "Mozilla/5.0 AppleWebKit/537.36 (KHTML, like Gecko; compatible; GPTBot/1.3; +https://openai.com/gptbot)"
216.73.216.135 - - [04/Apr/2026:01:33:23 -0400] "GET /status/offline/gender/m,c,f/age/18-19/languages/Lithuanian?sortOrder=timeOnline HTTP/1.1" 200 19433 "-" "Mozilla/5.0 AppleWebKit/537.36 (KHTML, like Gecko; compatible; ClaudeBot/1.0; +claudebot@anthropic.com)"
216.73.216.135 - - [04/Apr/2026:01:33:24 -0400] "GET /status/online/gender/t,c/age/18-19/languages/persian?sortOrder=oldest HTTP/1.1" 200 18983 "-" "Mozilla/5.0 AppleWebKit/537.36 (KHTML, like Gecko; compatible; ClaudeBot/1.0; +claudebot@anthropic.com)"
216.73.216.135 - - [04/Apr/2026:01:33:24 -0400] "GET /gender/t,f/age/20-29/ethnicity/black/languages/swedish?sortOrder=recent HTTP/1.1" 200 18977 "-" "Mozilla/5.0 AppleWebKit/537.36 (KHTML, like Gecko; compatible; ClaudeBot/1.0; +claudebot@anthropic.com)"
216.73.216.135 - - [04/Apr/2026:01:33:24 -0400] "GET /status/offline/gender/c,f/age/40-49,60-100/languages/Chinese?sortOrder=oldest HTTP/1.1" 200 19493 "-" "Mozilla/5.0 AppleWebKit/537.36 (KHTML, like Gecko; compatible; ClaudeBot/1.0; +claudebot@anthropic.com)"
216.73.216.135 - - [04/Apr/2026:01:33:24 -0400] "GET /gender/c,f/age/50-59/ethnicity/native/languages/korean?sortOrder=youngest HTTP/1.1" 200 18990 "-" "Mozilla/5.0 AppleWebKit/537.36 (KHTML, like Gecko; compatible; ClaudeBot/1.0; +claudebot@anthropic.com)"
216.73.216.135 - - [04/Apr/2026:01:33:24 -0400] "GET /status/online/gender/c,m/ethnicity/islander,white/languages/scots?sortOrder=recent HTTP/1.1" 200 19586 "-" "Mozilla/5.0 AppleWebKit/537.36 (KHTML, like Gecko; compatible; ClaudeBot/1.0; +claudebot@anthropic.com)"
3.232.82.72 - - [04/Apr/2026:01:33:24 -0400] "GET /status/offline,online/gender/m,t,c,f/age/50-59,40-49,18-19/ethnicity/islander,asian/languages/arabic HTTP/1.1" 200 22564 "-" "Mozilla/5.0 AppleWebKit/537.36 (KHTML, like Gecko; compatible; Amazonbot/0.1; +https://developer.amazon.com/support/amazonbot) Chrome/119.0.6045.214 Safari/537.36"
74.7.241.1 - - [04/Apr/2026:01:33:24 -0400] "GET /age/30-39/ethnicity/latest-news.php,latinas,black,other,islander,white,native?sortOrder=leastViewed HTTP/1.1" 200 20778 "https://camjab.com/age/30-39/ethnicity/latest-news.php,latinas,black,other,islander,white,native" "Mozilla/5.0 AppleWebKit/537.36 (KHTML, like Gecko; compatible; GPTBot/1.3; +https://openai.com/gptbot)"
216.73.216.135 - - [04/Apr/2026:01:33:24 -0400] "GET /gender/f,t/age/60-100,40-49/languages/hindi?sortOrder=youngest HTTP/1.1" 200 18722 "-" "Mozilla/5.0 AppleWebKit/537.36 (KHTML, like Gecko; compatible; ClaudeBot/1.0; +claudebot@anthropic.com)"
216.73.216.135 - - [04/Apr/2026:01:33:24 -0400] "GET /status/offline/gender/m,t,f/age/20-29/languages/Albanian?sortOrder=name HTTP/1.1" 200 19340 "-" "Mozilla/5.0 AppleWebKit/537.36 (KHTML, like Gecko; compatible; ClaudeBot/1.0; +claudebot@anthropic.com)"
216.73.216.135 - - [04/Apr/2026:01:33:24 -0400] "GET /gender/c,f/ethnicity/white,islander,asian/languages/Maltese?sortOrder=mostViewed HTTP/1.1" 200 19434 "-" "Mozilla/5.0 AppleWebKit/537.36 (KHTML, like Gecko; compatible; ClaudeBot/1.0; +claudebot@anthropic.com)"
216.73.216.135 - - [04/Apr/2026:01:33:24 -0400] "GET /status/offline,online/gender/t/ethnicity/other/languages/Belarusian?sortOrder=recent HTTP/1.1" 200 19387 "-" "Mozilla/5.0 AppleWebKit/537.36 (KHTML, like Gecko; compatible; ClaudeBot/1.0; +claudebot@anthropic.com)"
216.73.216.135 - - [04/Apr/2026:01:33:24 -0400] "GET /status/online/gender/t,c/ethnicity/native,white/languages/hungarian HTTP/1.1" 200 19564 "-" "Mozilla/5.0 AppleWebKit/537.36 (KHTML, like Gecko; compatible; ClaudeBot/1.0; +claudebot@anthropic.com)"
144.76.32.187 - - [04/Apr/2026:01:33:24 -0400] "GET /gender/m/age/60-100 HTTP/1.1" 200 17388 "-" "Mozilla/5.0 (compatible; SERankingBacklinksBot/1.0; +https://seranking.com/backlinks-crawler)"
216.73.216.135 - - [04/Apr/2026:01:33:24 -0400] "GET /status/online,offline/ethnicity/native,white/languages/azerbaijani?sortOrder=oldest HTTP/1.1" 200 19415 "-" "Mozilla/5.0 AppleWebKit/537.36 (KHTML, like Gecko; compatible; ClaudeBot/1.0; +claudebot@anthropic.com)"
74.7.241.25 - - [04/Apr/2026:01:33:25 -0400] "GET /age/20-29/ethnicity/black,white,asian,native,east-indian HTTP/1.1" 200 19647 "https://www.camjab.com/age/40-49,20-29/ethnicity/black,white,asian,native,east-indian" "Mozilla/5.0 AppleWebKit/537.36 (KHTML, like Gecko; compatible; GPTBot/1.3; +https://openai.com/gptbot)"
216.73.216.135 - - [04/Apr/2026:01:33:25 -0400] "GET /gender/m,f/age/30-39/ethnicity/white,native/languages/japanese HTTP/1.1" 200 19403 "-" "Mozilla/5.0 AppleWebKit/537.36 (KHTML, like Gecko; compatible; ClaudeBot/1.0; +claudebot@anthropic.com)"
216.73.216.135 - - [04/Apr/2026:01:33:25 -0400] "GET /gender/m,t,f/age/60-100/languages/Georgian?sortOrder=youngest HTTP/1.1" 200 18688 "-" "Mozilla/5.0 AppleWebKit/537.36 (KHTML, like Gecko; compatible; ClaudeBot/1.0; +claudebot@anthropic.com)"
216.73.216.135 - - [04/Apr/2026:01:33:25 -0400] "GET /gender/t,c/ethnicity/black,islander/languages/portuguese?sortOrder=mostViewed HTTP/1.1" 200 19100 "-" "Mozilla/5.0 AppleWebKit/537.36 (KHTML, like Gecko; compatible; ClaudeBot/1.0; +claudebot@anthropic.com)"
216.73.216.135 - - [04/Apr/2026:01:33:25 -0400] "GET /gender/c,m/age/50-59/ethnicity/native/languages/Polish?sortOrder=timeOnline HTTP/1.1" 200 18986 "-" "Mozilla/5.0 AppleWebKit/537.36 (KHTML, like Gecko; compatible; ClaudeBot/1.0; +claudebot@anthropic.com)"
74.7.241.1 - - [04/Apr/2026:01:33:25 -0400] "GET /age/50-59/ethnicity/latest-news.php,other,white,asian,islander,native,black HTTP/1.1" 200 20590 "https://camjab.com/age/50-59/ethnicity/latest-news.php,other,latinas,white,asian,islander,native,black" "Mozilla/5.0 AppleWebKit/537.36 (KHTML, like Gecko; compatible; GPTBot/1.3; +https://openai.com/gptbot)"
216.73.216.135 - - [04/Apr/2026:01:33:25 -0400] "GET /status/online,offline/age/40-49/ethnicity/asian/languages/georgian?sortOrder=leastViewed HTTP/1.1" 200 19391 "-" "Mozilla/5.0 AppleWebKit/537.36 (KHTML, like Gecko; compatible; ClaudeBot/1.0; +claudebot@anthropic.com)"
216.73.216.135 - - [04/Apr/2026:01:33:25 -0400] "GET /gender/m,c/ethnicity/native,islander/languages/Estonian?sortOrder=youngest HTTP/1.1" 200 19057 "-" "Mozilla/5.0 AppleWebKit/537.36 (KHTML, like Gecko; compatible; ClaudeBot/1.0; +claudebot@anthropic.com)"
216.73.216.135 - - [04/Apr/2026:01:33:25 -0400] "GET /status/offline/gender/f,m/ethnicity/east-indian/languages/Afrikaans?sortOrder=mostViewed HTTP/1.1" 200 19421 "-" "Mozilla/5.0 AppleWebKit/537.36 (KHTML, like Gecko; compatible; ClaudeBot/1.0; +claudebot@anthropic.com)"
216.73.216.135 - - [04/Apr/2026:01:33:25 -0400] "GET /gender/m,t,f/age/60-100/languages/icelandic?sortOrder=name HTTP/1.1" 200 18710 "-" "Mozilla/5.0 AppleWebKit/537.36 (KHTML, like Gecko; compatible; ClaudeBot/1.0; +claudebot@anthropic.com)"
216.73.216.135 - - [04/Apr/2026:01:33:25 -0400] "GET /status/offline/gender/t,m/ethnicity/white,other/languages/hungarian HTTP/1.1" 200 19554 "-" "Mozilla/5.0 AppleWebKit/537.36 (KHTML, like Gecko; compatible; ClaudeBot/1.0; +claudebot@anthropic.com)"
216.73.216.135 - - [04/Apr/2026:01:33:25 -0400] "GET /status/offline,online/age/60-100,40-49/ethnicity/islander,native/languages/serbian HTTP/1.1" 200 20358 "-" "Mozilla/5.0 AppleWebKit/537.36 (KHTML, like Gecko; compatible; ClaudeBot/1.0; +claudebot@anthropic.com)"
216.73.216.135 - - [04/Apr/2026:01:33:25 -0400] "GET /gender/c,f/ethnicity/native,black/languages/indonesian?sortOrder=youngest HTTP/1.1" 200 19027 "-" "Mozilla/5.0 AppleWebKit/537.36 (KHTML, like Gecko; compatible; ClaudeBot/1.0; +claudebot@anthropic.com)"
52.0.41.164 - - [04/Apr/2026:01:33:25 -0400] "GET /status/offline,online/gender/t,c,f/age/50-59/ethnicity/native,white,asian,east-indian/languages/hindi HTTP/1.1" 200 22117 "-" "Mozilla/5.0 AppleWebKit/537.36 (KHTML, like Gecko; compatible; Amazonbot/0.1; +https://developer.amazon.com/support/amazonbot) Chrome/119.0.6045.214 Safari/537.36"
54.157.84.74 - - [04/Apr/2026:01:33:26 -0400] "GET /status/offline,online/gender/t,m/age/18-19,20-29,60-100/ethnicity/native,east-indian,latinas,asian/languages/hindi HTTP/1.1" 200 23130 "-" "Mozilla/5.0 AppleWebKit/537.36 (KHTML, like Gecko; compatible; Amazonbot/0.1; +https://developer.amazon.com/support/amazonbot) Chrome/119.0.6045.214 Safari/537.36"
216.73.216.135 - - [04/Apr/2026:01:33:26 -0400] "GET /gender/c,m,t/ethnicity/other,native/languages/Scots?sortOrder=oldest HTTP/1.1" 200 19134 "-" "Mozilla/5.0 AppleWebKit/537.36 (KHTML, like Gecko; compatible; ClaudeBot/1.0; +claudebot@anthropic.com)"
216.73.216.135 - - [04/Apr/2026:01:33:26 -0400] "GET /gender/t,c,f/age/18-19,30-39/languages/hebrew?sortOrder=recent HTTP/1.1" 200 19006 "-" "Mozilla/5.0 AppleWebKit/537.36 (KHTML, like Gecko; compatible; ClaudeBot/1.0; +claudebot@anthropic.com)"
74.7.241.25 - - [04/Apr/2026:01:33:26 -0400] "GET /age/18-19/ethnicity/asian,native,black,east-indian,other HTTP/1.1" 200 19647 "https://www.camjab.com/age/18-19/ethnicity/asian,native,latinas,black,east-indian,other" "Mozilla/5.0 AppleWebKit/537.36 (KHTML, like Gecko; compatible; GPTBot/1.3; +https://openai.com/gptbot)"
216.73.216.135 - - [04/Apr/2026:01:33:26 -0400] "GET /status/offline,online/age/30-39/ethnicity/black,other/languages/Kashmiri?sortOrder=mostViewed HTTP/1.1" 200 19852 "-" "Mozilla/5.0 AppleWebKit/537.36 (KHTML, like Gecko; compatible; ClaudeBot/1.0; +claudebot@anthropic.com)"
216.73.216.135 - - [04/Apr/2026:01:33:26 -0400] "GET /gender/f,c/age/40-49/ethnicity/islander/languages/afrikaans?sortOrder=youngest HTTP/1.1" 200 19164 "-" "Mozilla/5.0 AppleWebKit/537.36 (KHTML, like Gecko; compatible; ClaudeBot/1.0; +claudebot@anthropic.com)"
216.73.216.135 - - [04/Apr/2026:01:33:26 -0400] "GET /gender/m,c/ethnicity/native,black,asian/languages/irish HTTP/1.1" 200 19175 "-" "Mozilla/5.0 AppleWebKit/537.36 (KHTML, like Gecko; compatible; ClaudeBot/1.0; +claudebot@anthropic.com)"
74.7.241.1 - - [04/Apr/2026:01:33:26 -0400] "GET /age/18-19/ethnicity/latest-news.php,islander,black,asian,other,white,east-indian HTTP/1.1" 200 20790 "https://camjab.com/age/18-19/ethnicity/latest-news.php,latinas,islander,black,asian,other,white,east-indian" "Mozilla/5.0 AppleWebKit/537.36 (KHTML, like Gecko; compatible; GPTBot/1.3; +https://openai.com/gptbot)"
216.73.216.135 - - [04/Apr/2026:01:33:26 -0400] "GET /status/online,offline/age/50-59/ethnicity/black,native/languages/Hebrew?sortOrder=recent HTTP/1.1" 200 19807 "-" "Mozilla/5.0 AppleWebKit/537.36 (KHTML, like Gecko; compatible; ClaudeBot/1.0; +claudebot@anthropic.com)"
216.73.216.135 - - [04/Apr/2026:01:33:26 -0400] "GET /gender/f,c/age/18-19/ethnicity/black,native/languages/ukrainian HTTP/1.1" 200 19448 "-" "Mozilla/5.0 AppleWebKit/537.36 (KHTML, like Gecko; compatible; ClaudeBot/1.0; +claudebot@anthropic.com)"
216.73.216.135 - - [04/Apr/2026:01:33:26 -0400] "GET /gender/f,c/age/40-49/ethnicity/latinas/languages/Chinese?sortOrder=oldest HTTP/1.1" 200 19054 "-" "Mozilla/5.0 AppleWebKit/537.36 (KHTML, like Gecko; compatible; ClaudeBot/1.0; +claudebot@anthropic.com)"
216.73.216.135 - - [04/Apr/2026:01:33:26 -0400] "GET /gender/c,f/age/40-49/ethnicity/black,islander/languages/ukrainian?sortOrder=mostViewed HTTP/1.1" 200 19627 "-" "Mozilla/5.0 AppleWebKit/537.36 (KHTML, like Gecko; compatible; ClaudeBot/1.0; +claudebot@anthropic.com)"
216.73.216.135 - - [04/Apr/2026:01:33:26 -0400] "GET /status/offline/gender/c,m,f/age/18-19,30-39/languages/turkish HTTP/1.1" 200 19663 "-" "Mozilla/5.0 AppleWebKit/537.36 (KHTML, like Gecko; compatible; ClaudeBot/1.0; +claudebot@anthropic.com)"
216.73.216.135 - - [04/Apr/2026:01:33:26 -0400] "GET /gender/c,f,t,m/ethnicity/islander,native/languages/Swedish?sortOrder=leastViewed HTTP/1.1" 200 19637 "-" "Mozilla/5.0 AppleWebKit/537.36 (KHTML, like Gecko; compatible; ClaudeBot/1.0; +claudebot@anthropic.com)"
216.73.216.135 - - [04/Apr/2026:01:33:27 -0400] "GET /gender/t,m,f/ethnicity/islander,white/languages/Dutch?sortOrder=oldest HTTP/1.1" 200 19208 "-" "Mozilla/5.0 AppleWebKit/537.36 (KHTML, like Gecko; compatible; ClaudeBot/1.0; +claudebot@anthropic.com)"
216.73.216.135 - - [04/Apr/2026:01:33:27 -0400] "GET /status/offline,online/ethnicity/islander,latinas/languages/Faeroese?sortOrder=name HTTP/1.1" 200 19451 "-" "Mozilla/5.0 AppleWebKit/537.36 (KHTML, like Gecko; compatible; ClaudeBot/1.0; +claudebot@anthropic.com)"
74.7.241.25 - - [04/Apr/2026:01:33:27 -0400] "GET /age/18-19/ethnicity/white,east-indian,asian,black,native HTTP/1.1" 200 19647 "https://www.camjab.com/age/50-59,18-19/ethnicity/white,east-indian,asian,black,native" "Mozilla/5.0 AppleWebKit/537.36 (KHTML, like Gecko; compatible; GPTBot/1.3; +https://openai.com/gptbot)"
3.93.253.174 - - [04/Apr/2026:01:33:27 -0400] "GET /status/offline,online/gender/m,f,c,t/age/40-49,60-100/ethnicity/latinas,native,asian,white HTTP/1.1" 200 22411 "-" "Mozilla/5.0 AppleWebKit/537.36 (KHTML, like Gecko; compatible; Amazonbot/0.1; +https://developer.amazon.com/support/amazonbot) Chrome/119.0.6045.214 Safari/537.36"
216.73.216.135 - - [04/Apr/2026:01:33:27 -0400] "GET /gender/c,f/age/40-49/ethnicity/native,white/languages/Kazakh?sortOrder=recent HTTP/1.1" 200 19436 "-" "Mozilla/5.0 AppleWebKit/537.36 (KHTML, like Gecko; compatible; ClaudeBot/1.0; +claudebot@anthropic.com)"
216.73.216.135 - - [04/Apr/2026:01:33:27 -0400] "GET /status/offline,online/gender/c,f/age/60-100/languages/azerbaijani?sortOrder=mostViewed HTTP/1.1" 200 19689 "-" "Mozilla/5.0 AppleWebKit/537.36 (KHTML, like Gecko; compatible; ClaudeBot/1.0; +claudebot@anthropic.com)"
216.73.216.135 - - [04/Apr/2026:01:33:27 -0400] "GET /status/offline,online/age/40-49/ethnicity/other,asian/languages/Swedish?sortOrder=leastViewed HTTP/1.1" 200 19820 "-" "Mozilla/5.0 AppleWebKit/537.36 (KHTML, like Gecko; compatible; ClaudeBot/1.0; +claudebot@anthropic.com)"
216.73.216.135 - - [04/Apr/2026:01:33:27 -0400] "GET /gender/c,t,f/age/30-39/ethnicity/native/languages/fiji?sortOrder=name HTTP/1.1" 200 19206 "-" "Mozilla/5.0 AppleWebKit/537.36 (KHTML, like Gecko; compatible; ClaudeBot/1.0; +claudebot@anthropic.com)"
74.7.241.1 - - [04/Apr/2026:01:33:27 -0400] "GET /age/50-59/ethnicity/latest-news.php,black,latinas,native,islander,white,other HTTP/1.1" 200 20670 "https://camjab.com/age/50-59/ethnicity/latest-news.php,black,latinas,native,islander,white,east-indian,other" "Mozilla/5.0 AppleWebKit/537.36 (KHTML, like Gecko; compatible; GPTBot/1.3; +https://openai.com/gptbot)"
17.241.227.249 - - [04/Apr/2026:01:33:27 -0400] "GET /gender/t,m/sites/11 HTTP/1.1" 200 17517 "-" "Mozilla/5.0 (Macintosh; Intel Mac OS X 10_15_7) AppleWebKit/605.1.15 (KHTML, like Gecko) Version/17.4 Safari/605.1.15 (Applebot/0.1; +http://www.apple.com/go/applebot)"
216.73.216.135 - - [04/Apr/2026:01:33:27 -0400] "GET /status/offline,online/gender/c,f/age/40-49/languages/persian?sortOrder=timeOnline HTTP/1.1" 200 19512 "-" "Mozilla/5.0 AppleWebKit/537.36 (KHTML, like Gecko; compatible; ClaudeBot/1.0; +claudebot@anthropic.com)"
216.73.216.135 - - [04/Apr/2026:01:33:27 -0400] "GET /status/offline,online/age/40-49,30-39,20-29/languages/Vietnamese?sortOrder=mostViewed HTTP/1.1" 200 19656 "-" "Mozilla/5.0 AppleWebKit/537.36 (KHTML, like Gecko; compatible; ClaudeBot/1.0; +claudebot@anthropic.com)"
216.73.216.135 - - [04/Apr/2026:01:33:27 -0400] "GET /gender/t,c/ethnicity/islander,black,native/languages/Estonian?sortOrder=mostViewed HTTP/1.1" 200 19501 "-" "Mozilla/5.0 AppleWebKit/537.36 (KHTML, like Gecko; compatible; ClaudeBot/1.0; +claudebot@anthropic.com)"
216.73.216.135 - - [04/Apr/2026:01:33:27 -0400] "GET /gender/t,m/age/50-59,20-29/languages/Belarusian?sortOrder=mostViewed HTTP/1.1" 200 18852 "-" "Mozilla/5.0 AppleWebKit/537.36 (KHTML, like Gecko; compatible; ClaudeBot/1.0; +claudebot@anthropic.com)"
216.73.216.135 - - [04/Apr/2026:01:33:27 -0400] "GET /status/offline,online/gender/c/age/20-29,60-100/languages/hebrew?sortOrder=leastViewed HTTP/1.1" 200 19633 "-" "Mozilla/5.0 AppleWebKit/537.36 (KHTML, like Gecko; compatible; ClaudeBot/1.0; +claudebot@anthropic.com)"
216.73.216.135 - - [04/Apr/2026:01:33:28 -0400] "GET /status/offline/gender/m,c,f/age/18-19/languages/faeroese?sortOrder=youngest HTTP/1.1" 200 19357 "-" "Mozilla/5.0 AppleWebKit/537.36 (KHTML, like Gecko; compatible; ClaudeBot/1.0; +claudebot@anthropic.com)"
216.73.216.135 - - [04/Apr/2026:01:33:28 -0400] "GET /gender/c,f/age/50-59/ethnicity/other/languages/Georgian?sortOrder=recent HTTP/1.1" 200 19016 "-" "Mozilla/5.0 AppleWebKit/537.36 (KHTML, like Gecko; compatible; ClaudeBot/1.0; +claudebot@anthropic.com)"
216.73.216.135 - - [04/Apr/2026:01:33:28 -0400] "GET /status/online/gender/t,m/age/20-29/languages/Arabic?sortOrder=timeOnline HTTP/1.1" 200 18951 "-" "Mozilla/5.0 AppleWebKit/537.36 (KHTML, like Gecko; compatible; ClaudeBot/1.0; +claudebot@anthropic.com)"
216.73.216.135 - - [04/Apr/2026:01:33:28 -0400] "GET /status/offline,online/gender/f,c/age/40-49/languages/Romanian?sortOrder=timeOnline HTTP/1.1" 200 19547 "-" "Mozilla/5.0 AppleWebKit/537.36 (KHTML, like Gecko; compatible; ClaudeBot/1.0; +claudebot@anthropic.com)"
74.7.241.25 - - [04/Apr/2026:01:33:28 -0400] "GET /age/20-29/ethnicity/black,native,other,white,east-indian HTTP/1.1" 200 19647 "https://www.camjab.com/age/20-29/ethnicity/black,native,other,latinas,white,east-indian" "Mozilla/5.0 AppleWebKit/537.36 (KHTML, like Gecko; compatible; GPTBot/1.3; +https://openai.com/gptbot)"
52.7.33.248 - - [04/Apr/2026:01:33:28 -0400] "GET /status/offline,online/gender/f,t,m/age/18-19,60-100,20-29/ethnicity/islander,asian,east-indian,white,black/languages/hindi HTTP/1.1" 200 24057 "-" "Mozilla/5.0 AppleWebKit/537.36 (KHTML, like Gecko; compatible; Amazonbot/0.1; +https://developer.amazon.com/support/amazonbot) Chrome/119.0.6045.214 Safari/537.36"
216.73.216.135 - - [04/Apr/2026:01:33:28 -0400] "GET /status/offline/gender/t,m/age/18-19,40-49/ethnicity/native/languages/malay HTTP/1.1" 200 20007 "-" "Mozilla/5.0 AppleWebKit/537.36 (KHTML, like Gecko; compatible; ClaudeBot/1.0; +claudebot@anthropic.com)"
216.73.216.135 - - [04/Apr/2026:01:33:28 -0400] "GET /status/offline,online/age/40-49,60-100,30-39/languages/Hebrew?sortOrder=name HTTP/1.1" 200 19535 "-" "Mozilla/5.0 AppleWebKit/537.36 (KHTML, like Gecko; compatible; ClaudeBot/1.0; +claudebot@anthropic.com)"
216.73.216.135 - - [04/Apr/2026:01:33:28 -0400] "GET /gender/m,c/age/60-100,50-59/languages/Russian?sortOrder=youngest HTTP/1.1" 200 18785 "-" "Mozilla/5.0 AppleWebKit/537.36 (KHTML, like Gecko; compatible; ClaudeBot/1.0; +claudebot@anthropic.com)"
74.7.241.1 - - [04/Apr/2026:01:33:28 -0400] "GET /age/40-49/ethnicity/latest-news.php,black,other,islander,latinas,native HTTP/1.1" 200 20203 "https://camjab.com/age/40-49/ethnicity/latest-news.php,black,other,east-indian,islander,latinas,native" "Mozilla/5.0 AppleWebKit/537.36 (KHTML, like Gecko; compatible; GPTBot/1.3; +https://openai.com/gptbot)"
216.73.216.135 - - [04/Apr/2026:01:33:28 -0400] "GET /status/offline/gender/t,m,f/age/30-39/languages/Kazakh?sortOrder=name HTTP/1.1" 200 19270 "-" "Mozilla/5.0 AppleWebKit/537.36 (KHTML, like Gecko; compatible; ClaudeBot/1.0; +claudebot@anthropic.com)"
216.73.216.135 - - [04/Apr/2026:01:33:28 -0400] "GET /gender/f,t,c,m/ethnicity/islander,native/languages/Swedish?sortOrder=leastViewed HTTP/1.1" 200 19637 "-" "Mozilla/5.0 AppleWebKit/537.36 (KHTML, like Gecko; compatible; ClaudeBot/1.0; +claudebot@anthropic.com)"
216.73.216.135 - - [04/Apr/2026:01:33:28 -0400] "GET /gender/f,c/ethnicity/latinas,islander,native/languages/Portuguese?sortOrder=mostViewed HTTP/1.1" 200 19650 "-" "Mozilla/5.0 AppleWebKit/537.36 (KHTML, like Gecko; compatible; ClaudeBot/1.0; +claudebot@anthropic.com)"
216.73.216.135 - - [04/Apr/2026:01:33:28 -0400] "GET /gender/f,t/ethnicity/native,asian/languages/Finnish?sortOrder=youngest HTTP/1.1" 200 18920 "-" "Mozilla/5.0 AppleWebKit/537.36 (KHTML, like Gecko; compatible; ClaudeBot/1.0; +claudebot@anthropic.com)"
216.73.216.135 - - [04/Apr/2026:01:33:29 -0400] "GET /gender/t,f/ethnicity/latinas,white,native/languages/Norwegian?sortOrder=mostViewed HTTP/1.1" 200 19499 "-" "Mozilla/5.0 AppleWebKit/537.36 (KHTML, like Gecko; compatible; ClaudeBot/1.0; +claudebot@anthropic.com)"
216.73.216.135 - - [04/Apr/2026:01:33:29 -0400] "GET /gender/t,c/age/20-29/ethnicity/asian/languages/Greek?sortOrder=recent HTTP/1.1" 200 18909 "-" "Mozilla/5.0 AppleWebKit/537.36 (KHTML, like Gecko; compatible; ClaudeBot/1.0; +claudebot@anthropic.com)"
