216.73.216.135 - - [04/Apr/2026:01:30:43 -0400] "GET /status/offline/gender/m,c/ethnicity/black,islander/languages/Korean HTTP/1.1" 200 19565 "-" "Mozilla/5.0 AppleWebKit/537.36 (KHTML, like Gecko; compatible; ClaudeBot/1.0; +claudebot@anthropic.com)"
37.5.254.72 - - [04/Apr/2026:01:30:43 -0400] "GET /tags/feet/status/online/gender/m/age/20-29,50-59,60-100,30-39/ethnicity/white,other,islander HTTP/1.1" 200 21604 "https://camjab.com/tags/feet/gender/m/age/20-29,50-59,60-100,30-39/ethnicity/white,other,islander" "Mozilla/5.0 (Macintosh; Intel Mac OS X 10_15_7) AppleWebKit/537.36 (KHTML, like Gecko) Chrome/136.0.0.0 Safari/537.36"
185.244.152.214 - - [04/Apr/2026:01:30:43 -0400] "GET /tags/bearded/status/online,offline/age/20-29,60-100,18-19/ethnicity/native,east-indian,white,other?sortOrder=mostViewed HTTP/1.1" 200 22033 "https://camjab.com/tags/bearded/status/online,offline/age/20-29,60-100,18-19/ethnicity/native,east-indian,white,other?sortOrder=leastViewed" "Mozilla/5.0 (Windows NT 10.0; Win64; x64) AppleWebKit/537.36 (KHTML, like Gecko) Chrome/136.0.0.0 Safari/537.36 Edg/136.0.0.0"
216.73.216.135 - - [04/Apr/2026:01:30:43 -0400] "GET /status/online,offline/ethnicity/other,islander/languages/polish HTTP/1.1" 200 19224 "-" "Mozilla/5.0 AppleWebKit/537.36 (KHTML, like Gecko; compatible; ClaudeBot/1.0; +claudebot@anthropic.com)"
77.240.232.40 - - [04/Apr/2026:01:30:43 -0400] "GET /status/offline,online/gender/m/age/18-19,40-49,60-100,20-29/ethnicity/other,east-indian,black,islander HTTP/1.1" 200 22365 "https://camjab.com/status/offline,online/gender/m/age/18-19,40-49,60-100,20-29/ethnicity/latinas,other,east-indian,black,islander" "Mozilla/5.0 (Macintosh; Intel Mac OS X 10_15_7) AppleWebKit/537.36 (KHTML, like Gecko) Chrome/135.0.0.0 Safari/537.36"
178.43.241.145 - - [04/Apr/2026:01:30:43 -0400] "GET /status/offline/gender/m/age/18-19,50-59,40-49/ethnicity/white?sortOrder=youngest HTTP/1.1" 200 19595 "https://camjab.com/status/offline/gender/m/age/18-19,50-59,40-49/ethnicity/white" "Mozilla/5.0 (Windows NT 10.0; Win64; x64) AppleWebKit/537.36 (KHTML, like Gecko) Chrome/133.0.0.0 Safari/537.36"
216.73.216.135 - - [04/Apr/2026:01:30:43 -0400] "GET /age/30-39,20-29/ethnicity/latinas/languages/serbian HTTP/1.1" 200 18583 "-" "Mozilla/5.0 AppleWebKit/537.36 (KHTML, like Gecko; compatible; ClaudeBot/1.0; +claudebot@anthropic.com)"
5.44.168.215 - - [04/Apr/2026:01:30:43 -0400] "GET /status/offline/gender/m/age/20-29/ethnicity/other,white,latinas,asian,east-indian,black?sortOrder=oldest HTTP/1.1" 200 21332 "https://camjab.com/status/offline/gender/m/age/20-29/ethnicity/other,white,latinas,asian,east-indian,black" "Mozilla/5.0 (Windows NT 10.0; Win64; x64) AppleWebKit/537.36 (KHTML, like Gecko) Chrome/136.0.0.0 Safari/537.36 Edg/136.0.0.0"
216.73.216.135 - - [04/Apr/2026:01:30:43 -0400] "GET /status/offline/gender/m,f,t/ethnicity/native/languages/irish?sortOrder=oldest HTTP/1.1" 200 19395 "-" "Mozilla/5.0 AppleWebKit/537.36 (KHTML, like Gecko; compatible; ClaudeBot/1.0; +claudebot@anthropic.com)"
92.211.169.193 - - [04/Apr/2026:01:30:44 -0400] "GET /status/offline/gender/c,f,m/age/50-59,30-39,40-49/ethnicity/latinas,east-indian,islander,white,other,native?sortOrder=name HTTP/1.1" 200 23244 "https://camjab.com/status/offline/gender/c,f,m/age/50-59,30-39,40-49/ethnicity/latinas,east-indian,islander,white,other,native?sortOrder=oldest" "Mozilla/5.0 (Windows NT 10.0; Win64; x64) AppleWebKit/537.36 (KHTML, like Gecko) Chrome/136.0.0.0 Safari/537.36"
216.73.216.135 - - [04/Apr/2026:01:30:44 -0400] "GET /status/offline/gender/t,m,f/ethnicity/islander,white/languages/Dutch HTTP/1.1" 200 19842 "-" "Mozilla/5.0 AppleWebKit/537.36 (KHTML, like Gecko; compatible; ClaudeBot/1.0; +claudebot@anthropic.com)"
84.120.233.23 - - [04/Apr/2026:01:30:44 -0400] "GET /tags/desi/status/online/gender/c,m,f/age/40-49,50-59,20-29/ethnicity/other,native HTTP/1.1" 200 21201 "https://camjab.com/tags/desi/status/online/gender/c,m,f/age/40-49,18-19,50-59,20-29/ethnicity/other,native" "Mozilla/5.0 (Windows NT 10.0; Win64; x64) AppleWebKit/537.36 (KHTML, like Gecko) Chrome/136.0.0.0 Safari/537.36 Edg/136.0.0.0"
216.73.216.135 - - [04/Apr/2026:01:30:44 -0400] "GET /status/offline,online/ethnicity/latinas,islander/languages/belarusian HTTP/1.1" 200 19432 "-" "Mozilla/5.0 AppleWebKit/537.36 (KHTML, like Gecko; compatible; ClaudeBot/1.0; +claudebot@anthropic.com)"
185.212.251.52 - - [04/Apr/2026:01:30:44 -0400] "GET /gender/m,t/age/50-59,40-49/ethnicity/asian,east-indian,white HTTP/1.1" 200 19781 "https://camjab.com/gender/m,t/age/50-59,40-49/ethnicity/asian,islander,east-indian,white" "Mozilla/5.0 (Windows NT 10.0; Win64; x64) AppleWebKit/537.36 (KHTML, like Gecko) Chrome/136.0.0.0 Safari/537.36 Edg/136.0.0.0"
216.73.216.135 - - [04/Apr/2026:01:30:44 -0400] "GET /status/offline,online/age/40-49,50-59/languages/greek HTTP/1.1" 200 18952 "-" "Mozilla/5.0 AppleWebKit/537.36 (KHTML, like Gecko; compatible; ClaudeBot/1.0; +claudebot@anthropic.com)"
103.216.57.126 - - [04/Apr/2026:01:30:44 -0400] "GET /tags/bush/status/online/gender/t,c/age/18-19,20-29/ethnicity/native,black,white,east-indian,asian,islander HTTP/1.1" 200 22768 "https://camjab.com/tags/bush/status/online/gender/t/age/18-19,20-29/ethnicity/native,black,white,east-indian,asian,islander" "Mozilla/5.0 (Windows NT 10.0; Win64; x64) AppleWebKit/537.36 (KHTML, like Gecko) Chrome/135.0.0.0 Safari/537.36 Edg/135.0.0.0"
74.7.241.25 - - [04/Apr/2026:01:30:44 -0400] "GET /age/40-49/ethnicity/asian,white,black,native,east-indian HTTP/1.1" 200 19647 "https://www.camjab.com/age/40-49,30-39/ethnicity/asian,white,black,native,east-indian" "Mozilla/5.0 AppleWebKit/537.36 (KHTML, like Gecko; compatible; GPTBot/1.3; +https://openai.com/gptbot)"
44.212.131.50 - - [04/Apr/2026:01:30:44 -0400] "GET /status/offline,online/gender/f,t,m,c/age/18-19,30-39/ethnicity/east-indian,asian,white/languages/japanese HTTP/1.1" 200 22782 "-" "Mozilla/5.0 AppleWebKit/537.36 (KHTML, like Gecko; compatible; Amazonbot/0.1; +https://developer.amazon.com/support/amazonbot) Chrome/119.0.6045.214 Safari/537.36"
216.73.216.135 - - [04/Apr/2026:01:30:44 -0400] "GET /status/online/gender/m,c,f/age/60-100/languages/Irish?sortOrder=mostViewed HTTP/1.1" 200 19258 "-" "Mozilla/5.0 AppleWebKit/537.36 (KHTML, like Gecko; compatible; ClaudeBot/1.0; +claudebot@anthropic.com)"
216.73.216.135 - - [04/Apr/2026:01:30:44 -0400] "GET /gender/f,c,m/ethnicity/islander,white/languages/Finnish HTTP/1.1" 200 19190 "-" "Mozilla/5.0 AppleWebKit/537.36 (KHTML, like Gecko; compatible; ClaudeBot/1.0; +claudebot@anthropic.com)"
216.73.216.135 - - [04/Apr/2026:01:30:44 -0400] "GET /gender/t/ethnicity/latinas,black/languages/serbian HTTP/1.1" 200 18546 "-" "Mozilla/5.0 AppleWebKit/537.36 (KHTML, like Gecko; compatible; ClaudeBot/1.0; +claudebot@anthropic.com)"
74.7.241.1 - - [04/Apr/2026:01:30:44 -0400] "GET /age/50-59/ethnicity/latest-news.php,black,east-indian,islander,other,white HTTP/1.1" 200 20320 "https://camjab.com/age/50-59/ethnicity/latest-news.php,black,east-indian,native,islander,other,white" "Mozilla/5.0 AppleWebKit/537.36 (KHTML, like Gecko; compatible; GPTBot/1.3; +https://openai.com/gptbot)"
216.73.216.135 - - [04/Apr/2026:01:30:44 -0400] "GET /gender/f,t,m/age/40-49/ethnicity/white/languages/Hebrew HTTP/1.1" 200 19142 "-" "Mozilla/5.0 AppleWebKit/537.36 (KHTML, like Gecko; compatible; ClaudeBot/1.0; +claudebot@anthropic.com)"
216.73.216.135 - - [04/Apr/2026:01:30:44 -0400] "GET /gender/m,f/age/20-29,40-49/languages/norwegian?sortOrder=recent HTTP/1.1" 200 18811 "-" "Mozilla/5.0 AppleWebKit/537.36 (KHTML, like Gecko; compatible; ClaudeBot/1.0; +claudebot@anthropic.com)"
216.73.216.135 - - [04/Apr/2026:01:30:44 -0400] "GET /status/online/gender/f,m/ethnicity/white,native/languages/persian HTTP/1.1" 200 19489 "-" "Mozilla/5.0 AppleWebKit/537.36 (KHTML, like Gecko; compatible; ClaudeBot/1.0; +claudebot@anthropic.com)"
216.73.216.135 - - [04/Apr/2026:01:30:44 -0400] "GET /status/online,offline/gender/m/age/40-49/languages/Korean?sortOrder=leastViewed HTTP/1.1" 200 19150 "-" "Mozilla/5.0 AppleWebKit/537.36 (KHTML, like Gecko; compatible; ClaudeBot/1.0; +claudebot@anthropic.com)"
216.73.216.135 - - [04/Apr/2026:01:30:45 -0400] "GET /gender/t,c,f/ethnicity/islander,native/languages/kashmiri?sortOrder=mostViewed HTTP/1.1" 200 19372 "-" "Mozilla/5.0 AppleWebKit/537.36 (KHTML, like Gecko; compatible; ClaudeBot/1.0; +claudebot@anthropic.com)"
216.73.216.135 - - [04/Apr/2026:01:30:45 -0400] "GET /status/offline/gender/f,t,c/age/18-19/languages/French?sortOrder=recent HTTP/1.1" 200 19286 "-" "Mozilla/5.0 AppleWebKit/537.36 (KHTML, like Gecko; compatible; ClaudeBot/1.0; +claudebot@anthropic.com)"
216.73.216.135 - - [04/Apr/2026:01:30:45 -0400] "GET /status/online,offline/age/30-39/ethnicity/native/languages/French?sortOrder=oldest HTTP/1.1" 200 19344 "-" "Mozilla/5.0 AppleWebKit/537.36 (KHTML, like Gecko; compatible; ClaudeBot/1.0; +claudebot@anthropic.com)"
74.7.241.25 - - [04/Apr/2026:01:30:45 -0400] "GET /age/50-59,40-49/ethnicity/native,black,white,other,latinas,islander,east-indian HTTP/1.1" 200 21239 "https://www.camjab.com/age/50-59,40-49/ethnicity/native,black,white,other,latinas,islander,asian,east-indian" "Mozilla/5.0 AppleWebKit/537.36 (KHTML, like Gecko; compatible; GPTBot/1.3; +https://openai.com/gptbot)"
216.73.216.135 - - [04/Apr/2026:01:30:45 -0400] "GET /status/offline/gender/c,f/age/20-29,40-49/languages/belarusian?sortOrder=leastViewed HTTP/1.1" 200 19576 "-" "Mozilla/5.0 AppleWebKit/537.36 (KHTML, like Gecko; compatible; ClaudeBot/1.0; +claudebot@anthropic.com)"
216.73.216.135 - - [04/Apr/2026:01:30:45 -0400] "GET /status/offline/gender/t,c,f/age/18-19/languages/Ukrainian HTTP/1.1" 200 19298 "-" "Mozilla/5.0 AppleWebKit/537.36 (KHTML, like Gecko; compatible; ClaudeBot/1.0; +claudebot@anthropic.com)"
216.73.216.135 - - [04/Apr/2026:01:30:45 -0400] "GET /gender/f,c,t/ethnicity/other,native/languages/scots?sortOrder=leastViewed HTTP/1.1" 200 19159 "-" "Mozilla/5.0 AppleWebKit/537.36 (KHTML, like Gecko; compatible; ClaudeBot/1.0; +claudebot@anthropic.com)"
74.7.241.1 - - [04/Apr/2026:01:30:45 -0400] "GET /age/18-19/ethnicity/latest-news.php,latinas,native,black,other,asian,islander HTTP/1.1" 200 20670 "https://camjab.com/age/18-19/ethnicity/latest-news.php,latinas,native,east-indian,black,other,asian,islander" "Mozilla/5.0 AppleWebKit/537.36 (KHTML, like Gecko; compatible; GPTBot/1.3; +https://openai.com/gptbot)"
216.73.216.135 - - [04/Apr/2026:01:30:45 -0400] "GET /gender/c,f/ethnicity/latinas/languages/turkish?sortOrder=name HTTP/1.1" 200 18511 "-" "Mozilla/5.0 AppleWebKit/537.36 (KHTML, like Gecko; compatible; ClaudeBot/1.0; +claudebot@anthropic.com)"
216.73.216.135 - - [04/Apr/2026:01:30:45 -0400] "GET /gender/t,c,m,f/languages/Danish?sortOrder=timeOnline HTTP/1.1" 200 18346 "-" "Mozilla/5.0 AppleWebKit/537.36 (KHTML, like Gecko; compatible; ClaudeBot/1.0; +claudebot@anthropic.com)"
216.73.216.135 - - [04/Apr/2026:01:30:45 -0400] "GET /status/offline/gender/c,f/ethnicity/islander,white/languages/Ukrainian HTTP/1.1" 200 19680 "-" "Mozilla/5.0 AppleWebKit/537.36 (KHTML, like Gecko; compatible; ClaudeBot/1.0; +claudebot@anthropic.com)"
44.223.116.180 - - [04/Apr/2026:01:30:45 -0400] "GET /status/offline,online/gender/t,f,m,c/age/30-39,40-49/ethnicity/islander,asian,native/languages/hindi HTTP/1.1" 200 22341 "-" "Mozilla/5.0 AppleWebKit/537.36 (KHTML, like Gecko; compatible; Amazonbot/0.1; +https://developer.amazon.com/support/amazonbot) Chrome/119.0.6045.214 Safari/537.36"
216.73.216.135 - - [04/Apr/2026:01:30:45 -0400] "GET /status/online/gender/c,t/age/18-19/languages/Greek?sortOrder=recent HTTP/1.1" 200 18915 "-" "Mozilla/5.0 AppleWebKit/537.36 (KHTML, like Gecko; compatible; ClaudeBot/1.0; +claudebot@anthropic.com)"
216.73.216.135 - - [04/Apr/2026:01:30:46 -0400] "GET /gender/f,m,t/ethnicity/latinas/languages/Japanese HTTP/1.1" 200 18736 "-" "Mozilla/5.0 AppleWebKit/537.36 (KHTML, like Gecko; compatible; ClaudeBot/1.0; +claudebot@anthropic.com)"
216.73.216.135 - - [04/Apr/2026:01:30:46 -0400] "GET /status/online,offline/gender/f,m/languages/bulgarian HTTP/1.1" 200 18914 "-" "Mozilla/5.0 AppleWebKit/537.36 (KHTML, like Gecko; compatible; ClaudeBot/1.0; +claudebot@anthropic.com)"
17.241.75.36 - - [04/Apr/2026:01:30:46 -0400] "GET /core/ajax.loadModels.php?controller=router&gender%5B0%5D=t&gender%5B1%5D=m&age%5B0%5D=40-49&ethnicity%5B0%5D=asian&ethnicity%5B1%5D=native&languages%5B0%5D=greek HTTP/1.1" 200 182 "https://camjab.com/gender/t,m/age/40-49/ethnicity/asian,native/languages/greek" "Mozilla/5.0 (Macintosh; Intel Mac OS X 10_15_7) AppleWebKit/605.1.15 (KHTML, like Gecko) Version/17.4 Safari/605.1.15 (Applebot/0.1; +http://www.apple.com/go/applebot)"
18.211.148.239 - - [04/Apr/2026:01:30:46 -0400] "GET /status/offline,online/gender/c,t,m/age/60-100,50-59/ethnicity/white,east-indian,native,black/languages/belarusian HTTP/1.1" 200 23103 "-" "Mozilla/5.0 AppleWebKit/537.36 (KHTML, like Gecko; compatible; Amazonbot/0.1; +https://developer.amazon.com/support/amazonbot) Chrome/119.0.6045.214 Safari/537.36"
216.73.216.135 - - [04/Apr/2026:01:30:46 -0400] "GET /gender/t,f/age/30-39,18-19/languages/kurdish?sortOrder=mostViewed HTTP/1.1" 200 18760 "-" "Mozilla/5.0 AppleWebKit/537.36 (KHTML, like Gecko; compatible; ClaudeBot/1.0; +claudebot@anthropic.com)"
216.73.216.135 - - [04/Apr/2026:01:30:46 -0400] "GET /status/offline,online/gender/f/age/40-49/languages/Catalan?sortOrder=youngest HTTP/1.1" 200 19185 "-" "Mozilla/5.0 AppleWebKit/537.36 (KHTML, like Gecko; compatible; ClaudeBot/1.0; +claudebot@anthropic.com)"
74.7.241.25 - - [04/Apr/2026:01:30:46 -0400] "GET /age/50-59,30-39/ethnicity/native,black,white,other,latinas,islander,east-indian HTTP/1.1" 200 21239 "https://www.camjab.com/age/50-59,30-39/ethnicity/native,black,white,other,latinas,islander,asian,east-indian" "Mozilla/5.0 AppleWebKit/537.36 (KHTML, like Gecko; compatible; GPTBot/1.3; +https://openai.com/gptbot)"
216.73.216.135 - - [04/Apr/2026:01:30:46 -0400] "GET /gender/f,c/age/40-49/ethnicity/white,native/languages/danish?sortOrder=recent HTTP/1.1" 200 19436 "-" "Mozilla/5.0 AppleWebKit/537.36 (KHTML, like Gecko; compatible; ClaudeBot/1.0; +claudebot@anthropic.com)"
216.73.216.135 - - [04/Apr/2026:01:30:46 -0400] "GET /gender/m,f,t,c/ethnicity/native/languages/persian?sortOrder=leastViewed HTTP/1.1" 200 19070 "-" "Mozilla/5.0 AppleWebKit/537.36 (KHTML, like Gecko; compatible; ClaudeBot/1.0; +claudebot@anthropic.com)"
216.73.216.135 - - [04/Apr/2026:01:30:46 -0400] "GET /status/online/gender/c/age/60-100,50-59/languages/thai HTTP/1.1" 200 18941 "-" "Mozilla/5.0 AppleWebKit/537.36 (KHTML, like Gecko; compatible; ClaudeBot/1.0; +claudebot@anthropic.com)"
216.73.216.135 - - [04/Apr/2026:01:30:46 -0400] "GET /gender/t,f,c/ethnicity/other/languages/Portuguese HTTP/1.1" 200 18742 "-" "Mozilla/5.0 AppleWebKit/537.36 (KHTML, like Gecko; compatible; ClaudeBot/1.0; +claudebot@anthropic.com)"
216.73.216.135 - - [04/Apr/2026:01:30:46 -0400] "GET /status/offline,online/gender/f/ethnicity/islander/languages/Armenian?sortOrder=leastViewed HTTP/1.1" 200 19447 "-" "Mozilla/5.0 AppleWebKit/537.36 (KHTML, like Gecko; compatible; ClaudeBot/1.0; +claudebot@anthropic.com)"
216.73.216.135 - - [04/Apr/2026:01:30:46 -0400] "GET /gender/m/ethnicity/latinas,native,other/languages/Swedish HTTP/1.1" 200 18999 "-" "Mozilla/5.0 AppleWebKit/537.36 (KHTML, like Gecko; compatible; ClaudeBot/1.0; +claudebot@anthropic.com)"
216.73.216.135 - - [04/Apr/2026:01:30:47 -0400] "GET /gender/f/age/30-39/ethnicity/other,black?sortOrder=name HTTP/1.1" 200 18481 "-" "Mozilla/5.0 AppleWebKit/537.36 (KHTML, like Gecko; compatible; ClaudeBot/1.0; +claudebot@anthropic.com)"
216.73.216.135 - - [04/Apr/2026:01:30:47 -0400] "GET /gender/m,t,f,c/ethnicity/white/languages/german HTTP/1.1" 200 18890 "-" "Mozilla/5.0 AppleWebKit/537.36 (KHTML, like Gecko; compatible; ClaudeBot/1.0; +claudebot@anthropic.com)"
216.73.216.135 - - [04/Apr/2026:01:30:47 -0400] "GET /status/offline/gender/f,m/age/60-100,40-49/languages/indonesian?sortOrder=mostViewed HTTP/1.1" 200 19600 "-" "Mozilla/5.0 AppleWebKit/537.36 (KHTML, like Gecko; compatible; ClaudeBot/1.0; +claudebot@anthropic.com)"
107.20.255.194 - - [04/Apr/2026:01:30:47 -0400] "GET /status/offline/gender/m,f,t/age/60-100,20-29/ethnicity/east-indian,black,asian,islander,white/languages/hindi HTTP/1.1" 200 22933 "-" "Mozilla/5.0 AppleWebKit/537.36 (KHTML, like Gecko; compatible; Amazonbot/0.1; +https://developer.amazon.com/support/amazonbot) Chrome/119.0.6045.214 Safari/537.36"
216.73.216.135 - - [04/Apr/2026:01:30:47 -0400] "GET /status/online,offline/gender/m/age/20-29/languages/hindi?sortOrder=mostViewed HTTP/1.1" 200 19113 "-" "Mozilla/5.0 AppleWebKit/537.36 (KHTML, like Gecko; compatible; ClaudeBot/1.0; +claudebot@anthropic.com)"
216.73.216.135 - - [04/Apr/2026:01:30:47 -0400] "GET /gender/c/age/20-29/ethnicity/latinas/languages/korean HTTP/1.1" 200 18613 "-" "Mozilla/5.0 AppleWebKit/537.36 (KHTML, like Gecko; compatible; ClaudeBot/1.0; +claudebot@anthropic.com)"
216.73.216.135 - - [04/Apr/2026:01:30:47 -0400] "GET /status/online/gender/f,t/age/50-59/languages/Fiji HTTP/1.1" 200 18788 "-" "Mozilla/5.0 AppleWebKit/537.36 (KHTML, like Gecko; compatible; ClaudeBot/1.0; +claudebot@anthropic.com)"
216.73.216.135 - - [04/Apr/2026:01:30:47 -0400] "GET /status/offline,online/gender/c,t,f/languages/georgian?sortOrder=mostViewed HTTP/1.1" 200 19290 "-" "Mozilla/5.0 AppleWebKit/537.36 (KHTML, like Gecko; compatible; ClaudeBot/1.0; +claudebot@anthropic.com)"
74.7.241.25 - - [04/Apr/2026:01:30:47 -0400] "GET /age/18-19/ethnicity/native,black,east-indian,other,asian HTTP/1.1" 200 19647 "https://www.camjab.com/age/18-19/ethnicity/native,black,east-indian,islander,other,asian" "Mozilla/5.0 AppleWebKit/537.36 (KHTML, like Gecko; compatible; GPTBot/1.3; +https://openai.com/gptbot)"
216.73.216.135 - - [04/Apr/2026:01:30:47 -0400] "GET /status/offline,online/gender/f/ethnicity/latino/languages/Irish?sortOrder=mostViewed HTTP/1.1" 200 19233 "-" "Mozilla/5.0 AppleWebKit/537.36 (KHTML, like Gecko; compatible; ClaudeBot/1.0; +claudebot@anthropic.com)"
216.73.216.135 - - [04/Apr/2026:01:30:47 -0400] "GET /status/offline/gender/f,t/age/30-39/ethnicity/other/languages/Russian HTTP/1.1" 200 19597 "-" "Mozilla/5.0 AppleWebKit/537.36 (KHTML, like Gecko; compatible; ClaudeBot/1.0; +claudebot@anthropic.com)"
216.73.216.135 - - [04/Apr/2026:01:30:47 -0400] "GET /gender/f,c/age/20-29/ethnicity/other,native/languages/german HTTP/1.1" 200 19343 "-" "Mozilla/5.0 AppleWebKit/537.36 (KHTML, like Gecko; compatible; ClaudeBot/1.0; +claudebot@anthropic.com)"
216.73.216.135 - - [04/Apr/2026:01:30:47 -0400] "GET /status/offline/gender/f,m/age/18-19,60-100/languages/Chinese HTTP/1.1" 200 19390 "-" "Mozilla/5.0 AppleWebKit/537.36 (KHTML, like Gecko; compatible; ClaudeBot/1.0; +claudebot@anthropic.com)"
216.73.216.135 - - [04/Apr/2026:01:30:47 -0400] "GET /status/online/gender/c/hair/age/ethnicity/native?sortOrder=leastViewed HTTP/1.1" 200 19245 "-" "Mozilla/5.0 AppleWebKit/537.36 (KHTML, like Gecko; compatible; ClaudeBot/1.0; +claudebot@anthropic.com)"
216.73.216.135 - - [04/Apr/2026:01:30:47 -0400] "GET /gender/t,f,c,m/languages/Vietnamese?sortOrder=timeOnline HTTP/1.1" 200 18482 "-" "Mozilla/5.0 AppleWebKit/537.36 (KHTML, like Gecko; compatible; ClaudeBot/1.0; +claudebot@anthropic.com)"
216.73.216.135 - - [04/Apr/2026:01:30:47 -0400] "GET /status/offline/gender/f,t,c/ethnicity/black/languages/hindi?sortOrder=mostViewed HTTP/1.1" 200 19380 "-" "Mozilla/5.0 AppleWebKit/537.36 (KHTML, like Gecko; compatible; ClaudeBot/1.0; +claudebot@anthropic.com)"
216.73.216.135 - - [04/Apr/2026:01:30:48 -0400] "GET /gender/f,t/ethnicity/islander,native,latinas/languages/Dutch HTTP/1.1" 200 19365 "-" "Mozilla/5.0 AppleWebKit/537.36 (KHTML, like Gecko; compatible; ClaudeBot/1.0; +claudebot@anthropic.com)"
217.113.194.15 - - [04/Apr/2026:01:30:48 -0400] "GET /gender/f,t/age/20-29,60-100/ethnicity/east-indian,islander,native,black,white HTTP/1.1" 200 20920 "-" "Mozilla/5.0 (compatible; Barkrowler/0.9; +https://babbar.tech/crawler)"
216.73.216.135 - - [04/Apr/2026:01:30:48 -0400] "GET /gender/m,c,f,t/age/60-100/languages/Chinese?sortOrder=mostViewed HTTP/1.1" 200 18950 "-" "Mozilla/5.0 AppleWebKit/537.36 (KHTML, like Gecko; compatible; ClaudeBot/1.0; +claudebot@anthropic.com)"
18.205.213.231 - - [04/Apr/2026:01:30:48 -0400] "GET /status/offline,online/gender/c,m/age/30-39/ethnicity/black,white,islander,native,east-indian,latinas/sites/1 HTTP/1.1" 200 22955 "-" "Mozilla/5.0 AppleWebKit/537.36 (KHTML, like Gecko; compatible; Amazonbot/0.1; +https://developer.amazon.com/support/amazonbot) Chrome/119.0.6045.214 Safari/537.36"
216.73.216.135 - - [04/Apr/2026:01:30:48 -0400] "GET /status/offline/gender/c,t,m/ethnicity/white/languages/romanian HTTP/1.1" 200 19370 "-" "Mozilla/5.0 AppleWebKit/537.36 (KHTML, like Gecko; compatible; ClaudeBot/1.0; +claudebot@anthropic.com)"
216.73.216.135 - - [04/Apr/2026:01:30:48 -0400] "GET /status/offline/gender/t,f/age/40-49/ethnicity/islander/languages/Croatian HTTP/1.1" 200 19743 "-" "Mozilla/5.0 AppleWebKit/537.36 (KHTML, like Gecko; compatible; ClaudeBot/1.0; +claudebot@anthropic.com)"
144.76.32.187 - - [04/Apr/2026:01:30:48 -0400] "GET /languages/armenian HTTP/1.1" 200 17130 "-" "Mozilla/5.0 (compatible; SERankingBacklinksBot/1.0; +https://seranking.com/backlinks-crawler)"
74.7.241.25 - - [04/Apr/2026:01:30:48 -0400] "GET /age/50-59,18-19/ethnicity/native,black,white,other,latinas,islander,asian,east-indian HTTP/1.1" 200 21730 "https://www.camjab.com/age/50-59,18-19/ethnicity/native,black,white,other,latinas,islander,asian" "Mozilla/5.0 AppleWebKit/537.36 (KHTML, like Gecko; compatible; GPTBot/1.3; +https://openai.com/gptbot)"
216.73.216.135 - - [04/Apr/2026:01:30:48 -0400] "GET /gender/m,c/age/50-59,30-39/languages/korean HTTP/1.1" 200 18616 "-" "Mozilla/5.0 AppleWebKit/537.36 (KHTML, like Gecko; compatible; ClaudeBot/1.0; +claudebot@anthropic.com)"
216.73.216.135 - - [04/Apr/2026:01:30:48 -0400] "GET /gender/m,c,f/ethnicity/native,islander/languages/Albanian HTTP/1.1" 200 19262 "-" "Mozilla/5.0 AppleWebKit/537.36 (KHTML, like Gecko; compatible; ClaudeBot/1.0; +claudebot@anthropic.com)"
216.73.216.135 - - [04/Apr/2026:01:30:48 -0400] "GET /status/offline,online/gender/c/ethnicity/latinas/languages/Arabic?sortOrder=mostViewed HTTP/1.1" 200 19340 "-" "Mozilla/5.0 AppleWebKit/537.36 (KHTML, like Gecko; compatible; ClaudeBot/1.0; +claudebot@anthropic.com)"
216.73.216.135 - - [04/Apr/2026:01:30:48 -0400] "GET /gender/m,f/age/30-39/ethnicity/native,islander/languages/Hebrew?sortOrder=recent HTTP/1.1" 200 19537 "-" "Mozilla/5.0 AppleWebKit/537.36 (KHTML, like Gecko; compatible; ClaudeBot/1.0; +claudebot@anthropic.com)"
216.73.216.135 - - [04/Apr/2026:01:30:48 -0400] "GET /gender/c,m,f/age/50-59/languages/bulgarian?sortOrder=mostViewed HTTP/1.1" 200 18697 "-" "Mozilla/5.0 AppleWebKit/537.36 (KHTML, like Gecko; compatible; ClaudeBot/1.0; +claudebot@anthropic.com)"
216.73.216.135 - - [04/Apr/2026:01:30:48 -0400] "GET /status/offline/gender/f,m,c/ethnicity/white,islander/languages/Hebrew HTTP/1.1" 200 19883 "-" "Mozilla/5.0 AppleWebKit/537.36 (KHTML, like Gecko; compatible; ClaudeBot/1.0; +claudebot@anthropic.com)"
216.73.216.135 - - [04/Apr/2026:01:30:48 -0400] "GET /gender/f,m/age/60-100,40-49/languages/ukrainian?sortOrder=leastViewed HTTP/1.1" 200 18862 "-" "Mozilla/5.0 AppleWebKit/537.36 (KHTML, like Gecko; compatible; ClaudeBot/1.0; +claudebot@anthropic.com)"
216.73.216.135 - - [04/Apr/2026:01:30:49 -0400] "GET /gender/t,c,m,f/ethnicity/native/languages/kurdish?sortOrder=leastViewed HTTP/1.1" 200 19070 "-" "Mozilla/5.0 AppleWebKit/537.36 (KHTML, like Gecko; compatible; ClaudeBot/1.0; +claudebot@anthropic.com)"
216.73.216.135 - - [04/Apr/2026:01:30:49 -0400] "GET /gender/m,t,c/age/18-19/languages/icelandic?sortOrder=mostViewed HTTP/1.1" 200 18692 "-" "Mozilla/5.0 AppleWebKit/537.36 (KHTML, like Gecko; compatible; ClaudeBot/1.0; +claudebot@anthropic.com)"
216.73.216.135 - - [04/Apr/2026:01:30:49 -0400] "GET /status/offline/gender/f,c/ethnicity/islander,latinas/languages/Russian?sortOrder=mostViewed HTTP/1.1" 200 19789 "-" "Mozilla/5.0 AppleWebKit/537.36 (KHTML, like Gecko; compatible; ClaudeBot/1.0; +claudebot@anthropic.com)"
216.73.216.135 - - [04/Apr/2026:01:30:49 -0400] "GET /gender/t,f,c/ethnicity/black/languages/Bulgarian HTTP/1.1" 200 18708 "-" "Mozilla/5.0 AppleWebKit/537.36 (KHTML, like Gecko; compatible; ClaudeBot/1.0; +claudebot@anthropic.com)"
74.7.241.25 - - [04/Apr/2026:01:30:49 -0400] "GET /gender/f/age/20-29,50-59/ethnicity/native,black,white,other,latinas,islander,asian HTTP/1.1" 200 21563 "https://www.camjab.com/age/20-29,50-59/ethnicity/native,black,white,other,latinas,islander,asian" "Mozilla/5.0 AppleWebKit/537.36 (KHTML, like Gecko; compatible; GPTBot/1.3; +https://openai.com/gptbot)"
216.73.216.135 - - [04/Apr/2026:01:30:49 -0400] "GET /status/online,offline/ethnicity/white/languages/afrikaans?sortOrder=oldest HTTP/1.1" 200 18862 "-" "Mozilla/5.0 AppleWebKit/537.36 (KHTML, like Gecko; compatible; ClaudeBot/1.0; +claudebot@anthropic.com)"
216.73.216.135 - - [04/Apr/2026:01:30:49 -0400] "GET /gender/t,m,f/age/20-29,30-39/languages/Scots?sortOrder=mostViewed HTTP/1.1" 200 18973 "-" "Mozilla/5.0 AppleWebKit/537.36 (KHTML, like Gecko; compatible; ClaudeBot/1.0; +claudebot@anthropic.com)"
216.73.216.135 - - [04/Apr/2026:01:30:49 -0400] "GET /status/offline/gender/m/age/30-39,20-29/languages/english HTTP/1.1" 200 19033 "-" "Mozilla/5.0 AppleWebKit/537.36 (KHTML, like Gecko; compatible; ClaudeBot/1.0; +claudebot@anthropic.com)"
216.73.216.135 - - [04/Apr/2026:01:30:49 -0400] "GET /gender/m,f,t/ethnicity/islander,native/languages/Hungarian HTTP/1.1" 200 19292 "-" "Mozilla/5.0 AppleWebKit/537.36 (KHTML, like Gecko; compatible; ClaudeBot/1.0; +claudebot@anthropic.com)"
216.73.216.135 - - [04/Apr/2026:01:30:49 -0400] "GET /status/offline,online/gender/f,m/age/40-49/languages/Cambodian?sortOrder=mostViewed HTTP/1.1" 200 19572 "-" "Mozilla/5.0 AppleWebKit/537.36 (KHTML, like Gecko; compatible; ClaudeBot/1.0; +claudebot@anthropic.com)"
216.73.216.135 - - [04/Apr/2026:01:30:49 -0400] "GET /status/offline,online/ethnicity/islander,other/languages/azerbaijani?sortOrder=mostViewed HTTP/1.1" 200 19499 "-" "Mozilla/5.0 AppleWebKit/537.36 (KHTML, like Gecko; compatible; ClaudeBot/1.0; +claudebot@anthropic.com)"
216.73.216.135 - - [04/Apr/2026:01:30:49 -0400] "GET /gender/f,m/ethnicity/other,white/languages/romanian?sortOrder=mostViewed HTTP/1.1" 200 18919 "-" "Mozilla/5.0 AppleWebKit/537.36 (KHTML, like Gecko; compatible; ClaudeBot/1.0; +claudebot@anthropic.com)"
34.231.118.144 - - [04/Apr/2026:01:30:49 -0400] "GET /status/online,offline/gender/c,t,f,m/age/20-29/ethnicity/islander,native,white/languages/finnish HTTP/1.1" 200 21912 "-" "Mozilla/5.0 AppleWebKit/537.36 (KHTML, like Gecko; compatible; Amazonbot/0.1; +https://developer.amazon.com/support/amazonbot) Chrome/119.0.6045.214 Safari/537.36"
216.73.216.135 - - [04/Apr/2026:01:30:50 -0400] "GET /status/online,offline/gender/f/age/18-19/languages/korean?sortOrder=mostViewed HTTP/1.1" 200 19157 "-" "Mozilla/5.0 AppleWebKit/537.36 (KHTML, like Gecko; compatible; ClaudeBot/1.0; +claudebot@anthropic.com)"
216.73.216.135 - - [04/Apr/2026:01:30:50 -0400] "GET /status/online/gender/m/age/60-100,50-59/languages/Greek?sortOrder=mostViewed HTTP/1.1" 200 19070 "-" "Mozilla/5.0 AppleWebKit/537.36 (KHTML, like Gecko; compatible; ClaudeBot/1.0; +claudebot@anthropic.com)"
216.73.216.135 - - [04/Apr/2026:01:30:50 -0400] "GET /gender/t,c/age/30-39,50-59/languages/French HTTP/1.1" 200 18621 "-" "Mozilla/5.0 AppleWebKit/537.36 (KHTML, like Gecko; compatible; ClaudeBot/1.0; +claudebot@anthropic.com)"
216.73.216.135 - - [04/Apr/2026:01:30:50 -0400] "GET /gender/f,t/age/40-49/languages/italian?sortOrder=timeOnline HTTP/1.1" 200 18349 "-" "Mozilla/5.0 AppleWebKit/537.36 (KHTML, like Gecko; compatible; ClaudeBot/1.0; +claudebot@anthropic.com)"
216.73.216.135 - - [04/Apr/2026:01:30:50 -0400] "GET /status/offline/gender/f,m,c/ethnicity/islander/languages/croatian HTTP/1.1" 200 19486 "-" "Mozilla/5.0 AppleWebKit/537.36 (KHTML, like Gecko; compatible; ClaudeBot/1.0; +claudebot@anthropic.com)"
54.147.182.90 - - [04/Apr/2026:01:30:50 -0400] "GET /status/offline,online/gender/c,m,f,t/age/30-39,18-19/ethnicity/islander,black,asian,east-indian HTTP/1.1" 200 22631 "-" "Mozilla/5.0 AppleWebKit/537.36 (KHTML, like Gecko; compatible; Amazonbot/0.1; +https://developer.amazon.com/support/amazonbot) Chrome/119.0.6045.214 Safari/537.36"
74.7.241.25 - - [04/Apr/2026:01:30:50 -0400] "GET /age/18-19/ethnicity/native,other,asian,black,east-indian HTTP/1.1" 200 19647 "https://www.camjab.com/age/18-19/ethnicity/native,other,asian,latinas,black,east-indian" "Mozilla/5.0 AppleWebKit/537.36 (KHTML, like Gecko; compatible; GPTBot/1.3; +https://openai.com/gptbot)"
216.73.216.135 - - [04/Apr/2026:01:30:50 -0400] "GET /gender/c,t,f/age/18-19,40-49/languages/catalan HTTP/1.1" 200 18948 "-" "Mozilla/5.0 AppleWebKit/537.36 (KHTML, like Gecko; compatible; ClaudeBot/1.0; +claudebot@anthropic.com)"
216.73.216.135 - - [04/Apr/2026:01:30:50 -0400] "GET /status/offline/gender/c,t/age/60-100,18-19/languages/hebrew HTTP/1.1" 200 19360 "-" "Mozilla/5.0 AppleWebKit/537.36 (KHTML, like Gecko; compatible; ClaudeBot/1.0; +claudebot@anthropic.com)"
216.73.216.135 - - [04/Apr/2026:01:30:50 -0400] "GET /gender/t,f/ethnicity/black,native,white/languages/Japanese HTTP/1.1" 200 19285 "-" "Mozilla/5.0 AppleWebKit/537.36 (KHTML, like Gecko; compatible; ClaudeBot/1.0; +claudebot@anthropic.com)"
216.73.216.135 - - [04/Apr/2026:01:30:50 -0400] "GET /status/online/gender/m,f/ethnicity/white,native/languages/scots?sortOrder=leastViewed HTTP/1.1" 200 19527 "-" "Mozilla/5.0 AppleWebKit/537.36 (KHTML, like Gecko; compatible; ClaudeBot/1.0; +claudebot@anthropic.com)"
216.73.216.135 - - [04/Apr/2026:01:30:50 -0400] "GET /status/offline/gender/t,f,c/ethnicity/islander,native/languages/French HTTP/1.1" 200 19926 "-" "Mozilla/5.0 AppleWebKit/537.36 (KHTML, like Gecko; compatible; ClaudeBot/1.0; +claudebot@anthropic.com)"
216.73.216.135 - - [04/Apr/2026:01:30:50 -0400] "GET /gender/m,f,c/ethnicity/native,white/languages/Faeroese HTTP/1.1" 200 19151 "-" "Mozilla/5.0 AppleWebKit/537.36 (KHTML, like Gecko; compatible; ClaudeBot/1.0; +claudebot@anthropic.com)"
216.73.216.135 - - [04/Apr/2026:01:30:51 -0400] "GET /gender/t,f,c,m/languages/Hindi?sortOrder=youngest HTTP/1.1" 200 18306 "-" "Mozilla/5.0 AppleWebKit/537.36 (KHTML, like Gecko; compatible; ClaudeBot/1.0; +claudebot@anthropic.com)"
34.225.24.180 - - [04/Apr/2026:01:30:51 -0400] "GET /status/offline,online/gender/f,t,c,m/age/30-39,20-29,18-19/ethnicity/islander,native,asian,black,other HTTP/1.1" 200 23456 "-" "Mozilla/5.0 AppleWebKit/537.36 (KHTML, like Gecko; compatible; Amazonbot/0.1; +https://developer.amazon.com/support/amazonbot) Chrome/119.0.6045.214 Safari/537.36"
216.73.216.135 - - [04/Apr/2026:01:30:51 -0400] "GET /gender/t,m/age/40-49/ethnicity/white,native/languages/french HTTP/1.1" 200 19328 "-" "Mozilla/5.0 AppleWebKit/537.36 (KHTML, like Gecko; compatible; ClaudeBot/1.0; +claudebot@anthropic.com)"
216.73.216.135 - - [04/Apr/2026:01:30:51 -0400] "GET /gender/t,f,m/ethnicity/islander/languages/Azerbaijani HTTP/1.1" 200 18874 "-" "Mozilla/5.0 AppleWebKit/537.36 (KHTML, like Gecko; compatible; ClaudeBot/1.0; +claudebot@anthropic.com)"
216.73.216.135 - - [04/Apr/2026:01:30:51 -0400] "GET /status/online,offline/age/18-19,30-39/languages/maltese HTTP/1.1" 200 19020 "-" "Mozilla/5.0 AppleWebKit/537.36 (KHTML, like Gecko; compatible; ClaudeBot/1.0; +claudebot@anthropic.com)"
74.7.241.1 - - [04/Apr/2026:01:30:45 -0400] "GET /core/ajax.loadModels.php?age%5B0%5D=30-39&controller=router&ethnicity%5B0%5D=latest-news.php&ethnicity%5B1%5D=other&ethnicity%5B2%5D=black&ethnicity%5B3%5D=native&ethnicity%5B4%5D=islander&ethnicity%5B5%5D=white&ethnicity%5B6%5D=asian HTTP/1.1" 200 182 "https://camjab.com/age/30-39/ethnicity/latest-news.php,other,black,native,islander,white,asian" "Mozilla/5.0 AppleWebKit/537.36 (KHTML, like Gecko; compatible; GPTBot/1.3; +https://openai.com/gptbot)"
216.73.216.135 - - [04/Apr/2026:01:30:51 -0400] "GET /status/offline/gender/c,m,f/age/40-49/ethnicity/islander/languages/German HTTP/1.1" 200 19990 "-" "Mozilla/5.0 AppleWebKit/537.36 (KHTML, like Gecko; compatible; ClaudeBot/1.0; +claudebot@anthropic.com)"
74.7.241.25 - - [04/Apr/2026:01:30:51 -0400] "GET /age/50-59/ethnicity/other,black,white,east-indian,native HTTP/1.1" 200 19647 "https://www.camjab.com/age/50-59/ethnicity/latinas,other,black,white,east-indian,native" "Mozilla/5.0 AppleWebKit/537.36 (KHTML, like Gecko; compatible; GPTBot/1.3; +https://openai.com/gptbot)"
217.113.194.19 - - [04/Apr/2026:01:30:51 -0400] "GET /status/online/gender/m,c,f/age/60-100/ethnicity/white,asian/languages/armenian HTTP/1.1" 200 20646 "-" "Mozilla/5.0 (compatible; Barkrowler/0.9; +https://babbar.tech/crawler)"
216.73.216.135 - - [04/Apr/2026:01:30:51 -0400] "GET /gender/m,c/age/20-29,30-39/languages/slovak HTTP/1.1" 200 18616 "-" "Mozilla/5.0 AppleWebKit/537.36 (KHTML, like Gecko; compatible; ClaudeBot/1.0; +claudebot@anthropic.com)"
216.73.216.135 - - [04/Apr/2026:01:30:51 -0400] "GET /gender/t,c,f/age/18-19/languages/greek HTTP/1.1" 200 18461 "-" "Mozilla/5.0 AppleWebKit/537.36 (KHTML, like Gecko; compatible; ClaudeBot/1.0; +claudebot@anthropic.com)"
66.249.66.197 - - [04/Apr/2026:01:30:51 -0400] "GET /core/ajax.loadModels.php?controller=router&gender%5B0%5D=c&ethnicity%5B0%5D=other&ethnicity%5B1%5D=latino&ethnicity%5B2%5D=black&ethnicity%5B3%5D=native&ethnicity%5B4%5D=east-indian HTTP/1.1" 200 182 "https://camjab.com/gender/c/ethnicity/other,latino,black,native,east-indian" "Mozilla/5.0 (Linux; Android 6.0.1; Nexus 5X Build/MMB29P) AppleWebKit/537.36 (KHTML, like Gecko) Chrome/146.0.7680.177 Mobile Safari/537.36 (compatible; Googlebot/2.1; +http://www.google.com/bot.html)"
216.73.216.135 - - [04/Apr/2026:01:30:51 -0400] "GET /gender/f,m,t,c/languages/Icelandic?sortOrder=oldest HTTP/1.1" 200 18436 "-" "Mozilla/5.0 AppleWebKit/537.36 (KHTML, like Gecko; compatible; ClaudeBot/1.0; +claudebot@anthropic.com)"
216.73.216.135 - - [04/Apr/2026:01:30:51 -0400] "GET /status/offline/gender/f,m/ethnicity/white/languages/azerbaijani?sortOrder=recent HTTP/1.1" 200 19261 "-" "Mozilla/5.0 AppleWebKit/537.36 (KHTML, like Gecko; compatible; ClaudeBot/1.0; +claudebot@anthropic.com)"
216.73.216.135 - - [04/Apr/2026:01:30:51 -0400] "GET /gender/f,c/ethnicity/other,native,white/languages/Finnish?sortOrder=mostViewed HTTP/1.1" 200 19360 "-" "Mozilla/5.0 AppleWebKit/537.36 (KHTML, like Gecko; compatible; ClaudeBot/1.0; +claudebot@anthropic.com)"
216.73.216.135 - - [04/Apr/2026:01:30:51 -0400] "GET /gender/m,c/ethnicity/native,islander/languages/Estonian?sortOrder=recent HTTP/1.1" 200 19051 "-" "Mozilla/5.0 AppleWebKit/537.36 (KHTML, like Gecko; compatible; ClaudeBot/1.0; +claudebot@anthropic.com)"
216.73.216.135 - - [04/Apr/2026:01:30:52 -0400] "GET /status/offline/gender/t,m,f/languages/Azerbaijani?sortOrder=timeOnline HTTP/1.1" 200 18913 "-" "Mozilla/5.0 AppleWebKit/537.36 (KHTML, like Gecko; compatible; ClaudeBot/1.0; +claudebot@anthropic.com)"
216.73.216.135 - - [04/Apr/2026:01:30:52 -0400] "GET /gender/t,m/ethnicity/other,native/languages/Hindi?sortOrder=recent HTTP/1.1" 200 18836 "-" "Mozilla/5.0 AppleWebKit/537.36 (KHTML, like Gecko; compatible; ClaudeBot/1.0; +claudebot@anthropic.com)"
216.73.216.135 - - [04/Apr/2026:01:30:52 -0400] "GET /status/offline/gender/f,m/age/40-49/ethnicity/white/languages/afrikaans HTTP/1.1" 200 19662 "-" "Mozilla/5.0 AppleWebKit/537.36 (KHTML, like Gecko; compatible; ClaudeBot/1.0; +claudebot@anthropic.com)"
216.73.216.135 - - [04/Apr/2026:01:30:52 -0400] "GET /gender/f,t/age/18-19/ethnicity/white,native/languages/German?sortOrder=mostViewed HTTP/1.1" 200 19443 "-" "Mozilla/5.0 AppleWebKit/537.36 (KHTML, like Gecko; compatible; ClaudeBot/1.0; +claudebot@anthropic.com)"
35.174.141.243 - - [04/Apr/2026:01:30:52 -0400] "GET /status/offline/gender/c,f,t,m/age/50-59,20-29/ethnicity/asian,native,black/sites/1 HTTP/1.1" 200 21621 "-" "Mozilla/5.0 AppleWebKit/537.36 (KHTML, like Gecko; compatible; Amazonbot/0.1; +https://developer.amazon.com/support/amazonbot) Chrome/119.0.6045.214 Safari/537.36"
74.7.241.1 - - [04/Apr/2026:01:30:52 -0400] "GET /age/18-19/ethnicity/latest-news.php,black,islander,other,white,east-indian,latinas HTTP/1.1" 200 20870 "https://camjab.com/age/18-19/ethnicity/latest-news.php,black,islander,other,white,east-indian,native,latinas" "Mozilla/5.0 AppleWebKit/537.36 (KHTML, like Gecko; compatible; GPTBot/1.3; +https://openai.com/gptbot)"
216.73.216.135 - - [04/Apr/2026:01:30:52 -0400] "GET /status/offline/gender/f,c,t,m/ethnicity/native/languages/dutch HTTP/1.1" 200 19613 "-" "Mozilla/5.0 AppleWebKit/537.36 (KHTML, like Gecko; compatible; ClaudeBot/1.0; +claudebot@anthropic.com)"
216.73.216.135 - - [04/Apr/2026:01:30:52 -0400] "GET /gender/f,t/ethnicity/native,asian/languages/Indonesian HTTP/1.1" 200 18923 "-" "Mozilla/5.0 AppleWebKit/537.36 (KHTML, like Gecko; compatible; ClaudeBot/1.0; +claudebot@anthropic.com)"
74.7.241.25 - - [04/Apr/2026:01:30:52 -0400] "GET /age/18-19/ethnicity/east-indian,other,asian,native,black,islander HTTP/1.1" 200 20214 "https://www.camjab.com/age/18-19/ethnicity/east-indian,other,asian,native,black" "Mozilla/5.0 AppleWebKit/537.36 (KHTML, like Gecko; compatible; GPTBot/1.3; +https://openai.com/gptbot)"
216.73.216.135 - - [04/Apr/2026:01:30:52 -0400] "GET /gender/c/age/20-29/ethnicity/white,black/languages/German HTTP/1.1" 200 18986 "-" "Mozilla/5.0 AppleWebKit/537.36 (KHTML, like Gecko; compatible; ClaudeBot/1.0; +claudebot@anthropic.com)"
216.73.216.135 - - [04/Apr/2026:01:30:52 -0400] "GET /status/offline,online/age/50-59/ethnicity/white/languages/maltese?sortOrder=mostViewed HTTP/1.1" 200 19354 "-" "Mozilla/5.0 AppleWebKit/537.36 (KHTML, like Gecko; compatible; ClaudeBot/1.0; +claudebot@anthropic.com)"
144.76.32.187 - - [04/Apr/2026:01:30:52 -0400] "GET /languages/croatian HTTP/1.1" 200 17130 "-" "Mozilla/5.0 (compatible; SERankingBacklinksBot/1.0; +https://seranking.com/backlinks-crawler)"
216.73.216.135 - - [04/Apr/2026:01:30:52 -0400] "GET /status/offline,online/gender/c,m/age/20-29/languages/Maltese?sortOrder=mostViewed HTTP/1.1" 200 19502 "-" "Mozilla/5.0 AppleWebKit/537.36 (KHTML, like Gecko; compatible; ClaudeBot/1.0; +claudebot@anthropic.com)"
216.73.216.135 - - [04/Apr/2026:01:30:52 -0400] "GET /gender/c,m,f/age/20-29/ethnicity/native/languages/Vietnamese?sortOrder=mostViewed HTTP/1.1" 200 19429 "-" "Mozilla/5.0 AppleWebKit/537.36 (KHTML, like Gecko; compatible; ClaudeBot/1.0; +claudebot@anthropic.com)"
216.73.216.135 - - [04/Apr/2026:01:30:52 -0400] "GET /status/offline,online/ethnicity/native,latinas/languages/belarusian?sortOrder=recent HTTP/1.1" 200 19453 "-" "Mozilla/5.0 AppleWebKit/537.36 (KHTML, like Gecko; compatible; ClaudeBot/1.0; +claudebot@anthropic.com)"
216.73.216.135 - - [04/Apr/2026:01:30:53 -0400] "GET /status/offline,online/gender/m/age/20-29,40-49/languages/English HTTP/1.1" 200 19513 "-" "Mozilla/5.0 AppleWebKit/537.36 (KHTML, like Gecko; compatible; ClaudeBot/1.0; +claudebot@anthropic.com)"
143.105.39.2 - - [04/Apr/2026:01:30:53 -0400] "GET /status/online/gender/m/age/20-29,60-100/ethnicity/native,asian?sortOrder=timeOnline HTTP/1.1" 200 19666 "https://camjab.com/status/online/gender/m/age/20-29,60-100/ethnicity/native,asian" "Mozilla/5.0 (Windows NT 10.0; Win64; x64) AppleWebKit/537.36 (KHTML, like Gecko) Chrome/135.0.0.0 Safari/537.36"
216.73.216.135 - - [04/Apr/2026:01:30:53 -0400] "GET /status/offline/gender/c/ethnicity/latinas,white,native/languages/Fiji HTTP/1.1" 200 19620 "-" "Mozilla/5.0 AppleWebKit/537.36 (KHTML, like Gecko; compatible; ClaudeBot/1.0; +claudebot@anthropic.com)"
216.73.216.135 - - [04/Apr/2026:01:30:53 -0400] "GET /status/offline,online/age/40-49/ethnicity/white,black/languages/hebrew HTTP/1.1" 200 19677 "-" "Mozilla/5.0 AppleWebKit/537.36 (KHTML, like Gecko; compatible; ClaudeBot/1.0; +claudebot@anthropic.com)"
216.73.216.135 - - [04/Apr/2026:01:30:53 -0400] "GET /gender/m,f/age/40-49/ethnicity/asian/languages/Kurdish HTTP/1.1" 200 18879 "-" "Mozilla/5.0 AppleWebKit/537.36 (KHTML, like Gecko; compatible; ClaudeBot/1.0; +claudebot@anthropic.com)"
216.73.216.135 - - [04/Apr/2026:01:30:53 -0400] "GET /status/offline/gender/c,f/age/18-19,40-49/languages/Cambodian?sortOrder=mostViewed HTTP/1.1" 200 19538 "-" "Mozilla/5.0 AppleWebKit/537.36 (KHTML, like Gecko; compatible; ClaudeBot/1.0; +claudebot@anthropic.com)"
74.7.241.1 - - [04/Apr/2026:01:30:53 -0400] "GET /age/20-29/ethnicity/latest-news.php,latinas,east-indian,black,white,native,other HTTP/1.1" 200 20790 "https://camjab.com/age/20-29/ethnicity/latest-news.php,latinas,east-indian,black,white,native" "Mozilla/5.0 AppleWebKit/537.36 (KHTML, like Gecko; compatible; GPTBot/1.3; +https://openai.com/gptbot)"
216.73.216.135 - - [04/Apr/2026:01:30:53 -0400] "GET /gender/m,f/ethnicity/white,other,native/languages/irish HTTP/1.1" 200 19175 "-" "Mozilla/5.0 AppleWebKit/537.36 (KHTML, like Gecko; compatible; ClaudeBot/1.0; +claudebot@anthropic.com)"
74.7.241.25 - - [04/Apr/2026:01:30:53 -0400] "GET /age/30-39/ethnicity/white,black,native,other,east-indian HTTP/1.1" 200 19647 "https://www.camjab.com/age/30-39/ethnicity/islander,white,black,native,other,east-indian" "Mozilla/5.0 AppleWebKit/537.36 (KHTML, like Gecko; compatible; GPTBot/1.3; +https://openai.com/gptbot)"
216.73.216.135 - - [04/Apr/2026:01:30:53 -0400] "GET /gender/t,m,f/ethnicity/asian/languages/french HTTP/1.1" 200 18596 "-" "Mozilla/5.0 AppleWebKit/537.36 (KHTML, like Gecko; compatible; ClaudeBot/1.0; +claudebot@anthropic.com)"
216.73.216.135 - - [04/Apr/2026:01:30:53 -0400] "GET /status/offline,online/gender/f,m/ethnicity/other/languages/Turkish HTTP/1.1" 200 19514 "-" "Mozilla/5.0 AppleWebKit/537.36 (KHTML, like Gecko; compatible; ClaudeBot/1.0; +claudebot@anthropic.com)"
216.73.216.135 - - [04/Apr/2026:01:30:53 -0400] "GET /status/offline/gender/f,m/age/60-100/ethnicity/native/languages/Armenian HTTP/1.1" 200 19701 "-" "Mozilla/5.0 AppleWebKit/537.36 (KHTML, like Gecko; compatible; ClaudeBot/1.0; +claudebot@anthropic.com)"
216.73.216.135 - - [04/Apr/2026:01:30:53 -0400] "GET /status/offline/gender/t,c/ethnicity/islander,native/languages/english HTTP/1.1" 200 19642 "-" "Mozilla/5.0 AppleWebKit/537.36 (KHTML, like Gecko; compatible; ClaudeBot/1.0; +claudebot@anthropic.com)"
216.73.216.135 - - [04/Apr/2026:01:30:53 -0400] "GET /status/offline/gender/m,t/ethnicity/islander,native/languages/kazakh?sortOrder=mostViewed HTTP/1.1" 200 19702 "-" "Mozilla/5.0 AppleWebKit/537.36 (KHTML, like Gecko; compatible; ClaudeBot/1.0; +claudebot@anthropic.com)"
18.215.49.176 - - [04/Apr/2026:01:30:54 -0400] "GET /status/offline,online/gender/f,c,t/age/18-19/ethnicity/islander/languages/maltese HTTP/1.1" 200 20542 "-" "Mozilla/5.0 AppleWebKit/537.36 (KHTML, like Gecko; compatible; Amazonbot/0.1; +https://developer.amazon.com/support/amazonbot) Chrome/119.0.6045.214 Safari/537.36"
216.73.216.135 - - [04/Apr/2026:01:30:54 -0400] "GET /gender/c,m,f/ethnicity/black,native/languages/Kashmiri HTTP/1.1" 200 19151 "-" "Mozilla/5.0 AppleWebKit/537.36 (KHTML, like Gecko; compatible; ClaudeBot/1.0; +claudebot@anthropic.com)"
216.73.216.135 - - [04/Apr/2026:01:30:54 -0400] "GET /status/offline/gender/t,m/ethnicity/other,native/languages/hungarian HTTP/1.1" 200 19591 "-" "Mozilla/5.0 AppleWebKit/537.36 (KHTML, like Gecko; compatible; ClaudeBot/1.0; +claudebot@anthropic.com)"
3.230.69.161 - - [04/Apr/2026:01:30:54 -0400] "GET /status/offline,online/gender/t,m,f,c/age/18-19,20-29/ethnicity/black,native,islander,white HTTP/1.1" 200 22411 "-" "Mozilla/5.0 AppleWebKit/537.36 (KHTML, like Gecko; compatible; Amazonbot/0.1; +https://developer.amazon.com/support/amazonbot) Chrome/119.0.6045.214 Safari/537.36"
216.73.216.135 - - [04/Apr/2026:01:30:54 -0400] "GET /status/offline,online/ethnicity/islander,white,other/languages/Japanese HTTP/1.1" 200 19735 "-" "Mozilla/5.0 AppleWebKit/537.36 (KHTML, like Gecko; compatible; ClaudeBot/1.0; +claudebot@anthropic.com)"
216.73.216.135 - - [04/Apr/2026:01:30:54 -0400] "GET /status/offline/gender/m,c/age/60-100,30-39/languages/german?sortOrder=recent HTTP/1.1" 200 19448 "-" "Mozilla/5.0 AppleWebKit/537.36 (KHTML, like Gecko; compatible; ClaudeBot/1.0; +claudebot@anthropic.com)"
216.73.216.135 - - [04/Apr/2026:01:30:54 -0400] "GET /status/online,offline/ethnicity/white/languages/afrikaans?sortOrder=name HTTP/1.1" 200 18856 "-" "Mozilla/5.0 AppleWebKit/537.36 (KHTML, like Gecko; compatible; ClaudeBot/1.0; +claudebot@anthropic.com)"
74.7.241.1 - - [04/Apr/2026:01:30:54 -0400] "GET /age/40-49/ethnicity/latest-news.php,native,white,black,latinas,other,east-indian HTTP/1.1" 200 20790 "https://camjab.com/age/40-49/ethnicity/latest-news.php,native,white,black,latinas,other,east-indian,islander" "Mozilla/5.0 AppleWebKit/537.36 (KHTML, like Gecko; compatible; GPTBot/1.3; +https://openai.com/gptbot)"
216.73.216.135 - - [04/Apr/2026:01:30:54 -0400] "GET /status/offline/gender/t,f/ethnicity/black,native/languages/kazakh HTTP/1.1" 200 19496 "-" "Mozilla/5.0 AppleWebKit/537.36 (KHTML, like Gecko; compatible; ClaudeBot/1.0; +claudebot@anthropic.com)"
74.7.241.25 - - [04/Apr/2026:01:30:54 -0400] "GET /age/30-39,20-29/ethnicity/east-indian,black,native,other,white HTTP/1.1" 200 20098 "https://www.camjab.com/age/30-39/ethnicity/east-indian,black,native,other,white" "Mozilla/5.0 AppleWebKit/537.36 (KHTML, like Gecko; compatible; GPTBot/1.3; +https://openai.com/gptbot)"
216.73.216.135 - - [04/Apr/2026:01:30:54 -0400] "GET /gender/m,c/ethnicity/latinas,native/languages/Icelandic?sortOrder=mostViewed HTTP/1.1" 200 19061 "-" "Mozilla/5.0 AppleWebKit/537.36 (KHTML, like Gecko; compatible; ClaudeBot/1.0; +claudebot@anthropic.com)"
216.73.216.135 - - [04/Apr/2026:01:30:54 -0400] "GET /gender/f,m/ethnicity/other,native,white/languages/Spanish HTTP/1.1" 200 19245 "-" "Mozilla/5.0 AppleWebKit/537.36 (KHTML, like Gecko; compatible; ClaudeBot/1.0; +claudebot@anthropic.com)"
216.73.216.135 - - [04/Apr/2026:01:30:54 -0400] "GET /status/offline/gender/f,c/ethnicity/latinas,native/languages/Faeroese?sortOrder=mostViewed HTTP/1.1" 200 19750 "-" "Mozilla/5.0 AppleWebKit/537.36 (KHTML, like Gecko; compatible; ClaudeBot/1.0; +claudebot@anthropic.com)"
216.73.216.135 - - [04/Apr/2026:01:30:54 -0400] "GET /status/offline/gender/c,t/ethnicity/asian/languages/Cambodian HTTP/1.1" 200 19105 "-" "Mozilla/5.0 AppleWebKit/537.36 (KHTML, like Gecko; compatible; ClaudeBot/1.0; +claudebot@anthropic.com)"
216.73.216.135 - - [04/Apr/2026:01:30:54 -0400] "GET /status/offline,online/gender/f/age/30-39/ethnicity/other,native?sortOrder=mostViewed HTTP/1.1" 200 19721 "-" "Mozilla/5.0 AppleWebKit/537.36 (KHTML, like Gecko; compatible; ClaudeBot/1.0; +claudebot@anthropic.com)"
54.147.182.90 - - [04/Apr/2026:01:30:55 -0400] "GET /status/offline,online/gender/f,c,t,m/age/18-19,30-39,60-100,20-29/ethnicity/black,islander,white,asian HTTP/1.1" 200 23449 "-" "Mozilla/5.0 AppleWebKit/537.36 (KHTML, like Gecko; compatible; Amazonbot/0.1; +https://developer.amazon.com/support/amazonbot) Chrome/119.0.6045.214 Safari/537.36"
216.73.216.135 - - [04/Apr/2026:01:30:55 -0400] "GET /status/online/gender/t,f/age/30-39/sites/11?sortOrder=leastViewed HTTP/1.1" 200 18772 "-" "Mozilla/5.0 AppleWebKit/537.36 (KHTML, like Gecko; compatible; ClaudeBot/1.0; +claudebot@anthropic.com)"
216.73.216.135 - - [04/Apr/2026:01:30:55 -0400] "GET /status/offline/gender/f,t/age/60-100,30-39/languages/dutch HTTP/1.1" 200 19325 "-" "Mozilla/5.0 AppleWebKit/537.36 (KHTML, like Gecko; compatible; ClaudeBot/1.0; +claudebot@anthropic.com)"
216.73.216.135 - - [04/Apr/2026:01:30:55 -0400] "GET /status/offline/gender/f,m/ethnicity/latinas,other/languages/Dutch HTTP/1.1" 200 19493 "-" "Mozilla/5.0 AppleWebKit/537.36 (KHTML, like Gecko; compatible; ClaudeBot/1.0; +claudebot@anthropic.com)"
216.73.216.135 - - [04/Apr/2026:01:30:55 -0400] "GET /status/offline/gender/t,f/age/18-19,60-100/languages/German HTTP/1.1" 200 19360 "-" "Mozilla/5.0 AppleWebKit/537.36 (KHTML, like Gecko; compatible; ClaudeBot/1.0; +claudebot@anthropic.com)"
216.73.216.135 - - [04/Apr/2026:01:30:55 -0400] "GET /status/offline,online/gender/c,m/age/30-39/languages/swedish?sortOrder=mostViewed HTTP/1.1" 200 19502 "-" "Mozilla/5.0 AppleWebKit/537.36 (KHTML, like Gecko; compatible; ClaudeBot/1.0; +claudebot@anthropic.com)"
216.73.216.135 - - [04/Apr/2026:01:30:55 -0400] "GET /gender/c,m/age/20-29,18-19/languages/faeroese?sortOrder=mostViewed HTTP/1.1" 200 18789 "-" "Mozilla/5.0 AppleWebKit/537.36 (KHTML, like Gecko; compatible; ClaudeBot/1.0; +claudebot@anthropic.com)"
74.7.241.1 - - [04/Apr/2026:01:30:55 -0400] "GET /age/18-19/ethnicity/latest-news.php,native,latinas,white,other,islander,black HTTP/1.1" 200 20670 "https://camjab.com/age/18-19/ethnicity/latest-news.php,native,latinas,white,other,asian,islander,black" "Mozilla/5.0 AppleWebKit/537.36 (KHTML, like Gecko; compatible; GPTBot/1.3; +https://openai.com/gptbot)"
216.73.216.135 - - [04/Apr/2026:01:30:55 -0400] "GET /gender/f/ethnicity/other,white,islander/languages/hindi HTTP/1.1" 200 18941 "-" "Mozilla/5.0 AppleWebKit/537.36 (KHTML, like Gecko; compatible; ClaudeBot/1.0; +claudebot@anthropic.com)"
74.7.241.25 - - [04/Apr/2026:01:30:55 -0400] "GET /age/30-39,40-49/ethnicity/east-indian,black,native,other,white HTTP/1.1" 200 20098 "https://www.camjab.com/age/30-39/ethnicity/east-indian,black,native,other,white" "Mozilla/5.0 AppleWebKit/537.36 (KHTML, like Gecko; compatible; GPTBot/1.3; +https://openai.com/gptbot)"
