216.73.216.135 - - [04/Apr/2026:01:37:07 -0400] "GET /gender/m,c,f/age/18-19/ethnicity/native,islander/languages/Irish HTTP/1.1" 200 19722 "-" "Mozilla/5.0 AppleWebKit/537.36 (KHTML, like Gecko; compatible; ClaudeBot/1.0; +claudebot@anthropic.com)"
216.73.216.135 - - [04/Apr/2026:01:37:08 -0400] "GET /gender/t,f/age/50-59/ethnicity/black,native/languages/turkish HTTP/1.1" 200 19373 "-" "Mozilla/5.0 AppleWebKit/537.36 (KHTML, like Gecko; compatible; ClaudeBot/1.0; +claudebot@anthropic.com)"
216.73.216.135 - - [04/Apr/2026:01:37:08 -0400] "GET /status/online/gender/f,c/age/18-19,60-100/languages/irish HTTP/1.1" 200 19293 "-" "Mozilla/5.0 AppleWebKit/537.36 (KHTML, like Gecko; compatible; ClaudeBot/1.0; +claudebot@anthropic.com)"
74.7.241.1 - - [04/Apr/2026:01:37:08 -0400] "GET /age/18-19/ethnicity/latest-news.php,islander,black,asian,other,east-indian HTTP/1.1" 200 20320 "https://camjab.com/age/18-19/ethnicity/latest-news.php,islander,black,native,asian,other,east-indian" "Mozilla/5.0 AppleWebKit/537.36 (KHTML, like Gecko; compatible; GPTBot/1.3; +https://openai.com/gptbot)"
216.73.216.135 - - [04/Apr/2026:01:37:08 -0400] "GET /status/online/gender/c,f/ethnicity/white,native,islander/languages/Maltese HTTP/1.1" 200 20062 "-" "Mozilla/5.0 AppleWebKit/537.36 (KHTML, like Gecko; compatible; ClaudeBot/1.0; +claudebot@anthropic.com)"
216.73.216.135 - - [04/Apr/2026:01:37:08 -0400] "GET /status/online/gender/c,t/age/40-49/languages/Afrikaans?sortOrder=timeOnline HTTP/1.1" 200 19063 "-" "Mozilla/5.0 AppleWebKit/537.36 (KHTML, like Gecko; compatible; ClaudeBot/1.0; +claudebot@anthropic.com)"
44.213.36.21 - - [04/Apr/2026:01:37:08 -0400] "GET /status/online,offline/gender/c,t,m/age/18-19,20-29/ethnicity/white,asian,east-indian,islander HTTP/1.1" 200 22271 "-" "Mozilla/5.0 AppleWebKit/537.36 (KHTML, like Gecko; compatible; Amazonbot/0.1; +https://developer.amazon.com/support/amazonbot) Chrome/119.0.6045.214 Safari/537.36"
74.7.241.25 - - [04/Apr/2026:01:37:08 -0400] "GET /age/40-49,50-59/ethnicity/native,black,east-indian,white,other HTTP/1.1" 200 20098 "https://www.camjab.com/age/40-49/ethnicity/native,black,east-indian,white,other" "Mozilla/5.0 AppleWebKit/537.36 (KHTML, like Gecko; compatible; GPTBot/1.3; +https://openai.com/gptbot)"
216.73.216.135 - - [04/Apr/2026:01:37:08 -0400] "GET /gender/t,c/age/18-19,20-29/languages/greek?sortOrder=leastViewed HTTP/1.1" 200 18695 "-" "Mozilla/5.0 AppleWebKit/537.36 (KHTML, like Gecko; compatible; ClaudeBot/1.0; +claudebot@anthropic.com)"
144.76.32.187 - - [04/Apr/2026:01:37:08 -0400] "GET /tags/18/gender/f,m,t HTTP/1.1" 200 17767 "-" "Mozilla/5.0 (compatible; SERankingBacklinksBot/1.0; +https://seranking.com/backlinks-crawler)"
216.73.216.135 - - [04/Apr/2026:01:37:08 -0400] "GET /gender/c,t,m/age/30-39/ethnicity/islander,native/languages/Japanese HTTP/1.1" 200 19825 "-" "Mozilla/5.0 AppleWebKit/537.36 (KHTML, like Gecko; compatible; ClaudeBot/1.0; +claudebot@anthropic.com)"
216.73.216.135 - - [04/Apr/2026:01:37:08 -0400] "GET /status/online/gender/m,f,t/ethnicity/black,native/languages/German HTTP/1.1" 200 19764 "-" "Mozilla/5.0 AppleWebKit/537.36 (KHTML, like Gecko; compatible; ClaudeBot/1.0; +claudebot@anthropic.com)"
44.212.106.171 - - [04/Apr/2026:01:37:08 -0400] "GET /status/offline,online/gender/f,c,m,t/age/30-39,18-19,50-59,40-49,60-100/ethnicity/east-indian,native,asian,white/languages/hindi HTTP/1.1" 200 24908 "-" "Mozilla/5.0 AppleWebKit/537.36 (KHTML, like Gecko; compatible; Amazonbot/0.1; +https://developer.amazon.com/support/amazonbot) Chrome/119.0.6045.214 Safari/537.36"
216.73.216.135 - - [04/Apr/2026:01:37:08 -0400] "GET /status/online/gender/t,m,c,f/languages/French?sortOrder=oldest HTTP/1.1" 200 18987 "-" "Mozilla/5.0 AppleWebKit/537.36 (KHTML, like Gecko; compatible; ClaudeBot/1.0; +claudebot@anthropic.com)"
216.73.216.135 - - [04/Apr/2026:01:37:08 -0400] "GET /status/online/gender/m,t,c/languages/english?sortOrder=oldest HTTP/1.1" 200 18729 "-" "Mozilla/5.0 AppleWebKit/537.36 (KHTML, like Gecko; compatible; ClaudeBot/1.0; +claudebot@anthropic.com)"
216.73.216.135 - - [04/Apr/2026:01:37:08 -0400] "GET /gender/t,c,f/ethnicity/islander,native/languages/kashmiri?sortOrder=name HTTP/1.1" 200 19354 "-" "Mozilla/5.0 AppleWebKit/537.36 (KHTML, like Gecko; compatible; ClaudeBot/1.0; +claudebot@anthropic.com)"
216.73.216.135 - - [04/Apr/2026:01:37:08 -0400] "GET /status/online/gender/f,c,t/ethnicity/native,islander/languages/Swedish HTTP/1.1" 200 19924 "-" "Mozilla/5.0 AppleWebKit/537.36 (KHTML, like Gecko; compatible; ClaudeBot/1.0; +claudebot@anthropic.com)"
216.73.216.135 - - [04/Apr/2026:01:37:09 -0400] "GET /gender/m,c,f/ethnicity/white,native,islander/languages/Vietnamese HTTP/1.1" 200 19775 "-" "Mozilla/5.0 AppleWebKit/537.36 (KHTML, like Gecko; compatible; ClaudeBot/1.0; +claudebot@anthropic.com)"
216.73.216.135 - - [04/Apr/2026:01:37:09 -0400] "GET /status/online/gender/t,f/age/40-49/languages/croatian?sortOrder=youngest HTTP/1.1" 200 19023 "-" "Mozilla/5.0 AppleWebKit/537.36 (KHTML, like Gecko; compatible; ClaudeBot/1.0; +claudebot@anthropic.com)"
74.7.241.1 - - [04/Apr/2026:01:37:09 -0400] "GET /age/40-49/ethnicity/latest-news.php,other,east-indian,native,latinas,white,black HTTP/1.1" 200 20790 "https://camjab.com/age/40-49/ethnicity/latest-news.php,asian,other,east-indian,native,latinas,white,black" "Mozilla/5.0 AppleWebKit/537.36 (KHTML, like Gecko; compatible; GPTBot/1.3; +https://openai.com/gptbot)"
216.73.216.135 - - [04/Apr/2026:01:37:09 -0400] "GET /status/offline/gender/t,c/age/18-19,30-39/languages/greek HTTP/1.1" 200 19288 "-" "Mozilla/5.0 AppleWebKit/537.36 (KHTML, like Gecko; compatible; ClaudeBot/1.0; +claudebot@anthropic.com)"
74.7.241.25 - - [04/Apr/2026:01:37:09 -0400] "GET /age/40-49,20-29/ethnicity/native,black,east-indian,other,white HTTP/1.1" 200 20098 "https://www.camjab.com/age/40-49/ethnicity/native,black,east-indian,other,white" "Mozilla/5.0 AppleWebKit/537.36 (KHTML, like Gecko; compatible; GPTBot/1.3; +https://openai.com/gptbot)"
216.73.216.135 - - [04/Apr/2026:01:37:09 -0400] "GET /status/online,offline/gender/c,t,f/languages/korean?sortOrder=recent HTTP/1.1" 200 19208 "-" "Mozilla/5.0 AppleWebKit/537.36 (KHTML, like Gecko; compatible; ClaudeBot/1.0; +claudebot@anthropic.com)"
216.73.216.135 - - [04/Apr/2026:01:37:09 -0400] "GET /status/offline,online/age/20-29/ethnicity/native,other/languages/german?sortOrder=youngest HTTP/1.1" 200 19813 "-" "Mozilla/5.0 AppleWebKit/537.36 (KHTML, like Gecko; compatible; ClaudeBot/1.0; +claudebot@anthropic.com)"
216.73.216.135 - - [04/Apr/2026:01:37:09 -0400] "GET /gender/m,t/age/60-100,40-49/ethnicity/native/languages/Portuguese HTTP/1.1" 200 19486 "-" "Mozilla/5.0 AppleWebKit/537.36 (KHTML, like Gecko; compatible; ClaudeBot/1.0; +claudebot@anthropic.com)"
216.73.216.135 - - [04/Apr/2026:01:37:09 -0400] "GET /gender/c,f/age/40-49/ethnicity/latino/languages/afrikaans?sortOrder=recent HTTP/1.1" 200 19049 "-" "Mozilla/5.0 AppleWebKit/537.36 (KHTML, like Gecko; compatible; ClaudeBot/1.0; +claudebot@anthropic.com)"
216.73.216.135 - - [04/Apr/2026:01:37:09 -0400] "GET /gender/m,c,f,t/age/18-19/ethnicity/native/languages/Irish HTTP/1.1" 200 19450 "-" "Mozilla/5.0 AppleWebKit/537.36 (KHTML, like Gecko; compatible; ClaudeBot/1.0; +claudebot@anthropic.com)"
216.73.216.135 - - [04/Apr/2026:01:37:09 -0400] "GET /status/offline/gender/t,m/age/30-39,40-49/languages/albanian HTTP/1.1" 200 19383 "-" "Mozilla/5.0 AppleWebKit/537.36 (KHTML, like Gecko; compatible; ClaudeBot/1.0; +claudebot@anthropic.com)"
98.83.177.42 - - [04/Apr/2026:01:37:09 -0400] "GET /status/offline,online/gender/c,m,t/age/20-29,40-49/ethnicity/white,asian,east-indian,native/languages/croatian HTTP/1.1" 200 22746 "-" "Mozilla/5.0 AppleWebKit/537.36 (KHTML, like Gecko; compatible; Amazonbot/0.1; +https://developer.amazon.com/support/amazonbot) Chrome/119.0.6045.214 Safari/537.36"
216.73.216.135 - - [04/Apr/2026:01:37:09 -0400] "GET /gender/t,m/age/50-59,30-39/languages/indonesian?sortOrder=leastViewed HTTP/1.1" 200 18855 "-" "Mozilla/5.0 AppleWebKit/537.36 (KHTML, like Gecko; compatible; ClaudeBot/1.0; +claudebot@anthropic.com)"
216.73.216.135 - - [04/Apr/2026:01:37:09 -0400] "GET /status/online,offline/ethnicity/black,native,latinas/languages/spanish HTTP/1.1" 200 19700 "-" "Mozilla/5.0 AppleWebKit/537.36 (KHTML, like Gecko; compatible; ClaudeBot/1.0; +claudebot@anthropic.com)"
216.73.216.135 - - [04/Apr/2026:01:37:10 -0400] "GET /status/online,offline/age/50-59/ethnicity/black/languages/korean?sortOrder=recent HTTP/1.1" 200 19308 "-" "Mozilla/5.0 AppleWebKit/537.36 (KHTML, like Gecko; compatible; ClaudeBot/1.0; +claudebot@anthropic.com)"
216.73.216.135 - - [04/Apr/2026:01:37:10 -0400] "GET /gender/m,c,f/age/30-39,18-19/languages/Hindi?sortOrder=leastViewed HTTP/1.1" 200 18981 "-" "Mozilla/5.0 AppleWebKit/537.36 (KHTML, like Gecko; compatible; ClaudeBot/1.0; +claudebot@anthropic.com)"
52.204.71.8 - - [04/Apr/2026:01:37:10 -0400] "GET /status/offline,online/gender/t,m/age/18-19,60-100,50-59,30-39/ethnicity/asian,white,native/languages/hindi HTTP/1.1" 200 22779 "-" "Mozilla/5.0 AppleWebKit/537.36 (KHTML, like Gecko; compatible; Amazonbot/0.1; +https://developer.amazon.com/support/amazonbot) Chrome/119.0.6045.214 Safari/537.36"
74.7.241.1 - - [04/Apr/2026:01:37:10 -0400] "GET /age/18-19/ethnicity/latest-news.php,white,asian,islander,other,native,black HTTP/1.1" 200 20590 "https://camjab.com/age/18-19/ethnicity/latest-news.php,white,asian,islander,other,native,latinas,black" "Mozilla/5.0 AppleWebKit/537.36 (KHTML, like Gecko; compatible; GPTBot/1.3; +https://openai.com/gptbot)"
216.73.216.135 - - [04/Apr/2026:01:37:10 -0400] "GET /status/online/gender/f,m/age/30-39/ethnicity/black/languages/Polish HTTP/1.1" 200 19520 "-" "Mozilla/5.0 AppleWebKit/537.36 (KHTML, like Gecko; compatible; ClaudeBot/1.0; +claudebot@anthropic.com)"
216.73.216.135 - - [04/Apr/2026:01:37:10 -0400] "GET /status/offline/gender/m,t,f/age/30-39/ethnicity/native/languages/Azerbaijani HTTP/1.1" 200 20089 "-" "Mozilla/5.0 AppleWebKit/537.36 (KHTML, like Gecko; compatible; ClaudeBot/1.0; +claudebot@anthropic.com)"
74.7.241.25 - - [04/Apr/2026:01:37:10 -0400] "GET /age/20-29,40-49/ethnicity/white,black,native,east-indian,other HTTP/1.1" 200 20098 "https://www.camjab.com/age/20-29,40-49/ethnicity/white,black,native,east-indian,other,latinas" "Mozilla/5.0 AppleWebKit/537.36 (KHTML, like Gecko; compatible; GPTBot/1.3; +https://openai.com/gptbot)"
216.73.216.135 - - [04/Apr/2026:01:37:10 -0400] "GET /status/online,offline/age/60-100,18-19,50-59/languages/Dutch?sortOrder=leastViewed HTTP/1.1" 200 19521 "-" "Mozilla/5.0 AppleWebKit/537.36 (KHTML, like Gecko; compatible; ClaudeBot/1.0; +claudebot@anthropic.com)"
216.73.216.135 - - [04/Apr/2026:01:37:10 -0400] "GET /status/offline,online/age/18-19/ethnicity/white,native,other/languages/scots HTTP/1.1" 200 20133 "-" "Mozilla/5.0 AppleWebKit/537.36 (KHTML, like Gecko; compatible; ClaudeBot/1.0; +claudebot@anthropic.com)"
216.73.216.135 - - [04/Apr/2026:01:37:10 -0400] "GET /gender/t,f,m/age/30-39/languages/kazakh?sortOrder=timeOnline HTTP/1.1" 200 18590 "-" "Mozilla/5.0 AppleWebKit/537.36 (KHTML, like Gecko; compatible; ClaudeBot/1.0; +claudebot@anthropic.com)"
17.241.219.55 - - [04/Apr/2026:01:37:10 -0400] "GET /age/30-39/ethnicity/latinas,native/languages/french?sortOrder=timeOnline HTTP/1.1" 200 18909 "-" "Mozilla/5.0 (Macintosh; Intel Mac OS X 10_15_7) AppleWebKit/605.1.15 (KHTML, like Gecko) Version/17.4 Safari/605.1.15 (Applebot/0.1; +http://www.apple.com/go/applebot)"
216.73.216.135 - - [04/Apr/2026:01:37:10 -0400] "GET /gender/t,c,f/ethnicity/native,islander,asian/languages/Dutch HTTP/1.1" 200 19600 "-" "Mozilla/5.0 AppleWebKit/537.36 (KHTML, like Gecko; compatible; ClaudeBot/1.0; +claudebot@anthropic.com)"
216.73.216.135 - - [04/Apr/2026:01:37:10 -0400] "GET /status/online/gender/c,t/age/60-100,50-59/languages/Russian HTTP/1.1" 200 19358 "-" "Mozilla/5.0 AppleWebKit/537.36 (KHTML, like Gecko; compatible; ClaudeBot/1.0; +claudebot@anthropic.com)"
185.191.171.5 - - [04/Apr/2026:01:37:10 -0400] "GET /gender/t,m/ethnicity/other,latino,asian,white HTTP/1.1" 403 - "-" "Mozilla/5.0 (compatible; SemrushBot/7~bl; +http://www.semrush.com/bot.html)"
216.73.216.135 - - [04/Apr/2026:01:37:10 -0400] "GET /status/online,offline/gender/f/age/60-100,18-19/languages/Dutch?sortOrder=recent HTTP/1.1" 200 19583 "-" "Mozilla/5.0 AppleWebKit/537.36 (KHTML, like Gecko; compatible; ClaudeBot/1.0; +claudebot@anthropic.com)"
216.73.216.135 - - [04/Apr/2026:01:37:10 -0400] "GET /status/online/gender/c,f,t/age/18-19/languages/Hebrew?sortOrder=oldest HTTP/1.1" 200 19249 "-" "Mozilla/5.0 AppleWebKit/537.36 (KHTML, like Gecko; compatible; ClaudeBot/1.0; +claudebot@anthropic.com)"
216.73.216.135 - - [04/Apr/2026:01:37:11 -0400] "GET /gender/c,f/ethnicity/other,white,islander/languages/hindi?sortOrder=leastViewed HTTP/1.1" 200 19367 "-" "Mozilla/5.0 AppleWebKit/537.36 (KHTML, like Gecko; compatible; ClaudeBot/1.0; +claudebot@anthropic.com)"
216.73.216.135 - - [04/Apr/2026:01:37:11 -0400] "GET /gender/c,f,m/age/40-49/ethnicity/white/languages/Cambodian?sortOrder=recent HTTP/1.1" 200 19345 "-" "Mozilla/5.0 AppleWebKit/537.36 (KHTML, like Gecko; compatible; ClaudeBot/1.0; +claudebot@anthropic.com)"
74.7.241.1 - - [04/Apr/2026:01:37:11 -0400] "GET /age/30-39/ethnicity/latest-news.php,latinas,black,other,islander,native,asian HTTP/1.1" 200 20670 "https://camjab.com/age/30-39/ethnicity/latest-news.php,east-indian,latinas,black,other,islander,native,asian" "Mozilla/5.0 AppleWebKit/537.36 (KHTML, like Gecko; compatible; GPTBot/1.3; +https://openai.com/gptbot)"
216.73.216.135 - - [04/Apr/2026:01:37:11 -0400] "GET /status/offline/gender/m,c/ethnicity/white,native,islander/languages/Estonian HTTP/1.1" 200 20126 "-" "Mozilla/5.0 AppleWebKit/537.36 (KHTML, like Gecko; compatible; ClaudeBot/1.0; +claudebot@anthropic.com)"
74.7.241.25 - - [04/Apr/2026:01:37:11 -0400] "GET /age/40-49,30-39/ethnicity/white,black,other,east-indian,native HTTP/1.1" 200 20098 "https://www.camjab.com/age/40-49/ethnicity/white,black,other,east-indian,native" "Mozilla/5.0 AppleWebKit/537.36 (KHTML, like Gecko; compatible; GPTBot/1.3; +https://openai.com/gptbot)"
3.232.82.72 - - [04/Apr/2026:01:37:11 -0400] "GET /status/offline,online/gender/c,m,t/age/60-100,30-39,20-29,50-59/ethnicity/east-indian,black,asian,islander/languages/hindi HTTP/1.1" 200 24050 "-" "Mozilla/5.0 AppleWebKit/537.36 (KHTML, like Gecko; compatible; Amazonbot/0.1; +https://developer.amazon.com/support/amazonbot) Chrome/119.0.6045.214 Safari/537.36"
216.73.216.135 - - [04/Apr/2026:01:37:11 -0400] "GET /gender/t,m,c/age/18-19,30-39/languages/Romanian HTTP/1.1" 200 18973 "-" "Mozilla/5.0 AppleWebKit/537.36 (KHTML, like Gecko; compatible; ClaudeBot/1.0; +claudebot@anthropic.com)"
216.73.216.135 - - [04/Apr/2026:01:37:11 -0400] "GET /gender/f,m,t/age/18-19/ethnicity/black/languages/Irish HTTP/1.1" 200 19107 "-" "Mozilla/5.0 AppleWebKit/537.36 (KHTML, like Gecko; compatible; ClaudeBot/1.0; +claudebot@anthropic.com)"
216.73.216.135 - - [04/Apr/2026:01:37:11 -0400] "GET /status/online,offline/age/60-100/ethnicity/black/languages/kazakh?sortOrder=leastViewed HTTP/1.1" 200 19359 "-" "Mozilla/5.0 AppleWebKit/537.36 (KHTML, like Gecko; compatible; ClaudeBot/1.0; +claudebot@anthropic.com)"
216.73.216.135 - - [04/Apr/2026:01:37:11 -0400] "GET /gender/f,t/age/40-49/ethnicity/other,islander/languages/French HTTP/1.1" 200 19412 "-" "Mozilla/5.0 AppleWebKit/537.36 (KHTML, like Gecko; compatible; ClaudeBot/1.0; +claudebot@anthropic.com)"
216.73.216.135 - - [04/Apr/2026:01:37:11 -0400] "GET /status/offline/gender/f,m/age/20-29,60-100/ethnicity/native/languages/Arabic HTTP/1.1" 200 20086 "-" "Mozilla/5.0 AppleWebKit/537.36 (KHTML, like Gecko; compatible; ClaudeBot/1.0; +claudebot@anthropic.com)"
216.73.216.135 - - [04/Apr/2026:01:37:11 -0400] "GET /gender/f,t/age/18-19,60-100,30-39/languages/English HTTP/1.1" 200 19107 "-" "Mozilla/5.0 AppleWebKit/537.36 (KHTML, like Gecko; compatible; ClaudeBot/1.0; +claudebot@anthropic.com)"
216.73.216.135 - - [04/Apr/2026:01:37:11 -0400] "GET /status/online,offline/age/60-100/ethnicity/other/languages/kazakh?sortOrder=leastViewed HTTP/1.1" 200 19359 "-" "Mozilla/5.0 AppleWebKit/537.36 (KHTML, like Gecko; compatible; ClaudeBot/1.0; +claudebot@anthropic.com)"
17.241.227.185 - - [04/Apr/2026:01:37:11 -0400] "GET /gender/c/age/60-100/ethnicity/native/languages/english HTTP/1.1" 200 18846 "-" "Mozilla/5.0 (Macintosh; Intel Mac OS X 10_15_7) AppleWebKit/605.1.15 (KHTML, like Gecko) Version/17.4 Safari/605.1.15 (Applebot/0.1; +http://www.apple.com/go/applebot)"
216.73.216.135 - - [04/Apr/2026:01:37:11 -0400] "GET /gender/f,c/age/20-29/ethnicity/white,other/languages/Polish HTTP/1.1" 200 19306 "-" "Mozilla/5.0 AppleWebKit/537.36 (KHTML, like Gecko; compatible; ClaudeBot/1.0; +claudebot@anthropic.com)"
216.73.216.135 - - [04/Apr/2026:01:37:12 -0400] "GET /status/online/gender/m,c,t/ethnicity/white/languages/korean HTTP/1.1" 200 19263 "-" "Mozilla/5.0 AppleWebKit/537.36 (KHTML, like Gecko; compatible; ClaudeBot/1.0; +claudebot@anthropic.com)"
74.7.241.1 - - [04/Apr/2026:01:37:12 -0400] "GET /age/30-39/ethnicity/latest-news.php,east-indian,other,islander,native,black,white HTTP/1.1" 200 20830 "https://camjab.com/age/30-39/ethnicity/latest-news.php,east-indian,other,islander,native,black,white,latinas" "Mozilla/5.0 AppleWebKit/537.36 (KHTML, like Gecko; compatible; GPTBot/1.3; +https://openai.com/gptbot)"
216.73.216.135 - - [04/Apr/2026:01:37:12 -0400] "GET /gender/c,m/ethnicity/latinas,black,native/languages/czech?sortOrder=leastViewed HTTP/1.1" 200 19357 "-" "Mozilla/5.0 AppleWebKit/537.36 (KHTML, like Gecko; compatible; ClaudeBot/1.0; +claudebot@anthropic.com)"
216.73.216.135 - - [04/Apr/2026:01:37:12 -0400] "GET /gender/f,c/age/30-39/ethnicity/latinas,white/languages/catalan HTTP/1.1" 200 19415 "-" "Mozilla/5.0 AppleWebKit/537.36 (KHTML, like Gecko; compatible; ClaudeBot/1.0; +claudebot@anthropic.com)"
44.206.65.8 - - [04/Apr/2026:01:37:12 -0400] "GET /status/offline,online/gender/m,t,f,c/age/60-100/ethnicity/native,east-indian,black,white/languages/chinese HTTP/1.1" 200 22826 "-" "Mozilla/5.0 AppleWebKit/537.36 (KHTML, like Gecko; compatible; Amazonbot/0.1; +https://developer.amazon.com/support/amazonbot) Chrome/119.0.6045.214 Safari/537.36"
74.7.241.25 - - [04/Apr/2026:01:37:12 -0400] "GET /status/online/age/30-39/ethnicity/black,native,white,other,east-indian HTTP/1.1" 200 20357 "https://www.camjab.com/age/30-39/ethnicity/black,native,white,other,east-indian" "Mozilla/5.0 AppleWebKit/537.36 (KHTML, like Gecko; compatible; GPTBot/1.3; +https://openai.com/gptbot)"
216.73.216.135 - - [04/Apr/2026:01:37:12 -0400] "GET /gender/t,f/age/60-100/ethnicity/native,other/languages/kurdish HTTP/1.1" 200 19410 "-" "Mozilla/5.0 AppleWebKit/537.36 (KHTML, like Gecko; compatible; ClaudeBot/1.0; +claudebot@anthropic.com)"
216.73.216.135 - - [04/Apr/2026:01:37:12 -0400] "GET /gender/t,m/age/60-100/ethnicity/native,islander/languages/Vietnamese HTTP/1.1" 200 19616 "-" "Mozilla/5.0 AppleWebKit/537.36 (KHTML, like Gecko; compatible; ClaudeBot/1.0; +claudebot@anthropic.com)"
144.76.32.187 - - [04/Apr/2026:01:37:12 -0400] "GET /tags/18/gender/f,t,c HTTP/1.1" 200 17777 "-" "Mozilla/5.0 (compatible; SERankingBacklinksBot/1.0; +https://seranking.com/backlinks-crawler)"
216.73.216.135 - - [04/Apr/2026:01:37:12 -0400] "GET /status/offline,online/age/18-19/ethnicity/latino/languages/Irish?sortOrder=oldest HTTP/1.1" 200 19273 "-" "Mozilla/5.0 AppleWebKit/537.36 (KHTML, like Gecko; compatible; ClaudeBot/1.0; +claudebot@anthropic.com)"
216.73.216.135 - - [04/Apr/2026:01:37:12 -0400] "GET /status/offline,online/ethnicity/white,native,other,islander/languages/scots?sortOrder=recent HTTP/1.1" 200 20213 "-" "Mozilla/5.0 AppleWebKit/537.36 (KHTML, like Gecko; compatible; ClaudeBot/1.0; +claudebot@anthropic.com)"
216.73.216.135 - - [04/Apr/2026:01:37:12 -0400] "GET /status/offline/gender/m,f/age/40-49/ethnicity/islander,native/languages/albanian HTTP/1.1" 200 20253 "-" "Mozilla/5.0 AppleWebKit/537.36 (KHTML, like Gecko; compatible; ClaudeBot/1.0; +claudebot@anthropic.com)"
216.73.216.135 - - [04/Apr/2026:01:37:12 -0400] "GET /status/online,offline/ethnicity/latinas,native,black/languages/catalan?sortOrder=leastViewed HTTP/1.1" 200 19808 "-" "Mozilla/5.0 AppleWebKit/537.36 (KHTML, like Gecko; compatible; ClaudeBot/1.0; +claudebot@anthropic.com)"
216.73.216.135 - - [04/Apr/2026:01:37:13 -0400] "GET /status/offline/gender/m,c/age/18-19/ethnicity/other/languages/Armenian HTTP/1.1" 200 19627 "-" "Mozilla/5.0 AppleWebKit/537.36 (KHTML, like Gecko; compatible; ClaudeBot/1.0; +claudebot@anthropic.com)"
74.7.241.1 - - [04/Apr/2026:01:37:13 -0400] "GET /age/50-59/ethnicity/latest-news.php,black,native,latinas,islander,other,asian HTTP/1.1" 200 20670 "https://camjab.com/age/50-59/ethnicity/latest-news.php,black,native,east-indian,latinas,islander,other,asian" "Mozilla/5.0 AppleWebKit/537.36 (KHTML, like Gecko; compatible; GPTBot/1.3; +https://openai.com/gptbot)"
216.73.216.135 - - [04/Apr/2026:01:37:13 -0400] "GET /gender/t,c/age/18-19/ethnicity/black,native/languages/Malay HTTP/1.1" 200 19303 "-" "Mozilla/5.0 AppleWebKit/537.36 (KHTML, like Gecko; compatible; ClaudeBot/1.0; +claudebot@anthropic.com)"
74.7.241.25 - - [04/Apr/2026:01:37:13 -0400] "GET /age/40-49,20-29/ethnicity/white,black,other,east-indian,native HTTP/1.1" 200 20098 "https://www.camjab.com/age/40-49/ethnicity/white,black,other,east-indian,native" "Mozilla/5.0 AppleWebKit/537.36 (KHTML, like Gecko; compatible; GPTBot/1.3; +https://openai.com/gptbot)"
216.73.216.135 - - [04/Apr/2026:01:37:13 -0400] "GET /status/offline,online/gender/c/age/30-39/ethnicity/other/languages/faeroese HTTP/1.1" 200 19797 "-" "Mozilla/5.0 AppleWebKit/537.36 (KHTML, like Gecko; compatible; ClaudeBot/1.0; +claudebot@anthropic.com)"
17.241.227.7 - - [04/Apr/2026:01:37:13 -0400] "GET /age/18-19/ethnicity/islander,asian,native/languages/japanese HTTP/1.1" 200 19131 "-" "Mozilla/5.0 (Macintosh; Intel Mac OS X 10_15_7) AppleWebKit/605.1.15 (KHTML, like Gecko) Version/17.4 Safari/605.1.15 (Applebot/0.1; +http://www.apple.com/go/applebot)"
216.73.216.135 - - [04/Apr/2026:01:37:13 -0400] "GET /gender/f,c/age/60-100/ethnicity/native,islander/languages/Afrikaans HTTP/1.1" 200 19596 "-" "Mozilla/5.0 AppleWebKit/537.36 (KHTML, like Gecko; compatible; ClaudeBot/1.0; +claudebot@anthropic.com)"
216.73.216.135 - - [04/Apr/2026:01:37:13 -0400] "GET /age/18-19/ethnicity/gender,white,latinas,black?sortOrder=mostViewed HTTP/1.1" 200 18911 "-" "Mozilla/5.0 AppleWebKit/537.36 (KHTML, like Gecko; compatible; ClaudeBot/1.0; +claudebot@anthropic.com)"
216.73.216.135 - - [04/Apr/2026:01:37:13 -0400] "GET /gender/c,m/ethnicity/white,native/languages/albanian?sortOrder=youngest HTTP/1.1" 200 18949 "-" "Mozilla/5.0 AppleWebKit/537.36 (KHTML, like Gecko; compatible; ClaudeBot/1.0; +claudebot@anthropic.com)"
216.73.216.135 - - [04/Apr/2026:01:37:13 -0400] "GET /status/offline/gender/f,t,c/age/20-29,30-39/languages/Romanian HTTP/1.1" 200 19704 "-" "Mozilla/5.0 AppleWebKit/537.36 (KHTML, like Gecko; compatible; ClaudeBot/1.0; +claudebot@anthropic.com)"
216.73.216.135 - - [04/Apr/2026:01:37:13 -0400] "GET /status/online/gender/t,m,c,f/age/30-39/languages/Greek HTTP/1.1" 200 19414 "-" "Mozilla/5.0 AppleWebKit/537.36 (KHTML, like Gecko; compatible; ClaudeBot/1.0; +claudebot@anthropic.com)"
216.73.216.135 - - [04/Apr/2026:01:37:13 -0400] "GET /status/online/gender/t,c,m,f/age/30-39/languages/Greek HTTP/1.1" 200 19414 "-" "Mozilla/5.0 AppleWebKit/537.36 (KHTML, like Gecko; compatible; ClaudeBot/1.0; +claudebot@anthropic.com)"
54.89.90.224 - - [04/Apr/2026:01:37:13 -0400] "GET /status/offline,online/gender/f,m,c,t/age/60-100,20-29/ethnicity/east-indian,white,black,latinas/sites/1 HTTP/1.1" 200 22801 "-" "Mozilla/5.0 AppleWebKit/537.36 (KHTML, like Gecko; compatible; Amazonbot/0.1; +https://developer.amazon.com/support/amazonbot) Chrome/119.0.6045.214 Safari/537.36"
216.73.216.135 - - [04/Apr/2026:01:37:13 -0400] "GET /status/offline,online/gender/t/age/30-39/ethnicity/white/languages/dutch HTTP/1.1" 200 19687 "-" "Mozilla/5.0 AppleWebKit/537.36 (KHTML, like Gecko; compatible; ClaudeBot/1.0; +claudebot@anthropic.com)"
23.20.178.124 - - [04/Apr/2026:01:37:13 -0400] "GET /status/offline,online/gender/c,m,t,f/age/18-19,60-100,30-39,40-49/ethnicity/islander,east-indian,asian,black/languages/hindi HTTP/1.1" 200 24443 "-" "Mozilla/5.0 AppleWebKit/537.36 (KHTML, like Gecko; compatible; Amazonbot/0.1; +https://developer.amazon.com/support/amazonbot) Chrome/119.0.6045.214 Safari/537.36"
216.73.216.135 - - [04/Apr/2026:01:37:13 -0400] "GET /gender/c,t,m/ethnicity/white,native,islander/languages/Spanish HTTP/1.1" 200 19662 "-" "Mozilla/5.0 AppleWebKit/537.36 (KHTML, like Gecko; compatible; ClaudeBot/1.0; +claudebot@anthropic.com)"
216.73.216.135 - - [04/Apr/2026:01:37:14 -0400] "GET /status/online,offline/gender/c,t/age/60-100/languages/Chinese HTTP/1.1" 200 19439 "-" "Mozilla/5.0 AppleWebKit/537.36 (KHTML, like Gecko; compatible; ClaudeBot/1.0; +claudebot@anthropic.com)"
74.7.241.1 - - [04/Apr/2026:01:37:14 -0400] "GET /age/40-49/ethnicity/latest-news.php,east-indian,black,asian,islander,other,white HTTP/1.1" 200 20790 "https://camjab.com/age/40-49/ethnicity/latest-news.php,native,east-indian,black,asian,islander,other,white" "Mozilla/5.0 AppleWebKit/537.36 (KHTML, like Gecko; compatible; GPTBot/1.3; +https://openai.com/gptbot)"
216.73.216.135 - - [04/Apr/2026:01:37:14 -0400] "GET /gender/m,c,t,f/ethnicity/native/languages/Norwegian?sortOrder=timeOnline HTTP/1.1" 200 19137 "-" "Mozilla/5.0 AppleWebKit/537.36 (KHTML, like Gecko; compatible; ClaudeBot/1.0; +claudebot@anthropic.com)"
17.241.75.127 - - [04/Apr/2026:01:37:14 -0400] "GET /webcams/chee_cha-freecam8.html HTTP/1.1" 200 19747 "-" "Mozilla/5.0 (Macintosh; Intel Mac OS X 10_15_7) AppleWebKit/605.1.15 (KHTML, like Gecko) Version/17.4 Safari/605.1.15 (Applebot/0.1; +http://www.apple.com/go/applebot)"
74.7.241.25 - - [04/Apr/2026:01:37:14 -0400] "GET /ethnicity/black,other,east-indian,native,white HTTP/1.1" 200 19086 "https://www.camjab.com/age/50-59/ethnicity/black,other,east-indian,native,white" "Mozilla/5.0 AppleWebKit/537.36 (KHTML, like Gecko; compatible; GPTBot/1.3; +https://openai.com/gptbot)"
216.73.216.135 - - [04/Apr/2026:01:37:14 -0400] "GET /gender/c,m,f,t/ethnicity/white,native/languages/Vietnamese HTTP/1.1" 200 19523 "-" "Mozilla/5.0 AppleWebKit/537.36 (KHTML, like Gecko; compatible; ClaudeBot/1.0; +claudebot@anthropic.com)"
216.73.216.135 - - [04/Apr/2026:01:37:14 -0400] "GET /gender/m,c,f/age/30-39/ethnicity/islander,native/languages/Catalan HTTP/1.1" 200 19794 "-" "Mozilla/5.0 AppleWebKit/537.36 (KHTML, like Gecko; compatible; ClaudeBot/1.0; +claudebot@anthropic.com)"
216.73.216.135 - - [04/Apr/2026:01:37:14 -0400] "GET /status/online/gender/t,f/ethnicity/native,islander/languages/Kazakh HTTP/1.1" 200 19570 "-" "Mozilla/5.0 AppleWebKit/537.36 (KHTML, like Gecko; compatible; ClaudeBot/1.0; +claudebot@anthropic.com)"
216.73.216.135 - - [04/Apr/2026:01:37:14 -0400] "GET /status/online/gender/c,t,m,f/age/30-39/languages/Greek HTTP/1.1" 200 19414 "-" "Mozilla/5.0 AppleWebKit/537.36 (KHTML, like Gecko; compatible; ClaudeBot/1.0; +claudebot@anthropic.com)"
216.73.216.135 - - [04/Apr/2026:01:37:14 -0400] "GET /status/offline/gender/m,t/age/30-39/ethnicity/latinas,native/languages/Hebrew HTTP/1.1" 200 20138 "-" "Mozilla/5.0 AppleWebKit/537.36 (KHTML, like Gecko; compatible; ClaudeBot/1.0; +claudebot@anthropic.com)"
216.73.216.135 - - [04/Apr/2026:01:37:14 -0400] "GET /status/offline/gender/m,f/age/20-29/ethnicity/native,other/languages/persian HTTP/1.1" 200 20103 "-" "Mozilla/5.0 AppleWebKit/537.36 (KHTML, like Gecko; compatible; ClaudeBot/1.0; +claudebot@anthropic.com)"
216.73.216.135 - - [04/Apr/2026:01:37:14 -0400] "GET /gender/t,m/age/60-100/ethnicity/islander/languages/italian HTTP/1.1" 200 19018 "-" "Mozilla/5.0 AppleWebKit/537.36 (KHTML, like Gecko; compatible; ClaudeBot/1.0; +claudebot@anthropic.com)"
216.73.216.135 - - [04/Apr/2026:01:37:14 -0400] "GET /status/online/gender/m,c/ethnicity/islander,black/languages/romanian HTTP/1.1" 200 19598 "-" "Mozilla/5.0 AppleWebKit/537.36 (KHTML, like Gecko; compatible; ClaudeBot/1.0; +claudebot@anthropic.com)"
216.73.216.135 - - [04/Apr/2026:01:37:14 -0400] "GET /status/offline/gender/c,t/age/30-39,20-29/languages/Afrikaans HTTP/1.1" 200 19428 "-" "Mozilla/5.0 AppleWebKit/537.36 (KHTML, like Gecko; compatible; ClaudeBot/1.0; +claudebot@anthropic.com)"
216.73.216.135 - - [04/Apr/2026:01:37:15 -0400] "GET /gender/c,t,m/ethnicity/white,native,islander/languages/german HTTP/1.1" 200 19626 "-" "Mozilla/5.0 AppleWebKit/537.36 (KHTML, like Gecko; compatible; ClaudeBot/1.0; +claudebot@anthropic.com)"
74.7.241.1 - - [04/Apr/2026:01:37:15 -0400] "GET /age/40-49/ethnicity/latest-news.php,islander,black,white,latinas,other,east-indian HTTP/1.1" 200 20870 "https://camjab.com/age/40-49/ethnicity/latest-news.php,islander,black,white,latinas,other,east-indian,native" "Mozilla/5.0 AppleWebKit/537.36 (KHTML, like Gecko; compatible; GPTBot/1.3; +https://openai.com/gptbot)"
216.73.216.135 - - [04/Apr/2026:01:37:15 -0400] "GET /status/online/gender/t,f,c/ethnicity/black,native/languages/catalan HTTP/1.1" 200 19810 "-" "Mozilla/5.0 AppleWebKit/537.36 (KHTML, like Gecko; compatible; ClaudeBot/1.0; +claudebot@anthropic.com)"
74.7.241.25 - - [04/Apr/2026:01:37:15 -0400] "GET /age/18-19/ethnicity/black,asian,native,east-indian,white,other,latinas HTTP/1.1" 200 20639 "https://www.camjab.com/age/18-19/ethnicity/black,asian,native,east-indian,white,other" "Mozilla/5.0 AppleWebKit/537.36 (KHTML, like Gecko; compatible; GPTBot/1.3; +https://openai.com/gptbot)"
216.73.216.135 - - [04/Apr/2026:01:37:15 -0400] "GET /status/offline,online/age/60-100,18-19/ethnicity/islander/languages/faeroese HTTP/1.1" 200 19876 "-" "Mozilla/5.0 AppleWebKit/537.36 (KHTML, like Gecko; compatible; ClaudeBot/1.0; +claudebot@anthropic.com)"
216.73.216.135 - - [04/Apr/2026:01:37:15 -0400] "GET /status/online/gender/c,m,t/age/30-39/languages/slovak HTTP/1.1" 200 19146 "-" "Mozilla/5.0 AppleWebKit/537.36 (KHTML, like Gecko; compatible; ClaudeBot/1.0; +claudebot@anthropic.com)"
216.73.216.135 - - [04/Apr/2026:01:37:15 -0400] "GET /gender/c,f/ethnicity/native,islander,black/languages/Belarusian?sortOrder=recent HTTP/1.1" 200 19564 "-" "Mozilla/5.0 AppleWebKit/537.36 (KHTML, like Gecko; compatible; ClaudeBot/1.0; +claudebot@anthropic.com)"
44.195.50.71 - - [04/Apr/2026:01:37:15 -0400] "GET /status/online,offline/gender/t/age/50-59,60-100,30-39/ethnicity/islander,black,white/languages/hindi HTTP/1.1" 200 21985 "-" "Mozilla/5.0 AppleWebKit/537.36 (KHTML, like Gecko; compatible; Amazonbot/0.1; +https://developer.amazon.com/support/amazonbot) Chrome/119.0.6045.214 Safari/537.36"
216.73.216.135 - - [04/Apr/2026:01:37:15 -0400] "GET /status/offline,online/gender/m,t,c/languages/english?sortOrder=leastViewed HTTP/1.1" 200 19248 "-" "Mozilla/5.0 AppleWebKit/537.36 (KHTML, like Gecko; compatible; ClaudeBot/1.0; +claudebot@anthropic.com)"
216.73.216.135 - - [04/Apr/2026:01:37:15 -0400] "GET /status/offline/gender/m,c,f/ethnicity/asian/languages/Hindi?sortOrder=name HTTP/1.1" 200 19357 "-" "Mozilla/5.0 AppleWebKit/537.36 (KHTML, like Gecko; compatible; ClaudeBot/1.0; +claudebot@anthropic.com)"
216.73.216.135 - - [04/Apr/2026:01:37:15 -0400] "GET /status/online/gender/m,c,t/age/30-39/languages/slovak HTTP/1.1" 200 19146 "-" "Mozilla/5.0 AppleWebKit/537.36 (KHTML, like Gecko; compatible; ClaudeBot/1.0; +claudebot@anthropic.com)"
216.73.216.135 - - [04/Apr/2026:01:37:15 -0400] "GET /status/online/gender/f,m/ethnicity/native,asian/languages/Kashmiri HTTP/1.1" 200 19524 "-" "Mozilla/5.0 AppleWebKit/537.36 (KHTML, like Gecko; compatible; ClaudeBot/1.0; +claudebot@anthropic.com)"
216.73.216.135 - - [04/Apr/2026:01:37:15 -0400] "GET /gender/c,f,t/age/40-49/ethnicity/native,black/languages/hebrew HTTP/1.1" 200 19649 "-" "Mozilla/5.0 AppleWebKit/537.36 (KHTML, like Gecko; compatible; ClaudeBot/1.0; +claudebot@anthropic.com)"
217.113.194.21 - - [04/Apr/2026:01:37:15 -0400] "GET /status/online/gender/f/age/50-59,18-19,40-49/ethnicity/white,native,islander,asian HTTP/1.1" 200 21038 "-" "Mozilla/5.0 (compatible; Barkrowler/0.9; +https://babbar.tech/crawler)"
216.73.216.135 - - [04/Apr/2026:01:37:15 -0400] "GET /status/offline,online/gender/c/age/40-49,60-100/languages/vietnamese HTTP/1.1" 200 19665 "-" "Mozilla/5.0 AppleWebKit/537.36 (KHTML, like Gecko; compatible; ClaudeBot/1.0; +claudebot@anthropic.com)"
3.93.253.174 - - [04/Apr/2026:01:37:16 -0400] "GET /status/offline,online/gender/t,m/age/60-100,50-59,20-29/ethnicity/native,black,islander/languages/hindi HTTP/1.1" 200 22394 "-" "Mozilla/5.0 AppleWebKit/537.36 (KHTML, like Gecko; compatible; Amazonbot/0.1; +https://developer.amazon.com/support/amazonbot) Chrome/119.0.6045.214 Safari/537.36"
216.73.216.135 - - [04/Apr/2026:01:37:16 -0400] "GET /status/offline,online/gender/c,m/ethnicity/native/languages/fiji?sortOrder=youngest HTTP/1.1" 200 19545 "-" "Mozilla/5.0 AppleWebKit/537.36 (KHTML, like Gecko; compatible; ClaudeBot/1.0; +claudebot@anthropic.com)"
216.73.216.135 - - [04/Apr/2026:01:37:16 -0400] "GET /gender/t,c/ethnicity/other,black,native/languages/Bulgarian HTTP/1.1" 200 19320 "-" "Mozilla/5.0 AppleWebKit/537.36 (KHTML, like Gecko; compatible; ClaudeBot/1.0; +claudebot@anthropic.com)"
74.7.241.1 - - [04/Apr/2026:01:37:16 -0400] "GET /age/18-19/ethnicity/latest-news.php,other,white,asian,islander,black HTTP/1.1" 200 20086 "https://camjab.com/age/18-19/ethnicity/latest-news.php,other,white,asian,latinas,islander,black" "Mozilla/5.0 AppleWebKit/537.36 (KHTML, like Gecko; compatible; GPTBot/1.3; +https://openai.com/gptbot)"
216.73.216.135 - - [04/Apr/2026:01:37:16 -0400] "GET /status/online/gender/f,m,c,t/age/30-39/languages/Greek HTTP/1.1" 200 19414 "-" "Mozilla/5.0 AppleWebKit/537.36 (KHTML, like Gecko; compatible; ClaudeBot/1.0; +claudebot@anthropic.com)"
216.73.216.135 - - [04/Apr/2026:01:37:16 -0400] "GET /gender/t,c,f/age/20-29,60-100/languages/Romanian HTTP/1.1" 200 19020 "-" "Mozilla/5.0 AppleWebKit/537.36 (KHTML, like Gecko; compatible; ClaudeBot/1.0; +claudebot@anthropic.com)"
74.7.241.25 - - [04/Apr/2026:01:37:16 -0400] "GET /age/50-59,30-39/ethnicity/black,other,east-indian,native,white HTTP/1.1" 200 20098 "https://www.camjab.com/age/50-59/ethnicity/black,other,east-indian,native,white" "Mozilla/5.0 AppleWebKit/537.36 (KHTML, like Gecko; compatible; GPTBot/1.3; +https://openai.com/gptbot)"
216.73.216.135 - - [04/Apr/2026:01:37:16 -0400] "GET /gender/m,c/ethnicity/latinas,black/languages/Icelandic HTTP/1.1" 200 18920 "-" "Mozilla/5.0 AppleWebKit/537.36 (KHTML, like Gecko; compatible; ClaudeBot/1.0; +claudebot@anthropic.com)"
216.73.216.135 - - [04/Apr/2026:01:37:16 -0400] "GET /status/offline/gender/f,m,t/age/30-39,18-19/languages/English HTTP/1.1" 200 19658 "-" "Mozilla/5.0 AppleWebKit/537.36 (KHTML, like Gecko; compatible; ClaudeBot/1.0; +claudebot@anthropic.com)"
216.73.216.135 - - [04/Apr/2026:01:37:16 -0400] "GET /status/online,offline/ethnicity/black,asian/languages/afrikaans?sortOrder=recent HTTP/1.1" 200 19311 "-" "Mozilla/5.0 AppleWebKit/537.36 (KHTML, like Gecko; compatible; ClaudeBot/1.0; +claudebot@anthropic.com)"
216.73.216.135 - - [04/Apr/2026:01:37:16 -0400] "GET /status/online/gender/m,f/ethnicity/white,islander/languages/afrikaans HTTP/1.1" 200 19633 "-" "Mozilla/5.0 AppleWebKit/537.36 (KHTML, like Gecko; compatible; ClaudeBot/1.0; +claudebot@anthropic.com)"
216.73.216.135 - - [04/Apr/2026:01:37:16 -0400] "GET /gender/m,t/ethnicity/white,native,islander/languages/icelandic HTTP/1.1" 200 19421 "-" "Mozilla/5.0 AppleWebKit/537.36 (KHTML, like Gecko; compatible; ClaudeBot/1.0; +claudebot@anthropic.com)"
216.73.216.135 - - [04/Apr/2026:01:37:16 -0400] "GET /status/online,offline/age/18-19,20-29,30-39/languages/Turkish?sortOrder=leastViewed HTTP/1.1" 200 19554 "-" "Mozilla/5.0 AppleWebKit/537.36 (KHTML, like Gecko; compatible; ClaudeBot/1.0; +claudebot@anthropic.com)"
216.73.216.135 - - [04/Apr/2026:01:37:16 -0400] "GET /status/offline/gender/m,t/age/50-59,40-49/languages/icelandic HTTP/1.1" 200 19418 "-" "Mozilla/5.0 AppleWebKit/537.36 (KHTML, like Gecko; compatible; ClaudeBot/1.0; +claudebot@anthropic.com)"
216.73.216.135 - - [04/Apr/2026:01:37:17 -0400] "GET /gender/m,f/ethnicity/native,islander,black/languages/indonesian?sortOrder=leastViewed HTTP/1.1" 200 19569 "-" "Mozilla/5.0 AppleWebKit/537.36 (KHTML, like Gecko; compatible; ClaudeBot/1.0; +claudebot@anthropic.com)"
216.73.216.135 - - [04/Apr/2026:01:37:17 -0400] "GET /status/online,offline/ethnicity/other,white/languages/Korean?sortOrder=timeOnline HTTP/1.1" 200 19221 "-" "Mozilla/5.0 AppleWebKit/537.36 (KHTML, like Gecko; compatible; ClaudeBot/1.0; +claudebot@anthropic.com)"
74.7.241.1 - - [04/Apr/2026:01:37:17 -0400] "GET /age/30-39/ethnicity/latest-news.php,black,other,latinas,white,islander,asian HTTP/1.1" 200 20630 "https://camjab.com/age/30-39/ethnicity/latest-news.php,black,other,latinas,native,white,islander,asian?sortOrder=recent" "Mozilla/5.0 AppleWebKit/537.36 (KHTML, like Gecko; compatible; GPTBot/1.3; +https://openai.com/gptbot)"
216.73.216.135 - - [04/Apr/2026:01:37:17 -0400] "GET /status/offline,online/gender/c,f,m/ethnicity/islander/languages/Chinese HTTP/1.1" 200 19945 "-" "Mozilla/5.0 AppleWebKit/537.36 (KHTML, like Gecko; compatible; ClaudeBot/1.0; +claudebot@anthropic.com)"
74.7.241.25 - - [04/Apr/2026:01:37:17 -0400] "GET /age/50-59,20-29/ethnicity/black,other,east-indian,native,white HTTP/1.1" 200 20098 "https://www.camjab.com/age/50-59/ethnicity/black,other,east-indian,native,white" "Mozilla/5.0 AppleWebKit/537.36 (KHTML, like Gecko; compatible; GPTBot/1.3; +https://openai.com/gptbot)"
216.73.216.135 - - [04/Apr/2026:01:37:17 -0400] "GET /gender/c,m,t/age/50-59/ethnicity/white/languages/German HTTP/1.1" 200 19142 "-" "Mozilla/5.0 AppleWebKit/537.36 (KHTML, like Gecko; compatible; ClaudeBot/1.0; +claudebot@anthropic.com)"
85.208.96.203 - - [04/Apr/2026:01:37:17 -0400] "GET /ethnicity/islander,black,asian,latino,white HTTP/1.1" 403 - "-" "Mozilla/5.0 (compatible; SemrushBot/7~bl; +http://www.semrush.com/bot.html)"
216.73.216.135 - - [04/Apr/2026:01:37:17 -0400] "GET /status/offline/gender/c,m/age/30-39/ethnicity/native,white/languages/Indonesian HTTP/1.1" 200 20211 "-" "Mozilla/5.0 AppleWebKit/537.36 (KHTML, like Gecko; compatible; ClaudeBot/1.0; +claudebot@anthropic.com)"
216.73.216.135 - - [04/Apr/2026:01:37:17 -0400] "GET /status/online,offline/gender/f/ethnicity/asian/languages/slovak HTTP/1.1" 200 19163 "-" "Mozilla/5.0 AppleWebKit/537.36 (KHTML, like Gecko; compatible; ClaudeBot/1.0; +claudebot@anthropic.com)"
216.73.216.135 - - [04/Apr/2026:01:37:17 -0400] "GET /gender/t,c/age/18-19/ethnicity/white/languages/greek?sortOrder=leastViewed HTTP/1.1" 200 18924 "-" "Mozilla/5.0 AppleWebKit/537.36 (KHTML, like Gecko; compatible; ClaudeBot/1.0; +claudebot@anthropic.com)"
216.73.216.135 - - [04/Apr/2026:01:37:17 -0400] "GET /status/offline/gender/m,c,f/age/18-19,20-29/languages/serbian HTTP/1.1" 200 19663 "-" "Mozilla/5.0 AppleWebKit/537.36 (KHTML, like Gecko; compatible; ClaudeBot/1.0; +claudebot@anthropic.com)"
216.73.216.135 - - [04/Apr/2026:01:37:17 -0400] "GET /gender/t,f/age/30-39,20-29,40-49/languages/Arabic HTTP/1.1" 200 19035 "-" "Mozilla/5.0 AppleWebKit/537.36 (KHTML, like Gecko; compatible; ClaudeBot/1.0; +claudebot@anthropic.com)"
216.73.216.135 - - [04/Apr/2026:01:37:17 -0400] "GET /status/offline/gender/t,f/age/18-19/ethnicity/native,other/languages/hebrew HTTP/1.1" 200 20072 "-" "Mozilla/5.0 AppleWebKit/537.36 (KHTML, like Gecko; compatible; ClaudeBot/1.0; +claudebot@anthropic.com)"
54.204.62.163 - - [04/Apr/2026:01:37:17 -0400] "GET /status/online,offline/gender/c,m,f/age/50-59,18-19,20-29,30-39/ethnicity/east-indian,native,asian,white/languages/hindi HTTP/1.1" 200 23680 "-" "Mozilla/5.0 AppleWebKit/537.36 (KHTML, like Gecko; compatible; Amazonbot/0.1; +https://developer.amazon.com/support/amazonbot) Chrome/119.0.6045.214 Safari/537.36"
216.73.216.135 - - [04/Apr/2026:01:37:17 -0400] "GET /gender/t,m/ethnicity/white,other,native/languages/estonian HTTP/1.1" 200 19275 "-" "Mozilla/5.0 AppleWebKit/537.36 (KHTML, like Gecko; compatible; ClaudeBot/1.0; +claudebot@anthropic.com)"
23.21.119.232 - - [04/Apr/2026:01:37:18 -0400] "GET /status/online,offline/gender/f,c,t,m/age/60-100,50-59,20-29/ethnicity/native,asian,east-indian/languages/korean HTTP/1.1" 200 23308 "-" "Mozilla/5.0 AppleWebKit/537.36 (KHTML, like Gecko; compatible; Amazonbot/0.1; +https://developer.amazon.com/support/amazonbot) Chrome/119.0.6045.214 Safari/537.36"
216.73.216.135 - - [04/Apr/2026:01:37:18 -0400] "GET /gender/m,c,f,t/ethnicity/native,black/languages/hebrew HTTP/1.1" 200 19379 "-" "Mozilla/5.0 AppleWebKit/537.36 (KHTML, like Gecko; compatible; ClaudeBot/1.0; +claudebot@anthropic.com)"
216.73.216.135 - - [04/Apr/2026:01:37:18 -0400] "GET /status/online,offline/age/50-59/ethnicity/white/sites/3?sortOrder=timeOnline HTTP/1.1" 200 19070 "-" "Mozilla/5.0 AppleWebKit/537.36 (KHTML, like Gecko; compatible; ClaudeBot/1.0; +claudebot@anthropic.com)"
74.7.241.1 - - [04/Apr/2026:01:37:18 -0400] "GET /gender/m/age/40-49/ethnicity/latest-news.php,black,east-indian,white,asian,other,islander HTTP/1.1" 200 21344 "https://camjab.com/age/40-49/ethnicity/latest-news.php,black,east-indian,white,asian,other,islander" "Mozilla/5.0 AppleWebKit/537.36 (KHTML, like Gecko; compatible; GPTBot/1.3; +https://openai.com/gptbot)"
216.73.216.135 - - [04/Apr/2026:01:37:18 -0400] "GET /status/offline,online/age/18-19,50-59/ethnicity/other,native?sortOrder=recent HTTP/1.1" 200 19637 "-" "Mozilla/5.0 AppleWebKit/537.36 (KHTML, like Gecko; compatible; ClaudeBot/1.0; +claudebot@anthropic.com)"
216.73.216.135 - - [04/Apr/2026:01:37:18 -0400] "GET /status/offline/gender/m,t/age/60-100/ethnicity/islander/languages/Albanian HTTP/1.1" 200 19770 "-" "Mozilla/5.0 AppleWebKit/537.36 (KHTML, like Gecko; compatible; ClaudeBot/1.0; +claudebot@anthropic.com)"
74.7.241.25 - - [04/Apr/2026:01:37:18 -0400] "GET /age/20-29/ethnicity/black,east-indian,white,native,other,asian?sortOrder=leastViewed HTTP/1.1" 200 20205 "https://www.camjab.com/age/20-29/ethnicity/black,east-indian,white,native,other,asian" "Mozilla/5.0 AppleWebKit/537.36 (KHTML, like Gecko; compatible; GPTBot/1.3; +https://openai.com/gptbot)"
216.73.216.135 - - [04/Apr/2026:01:37:18 -0400] "GET /status/offline,online/gender/m/age/50-59/ethnicity/islander/languages/Swedish HTTP/1.1" 200 19863 "-" "Mozilla/5.0 AppleWebKit/537.36 (KHTML, like Gecko; compatible; ClaudeBot/1.0; +claudebot@anthropic.com)"
216.73.216.135 - - [04/Apr/2026:01:37:18 -0400] "GET /status/offline,online/gender/c,t/ethnicity/other/languages/faeroese HTTP/1.1" 200 19554 "-" "Mozilla/5.0 AppleWebKit/537.36 (KHTML, like Gecko; compatible; ClaudeBot/1.0; +claudebot@anthropic.com)"
216.73.216.135 - - [04/Apr/2026:01:37:18 -0400] "GET /gender/f,m/age/30-39/ethnicity/islander,black/languages/dutch HTTP/1.1" 200 19372 "-" "Mozilla/5.0 AppleWebKit/537.36 (KHTML, like Gecko; compatible; ClaudeBot/1.0; +claudebot@anthropic.com)"
185.170.167.18 - - [04/Apr/2026:01:37:18 -0400] "GET /gender/t,m/ethnicity/other,latino,asian,white HTTP/1.1" 200 18972 "-" "Mozilla/5.0 (compatible; BacklinksExtendedBot)"
216.73.216.135 - - [04/Apr/2026:01:37:18 -0400] "GET /status/online/gender/f,m,t/ethnicity/black/languages/Kurdish HTTP/1.1" 200 19298 "-" "Mozilla/5.0 AppleWebKit/537.36 (KHTML, like Gecko; compatible; ClaudeBot/1.0; +claudebot@anthropic.com)"
144.76.32.187 - - [04/Apr/2026:01:37:18 -0400] "GET /tags/bdsm/gender/f,c HTTP/1.1" 200 17591 "-" "Mozilla/5.0 (compatible; SERankingBacklinksBot/1.0; +https://seranking.com/backlinks-crawler)"
216.73.216.135 - - [04/Apr/2026:01:37:18 -0400] "GET /status/online,offline/gender/m/ethnicity/asian/languages/estonian HTTP/1.1" 200 19221 "-" "Mozilla/5.0 AppleWebKit/537.36 (KHTML, like Gecko; compatible; ClaudeBot/1.0; +claudebot@anthropic.com)"
216.73.216.135 - - [04/Apr/2026:01:37:18 -0400] "GET /gender/c,f/age/18-19/ethnicity/other,native,islander/languages/Dutch HTTP/1.1" 200 19865 "-" "Mozilla/5.0 AppleWebKit/537.36 (KHTML, like Gecko; compatible; ClaudeBot/1.0; +claudebot@anthropic.com)"
216.73.216.135 - - [04/Apr/2026:01:37:19 -0400] "GET /status/offline/gender/c,t/ethnicity/other,native/languages/spanish?sortOrder=youngest HTTP/1.1" 200 19630 "-" "Mozilla/5.0 AppleWebKit/537.36 (KHTML, like Gecko; compatible; ClaudeBot/1.0; +claudebot@anthropic.com)"
216.73.216.135 - - [04/Apr/2026:01:37:19 -0400] "GET /status/offline,online/ethnicity/native,latinas,other/languages/Croatian?sortOrder=leastViewed HTTP/1.1" 200 19843 "-" "Mozilla/5.0 AppleWebKit/537.36 (KHTML, like Gecko; compatible; ClaudeBot/1.0; +claudebot@anthropic.com)"
154.54.249.194 - - [04/Apr/2026:01:37:19 -0400] "GET /status/offline/gender/m,c/age/60-100,20-29/ethnicity/native/languages/finnish HTTP/1.1" 200 20334 "-" "Mozilla/5.0 (compatible; Barkrowler/0.9; +https://babbar.tech/crawler)"
54.84.169.196 - - [04/Apr/2026:01:37:19 -0400] "GET /status/offline,online/gender/t,c/age/60-100,30-39,20-29/ethnicity/east-indian,islander,native,white/sites/1 HTTP/1.1" 200 22911 "-" "Mozilla/5.0 AppleWebKit/537.36 (KHTML, like Gecko; compatible; Amazonbot/0.1; +https://developer.amazon.com/support/amazonbot) Chrome/119.0.6045.214 Safari/537.36"
216.73.216.135 - - [04/Apr/2026:01:37:19 -0400] "GET /status/offline/gender/t,f,m,c/age/30-39/languages/croatian HTTP/1.1" 200 19560 "-" "Mozilla/5.0 AppleWebKit/537.36 (KHTML, like Gecko; compatible; ClaudeBot/1.0; +claudebot@anthropic.com)"
189.220.186.21 - - [04/Apr/2026:01:37:19 -0400] "GET /tags/boytoy HTTP/1.1" 200 17147 "-" "Mozilla/5.0 (Windows NT 10.0; Win64; x64) AppleWebKit/537.36 (KHTML, like Gecko) Chrome/133.0.6943.141 Safari/537.36"
74.7.241.1 - - [04/Apr/2026:01:37:19 -0400] "GET /age/30-39/ethnicity/latest-news.php,east-indian,native,other,islander,white,black HTTP/1.1" 200 20830 "https://camjab.com/age/30-39/ethnicity/latest-news.php,east-indian,native,other,islander,white,asian,black" "Mozilla/5.0 AppleWebKit/537.36 (KHTML, like Gecko; compatible; GPTBot/1.3; +https://openai.com/gptbot)"
216.73.216.135 - - [04/Apr/2026:01:37:19 -0400] "GET /status/offline/gender/m,f,t,c/age/30-39/languages/croatian HTTP/1.1" 200 19560 "-" "Mozilla/5.0 AppleWebKit/537.36 (KHTML, like Gecko; compatible; ClaudeBot/1.0; +claudebot@anthropic.com)"
216.73.216.135 - - [04/Apr/2026:01:37:19 -0400] "GET /gender/m,t,c/age/30-39/ethnicity/other/languages/Chinese HTTP/1.1" 200 19177 "-" "Mozilla/5.0 AppleWebKit/537.36 (KHTML, like Gecko; compatible; ClaudeBot/1.0; +claudebot@anthropic.com)"
74.7.241.25 - - [04/Apr/2026:01:37:19 -0400] "GET /age/50-59,40-49/ethnicity/black,other,east-indian,native,white HTTP/1.1" 200 20098 "https://www.camjab.com/age/50-59/ethnicity/black,other,east-indian,native,white" "Mozilla/5.0 AppleWebKit/537.36 (KHTML, like Gecko; compatible; GPTBot/1.3; +https://openai.com/gptbot)"
216.73.216.135 - - [04/Apr/2026:01:37:19 -0400] "GET /gender/c,m/age/60-100,18-19,40-49/languages/serbian HTTP/1.1" 200 19102 "-" "Mozilla/5.0 AppleWebKit/537.36 (KHTML, like Gecko; compatible; ClaudeBot/1.0; +claudebot@anthropic.com)"
216.73.216.135 - - [04/Apr/2026:01:37:19 -0400] "GET /gender/t,c/age/50-59/ethnicity/islander/languages/Estonian HTTP/1.1" 200 19026 "-" "Mozilla/5.0 AppleWebKit/537.36 (KHTML, like Gecko; compatible; ClaudeBot/1.0; +claudebot@anthropic.com)"
216.73.216.135 - - [04/Apr/2026:01:37:19 -0400] "GET /gender/c,f,t/age/30-39,20-29/languages/Korean HTTP/1.1" 200 18913 "-" "Mozilla/5.0 AppleWebKit/537.36 (KHTML, like Gecko; compatible; ClaudeBot/1.0; +claudebot@anthropic.com)"
216.73.216.135 - - [04/Apr/2026:01:37:19 -0400] "GET /status/offline/gender/t,m,f/ethnicity/islander,white,native/languages/German HTTP/1.1" 200 20376 "-" "Mozilla/5.0 AppleWebKit/537.36 (KHTML, like Gecko; compatible; ClaudeBot/1.0; +claudebot@anthropic.com)"
184.73.35.182 - - [04/Apr/2026:01:37:20 -0400] "GET /status/offline,online/gender/c,m,t,f/age/60-100,50-59,30-39,18-19/ethnicity/east-indian,white,asian/languages/hindi HTTP/1.1" 200 23754 "-" "Mozilla/5.0 AppleWebKit/537.36 (KHTML, like Gecko; compatible; Amazonbot/0.1; +https://developer.amazon.com/support/amazonbot) Chrome/119.0.6045.214 Safari/537.36"
74.7.241.1 - - [04/Apr/2026:01:37:20 -0400] "GET /age/18-19/ethnicity/latest-news.php,islander,black,latinas,white,native,other HTTP/1.1" 200 20670 "https://camjab.com/age/18-19/ethnicity/latest-news.php,islander,black,latinas,white,native,other,east-indian" "Mozilla/5.0 AppleWebKit/537.36 (KHTML, like Gecko; compatible; GPTBot/1.3; +https://openai.com/gptbot)"
74.7.241.25 - - [04/Apr/2026:01:37:20 -0400] "GET /age/20-29,40-49/ethnicity/white,black,native,other,latinas HTTP/1.1" 200 19942 "https://www.camjab.com/age/20-29,40-49/ethnicity/white,black,native,east-indian,other,latinas" "Mozilla/5.0 AppleWebKit/537.36 (KHTML, like Gecko; compatible; GPTBot/1.3; +https://openai.com/gptbot)"
74.7.241.1 - - [04/Apr/2026:01:37:21 -0400] "GET /age/40-49/ethnicity/latest-news.php,latinas,black,islander,native,other HTTP/1.1" 200 20203 "https://camjab.com/age/40-49/ethnicity/latest-news.php,latinas,east-indian,black,islander,native,other" "Mozilla/5.0 AppleWebKit/537.36 (KHTML, like Gecko; compatible; GPTBot/1.3; +https://openai.com/gptbot)"
74.7.241.25 - - [04/Apr/2026:01:37:21 -0400] "GET /age/20-29/ethnicity/east-indian,other,black,asian,native HTTP/1.1" 200 19647 "https://www.camjab.com/age/20-29/ethnicity/east-indian,other,black,asian,native,islander" "Mozilla/5.0 AppleWebKit/537.36 (KHTML, like Gecko; compatible; GPTBot/1.3; +https://openai.com/gptbot)"
