216.73.216.135 - - [04/Apr/2026:01:31:45 -0400] "GET /gender/m,f,t/ethnicity/white,native/languages/Scots?sortOrder=youngest HTTP/1.1" 200 19140 "-" "Mozilla/5.0 AppleWebKit/537.36 (KHTML, like Gecko; compatible; ClaudeBot/1.0; +claudebot@anthropic.com)"
216.73.216.135 - - [04/Apr/2026:01:31:45 -0400] "GET /status/online/gender/f,m,c/ethnicity/native/languages/kazakh?sortOrder=leastViewed HTTP/1.1" 200 19413 "-" "Mozilla/5.0 AppleWebKit/537.36 (KHTML, like Gecko; compatible; ClaudeBot/1.0; +claudebot@anthropic.com)"
177.54.207.25 - - [04/Apr/2026:01:31:45 -0400] "GET /status/offline/gender/m,t/age/30-39,18-19,50-59,40-49/ethnicity/east-indian,asian,latinas,white HTTP/1.1" 200 22316 "https://www.camjab.com/status/offline/gender/m/age/30-39,18-19,50-59,40-49/ethnicity/east-indian,asian,latinas,white" "Mozilla/5.0 (Windows NT 10.0; Win64; x64) AppleWebKit/537.36 (KHTML, like Gecko) Chrome/134.0.0.0 Safari/537.36"
216.73.216.135 - - [04/Apr/2026:01:31:45 -0400] "GET /gender/f,m/age/20-29/ethnicity/islander/languages/armenian?sortOrder=leastViewed HTTP/1.1" 200 19129 "-" "Mozilla/5.0 AppleWebKit/537.36 (KHTML, like Gecko; compatible; ClaudeBot/1.0; +claudebot@anthropic.com)"
216.73.216.135 - - [04/Apr/2026:01:31:45 -0400] "GET /status/online,offline/age/40-49/ethnicity/other,islander/languages/Italian?sortOrder=leastViewed HTTP/1.1" 200 19931 "-" "Mozilla/5.0 AppleWebKit/537.36 (KHTML, like Gecko; compatible; ClaudeBot/1.0; +claudebot@anthropic.com)"
103.112.129.100 - - [04/Apr/2026:01:31:45 -0400] "GET /tags/gymgirl/gender/m,t,f/age/40-49,60-100,18-19,20-29/ethnicity/black,east-indian,other,latinas,white HTTP/1.1" 200 23143 "https://www.camjab.com/tags/gymgirl/gender/m,t,f/age/40-49,60-100,18-19,20-29/ethnicity/asian,black,east-indian,other,latinas,white" "Mozilla/5.0 (Windows NT 10.0; Win64; x64) AppleWebKit/537.36 (KHTML, like Gecko) Chrome/136.0.0.0 Safari/537.36"
216.73.216.135 - - [04/Apr/2026:01:31:45 -0400] "GET /gender/t,f/ethnicity/latinas,white/languages/Norwegian?sortOrder=leastViewed HTTP/1.1" 200 19033 "-" "Mozilla/5.0 AppleWebKit/537.36 (KHTML, like Gecko; compatible; ClaudeBot/1.0; +claudebot@anthropic.com)"
216.73.216.135 - - [04/Apr/2026:01:31:45 -0400] "GET /gender/m,f,t/ethnicity/black/languages/kazakh?sortOrder=leastViewed HTTP/1.1" 200 18704 "-" "Mozilla/5.0 AppleWebKit/537.36 (KHTML, like Gecko; compatible; ClaudeBot/1.0; +claudebot@anthropic.com)"
189.15.123.130 - - [04/Apr/2026:01:31:45 -0400] "GET /gender/m,t/age/20-29,18-19,50-59/ethnicity/other,black,latinas,asian HTTP/1.1" 200 20758 "https://www.camjab.com/gender/m,t/age/20-29,18-19,50-59/ethnicity/east-indian,other,black,latinas,asian" "Mozilla/5.0 (Macintosh; Intel Mac OS X 10_15_7) AppleWebKit/537.36 (KHTML, like Gecko) Chrome/135.0.0.0 Safari/537.36"
216.73.216.135 - - [04/Apr/2026:01:31:45 -0400] "GET /status/online/gender/m,f,c/age/30-39/languages/Armenian?sortOrder=leastViewed HTTP/1.1" 200 19329 "-" "Mozilla/5.0 AppleWebKit/537.36 (KHTML, like Gecko; compatible; ClaudeBot/1.0; +claudebot@anthropic.com)"
149.19.164.241 - - [04/Apr/2026:01:31:46 -0400] "GET /status/offline/gender/m,f/age/30-39,18-19/ethnicity/other,native,black,latinas,asian,east-indian HTTP/1.1" 200 22378 "https://www.camjab.com/status/offline/gender/m/age/30-39,18-19/ethnicity/other,native,black,latinas,asian,east-indian" "Mozilla/5.0 (Windows NT 10.0; Win64; x64) AppleWebKit/537.36 (KHTML, like Gecko) Chrome/135.0.0.0 Safari/537.36"
216.73.216.135 - - [04/Apr/2026:01:31:46 -0400] "GET /status/offline,online/gender/c/ethnicity/latinas,native/languages/german?sortOrder=recent HTTP/1.1" 200 19828 "-" "Mozilla/5.0 AppleWebKit/537.36 (KHTML, like Gecko; compatible; ClaudeBot/1.0; +claudebot@anthropic.com)"
144.76.32.187 - - [04/Apr/2026:01:31:46 -0400] "GET /tags/18/gender/c,m HTTP/1.1" 200 17507 "-" "Mozilla/5.0 (compatible; SERankingBacklinksBot/1.0; +https://seranking.com/backlinks-crawler)"
52.3.155.146 - - [04/Apr/2026:01:31:46 -0400] "GET /status/offline/gender/t,m,f/age/20-29/ethnicity/latino,white,asian,east-indian,native HTTP/1.1" 200 21398 "-" "Mozilla/5.0 AppleWebKit/537.36 (KHTML, like Gecko; compatible; Amazonbot/0.1; +https://developer.amazon.com/support/amazonbot) Chrome/119.0.6045.214 Safari/537.36"
52.0.41.164 - - [04/Apr/2026:01:31:46 -0400] "GET /status/offline,online/gender/c,t,m/age/60-100,20-29/ethnicity/east-indian,native,white,black,islander/languages/vietnamese HTTP/1.1" 200 23772 "-" "Mozilla/5.0 AppleWebKit/537.36 (KHTML, like Gecko; compatible; Amazonbot/0.1; +https://developer.amazon.com/support/amazonbot) Chrome/119.0.6045.214 Safari/537.36"
181.209.119.162 - - [04/Apr/2026:01:31:46 -0400] "GET /age/30-39,60-100,20-29,18-19,40-49/ethnicity/latinas,white,east-indian,black HTTP/1.1" 200 21095 "https://www.camjab.com/age/30-39,60-100,20-29,18-19,40-49/ethnicity/latinas,white,other,east-indian,black" "Mozilla/5.0 (Windows NT 10.0; Win64; x64) AppleWebKit/537.36 (KHTML, like Gecko) Chrome/136.0.0.0 Safari/537.36"
216.73.216.135 - - [04/Apr/2026:01:31:46 -0400] "GET /status/offline,online/ethnicity/native,other,black/languages/Afrikaans HTTP/1.1" 200 19696 "-" "Mozilla/5.0 AppleWebKit/537.36 (KHTML, like Gecko; compatible; ClaudeBot/1.0; +claudebot@anthropic.com)"
186.5.242.103 - - [04/Apr/2026:01:31:46 -0400] "GET /status/online/gender/t,f/age/18-19,60-100/ethnicity/islander,native,black,other,latinas HTTP/1.1" 200 21749 "https://www.camjab.com/status/online/gender/t,f/age/18-19,60-100/ethnicity/islander,native,black,other" "Mozilla/5.0 (Windows NT 10.0; Win64; x64) AppleWebKit/537.36 (KHTML, like Gecko) Chrome/135.0.0.0 Safari/537.36 Edg/135.0.0.0"
216.73.216.135 - - [04/Apr/2026:01:31:46 -0400] "GET /gender/c,m,t,f/ethnicity/islander,native/languages/Maltese HTTP/1.1" 200 19529 "-" "Mozilla/5.0 AppleWebKit/537.36 (KHTML, like Gecko; compatible; ClaudeBot/1.0; +claudebot@anthropic.com)"
74.7.241.1 - - [04/Apr/2026:01:31:46 -0400] "GET /age/40-49/ethnicity/latest-news.php,white,native,black,islander,other,latinas HTTP/1.1" 200 20670 "https://camjab.com/age/40-49/ethnicity/latest-news.php,white,native,black,islander,other,east-indian,latinas" "Mozilla/5.0 AppleWebKit/537.36 (KHTML, like Gecko; compatible; GPTBot/1.3; +https://openai.com/gptbot)"
216.73.216.135 - - [04/Apr/2026:01:31:46 -0400] "GET /status/offline/gender/c,m,f/ethnicity/asian/languages/afrikaans?sortOrder=leastViewed HTTP/1.1" 200 19518 "-" "Mozilla/5.0 AppleWebKit/537.36 (KHTML, like Gecko; compatible; ClaudeBot/1.0; +claudebot@anthropic.com)"
216.73.216.135 - - [04/Apr/2026:01:31:46 -0400] "GET /status/offline,online/gender/f,m/ethnicity/islander/languages/hebrew?sortOrder=name HTTP/1.1" 200 19677 "-" "Mozilla/5.0 AppleWebKit/537.36 (KHTML, like Gecko; compatible; ClaudeBot/1.0; +claudebot@anthropic.com)"
74.7.241.25 - - [04/Apr/2026:01:31:46 -0400] "GET /gender/t/age/40-49/ethnicity/other,black,east-indian,asian,native,white HTTP/1.1" 200 20633 "https://www.camjab.com/age/40-49/ethnicity/other,black,east-indian,asian,native,white" "Mozilla/5.0 AppleWebKit/537.36 (KHTML, like Gecko; compatible; GPTBot/1.3; +https://openai.com/gptbot)"
216.73.216.135 - - [04/Apr/2026:01:31:46 -0400] "GET /status/offline/gender/t,c/ethnicity/white,islander/languages/Albanian?sortOrder=leastViewed HTTP/1.1" 200 19748 "-" "Mozilla/5.0 AppleWebKit/537.36 (KHTML, like Gecko; compatible; ClaudeBot/1.0; +claudebot@anthropic.com)"
216.73.216.135 - - [04/Apr/2026:01:31:46 -0400] "GET /gender/f,c,t/age/60-100/languages/Georgian?sortOrder=youngest HTTP/1.1" 200 18698 "-" "Mozilla/5.0 AppleWebKit/537.36 (KHTML, like Gecko; compatible; ClaudeBot/1.0; +claudebot@anthropic.com)"
216.73.216.135 - - [04/Apr/2026:01:31:46 -0400] "GET /gender/f,m/age/40-49/ethnicity/latinas,native/languages/Hungarian?sortOrder=mostViewed HTTP/1.1" 200 19617 "-" "Mozilla/5.0 AppleWebKit/537.36 (KHTML, like Gecko; compatible; ClaudeBot/1.0; +claudebot@anthropic.com)"
216.73.216.135 - - [04/Apr/2026:01:31:46 -0400] "GET /gender/c,f,m/age/40-49/ethnicity/native/languages/finnish?sortOrder=youngest HTTP/1.1" 200 19318 "-" "Mozilla/5.0 AppleWebKit/537.36 (KHTML, like Gecko; compatible; ClaudeBot/1.0; +claudebot@anthropic.com)"
216.73.216.135 - - [04/Apr/2026:01:31:46 -0400] "GET /status/offline/gender/c,f,m/age/18-19/languages/spanish?sortOrder=timeOnline HTTP/1.1" 200 19328 "-" "Mozilla/5.0 AppleWebKit/537.36 (KHTML, like Gecko; compatible; ClaudeBot/1.0; +claudebot@anthropic.com)"
216.73.216.135 - - [04/Apr/2026:01:31:46 -0400] "GET /status/online/gender/f,m,c/age/30-39/languages/Armenian?sortOrder=leastViewed HTTP/1.1" 200 19329 "-" "Mozilla/5.0 AppleWebKit/537.36 (KHTML, like Gecko; compatible; ClaudeBot/1.0; +claudebot@anthropic.com)"
34.192.125.239 - - [04/Apr/2026:01:31:47 -0400] "GET /status/offline,online/gender/f/age/40-49,18-19/ethnicity/black,islander,white,asian,east-indian,native/sites/1 HTTP/1.1" 200 23019 "-" "Mozilla/5.0 AppleWebKit/537.36 (KHTML, like Gecko; compatible; Amazonbot/0.1; +https://developer.amazon.com/support/amazonbot) Chrome/119.0.6045.214 Safari/537.36"
216.73.216.135 - - [04/Apr/2026:01:31:47 -0400] "GET /status/online,offline/age/18-19/ethnicity/black,native/languages/spanish HTTP/1.1" 200 19749 "-" "Mozilla/5.0 AppleWebKit/537.36 (KHTML, like Gecko; compatible; ClaudeBot/1.0; +claudebot@anthropic.com)"
52.167.144.212 - - [04/Apr/2026:01:31:47 -0400] "GET /gender/c,m,f,t/languages/kashmiri HTTP/1.1" 200 18513 "-" "Mozilla/5.0 AppleWebKit/537.36 (KHTML, like Gecko; compatible; bingbot/2.0; +http://www.bing.com/bingbot.htm) Chrome/116.0.1938.76 Safari/537.36"
216.73.216.135 - - [04/Apr/2026:01:31:47 -0400] "GET /status/online,offline/gender/c,t/languages/korean?sortOrder=oldest HTTP/1.1" 200 18910 "-" "Mozilla/5.0 AppleWebKit/537.36 (KHTML, like Gecko; compatible; ClaudeBot/1.0; +claudebot@anthropic.com)"
216.73.216.135 - - [04/Apr/2026:01:31:47 -0400] "GET /gender/t,f,c,m/age/60-100/languages/faeroese?sortOrder=leastViewed HTTP/1.1" 200 18988 "-" "Mozilla/5.0 AppleWebKit/537.36 (KHTML, like Gecko; compatible; ClaudeBot/1.0; +claudebot@anthropic.com)"
52.167.144.212 - - [04/Apr/2026:01:31:47 -0400] "GET /ethnicity/latino,black,islander,east-indian,white/languages/Azerbaijani HTTP/1.1" 200 19934 "-" "Mozilla/5.0 AppleWebKit/537.36 (KHTML, like Gecko; compatible; bingbot/2.0; +http://www.bing.com/bingbot.htm) Chrome/116.0.1938.76 Safari/537.36"
74.7.241.1 - - [04/Apr/2026:01:31:47 -0400] "GET /age/20-29/ethnicity/latest-news.php,other,white,islander,latinas,east-indian,black HTTP/1.1" 200 20870 "https://camjab.com/age/20-29/ethnicity/latest-news.php,other,white,islander,asian,latinas,east-indian,black" "Mozilla/5.0 AppleWebKit/537.36 (KHTML, like Gecko; compatible; GPTBot/1.3; +https://openai.com/gptbot)"
216.73.216.135 - - [04/Apr/2026:01:31:47 -0400] "GET /gender/c,t,f/age/40-49/ethnicity/native/languages/Ukrainian?sortOrder=recent HTTP/1.1" 200 19387 "-" "Mozilla/5.0 AppleWebKit/537.36 (KHTML, like Gecko; compatible; ClaudeBot/1.0; +claudebot@anthropic.com)"
216.73.216.135 - - [04/Apr/2026:01:31:47 -0400] "GET /status/offline,online/ethnicity/latino,latinas/languages/Irish?sortOrder=leastViewed HTTP/1.1" 200 19251 "-" "Mozilla/5.0 AppleWebKit/537.36 (KHTML, like Gecko; compatible; ClaudeBot/1.0; +claudebot@anthropic.com)"
74.7.241.25 - - [04/Apr/2026:01:31:47 -0400] "GET /age/40-49,60-100/ethnicity/other,black,east-indian,asian,native,white HTTP/1.1" 200 20600 "https://www.camjab.com/age/40-49/ethnicity/other,black,east-indian,asian,native,white" "Mozilla/5.0 AppleWebKit/537.36 (KHTML, like Gecko; compatible; GPTBot/1.3; +https://openai.com/gptbot)"
216.73.216.135 - - [04/Apr/2026:01:31:47 -0400] "GET /status/offline,online/ethnicity/native,latinas,islander/languages/belarusian?sortOrder=leastViewed HTTP/1.1" 200 20024 "-" "Mozilla/5.0 AppleWebKit/537.36 (KHTML, like Gecko; compatible; ClaudeBot/1.0; +claudebot@anthropic.com)"
216.73.216.135 - - [04/Apr/2026:01:31:47 -0400] "GET /gender/f,t/ethnicity/native,black,other/languages/Norwegian HTTP/1.1" 200 19320 "-" "Mozilla/5.0 AppleWebKit/537.36 (KHTML, like Gecko; compatible; ClaudeBot/1.0; +claudebot@anthropic.com)"
216.73.216.135 - - [04/Apr/2026:01:31:47 -0400] "GET /gender/c,m,f/age/40-49/ethnicity/other/languages/serbian?sortOrder=leastViewed HTTP/1.1" 200 19290 "-" "Mozilla/5.0 AppleWebKit/537.36 (KHTML, like Gecko; compatible; ClaudeBot/1.0; +claudebot@anthropic.com)"
52.167.144.212 - - [04/Apr/2026:01:31:47 -0400] "GET /age/40-49,50-59,20-29/ethnicity/latino,native,black,islander,white HTTP/1.1" 200 20426 "-" "Mozilla/5.0 AppleWebKit/537.36 (KHTML, like Gecko; compatible; bingbot/2.0; +http://www.bing.com/bingbot.htm) Chrome/116.0.1938.76 Safari/537.36"
216.73.216.135 - - [04/Apr/2026:01:31:47 -0400] "GET /gender/m,t/ethnicity/white,latinas/languages/Arabic?sortOrder=leastViewed HTTP/1.1" 200 18921 "-" "Mozilla/5.0 AppleWebKit/537.36 (KHTML, like Gecko; compatible; ClaudeBot/1.0; +claudebot@anthropic.com)"
216.73.216.135 - - [04/Apr/2026:01:31:47 -0400] "GET /status/online/gender/c,m/ethnicity/asian/sites/1?sortOrder=recent HTTP/1.1" 200 18805 "-" "Mozilla/5.0 AppleWebKit/537.36 (KHTML, like Gecko; compatible; ClaudeBot/1.0; +claudebot@anthropic.com)"
216.73.216.135 - - [04/Apr/2026:01:31:47 -0400] "GET /status/offline/gender/f,c/age/50-59,40-49/languages/icelandic?sortOrder=leastViewed HTTP/1.1" 200 19541 "-" "Mozilla/5.0 AppleWebKit/537.36 (KHTML, like Gecko; compatible; ClaudeBot/1.0; +claudebot@anthropic.com)"
216.73.216.135 - - [04/Apr/2026:01:31:48 -0400] "GET /gender/f,t/age/60-100,30-39/languages/dutch?sortOrder=oldest HTTP/1.1" 200 18716 "-" "Mozilla/5.0 AppleWebKit/537.36 (KHTML, like Gecko; compatible; ClaudeBot/1.0; +claudebot@anthropic.com)"
54.145.82.217 - - [04/Apr/2026:01:31:48 -0400] "GET /status/offline,online/gender/c,t,m,f/age/50-59,20-29,60-100/ethnicity/east-indian,native,asian,black,latinas/languages/maltese HTTP/1.1" 200 24538 "-" "Mozilla/5.0 AppleWebKit/537.36 (KHTML, like Gecko; compatible; Amazonbot/0.1; +https://developer.amazon.com/support/amazonbot) Chrome/119.0.6045.214 Safari/537.36"
216.73.216.135 - - [04/Apr/2026:01:31:48 -0400] "GET /status/offline/gender/f,c/age/20-29,18-19/languages/Cambodian?sortOrder=leastViewed HTTP/1.1" 200 19541 "-" "Mozilla/5.0 AppleWebKit/537.36 (KHTML, like Gecko; compatible; ClaudeBot/1.0; +claudebot@anthropic.com)"
216.73.216.135 - - [04/Apr/2026:01:31:48 -0400] "GET /status/online/gender/c,m,t/ethnicity/native/languages/georgian HTTP/1.1" 200 19370 "-" "Mozilla/5.0 AppleWebKit/537.36 (KHTML, like Gecko; compatible; ClaudeBot/1.0; +claudebot@anthropic.com)"
74.7.241.1 - - [04/Apr/2026:01:31:48 -0400] "GET /age/40-49/ethnicity/latest-news.php,islander,white,black,latinas,other HTTP/1.1" 200 20164 "https://camjab.com/age/40-49/ethnicity/latest-news.php,islander,white,black,native,latinas,other" "Mozilla/5.0 AppleWebKit/537.36 (KHTML, like Gecko; compatible; GPTBot/1.3; +https://openai.com/gptbot)"
216.73.216.135 - - [04/Apr/2026:01:31:48 -0400] "GET /gender/c,f/age/60-100,18-19/languages/english?sortOrder=leastViewed HTTP/1.1" 200 18804 "-" "Mozilla/5.0 AppleWebKit/537.36 (KHTML, like Gecko; compatible; ClaudeBot/1.0; +claudebot@anthropic.com)"
216.73.216.135 - - [04/Apr/2026:01:31:48 -0400] "GET /gender/c,t,f,m/ethnicity/white/languages/persian?sortOrder=leastViewed HTTP/1.1" 200 19033 "-" "Mozilla/5.0 AppleWebKit/537.36 (KHTML, like Gecko; compatible; ClaudeBot/1.0; +claudebot@anthropic.com)"
216.73.216.135 - - [04/Apr/2026:01:31:48 -0400] "GET /gender/c,f,m/age/60-100/ethnicity/islander/languages/Greek?sortOrder=leastViewed HTTP/1.1" 200 19368 "-" "Mozilla/5.0 AppleWebKit/537.36 (KHTML, like Gecko; compatible; ClaudeBot/1.0; +claudebot@anthropic.com)"
74.7.241.25 - - [04/Apr/2026:01:31:48 -0400] "GET /age/40-49/ethnicity/black,asian,east-indian,white,native HTTP/1.1" 200 19647 "https://www.camjab.com/age/30-39,40-49/ethnicity/black,asian,east-indian,white,native" "Mozilla/5.0 AppleWebKit/537.36 (KHTML, like Gecko; compatible; GPTBot/1.3; +https://openai.com/gptbot)"
216.73.216.135 - - [04/Apr/2026:01:31:48 -0400] "GET /status/offline,online/gender/c/ethnicity/white,black/languages/Japanese?sortOrder=leastViewed HTTP/1.1" 200 19802 "-" "Mozilla/5.0 AppleWebKit/537.36 (KHTML, like Gecko; compatible; ClaudeBot/1.0; +claudebot@anthropic.com)"
216.73.216.135 - - [04/Apr/2026:01:31:48 -0400] "GET /gender/m,t/age/20-29,30-39/languages/Azerbaijani?sortOrder=leastViewed HTTP/1.1" 200 18889 "-" "Mozilla/5.0 AppleWebKit/537.36 (KHTML, like Gecko; compatible; ClaudeBot/1.0; +claudebot@anthropic.com)"
216.73.216.135 - - [04/Apr/2026:01:31:48 -0400] "GET /gender/m,f,c/age/20-29/ethnicity/white/languages/Chinese?sortOrder=leastViewed HTTP/1.1" 200 19290 "-" "Mozilla/5.0 AppleWebKit/537.36 (KHTML, like Gecko; compatible; ClaudeBot/1.0; +claudebot@anthropic.com)"
216.73.216.135 - - [04/Apr/2026:01:31:48 -0400] "GET /status/offline,online/ethnicity/white,native,other/languages/scots?sortOrder=youngest HTTP/1.1" 200 19655 "-" "Mozilla/5.0 AppleWebKit/537.36 (KHTML, like Gecko; compatible; ClaudeBot/1.0; +claudebot@anthropic.com)"
216.73.216.135 - - [04/Apr/2026:01:31:48 -0400] "GET /gender/c,m/age/60-100,40-49/ethnicity/native/languages/Catalan?sortOrder=leastViewed HTTP/1.1" 200 19494 "-" "Mozilla/5.0 AppleWebKit/537.36 (KHTML, like Gecko; compatible; ClaudeBot/1.0; +claudebot@anthropic.com)"
216.73.216.135 - - [04/Apr/2026:01:31:49 -0400] "GET /status/online,offline/ethnicity/other,white,native/languages/Korean?sortOrder=leastViewed HTTP/1.1" 200 19699 "-" "Mozilla/5.0 AppleWebKit/537.36 (KHTML, like Gecko; compatible; ClaudeBot/1.0; +claudebot@anthropic.com)"
216.73.216.135 - - [04/Apr/2026:01:31:49 -0400] "GET /status/offline,online/gender/t/ethnicity/other/languages/Turkish?sortOrder=timeOnline HTTP/1.1" 200 19297 "-" "Mozilla/5.0 AppleWebKit/537.36 (KHTML, like Gecko; compatible; ClaudeBot/1.0; +claudebot@anthropic.com)"
216.73.216.135 - - [04/Apr/2026:01:31:49 -0400] "GET /gender/c,t,m/ethnicity/native/languages/english?sortOrder=oldest HTTP/1.1" 200 18759 "-" "Mozilla/5.0 AppleWebKit/537.36 (KHTML, like Gecko; compatible; ClaudeBot/1.0; +claudebot@anthropic.com)"
216.73.216.135 - - [04/Apr/2026:01:31:49 -0400] "GET /status/online/gender/c,f/ethnicity/white,native/languages/Azerbaijani?sortOrder=leastViewed HTTP/1.1" 200 19747 "-" "Mozilla/5.0 AppleWebKit/537.36 (KHTML, like Gecko; compatible; ClaudeBot/1.0; +claudebot@anthropic.com)"
74.7.241.1 - - [04/Apr/2026:01:31:49 -0400] "GET /age/50-59/ethnicity/latest-news.php,black,other,latinas,east-indian,islander HTTP/1.1" 200 20398 "https://camjab.com/age/50-59/ethnicity/latest-news.php,black,other,latinas,native,east-indian,islander" "Mozilla/5.0 AppleWebKit/537.36 (KHTML, like Gecko; compatible; GPTBot/1.3; +https://openai.com/gptbot)"
216.73.216.135 - - [04/Apr/2026:01:31:49 -0400] "GET /status/online,offline/gender/f/ethnicity/islander/languages/Italian?sortOrder=youngest HTTP/1.1" 200 19404 "-" "Mozilla/5.0 AppleWebKit/537.36 (KHTML, like Gecko; compatible; ClaudeBot/1.0; +claudebot@anthropic.com)"
216.73.216.135 - - [04/Apr/2026:01:31:49 -0400] "GET /gender/m,t/age/18-19,60-100/languages/Vietnamese?sortOrder=leastViewed HTTP/1.1" 200 18891 "-" "Mozilla/5.0 AppleWebKit/537.36 (KHTML, like Gecko; compatible; ClaudeBot/1.0; +claudebot@anthropic.com)"
74.7.241.25 - - [04/Apr/2026:01:31:49 -0400] "GET /age/20-29/ethnicity/native,east-indian,asian,other,black HTTP/1.1" 200 19647 "https://www.camjab.com/age/20-29/ethnicity/native,east-indian,asian,other,black,latinas" "Mozilla/5.0 AppleWebKit/537.36 (KHTML, like Gecko; compatible; GPTBot/1.3; +https://openai.com/gptbot)"
216.73.216.135 - - [04/Apr/2026:01:31:49 -0400] "GET /status/offline/gender/m,c/ethnicity/native,asian/languages/Estonian?sortOrder=leastViewed HTTP/1.1" 200 19669 "-" "Mozilla/5.0 AppleWebKit/537.36 (KHTML, like Gecko; compatible; ClaudeBot/1.0; +claudebot@anthropic.com)"
216.73.216.135 - - [04/Apr/2026:01:31:49 -0400] "GET /gender/c,m/age/30-39,50-59/languages/Estonian?sortOrder=leastViewed HTTP/1.1" 200 18792 "-" "Mozilla/5.0 AppleWebKit/537.36 (KHTML, like Gecko; compatible; ClaudeBot/1.0; +claudebot@anthropic.com)"
74.7.241.25 - - [04/Apr/2026:01:31:49 -0400] "GET /core/ajax.loadModels.php?age%5B0%5D=40-49&age%5B1%5D=18-19&controller=router&ethnicity%5B0%5D=black&ethnicity%5B1%5D=other&ethnicity%5B2%5D=east-indian&ethnicity%5B3%5D=latinas HTTP/1.1" 200 182 "https://www.camjab.com/age/40-49,18-19/ethnicity/black,other,east-indian,latinas" "Mozilla/5.0 AppleWebKit/537.36 (KHTML, like Gecko; compatible; GPTBot/1.3; +https://openai.com/gptbot)"
216.73.216.135 - - [04/Apr/2026:01:31:49 -0400] "GET /gender/f,m,t/age/20-29/ethnicity/native/languages/Lithuanian?sortOrder=leastViewed HTTP/1.1" 200 19427 "-" "Mozilla/5.0 AppleWebKit/537.36 (KHTML, like Gecko; compatible; ClaudeBot/1.0; +claudebot@anthropic.com)"
54.90.244.132 - - [04/Apr/2026:01:31:49 -0400] "GET /status/offline,online/gender/t,f,m/age/20-29/ethnicity/east-indian,islander,asian,native,white,black/languages/hindi HTTP/1.1" 200 23281 "-" "Mozilla/5.0 AppleWebKit/537.36 (KHTML, like Gecko; compatible; Amazonbot/0.1; +https://developer.amazon.com/support/amazonbot) Chrome/119.0.6045.214 Safari/537.36"
216.73.216.135 - - [04/Apr/2026:01:31:49 -0400] "GET /gender/m,t,c/ethnicity/other/languages/estonian?sortOrder=recent HTTP/1.1" 200 18757 "-" "Mozilla/5.0 AppleWebKit/537.36 (KHTML, like Gecko; compatible; ClaudeBot/1.0; +claudebot@anthropic.com)"
216.73.216.135 - - [04/Apr/2026:01:31:49 -0400] "GET /status/offline,online/age/40-49,20-29/languages/Kashmiri?sortOrder=timeOnline HTTP/1.1" 200 19159 "-" "Mozilla/5.0 AppleWebKit/537.36 (KHTML, like Gecko; compatible; ClaudeBot/1.0; +claudebot@anthropic.com)"
216.73.216.135 - - [04/Apr/2026:01:31:50 -0400] "GET /gender/t,c,m/ethnicity/islander,native/languages/Cambodian?sortOrder=leastViewed HTTP/1.1" 200 19400 "-" "Mozilla/5.0 AppleWebKit/537.36 (KHTML, like Gecko; compatible; ClaudeBot/1.0; +claudebot@anthropic.com)"
216.73.216.135 - - [04/Apr/2026:01:31:50 -0400] "GET /status/online/gender/c,t,f/age/60-100/languages/Georgian HTTP/1.1" 200 19263 "-" "Mozilla/5.0 AppleWebKit/537.36 (KHTML, like Gecko; compatible; ClaudeBot/1.0; +claudebot@anthropic.com)"
184.72.84.154 - - [04/Apr/2026:01:31:50 -0400] "GET /status/offline/gender/t,f/age/60-100,30-39,20-29/ethnicity/native,asian,white HTTP/1.1" 200 21085 "-" "Mozilla/5.0 AppleWebKit/537.36 (KHTML, like Gecko; compatible; Amazonbot/0.1; +https://developer.amazon.com/support/amazonbot) Chrome/119.0.6045.214 Safari/537.36"
216.73.216.135 - - [04/Apr/2026:01:31:50 -0400] "GET /status/online,offline/gender/t/age/40-49/languages/fiji?sortOrder=oldest HTTP/1.1" 200 19072 "-" "Mozilla/5.0 AppleWebKit/537.36 (KHTML, like Gecko; compatible; ClaudeBot/1.0; +claudebot@anthropic.com)"
216.73.216.135 - - [04/Apr/2026:01:31:50 -0400] "GET /status/offline/gender/f,c/age/40-49,20-29/languages/Estonian?sortOrder=leastViewed HTTP/1.1" 200 19506 "-" "Mozilla/5.0 AppleWebKit/537.36 (KHTML, like Gecko; compatible; ClaudeBot/1.0; +claudebot@anthropic.com)"
216.73.216.135 - - [04/Apr/2026:01:31:50 -0400] "GET /status/online,offline/gender/f/age/40-49/languages/Catalan?sortOrder=youngest HTTP/1.1" 200 19185 "-" "Mozilla/5.0 AppleWebKit/537.36 (KHTML, like Gecko; compatible; ClaudeBot/1.0; +claudebot@anthropic.com)"
74.7.241.1 - - [04/Apr/2026:01:31:50 -0400] "GET /age/30-39/ethnicity/latest-news.php,latinas,islander,black,other,asian HTTP/1.1" 200 20164 "https://camjab.com/age/30-39/ethnicity/latest-news.php,latinas,islander,black,other,asian,east-indian" "Mozilla/5.0 AppleWebKit/537.36 (KHTML, like Gecko; compatible; GPTBot/1.3; +https://openai.com/gptbot)"
216.73.216.135 - - [04/Apr/2026:01:31:50 -0400] "GET /status/offline/gender/f,m/age/18-19,50-59/languages/Italian?sortOrder=oldest HTTP/1.1" 200 19446 "-" "Mozilla/5.0 AppleWebKit/537.36 (KHTML, like Gecko; compatible; ClaudeBot/1.0; +claudebot@anthropic.com)"
216.73.216.135 - - [04/Apr/2026:01:31:50 -0400] "GET /gender/c,m/age/60-100,18-19/languages/Afrikaans?sortOrder=leastViewed HTTP/1.1" 200 18862 "-" "Mozilla/5.0 AppleWebKit/537.36 (KHTML, like Gecko; compatible; ClaudeBot/1.0; +claudebot@anthropic.com)"
217.113.194.12 - - [04/Apr/2026:01:31:50 -0400] "GET /gender/f/age/60-100,30-39/ethnicity/white,islander,asian,east-indian?sortOrder=recent HTTP/1.1" 200 20168 "-" "Mozilla/5.0 (compatible; Barkrowler/0.9; +https://babbar.tech/crawler)"
216.73.216.135 - - [04/Apr/2026:01:31:50 -0400] "GET /gender/t,f/age/20-29/ethnicity/black,native/languages/Japanese?sortOrder=recent HTTP/1.1" 200 19501 "-" "Mozilla/5.0 AppleWebKit/537.36 (KHTML, like Gecko; compatible; ClaudeBot/1.0; +claudebot@anthropic.com)"
17.241.219.33 - - [04/Apr/2026:01:31:50 -0400] "GET /age/60-100/ethnicity/latinas,native,islander,east-indian/languages/french HTTP/1.1" 200 20040 "-" "Mozilla/5.0 (Macintosh; Intel Mac OS X 10_15_7) AppleWebKit/605.1.15 (KHTML, like Gecko) Version/17.4 Safari/605.1.15 (Applebot/0.1; +http://www.apple.com/go/applebot)"
216.73.216.135 - - [04/Apr/2026:01:31:50 -0400] "GET /gender/f,c,m/age/40-49/ethnicity/native/languages/Slovak?sortOrder=youngest HTTP/1.1" 200 19283 "-" "Mozilla/5.0 AppleWebKit/537.36 (KHTML, like Gecko; compatible; ClaudeBot/1.0; +claudebot@anthropic.com)"
216.73.216.135 - - [04/Apr/2026:01:31:50 -0400] "GET /status/offline/gender/c,f/ethnicity/islander,black/languages/icelandic?sortOrder=leastViewed HTTP/1.1" 200 19788 "-" "Mozilla/5.0 AppleWebKit/537.36 (KHTML, like Gecko; compatible; ClaudeBot/1.0; +claudebot@anthropic.com)"
216.73.216.135 - - [04/Apr/2026:01:31:50 -0400] "GET /gender/m,t,c/ethnicity/white,native/languages/Japanese?sortOrder=oldest HTTP/1.1" 200 19239 "-" "Mozilla/5.0 AppleWebKit/537.36 (KHTML, like Gecko; compatible; ClaudeBot/1.0; +claudebot@anthropic.com)"
216.73.216.135 - - [04/Apr/2026:01:31:51 -0400] "GET /status/online,offline/ethnicity/islander,asian/languages/slovak HTTP/1.1" 200 19224 "-" "Mozilla/5.0 AppleWebKit/537.36 (KHTML, like Gecko; compatible; ClaudeBot/1.0; +claudebot@anthropic.com)"
23.21.179.27 - - [04/Apr/2026:01:31:51 -0400] "GET /status/offline,online/gender/c,t/age/18-19,50-59/ethnicity/asian,native,islander,east-indian,latinas,white,black HTTP/1.1" 200 23623 "-" "Mozilla/5.0 AppleWebKit/537.36 (KHTML, like Gecko; compatible; Amazonbot/0.1; +https://developer.amazon.com/support/amazonbot) Chrome/119.0.6045.214 Safari/537.36"
74.7.241.25 - - [04/Apr/2026:01:31:51 -0400] "GET /age/18-19/ethnicity/black,white,east-indian,native,other HTTP/1.1" 200 19647 "https://www.camjab.com/age/18-19/ethnicity/black,white,east-indian,native,latinas,other" "Mozilla/5.0 AppleWebKit/537.36 (KHTML, like Gecko; compatible; GPTBot/1.3; +https://openai.com/gptbot)"
216.73.216.135 - - [04/Apr/2026:01:31:51 -0400] "GET /gender/t,f/age/50-59,20-29/languages/maltese?sortOrder=leastViewed HTTP/1.1" 200 18763 "-" "Mozilla/5.0 AppleWebKit/537.36 (KHTML, like Gecko; compatible; ClaudeBot/1.0; +claudebot@anthropic.com)"
216.73.216.135 - - [04/Apr/2026:01:31:51 -0400] "GET /status/online/gender/t,c/ethnicity/native,white/languages/Faeroese?sortOrder=mostViewed HTTP/1.1" 200 19634 "-" "Mozilla/5.0 AppleWebKit/537.36 (KHTML, like Gecko; compatible; ClaudeBot/1.0; +claudebot@anthropic.com)"
216.73.216.135 - - [04/Apr/2026:01:31:51 -0400] "GET /gender/t,m/age/50-59/languages/slovak?sortOrder=timeOnline HTTP/1.1" 200 18306 "-" "Mozilla/5.0 AppleWebKit/537.36 (KHTML, like Gecko; compatible; ClaudeBot/1.0; +claudebot@anthropic.com)"
216.73.216.135 - - [04/Apr/2026:01:31:51 -0400] "GET /status/online,offline/gender/f,c/age/60-100/languages/Russian?sortOrder=leastViewed HTTP/1.1" 200 19552 "-" "Mozilla/5.0 AppleWebKit/537.36 (KHTML, like Gecko; compatible; ClaudeBot/1.0; +claudebot@anthropic.com)"
216.73.216.135 - - [04/Apr/2026:01:31:51 -0400] "GET /status/online/gender/t,f,m,c/languages/Armenian?sortOrder=leastViewed HTTP/1.1" 200 19072 "-" "Mozilla/5.0 AppleWebKit/537.36 (KHTML, like Gecko; compatible; ClaudeBot/1.0; +claudebot@anthropic.com)"
74.7.241.1 - - [04/Apr/2026:01:31:51 -0400] "GET /age/30-39/ethnicity/latest-news.php,other,black,latinas,islander,asian,native HTTP/1.1" 200 20670 "https://camjab.com/age/30-39/ethnicity/latest-news.php,other,black,latinas,islander,asian,native,white" "Mozilla/5.0 AppleWebKit/537.36 (KHTML, like Gecko; compatible; GPTBot/1.3; +https://openai.com/gptbot)"
216.73.216.135 - - [04/Apr/2026:01:31:51 -0400] "GET /status/offline/gender/c,m/age/18-19,60-100/languages/Vietnamese?sortOrder=leastViewed HTTP/1.1" 200 19603 "-" "Mozilla/5.0 AppleWebKit/537.36 (KHTML, like Gecko; compatible; ClaudeBot/1.0; +claudebot@anthropic.com)"
216.73.216.135 - - [04/Apr/2026:01:31:51 -0400] "GET /status/online/gender/m,f,t/age/40-49/languages/Faeroese?sortOrder=leastViewed HTTP/1.1" 200 19324 "-" "Mozilla/5.0 AppleWebKit/537.36 (KHTML, like Gecko; compatible; ClaudeBot/1.0; +claudebot@anthropic.com)"
144.79.106.35 - - [04/Apr/2026:01:31:51 -0400] "GET /status/offline/gender/c,f,m/age/40-49/ethnicity/native,latinas,black,other,islander HTTP/1.1" 200 21594 "https://www.camjab.com/status/online,offline/gender/c,f,m/age/40-49/ethnicity/native,latinas,black,other,islander" "Mozilla/5.0 (Windows NT 10.0; Win64; x64) AppleWebKit/537.36 (KHTML, like Gecko) Chrome/135.0.0.0 Safari/537.36 Edg/135.0.0.0"
216.73.216.135 - - [04/Apr/2026:01:31:51 -0400] "GET /gender/t,m/age/18-19/ethnicity/white/languages/swedish?sortOrder=leastViewed HTTP/1.1" 200 18982 "-" "Mozilla/5.0 AppleWebKit/537.36 (KHTML, like Gecko; compatible; ClaudeBot/1.0; +claudebot@anthropic.com)"
216.73.216.135 - - [04/Apr/2026:01:31:51 -0400] "GET /gender/c,t/ethnicity/east-indian/languages/Lithuanian?sortOrder=leastViewed HTTP/1.1" 200 18766 "-" "Mozilla/5.0 AppleWebKit/537.36 (KHTML, like Gecko; compatible; ClaudeBot/1.0; +claudebot@anthropic.com)"
216.73.216.135 - - [04/Apr/2026:01:31:51 -0400] "GET /gender/f,c,m,t/age/40-49/languages/Spanish?sortOrder=youngest HTTP/1.1" 200 18907 "-" "Mozilla/5.0 AppleWebKit/537.36 (KHTML, like Gecko; compatible; ClaudeBot/1.0; +claudebot@anthropic.com)"
35.170.205.140 - - [04/Apr/2026:01:31:52 -0400] "GET /status/offline/gender/c,f,t,m/age/50-59,30-39,18-19/ethnicity/islander,asian,native,white/languages/hindi HTTP/1.1" 200 23038 "-" "Mozilla/5.0 AppleWebKit/537.36 (KHTML, like Gecko; compatible; Amazonbot/0.1; +https://developer.amazon.com/support/amazonbot) Chrome/119.0.6045.214 Safari/537.36"
216.73.216.135 - - [04/Apr/2026:01:31:52 -0400] "GET /gender/t,c/ethnicity/islander,white/languages/greek?sortOrder=leastViewed HTTP/1.1" 200 18933 "-" "Mozilla/5.0 AppleWebKit/537.36 (KHTML, like Gecko; compatible; ClaudeBot/1.0; +claudebot@anthropic.com)"
216.73.216.135 - - [04/Apr/2026:01:31:52 -0400] "GET /gender/c,f/age/40-49,50-59/languages/Vietnamese?sortOrder=oldest HTTP/1.1" 200 18855 "-" "Mozilla/5.0 AppleWebKit/537.36 (KHTML, like Gecko; compatible; ClaudeBot/1.0; +claudebot@anthropic.com)"
74.7.241.25 - - [04/Apr/2026:01:31:52 -0400] "GET /age/40-49/ethnicity/native,east-indian,asian,other,black HTTP/1.1" 200 19647 "https://www.camjab.com/age/40-49/ethnicity/native,islander,east-indian,asian,other,black" "Mozilla/5.0 AppleWebKit/537.36 (KHTML, like Gecko; compatible; GPTBot/1.3; +https://openai.com/gptbot)"
216.73.216.135 - - [04/Apr/2026:01:31:52 -0400] "GET /gender/m,t/ethnicity/islander,native,white/languages/Kashmiri HTTP/1.1" 200 19386 "-" "Mozilla/5.0 AppleWebKit/537.36 (KHTML, like Gecko; compatible; ClaudeBot/1.0; +claudebot@anthropic.com)"
216.73.216.135 - - [04/Apr/2026:01:31:52 -0400] "GET /gender/f,t/ethnicity/islander,black,native/languages/Russian?sortOrder=name HTTP/1.1" 200 19448 "-" "Mozilla/5.0 AppleWebKit/537.36 (KHTML, like Gecko; compatible; ClaudeBot/1.0; +claudebot@anthropic.com)"
216.73.216.135 - - [04/Apr/2026:01:31:52 -0400] "GET /status/offline,online/ethnicity/native,islander,black,other/languages/English HTTP/1.1" 200 20192 "-" "Mozilla/5.0 AppleWebKit/537.36 (KHTML, like Gecko; compatible; ClaudeBot/1.0; +claudebot@anthropic.com)"
216.73.216.135 - - [04/Apr/2026:01:31:52 -0400] "GET /gender/t,f,c/age/18-19/languages/faeroese?sortOrder=timeOnline HTTP/1.1" 200 18668 "-" "Mozilla/5.0 AppleWebKit/537.36 (KHTML, like Gecko; compatible; ClaudeBot/1.0; +claudebot@anthropic.com)"
74.7.241.1 - - [04/Apr/2026:01:31:52 -0400] "GET /age/18-19/ethnicity/latest-news.php,latinas,islander,asian,black,white,other HTTP/1.1" 200 20630 "https://camjab.com/age/18-19/ethnicity/latest-news.php,latinas,native,islander,asian,black,white,other" "Mozilla/5.0 AppleWebKit/537.36 (KHTML, like Gecko; compatible; GPTBot/1.3; +https://openai.com/gptbot)"
216.73.216.135 - - [04/Apr/2026:01:31:52 -0400] "GET /gender/t,m/age/30-39,40-49/languages/portuguese HTTP/1.1" 200 18747 "-" "Mozilla/5.0 AppleWebKit/537.36 (KHTML, like Gecko; compatible; ClaudeBot/1.0; +claudebot@anthropic.com)"
216.73.216.135 - - [04/Apr/2026:01:31:52 -0400] "GET /gender/m,c/age/60-100/ethnicity/asian/languages/Finnish?sortOrder=leastViewed HTTP/1.1" 200 19023 "-" "Mozilla/5.0 AppleWebKit/537.36 (KHTML, like Gecko; compatible; ClaudeBot/1.0; +claudebot@anthropic.com)"
216.73.216.135 - - [04/Apr/2026:01:31:52 -0400] "GET /gender/c,f/age/40-49/ethnicity/latino,native/languages/irish HTTP/1.1" 200 19298 "-" "Mozilla/5.0 AppleWebKit/537.36 (KHTML, like Gecko; compatible; ClaudeBot/1.0; +claudebot@anthropic.com)"
52.167.144.183 - - [04/Apr/2026:01:31:52 -0400] "GET /age/50-59,20-29,30-39,18-19/ethnicity/islander,east-indian,other,black,asian,latino HTTP/1.1" 200 21585 "-" "Mozilla/5.0 AppleWebKit/537.36 (KHTML, like Gecko; compatible; bingbot/2.0; +http://www.bing.com/bingbot.htm) Chrome/116.0.1938.76 Safari/537.36"
216.73.216.135 - - [04/Apr/2026:01:31:52 -0400] "GET /status/offline/gender/c,t,f/age/30-39/languages/Indonesian?sortOrder=oldest HTTP/1.1" 200 19426 "-" "Mozilla/5.0 AppleWebKit/537.36 (KHTML, like Gecko; compatible; ClaudeBot/1.0; +claudebot@anthropic.com)"
216.73.216.135 - - [04/Apr/2026:01:31:53 -0400] "GET /gender/c,f/ethnicity/latinas,asian/languages/turkish HTTP/1.1" 200 18862 "-" "Mozilla/5.0 AppleWebKit/537.36 (KHTML, like Gecko; compatible; ClaudeBot/1.0; +claudebot@anthropic.com)"
216.73.216.135 - - [04/Apr/2026:01:31:53 -0400] "GET /status/offline/gender/f,c/ethnicity/native,asian/languages/Estonian?sortOrder=recent HTTP/1.1" 200 19664 "-" "Mozilla/5.0 AppleWebKit/537.36 (KHTML, like Gecko; compatible; ClaudeBot/1.0; +claudebot@anthropic.com)"
216.73.216.135 - - [04/Apr/2026:01:31:53 -0400] "GET /gender/c,m/ethnicity/latino,other/languages/Maltese?sortOrder=mostViewed HTTP/1.1" 200 18874 "-" "Mozilla/5.0 AppleWebKit/537.36 (KHTML, like Gecko; compatible; ClaudeBot/1.0; +claudebot@anthropic.com)"
216.73.216.135 - - [04/Apr/2026:01:31:53 -0400] "GET /gender/f,c/ethnicity/native,black,other/languages/Belarusian?sortOrder=mostViewed HTTP/1.1" 200 19465 "-" "Mozilla/5.0 AppleWebKit/537.36 (KHTML, like Gecko; compatible; ClaudeBot/1.0; +claudebot@anthropic.com)"
216.73.216.135 - - [04/Apr/2026:01:31:53 -0400] "GET /gender/c,f/age/40-49/ethnicity/native,black/languages/hebrew?sortOrder=oldest HTTP/1.1" 200 19436 "-" "Mozilla/5.0 AppleWebKit/537.36 (KHTML, like Gecko; compatible; ClaudeBot/1.0; +claudebot@anthropic.com)"
144.76.32.187 - - [04/Apr/2026:01:31:53 -0400] "GET /tags/18/gender/c,t HTTP/1.1" 200 17512 "-" "Mozilla/5.0 (compatible; SERankingBacklinksBot/1.0; +https://seranking.com/backlinks-crawler)"
74.7.241.25 - - [04/Apr/2026:01:31:53 -0400] "GET /age/50-59/ethnicity/asian,east-indian,black,other,native HTTP/1.1" 200 19647 "https://www.camjab.com/age/50-59/ethnicity/asian,east-indian,black,other,native,islander" "Mozilla/5.0 AppleWebKit/537.36 (KHTML, like Gecko; compatible; GPTBot/1.3; +https://openai.com/gptbot)"
216.73.216.135 - - [04/Apr/2026:01:31:53 -0400] "GET /gender/m,t/age/60-100,30-39/sites/1?sortOrder=name HTTP/1.1" 200 18484 "-" "Mozilla/5.0 AppleWebKit/537.36 (KHTML, like Gecko; compatible; ClaudeBot/1.0; +claudebot@anthropic.com)"
216.73.216.135 - - [04/Apr/2026:01:31:53 -0400] "GET /gender/m,c/age/20-29,40-49/ethnicity/native/languages/Vietnamese?sortOrder=leastViewed HTTP/1.1" 200 19562 "-" "Mozilla/5.0 AppleWebKit/537.36 (KHTML, like Gecko; compatible; ClaudeBot/1.0; +claudebot@anthropic.com)"
216.73.216.135 - - [04/Apr/2026:01:31:53 -0400] "GET /status/offline/gender/f,c/age/20-29,50-59/languages/Cambodian?sortOrder=leastViewed HTTP/1.1" 200 19541 "-" "Mozilla/5.0 AppleWebKit/537.36 (KHTML, like Gecko; compatible; ClaudeBot/1.0; +claudebot@anthropic.com)"
74.7.241.1 - - [04/Apr/2026:01:31:53 -0400] "GET /age/20-29/ethnicity/latest-news.php,native,other,white,islander,east-indian,black HTTP/1.1" 200 20830 "https://camjab.com/age/20-29/ethnicity/latest-news.php,native,other,white,islander,east-indian,black,latinas" "Mozilla/5.0 AppleWebKit/537.36 (KHTML, like Gecko; compatible; GPTBot/1.3; +https://openai.com/gptbot)"
216.73.216.135 - - [04/Apr/2026:01:31:53 -0400] "GET /gender/c,t/age/30-39/ethnicity/black/languages/Portuguese?sortOrder=leastViewed HTTP/1.1" 200 19094 "-" "Mozilla/5.0 AppleWebKit/537.36 (KHTML, like Gecko; compatible; ClaudeBot/1.0; +claudebot@anthropic.com)"
100.28.204.82 - - [04/Apr/2026:01:31:53 -0400] "GET /status/offline/gender/t,c,m/age/50-59,18-19/ethnicity/white,islander HTTP/1.1" 200 20284 "-" "Mozilla/5.0 AppleWebKit/537.36 (KHTML, like Gecko; compatible; Amazonbot/0.1; +https://developer.amazon.com/support/amazonbot) Chrome/119.0.6045.214 Safari/537.36"
216.73.216.135 - - [04/Apr/2026:01:31:53 -0400] "GET /status/offline/gender/t,f/age/20-29,50-59/languages/faeroese?sortOrder=leastViewed HTTP/1.1" 200 19501 "-" "Mozilla/5.0 AppleWebKit/537.36 (KHTML, like Gecko; compatible; ClaudeBot/1.0; +claudebot@anthropic.com)"
217.113.194.14 - - [04/Apr/2026:01:31:53 -0400] "GET /status/online/gender/f/age/50-59,30-39/ethnicity/white,latino,latinas HTTP/1.1" 200 20231 "-" "Mozilla/5.0 (compatible; Barkrowler/0.9; +https://babbar.tech/crawler)"
216.73.216.135 - - [04/Apr/2026:01:31:54 -0400] "GET /gender/c,t/ethnicity/black,white,native/languages/German?sortOrder=name HTTP/1.1" 200 19302 "-" "Mozilla/5.0 AppleWebKit/537.36 (KHTML, like Gecko; compatible; ClaudeBot/1.0; +claudebot@anthropic.com)"
216.73.216.135 - - [04/Apr/2026:01:31:54 -0400] "GET /status/online,offline/gender/c/age/18-19/languages/georgian?sortOrder=leastViewed HTTP/1.1" 200 19228 "-" "Mozilla/5.0 AppleWebKit/537.36 (KHTML, like Gecko; compatible; ClaudeBot/1.0; +claudebot@anthropic.com)"
54.159.98.248 - - [04/Apr/2026:01:31:54 -0400] "GET /status/offline,online/gender/m,f/age/60-100,20-29/ethnicity/islander,asian,white,east-indian,latinas/sites/1 HTTP/1.1" 200 22956 "-" "Mozilla/5.0 AppleWebKit/537.36 (KHTML, like Gecko; compatible; Amazonbot/0.1; +https://developer.amazon.com/support/amazonbot) Chrome/119.0.6045.214 Safari/537.36"
216.73.216.135 - - [04/Apr/2026:01:31:54 -0400] "GET /gender/m,f,t/age/20-29/languages/Afrikaans?sortOrder=name HTTP/1.1" 200 18674 "-" "Mozilla/5.0 AppleWebKit/537.36 (KHTML, like Gecko; compatible; ClaudeBot/1.0; +claudebot@anthropic.com)"
216.73.216.135 - - [04/Apr/2026:01:31:54 -0400] "GET /status/online/gender/t,c,f/ethnicity/native/languages/Cambodian?sortOrder=leastViewed HTTP/1.1" 200 19523 "-" "Mozilla/5.0 AppleWebKit/537.36 (KHTML, like Gecko; compatible; ClaudeBot/1.0; +claudebot@anthropic.com)"
74.7.241.25 - - [04/Apr/2026:01:31:54 -0400] "GET /age/50-59/ethnicity/east-indian,other,native,asian,black HTTP/1.1" 200 19647 "https://www.camjab.com/age/50-59/ethnicity/east-indian,other,native,asian,white,black" "Mozilla/5.0 AppleWebKit/537.36 (KHTML, like Gecko; compatible; GPTBot/1.3; +https://openai.com/gptbot)"
216.73.216.135 - - [04/Apr/2026:01:31:54 -0400] "GET /status/online/gender/t,f,m/age/30-39/languages/Hindi?sortOrder=leastViewed HTTP/1.1" 200 19219 "-" "Mozilla/5.0 AppleWebKit/537.36 (KHTML, like Gecko; compatible; ClaudeBot/1.0; +claudebot@anthropic.com)"
216.73.216.135 - - [04/Apr/2026:01:31:54 -0400] "GET /status/offline/gender/m,f,c/age/18-19/languages/Fiji?sortOrder=youngest HTTP/1.1" 200 19217 "-" "Mozilla/5.0 AppleWebKit/537.36 (KHTML, like Gecko; compatible; ClaudeBot/1.0; +claudebot@anthropic.com)"
99.20.108.27 - - [04/Apr/2026:01:31:54 -0400] "GET /status/online,offline/gender/c,m/age/60-100,30-39,20-29,50-59,18-19/ethnicity/islander,other,black,east-indian HTTP/1.1" 200 23507 "https://www.camjab.com/status/online,offline/gender/c,m/age/60-100,30-39,20-29,50-59,18-19/ethnicity/islander,other,black" "Mozilla/5.0 (Windows NT 10.0; Win64; x64) AppleWebKit/537.36 (KHTML, like Gecko) Chrome/135.0.0.0 Safari/537.36 Edg/135.0.0.0"
216.73.216.135 - - [04/Apr/2026:01:31:54 -0400] "GET /gender/m,f,c,t/age/50-59/languages/hebrew?sortOrder=recent HTTP/1.1" 200 18866 "-" "Mozilla/5.0 AppleWebKit/537.36 (KHTML, like Gecko; compatible; ClaudeBot/1.0; +claudebot@anthropic.com)"
74.7.241.1 - - [04/Apr/2026:01:31:54 -0400] "GET /age/30-39/ethnicity/latest-news.php,native,islander,black,other,east-indian HTTP/1.1" 200 20359 "https://camjab.com/age/30-39/ethnicity/latest-news.php,native,islander,black,other,east-indian,latinas" "Mozilla/5.0 AppleWebKit/537.36 (KHTML, like Gecko; compatible; GPTBot/1.3; +https://openai.com/gptbot)"
216.73.216.135 - - [04/Apr/2026:01:31:54 -0400] "GET /status/online/gender/c,m/age/18-19,40-49/languages/Kurdish HTTP/1.1" 200 19316 "-" "Mozilla/5.0 AppleWebKit/537.36 (KHTML, like Gecko; compatible; ClaudeBot/1.0; +claudebot@anthropic.com)"
216.73.216.135 - - [04/Apr/2026:01:31:54 -0400] "GET /gender/m,c/age/20-29/ethnicity/native,white/languages/fiji?sortOrder=leastViewed HTTP/1.1" 200 19371 "-" "Mozilla/5.0 AppleWebKit/537.36 (KHTML, like Gecko; compatible; ClaudeBot/1.0; +claudebot@anthropic.com)"
216.73.216.135 - - [04/Apr/2026:01:31:54 -0400] "GET /status/online/gender/m,c/age/60-100,40-49/languages/Finnish?sortOrder=leastViewed HTTP/1.1" 200 19461 "-" "Mozilla/5.0 AppleWebKit/537.36 (KHTML, like Gecko; compatible; ClaudeBot/1.0; +claudebot@anthropic.com)"
27.71.84.104 - - [04/Apr/2026:01:31:54 -0400] "GET /status/online,offline/gender/m,t,c/age/18-19,40-49,20-29,50-59/ethnicity/east-indian,other,black,white,latinas?sortOrder=mostViewed HTTP/1.1" 200 23903 "https://www.camjab.com/status/online,offline/gender/m,t,c/age/18-19,40-49,20-29,50-59/ethnicity/east-indian,other,black,white,latinas" "Mozilla/5.0 (Windows NT 10.0; Win64; x64) AppleWebKit/537.36 (KHTML, like Gecko) Chrome/135.0.0.0 Safari/537.36 Edg/135.0.0.0"
103.180.238.62 - - [04/Apr/2026:01:31:54 -0400] "GET /tags/lush/gender/c/age/50-59,40-49,30-39/ethnicity/asian,black HTTP/1.1" 200 19975 "https://www.camjab.com/tags/lush/gender/c/age/50-59,40-49,30-39/ethnicity/asian,east-indian,black" "Mozilla/5.0 (Windows NT 10.0; Win64; x64) AppleWebKit/537.36 (KHTML, like Gecko) Chrome/135.0.0.0 Safari/537.36 Edg/135.0.0.0"
190.203.114.87 - - [04/Apr/2026:01:31:54 -0400] "GET /gender/c,f/age/60-100/ethnicity/asian,other,white,native HTTP/1.1" 200 19855 "https://www.camjab.com/gender/t,c,f/age/60-100/ethnicity/asian,other,white,native" "Mozilla/5.0 (Macintosh; Intel Mac OS X 10_15_7) AppleWebKit/537.36 (KHTML, like Gecko) Chrome/136.0.0.0 Safari/537.36"
160.179.127.51 - - [04/Apr/2026:01:31:54 -0400] "GET /status/offline/gender/c,m/age/18-19,50-59,30-39/ethnicity/latinas,islander,east-indian,white,other?sortOrder=mostViewed HTTP/1.1" 200 22562 "https://www.camjab.com/status/offline/gender/c,m/age/18-19,50-59,30-39/ethnicity/latinas,islander,east-indian,white,other" "Mozilla/5.0 (Windows NT 10.0; Win64; x64) AppleWebKit/537.36 (KHTML, like Gecko) Chrome/136.0.0.0 Safari/537.36 Edg/136.0.0.0"
216.73.216.135 - - [04/Apr/2026:01:31:55 -0400] "GET /gender/m,f,c/age/20-29/languages/Icelandic?sortOrder=youngest HTTP/1.1" 200 18691 "-" "Mozilla/5.0 AppleWebKit/537.36 (KHTML, like Gecko; compatible; ClaudeBot/1.0; +claudebot@anthropic.com)"
216.73.216.135 - - [04/Apr/2026:01:31:55 -0400] "GET /status/offline/gender/t/age/50-59,20-29,30-39/languages/Turkish HTTP/1.1" 200 19466 "-" "Mozilla/5.0 AppleWebKit/537.36 (KHTML, like Gecko; compatible; ClaudeBot/1.0; +claudebot@anthropic.com)"
216.73.216.135 - - [04/Apr/2026:01:31:55 -0400] "GET /gender/f,m/ethnicity/native,islander/languages/Azerbaijani?sortOrder=timeOnline HTTP/1.1" 200 19165 "-" "Mozilla/5.0 AppleWebKit/537.36 (KHTML, like Gecko; compatible; ClaudeBot/1.0; +claudebot@anthropic.com)"
69.118.37.29 - - [04/Apr/2026:01:31:55 -0400] "GET /status/offline,online/age/30-39,18-19,40-49,50-59/ethnicity/east-indian,black,asian,native,islander?sortOrder=youngest HTTP/1.1" 200 22618 "https://www.camjab.com/status/offline,online/age/30-39,18-19,40-49,50-59/ethnicity/east-indian,black,asian,native,islander" "Mozilla/5.0 (Windows NT 10.0; Win64; x64) AppleWebKit/537.36 (KHTML, like Gecko) Chrome/136.0.0.0 Safari/537.36 Edg/136.0.0.0"
216.73.216.135 - - [04/Apr/2026:01:31:55 -0400] "GET /gender/m,f,t,c/age/40-49/languages/kazakh?sortOrder=leastViewed HTTP/1.1" 200 18881 "-" "Mozilla/5.0 AppleWebKit/537.36 (KHTML, like Gecko; compatible; ClaudeBot/1.0; +claudebot@anthropic.com)"
216.73.216.135 - - [04/Apr/2026:01:31:55 -0400] "GET /gender/t,m/ethnicity/white,asian/languages/fiji?sortOrder=leastViewed HTTP/1.1" 200 18781 "-" "Mozilla/5.0 AppleWebKit/537.36 (KHTML, like Gecko; compatible; ClaudeBot/1.0; +claudebot@anthropic.com)"
216.73.216.135 - - [04/Apr/2026:01:31:55 -0400] "GET /gender/f,t/age/40-49/ethnicity/latinas,native/languages/german?sortOrder=leastViewed HTTP/1.1" 200 19520 "-" "Mozilla/5.0 AppleWebKit/537.36 (KHTML, like Gecko; compatible; ClaudeBot/1.0; +claudebot@anthropic.com)"
41.214.24.100 - - [04/Apr/2026:01:31:55 -0400] "GET /status/online/gender/f,m/age/50-59,20-29,60-100,40-49,18-19/ethnicity/east-indian,black,asian,other HTTP/1.1" 200 22745 "https://www.camjab.com/status/online/gender/f,m/age/50-59,20-29,60-100,40-49,18-19/ethnicity/east-indian,black,asian" "Mozilla/5.0 (Macintosh; Intel Mac OS X 10_15_7) AppleWebKit/537.36 (KHTML, like Gecko) Chrome/136.0.0.0 Safari/537.36"
74.7.241.25 - - [04/Apr/2026:01:31:55 -0400] "GET /age/40-49/ethnicity/east-indian,asian,other,native,black,islander HTTP/1.1" 200 20214 "https://www.camjab.com/age/40-49/ethnicity/east-indian,asian,other,native,black" "Mozilla/5.0 AppleWebKit/537.36 (KHTML, like Gecko; compatible; GPTBot/1.3; +https://openai.com/gptbot)"
216.73.216.135 - - [04/Apr/2026:01:31:55 -0400] "GET /status/online,offline/age/40-49/ethnicity/other/languages/vietnamese?sortOrder=name HTTP/1.1" 200 19438 "-" "Mozilla/5.0 AppleWebKit/537.36 (KHTML, like Gecko; compatible; ClaudeBot/1.0; +claudebot@anthropic.com)"
52.2.191.202 - - [04/Apr/2026:01:31:55 -0400] "GET /status/offline,online/gender/m,c/age/40-49,50-59/ethnicity/east-indian,islander,white,asian,latinas/languages/hindi HTTP/1.1" 200 23185 "-" "Mozilla/5.0 AppleWebKit/537.36 (KHTML, like Gecko; compatible; Amazonbot/0.1; +https://developer.amazon.com/support/amazonbot) Chrome/119.0.6045.214 Safari/537.36"
186.42.8.187 - - [04/Apr/2026:01:31:55 -0400] "GET /gender/m,f/age/18-19,40-49,60-100,30-39,50-59/ethnicity/asian,islander,black,east-indian,other,white?sortOrder=oldest HTTP/1.1" 200 23194 "https://www.camjab.com/gender/m,f/age/18-19,40-49,60-100,30-39,50-59/ethnicity/asian,islander,black,east-indian,other,white" "Mozilla/5.0 (Windows NT 10.0; Win64; x64) AppleWebKit/537.36 (KHTML, like Gecko) Chrome/133.0.0.0 Safari/537.36"
216.73.216.135 - - [04/Apr/2026:01:31:55 -0400] "GET /gender/c,m,t,f/ethnicity/islander/languages/Maltese?sortOrder=recent HTTP/1.1" 200 19129 "-" "Mozilla/5.0 AppleWebKit/537.36 (KHTML, like Gecko; compatible; ClaudeBot/1.0; +claudebot@anthropic.com)"
216.73.216.135 - - [04/Apr/2026:01:31:55 -0400] "GET /gender/f,t,m,c/age/40-49/languages/malay?sortOrder=timeOnline HTTP/1.1" 200 18843 "-" "Mozilla/5.0 AppleWebKit/537.36 (KHTML, like Gecko; compatible; ClaudeBot/1.0; +claudebot@anthropic.com)"
74.7.241.1 - - [04/Apr/2026:01:31:55 -0400] "GET /age/30-39/ethnicity/latest-news.php,black,east-indian,islander,other,latinas,white HTTP/1.1" 200 20870 "https://camjab.com/age/30-39/ethnicity/latest-news.php,black,east-indian,islander,other,latinas,white,native" "Mozilla/5.0 AppleWebKit/537.36 (KHTML, like Gecko; compatible; GPTBot/1.3; +https://openai.com/gptbot)"
38.25.98.216 - - [04/Apr/2026:01:31:55 -0400] "GET /status/online,offline/gender/c,m/age/20-29/ethnicity/other,native,east-indian,latinas,black,white HTTP/1.1" 200 22428 "https://www.camjab.com/status/online,offline/gender/c,m/age/40-49,20-29/ethnicity/other,native,east-indian,latinas,black,white" "Mozilla/5.0 (Windows NT 10.0; Win64; x64) AppleWebKit/537.36 (KHTML, like Gecko) Chrome/135.0.0.0 Safari/537.36 Edg/135.0.0.0"
65.36.97.160 - - [04/Apr/2026:01:31:55 -0400] "GET /status/online/gender/c,t/age/30-39,20-29,60-100,18-19,50-59/ethnicity/asian HTTP/1.1" 200 20969 "https://www.camjab.com/status/online/gender/c,t/age/30-39,20-29,60-100,18-19/ethnicity/asian" "Mozilla/5.0 (Windows NT 10.0; Win64; x64) AppleWebKit/537.36 (KHTML, like Gecko) Chrome/136.0.0.0 Safari/537.36 Edg/136.0.0.0"
172.116.179.135 - - [04/Apr/2026:01:31:55 -0400] "GET /age/30-39,60-100,20-29,18-19,40-49/ethnicity/latinas,white,other,east-indian,black,islander HTTP/1.1" 200 22212 "https://www.camjab.com/age/30-39,60-100,20-29,18-19,40-49/ethnicity/latinas,white,other,east-indian,black" "Mozilla/5.0 (Windows NT 10.0; Win64; x64) AppleWebKit/537.36 (KHTML, like Gecko) Chrome/135.0.0.0 Safari/537.36"
216.73.216.135 - - [04/Apr/2026:01:31:55 -0400] "GET /gender/c,f/ethnicity/native,white,islander/languages/Estonian?sortOrder=leastViewed HTTP/1.1" 200 19509 "-" "Mozilla/5.0 AppleWebKit/537.36 (KHTML, like Gecko; compatible; ClaudeBot/1.0; +claudebot@anthropic.com)"
216.73.216.135 - - [04/Apr/2026:01:31:55 -0400] "GET /status/online/gender/t,f/ethnicity/asian/languages/kurdish?sortOrder=leastViewed HTTP/1.1" 200 19109 "-" "Mozilla/5.0 AppleWebKit/537.36 (KHTML, like Gecko; compatible; ClaudeBot/1.0; +claudebot@anthropic.com)"
