216.73.216.135 - - [04/Apr/2026:01:33:04 -0400] "GET /status/offline/gender/c,f/ethnicity/latinas,native,white/languages/thai HTTP/1.1" 200 19954 "-" "Mozilla/5.0 AppleWebKit/537.36 (KHTML, like Gecko; compatible; ClaudeBot/1.0; +claudebot@anthropic.com)"
216.73.216.135 - - [04/Apr/2026:01:33:04 -0400] "GET /gender/c,m,t/ethnicity/latinas,native/languages/Spanish?sortOrder=leastViewed HTTP/1.1" 200 19293 "-" "Mozilla/5.0 AppleWebKit/537.36 (KHTML, like Gecko; compatible; ClaudeBot/1.0; +claudebot@anthropic.com)"
74.7.241.25 - - [04/Apr/2026:01:33:04 -0400] "GET /age/30-39/ethnicity/native,other,white,east-indian,black,asian HTTP/1.1" 200 20097 "https://www.camjab.com/age/30-39/ethnicity/native,other,white,east-indian,black" "Mozilla/5.0 AppleWebKit/537.36 (KHTML, like Gecko; compatible; GPTBot/1.3; +https://openai.com/gptbot)"
216.73.216.135 - - [04/Apr/2026:01:33:04 -0400] "GET /gender/t,c/age/18-19,20-29/languages/greek?sortOrder=mostViewed HTTP/1.1" 200 18692 "-" "Mozilla/5.0 AppleWebKit/537.36 (KHTML, like Gecko; compatible; ClaudeBot/1.0; +claudebot@anthropic.com)"
216.73.216.135 - - [04/Apr/2026:01:33:04 -0400] "GET /gender/t,c,m/ethnicity/native,white/languages/Faeroese?sortOrder=leastViewed HTTP/1.1" 200 19254 "-" "Mozilla/5.0 AppleWebKit/537.36 (KHTML, like Gecko; compatible; ClaudeBot/1.0; +claudebot@anthropic.com)"
216.73.216.135 - - [04/Apr/2026:01:33:04 -0400] "GET /gender/f,m/ethnicity/native,islander,black/languages/Estonian?sortOrder=mostViewed HTTP/1.1" 200 19496 "-" "Mozilla/5.0 AppleWebKit/537.36 (KHTML, like Gecko; compatible; ClaudeBot/1.0; +claudebot@anthropic.com)"
216.73.216.135 - - [04/Apr/2026:01:33:05 -0400] "GET /gender/m,c,f/ethnicity/islander,white/languages/Estonian?sortOrder=mostViewed HTTP/1.1" 200 19330 "-" "Mozilla/5.0 AppleWebKit/537.36 (KHTML, like Gecko; compatible; ClaudeBot/1.0; +claudebot@anthropic.com)"
216.73.216.135 - - [04/Apr/2026:01:33:05 -0400] "GET /status/online,offline/age/20-29,60-100/languages/Italian?sortOrder=timeOnline HTTP/1.1" 200 19161 "-" "Mozilla/5.0 AppleWebKit/537.36 (KHTML, like Gecko; compatible; ClaudeBot/1.0; +claudebot@anthropic.com)"
17.241.227.113 - - [04/Apr/2026:01:33:05 -0400] "GET /status/offline/age/60-100/ethnicity/other,black,east-indian,native/languages/english HTTP/1.1" 200 20425 "-" "Mozilla/5.0 (Macintosh; Intel Mac OS X 10_15_7) AppleWebKit/605.1.15 (KHTML, like Gecko) Version/17.4 Safari/605.1.15 (Applebot/0.1; +http://www.apple.com/go/applebot)"
216.73.216.135 - - [04/Apr/2026:01:33:05 -0400] "GET /status/offline,online/ethnicity/other,black,white,native/languages/czech?sortOrder=mostViewed HTTP/1.1" 200 20111 "-" "Mozilla/5.0 AppleWebKit/537.36 (KHTML, like Gecko; compatible; ClaudeBot/1.0; +claudebot@anthropic.com)"
74.7.241.1 - - [04/Apr/2026:01:33:05 -0400] "GET /age/18-19,60-100/ethnicity/latest-news.php,native,black,asian,other,islander,latinas HTTP/1.1" 200 21191 "https://camjab.com/age/18-19/ethnicity/latest-news.php,native,black,asian,other,islander,latinas" "Mozilla/5.0 AppleWebKit/537.36 (KHTML, like Gecko; compatible; GPTBot/1.3; +https://openai.com/gptbot)"
216.73.216.135 - - [04/Apr/2026:01:33:05 -0400] "GET /status/offline/gender/m,c,f/ethnicity/black/languages/greek?sortOrder=leastViewed HTTP/1.1" 200 19378 "-" "Mozilla/5.0 AppleWebKit/537.36 (KHTML, like Gecko; compatible; ClaudeBot/1.0; +claudebot@anthropic.com)"
102.253.97.20 - - [04/Apr/2026:01:33:05 -0400] "GET /gender/f/age/20-29,60-100,18-19/ethnicity/latinas,white,native,islander HTTP/1.1" 200 20632 "https://www.camjab.com/gender/f/age/20-29,60-100,18-19/ethnicity/black,latinas,white,native,islander" "Mozilla/5.0 (Macintosh; Intel Mac OS X 10_15_7) AppleWebKit/537.36 (KHTML, like Gecko) Chrome/135.0.0.0 Safari/537.36"
216.73.216.135 - - [04/Apr/2026:01:33:05 -0400] "GET /status/online/gender/m,f,c,t/languages/indonesian?sortOrder=leastViewed HTTP/1.1" 200 19142 "-" "Mozilla/5.0 AppleWebKit/537.36 (KHTML, like Gecko; compatible; ClaudeBot/1.0; +claudebot@anthropic.com)"
216.73.216.135 - - [04/Apr/2026:01:33:05 -0400] "GET /status/offline,online/gender/t,m/age/20-29/languages/Romanian?sortOrder=leastViewed HTTP/1.1" 200 19535 "-" "Mozilla/5.0 AppleWebKit/537.36 (KHTML, like Gecko; compatible; ClaudeBot/1.0; +claudebot@anthropic.com)"
216.73.216.135 - - [04/Apr/2026:01:33:05 -0400] "GET /gender/c,t,m,f/age/60-100/languages/georgian?sortOrder=mostViewed HTTP/1.1" 200 18985 "-" "Mozilla/5.0 AppleWebKit/537.36 (KHTML, like Gecko; compatible; ClaudeBot/1.0; +claudebot@anthropic.com)"
217.113.194.15 - - [04/Apr/2026:01:33:05 -0400] "GET /age/18-19,50-59/ethnicity/black,latino,asian,latinas?sortOrder=leastViewed HTTP/1.1" 200 19345 "-" "Mozilla/5.0 (compatible; Barkrowler/0.9; +https://babbar.tech/crawler)"
216.73.216.135 - - [04/Apr/2026:01:33:05 -0400] "GET /status/offline,online/gender/c,m/age/18-19/languages/Thai?sortOrder=leastViewed HTTP/1.1" 200 19400 "-" "Mozilla/5.0 AppleWebKit/537.36 (KHTML, like Gecko; compatible; ClaudeBot/1.0; +claudebot@anthropic.com)"
216.73.216.135 - - [04/Apr/2026:01:33:05 -0400] "GET /gender/m,f/ethnicity/black,asian/languages/kazakh?sortOrder=mostViewed HTTP/1.1" 200 18851 "-" "Mozilla/5.0 AppleWebKit/537.36 (KHTML, like Gecko; compatible; ClaudeBot/1.0; +claudebot@anthropic.com)"
18.213.240.226 - - [04/Apr/2026:01:33:05 -0400] "GET /status/offline,online/gender/c,f/age/18-19,40-49/ethnicity/native,asian,white/languages/maltese HTTP/1.1" 200 21597 "-" "Mozilla/5.0 AppleWebKit/537.36 (KHTML, like Gecko; compatible; Amazonbot/0.1; +https://developer.amazon.com/support/amazonbot) Chrome/119.0.6045.214 Safari/537.36"
74.7.241.25 - - [04/Apr/2026:01:33:05 -0400] "GET /age/20-29,30-39/ethnicity/native,east-indian,other,black,white HTTP/1.1" 200 20098 "https://www.camjab.com/age/20-29/ethnicity/native,east-indian,other,black,white" "Mozilla/5.0 AppleWebKit/537.36 (KHTML, like Gecko; compatible; GPTBot/1.3; +https://openai.com/gptbot)"
216.73.216.135 - - [04/Apr/2026:01:33:05 -0400] "GET /status/online,offline/gender/f,m,c/languages/chinese?sortOrder=leastViewed HTTP/1.1" 200 19253 "-" "Mozilla/5.0 AppleWebKit/537.36 (KHTML, like Gecko; compatible; ClaudeBot/1.0; +claudebot@anthropic.com)"
216.73.216.135 - - [04/Apr/2026:01:33:06 -0400] "GET /status/online/gender/f,c/age/40-49/ethnicity/white,native/languages/danish HTTP/1.1" 200 20039 "-" "Mozilla/5.0 AppleWebKit/537.36 (KHTML, like Gecko; compatible; ClaudeBot/1.0; +claudebot@anthropic.com)"
216.73.216.135 - - [04/Apr/2026:01:33:06 -0400] "GET /status/online,offline/gender/f/ethnicity/other/languages/slovak HTTP/1.1" 200 19163 "-" "Mozilla/5.0 AppleWebKit/537.36 (KHTML, like Gecko; compatible; ClaudeBot/1.0; +claudebot@anthropic.com)"
52.45.15.233 - - [04/Apr/2026:01:33:06 -0400] "GET /status/offline,online/gender/f,t,m/age/20-29,50-59,40-49/ethnicity/asian,east-indian,white/languages/maltese HTTP/1.1" 200 22887 "-" "Mozilla/5.0 AppleWebKit/537.36 (KHTML, like Gecko; compatible; Amazonbot/0.1; +https://developer.amazon.com/support/amazonbot) Chrome/119.0.6045.214 Safari/537.36"
216.73.216.135 - - [04/Apr/2026:01:33:06 -0400] "GET /gender/t,m,c,f/ethnicity/native/languages/italian?sortOrder=leastViewed HTTP/1.1" 200 19070 "-" "Mozilla/5.0 AppleWebKit/537.36 (KHTML, like Gecko; compatible; ClaudeBot/1.0; +claudebot@anthropic.com)"
216.73.216.135 - - [04/Apr/2026:01:33:06 -0400] "GET /status/offline/gender/c,t,f/ethnicity/white/languages/armenian?sortOrder=leastViewed HTTP/1.1" 200 19488 "-" "Mozilla/5.0 AppleWebKit/537.36 (KHTML, like Gecko; compatible; ClaudeBot/1.0; +claudebot@anthropic.com)"
74.7.241.1 - - [04/Apr/2026:01:33:06 -0400] "GET /age/50-59/ethnicity/latest-news.php,islander,native,latinas,black,white HTTP/1.1" 200 20203 "https://camjab.com/age/50-59/ethnicity/latest-news.php,islander,east-indian,native,latinas,black,white" "Mozilla/5.0 AppleWebKit/537.36 (KHTML, like Gecko; compatible; GPTBot/1.3; +https://openai.com/gptbot)"
216.73.216.135 - - [04/Apr/2026:01:33:06 -0400] "GET /status/online,offline/gender/f,c,t/languages/faeroese?sortOrder=leastViewed HTTP/1.1" 200 19293 "-" "Mozilla/5.0 AppleWebKit/537.36 (KHTML, like Gecko; compatible; ClaudeBot/1.0; +claudebot@anthropic.com)"
17.241.75.128 - - [04/Apr/2026:01:33:06 -0400] "GET /tags/openass/age/40-49?sortOrder=recent HTTP/1.1" 200 17761 "-" "Mozilla/5.0 (Macintosh; Intel Mac OS X 10_15_7) AppleWebKit/605.1.15 (KHTML, like Gecko) Version/17.4 Safari/605.1.15 (Applebot/0.1; +http://www.apple.com/go/applebot)"
216.73.216.135 - - [04/Apr/2026:01:33:06 -0400] "GET /status/offline/gender/c,f/ethnicity/latinas,native,islander/languages/thai HTTP/1.1" 200 20068 "-" "Mozilla/5.0 AppleWebKit/537.36 (KHTML, like Gecko; compatible; ClaudeBot/1.0; +claudebot@anthropic.com)"
216.73.216.135 - - [04/Apr/2026:01:33:06 -0400] "GET /status/offline/gender/t,c/ethnicity/black,other/languages/Kashmiri?sortOrder=mostViewed HTTP/1.1" 200 19634 "-" "Mozilla/5.0 AppleWebKit/537.36 (KHTML, like Gecko; compatible; ClaudeBot/1.0; +claudebot@anthropic.com)"
216.73.216.135 - - [04/Apr/2026:01:33:06 -0400] "GET /gender/c,m/ethnicity/native,islander,other/languages/Icelandic?sortOrder=mostViewed HTTP/1.1" 200 19531 "-" "Mozilla/5.0 AppleWebKit/537.36 (KHTML, like Gecko; compatible; ClaudeBot/1.0; +claudebot@anthropic.com)"
216.73.216.135 - - [04/Apr/2026:01:33:06 -0400] "GET /gender/c,m,f/ethnicity/other,native/languages/polish?sortOrder=name HTTP/1.1" 200 19168 "-" "Mozilla/5.0 AppleWebKit/537.36 (KHTML, like Gecko; compatible; ClaudeBot/1.0; +claudebot@anthropic.com)"
144.76.32.187 - - [04/Apr/2026:01:33:06 -0400] "GET /ethnicity/asian/%22 HTTP/1.1" 200 17061 "-" "Mozilla/5.0 (compatible; SERankingBacklinksBot/1.0; +https://seranking.com/backlinks-crawler)"
216.73.216.135 - - [04/Apr/2026:01:33:06 -0400] "GET /gender/m,c/age/40-49/ethnicity/asian/languages/Turkish?sortOrder=timeOnline HTTP/1.1" 200 18984 "-" "Mozilla/5.0 AppleWebKit/537.36 (KHTML, like Gecko; compatible; ClaudeBot/1.0; +claudebot@anthropic.com)"
216.73.216.135 - - [04/Apr/2026:01:33:06 -0400] "GET /gender/c,m,t/age/30-39,20-29/languages/Turkish?sortOrder=leastViewed HTTP/1.1" 200 19046 "-" "Mozilla/5.0 AppleWebKit/537.36 (KHTML, like Gecko; compatible; ClaudeBot/1.0; +claudebot@anthropic.com)"
74.7.241.25 - - [04/Apr/2026:01:33:06 -0400] "GET /age/30-39,40-49/ethnicity/native,other,white,east-indian,black HTTP/1.1" 200 20098 "https://www.camjab.com/age/30-39/ethnicity/native,other,white,east-indian,black" "Mozilla/5.0 AppleWebKit/537.36 (KHTML, like Gecko; compatible; GPTBot/1.3; +https://openai.com/gptbot)"
216.73.216.135 - - [04/Apr/2026:01:33:06 -0400] "GET /status/offline,online/gender/f,t/age/30-39/languages/Armenian?sortOrder=leastViewed HTTP/1.1" 200 19545 "-" "Mozilla/5.0 AppleWebKit/537.36 (KHTML, like Gecko; compatible; ClaudeBot/1.0; +claudebot@anthropic.com)"
34.206.249.188 - - [04/Apr/2026:01:33:07 -0400] "GET /status/offline,online/gender/m,t,c/age/50-59,40-49/ethnicity/east-indian,black,native,latinas/languages/chinese HTTP/1.1" 200 23023 "-" "Mozilla/5.0 AppleWebKit/537.36 (KHTML, like Gecko; compatible; Amazonbot/0.1; +https://developer.amazon.com/support/amazonbot) Chrome/119.0.6045.214 Safari/537.36"
216.73.216.135 - - [04/Apr/2026:01:33:07 -0400] "GET /gender/f,c,m/ethnicity/latinas,native/languages/romanian?sortOrder=leastViewed HTTP/1.1" 200 19333 "-" "Mozilla/5.0 AppleWebKit/537.36 (KHTML, like Gecko; compatible; ClaudeBot/1.0; +claudebot@anthropic.com)"
216.73.216.135 - - [04/Apr/2026:01:33:07 -0400] "GET /status/online,offline/gender/c,t/age/40-49/languages/finnish?sortOrder=leastViewed HTTP/1.1" 200 19510 "-" "Mozilla/5.0 AppleWebKit/537.36 (KHTML, like Gecko; compatible; ClaudeBot/1.0; +claudebot@anthropic.com)"
216.73.216.135 - - [04/Apr/2026:01:33:07 -0400] "GET /gender/c,f/age/30-39/ethnicity/other,native/languages/hungarian?sortOrder=leastViewed HTTP/1.1" 200 19556 "-" "Mozilla/5.0 AppleWebKit/537.36 (KHTML, like Gecko; compatible; ClaudeBot/1.0; +claudebot@anthropic.com)"
216.73.216.135 - - [04/Apr/2026:01:33:07 -0400] "GET /status/offline/gender/c,f,m/age/18-19/languages/spanish?sortOrder=youngest HTTP/1.1" 200 19322 "-" "Mozilla/5.0 AppleWebKit/537.36 (KHTML, like Gecko; compatible; ClaudeBot/1.0; +claudebot@anthropic.com)"
74.7.241.1 - - [04/Apr/2026:01:33:07 -0400] "GET /age/40-49/ethnicity/latest-news.php,other,black,islander,latinas,white,asian HTTP/1.1" 200 20630 "https://camjab.com/age/40-49/ethnicity/latest-news.php,other,black,islander,east-indian,latinas,white,asian" "Mozilla/5.0 AppleWebKit/537.36 (KHTML, like Gecko; compatible; GPTBot/1.3; +https://openai.com/gptbot)"
216.73.216.135 - - [04/Apr/2026:01:33:07 -0400] "GET /status/offline,online/age/40-49,20-29,30-39/languages/korean HTTP/1.1" 200 19411 "-" "Mozilla/5.0 AppleWebKit/537.36 (KHTML, like Gecko; compatible; ClaudeBot/1.0; +claudebot@anthropic.com)"
216.73.216.135 - - [04/Apr/2026:01:33:07 -0400] "GET /gender/f,m,c/age/60-100/ethnicity/native/languages/catalan?sortOrder=oldest HTTP/1.1" 200 19349 "-" "Mozilla/5.0 AppleWebKit/537.36 (KHTML, like Gecko; compatible; ClaudeBot/1.0; +claudebot@anthropic.com)"
216.73.216.135 - - [04/Apr/2026:01:33:07 -0400] "GET /gender/t,f/age/20-29/ethnicity/black/languages/Kazakh?sortOrder=mostViewed HTTP/1.1" 200 18955 "-" "Mozilla/5.0 AppleWebKit/537.36 (KHTML, like Gecko; compatible; ClaudeBot/1.0; +claudebot@anthropic.com)"
216.73.216.135 - - [04/Apr/2026:01:33:07 -0400] "GET /gender/t,c,f/ethnicity/islander,native/languages/malay?sortOrder=timeOnline HTTP/1.1" 200 19267 "-" "Mozilla/5.0 AppleWebKit/537.36 (KHTML, like Gecko; compatible; ClaudeBot/1.0; +claudebot@anthropic.com)"
216.73.216.135 - - [04/Apr/2026:01:33:07 -0400] "GET /gender/m,c/ethnicity/other,native,black/languages/dutch HTTP/1.1" 200 19175 "-" "Mozilla/5.0 AppleWebKit/537.36 (KHTML, like Gecko; compatible; ClaudeBot/1.0; +claudebot@anthropic.com)"
17.241.227.8 - - [04/Apr/2026:01:33:07 -0400] "GET /status/offline/gender/m/age/60-100/ethnicity/native,asian/languages/japanese HTTP/1.1" 200 20044 "-" "Mozilla/5.0 (Macintosh; Intel Mac OS X 10_15_7) AppleWebKit/605.1.15 (KHTML, like Gecko) Version/17.4 Safari/605.1.15 (Applebot/0.1; +http://www.apple.com/go/applebot)"
216.73.216.135 - - [04/Apr/2026:01:33:07 -0400] "GET /status/online,offline/gender/f,m/age/30-39/languages/French?sortOrder=leastViewed HTTP/1.1" 200 19470 "-" "Mozilla/5.0 AppleWebKit/537.36 (KHTML, like Gecko; compatible; ClaudeBot/1.0; +claudebot@anthropic.com)"
216.73.216.135 - - [04/Apr/2026:01:33:07 -0400] "GET /gender/m,c/ethnicity/islander,white,native/languages/Estonian?sortOrder=leastViewed HTTP/1.1" 200 19499 "-" "Mozilla/5.0 AppleWebKit/537.36 (KHTML, like Gecko; compatible; ClaudeBot/1.0; +claudebot@anthropic.com)"
185.191.171.12 - - [04/Apr/2026:01:33:08 -0400] "GET /ethnicity/other,asian,white,native,latino,east-indian HTTP/1.1" 403 - "-" "Mozilla/5.0 (compatible; SemrushBot/7~bl; +http://www.semrush.com/bot.html)"
74.7.241.25 - - [04/Apr/2026:01:33:07 -0400] "GET /age/20-29,40-49/ethnicity/native,east-indian,other,black,white HTTP/1.1" 200 20098 "https://www.camjab.com/age/20-29/ethnicity/native,east-indian,other,black,white" "Mozilla/5.0 AppleWebKit/537.36 (KHTML, like Gecko; compatible; GPTBot/1.3; +https://openai.com/gptbot)"
54.147.182.90 - - [04/Apr/2026:01:33:08 -0400] "GET /status/offline,online/gender/m,f,c,t/age/18-19,20-29/ethnicity/islander,asian/languages/danish HTTP/1.1" 200 22059 "-" "Mozilla/5.0 AppleWebKit/537.36 (KHTML, like Gecko; compatible; Amazonbot/0.1; +https://developer.amazon.com/support/amazonbot) Chrome/119.0.6045.214 Safari/537.36"
216.73.216.135 - - [04/Apr/2026:01:33:08 -0400] "GET /status/offline/gender/t,c/age/40-49,30-39/languages/Albanian?sortOrder=leastViewed HTTP/1.1" 200 19501 "-" "Mozilla/5.0 AppleWebKit/537.36 (KHTML, like Gecko; compatible; ClaudeBot/1.0; +claudebot@anthropic.com)"
216.73.216.135 - - [04/Apr/2026:01:33:08 -0400] "GET /status/offline/gender/c,t/ethnicity/white,other/languages/Malay?sortOrder=leastViewed HTTP/1.1" 200 19532 "-" "Mozilla/5.0 AppleWebKit/537.36 (KHTML, like Gecko; compatible; ClaudeBot/1.0; +claudebot@anthropic.com)"
216.73.216.135 - - [04/Apr/2026:01:33:08 -0400] "GET /gender/c,m/age/18-19/ethnicity/black/languages/georgian HTTP/1.1" 200 18913 "-" "Mozilla/5.0 AppleWebKit/537.36 (KHTML, like Gecko; compatible; ClaudeBot/1.0; +claudebot@anthropic.com)"
216.73.216.135 - - [04/Apr/2026:01:33:08 -0400] "GET /gender/m,c/age/18-19/ethnicity/islander/languages/slovak?sortOrder=leastViewed HTTP/1.1" 200 19061 "-" "Mozilla/5.0 AppleWebKit/537.36 (KHTML, like Gecko; compatible; ClaudeBot/1.0; +claudebot@anthropic.com)"
216.73.216.135 - - [04/Apr/2026:01:33:08 -0400] "GET /gender/c/age/40-49,50-59,18-19/languages/Lithuanian HTTP/1.1" 200 18866 "-" "Mozilla/5.0 AppleWebKit/537.36 (KHTML, like Gecko; compatible; ClaudeBot/1.0; +claudebot@anthropic.com)"
74.7.241.1 - - [04/Apr/2026:01:33:08 -0400] "GET /age/40-49/ethnicity/latest-news.php,native,islander,east-indian,black,asian,other HTTP/1.1" 200 20830 "https://camjab.com/age/40-49/ethnicity/latest-news.php,native,white,islander,east-indian,black,asian,other" "Mozilla/5.0 AppleWebKit/537.36 (KHTML, like Gecko; compatible; GPTBot/1.3; +https://openai.com/gptbot)"
190.103.31.167 - - [04/Apr/2026:01:33:08 -0400] "GET /status/online/gender/t/age/50-59,30-39,40-49/ethnicity/native,islander,asian,black,latinas HTTP/1.1" 200 21835 "https://www.camjab.com/status/online/gender/t/age/50-59,30-39,40-49/ethnicity/native,islander,asian,black" "Mozilla/5.0 (Windows NT 10.0; Win64; x64) AppleWebKit/537.36 (KHTML, like Gecko) Chrome/135.0.0.0 Safari/537.36"
216.73.216.135 - - [04/Apr/2026:01:33:08 -0400] "GET /status/offline,online/gender/m,t,f/languages/kazakh?sortOrder=leastViewed HTTP/1.1" 200 19213 "-" "Mozilla/5.0 AppleWebKit/537.36 (KHTML, like Gecko; compatible; ClaudeBot/1.0; +claudebot@anthropic.com)"
216.73.216.135 - - [04/Apr/2026:01:33:08 -0400] "GET /gender/t,f,c/age/60-100,40-49/languages/faeroese?sortOrder=leastViewed HTTP/1.1" 200 19128 "-" "Mozilla/5.0 AppleWebKit/537.36 (KHTML, like Gecko; compatible; ClaudeBot/1.0; +claudebot@anthropic.com)"
104.244.225.200 - - [04/Apr/2026:01:33:08 -0400] "GET /gender/m/age/40-49/ethnicity/black,white,native,islander HTTP/1.1" 200 19596 "https://www.camjab.com/gender/m/age/30-39,40-49/ethnicity/black,white,native,islander" "Mozilla/5.0 (Windows NT 10.0; Win64; x64) AppleWebKit/537.36 (KHTML, like Gecko) Chrome/134.0.0.0 Safari/537.36"
216.73.216.135 - - [04/Apr/2026:01:33:08 -0400] "GET /status/offline/gender/f,t/age/20-29,30-39/languages/Turkish?sortOrder=timeOnline HTTP/1.1" 200 19463 "-" "Mozilla/5.0 AppleWebKit/537.36 (KHTML, like Gecko; compatible; ClaudeBot/1.0; +claudebot@anthropic.com)"
216.73.216.135 - - [04/Apr/2026:01:33:08 -0400] "GET /gender/f,m/ethnicity/white,black/languages/bulgarian?sortOrder=recent HTTP/1.1" 200 18941 "-" "Mozilla/5.0 AppleWebKit/537.36 (KHTML, like Gecko; compatible; ClaudeBot/1.0; +claudebot@anthropic.com)"
216.73.216.135 - - [04/Apr/2026:01:33:08 -0400] "GET /status/offline,online/ethnicity/islander,white,native/languages/Malay?sortOrder=timeOnline HTTP/1.1" 200 19772 "-" "Mozilla/5.0 AppleWebKit/537.36 (KHTML, like Gecko; compatible; ClaudeBot/1.0; +claudebot@anthropic.com)"
217.113.194.16 - - [04/Apr/2026:01:33:08 -0400] "GET /status/online/gender/f,t,c,m/age/30-39,20-29/ethnicity/east-indian HTTP/1.1" 200 20423 "-" "Mozilla/5.0 (compatible; Barkrowler/0.9; +https://babbar.tech/crawler)"
216.73.216.135 - - [04/Apr/2026:01:33:08 -0400] "GET /gender/t,m/age/50-59/languages/slovak?sortOrder=youngest HTTP/1.1" 200 18300 "-" "Mozilla/5.0 AppleWebKit/537.36 (KHTML, like Gecko; compatible; ClaudeBot/1.0; +claudebot@anthropic.com)"
41.208.191.32 - - [04/Apr/2026:01:33:08 -0400] "GET /status/online,offline/gender/m,c,f/age/30-39,20-29,60-100,40-49,50-59/ethnicity/white,asian,islander,east-indian,black,other?sortOrder=recent HTTP/1.1" 200 25101 "https://www.camjab.com/status/online,offline/gender/m,c,f/age/30-39,20-29,60-100,40-49,50-59/ethnicity/white,asian,islander,east-indian,black,other" "Mozilla/5.0 (Windows NT 10.0; Win64; x64) AppleWebKit/537.36 (KHTML, like Gecko) Chrome/135.0.0.0 Safari/537.36"
74.7.241.25 - - [04/Apr/2026:01:33:09 -0400] "GET /age/18-19/ethnicity/native,east-indian,black,asian,other,islander HTTP/1.1" 200 20214 "https://www.camjab.com/age/18-19/ethnicity/native,east-indian,black,asian,other" "Mozilla/5.0 AppleWebKit/537.36 (KHTML, like Gecko; compatible; GPTBot/1.3; +https://openai.com/gptbot)"
216.73.216.135 - - [04/Apr/2026:01:33:09 -0400] "GET /gender/c,f/ethnicity/other,latinas,native/languages/Spanish?sortOrder=leastViewed HTTP/1.1" 200 19437 "-" "Mozilla/5.0 AppleWebKit/537.36 (KHTML, like Gecko; compatible; ClaudeBot/1.0; +claudebot@anthropic.com)"
216.73.216.135 - - [04/Apr/2026:01:33:09 -0400] "GET /status/offline/gender/m,c/age/50-59,20-29/languages/Fiji?sortOrder=leastViewed HTTP/1.1" 200 19356 "-" "Mozilla/5.0 AppleWebKit/537.36 (KHTML, like Gecko; compatible; ClaudeBot/1.0; +claudebot@anthropic.com)"
216.73.216.135 - - [04/Apr/2026:01:33:09 -0400] "GET /gender/c,m/age/30-39/ethnicity/other/languages/spanish?sortOrder=name HTTP/1.1" 200 18966 "-" "Mozilla/5.0 AppleWebKit/537.36 (KHTML, like Gecko; compatible; ClaudeBot/1.0; +claudebot@anthropic.com)"
216.73.216.135 - - [04/Apr/2026:01:33:09 -0400] "GET /gender/t,m,f/ethnicity/other,native/languages/malay?sortOrder=name HTTP/1.1" 200 19128 "-" "Mozilla/5.0 AppleWebKit/537.36 (KHTML, like Gecko; compatible; ClaudeBot/1.0; +claudebot@anthropic.com)"
74.7.241.1 - - [04/Apr/2026:01:33:09 -0400] "GET /age/40-49/ethnicity/latest-news.php,islander,other,east-indian,black,native,white HTTP/1.1" 200 20830 "https://camjab.com/age/40-49/ethnicity/latest-news.php,islander,other,east-indian,black,native,white,latinas" "Mozilla/5.0 AppleWebKit/537.36 (KHTML, like Gecko; compatible; GPTBot/1.3; +https://openai.com/gptbot)"
216.73.216.135 - - [04/Apr/2026:01:33:09 -0400] "GET /status/offline/gender/t,f/ethnicity/black,white/languages/chinese?sortOrder=leastViewed HTTP/1.1" 200 19602 "-" "Mozilla/5.0 AppleWebKit/537.36 (KHTML, like Gecko; compatible; ClaudeBot/1.0; +claudebot@anthropic.com)"
216.73.216.135 - - [04/Apr/2026:01:33:09 -0400] "GET /gender/f,m/ethnicity/latinas,white,native/languages/catalan?sortOrder=recent HTTP/1.1" 200 19412 "-" "Mozilla/5.0 AppleWebKit/537.36 (KHTML, like Gecko; compatible; ClaudeBot/1.0; +claudebot@anthropic.com)"
216.73.216.135 - - [04/Apr/2026:01:33:09 -0400] "GET /status/online/gender/t,f/age/30-39/sites/11?sortOrder=timeOnline HTTP/1.1" 200 18769 "-" "Mozilla/5.0 AppleWebKit/537.36 (KHTML, like Gecko; compatible; ClaudeBot/1.0; +claudebot@anthropic.com)"
216.73.216.135 - - [04/Apr/2026:01:33:09 -0400] "GET /gender/c,m/ethnicity/latino,islander/languages/Maltese?sortOrder=leastViewed HTTP/1.1" 200 18985 "-" "Mozilla/5.0 AppleWebKit/537.36 (KHTML, like Gecko; compatible; ClaudeBot/1.0; +claudebot@anthropic.com)"
216.73.216.135 - - [04/Apr/2026:01:33:09 -0400] "GET /gender/m,t,c,f/languages/greek?sortOrder=youngest HTTP/1.1" 200 18306 "-" "Mozilla/5.0 AppleWebKit/537.36 (KHTML, like Gecko; compatible; ClaudeBot/1.0; +claudebot@anthropic.com)"
216.73.216.135 - - [04/Apr/2026:01:33:09 -0400] "GET /status/offline,online/gender/f,c/ethnicity/black/languages/Romanian?sortOrder=leastViewed HTTP/1.1" 200 19667 "-" "Mozilla/5.0 AppleWebKit/537.36 (KHTML, like Gecko; compatible; ClaudeBot/1.0; +claudebot@anthropic.com)"
216.73.216.135 - - [04/Apr/2026:01:33:09 -0400] "GET /gender/f,t,c/age/60-100/ethnicity/islander/languages/Scots?sortOrder=leastViewed HTTP/1.1" 200 19373 "-" "Mozilla/5.0 AppleWebKit/537.36 (KHTML, like Gecko; compatible; ClaudeBot/1.0; +claudebot@anthropic.com)"
52.7.33.248 - - [04/Apr/2026:01:33:09 -0400] "GET /status/offline,online/gender/c,f/age/60-100,40-49,50-59/ethnicity/asian,islander HTTP/1.1" 200 20997 "-" "Mozilla/5.0 AppleWebKit/537.36 (KHTML, like Gecko; compatible; Amazonbot/0.1; +https://developer.amazon.com/support/amazonbot) Chrome/119.0.6045.214 Safari/537.36"
216.73.216.135 - - [04/Apr/2026:01:33:10 -0400] "GET /gender/f,c/age/40-49/ethnicity/white,native,islander/languages/danish HTTP/1.1" 200 19901 "-" "Mozilla/5.0 AppleWebKit/537.36 (KHTML, like Gecko; compatible; ClaudeBot/1.0; +claudebot@anthropic.com)"
74.7.241.25 - - [04/Apr/2026:01:33:10 -0400] "GET /age/18-19/ethnicity/other,east-indian,black,asian,native,islander HTTP/1.1" 200 20214 "https://www.camjab.com/age/18-19/ethnicity/other,east-indian,black,asian,native" "Mozilla/5.0 AppleWebKit/537.36 (KHTML, like Gecko; compatible; GPTBot/1.3; +https://openai.com/gptbot)"
54.198.33.233 - - [04/Apr/2026:01:33:10 -0400] "GET /status/offline,online/gender/m,t/age/60-100,50-59,40-49,30-39/ethnicity/native,islander,black,east-indian/languages/hindi HTTP/1.1" 200 23705 "-" "Mozilla/5.0 AppleWebKit/537.36 (KHTML, like Gecko; compatible; Amazonbot/0.1; +https://developer.amazon.com/support/amazonbot) Chrome/119.0.6045.214 Safari/537.36"
216.73.216.135 - - [04/Apr/2026:01:33:10 -0400] "GET /gender/c,m,f/ethnicity/native,other/languages/Cambodian?sortOrder=leastViewed HTTP/1.1" 200 19294 "-" "Mozilla/5.0 AppleWebKit/537.36 (KHTML, like Gecko; compatible; ClaudeBot/1.0; +claudebot@anthropic.com)"
216.73.216.135 - - [04/Apr/2026:01:33:10 -0400] "GET /status/online,offline/ethnicity/latinas,black/languages/catalan?sortOrder=recent HTTP/1.1" 200 19315 "-" "Mozilla/5.0 AppleWebKit/537.36 (KHTML, like Gecko; compatible; ClaudeBot/1.0; +claudebot@anthropic.com)"
216.73.216.135 - - [04/Apr/2026:01:33:10 -0400] "GET /gender/c,m,t/ethnicity/white,other/languages/Turkish?sortOrder=leastViewed HTTP/1.1" 200 19182 "-" "Mozilla/5.0 AppleWebKit/537.36 (KHTML, like Gecko; compatible; ClaudeBot/1.0; +claudebot@anthropic.com)"
216.73.216.135 - - [04/Apr/2026:01:33:10 -0400] "GET /gender/c,m/age/18-19,40-49/ethnicity/native/languages/Romanian?sortOrder=leastViewed HTTP/1.1" 200 19492 "-" "Mozilla/5.0 AppleWebKit/537.36 (KHTML, like Gecko; compatible; ClaudeBot/1.0; +claudebot@anthropic.com)"
216.73.216.135 - - [04/Apr/2026:01:33:10 -0400] "GET /status/offline/gender/t,f/ethnicity/black,islander/languages/chinese?sortOrder=leastViewed HTTP/1.1" 200 19713 "-" "Mozilla/5.0 AppleWebKit/537.36 (KHTML, like Gecko; compatible; ClaudeBot/1.0; +claudebot@anthropic.com)"
216.73.216.135 - - [04/Apr/2026:01:33:10 -0400] "GET /gender/m,c/age/30-39/ethnicity/islander,other/languages/Hebrew?sortOrder=leastViewed HTTP/1.1" 200 19515 "-" "Mozilla/5.0 AppleWebKit/537.36 (KHTML, like Gecko; compatible; ClaudeBot/1.0; +claudebot@anthropic.com)"
74.7.241.1 - - [04/Apr/2026:01:33:10 -0400] "GET /age/18-19/ethnicity/latest-news.php,other,native,latinas,islander,white,black HTTP/1.1" 200 20670 "https://camjab.com/age/18-19/ethnicity/latest-news.php,other,asian,native,latinas,islander,white,black" "Mozilla/5.0 AppleWebKit/537.36 (KHTML, like Gecko; compatible; GPTBot/1.3; +https://openai.com/gptbot)"
92.241.36.34 - - [04/Apr/2026:01:33:10 -0400] "GET /tags/lush/gender/c/age/50-59,40-49,18-19/ethnicity/asian,east-indian,latinas HTTP/1.1" 200 20757 "https://www.camjab.com/tags/lush/status/online/gender/c/age/50-59,40-49,18-19/ethnicity/asian,east-indian,latinas" "Mozilla/5.0 (Windows NT 10.0; Win64; x64) AppleWebKit/537.36 (KHTML, like Gecko) Chrome/136.0.0.0 Safari/537.36 Edg/136.0.0.0"
216.73.216.135 - - [04/Apr/2026:01:33:10 -0400] "GET /gender/m,c/ethnicity/islander,other,white/languages/German?sortOrder=leastViewed HTTP/1.1" 200 19392 "-" "Mozilla/5.0 AppleWebKit/537.36 (KHTML, like Gecko; compatible; ClaudeBot/1.0; +claudebot@anthropic.com)"
216.73.216.135 - - [04/Apr/2026:01:33:10 -0400] "GET /status/offline,online/ethnicity/east-indian,native/languages/catalan?sortOrder=mostViewed HTTP/1.1" 200 19507 "-" "Mozilla/5.0 AppleWebKit/537.36 (KHTML, like Gecko; compatible; ClaudeBot/1.0; +claudebot@anthropic.com)"
144.76.32.187 - - [04/Apr/2026:01:33:10 -0400] "GET /gender/t,c/sites/11 HTTP/1.1" 200 17527 "-" "Mozilla/5.0 (compatible; SERankingBacklinksBot/1.0; +https://seranking.com/backlinks-crawler)"
216.73.216.135 - - [04/Apr/2026:01:33:10 -0400] "GET /status/offline/gender/c,f/ethnicity/latinas,native/languages/thai?sortOrder=timeOnline HTTP/1.1" 200 19610 "-" "Mozilla/5.0 AppleWebKit/537.36 (KHTML, like Gecko; compatible; ClaudeBot/1.0; +claudebot@anthropic.com)"
216.73.216.135 - - [04/Apr/2026:01:33:10 -0400] "GET /status/offline,online/gender/f/age/40-49/ethnicity/black,native/languages/Chinese HTTP/1.1" 200 20278 "-" "Mozilla/5.0 AppleWebKit/537.36 (KHTML, like Gecko; compatible; ClaudeBot/1.0; +claudebot@anthropic.com)"
54.147.238.89 - - [04/Apr/2026:01:33:11 -0400] "GET /status/offline,online/gender/f,c,m/age/20-29,50-59/ethnicity/islander,white,east-indian,asian,native/languages/catalan HTTP/1.1" 200 23607 "-" "Mozilla/5.0 AppleWebKit/537.36 (KHTML, like Gecko; compatible; Amazonbot/0.1; +https://developer.amazon.com/support/amazonbot) Chrome/119.0.6045.214 Safari/537.36"
17.22.253.17 - - [04/Apr/2026:01:33:11 -0400] "GET /core/ajax.loadModels.php?controller=router&age%5B0%5D=30-39&age%5B1%5D=50-59&age%5B2%5D=60-100&ethnicity%5B0%5D=latinas&languages%5B0%5D=greek HTTP/1.1" 200 182 "https://www.camjab.com/age/30-39,50-59,60-100/ethnicity/latinas/languages/greek" "Mozilla/5.0 (Macintosh; Intel Mac OS X 10_15_7) AppleWebKit/605.1.15 (KHTML, like Gecko) Version/17.4 Safari/605.1.15 (Applebot/0.1; +http://www.apple.com/go/applebot)"
216.73.216.135 - - [04/Apr/2026:01:33:11 -0400] "GET /gender/m,t/ethnicity/islander,white/languages/kazakh?sortOrder=leastViewed HTTP/1.1" 200 18957 "-" "Mozilla/5.0 AppleWebKit/537.36 (KHTML, like Gecko; compatible; ClaudeBot/1.0; +claudebot@anthropic.com)"
216.73.216.135 - - [04/Apr/2026:01:33:11 -0400] "GET /gender/t,f,m/age/18-19/ethnicity/native/languages/persian?sortOrder=leastViewed HTTP/1.1" 200 19322 "-" "Mozilla/5.0 AppleWebKit/537.36 (KHTML, like Gecko; compatible; ClaudeBot/1.0; +claudebot@anthropic.com)"
74.7.241.25 - - [04/Apr/2026:01:33:11 -0400] "GET /age/18-19/ethnicity/asian,black,native,east-indian,white,islander HTTP/1.1" 200 20214 "https://www.camjab.com/age/18-19/ethnicity/asian,black,native,east-indian,white" "Mozilla/5.0 AppleWebKit/537.36 (KHTML, like Gecko; compatible; GPTBot/1.3; +https://openai.com/gptbot)"
216.73.216.135 - - [04/Apr/2026:01:33:11 -0400] "GET /status/offline/gender/m,f/ethnicity/native,islander,other/languages/vietnamese HTTP/1.1" 200 20198 "-" "Mozilla/5.0 AppleWebKit/537.36 (KHTML, like Gecko; compatible; ClaudeBot/1.0; +claudebot@anthropic.com)"
216.73.216.135 - - [04/Apr/2026:01:33:11 -0400] "GET /status/online/gender/f,c,m/age/18-19/languages/Catalan?sortOrder=leastViewed HTTP/1.1" 200 19294 "-" "Mozilla/5.0 AppleWebKit/537.36 (KHTML, like Gecko; compatible; ClaudeBot/1.0; +claudebot@anthropic.com)"
216.73.216.135 - - [04/Apr/2026:01:33:11 -0400] "GET /status/offline/gender/t,f,m/ethnicity/native/languages/Kazakh?sortOrder=oldest HTTP/1.1" 200 19430 "-" "Mozilla/5.0 AppleWebKit/537.36 (KHTML, like Gecko; compatible; ClaudeBot/1.0; +claudebot@anthropic.com)"
152.228.220.143 - - [04/Apr/2026:01:33:11 -0400] "GET /index.php/tag/ampland-tube/feed HTTP/1.1" 200 17814 "-" "Mozilla/5.0 (X11; Linux i686) AppleWebKit/537.36 (KHTML, like Gecko) Chrome/30.0.1599.66 Safari/537.36"
216.73.216.135 - - [04/Apr/2026:01:33:11 -0400] "GET /status/offline,online/gender/f,m/age/50-59/languages/Romanian?sortOrder=leastViewed HTTP/1.1" 200 19540 "-" "Mozilla/5.0 AppleWebKit/537.36 (KHTML, like Gecko; compatible; ClaudeBot/1.0; +claudebot@anthropic.com)"
216.73.216.135 - - [04/Apr/2026:01:33:11 -0400] "GET /gender/f,t/age/40-49/ethnicity/other,native/languages/Turkish?sortOrder=oldest HTTP/1.1" 200 19466 "-" "Mozilla/5.0 AppleWebKit/537.36 (KHTML, like Gecko; compatible; ClaudeBot/1.0; +claudebot@anthropic.com)"
74.7.241.1 - - [04/Apr/2026:01:33:11 -0400] "GET /age/30-39/ethnicity/latest-news.php,latinas,black,other,islander,white,native HTTP/1.1" 200 20670 "https://camjab.com/age/30-39/ethnicity/latest-news.php,latinas,black,east-indian,other,islander,white,native" "Mozilla/5.0 AppleWebKit/537.36 (KHTML, like Gecko; compatible; GPTBot/1.3; +https://openai.com/gptbot)"
216.73.216.135 - - [04/Apr/2026:01:33:11 -0400] "GET /status/offline,online/ethnicity/islander,native,black/languages/Swedish?sortOrder=timeOnline HTTP/1.1" 200 19842 "-" "Mozilla/5.0 AppleWebKit/537.36 (KHTML, like Gecko; compatible; ClaudeBot/1.0; +claudebot@anthropic.com)"
216.73.216.135 - - [04/Apr/2026:01:33:11 -0400] "GET /gender/m,t/ethnicity/islander,other/languages/Chinese?sortOrder=name HTTP/1.1" 200 18970 "-" "Mozilla/5.0 AppleWebKit/537.36 (KHTML, like Gecko; compatible; ClaudeBot/1.0; +claudebot@anthropic.com)"
216.73.216.135 - - [04/Apr/2026:01:33:11 -0400] "GET /gender/t,f/age/18-19,40-49/ethnicity/native/sites/3?sortOrder=leastViewed HTTP/1.1" 200 19168 "-" "Mozilla/5.0 AppleWebKit/537.36 (KHTML, like Gecko; compatible; ClaudeBot/1.0; +claudebot@anthropic.com)"
216.73.216.135 - - [04/Apr/2026:01:33:11 -0400] "GET /gender/m,t/age/30-39/ethnicity/islander/languages/icelandic?sortOrder=leastViewed HTTP/1.1" 200 19158 "-" "Mozilla/5.0 AppleWebKit/537.36 (KHTML, like Gecko; compatible; ClaudeBot/1.0; +claudebot@anthropic.com)"
216.73.216.135 - - [04/Apr/2026:01:33:12 -0400] "GET /gender/t,c/age/60-100,18-19/languages/greek?sortOrder=mostViewed HTTP/1.1" 200 18728 "-" "Mozilla/5.0 AppleWebKit/537.36 (KHTML, like Gecko; compatible; ClaudeBot/1.0; +claudebot@anthropic.com)"
216.73.216.135 - - [04/Apr/2026:01:33:12 -0400] "GET /gender/c,f,m/ethnicity/black,native/languages/Ukrainian?sortOrder=recent HTTP/1.1" 200 19279 "-" "Mozilla/5.0 AppleWebKit/537.36 (KHTML, like Gecko; compatible; ClaudeBot/1.0; +claudebot@anthropic.com)"
74.7.241.25 - - [04/Apr/2026:01:33:12 -0400] "GET /age/18-19/ethnicity/native,east-indian,black,asian,other,white HTTP/1.1" 200 20097 "https://www.camjab.com/age/18-19/ethnicity/native,east-indian,black,asian,other" "Mozilla/5.0 AppleWebKit/537.36 (KHTML, like Gecko; compatible; GPTBot/1.3; +https://openai.com/gptbot)"
216.73.216.135 - - [04/Apr/2026:01:33:12 -0400] "GET /gender/c,m/ethnicity/latino,white/languages/Maltese?sortOrder=leastViewed HTTP/1.1" 200 18877 "-" "Mozilla/5.0 AppleWebKit/537.36 (KHTML, like Gecko; compatible; ClaudeBot/1.0; +claudebot@anthropic.com)"
3.222.85.38 - - [04/Apr/2026:01:33:12 -0400] "GET /status/offline/gender/c,m/age/60-100,20-29/ethnicity/east-indian,white,islander,native,asian,black HTTP/1.1" 200 22464 "-" "Mozilla/5.0 AppleWebKit/537.36 (KHTML, like Gecko; compatible; Amazonbot/0.1; +https://developer.amazon.com/support/amazonbot) Chrome/119.0.6045.214 Safari/537.36"
216.73.216.135 - - [04/Apr/2026:01:33:12 -0400] "GET /gender/t,c/ethnicity/white,islander,native/languages/Bulgarian?sortOrder=leastViewed HTTP/1.1" 200 19539 "-" "Mozilla/5.0 AppleWebKit/537.36 (KHTML, like Gecko; compatible; ClaudeBot/1.0; +claudebot@anthropic.com)"
216.73.216.135 - - [04/Apr/2026:01:33:12 -0400] "GET /gender/m,f/age/30-39,60-100/languages/Cambodian?sortOrder=recent HTTP/1.1" 200 18847 "-" "Mozilla/5.0 AppleWebKit/537.36 (KHTML, like Gecko; compatible; ClaudeBot/1.0; +claudebot@anthropic.com)"
216.73.216.135 - - [04/Apr/2026:01:33:12 -0400] "GET /gender/t,c/age/60-100,18-19/languages/Albanian?sortOrder=leastViewed HTTP/1.1" 200 18833 "-" "Mozilla/5.0 AppleWebKit/537.36 (KHTML, like Gecko; compatible; ClaudeBot/1.0; +claudebot@anthropic.com)"
216.73.216.135 - - [04/Apr/2026:01:33:12 -0400] "GET /status/offline/gender/m,f/ethnicity/islander,white/languages/italian?sortOrder=leastViewed HTTP/1.1" 200 19708 "-" "Mozilla/5.0 AppleWebKit/537.36 (KHTML, like Gecko; compatible; ClaudeBot/1.0; +claudebot@anthropic.com)"
216.73.216.135 - - [04/Apr/2026:01:33:12 -0400] "GET /status/offline/gender/c,m/age/20-29,18-19/languages/Bulgarian?sortOrder=leastViewed HTTP/1.1" 200 19531 "-" "Mozilla/5.0 AppleWebKit/537.36 (KHTML, like Gecko; compatible; ClaudeBot/1.0; +claudebot@anthropic.com)"
74.7.241.1 - - [04/Apr/2026:01:33:12 -0400] "GET /age/30-39/ethnicity/latest-news.php,white,islander,east-indian,other,asian,black HTTP/1.1" 200 20790 "https://camjab.com/age/30-39/ethnicity/latest-news.php,white,islander,east-indian,other,latinas,asian,black" "Mozilla/5.0 AppleWebKit/537.36 (KHTML, like Gecko; compatible; GPTBot/1.3; +https://openai.com/gptbot)"
216.73.216.135 - - [04/Apr/2026:01:33:12 -0400] "GET /status/online,offline/age/60-100/ethnicity/white/languages/kazakh HTTP/1.1" 200 19251 "-" "Mozilla/5.0 AppleWebKit/537.36 (KHTML, like Gecko; compatible; ClaudeBot/1.0; +claudebot@anthropic.com)"
216.73.216.135 - - [04/Apr/2026:01:33:12 -0400] "GET /gender/c,t,f/age/40-49,60-100/languages/German?sortOrder=leastViewed HTTP/1.1" 200 19058 "-" "Mozilla/5.0 AppleWebKit/537.36 (KHTML, like Gecko; compatible; ClaudeBot/1.0; +claudebot@anthropic.com)"
216.73.216.135 - - [04/Apr/2026:01:33:12 -0400] "GET /status/offline/gender/t,m/age/40-49/ethnicity/black,native/sites/1 HTTP/1.1" 200 19794 "-" "Mozilla/5.0 AppleWebKit/537.36 (KHTML, like Gecko; compatible; ClaudeBot/1.0; +claudebot@anthropic.com)"
216.73.216.135 - - [04/Apr/2026:01:33:13 -0400] "GET /gender/t,f/ethnicity/native,other,black/languages/hebrew?sortOrder=leastViewed HTTP/1.1" 200 19323 "-" "Mozilla/5.0 AppleWebKit/537.36 (KHTML, like Gecko; compatible; ClaudeBot/1.0; +claudebot@anthropic.com)"
216.73.216.135 - - [04/Apr/2026:01:33:13 -0400] "GET /gender/c,t/ethnicity/white,other/languages/english?sortOrder=mostViewed HTTP/1.1" 200 18890 "-" "Mozilla/5.0 AppleWebKit/537.36 (KHTML, like Gecko; compatible; ClaudeBot/1.0; +claudebot@anthropic.com)"
216.73.216.135 - - [04/Apr/2026:01:33:13 -0400] "GET /gender/f,c/age/30-39/ethnicity/latinas/languages/Thai?sortOrder=leastViewed HTTP/1.1" 200 18967 "-" "Mozilla/5.0 AppleWebKit/537.36 (KHTML, like Gecko; compatible; ClaudeBot/1.0; +claudebot@anthropic.com)"
74.7.241.25 - - [04/Apr/2026:01:33:13 -0400] "GET /age/18-19/ethnicity/other,east-indian,black,asian,native,white HTTP/1.1" 200 20097 "https://www.camjab.com/age/18-19/ethnicity/other,east-indian,black,asian,native" "Mozilla/5.0 AppleWebKit/537.36 (KHTML, like Gecko; compatible; GPTBot/1.3; +https://openai.com/gptbot)"
216.73.216.135 - - [04/Apr/2026:01:33:13 -0400] "GET /gender/t,f/age/30-39,18-19/languages/Armenian?sortOrder=leastViewed HTTP/1.1" 200 18797 "-" "Mozilla/5.0 AppleWebKit/537.36 (KHTML, like Gecko; compatible; ClaudeBot/1.0; +claudebot@anthropic.com)"
216.73.216.135 - - [04/Apr/2026:01:33:13 -0400] "GET /gender/t,c,f/age/40-49/languages/greek?sortOrder=timeOnline HTTP/1.1" 200 18566 "-" "Mozilla/5.0 AppleWebKit/537.36 (KHTML, like Gecko; compatible; ClaudeBot/1.0; +claudebot@anthropic.com)"
216.73.216.135 - - [04/Apr/2026:01:33:13 -0400] "GET /gender/c,t,m/ethnicity/latinas/languages/ukrainian?sortOrder=mostViewed HTTP/1.1" 200 18875 "-" "Mozilla/5.0 AppleWebKit/537.36 (KHTML, like Gecko; compatible; ClaudeBot/1.0; +claudebot@anthropic.com)"
216.73.216.135 - - [04/Apr/2026:01:33:13 -0400] "GET /gender/m,t/ethnicity/black,asian/languages/Hindi HTTP/1.1" 200 18707 "-" "Mozilla/5.0 AppleWebKit/537.36 (KHTML, like Gecko; compatible; ClaudeBot/1.0; +claudebot@anthropic.com)"
216.73.216.135 - - [04/Apr/2026:01:33:13 -0400] "GET /gender/m,f,t/ethnicity/other,native,islander/languages/Dutch HTTP/1.1" 200 19590 "-" "Mozilla/5.0 AppleWebKit/537.36 (KHTML, like Gecko; compatible; ClaudeBot/1.0; +claudebot@anthropic.com)"
74.7.241.1 - - [04/Apr/2026:01:33:13 -0400] "GET /age/30-39/ethnicity/latest-news.php,black,east-indian,islander,other,latinas HTTP/1.1" 200 20398 "https://camjab.com/age/30-39/ethnicity/latest-news.php,black,east-indian,native,islander,other,latinas" "Mozilla/5.0 AppleWebKit/537.36 (KHTML, like Gecko; compatible; GPTBot/1.3; +https://openai.com/gptbot)"
216.73.216.135 - - [04/Apr/2026:01:33:13 -0400] "GET /gender/f,t,c/ethnicity/islander,native/languages/portuguese?sortOrder=mostViewed HTTP/1.1" 200 19442 "-" "Mozilla/5.0 AppleWebKit/537.36 (KHTML, like Gecko; compatible; ClaudeBot/1.0; +claudebot@anthropic.com)"
98.82.40.168 - - [04/Apr/2026:01:33:13 -0400] "GET /status/online,offline/gender/t,c/age/20-29,40-49,18-19/ethnicity/white,east-indian,islander,native/languages/hindi HTTP/1.1" 200 22908 "-" "Mozilla/5.0 AppleWebKit/537.36 (KHTML, like Gecko; compatible; Amazonbot/0.1; +https://developer.amazon.com/support/amazonbot) Chrome/119.0.6045.214 Safari/537.36"
216.73.216.135 - - [04/Apr/2026:01:33:13 -0400] "GET /status/online,offline/ethnicity/native,black/languages/Afrikaans?sortOrder=name HTTP/1.1" 200 19341 "-" "Mozilla/5.0 AppleWebKit/537.36 (KHTML, like Gecko; compatible; ClaudeBot/1.0; +claudebot@anthropic.com)"
216.73.216.135 - - [04/Apr/2026:01:33:13 -0400] "GET /gender/t,c/ethnicity/white,latinas/languages/Bulgarian?sortOrder=mostViewed HTTP/1.1" 200 19030 "-" "Mozilla/5.0 AppleWebKit/537.36 (KHTML, like Gecko; compatible; ClaudeBot/1.0; +claudebot@anthropic.com)"
216.73.216.135 - - [04/Apr/2026:01:33:14 -0400] "GET /gender/c,m,t/ethnicity/islander/sites/3?sortOrder=youngest HTTP/1.1" 200 18553 "-" "Mozilla/5.0 AppleWebKit/537.36 (KHTML, like Gecko; compatible; ClaudeBot/1.0; +claudebot@anthropic.com)"
54.197.102.71 - - [04/Apr/2026:01:33:14 -0400] "GET /status/offline,online/gender/f,c,m/age/60-100,50-59/ethnicity/east-indian,islander,native,asian/languages/afrikaans HTTP/1.1" 200 23196 "-" "Mozilla/5.0 AppleWebKit/537.36 (KHTML, like Gecko; compatible; Amazonbot/0.1; +https://developer.amazon.com/support/amazonbot) Chrome/119.0.6045.214 Safari/537.36"
216.73.216.135 - - [04/Apr/2026:01:33:14 -0400] "GET /gender/t,m/ethnicity/black,white,native/sites/1?sortOrder=leastViewed HTTP/1.1" 200 19054 "-" "Mozilla/5.0 AppleWebKit/537.36 (KHTML, like Gecko; compatible; ClaudeBot/1.0; +claudebot@anthropic.com)"
216.73.216.135 - - [04/Apr/2026:01:33:14 -0400] "GET /status/offline,online/age/20-29,18-19/languages/maltese?sortOrder=youngest HTTP/1.1" 200 19119 "-" "Mozilla/5.0 AppleWebKit/537.36 (KHTML, like Gecko; compatible; ClaudeBot/1.0; +claudebot@anthropic.com)"
85.208.96.194 - - [04/Apr/2026:01:33:14 -0400] "GET /gender/c,t/ethnicity/white,islander,black,east-indian,other HTTP/1.1" 403 - "-" "Mozilla/5.0 (compatible; SemrushBot/7~bl; +http://www.semrush.com/bot.html)"
74.7.241.25 - - [04/Apr/2026:01:33:14 -0400] "GET /age/30-39,20-29/ethnicity/native,other,white,east-indian,black HTTP/1.1" 200 20098 "https://www.camjab.com/age/30-39/ethnicity/native,other,white,east-indian,black" "Mozilla/5.0 AppleWebKit/537.36 (KHTML, like Gecko; compatible; GPTBot/1.3; +https://openai.com/gptbot)"
216.73.216.135 - - [04/Apr/2026:01:33:14 -0400] "GET /gender/t,f,c/ethnicity/black,native/languages/kazakh HTTP/1.1" 200 19086 "-" "Mozilla/5.0 AppleWebKit/537.36 (KHTML, like Gecko; compatible; ClaudeBot/1.0; +claudebot@anthropic.com)"
216.73.216.135 - - [04/Apr/2026:01:33:14 -0400] "GET /gender/c,m/age/50-59/ethnicity/white,native/languages/Chinese?sortOrder=leastViewed HTTP/1.1" 200 19476 "-" "Mozilla/5.0 AppleWebKit/537.36 (KHTML, like Gecko; compatible; ClaudeBot/1.0; +claudebot@anthropic.com)"
216.73.216.135 - - [04/Apr/2026:01:33:14 -0400] "GET /status/offline/gender/f,m/age/40-49,30-39/languages/Russian?sortOrder=youngest HTTP/1.1" 200 19452 "-" "Mozilla/5.0 AppleWebKit/537.36 (KHTML, like Gecko; compatible; ClaudeBot/1.0; +claudebot@anthropic.com)"
216.73.216.135 - - [04/Apr/2026:01:33:14 -0400] "GET /status/online,offline/ethnicity/other,islander/languages/German?sortOrder=youngest HTTP/1.1" 200 19323 "-" "Mozilla/5.0 AppleWebKit/537.36 (KHTML, like Gecko; compatible; ClaudeBot/1.0; +claudebot@anthropic.com)"
216.73.216.135 - - [04/Apr/2026:01:33:14 -0400] "GET /gender/f,m/ethnicity/native,islander/languages/Azerbaijani?sortOrder=youngest HTTP/1.1" 200 19159 "-" "Mozilla/5.0 AppleWebKit/537.36 (KHTML, like Gecko; compatible; ClaudeBot/1.0; +claudebot@anthropic.com)"
216.73.216.135 - - [04/Apr/2026:01:33:14 -0400] "GET /gender/t,m,c,f/age/40-49/languages/Lithuanian?sortOrder=name HTTP/1.1" 200 19000 "-" "Mozilla/5.0 AppleWebKit/537.36 (KHTML, like Gecko; compatible; ClaudeBot/1.0; +claudebot@anthropic.com)"
74.7.241.1 - - [04/Apr/2026:01:33:14 -0400] "GET /age/40-49/ethnicity/latest-news.php,islander,native,other,black,white,asian HTTP/1.1" 200 20590 "https://camjab.com/age/40-49/ethnicity/latest-news.php,latinas,islander,native,other,black,white,asian" "Mozilla/5.0 AppleWebKit/537.36 (KHTML, like Gecko; compatible; GPTBot/1.3; +https://openai.com/gptbot)"
216.73.216.135 - - [04/Apr/2026:01:33:14 -0400] "GET /gender/f,m/age/18-19,40-49/ethnicity/islander/languages/Chinese?sortOrder=mostViewed HTTP/1.1" 200 19528 "-" "Mozilla/5.0 AppleWebKit/537.36 (KHTML, like Gecko; compatible; ClaudeBot/1.0; +claudebot@anthropic.com)"
216.73.216.135 - - [04/Apr/2026:01:33:15 -0400] "GET /gender/f,c,t/ethnicity/other,native/languages/kazakh?sortOrder=mostViewed HTTP/1.1" 200 19191 "-" "Mozilla/5.0 AppleWebKit/537.36 (KHTML, like Gecko; compatible; ClaudeBot/1.0; +claudebot@anthropic.com)"
216.73.216.135 - - [04/Apr/2026:01:33:15 -0400] "GET /status/online/gender/c,t/age/30-39/languages/Portuguese?sortOrder=oldest HTTP/1.1" 200 19085 "-" "Mozilla/5.0 AppleWebKit/537.36 (KHTML, like Gecko; compatible; ClaudeBot/1.0; +claudebot@anthropic.com)"
52.2.58.41 - - [04/Apr/2026:01:33:15 -0400] "GET /status/offline,online/gender/f,c,t/age/60-100,30-39/ethnicity/white,native,asian,islander,black/languages/japanese HTTP/1.1" 200 23434 "-" "Mozilla/5.0 AppleWebKit/537.36 (KHTML, like Gecko; compatible; Amazonbot/0.1; +https://developer.amazon.com/support/amazonbot) Chrome/119.0.6045.214 Safari/537.36"
216.73.216.135 - - [04/Apr/2026:01:33:15 -0400] "GET /status/offline/gender/c,f,t/ethnicity/islander/languages/Croatian?sortOrder=name HTTP/1.1" 200 19578 "-" "Mozilla/5.0 AppleWebKit/537.36 (KHTML, like Gecko; compatible; ClaudeBot/1.0; +claudebot@anthropic.com)"
216.73.216.135 - - [04/Apr/2026:01:33:15 -0400] "GET /status/offline,online/gender/f/age/60-100/languages/Bulgarian?sortOrder=timeOnline HTTP/1.1" 200 19295 "-" "Mozilla/5.0 AppleWebKit/537.36 (KHTML, like Gecko; compatible; ClaudeBot/1.0; +claudebot@anthropic.com)"
216.73.216.135 - - [04/Apr/2026:01:33:15 -0400] "GET /gender/c,m/age/30-39/ethnicity/native,islander/languages/Bulgarian?sortOrder=leastViewed HTTP/1.1" 200 19657 "-" "Mozilla/5.0 AppleWebKit/537.36 (KHTML, like Gecko; compatible; ClaudeBot/1.0; +claudebot@anthropic.com)"
74.7.241.25 - - [04/Apr/2026:01:33:15 -0400] "GET /age/30-39,20-29/ethnicity/native,other,black,white,latinas HTTP/1.1" 200 19942 "https://www.camjab.com/age/30-39,20-29/ethnicity/native,east-indian,other,black,white,latinas" "Mozilla/5.0 AppleWebKit/537.36 (KHTML, like Gecko; compatible; GPTBot/1.3; +https://openai.com/gptbot)"
216.73.216.135 - - [04/Apr/2026:01:33:15 -0400] "GET /status/online/gender/t,f,m/ethnicity/native/languages/Kazakh HTTP/1.1" 200 19300 "-" "Mozilla/5.0 AppleWebKit/537.36 (KHTML, like Gecko; compatible; ClaudeBot/1.0; +claudebot@anthropic.com)"
216.73.216.135 - - [04/Apr/2026:01:33:15 -0400] "GET /status/offline/gender/t,m/age/50-59,40-49/languages/dutch?sortOrder=leastViewed HTTP/1.1" 200 19386 "-" "Mozilla/5.0 AppleWebKit/537.36 (KHTML, like Gecko; compatible; ClaudeBot/1.0; +claudebot@anthropic.com)"
216.73.216.135 - - [04/Apr/2026:01:33:15 -0400] "GET /status/offline,online/ethnicity/white,east-indian/languages/belarusian HTTP/1.1" 200 19468 "-" "Mozilla/5.0 AppleWebKit/537.36 (KHTML, like Gecko; compatible; ClaudeBot/1.0; +claudebot@anthropic.com)"
216.73.216.135 - - [04/Apr/2026:01:33:15 -0400] "GET /status/offline/gender/c,t/age/18-19,40-49/languages/english?sortOrder=mostViewed HTTP/1.1" 200 19463 "-" "Mozilla/5.0 AppleWebKit/537.36 (KHTML, like Gecko; compatible; ClaudeBot/1.0; +claudebot@anthropic.com)"
216.73.216.135 - - [04/Apr/2026:01:33:15 -0400] "GET /gender/f,c/ethnicity/native,islander/languages/kazakh?sortOrder=youngest HTTP/1.1" 200 18999 "-" "Mozilla/5.0 AppleWebKit/537.36 (KHTML, like Gecko; compatible; ClaudeBot/1.0; +claudebot@anthropic.com)"
74.7.241.1 - - [04/Apr/2026:01:33:15 -0400] "GET /age/20-29/ethnicity/latest-news.php,white,other,east-indian,black,native,islander HTTP/1.1" 200 20830 "https://camjab.com/age/20-29/ethnicity/latest-news.php,white,other,asian,east-indian,black,native,islander" "Mozilla/5.0 AppleWebKit/537.36 (KHTML, like Gecko; compatible; GPTBot/1.3; +https://openai.com/gptbot)"
216.73.216.135 - - [04/Apr/2026:01:33:15 -0400] "GET /gender/f,m/age/20-29,18-19/languages/Greek?sortOrder=timeOnline HTTP/1.1" 200 18687 "-" "Mozilla/5.0 AppleWebKit/537.36 (KHTML, like Gecko; compatible; ClaudeBot/1.0; +claudebot@anthropic.com)"
216.73.216.135 - - [04/Apr/2026:01:33:15 -0400] "GET /status/offline/gender/m,t/ethnicity/other,islander/languages/Hungarian HTTP/1.1" 200 19665 "-" "Mozilla/5.0 AppleWebKit/537.36 (KHTML, like Gecko; compatible; ClaudeBot/1.0; +claudebot@anthropic.com)"
216.73.216.135 - - [04/Apr/2026:01:33:16 -0400] "GET /gender/m,f/age/30-39/ethnicity/white,islander/languages/Arabic?sortOrder=leastViewed HTTP/1.1" 200 19515 "-" "Mozilla/5.0 AppleWebKit/537.36 (KHTML, like Gecko; compatible; ClaudeBot/1.0; +claudebot@anthropic.com)"
52.73.142.41 - - [04/Apr/2026:01:33:16 -0400] "GET /status/offline,online/gender/m,f/age/18-19,30-39,20-29,50-59/ethnicity/native/sites/1 HTTP/1.1" 200 21443 "-" "Mozilla/5.0 AppleWebKit/537.36 (KHTML, like Gecko; compatible; Amazonbot/0.1; +https://developer.amazon.com/support/amazonbot) Chrome/119.0.6045.214 Safari/537.36"
216.73.216.135 - - [04/Apr/2026:01:33:16 -0400] "GET /status/offline/gender/m,f,t/age/50-59/languages/Icelandic?sortOrder=leastViewed HTTP/1.1" 200 19396 "-" "Mozilla/5.0 AppleWebKit/537.36 (KHTML, like Gecko; compatible; ClaudeBot/1.0; +claudebot@anthropic.com)"
