217.113.194.18 - - [04/Apr/2026:01:38:21 -0400] "GET /status/offline/gender/m/age/18-19/ethnicity/black,white,latinas/languages/chinese HTTP/1.1" 200 20472 "-" "Mozilla/5.0 (compatible; Barkrowler/0.9; +https://babbar.tech/crawler)"
74.7.241.1 - - [04/Apr/2026:01:38:21 -0400] "GET /age/18-19/ethnicity/latest-news.php,other,black,latinas,east-indian,native,white HTTP/1.1" 200 20790 "https://camjab.com/age/18-19/ethnicity/latest-news.php,other,black,latinas,east-indian,native,islander,white" "Mozilla/5.0 AppleWebKit/537.36 (KHTML, like Gecko; compatible; GPTBot/1.3; +https://openai.com/gptbot)"
52.205.113.104 - - [04/Apr/2026:01:38:21 -0400] "GET /status/offline,online/gender/m,t,f,c/age/18-19,60-100/ethnicity/asian,black,islander,east-indian,native,latinas/languages/japanese HTTP/1.1" 200 24483 "-" "Mozilla/5.0 AppleWebKit/537.36 (KHTML, like Gecko; compatible; Amazonbot/0.1; +https://developer.amazon.com/support/amazonbot) Chrome/119.0.6045.214 Safari/537.36"
17.246.23.41 - - [04/Apr/2026:01:38:21 -0400] "GET /status/offline/gender/t/age/20-29/ethnicity/other/sites/1 HTTP/1.1" 200 19187 "-" "Mozilla/5.0 (Macintosh; Intel Mac OS X 10_15_7) AppleWebKit/605.1.15 (KHTML, like Gecko) Version/17.4 Safari/605.1.15 (Applebot/0.1; +http://www.apple.com/go/applebot)"
52.45.29.57 - - [04/Apr/2026:01:38:22 -0400] "GET /status/offline,online/gender/f,t,c/age/60-100,20-29,30-39,40-49/ethnicity/asian,islander,native,east-indian/languages/hindi HTTP/1.1" 200 24105 "-" "Mozilla/5.0 AppleWebKit/537.36 (KHTML, like Gecko; compatible; Amazonbot/0.1; +https://developer.amazon.com/support/amazonbot) Chrome/119.0.6045.214 Safari/537.36"
74.7.241.25 - - [04/Apr/2026:01:38:22 -0400] "GET /age/30-39/ethnicity/black,east-indian,white,asian,native HTTP/1.1" 200 19647 "https://www.camjab.com/age/50-59,30-39/ethnicity/black,east-indian,white,asian,native" "Mozilla/5.0 AppleWebKit/537.36 (KHTML, like Gecko; compatible; GPTBot/1.3; +https://openai.com/gptbot)"
74.7.241.1 - - [04/Apr/2026:01:38:22 -0400] "GET /age/40-49/ethnicity/latest-news.php,latinas,black,asian,islander,white,other HTTP/1.1" 200 20630 "https://camjab.com/age/40-49/ethnicity/latest-news.php,latinas,black,asian,islander,white,other,east-indian" "Mozilla/5.0 AppleWebKit/537.36 (KHTML, like Gecko; compatible; GPTBot/1.3; +https://openai.com/gptbot)"
216.73.216.135 - - [04/Apr/2026:01:38:23 -0400] "GET /status/offline/gender/m,c/age/40-49,60-100/languages/Turkish?sortOrder=youngest HTTP/1.1" 200 19489 "-" "Mozilla/5.0 AppleWebKit/537.36 (KHTML, like Gecko; compatible; ClaudeBot/1.0; +claudebot@anthropic.com)"
216.73.216.135 - - [04/Apr/2026:01:38:23 -0400] "GET /status/offline,online/age/20-29,60-100,40-49/ethnicity/native/languages/Irish HTTP/1.1" 200 20145 "-" "Mozilla/5.0 AppleWebKit/537.36 (KHTML, like Gecko; compatible; ClaudeBot/1.0; +claudebot@anthropic.com)"
216.73.216.135 - - [04/Apr/2026:01:38:23 -0400] "GET /status/online/gender/f,m,t/age/40-49/languages/scots?sortOrder=timeOnline HTTP/1.1" 200 19216 "-" "Mozilla/5.0 AppleWebKit/537.36 (KHTML, like Gecko; compatible; ClaudeBot/1.0; +claudebot@anthropic.com)"
74.7.241.25 - - [04/Apr/2026:01:38:23 -0400] "GET /age/30-39/ethnicity/white,black,other,native,east-indian,latinas HTTP/1.1" 200 20175 "https://www.camjab.com/age/30-39/ethnicity/white,black,other,native,east-indian" "Mozilla/5.0 AppleWebKit/537.36 (KHTML, like Gecko; compatible; GPTBot/1.3; +https://openai.com/gptbot)"
3.220.148.166 - - [04/Apr/2026:01:38:23 -0400] "GET /status/offline,online/gender/m,t,f/age/60-100,40-49/ethnicity/native,white,east-indian,asian,islander,latinas/languages/hindi HTTP/1.1" 200 24199 "-" "Mozilla/5.0 AppleWebKit/537.36 (KHTML, like Gecko; compatible; Amazonbot/0.1; +https://developer.amazon.com/support/amazonbot) Chrome/119.0.6045.214 Safari/537.36"
216.73.216.135 - - [04/Apr/2026:01:38:23 -0400] "GET /gender/c,t/age/20-29/ethnicity/white,native/languages/Italian?sortOrder=oldest HTTP/1.1" 200 19466 "-" "Mozilla/5.0 AppleWebKit/537.36 (KHTML, like Gecko; compatible; ClaudeBot/1.0; +claudebot@anthropic.com)"
216.73.216.135 - - [04/Apr/2026:01:38:23 -0400] "GET /gender/c,f/age/40-49,20-29/languages/korean?sortOrder=youngest HTTP/1.1" 200 18725 "-" "Mozilla/5.0 AppleWebKit/537.36 (KHTML, like Gecko; compatible; ClaudeBot/1.0; +claudebot@anthropic.com)"
216.73.216.135 - - [04/Apr/2026:01:38:23 -0400] "GET /gender/c,t/ethnicity/white,black/languages/Maltese?sortOrder=timeOnline HTTP/1.1" 200 18890 "-" "Mozilla/5.0 AppleWebKit/537.36 (KHTML, like Gecko; compatible; ClaudeBot/1.0; +claudebot@anthropic.com)"
216.73.216.135 - - [04/Apr/2026:01:38:23 -0400] "GET /gender/m,f/age/50-59/ethnicity/islander/languages/Spanish?sortOrder=youngest HTTP/1.1" 200 19086 "-" "Mozilla/5.0 AppleWebKit/537.36 (KHTML, like Gecko; compatible; ClaudeBot/1.0; +claudebot@anthropic.com)"
216.73.216.135 - - [04/Apr/2026:01:38:23 -0400] "GET /gender/f,c/age/40-49/ethnicity/islander,latinas/sites/3 HTTP/1.1" 200 19232 "-" "Mozilla/5.0 AppleWebKit/537.36 (KHTML, like Gecko; compatible; ClaudeBot/1.0; +claudebot@anthropic.com)"
216.73.216.135 - - [04/Apr/2026:01:38:23 -0400] "GET /gender/t,c,f/ethnicity/white,islander,native/languages/irish HTTP/1.1" 200 19600 "-" "Mozilla/5.0 AppleWebKit/537.36 (KHTML, like Gecko; compatible; ClaudeBot/1.0; +claudebot@anthropic.com)"
216.73.216.135 - - [04/Apr/2026:01:38:23 -0400] "GET /status/offline/gender/c,f/age/20-29/ethnicity/black/languages/armenian HTTP/1.1" 200 19637 "-" "Mozilla/5.0 AppleWebKit/537.36 (KHTML, like Gecko; compatible; ClaudeBot/1.0; +claudebot@anthropic.com)"
216.73.216.135 - - [04/Apr/2026:01:38:23 -0400] "GET /gender/f,t/age/18-19/ethnicity/islander/languages/Swedish?sortOrder=timeOnline HTTP/1.1" 200 19097 "-" "Mozilla/5.0 AppleWebKit/537.36 (KHTML, like Gecko; compatible; ClaudeBot/1.0; +claudebot@anthropic.com)"
216.73.216.135 - - [04/Apr/2026:01:38:23 -0400] "GET /gender/t,c,m/ethnicity/native/languages/azerbaijani?sortOrder=timeOnline HTTP/1.1" 200 18907 "-" "Mozilla/5.0 AppleWebKit/537.36 (KHTML, like Gecko; compatible; ClaudeBot/1.0; +claudebot@anthropic.com)"
216.73.216.135 - - [04/Apr/2026:01:38:23 -0400] "GET /status/offline/gender/t,f/age/40-49/ethnicity/native,asian/languages/french HTTP/1.1" 200 20072 "-" "Mozilla/5.0 AppleWebKit/537.36 (KHTML, like Gecko; compatible; ClaudeBot/1.0; +claudebot@anthropic.com)"
216.73.216.135 - - [04/Apr/2026:01:38:23 -0400] "GET /status/offline/gender/t,c,m/ethnicity/other/languages/Italian?sortOrder=timeOnline HTTP/1.1" 200 19440 "-" "Mozilla/5.0 AppleWebKit/537.36 (KHTML, like Gecko; compatible; ClaudeBot/1.0; +claudebot@anthropic.com)"
216.73.216.135 - - [04/Apr/2026:01:38:23 -0400] "GET /gender/f,m/ethnicity/native,black,white/languages/English?sortOrder=youngest HTTP/1.1" 200 19344 "-" "Mozilla/5.0 AppleWebKit/537.36 (KHTML, like Gecko; compatible; ClaudeBot/1.0; +claudebot@anthropic.com)"
74.7.241.1 - - [04/Apr/2026:01:38:23 -0400] "GET /age/30-39/ethnicity/latest-news.php,east-indian,white,black,islander HTTP/1.1" 200 19862 "https://camjab.com/age/30-39/ethnicity/latest-news.php,east-indian,white,black" "Mozilla/5.0 AppleWebKit/537.36 (KHTML, like Gecko; compatible; GPTBot/1.3; +https://openai.com/gptbot)"
216.73.216.135 - - [04/Apr/2026:01:38:23 -0400] "GET /gender/f,t,c/age/18-19,20-29/languages/kurdish HTTP/1.1" 200 18948 "-" "Mozilla/5.0 AppleWebKit/537.36 (KHTML, like Gecko; compatible; ClaudeBot/1.0; +claudebot@anthropic.com)"
216.73.216.135 - - [04/Apr/2026:01:38:23 -0400] "GET /status/offline,online/gender/m/age/20-29,60-100/sites/1 HTTP/1.1" 200 19256 "-" "Mozilla/5.0 AppleWebKit/537.36 (KHTML, like Gecko; compatible; ClaudeBot/1.0; +claudebot@anthropic.com)"
44.223.116.149 - - [04/Apr/2026:01:38:24 -0400] "GET /status/online,offline/gender/f,m,t,c/age/40-49,20-29,50-59/ethnicity/east-indian,islander,asian/languages/russian HTTP/1.1" 200 23394 "-" "Mozilla/5.0 AppleWebKit/537.36 (KHTML, like Gecko; compatible; Amazonbot/0.1; +https://developer.amazon.com/support/amazonbot) Chrome/119.0.6045.214 Safari/537.36"
74.7.241.25 - - [04/Apr/2026:01:38:24 -0400] "GET /age/30-39/ethnicity/white,black,other,native,east-indian,asian HTTP/1.1" 200 20097 "https://www.camjab.com/age/30-39/ethnicity/white,black,other,native,east-indian" "Mozilla/5.0 AppleWebKit/537.36 (KHTML, like Gecko; compatible; GPTBot/1.3; +https://openai.com/gptbot)"
216.73.216.135 - - [04/Apr/2026:01:38:24 -0400] "GET /status/offline/gender/m,c/age/60-100,30-39/languages/belarusian?sortOrder=oldest HTTP/1.1" 200 19588 "-" "Mozilla/5.0 AppleWebKit/537.36 (KHTML, like Gecko; compatible; ClaudeBot/1.0; +claudebot@anthropic.com)"
216.73.216.135 - - [04/Apr/2026:01:38:24 -0400] "GET /status/offline/gender/f,c/age/40-49/ethnicity/native,black/languages/Azerbaijani HTTP/1.1" 200 20257 "-" "Mozilla/5.0 AppleWebKit/537.36 (KHTML, like Gecko; compatible; ClaudeBot/1.0; +claudebot@anthropic.com)"
216.73.216.135 - - [04/Apr/2026:01:38:24 -0400] "GET /status/offline/gender/c,t/age/18-19/ethnicity/asian/languages/Slovak HTTP/1.1" 200 19562 "-" "Mozilla/5.0 AppleWebKit/537.36 (KHTML, like Gecko; compatible; ClaudeBot/1.0; +claudebot@anthropic.com)"
144.76.32.187 - - [04/Apr/2026:01:38:24 -0400] "GET /tags/18/gender/m,t,c HTTP/1.1" 200 17767 "-" "Mozilla/5.0 (compatible; SERankingBacklinksBot/1.0; +https://seranking.com/backlinks-crawler)"
74.7.241.1 - - [04/Apr/2026:01:38:24 -0400] "GET /age/50-59/ethnicity/latest-news.php,native,islander,black,other,white,latinas HTTP/1.1" 200 20670 "https://camjab.com/age/50-59/ethnicity/latest-news.php,native,islander,black,east-indian,other,white,latinas" "Mozilla/5.0 AppleWebKit/537.36 (KHTML, like Gecko; compatible; GPTBot/1.3; +https://openai.com/gptbot)"
216.73.216.135 - - [04/Apr/2026:01:38:24 -0400] "GET /gender/f,m/age/50-59/ethnicity/islander/languages/belarusian?sortOrder=name HTTP/1.1" 200 19176 "-" "Mozilla/5.0 AppleWebKit/537.36 (KHTML, like Gecko; compatible; ClaudeBot/1.0; +claudebot@anthropic.com)"
216.73.216.135 - - [04/Apr/2026:01:38:24 -0400] "GET /status/offline/gender/t,m/ethnicity/black/languages/greek?sortOrder=oldest HTTP/1.1" 200 19052 "-" "Mozilla/5.0 AppleWebKit/537.36 (KHTML, like Gecko; compatible; ClaudeBot/1.0; +claudebot@anthropic.com)"
74.7.241.25 - - [04/Apr/2026:01:38:25 -0400] "GET /gender/f/age/18-19/ethnicity/asian,native,east-indian,white,black,other HTTP/1.1" 200 20638 "https://www.camjab.com/age/18-19/ethnicity/asian,native,east-indian,white,black,other" "Mozilla/5.0 AppleWebKit/537.36 (KHTML, like Gecko; compatible; GPTBot/1.3; +https://openai.com/gptbot)"
216.73.216.135 - - [04/Apr/2026:01:38:25 -0400] "GET /gender/f,t/age/60-100/ethnicity/native,asian/languages/Scots?sortOrder=leastViewed HTTP/1.1" 200 19448 "-" "Mozilla/5.0 AppleWebKit/537.36 (KHTML, like Gecko; compatible; ClaudeBot/1.0; +claudebot@anthropic.com)"
216.73.216.135 - - [04/Apr/2026:01:38:25 -0400] "GET /status/offline,online/gender/m/ethnicity/other,native,black/languages/Dutch HTTP/1.1" 200 20069 "-" "Mozilla/5.0 AppleWebKit/537.36 (KHTML, like Gecko; compatible; ClaudeBot/1.0; +claudebot@anthropic.com)"
216.73.216.135 - - [04/Apr/2026:01:38:25 -0400] "GET /gender/f,m/age/40-49/ethnicity/black/languages/Bulgarian?sortOrder=timeOnline HTTP/1.1" 200 19052 "-" "Mozilla/5.0 AppleWebKit/537.36 (KHTML, like Gecko; compatible; ClaudeBot/1.0; +claudebot@anthropic.com)"
74.7.241.1 - - [04/Apr/2026:01:38:25 -0400] "GET /age/40-49/ethnicity/latest-news.php,native,other,latinas,black,white,islander HTTP/1.1" 200 20670 "https://camjab.com/age/40-49/ethnicity/latest-news.php,native,other,latinas,black,white,islander,east-indian" "Mozilla/5.0 AppleWebKit/537.36 (KHTML, like Gecko; compatible; GPTBot/1.3; +https://openai.com/gptbot)"
216.73.216.135 - - [04/Apr/2026:01:38:25 -0400] "GET /gender/m,t/age/30-39/ethnicity/islander,native/languages/scots?sortOrder=oldest HTTP/1.1" 200 19497 "-" "Mozilla/5.0 AppleWebKit/537.36 (KHTML, like Gecko; compatible; ClaudeBot/1.0; +claudebot@anthropic.com)"
216.73.216.135 - - [04/Apr/2026:01:38:25 -0400] "GET /gender/m,c/age/60-100/ethnicity/black,islander/languages/Greek HTTP/1.1" 200 19409 "-" "Mozilla/5.0 AppleWebKit/537.36 (KHTML, like Gecko; compatible; ClaudeBot/1.0; +claudebot@anthropic.com)"
50.19.79.213 - - [04/Apr/2026:01:38:25 -0400] "GET /status/offline,online/gender/t,c,m/age/50-59,30-39/ethnicity/native,white,east-indian/languages/indonesian HTTP/1.1" 200 22308 "-" "Mozilla/5.0 AppleWebKit/537.36 (KHTML, like Gecko; compatible; Amazonbot/0.1; +https://developer.amazon.com/support/amazonbot) Chrome/119.0.6045.214 Safari/537.36"
216.73.216.135 - - [04/Apr/2026:01:38:25 -0400] "GET /status/online/gender/m,f/ethnicity/black,white,native/languages/malay HTTP/1.1" 200 19866 "-" "Mozilla/5.0 AppleWebKit/537.36 (KHTML, like Gecko; compatible; ClaudeBot/1.0; +claudebot@anthropic.com)"
74.7.241.25 - - [04/Apr/2026:01:38:26 -0400] "GET /age/18-19,30-39/ethnicity/asian,native,east-indian,white,black,other HTTP/1.1" 200 20560 "https://www.camjab.com/age/18-19/ethnicity/asian,native,east-indian,white,black,other" "Mozilla/5.0 AppleWebKit/537.36 (KHTML, like Gecko; compatible; GPTBot/1.3; +https://openai.com/gptbot)"
216.73.216.135 - - [04/Apr/2026:01:38:26 -0400] "GET /status/online/gender/f,m/ethnicity/islander/languages/chinese?sortOrder=timeOnline HTTP/1.1" 200 19209 "-" "Mozilla/5.0 AppleWebKit/537.36 (KHTML, like Gecko; compatible; ClaudeBot/1.0; +claudebot@anthropic.com)"
216.73.216.135 - - [04/Apr/2026:01:38:26 -0400] "GET /gender/f,m,t/age/40-49/ethnicity/native/languages/finnish?sortOrder=timeOnline HTTP/1.1" 200 19319 "-" "Mozilla/5.0 AppleWebKit/537.36 (KHTML, like Gecko; compatible; ClaudeBot/1.0; +claudebot@anthropic.com)"
23.21.148.226 - - [04/Apr/2026:01:38:26 -0400] "GET /status/offline,online/gender/f,t,m/age/50-59/ethnicity/asian,islander,east-indian,white,other,native,black HTTP/1.1" 200 23361 "-" "Mozilla/5.0 AppleWebKit/537.36 (KHTML, like Gecko; compatible; Amazonbot/0.1; +https://developer.amazon.com/support/amazonbot) Chrome/119.0.6045.214 Safari/537.36"
216.73.216.135 - - [04/Apr/2026:01:38:26 -0400] "GET /gender/f,t,m/age/40-49,20-29/languages/Slovak?sortOrder=leastViewed HTTP/1.1" 200 19011 "-" "Mozilla/5.0 AppleWebKit/537.36 (KHTML, like Gecko; compatible; ClaudeBot/1.0; +claudebot@anthropic.com)"
216.73.216.135 - - [04/Apr/2026:01:38:26 -0400] "GET /gender/f,c/ethnicity/white,asian/languages/chinese?sortOrder=name HTTP/1.1" 200 18877 "-" "Mozilla/5.0 AppleWebKit/537.36 (KHTML, like Gecko; compatible; ClaudeBot/1.0; +claudebot@anthropic.com)"
74.7.241.1 - - [04/Apr/2026:01:38:26 -0400] "GET /age/40-49/ethnicity/latest-news.php,black,east-indian,latinas,white,other,native HTTP/1.1" 200 20790 "https://camjab.com/age/40-49/ethnicity/latest-news.php,black,east-indian,asian,latinas,white,other,native" "Mozilla/5.0 AppleWebKit/537.36 (KHTML, like Gecko; compatible; GPTBot/1.3; +https://openai.com/gptbot)"
216.73.216.135 - - [04/Apr/2026:01:38:26 -0400] "GET /gender/c,f,m/ethnicity/native,other/languages/scots?sortOrder=youngest HTTP/1.1" 200 19145 "-" "Mozilla/5.0 AppleWebKit/537.36 (KHTML, like Gecko; compatible; ClaudeBot/1.0; +claudebot@anthropic.com)"
216.73.216.135 - - [04/Apr/2026:01:38:26 -0400] "GET /status/online/gender/t,f,m/age/40-49/languages/finnish?sortOrder=oldest HTTP/1.1" 200 19274 "-" "Mozilla/5.0 AppleWebKit/537.36 (KHTML, like Gecko; compatible; ClaudeBot/1.0; +claudebot@anthropic.com)"
216.73.216.135 - - [04/Apr/2026:01:38:26 -0400] "GET /gender/c,f,m/ethnicity/native,white,islander/languages/Maltese?sortOrder=leastViewed HTTP/1.1" 200 19775 "-" "Mozilla/5.0 AppleWebKit/537.36 (KHTML, like Gecko; compatible; ClaudeBot/1.0; +claudebot@anthropic.com)"
216.73.216.135 - - [04/Apr/2026:01:38:26 -0400] "GET /status/offline/gender/m,c/ethnicity/native,latinas/languages/hebrew?sortOrder=timeOnline HTTP/1.1" 200 19670 "-" "Mozilla/5.0 AppleWebKit/537.36 (KHTML, like Gecko; compatible; ClaudeBot/1.0; +claudebot@anthropic.com)"
52.204.71.8 - - [04/Apr/2026:01:38:27 -0400] "GET /status/offline,online/gender/m,c/age/20-29,30-39,18-19/ethnicity/east-indian,black,islander,native,white/languages/hindi HTTP/1.1" 200 23673 "-" "Mozilla/5.0 AppleWebKit/537.36 (KHTML, like Gecko; compatible; Amazonbot/0.1; +https://developer.amazon.com/support/amazonbot) Chrome/119.0.6045.214 Safari/537.36"
74.7.241.25 - - [04/Apr/2026:01:38:27 -0400] "GET /age/18-19/ethnicity/black,other,white,east-indian,native HTTP/1.1" 200 19647 "https://www.camjab.com/age/18-19/ethnicity/black,other,white,east-indian,native,islander" "Mozilla/5.0 AppleWebKit/537.36 (KHTML, like Gecko; compatible; GPTBot/1.3; +https://openai.com/gptbot)"
216.73.216.135 - - [04/Apr/2026:01:38:27 -0400] "GET /status/online,offline/gender/t,f/ethnicity/native,white/languages/Dutch HTTP/1.1" 200 19955 "-" "Mozilla/5.0 AppleWebKit/537.36 (KHTML, like Gecko; compatible; ClaudeBot/1.0; +claudebot@anthropic.com)"
216.73.216.135 - - [04/Apr/2026:01:38:27 -0400] "GET /gender/t,f,c,m/age/18-19/languages/Arabic?sortOrder=name HTTP/1.1" 200 18860 "-" "Mozilla/5.0 AppleWebKit/537.36 (KHTML, like Gecko; compatible; ClaudeBot/1.0; +claudebot@anthropic.com)"
216.73.216.135 - - [04/Apr/2026:01:38:27 -0400] "GET /status/offline/gender/f,m/age/40-49/ethnicity/white,native,islander/languages/scots HTTP/1.1" 200 20612 "-" "Mozilla/5.0 AppleWebKit/537.36 (KHTML, like Gecko; compatible; ClaudeBot/1.0; +claudebot@anthropic.com)"
216.73.216.135 - - [04/Apr/2026:01:38:27 -0400] "GET /gender/c,m/ethnicity/native,latinas,other/languages/Finnish HTTP/1.1" 200 19319 "-" "Mozilla/5.0 AppleWebKit/537.36 (KHTML, like Gecko; compatible; ClaudeBot/1.0; +claudebot@anthropic.com)"
216.73.216.135 - - [04/Apr/2026:01:38:27 -0400] "GET /gender/m,c/ethnicity/asian,white/languages/catalan HTTP/1.1" 200 18780 "-" "Mozilla/5.0 AppleWebKit/537.36 (KHTML, like Gecko; compatible; ClaudeBot/1.0; +claudebot@anthropic.com)"
74.7.241.1 - - [04/Apr/2026:01:38:27 -0400] "GET /age/40-49/ethnicity/latest-news.php,other,white,native,east-indian,black,islander HTTP/1.1" 200 20830 "https://camjab.com/age/40-49/ethnicity/latest-news.php,other,white,latinas,native,east-indian,black,islander" "Mozilla/5.0 AppleWebKit/537.36 (KHTML, like Gecko; compatible; GPTBot/1.3; +https://openai.com/gptbot)"
216.73.216.135 - - [04/Apr/2026:01:38:27 -0400] "GET /gender/t,m/age/40-49/ethnicity/other,native/languages/Dutch?sortOrder=youngest HTTP/1.1" 200 19392 "-" "Mozilla/5.0 AppleWebKit/537.36 (KHTML, like Gecko; compatible; ClaudeBot/1.0; +claudebot@anthropic.com)"
216.73.216.135 - - [04/Apr/2026:01:38:27 -0400] "GET /status/offline/gender/c,t/ethnicity/black,white/languages/Turkish?sortOrder=youngest HTTP/1.1" 200 19593 "-" "Mozilla/5.0 AppleWebKit/537.36 (KHTML, like Gecko; compatible; ClaudeBot/1.0; +claudebot@anthropic.com)"
216.73.216.135 - - [04/Apr/2026:01:38:27 -0400] "GET /gender/c,t/age/30-39/ethnicity/islander,native/languages/Turkish?sortOrder=timeOnline HTTP/1.1" 200 19589 "-" "Mozilla/5.0 AppleWebKit/537.36 (KHTML, like Gecko; compatible; ClaudeBot/1.0; +claudebot@anthropic.com)"
74.7.241.25 - - [04/Apr/2026:01:38:28 -0400] "GET /age/40-49/ethnicity/east-indian,black,other,asian,native,islander HTTP/1.1" 200 20214 "https://www.camjab.com/age/40-49/ethnicity/east-indian,black,other,asian,native" "Mozilla/5.0 AppleWebKit/537.36 (KHTML, like Gecko; compatible; GPTBot/1.3; +https://openai.com/gptbot)"
216.73.216.135 - - [04/Apr/2026:01:38:28 -0400] "GET /gender/f,m,t/ethnicity/asian/languages/Japanese?sortOrder=timeOnline HTTP/1.1" 200 18769 "-" "Mozilla/5.0 AppleWebKit/537.36 (KHTML, like Gecko; compatible; ClaudeBot/1.0; +claudebot@anthropic.com)"
18.215.24.66 - - [04/Apr/2026:01:38:28 -0400] "GET /status/offline,online/gender/f/age/40-49,60-100,18-19,30-39/ethnicity/native,asian,islander/languages/hindi HTTP/1.1" 200 22537 "-" "Mozilla/5.0 AppleWebKit/537.36 (KHTML, like Gecko; compatible; Amazonbot/0.1; +https://developer.amazon.com/support/amazonbot) Chrome/119.0.6045.214 Safari/537.36"
216.73.216.135 - - [04/Apr/2026:01:38:28 -0400] "GET /gender/f,t/ethnicity/black,islander,native/languages/finnish?sortOrder=name HTTP/1.1" 200 19448 "-" "Mozilla/5.0 AppleWebKit/537.36 (KHTML, like Gecko; compatible; ClaudeBot/1.0; +claudebot@anthropic.com)"
216.73.216.135 - - [04/Apr/2026:01:38:28 -0400] "GET /gender/f,m/age/50-59/ethnicity/other/languages/Maltese?sortOrder=name HTTP/1.1" 200 18966 "-" "Mozilla/5.0 AppleWebKit/537.36 (KHTML, like Gecko; compatible; ClaudeBot/1.0; +claudebot@anthropic.com)"
216.73.216.135 - - [04/Apr/2026:01:38:28 -0400] "GET /status/online/gender/f,t/age/18-19/ethnicity/islander/languages/Russian HTTP/1.1" 200 19671 "-" "Mozilla/5.0 AppleWebKit/537.36 (KHTML, like Gecko; compatible; ClaudeBot/1.0; +claudebot@anthropic.com)"
216.73.216.135 - - [04/Apr/2026:01:38:28 -0400] "GET /gender/c,t/ethnicity/native,islander,black/languages/swedish?sortOrder=leastViewed HTTP/1.1" 200 19469 "-" "Mozilla/5.0 AppleWebKit/537.36 (KHTML, like Gecko; compatible; ClaudeBot/1.0; +claudebot@anthropic.com)"
216.73.216.135 - - [04/Apr/2026:01:38:28 -0400] "GET /gender/t,c,m/age/30-39/ethnicity/native/languages/English?sortOrder=timeOnline HTTP/1.1" 200 19319 "-" "Mozilla/5.0 AppleWebKit/537.36 (KHTML, like Gecko; compatible; ClaudeBot/1.0; +claudebot@anthropic.com)"
74.7.241.1 - - [04/Apr/2026:01:38:28 -0400] "GET /age/20-29/ethnicity/latest-news.php,east-indian,native,black,other,white,latinas HTTP/1.1" 200 20790 "https://camjab.com/age/20-29/ethnicity/latest-news.php,east-indian,asian,native,black,other,white,latinas" "Mozilla/5.0 AppleWebKit/537.36 (KHTML, like Gecko; compatible; GPTBot/1.3; +https://openai.com/gptbot)"
216.73.216.135 - - [04/Apr/2026:01:38:28 -0400] "GET /status/offline/gender/f,c/age/30-39/ethnicity/latinas/languages/ukrainian HTTP/1.1" 200 19746 "-" "Mozilla/5.0 AppleWebKit/537.36 (KHTML, like Gecko; compatible; ClaudeBot/1.0; +claudebot@anthropic.com)"
216.73.216.135 - - [04/Apr/2026:01:38:28 -0400] "GET /status/offline/gender/f,c/age/60-100/ethnicity/native,other/languages/Danish HTTP/1.1" 200 20115 "-" "Mozilla/5.0 AppleWebKit/537.36 (KHTML, like Gecko; compatible; ClaudeBot/1.0; +claudebot@anthropic.com)"
216.73.216.135 - - [04/Apr/2026:01:38:28 -0400] "GET /gender/t,f/age/20-29/ethnicity/black/languages/Scots?sortOrder=youngest HTTP/1.1" 200 18915 "-" "Mozilla/5.0 AppleWebKit/537.36 (KHTML, like Gecko; compatible; ClaudeBot/1.0; +claudebot@anthropic.com)"
216.73.216.135 - - [04/Apr/2026:01:38:28 -0400] "GET /status/offline/gender/c,t/age/20-29/ethnicity/white,native/languages/Malay HTTP/1.1" 200 20036 "-" "Mozilla/5.0 AppleWebKit/537.36 (KHTML, like Gecko; compatible; ClaudeBot/1.0; +claudebot@anthropic.com)"
144.76.32.187 - - [04/Apr/2026:01:38:28 -0400] "GET /tags/bdsm/gender/t,c HTTP/1.1" 200 17586 "-" "Mozilla/5.0 (compatible; SERankingBacklinksBot/1.0; +https://seranking.com/backlinks-crawler)"
216.73.216.135 - - [04/Apr/2026:01:38:28 -0400] "GET /status/offline/gender/f,c/age/20-29,60-100,40-49/languages/czech HTTP/1.1" 200 19765 "-" "Mozilla/5.0 AppleWebKit/537.36 (KHTML, like Gecko; compatible; ClaudeBot/1.0; +claudebot@anthropic.com)"
74.7.241.25 - - [04/Apr/2026:01:38:29 -0400] "GET /age/18-19/ethnicity/other,asian,native,east-indian,black HTTP/1.1" 200 19647 "https://www.camjab.com/age/18-19/ethnicity/other,asian,latinas,native,east-indian,black" "Mozilla/5.0 AppleWebKit/537.36 (KHTML, like Gecko; compatible; GPTBot/1.3; +https://openai.com/gptbot)"
216.73.216.135 - - [04/Apr/2026:01:38:29 -0400] "GET /status/offline/gender/t,c,f/ethnicity/islander/languages/Fiji?sortOrder=youngest HTTP/1.1" 200 19450 "-" "Mozilla/5.0 AppleWebKit/537.36 (KHTML, like Gecko; compatible; ClaudeBot/1.0; +claudebot@anthropic.com)"
216.73.216.135 - - [04/Apr/2026:01:38:29 -0400] "GET /gender/f,c,t/ethnicity/white,native/languages/maltese?sortOrder=oldest HTTP/1.1" 200 19214 "-" "Mozilla/5.0 AppleWebKit/537.36 (KHTML, like Gecko; compatible; ClaudeBot/1.0; +claudebot@anthropic.com)"
216.73.216.135 - - [04/Apr/2026:01:38:29 -0400] "GET /status/online/gender/f,t/age/40-49,20-29/sites/3 HTTP/1.1" 200 19027 "-" "Mozilla/5.0 AppleWebKit/537.36 (KHTML, like Gecko; compatible; ClaudeBot/1.0; +claudebot@anthropic.com)"
216.73.216.135 - - [04/Apr/2026:01:38:29 -0400] "GET /status/offline/gender/t,f/age/20-29,60-100/languages/catalan?sortOrder=oldest HTTP/1.1" 200 19488 "-" "Mozilla/5.0 AppleWebKit/537.36 (KHTML, like Gecko; compatible; ClaudeBot/1.0; +claudebot@anthropic.com)"
216.73.216.135 - - [04/Apr/2026:01:38:29 -0400] "GET /gender/c,t/age/60-100/ethnicity/islander/languages/german?sortOrder=timeOnline HTTP/1.1" 200 19099 "-" "Mozilla/5.0 AppleWebKit/537.36 (KHTML, like Gecko; compatible; ClaudeBot/1.0; +claudebot@anthropic.com)"
74.7.241.1 - - [04/Apr/2026:01:38:29 -0400] "GET /age/30-39/ethnicity/latest-news.php,islander,black,other,native,latinas HTTP/1.1" 200 20203 "https://camjab.com/age/30-39/ethnicity/latest-news.php,east-indian,islander,black,other,native,latinas" "Mozilla/5.0 AppleWebKit/537.36 (KHTML, like Gecko; compatible; GPTBot/1.3; +https://openai.com/gptbot)"
216.73.216.135 - - [04/Apr/2026:01:38:29 -0400] "GET /gender/c,f/age/30-39,40-49,18-19/languages/Turkish?sortOrder=leastViewed HTTP/1.1" 200 19183 "-" "Mozilla/5.0 AppleWebKit/537.36 (KHTML, like Gecko; compatible; ClaudeBot/1.0; +claudebot@anthropic.com)"
216.73.216.135 - - [04/Apr/2026:01:38:29 -0400] "GET /status/offline,online/ethnicity/east-indian/languages/ukrainian?sortOrder=timeOnline HTTP/1.1" 200 19084 "-" "Mozilla/5.0 AppleWebKit/537.36 (KHTML, like Gecko; compatible; ClaudeBot/1.0; +claudebot@anthropic.com)"
216.73.216.135 - - [04/Apr/2026:01:38:29 -0400] "GET /status/offline,online/gender/f,c/age/30-39/languages/Armenian?sortOrder=name HTTP/1.1" 200 19529 "-" "Mozilla/5.0 AppleWebKit/537.36 (KHTML, like Gecko; compatible; ClaudeBot/1.0; +claudebot@anthropic.com)"
216.73.216.135 - - [04/Apr/2026:01:38:29 -0400] "GET /status/offline/gender/m,t/age/30-39/ethnicity/white,native/languages/Thai HTTP/1.1" 200 19990 "-" "Mozilla/5.0 AppleWebKit/537.36 (KHTML, like Gecko; compatible; ClaudeBot/1.0; +claudebot@anthropic.com)"
66.249.66.43 - - [04/Apr/2026:01:38:29 -0400] "GET /gender/t,f,m,c/ethnicity/latino,islander,white,latinas,east-indian,black,native HTTP/1.1" 200 21414 "-" "Mozilla/5.0 (Linux; Android 6.0.1; Nexus 5X Build/MMB29P) AppleWebKit/537.36 (KHTML, like Gecko) Chrome/146.0.7680.177 Mobile Safari/537.36 (compatible; Googlebot/2.1; +http://www.google.com/bot.html)"
216.73.216.135 - - [04/Apr/2026:01:38:29 -0400] "GET /status/online,offline/gender/m/age/60-100,30-39/languages/Swedish HTTP/1.1" 200 19550 "-" "Mozilla/5.0 AppleWebKit/537.36 (KHTML, like Gecko; compatible; ClaudeBot/1.0; +claudebot@anthropic.com)"
74.7.241.25 - - [04/Apr/2026:01:38:29 -0400] "GET /age/20-29/ethnicity/black,east-indian,other,native,asian HTTP/1.1" 200 19647 "https://www.camjab.com/age/20-29/ethnicity/black,east-indian,other,native,islander,asian" "Mozilla/5.0 AppleWebKit/537.36 (KHTML, like Gecko; compatible; GPTBot/1.3; +https://openai.com/gptbot)"
216.73.216.135 - - [04/Apr/2026:01:38:29 -0400] "GET /status/offline,online/gender/t,f/ethnicity/asian/languages/Arabic HTTP/1.1" 200 19484 "-" "Mozilla/5.0 AppleWebKit/537.36 (KHTML, like Gecko; compatible; ClaudeBot/1.0; +claudebot@anthropic.com)"
54.156.124.2 - - [04/Apr/2026:01:38:29 -0400] "GET /status/offline,online/gender/m,t/age/40-49,50-59/ethnicity/asian,east-indian,black,latinas,white/languages/hindi HTTP/1.1" 200 22819 "-" "Mozilla/5.0 AppleWebKit/537.36 (KHTML, like Gecko; compatible; Amazonbot/0.1; +https://developer.amazon.com/support/amazonbot) Chrome/119.0.6045.214 Safari/537.36"
216.73.216.135 - - [04/Apr/2026:01:38:30 -0400] "GET /status/offline,online/gender/m/age/30-39/ethnicity/white,native/languages/Chinese HTTP/1.1" 200 20268 "-" "Mozilla/5.0 AppleWebKit/537.36 (KHTML, like Gecko; compatible; ClaudeBot/1.0; +claudebot@anthropic.com)"
216.73.216.135 - - [04/Apr/2026:01:38:30 -0400] "GET /status/offline/gender/t,f,c/ethnicity/native,latinas/languages/Finnish HTTP/1.1" 200 19924 "-" "Mozilla/5.0 AppleWebKit/537.36 (KHTML, like Gecko; compatible; ClaudeBot/1.0; +claudebot@anthropic.com)"
52.6.5.24 - - [04/Apr/2026:01:38:30 -0400] "GET /status/offline,online/gender/c,t/age/18-19,20-29/ethnicity/black,east-indian,native,islander,latinas/languages/hindi HTTP/1.1" 200 23233 "-" "Mozilla/5.0 AppleWebKit/537.36 (KHTML, like Gecko; compatible; Amazonbot/0.1; +https://developer.amazon.com/support/amazonbot) Chrome/119.0.6045.214 Safari/537.36"
216.73.216.135 - - [04/Apr/2026:01:38:30 -0400] "GET /gender/m,t/age/60-100/ethnicity/islander,native/languages/norwegian HTTP/1.1" 200 19581 "-" "Mozilla/5.0 AppleWebKit/537.36 (KHTML, like Gecko; compatible; ClaudeBot/1.0; +claudebot@anthropic.com)"
216.73.216.135 - - [04/Apr/2026:01:38:30 -0400] "GET /status/offline,online/age/40-49,60-100,20-29/languages/Hebrew?sortOrder=name HTTP/1.1" 200 19535 "-" "Mozilla/5.0 AppleWebKit/537.36 (KHTML, like Gecko; compatible; ClaudeBot/1.0; +claudebot@anthropic.com)"
216.73.216.135 - - [04/Apr/2026:01:38:30 -0400] "GET /gender/t,f/age/20-29/ethnicity/islander,white/languages/thai?sortOrder=leastViewed HTTP/1.1" 200 19450 "-" "Mozilla/5.0 AppleWebKit/537.36 (KHTML, like Gecko; compatible; ClaudeBot/1.0; +claudebot@anthropic.com)"
216.73.216.135 - - [04/Apr/2026:01:38:30 -0400] "GET /status/online/gender/f,m/age/40-49,18-19/languages/serbian HTTP/1.1" 200 19316 "-" "Mozilla/5.0 AppleWebKit/537.36 (KHTML, like Gecko; compatible; ClaudeBot/1.0; +claudebot@anthropic.com)"
74.7.241.1 - - [04/Apr/2026:01:38:30 -0400] "GET /age/40-49/ethnicity/latest-news.php,native,black,east-indian,white,other,latinas HTTP/1.1" 200 20790 "https://camjab.com/age/40-49/ethnicity/latest-news.php,native,black,east-indian,white,other,latinas,islander" "Mozilla/5.0 AppleWebKit/537.36 (KHTML, like Gecko; compatible; GPTBot/1.3; +https://openai.com/gptbot)"
216.73.216.135 - - [04/Apr/2026:01:38:30 -0400] "GET /gender/t,m,f/age/20-29/ethnicity/white/languages/german?sortOrder=recent HTTP/1.1" 200 19235 "-" "Mozilla/5.0 AppleWebKit/537.36 (KHTML, like Gecko; compatible; ClaudeBot/1.0; +claudebot@anthropic.com)"
216.73.216.135 - - [04/Apr/2026:01:38:30 -0400] "GET /status/offline/gender/f,c,m/age/18-19/languages/hungarian?sortOrder=timeOnline HTTP/1.1" 200 19398 "-" "Mozilla/5.0 AppleWebKit/537.36 (KHTML, like Gecko; compatible; ClaudeBot/1.0; +claudebot@anthropic.com)"
216.73.216.135 - - [04/Apr/2026:01:38:30 -0400] "GET /gender/f,t,c/age/20-29/ethnicity/other/languages/german?sortOrder=leastViewed HTTP/1.1" 200 19260 "-" "Mozilla/5.0 AppleWebKit/537.36 (KHTML, like Gecko; compatible; ClaudeBot/1.0; +claudebot@anthropic.com)"
74.7.241.25 - - [04/Apr/2026:01:38:30 -0400] "GET /age/18-19/ethnicity/east-indian,black,asian,white,native HTTP/1.1" 200 19647 "https://www.camjab.com/age/20-29,18-19/ethnicity/east-indian,black,asian,white,native" "Mozilla/5.0 AppleWebKit/537.36 (KHTML, like Gecko; compatible; GPTBot/1.3; +https://openai.com/gptbot)"
216.73.216.135 - - [04/Apr/2026:01:38:30 -0400] "GET /gender/t,c/age/60-100/ethnicity/white/languages/greek?sortOrder=leastViewed HTTP/1.1" 200 18960 "-" "Mozilla/5.0 AppleWebKit/537.36 (KHTML, like Gecko; compatible; ClaudeBot/1.0; +claudebot@anthropic.com)"
216.73.216.135 - - [04/Apr/2026:01:38:30 -0400] "GET /gender/c,t/age/40-49,50-59/ethnicity/native/languages/Turkish?sortOrder=recent HTTP/1.1" 200 19447 "-" "Mozilla/5.0 AppleWebKit/537.36 (KHTML, like Gecko; compatible; ClaudeBot/1.0; +claudebot@anthropic.com)"
217.113.194.18 - - [04/Apr/2026:01:38:31 -0400] "GET /status/online/gender/f,m,t,c/age/40-49/ethnicity/islander,other,native,black HTTP/1.1" 200 21086 "-" "Mozilla/5.0 (compatible; Barkrowler/0.9; +https://babbar.tech/crawler)"
216.73.216.135 - - [04/Apr/2026:01:38:31 -0400] "GET /gender/c,f/ethnicity/native,other,islander/languages/English?sortOrder=timeOnline HTTP/1.1" 200 19471 "-" "Mozilla/5.0 AppleWebKit/537.36 (KHTML, like Gecko; compatible; ClaudeBot/1.0; +claudebot@anthropic.com)"
216.73.216.135 - - [04/Apr/2026:01:38:31 -0400] "GET /gender/t,m/age/40-49/ethnicity/white/languages/french?sortOrder=youngest HTTP/1.1" 200 18939 "-" "Mozilla/5.0 AppleWebKit/537.36 (KHTML, like Gecko; compatible; ClaudeBot/1.0; +claudebot@anthropic.com)"
100.29.160.53 - - [04/Apr/2026:01:38:31 -0400] "GET /status/offline,online/gender/f,c,t,m/age/50-59,18-19,40-49/ethnicity/east-indian,asian,white,latinas/languages/hindi HTTP/1.1" 200 23806 "-" "Mozilla/5.0 AppleWebKit/537.36 (KHTML, like Gecko; compatible; Amazonbot/0.1; +https://developer.amazon.com/support/amazonbot) Chrome/119.0.6045.214 Safari/537.36"
216.73.216.135 - - [04/Apr/2026:01:38:31 -0400] "GET /gender/f,m/ethnicity/latinas,black,islander/languages/Hebrew HTTP/1.1" 200 19358 "-" "Mozilla/5.0 AppleWebKit/537.36 (KHTML, like Gecko; compatible; ClaudeBot/1.0; +claudebot@anthropic.com)"
216.73.216.135 - - [04/Apr/2026:01:38:31 -0400] "GET /status/offline/gender/f,c,m/age/30-39,20-29/sites/1 HTTP/1.1" 200 19359 "-" "Mozilla/5.0 AppleWebKit/537.36 (KHTML, like Gecko; compatible; ClaudeBot/1.0; +claudebot@anthropic.com)"
216.73.216.135 - - [04/Apr/2026:01:38:31 -0400] "GET /status/offline/gender/m,f,t/age/20-29,60-100/languages/English HTTP/1.1" 200 19696 "-" "Mozilla/5.0 AppleWebKit/537.36 (KHTML, like Gecko; compatible; ClaudeBot/1.0; +claudebot@anthropic.com)"
216.73.216.135 - - [04/Apr/2026:01:38:31 -0400] "GET /gender/c,f/age/50-59/ethnicity/islander,black/languages/German HTTP/1.1" 200 19417 "-" "Mozilla/5.0 AppleWebKit/537.36 (KHTML, like Gecko; compatible; ClaudeBot/1.0; +claudebot@anthropic.com)"
74.7.241.1 - - [04/Apr/2026:01:38:31 -0400] "GET /age/50-59/ethnicity/latest-news.php,black,native,east-indian,islander HTTP/1.1" 200 19900 "https://camjab.com/age/50-59/ethnicity/latest-news.php,black,native,latinas,east-indian,islander" "Mozilla/5.0 AppleWebKit/537.36 (KHTML, like Gecko; compatible; GPTBot/1.3; +https://openai.com/gptbot)"
216.73.216.135 - - [04/Apr/2026:01:38:31 -0400] "GET /status/offline/gender/t,c,m/ethnicity/native,black/sites/11 HTTP/1.1" 200 19594 "-" "Mozilla/5.0 AppleWebKit/537.36 (KHTML, like Gecko; compatible; ClaudeBot/1.0; +claudebot@anthropic.com)"
216.73.216.135 - - [04/Apr/2026:01:38:31 -0400] "GET /gender/f,t/age/50-59/ethnicity/native,white/languages/Irish?sortOrder=recent HTTP/1.1" 200 19396 "-" "Mozilla/5.0 AppleWebKit/537.36 (KHTML, like Gecko; compatible; ClaudeBot/1.0; +claudebot@anthropic.com)"
216.73.216.135 - - [04/Apr/2026:01:38:31 -0400] "GET /status/offline/gender/t,m,f/ethnicity/islander/languages/finnish?sortOrder=youngest HTTP/1.1" 200 19545 "-" "Mozilla/5.0 AppleWebKit/537.36 (KHTML, like Gecko; compatible; ClaudeBot/1.0; +claudebot@anthropic.com)"
74.7.241.25 - - [04/Apr/2026:01:38:31 -0400] "GET /age/40-49/ethnicity/native,black,asian,east-indian,other,islander HTTP/1.1" 200 20214 "https://www.camjab.com/age/40-49/ethnicity/native,black,asian,east-indian,other" "Mozilla/5.0 AppleWebKit/537.36 (KHTML, like Gecko; compatible; GPTBot/1.3; +https://openai.com/gptbot)"
216.73.216.135 - - [04/Apr/2026:01:38:31 -0400] "GET /status/offline,online/age/30-39,20-29/ethnicity/other/languages/Slovak HTTP/1.1" 200 19658 "-" "Mozilla/5.0 AppleWebKit/537.36 (KHTML, like Gecko; compatible; ClaudeBot/1.0; +claudebot@anthropic.com)"
43.106.17.138 - - [04/Apr/2026:01:38:22 -0400] "GET /core/ajax.loadModels.php?controller=router&age%5B0%5D=18-19&ethnicity%5B0%5D=white&ethnicity%5B1%5D=native&ethnicity%5B2%5D=asian&ethnicity%5B3%5D=latinas HTTP/1.1" 200 182 "https://camjab.com/age/18-19/ethnicity/white,native,asian,latinas" "Mozilla/5.0 (Windows NT 10.0; Win64; x64) AppleWebKit/537.36 (KHTML, like Gecko) Chrome/130.0.0.0 Safari/537.36"
216.73.216.135 - - [04/Apr/2026:01:38:31 -0400] "GET /gender/m,c/ethnicity/black,asian/languages/German?sortOrder=timeOnline HTTP/1.1" 200 18851 "-" "Mozilla/5.0 AppleWebKit/537.36 (KHTML, like Gecko; compatible; ClaudeBot/1.0; +claudebot@anthropic.com)"
216.73.216.135 - - [04/Apr/2026:01:38:32 -0400] "GET /gender/c,f,t/ethnicity/white,native/languages/Malay?sortOrder=oldest HTTP/1.1" 200 19144 "-" "Mozilla/5.0 AppleWebKit/537.36 (KHTML, like Gecko; compatible; ClaudeBot/1.0; +claudebot@anthropic.com)"
216.73.216.135 - - [04/Apr/2026:01:38:32 -0400] "GET /status/offline,online/gender/f,c/age/60-100/ethnicity/white/languages/Dutch HTTP/1.1" 200 20067 "-" "Mozilla/5.0 AppleWebKit/537.36 (KHTML, like Gecko; compatible; ClaudeBot/1.0; +claudebot@anthropic.com)"
216.73.216.135 - - [04/Apr/2026:01:38:32 -0400] "GET /status/offline/gender/f,m/age/50-59,40-49/ethnicity/native/languages/Fiji HTTP/1.1" 200 19976 "-" "Mozilla/5.0 AppleWebKit/537.36 (KHTML, like Gecko; compatible; ClaudeBot/1.0; +claudebot@anthropic.com)"
216.73.216.135 - - [04/Apr/2026:01:38:32 -0400] "GET /gender/c,f/ethnicity/black,latinas/languages/Azerbaijani?sortOrder=leastViewed HTTP/1.1" 200 19106 "-" "Mozilla/5.0 AppleWebKit/537.36 (KHTML, like Gecko; compatible; ClaudeBot/1.0; +claudebot@anthropic.com)"
23.21.148.226 - - [04/Apr/2026:01:38:32 -0400] "GET /status/offline,online/gender/t,m/age/20-29,50-59,30-39,18-19/ethnicity/islander,asian,east-indian/sites/1 HTTP/1.1" 200 22808 "-" "Mozilla/5.0 AppleWebKit/537.36 (KHTML, like Gecko; compatible; Amazonbot/0.1; +https://developer.amazon.com/support/amazonbot) Chrome/119.0.6045.214 Safari/537.36"
216.73.216.135 - - [04/Apr/2026:01:38:32 -0400] "GET /status/online,offline/age/18-19/ethnicity/native,latinas/languages/german HTTP/1.1" 200 19788 "-" "Mozilla/5.0 AppleWebKit/537.36 (KHTML, like Gecko; compatible; ClaudeBot/1.0; +claudebot@anthropic.com)"
17.241.227.90 - - [04/Apr/2026:01:38:32 -0400] "GET /age/60-100/ethnicity/black,native,islander,white,other/languages/hindi HTTP/1.1" 200 19949 "-" "Mozilla/5.0 (Macintosh; Intel Mac OS X 10_15_7) AppleWebKit/605.1.15 (KHTML, like Gecko) Version/17.4 Safari/605.1.15 (Applebot/0.1; +http://www.apple.com/go/applebot)"
216.73.216.135 - - [04/Apr/2026:01:38:32 -0400] "GET /gender/m,t/ethnicity/islander,latinas/languages/korean?sortOrder=leastViewed HTTP/1.1" 200 19029 "-" "Mozilla/5.0 AppleWebKit/537.36 (KHTML, like Gecko; compatible; ClaudeBot/1.0; +claudebot@anthropic.com)"
74.7.241.1 - - [04/Apr/2026:01:38:32 -0400] "GET /age/30-39/ethnicity/latest-news.php,asian,other,islander,white,latinas,black HTTP/1.1" 200 20630 "https://camjab.com/age/30-39/ethnicity/latest-news.php,east-indian,asian,other,islander,white,latinas,black" "Mozilla/5.0 AppleWebKit/537.36 (KHTML, like Gecko; compatible; GPTBot/1.3; +https://openai.com/gptbot)"
216.73.216.135 - - [04/Apr/2026:01:38:32 -0400] "GET /status/offline/gender/f,m/age/30-39,20-29/languages/thai?sortOrder=timeOnline HTTP/1.1" 200 19353 "-" "Mozilla/5.0 AppleWebKit/537.36 (KHTML, like Gecko; compatible; ClaudeBot/1.0; +claudebot@anthropic.com)"
216.73.216.135 - - [04/Apr/2026:01:38:32 -0400] "GET /gender/c,m/age/18-19/ethnicity/black,islander/languages/English?sortOrder=leastViewed HTTP/1.1" 200 19550 "-" "Mozilla/5.0 AppleWebKit/537.36 (KHTML, like Gecko; compatible; ClaudeBot/1.0; +claudebot@anthropic.com)"
216.73.216.135 - - [04/Apr/2026:01:38:32 -0400] "GET /gender/f,m/ethnicity/native,white,latinas/languages/French?sortOrder=leastViewed HTTP/1.1" 200 19392 "-" "Mozilla/5.0 AppleWebKit/537.36 (KHTML, like Gecko; compatible; ClaudeBot/1.0; +claudebot@anthropic.com)"
74.7.241.25 - - [04/Apr/2026:01:38:32 -0400] "GET /age/18-19/ethnicity/black,east-indian,asian,native,white HTTP/1.1" 200 19647 "https://www.camjab.com/age/20-29,18-19/ethnicity/black,east-indian,asian,native,white" "Mozilla/5.0 AppleWebKit/537.36 (KHTML, like Gecko; compatible; GPTBot/1.3; +https://openai.com/gptbot)"
216.73.216.135 - - [04/Apr/2026:01:38:32 -0400] "GET /status/offline/gender/t,m/ethnicity/other,islander,native/languages/Polish HTTP/1.1" 200 20049 "-" "Mozilla/5.0 AppleWebKit/537.36 (KHTML, like Gecko; compatible; ClaudeBot/1.0; +claudebot@anthropic.com)"
216.73.216.135 - - [04/Apr/2026:01:38:32 -0400] "GET /gender/m,t/age/30-39/ethnicity/white/languages/Slovak?sortOrder=timeOnline HTTP/1.1" 200 18945 "-" "Mozilla/5.0 AppleWebKit/537.36 (KHTML, like Gecko; compatible; ClaudeBot/1.0; +claudebot@anthropic.com)"
216.73.216.135 - - [04/Apr/2026:01:38:33 -0400] "GET /status/offline/gender/m,c/age/30-39,18-19/languages/Hebrew?sortOrder=youngest HTTP/1.1" 200 19417 "-" "Mozilla/5.0 AppleWebKit/537.36 (KHTML, like Gecko; compatible; ClaudeBot/1.0; +claudebot@anthropic.com)"
216.73.216.135 - - [04/Apr/2026:01:38:33 -0400] "GET /status/online,offline/ethnicity/black,islander,asian/languages/English HTTP/1.1" 200 19700 "-" "Mozilla/5.0 AppleWebKit/537.36 (KHTML, like Gecko; compatible; ClaudeBot/1.0; +claudebot@anthropic.com)"
216.73.216.135 - - [04/Apr/2026:01:38:33 -0400] "GET /status/online/gender/f,t/age/60-100,20-29/languages/finnish HTTP/1.1" 200 19358 "-" "Mozilla/5.0 AppleWebKit/537.36 (KHTML, like Gecko; compatible; ClaudeBot/1.0; +claudebot@anthropic.com)"
216.73.216.135 - - [04/Apr/2026:01:38:33 -0400] "GET /gender/m,c,f/age/40-49/ethnicity/black/languages/German?sortOrder=oldest HTTP/1.1" 200 19240 "-" "Mozilla/5.0 AppleWebKit/537.36 (KHTML, like Gecko; compatible; ClaudeBot/1.0; +claudebot@anthropic.com)"
74.7.241.1 - - [04/Apr/2026:01:38:33 -0400] "GET /age/50-59/ethnicity/latest-news.php,asian,black,other,islander,latinas,native HTTP/1.1" 200 20670 "https://camjab.com/age/50-59/ethnicity/latest-news.php,asian,black,other,islander,east-indian,latinas,native" "Mozilla/5.0 AppleWebKit/537.36 (KHTML, like Gecko; compatible; GPTBot/1.3; +https://openai.com/gptbot)"
17.241.227.176 - - [04/Apr/2026:01:38:33 -0400] "GET /gender/t,c/ethnicity/native,black/languages/english HTTP/1.1" 200 18821 "-" "Mozilla/5.0 (Macintosh; Intel Mac OS X 10_15_7) AppleWebKit/605.1.15 (KHTML, like Gecko) Version/17.4 Safari/605.1.15 (Applebot/0.1; +http://www.apple.com/go/applebot)"
74.7.241.25 - - [04/Apr/2026:01:38:33 -0400] "GET /age/20-29/ethnicity/asian,native,black,other,east-indian HTTP/1.1" 200 19647 "https://www.camjab.com/age/20-29/ethnicity/asian,native,black,latinas,other,east-indian" "Mozilla/5.0 AppleWebKit/537.36 (KHTML, like Gecko; compatible; GPTBot/1.3; +https://openai.com/gptbot)"
44.207.252.58 - - [04/Apr/2026:01:38:33 -0400] "GET /status/online,offline/gender/c,t,f/age/50-59,30-39,18-19/ethnicity/white,islander,east-indian,native/languages/hindi HTTP/1.1" 200 23285 "-" "Mozilla/5.0 AppleWebKit/537.36 (KHTML, like Gecko; compatible; Amazonbot/0.1; +https://developer.amazon.com/support/amazonbot) Chrome/119.0.6045.214 Safari/537.36"
44.205.192.249 - - [04/Apr/2026:01:38:33 -0400] "GET /status/offline/gender/f,c,t/age/60-100,50-59,40-49/ethnicity/native,east-indian,white,asian/languages/hindi HTTP/1.1" 200 22850 "-" "Mozilla/5.0 AppleWebKit/537.36 (KHTML, like Gecko; compatible; Amazonbot/0.1; +https://developer.amazon.com/support/amazonbot) Chrome/119.0.6045.214 Safari/537.36"
217.113.194.205 - - [04/Apr/2026:01:38:34 -0400] "GET /status/offline/gender/c,f,t/ethnicity/white/languages/indonesian?sortOrder=name HTTP/1.1" 200 19745 "-" "Mozilla/5.0 (compatible; Barkrowler/0.9; +https://babbar.tech/crawler)"
74.7.241.1 - - [04/Apr/2026:01:38:34 -0400] "GET /age/30-39/ethnicity/latest-news.php,east-indian,native,other,black,white,latinas HTTP/1.1" 200 20790 "https://camjab.com/age/30-39/ethnicity/latest-news.php,east-indian,native,other,black,white,asian,latinas" "Mozilla/5.0 AppleWebKit/537.36 (KHTML, like Gecko; compatible; GPTBot/1.3; +https://openai.com/gptbot)"
66.249.66.43 - - [04/Apr/2026:01:38:34 -0400] "GET /core/ajax.loadModels.php?controller=router&gender%5B0%5D=t&gender%5B1%5D=f&gender%5B2%5D=m&gender%5B3%5D=c&ethnicity%5B0%5D=latino&ethnicity%5B1%5D=islander&ethnicity%5B2%5D=white&ethnicity%5B3%5D=latinas&ethnicity%5B4%5D=east-indian&ethnicity%5B5%5D=black&ethnicity%5B6%5D=native HTTP/1.1" 200 182 "https://camjab.com/gender/t,f,m,c/ethnicity/latino,islander,white,latinas,east-indian,black,native" "Mozilla/5.0 (Linux; Android 6.0.1; Nexus 5X Build/MMB29P) AppleWebKit/537.36 (KHTML, like Gecko) Chrome/146.0.7680.177 Mobile Safari/537.36 (compatible; Googlebot/2.1; +http://www.google.com/bot.html)"
144.76.32.187 - - [04/Apr/2026:01:38:34 -0400] "GET /tags/voyeur/age/20-29,18-19 HTTP/1.1" 200 17824 "-" "Mozilla/5.0 (compatible; SERankingBacklinksBot/1.0; +https://seranking.com/backlinks-crawler)"
74.7.241.25 - - [04/Apr/2026:01:38:34 -0400] "GET /age/30-39/ethnicity/other,black,white,native,east-indian HTTP/1.1" 200 19647 "https://www.camjab.com/age/30-39/ethnicity/other,black,islander,white,native,east-indian" "Mozilla/5.0 AppleWebKit/537.36 (KHTML, like Gecko; compatible; GPTBot/1.3; +https://openai.com/gptbot)"
44.213.36.21 - - [04/Apr/2026:01:38:35 -0400] "GET /status/offline,online/gender/c,f,t/age/30-39,40-49,60-100/ethnicity/islander,native,white,asian,east-indian/sites/1 HTTP/1.1" 200 23824 "-" "Mozilla/5.0 AppleWebKit/537.36 (KHTML, like Gecko; compatible; Amazonbot/0.1; +https://developer.amazon.com/support/amazonbot) Chrome/119.0.6045.214 Safari/537.36"
17.241.227.15 - - [04/Apr/2026:01:38:35 -0400] "GET /tags/milk/age/30-39/ethnicity/asian HTTP/1.1" 200 18169 "-" "Mozilla/5.0 (Macintosh; Intel Mac OS X 10_15_7) AppleWebKit/605.1.15 (KHTML, like Gecko) Version/17.4 Safari/605.1.15 (Applebot/0.1; +http://www.apple.com/go/applebot)"
74.7.241.1 - - [04/Apr/2026:01:38:35 -0400] "GET /age/50-59/ethnicity/latest-news.php,islander,east-indian,latinas,other,white,black HTTP/1.1" 200 20870 "https://camjab.com/age/50-59/ethnicity/latest-news.php,islander,east-indian,latinas,other,native,white,black" "Mozilla/5.0 AppleWebKit/537.36 (KHTML, like Gecko; compatible; GPTBot/1.3; +https://openai.com/gptbot)"
74.7.241.25 - - [04/Apr/2026:01:38:35 -0400] "GET /age/50-59/ethnicity/east-indian,native,black,white,other HTTP/1.1" 200 19647 "https://www.camjab.com/age/50-59/ethnicity/islander,east-indian,native,black,white,other" "Mozilla/5.0 AppleWebKit/537.36 (KHTML, like Gecko; compatible; GPTBot/1.3; +https://openai.com/gptbot)"
3.231.193.38 - - [04/Apr/2026:01:38:36 -0400] "GET /status/offline,online/gender/t,f,m/age/60-100,50-59,18-19,30-39/ethnicity/latino,islander,native,east-indian,white HTTP/1.1" 200 23935 "-" "Mozilla/5.0 AppleWebKit/537.36 (KHTML, like Gecko; compatible; Amazonbot/0.1; +https://developer.amazon.com/support/amazonbot) Chrome/119.0.6045.214 Safari/537.36"
74.7.241.1 - - [04/Apr/2026:01:38:36 -0400] "GET /age/30-39/ethnicity/latest-news.php,islander,latinas,other,white,asian,black HTTP/1.1" 200 20630 "https://camjab.com/age/30-39/ethnicity/latest-news.php,islander,latinas,other,white,asian,black,east-indian" "Mozilla/5.0 AppleWebKit/537.36 (KHTML, like Gecko; compatible; GPTBot/1.3; +https://openai.com/gptbot)"
74.7.241.25 - - [04/Apr/2026:01:38:36 -0400] "GET /age/18-19,30-39/ethnicity/asian,native,east-indian,white,black,other,latinas HTTP/1.1" 200 21116 "https://www.camjab.com/age/18-19,30-39/ethnicity/asian,native,east-indian,white,black,other" "Mozilla/5.0 AppleWebKit/537.36 (KHTML, like Gecko; compatible; GPTBot/1.3; +https://openai.com/gptbot)"
74.7.241.1 - - [04/Apr/2026:01:38:37 -0400] "GET /age/20-29/ethnicity/latest-news.php,latinas,white,east-indian,black,other,native HTTP/1.1" 200 20790 "https://camjab.com/age/20-29/ethnicity/latest-news.php,latinas,white,east-indian,black,asian,other,native" "Mozilla/5.0 AppleWebKit/537.36 (KHTML, like Gecko; compatible; GPTBot/1.3; +https://openai.com/gptbot)"
17.241.227.202 - - [04/Apr/2026:01:38:37 -0400] "GET /age/60-100/ethnicity/east-indian,native,islander/languages/english HTTP/1.1" 200 19553 "-" "Mozilla/5.0 (Macintosh; Intel Mac OS X 10_15_7) AppleWebKit/605.1.15 (KHTML, like Gecko) Version/17.4 Safari/605.1.15 (Applebot/0.1; +http://www.apple.com/go/applebot)"
74.7.241.25 - - [04/Apr/2026:01:38:37 -0400] "GET /age/18-19/ethnicity/black,other,white,east-indian,native,latinas HTTP/1.1" 200 20175 "https://www.camjab.com/age/18-19/ethnicity/black,other,white,east-indian,native" "Mozilla/5.0 AppleWebKit/537.36 (KHTML, like Gecko; compatible; GPTBot/1.3; +https://openai.com/gptbot)"
3.222.190.107 - - [04/Apr/2026:01:38:37 -0400] "GET /status/offline,online/gender/f,t,c,m/age/60-100,40-49,18-19,50-59/ethnicity/native,east-indian,islander,latinas,black/languages/hindi HTTP/1.1" 200 24902 "-" "Mozilla/5.0 AppleWebKit/537.36 (KHTML, like Gecko; compatible; Amazonbot/0.1; +https://developer.amazon.com/support/amazonbot) Chrome/119.0.6045.214 Safari/537.36"
3.210.114.189 - - [04/Apr/2026:01:38:38 -0400] "GET /status/offline/gender/c,t,f,m/age/50-59,18-19,20-29/ethnicity/black,east-indian/languages/hindi HTTP/1.1" 200 22088 "-" "Mozilla/5.0 AppleWebKit/537.36 (KHTML, like Gecko; compatible; Amazonbot/0.1; +https://developer.amazon.com/support/amazonbot) Chrome/119.0.6045.214 Safari/537.36"
74.7.241.1 - - [04/Apr/2026:01:38:38 -0400] "GET /age/18-19/ethnicity/latest-news.php,native,islander,black,east-indian,asian,other HTTP/1.1" 200 20830 "https://camjab.com/age/18-19/ethnicity/latest-news.php,native,islander,black,east-indian,asian" "Mozilla/5.0 AppleWebKit/537.36 (KHTML, like Gecko; compatible; GPTBot/1.3; +https://openai.com/gptbot)"
17.241.219.76 - - [04/Apr/2026:01:38:38 -0400] "GET /gender/f/age/40-49/ethnicity/native,black,latinas/sites/3 HTTP/1.1" 200 19481 "-" "Mozilla/5.0 (Macintosh; Intel Mac OS X 10_15_7) AppleWebKit/605.1.15 (KHTML, like Gecko) Version/17.4 Safari/605.1.15 (Applebot/0.1; +http://www.apple.com/go/applebot)"
74.7.241.25 - - [04/Apr/2026:01:38:38 -0400] "GET /age/30-39/ethnicity/white,east-indian,black,other,native HTTP/1.1" 200 19647 "https://www.camjab.com/age/30-39/ethnicity/white,islander,east-indian,black,other,native" "Mozilla/5.0 AppleWebKit/537.36 (KHTML, like Gecko; compatible; GPTBot/1.3; +https://openai.com/gptbot)"
