216.73.216.135 - - [04/Apr/2026:01:36:55 -0400] "GET /gender/m,c,f/age/60-100,50-59/languages/Portuguese HTTP/1.1" 200 19085 "-" "Mozilla/5.0 AppleWebKit/537.36 (KHTML, like Gecko; compatible; ClaudeBot/1.0; +claudebot@anthropic.com)"
74.7.241.25 - - [04/Apr/2026:01:36:55 -0400] "GET /age/40-49/ethnicity/native,black,east-indian,white,other HTTP/1.1" 200 19647 "https://www.camjab.com/age/40-49/ethnicity/native,black,islander,east-indian,white,other" "Mozilla/5.0 AppleWebKit/537.36 (KHTML, like Gecko; compatible; GPTBot/1.3; +https://openai.com/gptbot)"
216.73.216.135 - - [04/Apr/2026:01:36:55 -0400] "GET /status/online/gender/m,c/ethnicity/black,native/languages/Italian?sortOrder=timeOnline HTTP/1.1" 200 19594 "-" "Mozilla/5.0 AppleWebKit/537.36 (KHTML, like Gecko; compatible; ClaudeBot/1.0; +claudebot@anthropic.com)"
216.73.216.135 - - [04/Apr/2026:01:36:55 -0400] "GET /status/offline/gender/m,f/age/18-19/ethnicity/native,other/languages/french HTTP/1.1" 200 20067 "-" "Mozilla/5.0 AppleWebKit/537.36 (KHTML, like Gecko; compatible; ClaudeBot/1.0; +claudebot@anthropic.com)"
216.73.216.135 - - [04/Apr/2026:01:36:55 -0400] "GET /status/offline/gender/m,c/ethnicity/other,native/languages/Estonian?sortOrder=oldest HTTP/1.1" 200 19654 "-" "Mozilla/5.0 AppleWebKit/537.36 (KHTML, like Gecko; compatible; ClaudeBot/1.0; +claudebot@anthropic.com)"
216.73.216.135 - - [04/Apr/2026:01:36:55 -0400] "GET /gender/f,t/ethnicity/islander,white/sites/11?sortOrder=youngest HTTP/1.1" 200 18766 "-" "Mozilla/5.0 AppleWebKit/537.36 (KHTML, like Gecko; compatible; ClaudeBot/1.0; +claudebot@anthropic.com)"
216.73.216.135 - - [04/Apr/2026:01:36:55 -0400] "GET /gender/m,f,c/age/50-59/languages/Armenian?sortOrder=timeOnline HTTP/1.1" 200 18663 "-" "Mozilla/5.0 AppleWebKit/537.36 (KHTML, like Gecko; compatible; ClaudeBot/1.0; +claudebot@anthropic.com)"
216.73.216.135 - - [04/Apr/2026:01:36:55 -0400] "GET /gender/c,t,m/age/30-39/ethnicity/black/languages/finnish HTTP/1.1" 200 19177 "-" "Mozilla/5.0 AppleWebKit/537.36 (KHTML, like Gecko; compatible; ClaudeBot/1.0; +claudebot@anthropic.com)"
216.73.216.135 - - [04/Apr/2026:01:36:56 -0400] "GET /status/offline/gender/m,t,f/age/18-19/languages/irish?sortOrder=youngest HTTP/1.1" 200 19247 "-" "Mozilla/5.0 AppleWebKit/537.36 (KHTML, like Gecko; compatible; ClaudeBot/1.0; +claudebot@anthropic.com)"
216.73.216.135 - - [04/Apr/2026:01:36:56 -0400] "GET /status/offline/gender/c,f/ethnicity/latinas,white/languages/icelandic HTTP/1.1" 200 19643 "-" "Mozilla/5.0 AppleWebKit/537.36 (KHTML, like Gecko; compatible; ClaudeBot/1.0; +claudebot@anthropic.com)"
52.2.58.41 - - [04/Apr/2026:01:36:56 -0400] "GET /status/offline,online/gender/c/age/30-39,18-19/ethnicity/white,islander,native,asian,east-indian,latinas/languages/hindi HTTP/1.1" 200 23377 "-" "Mozilla/5.0 AppleWebKit/537.36 (KHTML, like Gecko; compatible; Amazonbot/0.1; +https://developer.amazon.com/support/amazonbot) Chrome/119.0.6045.214 Safari/537.36"
216.73.216.135 - - [04/Apr/2026:01:36:56 -0400] "GET /status/offline/gender/m,f/age/60-100,30-39/sites/1?sortOrder=timeOnline HTTP/1.1" 200 19201 "-" "Mozilla/5.0 AppleWebKit/537.36 (KHTML, like Gecko; compatible; ClaudeBot/1.0; +claudebot@anthropic.com)"
216.73.216.135 - - [04/Apr/2026:01:36:56 -0400] "GET /gender/t,m,f/ethnicity/white,islander/languages/Portuguese HTTP/1.1" 200 19290 "-" "Mozilla/5.0 AppleWebKit/537.36 (KHTML, like Gecko; compatible; ClaudeBot/1.0; +claudebot@anthropic.com)"
74.7.241.1 - - [04/Apr/2026:01:36:56 -0400] "GET /age/30-39/ethnicity/latest-news.php,other,east-indian,islander,asian,white,black HTTP/1.1" 200 20790 "https://camjab.com/age/30-39/ethnicity/latest-news.php,other,east-indian,islander,asian,white,black,latinas" "Mozilla/5.0 AppleWebKit/537.36 (KHTML, like Gecko; compatible; GPTBot/1.3; +https://openai.com/gptbot)"
216.73.216.135 - - [04/Apr/2026:01:36:56 -0400] "GET /status/online/gender/t,f/age/20-29/ethnicity/islander/sites/3 HTTP/1.1" 200 19377 "-" "Mozilla/5.0 AppleWebKit/537.36 (KHTML, like Gecko; compatible; ClaudeBot/1.0; +claudebot@anthropic.com)"
74.7.241.25 - - [04/Apr/2026:01:36:56 -0400] "GET /age/20-29/ethnicity/black,east-indian,white,native,other HTTP/1.1" 200 19647 "https://www.camjab.com/age/20-29/ethnicity/latinas,black,east-indian,white,native,other" "Mozilla/5.0 AppleWebKit/537.36 (KHTML, like Gecko; compatible; GPTBot/1.3; +https://openai.com/gptbot)"
216.73.216.135 - - [04/Apr/2026:01:36:56 -0400] "GET /gender/m,f/age/20-29/ethnicity/other/sites/11?sortOrder=oldest HTTP/1.1" 200 18746 "-" "Mozilla/5.0 AppleWebKit/537.36 (KHTML, like Gecko; compatible; ClaudeBot/1.0; +claudebot@anthropic.com)"
216.73.216.135 - - [04/Apr/2026:01:36:56 -0400] "GET /status/online/gender/m,c/age/18-19,40-49/sites/11?sortOrder=leastViewed HTTP/1.1" 200 19189 "-" "Mozilla/5.0 AppleWebKit/537.36 (KHTML, like Gecko; compatible; ClaudeBot/1.0; +claudebot@anthropic.com)"
216.73.216.135 - - [04/Apr/2026:01:36:56 -0400] "GET /status/offline,online/gender/c/ethnicity/islander,black/languages/Hungarian HTTP/1.1" 200 19840 "-" "Mozilla/5.0 AppleWebKit/537.36 (KHTML, like Gecko; compatible; ClaudeBot/1.0; +claudebot@anthropic.com)"
216.73.216.135 - - [04/Apr/2026:01:36:56 -0400] "GET /gender/t,m,f,c/age/60-100/languages/Spanish?sortOrder=oldest HTTP/1.1" 200 18938 "-" "Mozilla/5.0 AppleWebKit/537.36 (KHTML, like Gecko; compatible; ClaudeBot/1.0; +claudebot@anthropic.com)"
216.73.216.135 - - [04/Apr/2026:01:36:56 -0400] "GET /status/online,offline/age/40-49/ethnicity/native,black/languages/Faeroese?sortOrder=recent HTTP/1.1" 200 19877 "-" "Mozilla/5.0 AppleWebKit/537.36 (KHTML, like Gecko; compatible; ClaudeBot/1.0; +claudebot@anthropic.com)"
216.73.216.135 - - [04/Apr/2026:01:36:56 -0400] "GET /status/online/gender/t,m/age/30-39,60-100/languages/Turkish HTTP/1.1" 200 19348 "-" "Mozilla/5.0 AppleWebKit/537.36 (KHTML, like Gecko; compatible; ClaudeBot/1.0; +claudebot@anthropic.com)"
216.73.216.135 - - [04/Apr/2026:01:36:57 -0400] "GET /status/offline/gender/t,m/ethnicity/black,latinas/languages/Arabic HTTP/1.1" 200 19523 "-" "Mozilla/5.0 AppleWebKit/537.36 (KHTML, like Gecko; compatible; ClaudeBot/1.0; +claudebot@anthropic.com)"
216.73.216.135 - - [04/Apr/2026:01:36:57 -0400] "GET /status/offline/gender/m,c/ethnicity/latinas,native,black/languages/Turkish HTTP/1.1" 200 20052 "-" "Mozilla/5.0 AppleWebKit/537.36 (KHTML, like Gecko; compatible; ClaudeBot/1.0; +claudebot@anthropic.com)"
216.73.216.135 - - [04/Apr/2026:01:36:57 -0400] "GET /gender/m,f/age/40-49/ethnicity/asian/languages/swedish?sortOrder=oldest HTTP/1.1" 200 18972 "-" "Mozilla/5.0 AppleWebKit/537.36 (KHTML, like Gecko; compatible; ClaudeBot/1.0; +claudebot@anthropic.com)"
216.73.216.135 - - [04/Apr/2026:01:36:57 -0400] "GET /status/online/gender/t,f/age/60-100,30-39/languages/finnish?sortOrder=leastViewed HTTP/1.1" 200 19466 "-" "Mozilla/5.0 AppleWebKit/537.36 (KHTML, like Gecko; compatible; ClaudeBot/1.0; +claudebot@anthropic.com)"
74.7.241.1 - - [04/Apr/2026:01:36:57 -0400] "GET /age/18-19/ethnicity/latest-news.php,east-indian,other,black,native,latinas,white HTTP/1.1" 200 20790 "https://camjab.com/age/60-100,18-19/ethnicity/latest-news.php,east-indian,other,black,native,latinas,white" "Mozilla/5.0 AppleWebKit/537.36 (KHTML, like Gecko; compatible; GPTBot/1.3; +https://openai.com/gptbot)"
216.73.216.135 - - [04/Apr/2026:01:36:57 -0400] "GET /gender/t,m,c/age/40-49,60-100/languages/scots?sortOrder=leastViewed HTTP/1.1" 200 19013 "-" "Mozilla/5.0 AppleWebKit/537.36 (KHTML, like Gecko; compatible; ClaudeBot/1.0; +claudebot@anthropic.com)"
216.73.216.135 - - [04/Apr/2026:01:36:57 -0400] "GET /gender/f,t/age/30-39,18-19/languages/Russian?sortOrder=youngest HTTP/1.1" 200 18754 "-" "Mozilla/5.0 AppleWebKit/537.36 (KHTML, like Gecko; compatible; ClaudeBot/1.0; +claudebot@anthropic.com)"
74.7.241.25 - - [04/Apr/2026:01:36:57 -0400] "GET /age/20-29/ethnicity/native,white,other,east-indian,black HTTP/1.1" 200 19647 "https://www.camjab.com/age/20-29/ethnicity/native,white,other,latinas,east-indian,black" "Mozilla/5.0 AppleWebKit/537.36 (KHTML, like Gecko; compatible; GPTBot/1.3; +https://openai.com/gptbot)"
216.73.216.135 - - [04/Apr/2026:01:36:57 -0400] "GET /status/offline/gender/m,f,c/age/40-49,30-39/languages/Bulgarian HTTP/1.1" 200 19735 "-" "Mozilla/5.0 AppleWebKit/537.36 (KHTML, like Gecko; compatible; ClaudeBot/1.0; +claudebot@anthropic.com)"
216.73.216.135 - - [04/Apr/2026:01:36:57 -0400] "GET /gender/f,c/age/60-100,40-49/ethnicity/black/languages/Danish HTTP/1.1" 200 19324 "-" "Mozilla/5.0 AppleWebKit/537.36 (KHTML, like Gecko; compatible; ClaudeBot/1.0; +claudebot@anthropic.com)"
216.73.216.135 - - [04/Apr/2026:01:36:57 -0400] "GET /status/online/gender/f,t/ethnicity/islander/languages/vietnamese?sortOrder=timeOnline HTTP/1.1" 200 19316 "-" "Mozilla/5.0 AppleWebKit/537.36 (KHTML, like Gecko; compatible; ClaudeBot/1.0; +claudebot@anthropic.com)"
3.221.156.96 - - [04/Apr/2026:01:36:57 -0400] "GET /status/online,offline/gender/m,f,c,t/age/30-39,60-100/ethnicity/islander,native,white,asian/languages/hindi HTTP/1.1" 200 22905 "-" "Mozilla/5.0 AppleWebKit/537.36 (KHTML, like Gecko; compatible; Amazonbot/0.1; +https://developer.amazon.com/support/amazonbot) Chrome/119.0.6045.214 Safari/537.36"
216.73.216.135 - - [04/Apr/2026:01:36:57 -0400] "GET /gender/t,c,f/age/18-19/ethnicity/white,native/languages/Italian HTTP/1.1" 200 19685 "-" "Mozilla/5.0 AppleWebKit/537.36 (KHTML, like Gecko; compatible; ClaudeBot/1.0; +claudebot@anthropic.com)"
216.73.216.135 - - [04/Apr/2026:01:36:57 -0400] "GET /status/offline,online/age/40-49/ethnicity/latinas,other/sites/11?sortOrder=mostViewed HTTP/1.1" 200 19656 "-" "Mozilla/5.0 AppleWebKit/537.36 (KHTML, like Gecko; compatible; ClaudeBot/1.0; +claudebot@anthropic.com)"
144.76.32.187 - - [04/Apr/2026:01:36:58 -0400] "GET /tags/bdsm/gender/c,m HTTP/1.1" 200 17581 "-" "Mozilla/5.0 (compatible; SERankingBacklinksBot/1.0; +https://seranking.com/backlinks-crawler)"
216.73.216.135 - - [04/Apr/2026:01:36:58 -0400] "GET /gender/f,m/ethnicity/black,white,other/languages/Spanish?sortOrder=recent HTTP/1.1" 200 19301 "-" "Mozilla/5.0 AppleWebKit/537.36 (KHTML, like Gecko; compatible; ClaudeBot/1.0; +claudebot@anthropic.com)"
216.73.216.135 - - [04/Apr/2026:01:36:58 -0400] "GET /status/offline,online/age/40-49,18-19/languages/georgian?sortOrder=timeOnline HTTP/1.1" 200 19159 "-" "Mozilla/5.0 AppleWebKit/537.36 (KHTML, like Gecko; compatible; ClaudeBot/1.0; +claudebot@anthropic.com)"
98.84.184.80 - - [04/Apr/2026:01:36:58 -0400] "GET /status/offline,online/gender/f,c/age/60-100,20-29,18-19/ethnicity/islander,asian,native,white/languages/ukrainian HTTP/1.1" 200 23094 "-" "Mozilla/5.0 AppleWebKit/537.36 (KHTML, like Gecko; compatible; Amazonbot/0.1; +https://developer.amazon.com/support/amazonbot) Chrome/119.0.6045.214 Safari/537.36"
216.73.216.135 - - [04/Apr/2026:01:36:58 -0400] "GET /gender/f,t/age/40-49/ethnicity/east-indian/languages/Finnish HTTP/1.1" 200 19100 "-" "Mozilla/5.0 AppleWebKit/537.36 (KHTML, like Gecko; compatible; ClaudeBot/1.0; +claudebot@anthropic.com)"
216.73.216.135 - - [04/Apr/2026:01:36:58 -0400] "GET /gender/f,m/ethnicity/native,black,islander,white/languages/german HTTP/1.1" 200 19764 "-" "Mozilla/5.0 AppleWebKit/537.36 (KHTML, like Gecko; compatible; ClaudeBot/1.0; +claudebot@anthropic.com)"
74.7.241.1 - - [04/Apr/2026:01:36:58 -0400] "GET /age/20-29/ethnicity/latest-news.php,other,black,islander,east-indian,white,native HTTP/1.1" 200 20830 "https://camjab.com/age/20-29/ethnicity/latest-news.php,other,black,islander,east-indian,white" "Mozilla/5.0 AppleWebKit/537.36 (KHTML, like Gecko; compatible; GPTBot/1.3; +https://openai.com/gptbot)"
216.73.216.135 - - [04/Apr/2026:01:36:58 -0400] "GET /gender/f,m/age/40-49/ethnicity/other,asian/languages/malay HTTP/1.1" 200 19261 "-" "Mozilla/5.0 AppleWebKit/537.36 (KHTML, like Gecko; compatible; ClaudeBot/1.0; +claudebot@anthropic.com)"
74.7.241.25 - - [04/Apr/2026:01:36:58 -0400] "GET /age/40-49/ethnicity/native,east-indian,white,black,other HTTP/1.1" 200 19647 "https://www.camjab.com/age/40-49/ethnicity/native,east-indian,latinas,white,black,other" "Mozilla/5.0 AppleWebKit/537.36 (KHTML, like Gecko; compatible; GPTBot/1.3; +https://openai.com/gptbot)"
216.73.216.135 - - [04/Apr/2026:01:36:58 -0400] "GET /gender/m,f/age/40-49,18-19/languages/Kashmiri?sortOrder=oldest HTTP/1.1" 200 18777 "-" "Mozilla/5.0 AppleWebKit/537.36 (KHTML, like Gecko; compatible; ClaudeBot/1.0; +claudebot@anthropic.com)"
216.73.216.135 - - [04/Apr/2026:01:36:58 -0400] "GET /gender/t,f,m,c/age/60-100/languages/Spanish?sortOrder=oldest HTTP/1.1" 200 18938 "-" "Mozilla/5.0 AppleWebKit/537.36 (KHTML, like Gecko; compatible; ClaudeBot/1.0; +claudebot@anthropic.com)"
216.73.216.135 - - [04/Apr/2026:01:36:58 -0400] "GET /gender/t,m/age/60-100,30-39/ethnicity/white/languages/Turkish HTTP/1.1" 200 19344 "-" "Mozilla/5.0 AppleWebKit/537.36 (KHTML, like Gecko; compatible; ClaudeBot/1.0; +claudebot@anthropic.com)"
216.73.216.135 - - [04/Apr/2026:01:36:58 -0400] "GET /status/offline/gender/t,f/age/30-39/ethnicity/white,black/languages/Scots HTTP/1.1" 200 19998 "-" "Mozilla/5.0 AppleWebKit/537.36 (KHTML, like Gecko; compatible; ClaudeBot/1.0; +claudebot@anthropic.com)"
216.73.216.135 - - [04/Apr/2026:01:36:58 -0400] "GET /gender/m,c,f/age/40-49/ethnicity/black/languages/georgian HTTP/1.1" 200 19217 "-" "Mozilla/5.0 AppleWebKit/537.36 (KHTML, like Gecko; compatible; ClaudeBot/1.0; +claudebot@anthropic.com)"
216.73.216.135 - - [04/Apr/2026:01:36:58 -0400] "GET /gender/t,c/age/20-29/ethnicity/latinas/languages/Fiji?sortOrder=leastViewed HTTP/1.1" 200 18962 "-" "Mozilla/5.0 AppleWebKit/537.36 (KHTML, like Gecko; compatible; ClaudeBot/1.0; +claudebot@anthropic.com)"
216.73.216.135 - - [04/Apr/2026:01:36:59 -0400] "GET /status/offline/gender/t,f/age/20-29/ethnicity/other/languages/Armenian HTTP/1.1" 200 19632 "-" "Mozilla/5.0 AppleWebKit/537.36 (KHTML, like Gecko; compatible; ClaudeBot/1.0; +claudebot@anthropic.com)"
216.73.216.135 - - [04/Apr/2026:01:36:59 -0400] "GET /gender/c,t/age/40-49/ethnicity/islander,asian/languages/scots HTTP/1.1" 200 19377 "-" "Mozilla/5.0 AppleWebKit/537.36 (KHTML, like Gecko; compatible; ClaudeBot/1.0; +claudebot@anthropic.com)"
216.73.216.135 - - [04/Apr/2026:01:36:59 -0400] "GET /status/online/gender/c,f/age/40-49,20-29/languages/chinese?sortOrder=mostViewed HTTP/1.1" 200 19431 "-" "Mozilla/5.0 AppleWebKit/537.36 (KHTML, like Gecko; compatible; ClaudeBot/1.0; +claudebot@anthropic.com)"
216.73.216.135 - - [04/Apr/2026:01:36:59 -0400] "GET /status/online/gender/f,m,t/ethnicity/native/languages/vietnamese?sortOrder=name HTTP/1.1" 200 19527 "-" "Mozilla/5.0 AppleWebKit/537.36 (KHTML, like Gecko; compatible; ClaudeBot/1.0; +claudebot@anthropic.com)"
74.7.241.1 - - [04/Apr/2026:01:36:59 -0400] "GET /age/50-59/ethnicity/latest-news.php,other,native,latinas,east-indian,black HTTP/1.1" 200 20320 "https://camjab.com/age/50-59/ethnicity/latest-news.php,other,native,latinas,east-indian" "Mozilla/5.0 AppleWebKit/537.36 (KHTML, like Gecko; compatible; GPTBot/1.3; +https://openai.com/gptbot)"
50.16.248.61 - - [04/Apr/2026:01:36:59 -0400] "GET /status/offline,online/gender/f,c,m,t/age/18-19,50-59/ethnicity/white,asian,native,black,other,islander/languages/italian HTTP/1.1" 200 24269 "-" "Mozilla/5.0 AppleWebKit/537.36 (KHTML, like Gecko; compatible; Amazonbot/0.1; +https://developer.amazon.com/support/amazonbot) Chrome/119.0.6045.214 Safari/537.36"
216.73.216.135 - - [04/Apr/2026:01:36:59 -0400] "GET /gender/t,m/age/30-39,18-19/languages/hungarian?sortOrder=recent HTTP/1.1" 200 18806 "-" "Mozilla/5.0 AppleWebKit/537.36 (KHTML, like Gecko; compatible; ClaudeBot/1.0; +claudebot@anthropic.com)"
216.73.216.135 - - [04/Apr/2026:01:36:59 -0400] "GET /gender/c,t/age/40-49/ethnicity/islander/languages/Catalan?sortOrder=youngest HTTP/1.1" 200 19091 "-" "Mozilla/5.0 AppleWebKit/537.36 (KHTML, like Gecko; compatible; ClaudeBot/1.0; +claudebot@anthropic.com)"
74.7.241.25 - - [04/Apr/2026:01:36:59 -0400] "GET /age/20-29,40-49/ethnicity/white,black,native,east-indian,other,latinas HTTP/1.1" 200 20640 "https://www.camjab.com/age/20-29,40-49/ethnicity/white,black,native,east-indian,other,latinas,islander" "Mozilla/5.0 AppleWebKit/537.36 (KHTML, like Gecko; compatible; GPTBot/1.3; +https://openai.com/gptbot)"
216.73.216.135 - - [04/Apr/2026:01:36:59 -0400] "GET /gender/c,f/ethnicity/islander,black,other/languages/vietnamese HTTP/1.1" 200 19434 "-" "Mozilla/5.0 AppleWebKit/537.36 (KHTML, like Gecko; compatible; ClaudeBot/1.0; +claudebot@anthropic.com)"
216.73.216.135 - - [04/Apr/2026:01:36:59 -0400] "GET /gender/f,c/age/50-59/ethnicity/other/languages/Portuguese?sortOrder=recent HTTP/1.1" 200 19084 "-" "Mozilla/5.0 AppleWebKit/537.36 (KHTML, like Gecko; compatible; ClaudeBot/1.0; +claudebot@anthropic.com)"
216.73.216.135 - - [04/Apr/2026:01:36:59 -0400] "GET /gender/m,c,t/ethnicity/latinas/languages/Cambodian?sortOrder=leastViewed HTTP/1.1" 200 18878 "-" "Mozilla/5.0 AppleWebKit/537.36 (KHTML, like Gecko; compatible; ClaudeBot/1.0; +claudebot@anthropic.com)"
216.73.216.135 - - [04/Apr/2026:01:36:59 -0400] "GET /status/offline/gender/t,f/age/18-19/ethnicity/other,native/languages/danish HTTP/1.1" 200 20072 "-" "Mozilla/5.0 AppleWebKit/537.36 (KHTML, like Gecko; compatible; ClaudeBot/1.0; +claudebot@anthropic.com)"
216.73.216.135 - - [04/Apr/2026:01:37:00 -0400] "GET /gender/m,c/age/30-39/ethnicity/native,latinas/languages/Fiji HTTP/1.1" 200 19337 "-" "Mozilla/5.0 AppleWebKit/537.36 (KHTML, like Gecko; compatible; ClaudeBot/1.0; +claudebot@anthropic.com)"
216.73.216.135 - - [04/Apr/2026:01:37:00 -0400] "GET /status/offline,online/age/60-100,40-49,18-19/languages/irish?sortOrder=leastViewed HTTP/1.1" 200 19521 "-" "Mozilla/5.0 AppleWebKit/537.36 (KHTML, like Gecko; compatible; ClaudeBot/1.0; +claudebot@anthropic.com)"
216.73.216.135 - - [04/Apr/2026:01:37:00 -0400] "GET /status/offline/gender/t,c/age/40-49/ethnicity/white,native/languages/Azerbaijani HTTP/1.1" 200 20252 "-" "Mozilla/5.0 AppleWebKit/537.36 (KHTML, like Gecko; compatible; ClaudeBot/1.0; +claudebot@anthropic.com)"
216.73.216.135 - - [04/Apr/2026:01:37:00 -0400] "GET /gender/t,f/age/50-59,20-29/ethnicity/native/languages/hebrew HTTP/1.1" 200 19319 "-" "Mozilla/5.0 AppleWebKit/537.36 (KHTML, like Gecko; compatible; ClaudeBot/1.0; +claudebot@anthropic.com)"
52.3.127.170 - - [04/Apr/2026:01:37:00 -0400] "GET /status/offline,online/gender/c,t,m,f/age/50-59,40-49,60-100/ethnicity/east-indian,asian,native,black HTTP/1.1" 200 23104 "-" "Mozilla/5.0 AppleWebKit/537.36 (KHTML, like Gecko; compatible; Amazonbot/0.1; +https://developer.amazon.com/support/amazonbot) Chrome/119.0.6045.214 Safari/537.36"
216.73.216.135 - - [04/Apr/2026:01:37:00 -0400] "GET /status/online/gender/c,m/ethnicity/native,asian/languages/polish?sortOrder=leastViewed HTTP/1.1" 200 19562 "-" "Mozilla/5.0 AppleWebKit/537.36 (KHTML, like Gecko; compatible; ClaudeBot/1.0; +claudebot@anthropic.com)"
74.7.241.1 - - [04/Apr/2026:01:37:00 -0400] "GET /age/50-59/ethnicity/latest-news.php,asian,black,latinas,other,islander,white?sortOrder=mostViewed HTTP/1.1" 200 20735 "https://camjab.com/age/50-59/ethnicity/latest-news.php,asian,black,latinas,other,islander,white" "Mozilla/5.0 AppleWebKit/537.36 (KHTML, like Gecko; compatible; GPTBot/1.3; +https://openai.com/gptbot)"
216.73.216.135 - - [04/Apr/2026:01:37:00 -0400] "GET /status/offline/gender/m,c/age/40-49,30-39/languages/Arabic?sortOrder=youngest HTTP/1.1" 200 19417 "-" "Mozilla/5.0 AppleWebKit/537.36 (KHTML, like Gecko; compatible; ClaudeBot/1.0; +claudebot@anthropic.com)"
216.73.216.135 - - [04/Apr/2026:01:37:00 -0400] "GET /status/offline/gender/m,t/ethnicity/white,native,other/languages/irish HTTP/1.1" 200 19899 "-" "Mozilla/5.0 AppleWebKit/537.36 (KHTML, like Gecko; compatible; ClaudeBot/1.0; +claudebot@anthropic.com)"
17.22.245.127 - - [04/Apr/2026:01:37:00 -0400] "GET /core/ajax.loadModels.php?controller=router&status%5B0%5D=online&gender%5B0%5D=t&age%5B0%5D=60-100&ethnicity%5B0%5D=asian&ethnicity%5B1%5D=other&languages%5B0%5D=dutch HTTP/1.1" 200 182 "https://camjab.com/status/online/gender/t/age/60-100/ethnicity/asian,other/languages/dutch" "Mozilla/5.0 (Macintosh; Intel Mac OS X 10_15_7) AppleWebKit/605.1.15 (KHTML, like Gecko) Version/17.4 Safari/605.1.15 (Applebot/0.1; +http://www.apple.com/go/applebot)"
74.7.241.25 - - [04/Apr/2026:01:37:00 -0400] "GET /age/40-49/ethnicity/white,black,other,east-indian,native HTTP/1.1" 200 19647 "https://www.camjab.com/age/40-49/ethnicity/islander,white,black,other,east-indian,native" "Mozilla/5.0 AppleWebKit/537.36 (KHTML, like Gecko; compatible; GPTBot/1.3; +https://openai.com/gptbot)"
216.73.216.135 - - [04/Apr/2026:01:37:00 -0400] "GET /status/offline/gender/f,m/age/20-29,60-100/languages/hindi?sortOrder=name HTTP/1.1" 200 19407 "-" "Mozilla/5.0 AppleWebKit/537.36 (KHTML, like Gecko; compatible; ClaudeBot/1.0; +claudebot@anthropic.com)"
216.73.216.135 - - [04/Apr/2026:01:37:00 -0400] "GET /status/offline,online/gender/m/age/30-39/ethnicity/asian/languages/Japanese HTTP/1.1" 200 19787 "-" "Mozilla/5.0 AppleWebKit/537.36 (KHTML, like Gecko; compatible; ClaudeBot/1.0; +claudebot@anthropic.com)"
216.73.216.135 - - [04/Apr/2026:01:37:00 -0400] "GET /status/offline/gender/m,c,f/age/50-59,40-49/languages/hindi HTTP/1.1" 200 19591 "-" "Mozilla/5.0 AppleWebKit/537.36 (KHTML, like Gecko; compatible; ClaudeBot/1.0; +claudebot@anthropic.com)"
216.73.216.135 - - [04/Apr/2026:01:37:00 -0400] "GET /status/offline/gender/f,m/ethnicity/native,white,latinas/languages/Slovak HTTP/1.1" 200 20016 "-" "Mozilla/5.0 AppleWebKit/537.36 (KHTML, like Gecko; compatible; ClaudeBot/1.0; +claudebot@anthropic.com)"
216.73.216.135 - - [04/Apr/2026:01:37:00 -0400] "GET /gender/t,m,c/ethnicity/black/languages/Arabic?sortOrder=youngest HTTP/1.1" 200 18695 "-" "Mozilla/5.0 AppleWebKit/537.36 (KHTML, like Gecko; compatible; ClaudeBot/1.0; +claudebot@anthropic.com)"
216.73.216.135 - - [04/Apr/2026:01:37:01 -0400] "GET /gender/c,f/age/20-29/ethnicity/native,islander/languages/Italian?sortOrder=youngest HTTP/1.1" 200 19588 "-" "Mozilla/5.0 AppleWebKit/537.36 (KHTML, like Gecko; compatible; ClaudeBot/1.0; +claudebot@anthropic.com)"
216.73.216.135 - - [04/Apr/2026:01:37:01 -0400] "GET /status/online/gender/c,m,f/age/60-100/ethnicity/native/languages/Spanish HTTP/1.1" 200 19950 "-" "Mozilla/5.0 AppleWebKit/537.36 (KHTML, like Gecko; compatible; ClaudeBot/1.0; +claudebot@anthropic.com)"
216.73.216.135 - - [04/Apr/2026:01:37:01 -0400] "GET /status/online,offline/age/40-49/ethnicity/native,other/languages/English?sortOrder=timeOnline HTTP/1.1" 200 19854 "-" "Mozilla/5.0 AppleWebKit/537.36 (KHTML, like Gecko; compatible; ClaudeBot/1.0; +claudebot@anthropic.com)"
74.7.241.1 - - [04/Apr/2026:01:37:01 -0400] "GET /age/18-19/ethnicity/latest-news.php,other,east-indian,black,islander,white,native HTTP/1.1" 200 20830 "https://camjab.com/age/18-19/ethnicity/latest-news.php,other,east-indian,black,islander,white,asian,native" "Mozilla/5.0 AppleWebKit/537.36 (KHTML, like Gecko; compatible; GPTBot/1.3; +https://openai.com/gptbot)"
216.73.216.135 - - [04/Apr/2026:01:37:01 -0400] "GET /status/online,offline/age/40-49,18-19/languages/Lithuanian?sortOrder=oldest HTTP/1.1" 200 19215 "-" "Mozilla/5.0 AppleWebKit/537.36 (KHTML, like Gecko; compatible; ClaudeBot/1.0; +claudebot@anthropic.com)"
216.73.216.135 - - [04/Apr/2026:01:37:01 -0400] "GET /status/offline,online/gender/c,m/ethnicity/latinas/languages/german?sortOrder=leastViewed HTTP/1.1" 200 19661 "-" "Mozilla/5.0 AppleWebKit/537.36 (KHTML, like Gecko; compatible; ClaudeBot/1.0; +claudebot@anthropic.com)"
216.73.216.135 - - [04/Apr/2026:01:37:01 -0400] "GET /gender/m,c,t/age/18-19,20-29/languages/finnish HTTP/1.1" 200 18938 "-" "Mozilla/5.0 AppleWebKit/537.36 (KHTML, like Gecko; compatible; ClaudeBot/1.0; +claudebot@anthropic.com)"
74.7.241.25 - - [04/Apr/2026:01:37:01 -0400] "GET /age/30-39/ethnicity/black,native,white,other,east-indian HTTP/1.1" 200 19647 "https://www.camjab.com/age/30-39/ethnicity/black,native,white,other,latinas,east-indian" "Mozilla/5.0 AppleWebKit/537.36 (KHTML, like Gecko; compatible; GPTBot/1.3; +https://openai.com/gptbot)"
216.73.216.135 - - [04/Apr/2026:01:37:01 -0400] "GET /gender/f,m,t/age/30-39,40-49/languages/hebrew?sortOrder=name HTTP/1.1" 200 18990 "-" "Mozilla/5.0 AppleWebKit/537.36 (KHTML, like Gecko; compatible; ClaudeBot/1.0; +claudebot@anthropic.com)"
216.73.216.135 - - [04/Apr/2026:01:37:01 -0400] "GET /status/offline,online/age/50-59/ethnicity/islander,native/languages/irish?sortOrder=oldest HTTP/1.1" 200 19883 "-" "Mozilla/5.0 AppleWebKit/537.36 (KHTML, like Gecko; compatible; ClaudeBot/1.0; +claudebot@anthropic.com)"
216.73.216.135 - - [04/Apr/2026:01:37:01 -0400] "GET /status/offline,online/gender/c,m,f/age/30-39/languages/norwegian HTTP/1.1" 200 19780 "-" "Mozilla/5.0 AppleWebKit/537.36 (KHTML, like Gecko; compatible; ClaudeBot/1.0; +claudebot@anthropic.com)"
3.222.85.38 - - [04/Apr/2026:01:37:01 -0400] "GET /status/online,offline/gender/m,c,t,f/age/20-29/ethnicity/islander,east-indian,native,black,white/sites/1 HTTP/1.1" 200 22844 "-" "Mozilla/5.0 AppleWebKit/537.36 (KHTML, like Gecko; compatible; Amazonbot/0.1; +https://developer.amazon.com/support/amazonbot) Chrome/119.0.6045.214 Safari/537.36"
216.73.216.135 - - [04/Apr/2026:01:37:01 -0400] "GET /status/offline/gender/t,f/ethnicity/white,native,black/languages/maltese HTTP/1.1" 200 19981 "-" "Mozilla/5.0 AppleWebKit/537.36 (KHTML, like Gecko; compatible; ClaudeBot/1.0; +claudebot@anthropic.com)"
216.73.216.135 - - [04/Apr/2026:01:37:01 -0400] "GET /status/offline/gender/c,f,m/age/60-100,50-59/languages/Fiji HTTP/1.1" 200 19593 "-" "Mozilla/5.0 AppleWebKit/537.36 (KHTML, like Gecko; compatible; ClaudeBot/1.0; +claudebot@anthropic.com)"
34.193.2.57 - - [04/Apr/2026:01:37:01 -0400] "GET /status/online,offline/gender/c,t,f,m/age/40-49,50-59,30-39/ethnicity/east-indian,asian,native,islander,black/languages/korean HTTP/1.1" 200 24494 "-" "Mozilla/5.0 AppleWebKit/537.36 (KHTML, like Gecko; compatible; Amazonbot/0.1; +https://developer.amazon.com/support/amazonbot) Chrome/119.0.6045.214 Safari/537.36"
216.73.216.135 - - [04/Apr/2026:01:37:02 -0400] "GET /status/online/gender/t,c/age/60-100,40-49/languages/Dutch?sortOrder=oldest HTTP/1.1" 200 19381 "-" "Mozilla/5.0 AppleWebKit/537.36 (KHTML, like Gecko; compatible; ClaudeBot/1.0; +claudebot@anthropic.com)"
216.73.216.135 - - [04/Apr/2026:01:37:02 -0400] "GET /status/online/gender/m,c/age/50-59/ethnicity/islander/languages/German HTTP/1.1" 200 19631 "-" "Mozilla/5.0 AppleWebKit/537.36 (KHTML, like Gecko; compatible; ClaudeBot/1.0; +claudebot@anthropic.com)"
216.73.216.135 - - [04/Apr/2026:01:37:02 -0400] "GET /status/offline/gender/f,t,c/ethnicity/native,other/languages/Faeroese HTTP/1.1" 200 19884 "-" "Mozilla/5.0 AppleWebKit/537.36 (KHTML, like Gecko; compatible; ClaudeBot/1.0; +claudebot@anthropic.com)"
74.7.241.1 - - [04/Apr/2026:01:37:02 -0400] "GET /age/30-39/ethnicity/latest-news.php,black,native,white,east-indian,other,latinas HTTP/1.1" 200 20790 "https://camjab.com/age/30-39/ethnicity/latest-news.php,black,asian,native,white,east-indian,other,latinas" "Mozilla/5.0 AppleWebKit/537.36 (KHTML, like Gecko; compatible; GPTBot/1.3; +https://openai.com/gptbot)"
216.73.216.135 - - [04/Apr/2026:01:37:02 -0400] "GET /status/offline/gender/c,m,t/age/18-19/ethnicity/white/languages/Turkish HTTP/1.1" 200 19907 "-" "Mozilla/5.0 AppleWebKit/537.36 (KHTML, like Gecko; compatible; ClaudeBot/1.0; +claudebot@anthropic.com)"
216.73.216.135 - - [04/Apr/2026:01:37:02 -0400] "GET /gender/f,m/age/18-19,30-39/ethnicity/black/languages/Turkish HTTP/1.1" 200 19312 "-" "Mozilla/5.0 AppleWebKit/537.36 (KHTML, like Gecko; compatible; ClaudeBot/1.0; +claudebot@anthropic.com)"
74.7.241.25 - - [04/Apr/2026:01:37:02 -0400] "GET /age/50-59/ethnicity/other,east-indian,native,asian,black HTTP/1.1" 200 19647 "https://www.camjab.com/age/50-59/ethnicity/other,east-indian,native,asian,latinas,black" "Mozilla/5.0 AppleWebKit/537.36 (KHTML, like Gecko; compatible; GPTBot/1.3; +https://openai.com/gptbot)"
216.73.216.135 - - [04/Apr/2026:01:37:02 -0400] "GET /status/offline/gender/c,m,f/age/60-100,50-59/languages/turkish HTTP/1.1" 200 19701 "-" "Mozilla/5.0 AppleWebKit/537.36 (KHTML, like Gecko; compatible; ClaudeBot/1.0; +claudebot@anthropic.com)"
216.73.216.135 - - [04/Apr/2026:01:37:02 -0400] "GET /status/offline,online/gender/t,m/ethnicity/native/languages/malay?sortOrder=youngest HTTP/1.1" 200 19575 "-" "Mozilla/5.0 AppleWebKit/537.36 (KHTML, like Gecko; compatible; ClaudeBot/1.0; +claudebot@anthropic.com)"
216.73.216.135 - - [04/Apr/2026:01:37:02 -0400] "GET /status/offline/gender/c,t/age/20-29,60-100/languages/English?sortOrder=oldest HTTP/1.1" 200 19488 "-" "Mozilla/5.0 AppleWebKit/537.36 (KHTML, like Gecko; compatible; ClaudeBot/1.0; +claudebot@anthropic.com)"
66.249.66.43 - - [04/Apr/2026:01:37:02 -0400] "GET /gender/t,f/ethnicity/latino,asian,east-indian,latinas,native HTTP/1.1" 200 19705 "-" "Mozilla/5.0 (Linux; Android 6.0.1; Nexus 5X Build/MMB29P) AppleWebKit/537.36 (KHTML, like Gecko) Chrome/146.0.7680.177 Mobile Safari/537.36 (compatible; Googlebot/2.1; +http://www.google.com/bot.html)"
216.73.216.135 - - [04/Apr/2026:01:37:02 -0400] "GET /gender/m,f/ethnicity/black,native,white,other/languages/Dutch?sortOrder=leastViewed HTTP/1.1" 200 19722 "-" "Mozilla/5.0 AppleWebKit/537.36 (KHTML, like Gecko; compatible; ClaudeBot/1.0; +claudebot@anthropic.com)"
216.73.216.135 - - [04/Apr/2026:01:37:02 -0400] "GET /status/offline/gender/m,t/age/40-49,50-59/languages/Kashmiri?sortOrder=leastViewed HTTP/1.1" 200 19491 "-" "Mozilla/5.0 AppleWebKit/537.36 (KHTML, like Gecko; compatible; ClaudeBot/1.0; +claudebot@anthropic.com)"
216.73.216.135 - - [04/Apr/2026:01:37:02 -0400] "GET /gender/f,m/ethnicity/white,native,other/languages/English?sortOrder=timeOnline HTTP/1.1" 200 19350 "-" "Mozilla/5.0 AppleWebKit/537.36 (KHTML, like Gecko; compatible; ClaudeBot/1.0; +claudebot@anthropic.com)"
100.28.133.214 - - [04/Apr/2026:01:37:03 -0400] "GET /status/offline,online/gender/f,c,m,t/age/18-19,50-59/ethnicity/islander,asian,native,black,white/languages/fiji HTTP/1.1" 200 23590 "-" "Mozilla/5.0 AppleWebKit/537.36 (KHTML, like Gecko; compatible; Amazonbot/0.1; +https://developer.amazon.com/support/amazonbot) Chrome/119.0.6045.214 Safari/537.36"
216.73.216.135 - - [04/Apr/2026:01:37:03 -0400] "GET /status/offline/gender/f,t/age/20-29,60-100/languages/Cambodian?sortOrder=leastViewed HTTP/1.1" 200 19573 "-" "Mozilla/5.0 AppleWebKit/537.36 (KHTML, like Gecko; compatible; ClaudeBot/1.0; +claudebot@anthropic.com)"
216.73.216.135 - - [04/Apr/2026:01:37:03 -0400] "GET /gender/c,t/age/30-39/ethnicity/latinas/languages/afrikaans HTTP/1.1" 200 19024 "-" "Mozilla/5.0 AppleWebKit/537.36 (KHTML, like Gecko; compatible; ClaudeBot/1.0; +claudebot@anthropic.com)"
74.7.241.1 - - [04/Apr/2026:01:37:03 -0400] "GET /age/18-19/ethnicity/latest-news.php,islander,latinas,other,white,black,east-indian HTTP/1.1" 200 20870 "https://camjab.com/age/18-19/ethnicity/latest-news.php,asian,islander,latinas,other,white,black,east-indian" "Mozilla/5.0 AppleWebKit/537.36 (KHTML, like Gecko; compatible; GPTBot/1.3; +https://openai.com/gptbot)"
216.73.216.135 - - [04/Apr/2026:01:37:03 -0400] "GET /gender/f,t/age/50-59/ethnicity/native,white/languages/german?sortOrder=recent HTTP/1.1" 200 19431 "-" "Mozilla/5.0 AppleWebKit/537.36 (KHTML, like Gecko; compatible; ClaudeBot/1.0; +claudebot@anthropic.com)"
216.73.216.135 - - [04/Apr/2026:01:37:03 -0400] "GET /gender/c,f/ethnicity/other,native,black/languages/estonian?sortOrder=leastViewed HTTP/1.1" 200 19398 "-" "Mozilla/5.0 AppleWebKit/537.36 (KHTML, like Gecko; compatible; ClaudeBot/1.0; +claudebot@anthropic.com)"
74.7.241.25 - - [04/Apr/2026:01:37:03 -0400] "GET /age/50-59/ethnicity/black,other,east-indian,native,white HTTP/1.1" 200 19647 "https://www.camjab.com/age/50-59/ethnicity/islander,black,other,east-indian,native,white" "Mozilla/5.0 AppleWebKit/537.36 (KHTML, like Gecko; compatible; GPTBot/1.3; +https://openai.com/gptbot)"
216.73.216.135 - - [04/Apr/2026:01:37:03 -0400] "GET /status/offline/gender/c,t/ethnicity/islander,native,latinas/languages/German HTTP/1.1" 200 20135 "-" "Mozilla/5.0 AppleWebKit/537.36 (KHTML, like Gecko; compatible; ClaudeBot/1.0; +claudebot@anthropic.com)"
217.113.194.16 - - [04/Apr/2026:01:37:03 -0400] "GET /status/online/gender/f/age/40-49,50-59,60-100/ethnicity/latino,islander,other,asian HTTP/1.1" 200 21032 "-" "Mozilla/5.0 (compatible; Barkrowler/0.9; +https://babbar.tech/crawler)"
216.73.216.135 - - [04/Apr/2026:01:37:03 -0400] "GET /status/offline/gender/m,f/age/40-49/ethnicity/islander,asian/languages/german HTTP/1.1" 200 20143 "-" "Mozilla/5.0 AppleWebKit/537.36 (KHTML, like Gecko; compatible; ClaudeBot/1.0; +claudebot@anthropic.com)"
216.73.216.135 - - [04/Apr/2026:01:37:03 -0400] "GET /status/offline/gender/m,t/ethnicity/black/languages/Armenian?sortOrder=youngest HTTP/1.1" 200 19160 "-" "Mozilla/5.0 AppleWebKit/537.36 (KHTML, like Gecko; compatible; ClaudeBot/1.0; +claudebot@anthropic.com)"
216.73.216.135 - - [04/Apr/2026:01:37:03 -0400] "GET /status/offline/gender/f,m/ethnicity/black,white,other/languages/Spanish HTTP/1.1" 200 19938 "-" "Mozilla/5.0 AppleWebKit/537.36 (KHTML, like Gecko; compatible; ClaudeBot/1.0; +claudebot@anthropic.com)"
144.76.32.187 - - [04/Apr/2026:01:37:03 -0400] "GET /tags/bdsm/gender/c,t HTTP/1.1" 200 17586 "-" "Mozilla/5.0 (compatible; SERankingBacklinksBot/1.0; +https://seranking.com/backlinks-crawler)"
216.73.216.135 - - [04/Apr/2026:01:37:03 -0400] "GET /gender/t,f/age/60-100/ethnicity/native,asian/languages/Swedish HTTP/1.1" 200 19410 "-" "Mozilla/5.0 AppleWebKit/537.36 (KHTML, like Gecko; compatible; ClaudeBot/1.0; +claudebot@anthropic.com)"
216.73.216.135 - - [04/Apr/2026:01:37:03 -0400] "GET /gender/f,t/age/40-49/ethnicity/white,asian/languages/finnish?sortOrder=mostViewed HTTP/1.1" 200 19441 "-" "Mozilla/5.0 AppleWebKit/537.36 (KHTML, like Gecko; compatible; ClaudeBot/1.0; +claudebot@anthropic.com)"
216.73.216.135 - - [04/Apr/2026:01:37:03 -0400] "GET /status/offline/gender/c,t,f/age/18-19,40-49/languages/Lithuanian HTTP/1.1" 200 19776 "-" "Mozilla/5.0 AppleWebKit/537.36 (KHTML, like Gecko; compatible; ClaudeBot/1.0; +claudebot@anthropic.com)"
216.73.216.135 - - [04/Apr/2026:01:37:04 -0400] "GET /status/online/gender/m,c,f,t/age/30-39/languages/Greek HTTP/1.1" 200 19414 "-" "Mozilla/5.0 AppleWebKit/537.36 (KHTML, like Gecko; compatible; ClaudeBot/1.0; +claudebot@anthropic.com)"
44.195.50.71 - - [04/Apr/2026:01:37:04 -0400] "GET /status/offline,online/gender/t,c/age/20-29,60-100/ethnicity/east-indian,islander,native,asian/languages/armenian HTTP/1.1" 200 22783 "-" "Mozilla/5.0 AppleWebKit/537.36 (KHTML, like Gecko; compatible; Amazonbot/0.1; +https://developer.amazon.com/support/amazonbot) Chrome/119.0.6045.214 Safari/537.36"
216.73.216.135 - - [04/Apr/2026:01:37:04 -0400] "GET /status/online/gender/f,c,t/ethnicity/other,native/languages/Italian HTTP/1.1" 200 19810 "-" "Mozilla/5.0 AppleWebKit/537.36 (KHTML, like Gecko; compatible; ClaudeBot/1.0; +claudebot@anthropic.com)"
216.73.216.135 - - [04/Apr/2026:01:37:04 -0400] "GET /gender/f,m/ethnicity/white,islander,black/languages/Norwegian?sortOrder=leastViewed HTTP/1.1" 200 19497 "-" "Mozilla/5.0 AppleWebKit/537.36 (KHTML, like Gecko; compatible; ClaudeBot/1.0; +claudebot@anthropic.com)"
74.7.241.1 - - [04/Apr/2026:01:37:04 -0400] "GET /age/50-59/ethnicity/latest-news.php,native,black,east-indian,islander,other HTTP/1.1" 200 20359 "https://camjab.com/age/50-59/ethnicity/latest-news.php,native,latinas,black,east-indian,islander,other" "Mozilla/5.0 AppleWebKit/537.36 (KHTML, like Gecko; compatible; GPTBot/1.3; +https://openai.com/gptbot)"
216.73.216.135 - - [04/Apr/2026:01:37:04 -0400] "GET /status/online/gender/c,m,t/age/40-49/languages/armenian HTTP/1.1" 200 19216 "-" "Mozilla/5.0 AppleWebKit/537.36 (KHTML, like Gecko; compatible; ClaudeBot/1.0; +claudebot@anthropic.com)"
74.7.241.25 - - [04/Apr/2026:01:37:04 -0400] "GET /age/18-19/ethnicity/black,asian,native,east-indian,white,other HTTP/1.1" 200 20097 "https://www.camjab.com/age/18-19/ethnicity/black,asian,native,east-indian,white" "Mozilla/5.0 AppleWebKit/537.36 (KHTML, like Gecko; compatible; GPTBot/1.3; +https://openai.com/gptbot)"
216.73.216.135 - - [04/Apr/2026:01:37:04 -0400] "GET /status/offline,online/gender/t,m/ethnicity/native,islander/languages/hebrew HTTP/1.1" 200 20095 "-" "Mozilla/5.0 AppleWebKit/537.36 (KHTML, like Gecko; compatible; ClaudeBot/1.0; +claudebot@anthropic.com)"
216.73.216.135 - - [04/Apr/2026:01:37:04 -0400] "GET /gender/c,f/age/30-39/ethnicity/white,other/languages/korean HTTP/1.1" 200 19306 "-" "Mozilla/5.0 AppleWebKit/537.36 (KHTML, like Gecko; compatible; ClaudeBot/1.0; +claudebot@anthropic.com)"
216.73.216.135 - - [04/Apr/2026:01:37:04 -0400] "GET /gender/c,f/age/20-29/ethnicity/black,native/languages/English?sortOrder=timeOnline HTTP/1.1" 200 19483 "-" "Mozilla/5.0 AppleWebKit/537.36 (KHTML, like Gecko; compatible; ClaudeBot/1.0; +claudebot@anthropic.com)"
216.73.216.135 - - [04/Apr/2026:01:37:04 -0400] "GET /gender/c,t/age/18-19/ethnicity/white/languages/vietnamese?sortOrder=name HTTP/1.1" 200 19073 "-" "Mozilla/5.0 AppleWebKit/537.36 (KHTML, like Gecko; compatible; ClaudeBot/1.0; +claudebot@anthropic.com)"
216.73.216.135 - - [04/Apr/2026:01:37:04 -0400] "GET /gender/f,m/ethnicity/native,islander,latinas/languages/turkish?sortOrder=leastViewed HTTP/1.1" 200 19538 "-" "Mozilla/5.0 AppleWebKit/537.36 (KHTML, like Gecko; compatible; ClaudeBot/1.0; +claudebot@anthropic.com)"
216.73.216.135 - - [04/Apr/2026:01:37:04 -0400] "GET /gender/m,c/age/50-59/ethnicity/white,islander/languages/scots HTTP/1.1" 200 19372 "-" "Mozilla/5.0 AppleWebKit/537.36 (KHTML, like Gecko; compatible; ClaudeBot/1.0; +claudebot@anthropic.com)"
216.73.216.135 - - [04/Apr/2026:01:37:04 -0400] "GET /gender/m,c,f/ethnicity/native,white/languages/Icelandic?sortOrder=name HTTP/1.1" 200 19273 "-" "Mozilla/5.0 AppleWebKit/537.36 (KHTML, like Gecko; compatible; ClaudeBot/1.0; +claudebot@anthropic.com)"
216.73.216.135 - - [04/Apr/2026:01:37:05 -0400] "GET /gender/f,m/ethnicity/black,native,islander/languages/German?sortOrder=youngest HTTP/1.1" 200 19420 "-" "Mozilla/5.0 AppleWebKit/537.36 (KHTML, like Gecko; compatible; ClaudeBot/1.0; +claudebot@anthropic.com)"
216.73.216.135 - - [04/Apr/2026:01:37:05 -0400] "GET /status/offline/gender/t,m,f/ethnicity/native/languages/japanese?sortOrder=oldest HTTP/1.1" 200 19500 "-" "Mozilla/5.0 AppleWebKit/537.36 (KHTML, like Gecko; compatible; ClaudeBot/1.0; +claudebot@anthropic.com)"
74.7.241.1 - - [04/Apr/2026:01:37:05 -0400] "GET /age/50-59/ethnicity/latest-news.php,east-indian,black,other,white,native,islander HTTP/1.1" 200 20830 "https://camjab.com/age/50-59/ethnicity/latest-news.php,east-indian,black,latinas,other,white,native,islander" "Mozilla/5.0 AppleWebKit/537.36 (KHTML, like Gecko; compatible; GPTBot/1.3; +https://openai.com/gptbot)"
216.73.216.135 - - [04/Apr/2026:01:37:05 -0400] "GET /gender/c,f,m/age/18-19/ethnicity/native/languages/Irish?sortOrder=youngest HTTP/1.1" 200 19248 "-" "Mozilla/5.0 AppleWebKit/537.36 (KHTML, like Gecko; compatible; ClaudeBot/1.0; +claudebot@anthropic.com)"
216.73.216.135 - - [04/Apr/2026:01:37:05 -0400] "GET /status/online/gender/f,m,c/age/30-39/languages/French?sortOrder=oldest HTTP/1.1" 200 19244 "-" "Mozilla/5.0 AppleWebKit/537.36 (KHTML, like Gecko; compatible; ClaudeBot/1.0; +claudebot@anthropic.com)"
74.7.241.25 - - [04/Apr/2026:01:37:05 -0400] "GET /age/40-49/ethnicity/native,black,east-indian,other,white,asian HTTP/1.1" 200 20097 "https://www.camjab.com/age/40-49/ethnicity/native,black,east-indian,other,white" "Mozilla/5.0 AppleWebKit/537.36 (KHTML, like Gecko; compatible; GPTBot/1.3; +https://openai.com/gptbot)"
216.73.216.135 - - [04/Apr/2026:01:37:05 -0400] "GET /status/offline/gender/t,m,c/age/40-49,60-100/languages/Scots HTTP/1.1" 200 19624 "-" "Mozilla/5.0 AppleWebKit/537.36 (KHTML, like Gecko; compatible; ClaudeBot/1.0; +claudebot@anthropic.com)"
216.73.216.135 - - [04/Apr/2026:01:37:05 -0400] "GET /status/offline/gender/f,t/age/60-100,18-19/ethnicity/native/languages/Spanish HTTP/1.1" 200 20127 "-" "Mozilla/5.0 AppleWebKit/537.36 (KHTML, like Gecko; compatible; ClaudeBot/1.0; +claudebot@anthropic.com)"
216.73.216.135 - - [04/Apr/2026:01:37:05 -0400] "GET /status/offline,online/ethnicity/other,black,latinas/languages/Scots?sortOrder=leastViewed HTTP/1.1" 200 19701 "-" "Mozilla/5.0 AppleWebKit/537.36 (KHTML, like Gecko; compatible; ClaudeBot/1.0; +claudebot@anthropic.com)"
216.73.216.135 - - [04/Apr/2026:01:37:05 -0400] "GET /status/online/gender/m,f/age/18-19,50-59/languages/Japanese?sortOrder=leastViewed HTTP/1.1" 200 19459 "-" "Mozilla/5.0 AppleWebKit/537.36 (KHTML, like Gecko; compatible; ClaudeBot/1.0; +claudebot@anthropic.com)"
216.73.216.135 - - [04/Apr/2026:01:37:05 -0400] "GET /gender/c,f/age/40-49,20-29,50-59/languages/Greek HTTP/1.1" 200 19005 "-" "Mozilla/5.0 AppleWebKit/537.36 (KHTML, like Gecko; compatible; ClaudeBot/1.0; +claudebot@anthropic.com)"
216.73.216.135 - - [04/Apr/2026:01:37:05 -0400] "GET /gender/m,c/age/60-100/ethnicity/native,islander/languages/Armenian HTTP/1.1" 200 19551 "-" "Mozilla/5.0 AppleWebKit/537.36 (KHTML, like Gecko; compatible; ClaudeBot/1.0; +claudebot@anthropic.com)"
44.206.65.8 - - [04/Apr/2026:01:37:05 -0400] "GET /status/online,offline/gender/t,f/age/50-59,20-29,60-100/ethnicity/east-indian,islander/languages/swedish HTTP/1.1" 200 21954 "-" "Mozilla/5.0 AppleWebKit/537.36 (KHTML, like Gecko; compatible; Amazonbot/0.1; +https://developer.amazon.com/support/amazonbot) Chrome/119.0.6045.214 Safari/537.36"
216.73.216.135 - - [04/Apr/2026:01:37:05 -0400] "GET /status/offline/gender/m,t/age/30-39,60-100/languages/lithuanian HTTP/1.1" 200 19490 "-" "Mozilla/5.0 AppleWebKit/537.36 (KHTML, like Gecko; compatible; ClaudeBot/1.0; +claudebot@anthropic.com)"
23.23.104.107 - - [04/Apr/2026:01:37:05 -0400] "GET /status/offline,online/gender/c,t,m,f/age/18-19,30-39,20-29/ethnicity/islander,native,asian,black HTTP/1.1" 200 22924 "-" "Mozilla/5.0 AppleWebKit/537.36 (KHTML, like Gecko; compatible; Amazonbot/0.1; +https://developer.amazon.com/support/amazonbot) Chrome/119.0.6045.214 Safari/537.36"
216.73.216.135 - - [04/Apr/2026:01:37:06 -0400] "GET /gender/f,c/age/20-29,60-100,18-19/languages/Italian?sortOrder=leastViewed HTTP/1.1" 200 19220 "-" "Mozilla/5.0 AppleWebKit/537.36 (KHTML, like Gecko; compatible; ClaudeBot/1.0; +claudebot@anthropic.com)"
17.22.245.174 - - [04/Apr/2026:01:37:06 -0400] "GET /core/ajax.loadModels.php?controller=router&sortOrder=timeOnline&age%5B0%5D=60-100&ethnicity%5B0%5D=native&ethnicity%5B1%5D=islander&ethnicity%5B2%5D=latinas&ethnicity%5B3%5D=asian&languages%5B0%5D=japanese HTTP/1.1" 200 182 "https://camjab.com/age/60-100/ethnicity/native,islander,latinas,asian/languages/japanese?sortOrder=timeOnline" "Mozilla/5.0 (Macintosh; Intel Mac OS X 10_15_7) AppleWebKit/605.1.15 (KHTML, like Gecko) Version/17.4 Safari/605.1.15 (Applebot/0.1; +http://www.apple.com/go/applebot)"
216.73.216.135 - - [04/Apr/2026:01:37:06 -0400] "GET /gender/c,f,t/age/30-39,50-59/languages/kurdish HTTP/1.1" 200 18948 "-" "Mozilla/5.0 AppleWebKit/537.36 (KHTML, like Gecko; compatible; ClaudeBot/1.0; +claudebot@anthropic.com)"
74.7.241.1 - - [04/Apr/2026:01:37:06 -0400] "GET /age/40-49/ethnicity/latest-news.php,native,black,islander,asian,other,latinas HTTP/1.1" 200 20670 "https://camjab.com/age/40-49/ethnicity/latest-news.php,native,black,islander,asian,other,east-indian,latinas" "Mozilla/5.0 AppleWebKit/537.36 (KHTML, like Gecko; compatible; GPTBot/1.3; +https://openai.com/gptbot)"
216.73.216.135 - - [04/Apr/2026:01:37:06 -0400] "GET /status/online/gender/f,t/ethnicity/white/languages/Catalan?sortOrder=timeOnline HTTP/1.1" 200 19106 "-" "Mozilla/5.0 AppleWebKit/537.36 (KHTML, like Gecko; compatible; ClaudeBot/1.0; +claudebot@anthropic.com)"
216.73.216.135 - - [04/Apr/2026:01:37:06 -0400] "GET /status/offline/gender/c,m/age/20-29,40-49/ethnicity/white/languages/malay HTTP/1.1" 200 19974 "-" "Mozilla/5.0 AppleWebKit/537.36 (KHTML, like Gecko; compatible; ClaudeBot/1.0; +claudebot@anthropic.com)"
74.7.241.25 - - [04/Apr/2026:01:37:06 -0400] "GET /age/40-49,30-39/ethnicity/native,black,east-indian,other,white HTTP/1.1" 200 20098 "https://www.camjab.com/age/40-49/ethnicity/native,black,east-indian,other,white" "Mozilla/5.0 AppleWebKit/537.36 (KHTML, like Gecko; compatible; GPTBot/1.3; +https://openai.com/gptbot)"
216.73.216.135 - - [04/Apr/2026:01:37:06 -0400] "GET /status/offline/gender/m,t/age/30-39,40-49/languages/Swedish?sortOrder=timeOnline HTTP/1.1" 200 19453 "-" "Mozilla/5.0 AppleWebKit/537.36 (KHTML, like Gecko; compatible; ClaudeBot/1.0; +claudebot@anthropic.com)"
216.73.216.135 - - [04/Apr/2026:01:37:06 -0400] "GET /gender/f,t/age/20-29/ethnicity/black/languages/ukrainian?sortOrder=recent HTTP/1.1" 200 19045 "-" "Mozilla/5.0 AppleWebKit/537.36 (KHTML, like Gecko; compatible; ClaudeBot/1.0; +claudebot@anthropic.com)"
216.73.216.135 - - [04/Apr/2026:01:37:06 -0400] "GET /gender/m,c/ethnicity/black,white,other/languages/Danish HTTP/1.1" 200 19173 "-" "Mozilla/5.0 AppleWebKit/537.36 (KHTML, like Gecko; compatible; ClaudeBot/1.0; +claudebot@anthropic.com)"
154.54.249.194 - - [04/Apr/2026:01:37:06 -0400] "GET /status/offline/gender/m,f/age/50-59/ethnicity/white,islander/languages/finnish HTTP/1.1" 200 20391 "-" "Mozilla/5.0 (compatible; Barkrowler/0.9; +https://babbar.tech/crawler)"
216.73.216.135 - - [04/Apr/2026:01:37:06 -0400] "GET /gender/c,t,m/age/40-49,18-19/languages/Maltese HTTP/1.1" 200 18938 "-" "Mozilla/5.0 AppleWebKit/537.36 (KHTML, like Gecko; compatible; ClaudeBot/1.0; +claudebot@anthropic.com)"
216.73.216.135 - - [04/Apr/2026:01:37:06 -0400] "GET /gender/c,f,m/age/20-29,40-49/languages/catalan?sortOrder=timeOnline HTTP/1.1" 200 19048 "-" "Mozilla/5.0 AppleWebKit/537.36 (KHTML, like Gecko; compatible; ClaudeBot/1.0; +claudebot@anthropic.com)"
216.73.216.135 - - [04/Apr/2026:01:37:06 -0400] "GET /status/offline/gender/f,m,t/age/60-100,18-19/languages/scots HTTP/1.1" 200 19624 "-" "Mozilla/5.0 AppleWebKit/537.36 (KHTML, like Gecko; compatible; ClaudeBot/1.0; +claudebot@anthropic.com)"
216.73.216.135 - - [04/Apr/2026:01:37:06 -0400] "GET /gender/c,m/ethnicity/native,white,latinas/languages/irish?sortOrder=leastViewed HTTP/1.1" 200 19357 "-" "Mozilla/5.0 AppleWebKit/537.36 (KHTML, like Gecko; compatible; ClaudeBot/1.0; +claudebot@anthropic.com)"
216.73.216.135 - - [04/Apr/2026:01:37:07 -0400] "GET /status/online,offline/gender/c,f/ethnicity/black/languages/English?sortOrder=recent HTTP/1.1" 200 19617 "-" "Mozilla/5.0 AppleWebKit/537.36 (KHTML, like Gecko; compatible; ClaudeBot/1.0; +claudebot@anthropic.com)"
216.73.216.135 - - [04/Apr/2026:01:37:07 -0400] "GET /gender/f,t/age/60-100,20-29/ethnicity/islander/languages/Turkish HTTP/1.1" 200 19465 "-" "Mozilla/5.0 AppleWebKit/537.36 (KHTML, like Gecko; compatible; ClaudeBot/1.0; +claudebot@anthropic.com)"
74.7.241.1 - - [04/Apr/2026:01:37:07 -0400] "GET /age/40-49/ethnicity/latest-news.php,black,east-indian,white,asian,other,islander HTTP/1.1" 200 20790 "https://camjab.com/age/40-49/ethnicity/latest-news.php,black,east-indian,white,asian,native,other,islander" "Mozilla/5.0 AppleWebKit/537.36 (KHTML, like Gecko; compatible; GPTBot/1.3; +https://openai.com/gptbot)"
216.73.216.135 - - [04/Apr/2026:01:37:07 -0400] "GET /status/offline/gender/c,t,f/ethnicity/asian/languages/Kazakh HTTP/1.1" 200 19310 "-" "Mozilla/5.0 AppleWebKit/537.36 (KHTML, like Gecko; compatible; ClaudeBot/1.0; +claudebot@anthropic.com)"
74.7.241.25 - - [04/Apr/2026:01:37:07 -0400] "GET /age/20-29/ethnicity/black,east-indian,white,native,other,asian HTTP/1.1" 200 20097 "https://www.camjab.com/age/20-29/ethnicity/black,east-indian,white,native,other" "Mozilla/5.0 AppleWebKit/537.36 (KHTML, like Gecko; compatible; GPTBot/1.3; +https://openai.com/gptbot)"
216.73.216.135 - - [04/Apr/2026:01:37:07 -0400] "GET /status/offline/gender/f,m,c/age/30-39,50-59/languages/french HTTP/1.1" 200 19627 "-" "Mozilla/5.0 AppleWebKit/537.36 (KHTML, like Gecko; compatible; ClaudeBot/1.0; +claudebot@anthropic.com)"
216.73.216.135 - - [04/Apr/2026:01:37:07 -0400] "GET /gender/f,m/ethnicity/islander,native,latinas/languages/kurdish?sortOrder=leastViewed HTTP/1.1" 200 19538 "-" "Mozilla/5.0 AppleWebKit/537.36 (KHTML, like Gecko; compatible; ClaudeBot/1.0; +claudebot@anthropic.com)"
216.73.216.135 - - [04/Apr/2026:01:37:07 -0400] "GET /status/offline/gender/f,m/age/20-29,30-39/languages/Fiji?sortOrder=timeOnline HTTP/1.1" 200 19353 "-" "Mozilla/5.0 AppleWebKit/537.36 (KHTML, like Gecko; compatible; ClaudeBot/1.0; +claudebot@anthropic.com)"
216.73.216.135 - - [04/Apr/2026:01:37:07 -0400] "GET /status/online/gender/f,c,t/ethnicity/other/languages/Georgian HTTP/1.1" 200 19343 "-" "Mozilla/5.0 AppleWebKit/537.36 (KHTML, like Gecko; compatible; ClaudeBot/1.0; +claudebot@anthropic.com)"
216.73.216.135 - - [04/Apr/2026:01:37:07 -0400] "GET /status/offline/gender/c,m/ethnicity/black,native,other/languages/hindi HTTP/1.1" 200 19904 "-" "Mozilla/5.0 AppleWebKit/537.36 (KHTML, like Gecko; compatible; ClaudeBot/1.0; +claudebot@anthropic.com)"
216.73.216.135 - - [04/Apr/2026:01:37:07 -0400] "GET /gender/m,f,t/age/40-49/ethnicity/islander,native/languages/polish HTTP/1.1" 200 19753 "-" "Mozilla/5.0 AppleWebKit/537.36 (KHTML, like Gecko; compatible; ClaudeBot/1.0; +claudebot@anthropic.com)"
216.73.216.135 - - [04/Apr/2026:01:37:07 -0400] "GET /status/online/gender/t,c,m/languages/Afrikaans?sortOrder=timeOnline HTTP/1.1" 200 18809 "-" "Mozilla/5.0 AppleWebKit/537.36 (KHTML, like Gecko; compatible; ClaudeBot/1.0; +claudebot@anthropic.com)"
