216.73.216.135 - - [04/Apr/2026:01:33:58 -0400] "GET /status/offline,online/gender/c,f/ethnicity/native/languages/fiji?sortOrder=youngest HTTP/1.1" 200 19555 "-" "Mozilla/5.0 AppleWebKit/537.36 (KHTML, like Gecko; compatible; ClaudeBot/1.0; +claudebot@anthropic.com)"
216.73.216.135 - - [04/Apr/2026:01:33:58 -0400] "GET /gender/f,m/age/18-19/ethnicity/islander,native/languages/romanian?sortOrder=recent HTTP/1.1" 200 19607 "-" "Mozilla/5.0 AppleWebKit/537.36 (KHTML, like Gecko; compatible; ClaudeBot/1.0; +claudebot@anthropic.com)"
216.73.216.135 - - [04/Apr/2026:01:33:58 -0400] "GET /gender/m,t/age/60-100,30-39/ethnicity/native/languages/Scots?sortOrder=recent HTTP/1.1" 200 19404 "-" "Mozilla/5.0 AppleWebKit/537.36 (KHTML, like Gecko; compatible; ClaudeBot/1.0; +claudebot@anthropic.com)"
74.7.241.1 - - [04/Apr/2026:01:33:58 -0400] "GET /age/20-29/ethnicity/latest-news.php,black,other,latinas,native,white,east-indian HTTP/1.1" 200 20790 "https://camjab.com/age/20-29/ethnicity/latest-news.php,black,other,latinas,native,white,east-indian,asian" "Mozilla/5.0 AppleWebKit/537.36 (KHTML, like Gecko; compatible; GPTBot/1.3; +https://openai.com/gptbot)"
216.73.216.135 - - [04/Apr/2026:01:33:58 -0400] "GET /gender/f,c/ethnicity/white,black,islander,native/languages/Scots?sortOrder=leastViewed HTTP/1.1" 200 19846 "-" "Mozilla/5.0 AppleWebKit/537.36 (KHTML, like Gecko; compatible; ClaudeBot/1.0; +claudebot@anthropic.com)"
216.73.216.135 - - [04/Apr/2026:01:33:58 -0400] "GET /gender/m,f/ethnicity/white,native,islander/languages/albanian?sortOrder=mostViewed HTTP/1.1" 200 19496 "-" "Mozilla/5.0 AppleWebKit/537.36 (KHTML, like Gecko; compatible; ClaudeBot/1.0; +claudebot@anthropic.com)"
216.73.216.135 - - [04/Apr/2026:01:33:58 -0400] "GET /gender/t,c/ethnicity/black/languages/greek?sortOrder=timeOnline HTTP/1.1" 200 18388 "-" "Mozilla/5.0 AppleWebKit/537.36 (KHTML, like Gecko; compatible; ClaudeBot/1.0; +claudebot@anthropic.com)"
216.73.216.135 - - [04/Apr/2026:01:33:58 -0400] "GET /gender/m,f/ethnicity/latinas,other/languages/Maltese?sortOrder=recent HTTP/1.1" 200 18945 "-" "Mozilla/5.0 AppleWebKit/537.36 (KHTML, like Gecko; compatible; ClaudeBot/1.0; +claudebot@anthropic.com)"
216.73.216.135 - - [04/Apr/2026:01:33:58 -0400] "GET /status/online/gender/f,c/age/50-59,40-49/languages/hindi?sortOrder=mostViewed HTTP/1.1" 200 19361 "-" "Mozilla/5.0 AppleWebKit/537.36 (KHTML, like Gecko; compatible; ClaudeBot/1.0; +claudebot@anthropic.com)"
216.73.216.135 - - [04/Apr/2026:01:33:58 -0400] "GET /status/offline/gender/t,m/age/60-100,40-49/languages/Finnish?sortOrder=oldest HTTP/1.1" 200 19478 "-" "Mozilla/5.0 AppleWebKit/537.36 (KHTML, like Gecko; compatible; ClaudeBot/1.0; +claudebot@anthropic.com)"
216.73.216.135 - - [04/Apr/2026:01:33:58 -0400] "GET /status/offline/gender/c,t,f/ethnicity/black/languages/Italian?sortOrder=timeOnline HTTP/1.1" 200 19450 "-" "Mozilla/5.0 AppleWebKit/537.36 (KHTML, like Gecko; compatible; ClaudeBot/1.0; +claudebot@anthropic.com)"
216.73.216.135 - - [04/Apr/2026:01:33:58 -0400] "GET /gender/t,m,c,f/age/40-49/languages/Kazakh?sortOrder=recent HTTP/1.1" 200 18866 "-" "Mozilla/5.0 AppleWebKit/537.36 (KHTML, like Gecko; compatible; ClaudeBot/1.0; +claudebot@anthropic.com)"
217.113.194.21 - - [04/Apr/2026:01:33:58 -0400] "GET /status/online/gender/f,t/ethnicity/other,white,islander,asian,east-indian HTTP/1.1" 200 20719 "-" "Mozilla/5.0 (compatible; Barkrowler/0.9; +https://babbar.tech/crawler)"
216.73.216.135 - - [04/Apr/2026:01:33:59 -0400] "GET /gender/t,f/age/20-29,18-19,40-49/languages/Greek?sortOrder=mostViewed HTTP/1.1" 200 19105 "-" "Mozilla/5.0 AppleWebKit/537.36 (KHTML, like Gecko; compatible; ClaudeBot/1.0; +claudebot@anthropic.com)"
216.73.216.135 - - [04/Apr/2026:01:33:59 -0400] "GET /status/online/gender/c/hair/age/ethnicity/latinas?sortOrder=leastViewed HTTP/1.1" 200 19282 "-" "Mozilla/5.0 AppleWebKit/537.36 (KHTML, like Gecko; compatible; ClaudeBot/1.0; +claudebot@anthropic.com)"
18.214.251.19 - - [04/Apr/2026:01:33:59 -0400] "GET /status/offline,online/gender/t,m/age/60-100,50-59,40-49/ethnicity/native,black,asian,east-indian,white,other/languages/hindi HTTP/1.1" 200 24128 "-" "Mozilla/5.0 AppleWebKit/537.36 (KHTML, like Gecko; compatible; Amazonbot/0.1; +https://developer.amazon.com/support/amazonbot) Chrome/119.0.6045.214 Safari/537.36"
74.7.241.1 - - [04/Apr/2026:01:33:59 -0400] "GET /age/40-49/ethnicity/latest-news.php,latinas,islander,asian,black,other,white HTTP/1.1" 200 20630 "https://camjab.com/age/40-49/ethnicity/latest-news.php,latinas,islander,asian,black,other,east-indian,white" "Mozilla/5.0 AppleWebKit/537.36 (KHTML, like Gecko; compatible; GPTBot/1.3; +https://openai.com/gptbot)"
216.73.216.135 - - [04/Apr/2026:01:33:59 -0400] "GET /status/offline,online/ethnicity/native,black,white/languages/Malay?sortOrder=oldest HTTP/1.1" 200 19649 "-" "Mozilla/5.0 AppleWebKit/537.36 (KHTML, like Gecko; compatible; ClaudeBot/1.0; +claudebot@anthropic.com)"
216.73.216.135 - - [04/Apr/2026:01:33:59 -0400] "GET /gender/m,c,t/ethnicity/latino/languages/Russian?sortOrder=recent HTTP/1.1" 200 18722 "-" "Mozilla/5.0 AppleWebKit/537.36 (KHTML, like Gecko; compatible; ClaudeBot/1.0; +claudebot@anthropic.com)"
216.73.216.135 - - [04/Apr/2026:01:33:59 -0400] "GET /status/online/gender/m,f/ethnicity/islander,native/languages/albanian?sortOrder=mostViewed HTTP/1.1" 200 19740 "-" "Mozilla/5.0 AppleWebKit/537.36 (KHTML, like Gecko; compatible; ClaudeBot/1.0; +claudebot@anthropic.com)"
216.73.216.135 - - [04/Apr/2026:01:33:59 -0400] "GET /status/online,offline/ethnicity/latinas,other,native/languages/catalan HTTP/1.1" 200 19700 "-" "Mozilla/5.0 AppleWebKit/537.36 (KHTML, like Gecko; compatible; ClaudeBot/1.0; +claudebot@anthropic.com)"
216.73.216.135 - - [04/Apr/2026:01:33:59 -0400] "GET /status/offline,online/gender/m/age/50-59/ethnicity/native/languages/Catalan HTTP/1.1" 200 19789 "-" "Mozilla/5.0 AppleWebKit/537.36 (KHTML, like Gecko; compatible; ClaudeBot/1.0; +claudebot@anthropic.com)"
216.73.216.135 - - [04/Apr/2026:01:33:59 -0400] "GET /status/offline,online/gender/c,f/ethnicity/latino/languages/Irish?sortOrder=mostViewed HTTP/1.1" 200 19559 "-" "Mozilla/5.0 AppleWebKit/537.36 (KHTML, like Gecko; compatible; ClaudeBot/1.0; +claudebot@anthropic.com)"
216.73.216.135 - - [04/Apr/2026:01:33:59 -0400] "GET /gender/f,t,c,m/ethnicity/islander,native/languages/Italian?sortOrder=recent HTTP/1.1" 200 19622 "-" "Mozilla/5.0 AppleWebKit/537.36 (KHTML, like Gecko; compatible; ClaudeBot/1.0; +claudebot@anthropic.com)"
216.73.216.135 - - [04/Apr/2026:01:33:59 -0400] "GET /gender/m,c/age/60-100,30-39/languages/Kashmiri?sortOrder=oldest HTTP/1.1" 200 18813 "-" "Mozilla/5.0 AppleWebKit/537.36 (KHTML, like Gecko; compatible; ClaudeBot/1.0; +claudebot@anthropic.com)"
216.73.216.135 - - [04/Apr/2026:01:33:59 -0400] "GET /gender/t,m/age/50-59,60-100/languages/belarusian HTTP/1.1" 200 18783 "-" "Mozilla/5.0 AppleWebKit/537.36 (KHTML, like Gecko; compatible; ClaudeBot/1.0; +claudebot@anthropic.com)"
216.73.216.135 - - [04/Apr/2026:01:34:00 -0400] "GET /status/online,offline/age/40-49/ethnicity/native,islander/languages/azerbaijani?sortOrder=mostViewed HTTP/1.1" 200 20105 "-" "Mozilla/5.0 AppleWebKit/537.36 (KHTML, like Gecko; compatible; ClaudeBot/1.0; +claudebot@anthropic.com)"
216.73.216.135 - - [04/Apr/2026:01:34:00 -0400] "GET /gender/f,m/age/60-100,20-29/languages/czech?sortOrder=youngest HTTP/1.1" 200 18717 "-" "Mozilla/5.0 AppleWebKit/537.36 (KHTML, like Gecko; compatible; ClaudeBot/1.0; +claudebot@anthropic.com)"
74.7.241.25 - - [04/Apr/2026:01:33:50 -0400] "GET /core/ajax.loadModels.php?age%5B0%5D=50-59&age%5B1%5D=20-29&age%5B2%5D=18-19&controller=router&ethnicity%5B0%5D=other&ethnicity%5B1%5D=latinas&ethnicity%5B2%5D=asian&ethnicity%5B3%5D=east-indian&ethnicity%5B4%5D=islander&ethnicity%5B5%5D=black&sortOrder=youngest&status%5B0%5D=offline HTTP/1.1" 200 182 "https://www.camjab.com/status/offline/age/50-59,20-29,18-19/ethnicity/other,latinas,asian,east-indian,islander,black?sortOrder=youngest" "Mozilla/5.0 AppleWebKit/537.36 (KHTML, like Gecko; compatible; GPTBot/1.3; +https://openai.com/gptbot)"
74.7.241.1 - - [04/Apr/2026:01:34:00 -0400] "GET /gender/m/age/50-59/ethnicity/latest-news.php,latinas,east-indian,black,other,white,native HTTP/1.1" 200 21344 "https://camjab.com/age/50-59/ethnicity/latest-news.php,latinas,east-indian,black,other,white,native" "Mozilla/5.0 AppleWebKit/537.36 (KHTML, like Gecko; compatible; GPTBot/1.3; +https://openai.com/gptbot)"
216.73.216.135 - - [04/Apr/2026:01:34:00 -0400] "GET /gender/m,f,t/age/60-100/ethnicity/native/languages/Cambodian?sortOrder=mostViewed HTTP/1.1" 200 19426 "-" "Mozilla/5.0 AppleWebKit/537.36 (KHTML, like Gecko; compatible; ClaudeBot/1.0; +claudebot@anthropic.com)"
108.231.66.255 - - [04/Apr/2026:01:34:00 -0400] "GET /status/offline/gender/t/age/20-29,60-100/ethnicity/native,asian,islander,white,east-indian HTTP/1.1" 200 21592 "https://www.camjab.com/status/offline/age/20-29,60-100/ethnicity/native,asian,islander,white,east-indian" "Mozilla/5.0 (Windows NT 10.0; Win64; x64) AppleWebKit/537.36 (KHTML, like Gecko) Chrome/135.0.0.0 Safari/537.36"
216.73.216.135 - - [04/Apr/2026:01:34:00 -0400] "GET /status/offline,online/gender/f/age/18-19,30-39/languages/hungarian?sortOrder=mostViewed HTTP/1.1" 200 19698 "-" "Mozilla/5.0 AppleWebKit/537.36 (KHTML, like Gecko; compatible; ClaudeBot/1.0; +claudebot@anthropic.com)"
216.73.216.135 - - [04/Apr/2026:01:34:00 -0400] "GET /gender/f,m/ethnicity/other,islander,black/languages/german HTTP/1.1" 200 19284 "-" "Mozilla/5.0 AppleWebKit/537.36 (KHTML, like Gecko; compatible; ClaudeBot/1.0; +claudebot@anthropic.com)"
108.26.193.193 - - [04/Apr/2026:01:34:00 -0400] "GET /status/online,offline/gender/c,m/age/20-29,40-49,18-19/ethnicity/native,latinas,islander,white,asian HTTP/1.1" 200 22811 "https://www.camjab.com/status/online,offline/gender/c,m/age/20-29,40-49,18-19/ethnicity/east-indian,native,latinas,islander,white,asian" "Mozilla/5.0 (Macintosh; Intel Mac OS X 10_15_7) AppleWebKit/537.36 (KHTML, like Gecko) Chrome/135.0.0.0 Safari/537.36"
216.73.216.135 - - [04/Apr/2026:01:34:00 -0400] "GET /gender/c,f/age/40-49/ethnicity/black,other/languages/English?sortOrder=recent HTTP/1.1" 200 19434 "-" "Mozilla/5.0 AppleWebKit/537.36 (KHTML, like Gecko; compatible; ClaudeBot/1.0; +claudebot@anthropic.com)"
34.234.197.175 - - [04/Apr/2026:01:34:00 -0400] "GET /status/online,offline/gender/t,c,m/age/50-59/ethnicity/asian,islander,native,east-indian,black,latinas/languages/hindi HTTP/1.1" 200 23605 "-" "Mozilla/5.0 AppleWebKit/537.36 (KHTML, like Gecko; compatible; Amazonbot/0.1; +https://developer.amazon.com/support/amazonbot) Chrome/119.0.6045.214 Safari/537.36"
216.73.216.135 - - [04/Apr/2026:01:34:00 -0400] "GET /gender/t,m/ethnicity/other,white/languages/Japanese?sortOrder=oldest HTTP/1.1" 200 18902 "-" "Mozilla/5.0 AppleWebKit/537.36 (KHTML, like Gecko; compatible; ClaudeBot/1.0; +claudebot@anthropic.com)"
172.56.21.34 - - [04/Apr/2026:01:34:00 -0400] "GET /tags/nerdy/status/online,offline/gender/c,m,t/age/30-39/ethnicity/east-indian,latinas,islander,white,other,asian,black HTTP/1.1" 200 24106 "https://www.camjab.com/tags/nerdy/status/online,offline/gender/f,c,m,t/age/30-39/ethnicity/east-indian,latinas,islander,white,other,asian,black" "Mozilla/5.0 (Windows NT 10.0; Win64; x64) AppleWebKit/537.36 (KHTML, like Gecko) Chrome/136.0.0.0 Safari/537.36 Edg/136.0.0.0"
216.73.216.135 - - [04/Apr/2026:01:34:00 -0400] "GET /gender/f,c/age/50-59,30-39/languages/Croatian?sortOrder=name HTTP/1.1" 200 18781 "-" "Mozilla/5.0 AppleWebKit/537.36 (KHTML, like Gecko; compatible; ClaudeBot/1.0; +claudebot@anthropic.com)"
200.7.201.43 - - [04/Apr/2026:01:34:00 -0400] "GET /status/online,offline/gender/c,f/age/18-19,20-29,30-39,60-100/ethnicity/asian,islander,other,latinas HTTP/1.1" 200 22814 "https://www.camjab.com/status/online,offline/gender/c,f/age/18-19,20-29,30-39,60-100/ethnicity/asian,islander,other" "Mozilla/5.0 (Macintosh; Intel Mac OS X 10_15_7) AppleWebKit/537.36 (KHTML, like Gecko) Chrome/136.0.0.0 Safari/537.36"
216.73.216.135 - - [04/Apr/2026:01:34:00 -0400] "GET /status/offline/gender/f,c/age/60-100,50-59/languages/Kurdish?sortOrder=name HTTP/1.1" 200 19487 "-" "Mozilla/5.0 AppleWebKit/537.36 (KHTML, like Gecko; compatible; ClaudeBot/1.0; +claudebot@anthropic.com)"
78.148.59.181 - - [04/Apr/2026:01:34:00 -0400] "GET /status/offline,online/gender/t/age/50-59,30-39,40-49,18-19,20-29/ethnicity/east-indian,native,other,asian,black,latinas HTTP/1.1" 200 24163 "https://www.camjab.com/status/offline,online/gender/t/age/50-59,30-39,40-49,18-19/ethnicity/east-indian,native,other,asian,black,latinas" "Mozilla/5.0 (Windows NT 10.0; Win64; x64) AppleWebKit/537.36 (KHTML, like Gecko) Chrome/135.0.0.0 Safari/537.36 Edg/135.0.0.0"
216.73.216.135 - - [04/Apr/2026:01:34:00 -0400] "GET /gender/t,c,m/ethnicity/other,black/languages/English?sortOrder=mostViewed HTTP/1.1" 200 19179 "-" "Mozilla/5.0 AppleWebKit/537.36 (KHTML, like Gecko; compatible; ClaudeBot/1.0; +claudebot@anthropic.com)"
164.163.85.234 - - [04/Apr/2026:01:34:00 -0400] "GET /age/18-19,20-29,50-59/ethnicity/islander,native,latinas,black HTTP/1.1" 200 20052 "https://www.camjab.com/age/18-19,20-29/ethnicity/islander,native,latinas,black" "Mozilla/5.0 (Windows NT 10.0; Win64; x64) AppleWebKit/537.36 (KHTML, like Gecko) Chrome/136.0.0.0 Safari/537.36"
38.86.20.203 - - [04/Apr/2026:01:34:00 -0400] "GET /status/offline/gender/m,t,f/age/40-49,30-39,18-19,60-100,20-29/ethnicity/east-indian HTTP/1.1" 200 21591 "https://www.camjab.com/gender/m,t,f/age/40-49,30-39,18-19,60-100,20-29/ethnicity/east-indian?sortOrder=mostViewed" "Mozilla/5.0 (Macintosh; Intel Mac OS X 10_15_7) AppleWebKit/537.36 (KHTML, like Gecko) Chrome/135.0.0.0 Safari/537.36"
216.73.216.135 - - [04/Apr/2026:01:34:00 -0400] "GET /gender/c,f/age/30-39/ethnicity/islander/languages/Icelandic?sortOrder=oldest HTTP/1.1" 200 19158 "-" "Mozilla/5.0 AppleWebKit/537.36 (KHTML, like Gecko; compatible; ClaudeBot/1.0; +claudebot@anthropic.com)"
167.250.251.11 - - [04/Apr/2026:01:34:01 -0400] "GET /status/offline/gender/t,c,f/age/40-49,30-39,18-19,50-59/ethnicity/white,asian,black,native HTTP/1.1" 200 22380 "https://www.camjab.com/status/offline/gender/t,c,f/age/40-49,30-39,18-19,50-59/ethnicity/white,asian,black" "Mozilla/5.0 (Windows NT 10.0; Win64; x64) AppleWebKit/537.36 (KHTML, like Gecko) Chrome/133.0.0.0 Safari/537.36"
216.73.216.135 - - [04/Apr/2026:01:34:01 -0400] "GET /gender/c,f,m/age/20-29/ethnicity/native/languages/German?sortOrder=youngest HTTP/1.1" 200 19283 "-" "Mozilla/5.0 AppleWebKit/537.36 (KHTML, like Gecko; compatible; ClaudeBot/1.0; +claudebot@anthropic.com)"
85.85.128.57 - - [04/Apr/2026:01:34:01 -0400] "GET /status/online/gender/m,t,c,f/age/30-39,50-59,18-19/ethnicity/asian,other HTTP/1.1" 200 21140 "https://www.camjab.com/status/online/gender/m,t,c,f/age/30-39,50-59,18-19/ethnicity/islander,asian,other" "Mozilla/5.0 (Windows NT 10.0; Win64; x64) AppleWebKit/537.36 (KHTML, like Gecko) Chrome/133.0.0.0 Safari/537.36"
216.73.216.135 - - [04/Apr/2026:01:34:01 -0400] "GET /status/offline,online/gender/m,f/ethnicity/black,islander/languages/Dutch HTTP/1.1" 200 20026 "-" "Mozilla/5.0 AppleWebKit/537.36 (KHTML, like Gecko; compatible; ClaudeBot/1.0; +claudebot@anthropic.com)"
95.91.220.22 - - [04/Apr/2026:01:34:01 -0400] "GET /status/offline,online/gender/f,m,t/age/40-49,50-59,60-100/ethnicity/latinas?sortOrder=leastViewed HTTP/1.1" 200 21108 "https://www.camjab.com/status/offline,online/gender/f,m,t/age/40-49,50-59,60-100/ethnicity/latinas" "Mozilla/5.0 (Windows NT 10.0; Win64; x64) AppleWebKit/537.36 (KHTML, like Gecko) Chrome/135.0.0.0 Safari/537.36"
216.73.216.135 - - [04/Apr/2026:01:34:01 -0400] "GET /gender/t,f,c,m/age/18-19/languages/spanish?sortOrder=recent HTTP/1.1" 200 18901 "-" "Mozilla/5.0 AppleWebKit/537.36 (KHTML, like Gecko; compatible; ClaudeBot/1.0; +claudebot@anthropic.com)"
74.7.241.25 - - [04/Apr/2026:01:34:01 -0400] "GET /age/50-59/ethnicity/other,asian,black,east-indian,native HTTP/1.1" 200 19647 "https://www.camjab.com/age/50-59/ethnicity/other,asian,islander,black,east-indian,native" "Mozilla/5.0 AppleWebKit/537.36 (KHTML, like Gecko; compatible; GPTBot/1.3; +https://openai.com/gptbot)"
74.7.241.1 - - [04/Apr/2026:01:34:01 -0400] "GET /age/50-59/ethnicity/latest-news.php,islander,native,other,east-indian,asian,black HTTP/1.1" 200 20830 "https://camjab.com/age/50-59/ethnicity/latest-news.php,latinas,islander,native,other,east-indian,asian,black" "Mozilla/5.0 AppleWebKit/537.36 (KHTML, like Gecko; compatible; GPTBot/1.3; +https://openai.com/gptbot)"
216.73.216.135 - - [04/Apr/2026:01:34:01 -0400] "GET /gender/f,m/age/20-29,40-49/languages/Faeroese?sortOrder=timeOnline HTTP/1.1" 200 18789 "-" "Mozilla/5.0 AppleWebKit/537.36 (KHTML, like Gecko; compatible; ClaudeBot/1.0; +claudebot@anthropic.com)"
216.73.216.135 - - [04/Apr/2026:01:34:01 -0400] "GET /status/offline,online/age/40-49,20-29,30-39/languages/Portuguese?sortOrder=mostViewed HTTP/1.1" 200 19656 "-" "Mozilla/5.0 AppleWebKit/537.36 (KHTML, like Gecko; compatible; ClaudeBot/1.0; +claudebot@anthropic.com)"
216.73.216.135 - - [04/Apr/2026:01:34:01 -0400] "GET /gender/c,m,f/age/20-29,18-19/languages/faeroese HTTP/1.1" 200 18978 "-" "Mozilla/5.0 AppleWebKit/537.36 (KHTML, like Gecko; compatible; ClaudeBot/1.0; +claudebot@anthropic.com)"
177.130.185.4 - - [04/Apr/2026:01:34:01 -0400] "GET /status/offline/gender/f,m,c/age/60-100/ethnicity/native,asian,latinas,islander,white,east-indian HTTP/1.1" 200 22396 "https://www.camjab.com/status/offline/gender/f,m,c/age/20-29,60-100/ethnicity/native,asian,latinas,islander,white,east-indian" "Mozilla/5.0 (Windows NT 10.0; Win64; x64) AppleWebKit/537.36 (KHTML, like Gecko) Chrome/136.0.0.0 Safari/537.36 Edg/136.0.0.0"
216.73.216.135 - - [04/Apr/2026:01:34:01 -0400] "GET /status/offline/gender/f,m/age/20-29,60-100/languages/Arabic?sortOrder=name HTTP/1.1" 200 19442 "-" "Mozilla/5.0 AppleWebKit/537.36 (KHTML, like Gecko; compatible; ClaudeBot/1.0; +claudebot@anthropic.com)"
216.73.216.135 - - [04/Apr/2026:01:34:01 -0400] "GET /gender/c,t/age/30-39/ethnicity/asian/languages/Cambodian?sortOrder=mostViewed HTTP/1.1" 200 19057 "-" "Mozilla/5.0 AppleWebKit/537.36 (KHTML, like Gecko; compatible; ClaudeBot/1.0; +claudebot@anthropic.com)"
216.73.216.135 - - [04/Apr/2026:01:34:01 -0400] "GET /status/offline,online/ethnicity/other,native,islander,black/languages/German HTTP/1.1" 200 20156 "-" "Mozilla/5.0 AppleWebKit/537.36 (KHTML, like Gecko; compatible; ClaudeBot/1.0; +claudebot@anthropic.com)"
109.136.61.225 - - [04/Apr/2026:01:34:01 -0400] "GET /status/online,offline/gender/m/age/30-39,40-49,20-29,50-59/ethnicity/east-indian,latinas,islander?sortOrder=recent HTTP/1.1" 200 22218 "https://www.camjab.com/status/online,offline/gender/m/age/30-39,40-49,20-29,50-59/ethnicity/east-indian,latinas,islander" "Mozilla/5.0 (Windows NT 10.0; Win64; x64) AppleWebKit/537.36 (KHTML, like Gecko) Chrome/134.0.0.0 Safari/537.36"
34.231.156.59 - - [04/Apr/2026:01:34:01 -0400] "GET /status/offline/gender/t,c/age/50-59,18-19,60-100,30-39/ethnicity/islander,native,asian,east-indian/languages/hindi HTTP/1.1" 200 22893 "-" "Mozilla/5.0 AppleWebKit/537.36 (KHTML, like Gecko; compatible; Amazonbot/0.1; +https://developer.amazon.com/support/amazonbot) Chrome/119.0.6045.214 Safari/537.36"
216.73.216.135 - - [04/Apr/2026:01:34:01 -0400] "GET /gender/m,f,c,t/age/40-49/languages/Croatian?sortOrder=name HTTP/1.1" 200 18930 "-" "Mozilla/5.0 AppleWebKit/537.36 (KHTML, like Gecko; compatible; ClaudeBot/1.0; +claudebot@anthropic.com)"
38.199.66.178 - - [04/Apr/2026:01:34:01 -0400] "GET /gender/c,t/age/40-49,50-59/ethnicity/native,other,latinas?sortOrder=mostViewed HTTP/1.1" 200 19995 "https://www.camjab.com/gender/c,t/age/40-49,50-59/ethnicity/native,other,latinas" "Mozilla/5.0 (Macintosh; Intel Mac OS X 10_15_7) AppleWebKit/537.36 (KHTML, like Gecko) Chrome/136.0.0.0 Safari/537.36"
216.73.216.135 - - [04/Apr/2026:01:34:01 -0400] "GET /status/online,offline/age/40-49,50-59,30-39/languages/Hebrew HTTP/1.1" 200 19411 "-" "Mozilla/5.0 AppleWebKit/537.36 (KHTML, like Gecko; compatible; ClaudeBot/1.0; +claudebot@anthropic.com)"
52.5.232.250 - - [04/Apr/2026:01:34:01 -0400] "GET /status/offline,online/gender/t,m,f/age/60-100,50-59,30-39,18-19/ethnicity/white,asian,native,east-indian,islander,latinas/languages/hindi HTTP/1.1" 200 25319 "-" "Mozilla/5.0 AppleWebKit/537.36 (KHTML, like Gecko; compatible; Amazonbot/0.1; +https://developer.amazon.com/support/amazonbot) Chrome/119.0.6045.214 Safari/537.36"
14.181.160.160 - - [04/Apr/2026:01:34:02 -0400] "GET /gender/m,t,f/age/20-29,18-19,50-59,40-49/ethnicity/east-indian,other,black,islander,latinas,asian HTTP/1.1" 200 22987 "https://www.camjab.com/gender/m,t/age/20-29,18-19,50-59,40-49/ethnicity/east-indian,other,black,islander,latinas,asian" "Mozilla/5.0 (Windows NT 10.0; Win64; x64) AppleWebKit/537.36 (KHTML, like Gecko) Chrome/136.0.0.0 Safari/537.36"
216.73.216.135 - - [04/Apr/2026:01:34:02 -0400] "GET /status/offline/gender/c,t/ethnicity/white/languages/bulgarian?sortOrder=timeOnline HTTP/1.1" 200 19210 "-" "Mozilla/5.0 AppleWebKit/537.36 (KHTML, like Gecko; compatible; ClaudeBot/1.0; +claudebot@anthropic.com)"
144.76.32.187 - - [04/Apr/2026:01:34:02 -0400] "GET /languages/cambodian HTTP/1.1" 200 17160 "-" "Mozilla/5.0 (compatible; SERankingBacklinksBot/1.0; +https://seranking.com/backlinks-crawler)"
216.73.216.135 - - [04/Apr/2026:01:34:02 -0400] "GET /gender/f,m/ethnicity/latinas,black/languages/Kashmiri HTTP/1.1" 200 18886 "-" "Mozilla/5.0 AppleWebKit/537.36 (KHTML, like Gecko; compatible; ClaudeBot/1.0; +claudebot@anthropic.com)"
216.73.216.135 - - [04/Apr/2026:01:34:02 -0400] "GET /status/offline,online/gender/m/age/30-39,20-29/languages/czech HTTP/1.1" 200 19443 "-" "Mozilla/5.0 AppleWebKit/537.36 (KHTML, like Gecko; compatible; ClaudeBot/1.0; +claudebot@anthropic.com)"
74.7.241.25 - - [04/Apr/2026:01:34:02 -0400] "GET /age/50-59/ethnicity/east-indian,other,black,native,asian HTTP/1.1" 200 19647 "https://www.camjab.com/age/50-59/ethnicity/east-indian,other,latinas,black,native,asian" "Mozilla/5.0 AppleWebKit/537.36 (KHTML, like Gecko; compatible; GPTBot/1.3; +https://openai.com/gptbot)"
216.73.216.135 - - [04/Apr/2026:01:34:02 -0400] "GET /gender/c,m,t/ethnicity/native,black/languages/Hindi?sortOrder=leastViewed HTTP/1.1" 200 19149 "-" "Mozilla/5.0 AppleWebKit/537.36 (KHTML, like Gecko; compatible; ClaudeBot/1.0; +claudebot@anthropic.com)"
74.7.241.1 - - [04/Apr/2026:01:34:02 -0400] "GET /age/50-59/ethnicity/latest-news.php,asian,islander,other,native,black,east-indian HTTP/1.1" 200 20830 "https://camjab.com/age/50-59/ethnicity/latest-news.php,asian,islander,other,native,black,latinas,east-indian" "Mozilla/5.0 AppleWebKit/537.36 (KHTML, like Gecko; compatible; GPTBot/1.3; +https://openai.com/gptbot)"
216.73.216.135 - - [04/Apr/2026:01:34:02 -0400] "GET /status/offline,online/age/40-49,20-29,18-19/languages/czech HTTP/1.1" 200 19376 "-" "Mozilla/5.0 AppleWebKit/537.36 (KHTML, like Gecko; compatible; ClaudeBot/1.0; +claudebot@anthropic.com)"
216.73.216.135 - - [04/Apr/2026:01:34:02 -0400] "GET /status/offline,online/gender/c,f/age/60-100/languages/Swedish?sortOrder=oldest HTTP/1.1" 200 19537 "-" "Mozilla/5.0 AppleWebKit/537.36 (KHTML, like Gecko; compatible; ClaudeBot/1.0; +claudebot@anthropic.com)"
216.73.216.135 - - [04/Apr/2026:01:34:02 -0400] "GET /gender/f,m/age/20-29/ethnicity/native,islander/languages/Azerbaijani?sortOrder=mostViewed HTTP/1.1" 200 19724 "-" "Mozilla/5.0 AppleWebKit/537.36 (KHTML, like Gecko; compatible; ClaudeBot/1.0; +claudebot@anthropic.com)"
109.107.253.229 - - [04/Apr/2026:01:34:02 -0400] "GET /tags/gymgirl/gender/m,f/age/40-49,60-100/ethnicity/asian,black,east-indian,other,latinas,islander HTTP/1.1" 200 22404 "https://www.camjab.com/tags/gymgirl/gender/m,t,f/age/40-49,60-100/ethnicity/asian,black,east-indian,other,latinas,islander" "Mozilla/5.0 (Windows NT 10.0; Win64; x64) AppleWebKit/537.36 (KHTML, like Gecko) Chrome/136.0.0.0 Safari/537.36 Edg/136.0.0.0"
216.73.216.135 - - [04/Apr/2026:01:34:02 -0400] "GET /gender/c,m/ethnicity/latinas,native,white/languages/fiji?sortOrder=mostViewed HTTP/1.1" 200 19319 "-" "Mozilla/5.0 AppleWebKit/537.36 (KHTML, like Gecko; compatible; ClaudeBot/1.0; +claudebot@anthropic.com)"
216.73.216.135 - - [04/Apr/2026:01:34:02 -0400] "GET /gender/m,f,c/ethnicity/latinas,native/languages/Icelandic?sortOrder=mostViewed HTTP/1.1" 200 19365 "-" "Mozilla/5.0 AppleWebKit/537.36 (KHTML, like Gecko; compatible; ClaudeBot/1.0; +claudebot@anthropic.com)"
103.72.61.184 - - [04/Apr/2026:01:34:02 -0400] "GET /status/offline,online/gender/m,f/age/60-100,30-39,18-19,50-59/ethnicity/asian,latinas,islander HTTP/1.1" 200 22286 "https://www.camjab.com/status/offline,online/gender/m,f/age/60-100,30-39,18-19,50-59/ethnicity/east-indian,asian,latinas,islander" "Mozilla/5.0 (Macintosh; Intel Mac OS X 10_15_7) AppleWebKit/537.36 (KHTML, like Gecko) Chrome/136.0.0.0 Safari/537.36"
216.73.216.135 - - [04/Apr/2026:01:34:02 -0400] "GET /status/offline,online/ethnicity/islander,latinas,white/languages/serbian HTTP/1.1" 200 19774 "-" "Mozilla/5.0 AppleWebKit/537.36 (KHTML, like Gecko; compatible; ClaudeBot/1.0; +claudebot@anthropic.com)"
216.73.216.135 - - [04/Apr/2026:01:34:02 -0400] "GET /gender/t,m,c/age/18-19/languages/fiji?sortOrder=timeOnline HTTP/1.1" 200 18522 "-" "Mozilla/5.0 AppleWebKit/537.36 (KHTML, like Gecko; compatible; ClaudeBot/1.0; +claudebot@anthropic.com)"
3.212.205.90 - - [04/Apr/2026:01:34:03 -0400] "GET /status/offline,online/gender/m,c/age/18-19/ethnicity/native,black,white,east-indian,latinas/sites/1 HTTP/1.1" 200 22309 "-" "Mozilla/5.0 AppleWebKit/537.36 (KHTML, like Gecko; compatible; Amazonbot/0.1; +https://developer.amazon.com/support/amazonbot) Chrome/119.0.6045.214 Safari/537.36"
216.73.216.135 - - [04/Apr/2026:01:34:03 -0400] "GET /gender/c,f,m/ethnicity/white,native,islander/languages/fiji?sortOrder=mostViewed HTTP/1.1" 200 19664 "-" "Mozilla/5.0 AppleWebKit/537.36 (KHTML, like Gecko; compatible; ClaudeBot/1.0; +claudebot@anthropic.com)"
179.49.61.77 - - [04/Apr/2026:01:34:03 -0400] "GET /status/online,offline/gender/t/age/40-49,20-29,50-59/ethnicity/east-indian,other,black,white,latinas HTTP/1.1" 200 22523 "https://www.camjab.com/status/online,offline/gender/t/age/18-19,40-49,20-29,50-59/ethnicity/east-indian,other,black,white,latinas" "Mozilla/5.0 (Windows NT 10.0; Win64; x64) AppleWebKit/537.36 (KHTML, like Gecko) Chrome/136.0.0.0 Safari/537.36 Edg/136.0.0.0"
216.73.216.135 - - [04/Apr/2026:01:34:03 -0400] "GET /status/online/gender/c,m/age/50-59/languages/portuguese HTTP/1.1" 200 18987 "-" "Mozilla/5.0 AppleWebKit/537.36 (KHTML, like Gecko; compatible; ClaudeBot/1.0; +claudebot@anthropic.com)"
216.73.216.135 - - [04/Apr/2026:01:34:03 -0400] "GET /gender/f,c/ethnicity/other,white/languages/irish?sortOrder=timeOnline HTTP/1.1" 200 18827 "-" "Mozilla/5.0 AppleWebKit/537.36 (KHTML, like Gecko; compatible; ClaudeBot/1.0; +claudebot@anthropic.com)"
216.73.216.135 - - [04/Apr/2026:01:34:03 -0400] "GET /status/online/gender/c,f/ethnicity/native,black/languages/Italian?sortOrder=oldest HTTP/1.1" 200 19592 "-" "Mozilla/5.0 AppleWebKit/537.36 (KHTML, like Gecko; compatible; ClaudeBot/1.0; +claudebot@anthropic.com)"
74.7.241.25 - - [04/Apr/2026:01:34:03 -0400] "GET /age/40-49/ethnicity/asian,black,white,native,east-indian HTTP/1.1" 200 19647 "https://www.camjab.com/age/20-29,40-49/ethnicity/asian,black,white,native,east-indian" "Mozilla/5.0 AppleWebKit/537.36 (KHTML, like Gecko; compatible; GPTBot/1.3; +https://openai.com/gptbot)"
90.201.129.112 - - [04/Apr/2026:01:34:03 -0400] "GET /status/offline,online/gender/m,t/age/40-49,50-59,18-19,60-100/ethnicity/asian,native,black,islander HTTP/1.1" 200 22755 "https://www.camjab.com/status/offline,online/gender/m,t/age/40-49,50-59,18-19,60-100/ethnicity/asian,native,black" "Mozilla/5.0 (Windows NT 10.0; Win64; x64) AppleWebKit/537.36 (KHTML, like Gecko) Chrome/136.0.0.0 Safari/537.36 Edg/136.0.0.0"
216.73.216.135 - - [04/Apr/2026:01:34:03 -0400] "GET /status/offline,online/ethnicity/islander,native,black,other/languages/Swedish HTTP/1.1" 200 20192 "-" "Mozilla/5.0 AppleWebKit/537.36 (KHTML, like Gecko; compatible; ClaudeBot/1.0; +claudebot@anthropic.com)"
74.7.241.1 - - [04/Apr/2026:01:34:03 -0400] "GET /age/40-49/ethnicity/latest-news.php,white,black,latinas,islander,other,asian HTTP/1.1" 200 20630 "https://camjab.com/age/40-49/ethnicity/latest-news.php,east-indian,white,black,latinas,islander,other,asian" "Mozilla/5.0 AppleWebKit/537.36 (KHTML, like Gecko; compatible; GPTBot/1.3; +https://openai.com/gptbot)"
216.73.216.135 - - [04/Apr/2026:01:34:03 -0400] "GET /status/online/gender/t,m/ethnicity/other/languages/Estonian HTTP/1.1" 200 19025 "-" "Mozilla/5.0 AppleWebKit/537.36 (KHTML, like Gecko; compatible; ClaudeBot/1.0; +claudebot@anthropic.com)"
196.250.210.23 - - [04/Apr/2026:01:34:03 -0400] "GET /gender/t/age/18-19,30-39/ethnicity/islander,white?sortOrder=mostViewed HTTP/1.1" 200 19232 "https://www.camjab.com/gender/t/age/18-19,30-39/ethnicity/islander,white" "Mozilla/5.0 (Windows NT 10.0; Win64; x64) AppleWebKit/537.36 (KHTML, like Gecko) Chrome/135.0.0.0 Safari/537.36 Edg/135.0.0.0"
216.73.216.135 - - [04/Apr/2026:01:34:03 -0400] "GET /status/offline/gender/c,m/age/60-100,30-39/languages/Japanese?sortOrder=timeOnline HTTP/1.1" 200 19530 "-" "Mozilla/5.0 AppleWebKit/537.36 (KHTML, like Gecko; compatible; ClaudeBot/1.0; +claudebot@anthropic.com)"
216.73.216.135 - - [04/Apr/2026:01:34:03 -0400] "GET /gender/t,m,c/age/60-100/languages/Cambodian?sortOrder=name HTTP/1.1" 200 18710 "-" "Mozilla/5.0 AppleWebKit/537.36 (KHTML, like Gecko; compatible; ClaudeBot/1.0; +claudebot@anthropic.com)"
216.73.216.135 - - [04/Apr/2026:01:34:03 -0400] "GET /status/offline/gender/c,m/ethnicity/white,black/languages/kazakh HTTP/1.1" 200 19454 "-" "Mozilla/5.0 AppleWebKit/537.36 (KHTML, like Gecko; compatible; ClaudeBot/1.0; +claudebot@anthropic.com)"
216.73.216.135 - - [04/Apr/2026:01:34:03 -0400] "GET /gender/c,m,f,t/age/60-100/languages/Cambodian HTTP/1.1" 200 18915 "-" "Mozilla/5.0 AppleWebKit/537.36 (KHTML, like Gecko; compatible; ClaudeBot/1.0; +claudebot@anthropic.com)"
216.73.216.135 - - [04/Apr/2026:01:34:03 -0400] "GET /status/offline,online/age/18-19/ethnicity/native,other/languages/bulgarian?sortOrder=mostViewed HTTP/1.1" 200 19924 "-" "Mozilla/5.0 AppleWebKit/537.36 (KHTML, like Gecko; compatible; ClaudeBot/1.0; +claudebot@anthropic.com)"
216.73.216.135 - - [04/Apr/2026:01:34:04 -0400] "GET /gender/c,t,f/ethnicity/islander/languages/Afrikaans?sortOrder=name HTTP/1.1" 200 18903 "-" "Mozilla/5.0 AppleWebKit/537.36 (KHTML, like Gecko; compatible; ClaudeBot/1.0; +claudebot@anthropic.com)"
216.73.216.135 - - [04/Apr/2026:01:34:04 -0400] "GET /status/offline,online/age/20-29/ethnicity/islander,other/languages/swedish HTTP/1.1" 200 19823 "-" "Mozilla/5.0 AppleWebKit/537.36 (KHTML, like Gecko; compatible; ClaudeBot/1.0; +claudebot@anthropic.com)"
102.209.109.167 - - [04/Apr/2026:01:34:04 -0400] "GET /status/online/gender/f/age/20-29,50-59/ethnicity/islander,native,latinas,other HTTP/1.1" 200 20867 "https://www.camjab.com/status/online/gender/m,f/age/20-29,50-59/ethnicity/islander,native,latinas,other" "Mozilla/5.0 (Windows NT 10.0; Win64; x64) AppleWebKit/537.36 (KHTML, like Gecko) Chrome/135.0.0.0 Safari/537.36"
98.84.60.17 - - [04/Apr/2026:01:34:04 -0400] "GET /status/offline,online/gender/m,t/age/50-59,20-29/ethnicity/islander,asian,native,east-indian,white/languages/kurdish HTTP/1.1" 200 23219 "-" "Mozilla/5.0 AppleWebKit/537.36 (KHTML, like Gecko; compatible; Amazonbot/0.1; +https://developer.amazon.com/support/amazonbot) Chrome/119.0.6045.214 Safari/537.36"
216.73.216.135 - - [04/Apr/2026:01:34:04 -0400] "GET /gender/c,t/ethnicity/white,black/languages/english HTTP/1.1" 200 18785 "-" "Mozilla/5.0 AppleWebKit/537.36 (KHTML, like Gecko; compatible; ClaudeBot/1.0; +claudebot@anthropic.com)"
38.137.56.155 - - [04/Apr/2026:01:34:04 -0400] "GET /status/online/gender/t,m/age/50-59,30-39,40-49,18-19/ethnicity/east-indian,native,islander,other,asian,black,latinas HTTP/1.1" 200 24047 "https://www.camjab.com/status/online/gender/t,m/age/50-59,30-39,40-49,18-19/ethnicity/east-indian,native,islander,other,asian,black" "Mozilla/5.0 (Windows NT 10.0; Win64; x64) AppleWebKit/537.36 (KHTML, like Gecko) Chrome/134.0.0.0 Safari/537.36"
216.73.216.135 - - [04/Apr/2026:01:34:04 -0400] "GET /gender/m,c,f/age/60-100/languages/Indonesian?sortOrder=timeOnline HTTP/1.1" 200 18767 "-" "Mozilla/5.0 AppleWebKit/537.36 (KHTML, like Gecko; compatible; ClaudeBot/1.0; +claudebot@anthropic.com)"
216.73.216.135 - - [04/Apr/2026:01:34:04 -0400] "GET /gender/m,f/ethnicity/islander,white,latinas/languages/Turkish HTTP/1.1" 200 19393 "-" "Mozilla/5.0 AppleWebKit/537.36 (KHTML, like Gecko; compatible; ClaudeBot/1.0; +claudebot@anthropic.com)"
74.7.241.25 - - [04/Apr/2026:01:34:04 -0400] "GET /status/online/age/40-49/ethnicity/east-indian,white,native,asian,black,other HTTP/1.1" 200 20827 "https://www.camjab.com/age/40-49/ethnicity/east-indian,white,native,asian,black,other" "Mozilla/5.0 AppleWebKit/537.36 (KHTML, like Gecko; compatible; GPTBot/1.3; +https://openai.com/gptbot)"
172.59.140.36 - - [04/Apr/2026:01:34:04 -0400] "GET /gender/m/age/18-19,40-49,50-59/ethnicity/islander,east-indian,white HTTP/1.1" 200 20235 "https://www.camjab.com/status/offline/gender/m/age/18-19,40-49,50-59/ethnicity/islander,east-indian,white?sortOrder=recent" "Mozilla/5.0 (Windows NT 10.0; Win64; x64) AppleWebKit/537.36 (KHTML, like Gecko) Chrome/136.0.0.0 Safari/537.36 Edg/136.0.0.0"
17.22.237.50 - - [04/Apr/2026:01:34:04 -0400] "GET /core/ajax.loadModels.php?controller=router&status%5B0%5D=offline&gender%5B0%5D=f&age%5B0%5D=60-100&ethnicity%5B0%5D=native&languages%5B0%5D=norwegian HTTP/1.1" 200 182 "https://camjab.com/status/offline/gender/f/age/60-100/ethnicity/native/languages/norwegian" "Mozilla/5.0 (Macintosh; Intel Mac OS X 10_15_7) AppleWebKit/605.1.15 (KHTML, like Gecko) Version/17.4 Safari/605.1.15 (Applebot/0.1; +http://www.apple.com/go/applebot)"
167.56.236.72 - - [04/Apr/2026:01:34:04 -0400] "GET /status/online/gender/t,m,c/age/30-39/ethnicity/native,black,white,latinas,islander HTTP/1.1" 200 21547 "https://www.camjab.com/status/online/gender/t,m,c/age/30-39/ethnicity/native,black,white,latinas,other,islander" "Mozilla/5.0 (Windows NT 10.0; Win64; x64) AppleWebKit/537.36 (KHTML, like Gecko) Chrome/136.0.0.0 Safari/537.36 Edg/136.0.0.0"
74.7.241.1 - - [04/Apr/2026:01:34:04 -0400] "GET /age/18-19/ethnicity/latest-news.php,other,east-indian,native,black,latinas HTTP/1.1" 200 20320 "https://camjab.com/age/18-19/ethnicity/latest-news.php,other,east-indian,islander,native,black,latinas" "Mozilla/5.0 AppleWebKit/537.36 (KHTML, like Gecko; compatible; GPTBot/1.3; +https://openai.com/gptbot)"
216.73.216.135 - - [04/Apr/2026:01:34:04 -0400] "GET /gender/f,c/ethnicity/native,black,other/languages/Belarusian HTTP/1.1" 200 19360 "-" "Mozilla/5.0 AppleWebKit/537.36 (KHTML, like Gecko; compatible; ClaudeBot/1.0; +claudebot@anthropic.com)"
216.73.216.135 - - [04/Apr/2026:01:34:04 -0400] "GET /status/offline/gender/t,c/age/20-29/ethnicity/white/languages/Albanian HTTP/1.1" 200 19632 "-" "Mozilla/5.0 AppleWebKit/537.36 (KHTML, like Gecko; compatible; ClaudeBot/1.0; +claudebot@anthropic.com)"
152.58.154.208 - - [04/Apr/2026:01:34:04 -0400] "GET /status/offline/gender/t,c,f/ethnicity/islander,asian,east-indian,black,latinas?sortOrder=youngest HTTP/1.1" 200 21275 "https://www.camjab.com/status/offline/gender/t,c,f/ethnicity/islander,asian,east-indian,black,latinas" "Mozilla/5.0 (Windows NT 10.0; Win64; x64) AppleWebKit/537.36 (KHTML, like Gecko) Chrome/133.0.0.0 Safari/537.36"
216.73.216.135 - - [04/Apr/2026:01:34:04 -0400] "GET /gender/f,m,c,t/age/18-19/languages/icelandic?sortOrder=mostViewed HTTP/1.1" 200 18983 "-" "Mozilla/5.0 AppleWebKit/537.36 (KHTML, like Gecko; compatible; ClaudeBot/1.0; +claudebot@anthropic.com)"
216.73.216.135 - - [04/Apr/2026:01:34:04 -0400] "GET /status/online,offline/ethnicity/white,native/languages/croatian?sortOrder=youngest HTTP/1.1" 200 19319 "-" "Mozilla/5.0 AppleWebKit/537.36 (KHTML, like Gecko; compatible; ClaudeBot/1.0; +claudebot@anthropic.com)"
216.73.216.135 - - [04/Apr/2026:01:34:04 -0400] "GET /status/offline,online/gender/m,c/age/18-19/languages/Afrikaans?sortOrder=mostViewed HTTP/1.1" 200 19572 "-" "Mozilla/5.0 AppleWebKit/537.36 (KHTML, like Gecko; compatible; ClaudeBot/1.0; +claudebot@anthropic.com)"
122.162.148.149 - - [04/Apr/2026:01:34:04 -0400] "GET /status/offline/gender/m,t,c,f/age/40-49,30-39,18-19,60-100,20-29,50-59/ethnicity/native,latinas,islander,east-indian,white,other HTTP/1.1" 200 25487 "https://www.camjab.com/status/online,offline/gender/m,t,c,f/age/40-49,30-39,18-19,60-100,20-29,50-59/ethnicity/native,latinas,islander,east-indian,white,other?sortOrder=oldest" "Mozilla/5.0 (Windows NT 10.0; Win64; x64) AppleWebKit/537.36 (KHTML, like Gecko) Chrome/134.0.0.0 Safari/537.36"
216.73.216.135 - - [04/Apr/2026:01:34:04 -0400] "GET /status/online,offline/gender/c/ethnicity/white/languages/estonian?sortOrder=recent HTTP/1.1" 200 19324 "-" "Mozilla/5.0 AppleWebKit/537.36 (KHTML, like Gecko; compatible; ClaudeBot/1.0; +claudebot@anthropic.com)"
216.73.216.135 - - [04/Apr/2026:01:34:05 -0400] "GET /status/offline/gender/t,f/age/18-19,40-49/languages/English?sortOrder=youngest HTTP/1.1" 200 19457 "-" "Mozilla/5.0 AppleWebKit/537.36 (KHTML, like Gecko; compatible; ClaudeBot/1.0; +claudebot@anthropic.com)"
157.50.186.107 - - [04/Apr/2026:01:34:05 -0400] "GET /status/online/gender/f,c,t/age/40-49,18-19,60-100,20-29,50-59/ethnicity/latinas,white,black HTTP/1.1" 200 22417 "https://www.camjab.com/status/online/gender/f,c/age/40-49,18-19,60-100,20-29,50-59/ethnicity/latinas,white,black" "Mozilla/5.0 (Windows NT 10.0; Win64; x64) AppleWebKit/537.36 (KHTML, like Gecko) Chrome/135.0.0.0 Safari/537.36 Edg/135.0.0.0"
216.73.216.135 - - [04/Apr/2026:01:34:05 -0400] "GET /status/online,offline/gender/m/ethnicity/white,native/languages/danish?sortOrder=recent HTTP/1.1" 200 19744 "-" "Mozilla/5.0 AppleWebKit/537.36 (KHTML, like Gecko; compatible; ClaudeBot/1.0; +claudebot@anthropic.com)"
181.120.236.186 - - [04/Apr/2026:01:34:05 -0400] "GET /status/online/gender/f,t,m,c/age/40-49,18-19,60-100,30-39/ethnicity/asian,latinas,white,native,other,black HTTP/1.1" 200 23891 "https://www.camjab.com/status/online/gender/f,t,m,c/age/40-49,18-19,60-100,30-39/ethnicity/asian,latinas,white,native,other,islander,black" "Mozilla/5.0 (Macintosh; Intel Mac OS X 10_15_7) AppleWebKit/537.36 (KHTML, like Gecko) Chrome/136.0.0.0 Safari/537.36"
216.73.216.135 - - [04/Apr/2026:01:34:05 -0400] "GET /status/offline/gender/c,t,m/age/18-19/languages/Spanish?sortOrder=youngest HTTP/1.1" 200 19317 "-" "Mozilla/5.0 AppleWebKit/537.36 (KHTML, like Gecko; compatible; ClaudeBot/1.0; +claudebot@anthropic.com)"
216.73.216.135 - - [04/Apr/2026:01:34:05 -0400] "GET /status/online,offline/age/50-59,20-29/languages/Catalan?sortOrder=recent HTTP/1.1" 200 19113 "-" "Mozilla/5.0 AppleWebKit/537.36 (KHTML, like Gecko; compatible; ClaudeBot/1.0; +claudebot@anthropic.com)"
216.73.216.135 - - [04/Apr/2026:01:34:05 -0400] "GET /gender/t,f,c/ethnicity/black/languages/faeroese?sortOrder=oldest HTTP/1.1" 200 18767 "-" "Mozilla/5.0 AppleWebKit/537.36 (KHTML, like Gecko; compatible; ClaudeBot/1.0; +claudebot@anthropic.com)"
103.25.250.229 - - [04/Apr/2026:01:34:05 -0400] "GET /status/online/gender/t,c/age/50-59,40-49,18-19/ethnicity/latinas,native,white,islander HTTP/1.1" 200 21700 "https://www.camjab.com/status/online/gender/t,c/age/50-59,40-49,18-19/ethnicity/latinas,native,white,islander,asian?sortOrder=name" "Mozilla/5.0 (Macintosh; Intel Mac OS X 10_15_7) AppleWebKit/537.36 (KHTML, like Gecko) Chrome/135.0.0.0 Safari/537.36"
74.7.241.25 - - [04/Apr/2026:01:34:05 -0400] "GET /status/online/age/30-39,20-29/ethnicity/east-indian,native,other,white,black HTTP/1.1" 200 20828 "https://www.camjab.com/age/30-39,20-29/ethnicity/east-indian,native,other,white,black" "Mozilla/5.0 AppleWebKit/537.36 (KHTML, like Gecko; compatible; GPTBot/1.3; +https://openai.com/gptbot)"
216.73.216.135 - - [04/Apr/2026:01:34:05 -0400] "GET /gender/m,t/ethnicity/black,latinas/languages/Hindi?sortOrder=mostViewed HTTP/1.1" 200 18884 "-" "Mozilla/5.0 AppleWebKit/537.36 (KHTML, like Gecko; compatible; ClaudeBot/1.0; +claudebot@anthropic.com)"
74.7.241.1 - - [04/Apr/2026:01:34:05 -0400] "GET /age/50-59/ethnicity/latest-news.php,native,latinas,islander,other,black HTTP/1.1" 200 20203 "https://camjab.com/age/50-59/ethnicity/latest-news.php,native,latinas,islander,other,east-indian,black" "Mozilla/5.0 AppleWebKit/537.36 (KHTML, like Gecko; compatible; GPTBot/1.3; +https://openai.com/gptbot)"
216.73.216.135 - - [04/Apr/2026:01:34:05 -0400] "GET /status/offline,online/gender/t/ethnicity/islander/languages/finnish?sortOrder=timeOnline HTTP/1.1" 200 19405 "-" "Mozilla/5.0 AppleWebKit/537.36 (KHTML, like Gecko; compatible; ClaudeBot/1.0; +claudebot@anthropic.com)"
216.73.216.135 - - [04/Apr/2026:01:34:05 -0400] "GET /status/offline/gender/t,f/age/40-49/ethnicity/black,native/languages/Bulgarian HTTP/1.1" 200 20180 "-" "Mozilla/5.0 AppleWebKit/537.36 (KHTML, like Gecko; compatible; ClaudeBot/1.0; +claudebot@anthropic.com)"
216.73.216.135 - - [04/Apr/2026:01:34:05 -0400] "GET /gender/c,f/age/50-59/ethnicity/black,native/languages/Greek?sortOrder=recent HTTP/1.1" 200 19401 "-" "Mozilla/5.0 AppleWebKit/537.36 (KHTML, like Gecko; compatible; ClaudeBot/1.0; +claudebot@anthropic.com)"
52.207.47.227 - - [04/Apr/2026:01:34:05 -0400] "GET /status/offline,online/gender/m,c,t,f/age/18-19,20-29/ethnicity/islander,native,east-indian,asian/sites/1 HTTP/1.1" 200 22845 "-" "Mozilla/5.0 AppleWebKit/537.36 (KHTML, like Gecko; compatible; Amazonbot/0.1; +https://developer.amazon.com/support/amazonbot) Chrome/119.0.6045.214 Safari/537.36"
216.73.216.135 - - [04/Apr/2026:01:34:05 -0400] "GET /status/online/gender/t,c/age/20-29/languages/greek?sortOrder=recent HTTP/1.1" 200 18915 "-" "Mozilla/5.0 AppleWebKit/537.36 (KHTML, like Gecko; compatible; ClaudeBot/1.0; +claudebot@anthropic.com)"
216.73.216.135 - - [04/Apr/2026:01:34:05 -0400] "GET /status/online,offline/age/40-49/ethnicity/white,black/languages/Polish?sortOrder=mostViewed HTTP/1.1" 200 19782 "-" "Mozilla/5.0 AppleWebKit/537.36 (KHTML, like Gecko; compatible; ClaudeBot/1.0; +claudebot@anthropic.com)"
52.4.76.156 - - [04/Apr/2026:01:34:05 -0400] "GET /status/offline,online/gender/m,f/age/18-19,50-59,40-49,60-100/ethnicity/black,islander,east-indian,asian,latinas/languages/hindi HTTP/1.1" 200 24306 "-" "Mozilla/5.0 AppleWebKit/537.36 (KHTML, like Gecko; compatible; Amazonbot/0.1; +https://developer.amazon.com/support/amazonbot) Chrome/119.0.6045.214 Safari/537.36"
216.73.216.135 - - [04/Apr/2026:01:34:06 -0400] "GET /gender/f,c,m/ethnicity/native,islander/languages/Kazakh?sortOrder=recent HTTP/1.1" 200 19285 "-" "Mozilla/5.0 AppleWebKit/537.36 (KHTML, like Gecko; compatible; ClaudeBot/1.0; +claudebot@anthropic.com)"
216.73.216.135 - - [04/Apr/2026:01:34:06 -0400] "GET /gender/f,m,c/ethnicity/latinas,islander/languages/Spanish HTTP/1.1" 200 19264 "-" "Mozilla/5.0 AppleWebKit/537.36 (KHTML, like Gecko; compatible; ClaudeBot/1.0; +claudebot@anthropic.com)"
216.73.216.135 - - [04/Apr/2026:01:34:06 -0400] "GET /status/offline/gender/m,t,c/age/30-39/languages/Fiji?sortOrder=youngest HTTP/1.1" 200 19212 "-" "Mozilla/5.0 AppleWebKit/537.36 (KHTML, like Gecko; compatible; ClaudeBot/1.0; +claudebot@anthropic.com)"
216.73.216.135 - - [04/Apr/2026:01:34:06 -0400] "GET /gender/m,f,c/age/50-59,30-39/languages/Korean?sortOrder=mostViewed HTTP/1.1" 200 19013 "-" "Mozilla/5.0 AppleWebKit/537.36 (KHTML, like Gecko; compatible; ClaudeBot/1.0; +claudebot@anthropic.com)"
216.73.216.135 - - [04/Apr/2026:01:34:06 -0400] "GET /gender/t,m,c/ethnicity/native,white/languages/Malay?sortOrder=recent HTTP/1.1" 200 19134 "-" "Mozilla/5.0 AppleWebKit/537.36 (KHTML, like Gecko; compatible; ClaudeBot/1.0; +claudebot@anthropic.com)"
17.241.219.74 - - [04/Apr/2026:01:34:06 -0400] "GET /core/ajax.loadModels.php?controller=router&age%5B0%5D=60-100&ethnicity%5B0%5D=latinas&ethnicity%5B1%5D=native&ethnicity%5B2%5D=islander&ethnicity%5B3%5D=east-indian&languages%5B0%5D=french HTTP/1.1" 200 182 "https://www.camjab.com/age/60-100/ethnicity/latinas,native,islander,east-indian/languages/french" "Mozilla/5.0 (Macintosh; Intel Mac OS X 10_15_7) AppleWebKit/605.1.15 (KHTML, like Gecko) Version/17.4 Safari/605.1.15 (Applebot/0.1; +http://www.apple.com/go/applebot)"
216.73.216.135 - - [04/Apr/2026:01:34:06 -0400] "GET /gender/m,f/age/30-39/ethnicity/black,native/languages/Japanese?sortOrder=oldest HTTP/1.1" 200 19496 "-" "Mozilla/5.0 AppleWebKit/537.36 (KHTML, like Gecko; compatible; ClaudeBot/1.0; +claudebot@anthropic.com)"
74.7.241.25 - - [04/Apr/2026:01:34:06 -0400] "GET /gender/c/age/30-39,20-29/ethnicity/east-indian,native,other,white,black HTTP/1.1" 200 20639 "https://www.camjab.com/age/30-39,20-29/ethnicity/east-indian,native,other,white,black" "Mozilla/5.0 AppleWebKit/537.36 (KHTML, like Gecko; compatible; GPTBot/1.3; +https://openai.com/gptbot)"
216.73.216.135 - - [04/Apr/2026:01:34:06 -0400] "GET /gender/m,f/age/50-59,20-29,40-49/languages/Italian HTTP/1.1" 200 19065 "-" "Mozilla/5.0 AppleWebKit/537.36 (KHTML, like Gecko; compatible; ClaudeBot/1.0; +claudebot@anthropic.com)"
74.7.241.1 - - [04/Apr/2026:01:34:06 -0400] "GET /age/20-29/ethnicity/latest-news.php,white,latinas,black,east-indian,other,islander HTTP/1.1" 200 20870 "https://camjab.com/age/20-29/ethnicity/latest-news.php,white,latinas,black,east-indian,other,native,islander" "Mozilla/5.0 AppleWebKit/537.36 (KHTML, like Gecko; compatible; GPTBot/1.3; +https://openai.com/gptbot)"
216.73.216.135 - - [04/Apr/2026:01:34:06 -0400] "GET /gender/t,c/ethnicity/other,white/languages/japanese?sortOrder=mostViewed HTTP/1.1" 200 18924 "-" "Mozilla/5.0 AppleWebKit/537.36 (KHTML, like Gecko; compatible; ClaudeBot/1.0; +claudebot@anthropic.com)"
216.73.216.135 - - [04/Apr/2026:01:34:06 -0400] "GET /gender/f,m/age/20-29/ethnicity/latinas,native/languages/danish HTTP/1.1" 200 19407 "-" "Mozilla/5.0 AppleWebKit/537.36 (KHTML, like Gecko; compatible; ClaudeBot/1.0; +claudebot@anthropic.com)"
216.73.216.135 - - [04/Apr/2026:01:34:06 -0400] "GET /gender/f,m/ethnicity/asian/languages/greek?sortOrder=timeOnline HTTP/1.1" 200 18383 "-" "Mozilla/5.0 AppleWebKit/537.36 (KHTML, like Gecko; compatible; ClaudeBot/1.0; +claudebot@anthropic.com)"
144.76.32.187 - - [04/Apr/2026:01:34:06 -0400] "GET /languages/norwegian HTTP/1.1" 200 17160 "-" "Mozilla/5.0 (compatible; SERankingBacklinksBot/1.0; +https://seranking.com/backlinks-crawler)"
187.108.85.235 - - [04/Apr/2026:01:34:06 -0400] "GET /status/online/gender/c,f,m/age/20-29,60-100,40-49/ethnicity/east-indian,black,asian,other?sortOrder=mostViewed HTTP/1.1" 200 22194 "https://www.camjab.com/status/online/gender/c,f,m/age/20-29,60-100,40-49/ethnicity/east-indian,black,asian,other" "Mozilla/5.0 (Windows NT 10.0; Win64; x64) AppleWebKit/537.36 (KHTML, like Gecko) Chrome/133.0.0.0 Safari/537.36"
216.73.216.135 - - [04/Apr/2026:01:34:06 -0400] "GET /gender/t,c/age/18-19/ethnicity/islander/languages/greek?sortOrder=mostViewed HTTP/1.1" 200 19029 "-" "Mozilla/5.0 AppleWebKit/537.36 (KHTML, like Gecko; compatible; ClaudeBot/1.0; +claudebot@anthropic.com)"
216.73.216.135 - - [04/Apr/2026:01:34:07 -0400] "GET /status/online/gender/m,f/ethnicity/islander/languages/Faeroese?sortOrder=oldest HTTP/1.1" 200 19231 "-" "Mozilla/5.0 AppleWebKit/537.36 (KHTML, like Gecko; compatible; ClaudeBot/1.0; +claudebot@anthropic.com)"
3.220.148.166 - - [04/Apr/2026:01:34:07 -0400] "GET /status/offline/gender/c,f/age/50-59,18-19,20-29/ethnicity/native,east-indian,asian,black/languages/hindi HTTP/1.1" 200 22443 "-" "Mozilla/5.0 AppleWebKit/537.36 (KHTML, like Gecko; compatible; Amazonbot/0.1; +https://developer.amazon.com/support/amazonbot) Chrome/119.0.6045.214 Safari/537.36"
216.73.216.135 - - [04/Apr/2026:01:34:07 -0400] "GET /gender/m,f/ethnicity/white,black,native/languages/armenian HTTP/1.1" 200 19280 "-" "Mozilla/5.0 AppleWebKit/537.36 (KHTML, like Gecko; compatible; ClaudeBot/1.0; +claudebot@anthropic.com)"
216.73.216.135 - - [04/Apr/2026:01:34:07 -0400] "GET /status/online,offline/gender/c/age/18-19/languages/persian?sortOrder=name HTTP/1.1" 200 19173 "-" "Mozilla/5.0 AppleWebKit/537.36 (KHTML, like Gecko; compatible; ClaudeBot/1.0; +claudebot@anthropic.com)"
216.73.216.135 - - [04/Apr/2026:01:34:07 -0400] "GET /status/online,offline/ethnicity/latinas,native,other/languages/catalan?sortOrder=mostViewed HTTP/1.1" 200 19805 "-" "Mozilla/5.0 AppleWebKit/537.36 (KHTML, like Gecko; compatible; ClaudeBot/1.0; +claudebot@anthropic.com)"
216.73.216.135 - - [04/Apr/2026:01:34:07 -0400] "GET /gender/f,t,m/ethnicity/white,native/languages/Polish?sortOrder=name HTTP/1.1" 200 19163 "-" "Mozilla/5.0 AppleWebKit/537.36 (KHTML, like Gecko; compatible; ClaudeBot/1.0; +claudebot@anthropic.com)"
216.73.216.135 - - [04/Apr/2026:01:34:07 -0400] "GET /status/offline/gender/c,f,m/age/30-39/languages/Armenian?sortOrder=youngest HTTP/1.1" 200 19357 "-" "Mozilla/5.0 AppleWebKit/537.36 (KHTML, like Gecko; compatible; ClaudeBot/1.0; +claudebot@anthropic.com)"
216.73.216.135 - - [04/Apr/2026:01:34:07 -0400] "GET /status/offline/gender/t,c,f/ethnicity/native/languages/Armenian?sortOrder=youngest HTTP/1.1" 200 19516 "-" "Mozilla/5.0 AppleWebKit/537.36 (KHTML, like Gecko; compatible; ClaudeBot/1.0; +claudebot@anthropic.com)"
