216.73.216.135 - - [04/Apr/2026:01:38:05 -0400] "GET /status/online,offline/age/20-29,40-49/ethnicity/islander/languages/Fiji HTTP/1.1" 200 19699 "-" "Mozilla/5.0 AppleWebKit/537.36 (KHTML, like Gecko; compatible; ClaudeBot/1.0; +claudebot@anthropic.com)"
216.73.216.135 - - [04/Apr/2026:01:38:05 -0400] "GET /gender/t,c/age/20-29,18-19/languages/hebrew?sortOrder=timeOnline HTTP/1.1" 200 18726 "-" "Mozilla/5.0 AppleWebKit/537.36 (KHTML, like Gecko; compatible; ClaudeBot/1.0; +claudebot@anthropic.com)"
216.73.216.135 - - [04/Apr/2026:01:38:05 -0400] "GET /status/offline/gender/c,m/age/50-59/ethnicity/native,white/languages/Arabic HTTP/1.1" 200 20067 "-" "Mozilla/5.0 AppleWebKit/537.36 (KHTML, like Gecko; compatible; ClaudeBot/1.0; +claudebot@anthropic.com)"
74.7.241.1 - - [04/Apr/2026:01:38:05 -0400] "GET /age/50-59/ethnicity/latest-news.php,east-indian,other,native,black,latinas,white HTTP/1.1" 200 20790 "https://camjab.com/age/50-59/ethnicity/latest-news.php,east-indian,other,native,islander,black,latinas,white" "Mozilla/5.0 AppleWebKit/537.36 (KHTML, like Gecko; compatible; GPTBot/1.3; +https://openai.com/gptbot)"
216.73.216.135 - - [04/Apr/2026:01:38:05 -0400] "GET /gender/m,t/age/50-59,30-39/languages/thai?sortOrder=oldest HTTP/1.1" 200 18636 "-" "Mozilla/5.0 AppleWebKit/537.36 (KHTML, like Gecko; compatible; ClaudeBot/1.0; +claudebot@anthropic.com)"
216.73.216.135 - - [04/Apr/2026:01:38:05 -0400] "GET /gender/m,t,f/age/50-59/languages/Polish?sortOrder=youngest HTTP/1.1" 200 18584 "-" "Mozilla/5.0 AppleWebKit/537.36 (KHTML, like Gecko; compatible; ClaudeBot/1.0; +claudebot@anthropic.com)"
216.73.216.135 - - [04/Apr/2026:01:38:05 -0400] "GET /gender/f,m,t/age/60-100/ethnicity/black/languages/Irish HTTP/1.1" 200 19144 "-" "Mozilla/5.0 AppleWebKit/537.36 (KHTML, like Gecko; compatible; ClaudeBot/1.0; +claudebot@anthropic.com)"
74.7.241.25 - - [04/Apr/2026:01:38:05 -0400] "GET /age/18-19/ethnicity/white,native,east-indian,black,other HTTP/1.1" 200 19647 "https://www.camjab.com/age/18-19/ethnicity/white,native,latinas,east-indian,black,other" "Mozilla/5.0 AppleWebKit/537.36 (KHTML, like Gecko; compatible; GPTBot/1.3; +https://openai.com/gptbot)"
23.23.104.107 - - [04/Apr/2026:01:38:05 -0400] "GET /status/online,offline/gender/c,f/age/50-59,60-100/ethnicity/native,asian,islander,white/languages/japanese HTTP/1.1" 200 22308 "-" "Mozilla/5.0 AppleWebKit/537.36 (KHTML, like Gecko; compatible; Amazonbot/0.1; +https://developer.amazon.com/support/amazonbot) Chrome/119.0.6045.214 Safari/537.36"
216.73.216.135 - - [04/Apr/2026:01:38:05 -0400] "GET /status/offline/gender/f,m,c/age/18-19/ethnicity/native/languages/slovak HTTP/1.1" 200 19914 "-" "Mozilla/5.0 AppleWebKit/537.36 (KHTML, like Gecko; compatible; ClaudeBot/1.0; +claudebot@anthropic.com)"
216.73.216.135 - - [04/Apr/2026:01:38:05 -0400] "GET /gender/c,f/age/20-29/ethnicity/white,native/languages/malay?sortOrder=youngest HTTP/1.1" 200 19407 "-" "Mozilla/5.0 AppleWebKit/537.36 (KHTML, like Gecko; compatible; ClaudeBot/1.0; +claudebot@anthropic.com)"
217.113.194.20 - - [04/Apr/2026:01:38:05 -0400] "GET /status/online/gender/f,c,m/age/50-59/ethnicity/east-indian,native,latino,black HTTP/1.1" 200 20875 "-" "Mozilla/5.0 (compatible; Barkrowler/0.9; +https://babbar.tech/crawler)"
44.207.207.36 - - [04/Apr/2026:01:38:06 -0400] "GET /status/offline,online/gender/f,c/age/20-29/ethnicity/native,latino,islander,white?sortOrder=recent HTTP/1.1" 200 21314 "-" "Mozilla/5.0 AppleWebKit/537.36 (KHTML, like Gecko; compatible; Amazonbot/0.1; +https://developer.amazon.com/support/amazonbot) Chrome/119.0.6045.214 Safari/537.36"
216.73.216.135 - - [04/Apr/2026:01:38:06 -0400] "GET /gender/f,c/ethnicity/black,native,asian/languages/Italian?sortOrder=name HTTP/1.1" 200 19342 "-" "Mozilla/5.0 AppleWebKit/537.36 (KHTML, like Gecko; compatible; ClaudeBot/1.0; +claudebot@anthropic.com)"
216.73.216.135 - - [04/Apr/2026:01:38:06 -0400] "GET /status/online/gender/t,m,f,c/languages/italian?sortOrder=leastViewed HTTP/1.1" 200 19037 "-" "Mozilla/5.0 AppleWebKit/537.36 (KHTML, like Gecko; compatible; ClaudeBot/1.0; +claudebot@anthropic.com)"
144.76.32.187 - - [04/Apr/2026:01:38:06 -0400] "GET /tags/bdsm/gender/m,t HTTP/1.1" 200 17576 "-" "Mozilla/5.0 (compatible; SERankingBacklinksBot/1.0; +https://seranking.com/backlinks-crawler)"
216.73.216.135 - - [04/Apr/2026:01:38:06 -0400] "GET /status/online/gender/f,m/age/60-100/languages/Cambodian?sortOrder=timeOnline HTTP/1.1" 200 19094 "-" "Mozilla/5.0 AppleWebKit/537.36 (KHTML, like Gecko; compatible; ClaudeBot/1.0; +claudebot@anthropic.com)"
216.73.216.135 - - [04/Apr/2026:01:38:06 -0400] "GET /status/online,offline/gender/c/ethnicity/islander,native/languages/indonesian HTTP/1.1" 200 19912 "-" "Mozilla/5.0 AppleWebKit/537.36 (KHTML, like Gecko; compatible; ClaudeBot/1.0; +claudebot@anthropic.com)"
216.73.216.135 - - [04/Apr/2026:01:38:06 -0400] "GET /status/offline,online/age/40-49,20-29,30-39/languages/ukrainian HTTP/1.1" 200 19516 "-" "Mozilla/5.0 AppleWebKit/537.36 (KHTML, like Gecko; compatible; ClaudeBot/1.0; +claudebot@anthropic.com)"
74.7.241.1 - - [04/Apr/2026:01:38:06 -0400] "GET /age/30-39/ethnicity/latest-news.php,asian,black,latinas,other,native,islander HTTP/1.1" 200 20670 "https://camjab.com/age/30-39/ethnicity/latest-news.php,asian,east-indian,black,latinas,other,native,islander" "Mozilla/5.0 AppleWebKit/537.36 (KHTML, like Gecko; compatible; GPTBot/1.3; +https://openai.com/gptbot)"
216.73.216.135 - - [04/Apr/2026:01:38:06 -0400] "GET /status/online,offline/age/60-100/ethnicity/white/languages/Danish?sortOrder=youngest HTTP/1.1" 200 19350 "-" "Mozilla/5.0 AppleWebKit/537.36 (KHTML, like Gecko; compatible; ClaudeBot/1.0; +claudebot@anthropic.com)"
216.73.216.135 - - [04/Apr/2026:01:38:06 -0400] "GET /status/offline,online/gender/f/age/18-19,40-49/languages/Japanese?sortOrder=oldest HTTP/1.1" 200 19651 "-" "Mozilla/5.0 AppleWebKit/537.36 (KHTML, like Gecko; compatible; ClaudeBot/1.0; +claudebot@anthropic.com)"
216.73.216.135 - - [04/Apr/2026:01:38:06 -0400] "GET /status/offline,online/gender/f,c/ethnicity/other/languages/Ukrainian HTTP/1.1" 200 19594 "-" "Mozilla/5.0 AppleWebKit/537.36 (KHTML, like Gecko; compatible; ClaudeBot/1.0; +claudebot@anthropic.com)"
74.7.241.25 - - [04/Apr/2026:01:38:06 -0400] "GET /age/30-39/ethnicity/native,white,east-indian,black,asian HTTP/1.1" 200 19647 "https://www.camjab.com/age/30-39,20-29/ethnicity/native,white,east-indian,black,asian" "Mozilla/5.0 AppleWebKit/537.36 (KHTML, like Gecko; compatible; GPTBot/1.3; +https://openai.com/gptbot)"
216.73.216.135 - - [04/Apr/2026:01:38:06 -0400] "GET /gender/t,f/age/20-29/ethnicity/white/languages/Chinese?sortOrder=youngest HTTP/1.1" 200 18983 "-" "Mozilla/5.0 AppleWebKit/537.36 (KHTML, like Gecko; compatible; ClaudeBot/1.0; +claudebot@anthropic.com)"
216.73.216.135 - - [04/Apr/2026:01:38:06 -0400] "GET /gender/f,t/ethnicity/white,black/languages/Maltese?sortOrder=youngest HTTP/1.1" 200 18884 "-" "Mozilla/5.0 AppleWebKit/537.36 (KHTML, like Gecko; compatible; ClaudeBot/1.0; +claudebot@anthropic.com)"
216.73.216.135 - - [04/Apr/2026:01:38:06 -0400] "GET /status/online/gender/m,f/ethnicity/black,other/languages/spanish HTTP/1.1" 200 19452 "-" "Mozilla/5.0 AppleWebKit/537.36 (KHTML, like Gecko; compatible; ClaudeBot/1.0; +claudebot@anthropic.com)"
216.73.216.135 - - [04/Apr/2026:01:38:07 -0400] "GET /gender/m,t/ethnicity/islander,native/languages/Afrikaans?sortOrder=timeOnline HTTP/1.1" 200 19092 "-" "Mozilla/5.0 AppleWebKit/537.36 (KHTML, like Gecko; compatible; ClaudeBot/1.0; +claudebot@anthropic.com)"
216.73.216.135 - - [04/Apr/2026:01:38:07 -0400] "GET /status/offline,online/gender/f,m/age/30-39/sites/3?sortOrder=youngest HTTP/1.1" 200 19202 "-" "Mozilla/5.0 AppleWebKit/537.36 (KHTML, like Gecko; compatible; ClaudeBot/1.0; +claudebot@anthropic.com)"
216.73.216.135 - - [04/Apr/2026:01:38:07 -0400] "GET /gender/c,m/ethnicity/black,islander/languages/Catalan?sortOrder=timeOnline HTTP/1.1" 200 18993 "-" "Mozilla/5.0 AppleWebKit/537.36 (KHTML, like Gecko; compatible; ClaudeBot/1.0; +claudebot@anthropic.com)"
107.20.224.184 - - [04/Apr/2026:01:38:07 -0400] "GET /status/offline,online/gender/c/age/50-59,20-29,40-49/ethnicity/native,islander,east-indian,white,black/languages/armenian HTTP/1.1" 200 23407 "-" "Mozilla/5.0 AppleWebKit/537.36 (KHTML, like Gecko; compatible; Amazonbot/0.1; +https://developer.amazon.com/support/amazonbot) Chrome/119.0.6045.214 Safari/537.36"
216.73.216.135 - - [04/Apr/2026:01:38:07 -0400] "GET /gender/c,m/age/30-39/ethnicity/latinas/languages/Spanish?sortOrder=oldest HTTP/1.1" 200 19044 "-" "Mozilla/5.0 AppleWebKit/537.36 (KHTML, like Gecko; compatible; ClaudeBot/1.0; +claudebot@anthropic.com)"
74.7.241.1 - - [04/Apr/2026:01:38:07 -0400] "GET /age/18-19/ethnicity/latest-news.php,east-indian,islander,other,latinas,white,black HTTP/1.1" 200 20870 "https://camjab.com/age/18-19/ethnicity/latest-news.php,east-indian,islander,other,asian,latinas,white,black" "Mozilla/5.0 AppleWebKit/537.36 (KHTML, like Gecko; compatible; GPTBot/1.3; +https://openai.com/gptbot)"
216.73.216.135 - - [04/Apr/2026:01:38:07 -0400] "GET /gender/m,t,f/age/30-39/languages/albanian?sortOrder=oldest HTTP/1.1" 200 18646 "-" "Mozilla/5.0 AppleWebKit/537.36 (KHTML, like Gecko; compatible; ClaudeBot/1.0; +claudebot@anthropic.com)"
216.73.216.135 - - [04/Apr/2026:01:38:07 -0400] "GET /status/offline/gender/c,f,t/ethnicity/native/languages/kazakh?sortOrder=timeOnline HTTP/1.1" 200 19452 "-" "Mozilla/5.0 AppleWebKit/537.36 (KHTML, like Gecko; compatible; ClaudeBot/1.0; +claudebot@anthropic.com)"
216.73.216.135 - - [04/Apr/2026:01:38:07 -0400] "GET /status/offline/gender/f,c/age/40-49/ethnicity/black,white/languages/swedish HTTP/1.1" 200 20075 "-" "Mozilla/5.0 AppleWebKit/537.36 (KHTML, like Gecko; compatible; ClaudeBot/1.0; +claudebot@anthropic.com)"
216.73.216.135 - - [04/Apr/2026:01:38:07 -0400] "GET /gender/f,m,t/ethnicity/white/languages/Thai?sortOrder=youngest HTTP/1.1" 200 18627 "-" "Mozilla/5.0 AppleWebKit/537.36 (KHTML, like Gecko; compatible; ClaudeBot/1.0; +claudebot@anthropic.com)"
74.7.241.25 - - [04/Apr/2026:01:38:07 -0400] "GET /age/30-39/ethnicity/asian,native,black,white,east-indian HTTP/1.1" 200 19647 "https://www.camjab.com/age/50-59,30-39/ethnicity/asian,native,black,white,east-indian" "Mozilla/5.0 AppleWebKit/537.36 (KHTML, like Gecko; compatible; GPTBot/1.3; +https://openai.com/gptbot)"
216.73.216.135 - - [04/Apr/2026:01:38:07 -0400] "GET /status/online/gender/f,c/age/20-29,30-39/ethnicity/white HTTP/1.1" 200 19356 "-" "Mozilla/5.0 AppleWebKit/537.36 (KHTML, like Gecko; compatible; ClaudeBot/1.0; +claudebot@anthropic.com)"
216.73.216.135 - - [04/Apr/2026:01:38:07 -0400] "GET /gender/m,t/ethnicity/white,native,islander/languages/Albanian?sortOrder=leastViewed HTTP/1.1" 200 19494 "-" "Mozilla/5.0 AppleWebKit/537.36 (KHTML, like Gecko; compatible; ClaudeBot/1.0; +claudebot@anthropic.com)"
216.73.216.135 - - [04/Apr/2026:01:38:07 -0400] "GET /gender/m,t,f/age/30-39/ethnicity/black,native/languages/English HTTP/1.1" 200 19675 "-" "Mozilla/5.0 AppleWebKit/537.36 (KHTML, like Gecko; compatible; ClaudeBot/1.0; +claudebot@anthropic.com)"
216.73.216.135 - - [04/Apr/2026:01:38:08 -0400] "GET /gender/c,m/age/30-39/ethnicity/white,native/languages/albanian HTTP/1.1" 200 19403 "-" "Mozilla/5.0 AppleWebKit/537.36 (KHTML, like Gecko; compatible; ClaudeBot/1.0; +claudebot@anthropic.com)"
216.73.216.135 - - [04/Apr/2026:01:38:08 -0400] "GET /status/online/gender/c,t/age/18-19,40-49/languages/german?sortOrder=recent HTTP/1.1" 200 19379 "-" "Mozilla/5.0 AppleWebKit/537.36 (KHTML, like Gecko; compatible; ClaudeBot/1.0; +claudebot@anthropic.com)"
216.73.216.135 - - [04/Apr/2026:01:38:08 -0400] "GET /gender/m,f/ethnicity/islander,black/languages/Lithuanian?sortOrder=timeOnline HTTP/1.1" 200 19095 "-" "Mozilla/5.0 AppleWebKit/537.36 (KHTML, like Gecko; compatible; ClaudeBot/1.0; +claudebot@anthropic.com)"
98.83.177.42 - - [04/Apr/2026:01:38:08 -0400] "GET /status/offline/gender/t,f/age/30-39,18-19,60-100/ethnicity/east-indian,native,asian,white HTTP/1.1" 200 21826 "-" "Mozilla/5.0 AppleWebKit/537.36 (KHTML, like Gecko; compatible; Amazonbot/0.1; +https://developer.amazon.com/support/amazonbot) Chrome/119.0.6045.214 Safari/537.36"
197.184.117.166 - - [04/Apr/2026:01:38:08 -0400] "GET /status/online/gender/m/age/40-49,18-19,20-29/ethnicity/east-indian,latinas?sortOrder=leastViewed HTTP/1.1" 200 20564 "https://www.camjab.com/status/online/gender/m/age/40-49,18-19,20-29/ethnicity/east-indian,latinas" "Mozilla/5.0 (Windows NT 10.0; Win64; x64) AppleWebKit/537.36 (KHTML, like Gecko) Chrome/135.0.0.0 Safari/537.36"
216.73.216.135 - - [04/Apr/2026:01:38:08 -0400] "GET /gender/f,m/age/40-49/ethnicity/islander/languages/Indonesian?sortOrder=youngest HTTP/1.1" 200 19188 "-" "Mozilla/5.0 AppleWebKit/537.36 (KHTML, like Gecko; compatible; ClaudeBot/1.0; +claudebot@anthropic.com)"
216.73.216.135 - - [04/Apr/2026:01:38:08 -0400] "GET /status/online/gender/t,m,f,c/age/30-39/languages/Japanese HTTP/1.1" 200 19522 "-" "Mozilla/5.0 AppleWebKit/537.36 (KHTML, like Gecko; compatible; ClaudeBot/1.0; +claudebot@anthropic.com)"
74.7.241.1 - - [04/Apr/2026:01:38:08 -0400] "GET /age/50-59/ethnicity/latest-news.php,black,native,east-indian,latinas,other,white HTTP/1.1" 200 20790 "https://camjab.com/age/50-59/ethnicity/latest-news.php,black,native,east-indian,latinas,other,asian,white" "Mozilla/5.0 AppleWebKit/537.36 (KHTML, like Gecko; compatible; GPTBot/1.3; +https://openai.com/gptbot)"
216.73.216.135 - - [04/Apr/2026:01:38:08 -0400] "GET /status/offline,online/gender/t,c/age/60-100/languages/Armenian HTTP/1.1" 200 19474 "-" "Mozilla/5.0 AppleWebKit/537.36 (KHTML, like Gecko; compatible; ClaudeBot/1.0; +claudebot@anthropic.com)"
216.73.216.135 - - [04/Apr/2026:01:38:08 -0400] "GET /status/offline,online/age/18-19,20-29/ethnicity/islander/languages/dutch HTTP/1.1" 200 19734 "-" "Mozilla/5.0 AppleWebKit/537.36 (KHTML, like Gecko; compatible; ClaudeBot/1.0; +claudebot@anthropic.com)"
216.73.216.135 - - [04/Apr/2026:01:38:08 -0400] "GET /gender/f,m/age/40-49/ethnicity/white,black/languages/Italian?sortOrder=name HTTP/1.1" 200 19418 "-" "Mozilla/5.0 AppleWebKit/537.36 (KHTML, like Gecko; compatible; ClaudeBot/1.0; +claudebot@anthropic.com)"
216.73.216.135 - - [04/Apr/2026:01:38:08 -0400] "GET /gender/c,t/ethnicity/other,latinas/languages/French?sortOrder=leastViewed HTTP/1.1" 200 18931 "-" "Mozilla/5.0 AppleWebKit/537.36 (KHTML, like Gecko; compatible; ClaudeBot/1.0; +claudebot@anthropic.com)"
74.7.241.25 - - [04/Apr/2026:01:38:08 -0400] "GET /age/20-29/ethnicity/native,black,east-indian,asian,white HTTP/1.1" 200 19647 "https://www.camjab.com/age/40-49,20-29/ethnicity/native,black,east-indian,asian,white" "Mozilla/5.0 AppleWebKit/537.36 (KHTML, like Gecko; compatible; GPTBot/1.3; +https://openai.com/gptbot)"
216.73.216.135 - - [04/Apr/2026:01:38:08 -0400] "GET /gender/m,c/age/40-49,50-59/ethnicity/native/languages/faeroese HTTP/1.1" 200 19384 "-" "Mozilla/5.0 AppleWebKit/537.36 (KHTML, like Gecko; compatible; ClaudeBot/1.0; +claudebot@anthropic.com)"
216.73.216.135 - - [04/Apr/2026:01:38:08 -0400] "GET /status/online/gender/t,m/ethnicity/native,asian/languages/Slovak HTTP/1.1" 200 19449 "-" "Mozilla/5.0 AppleWebKit/537.36 (KHTML, like Gecko; compatible; ClaudeBot/1.0; +claudebot@anthropic.com)"
216.73.216.135 - - [04/Apr/2026:01:38:09 -0400] "GET /status/offline/gender/f,t/age/30-39/ethnicity/native,other/languages/French HTTP/1.1" 200 20072 "-" "Mozilla/5.0 AppleWebKit/537.36 (KHTML, like Gecko; compatible; ClaudeBot/1.0; +claudebot@anthropic.com)"
216.73.216.135 - - [04/Apr/2026:01:38:09 -0400] "GET /status/offline,online/ethnicity/white,native,black,other/languages/czech HTTP/1.1" 200 20006 "-" "Mozilla/5.0 AppleWebKit/537.36 (KHTML, like Gecko; compatible; ClaudeBot/1.0; +claudebot@anthropic.com)"
217.113.194.21 - - [04/Apr/2026:01:38:09 -0400] "GET /status/offline/gender/m/age/60-100,30-39/ethnicity/asian,black/languages/albanian HTTP/1.1" 200 20471 "-" "Mozilla/5.0 (compatible; Barkrowler/0.9; +https://babbar.tech/crawler)"
216.73.216.135 - - [04/Apr/2026:01:38:09 -0400] "GET /gender/m,f/ethnicity/native,black/languages/kazakh?sortOrder=timeOnline HTTP/1.1" 200 18887 "-" "Mozilla/5.0 AppleWebKit/537.36 (KHTML, like Gecko; compatible; ClaudeBot/1.0; +claudebot@anthropic.com)"
216.73.216.135 - - [04/Apr/2026:01:38:09 -0400] "GET /status/offline,online/gender/f,m/age/30-39/ethnicity/native/languages/Catalan HTTP/1.1" 200 20129 "-" "Mozilla/5.0 AppleWebKit/537.36 (KHTML, like Gecko; compatible; ClaudeBot/1.0; +claudebot@anthropic.com)"
74.7.241.1 - - [04/Apr/2026:01:38:09 -0400] "GET /age/40-49/ethnicity/latest-news.php,asian,islander,native,black,latinas,other HTTP/1.1" 200 20670 "https://camjab.com/age/40-49/ethnicity/latest-news.php,asian,islander,native,black,latinas,other,east-indian" "Mozilla/5.0 AppleWebKit/537.36 (KHTML, like Gecko; compatible; GPTBot/1.3; +https://openai.com/gptbot)"
216.73.216.135 - - [04/Apr/2026:01:38:09 -0400] "GET /gender/f,c,m/age/20-29/ethnicity/islander,native/languages/french HTTP/1.1" 200 19758 "-" "Mozilla/5.0 AppleWebKit/537.36 (KHTML, like Gecko; compatible; ClaudeBot/1.0; +claudebot@anthropic.com)"
216.73.216.135 - - [04/Apr/2026:01:38:09 -0400] "GET /gender/m,t/age/30-39,50-59/languages/icelandic?sortOrder=leastViewed HTTP/1.1" 200 18821 "-" "Mozilla/5.0 AppleWebKit/537.36 (KHTML, like Gecko; compatible; ClaudeBot/1.0; +claudebot@anthropic.com)"
216.73.216.135 - - [04/Apr/2026:01:38:09 -0400] "GET /status/offline,online/age/30-39/ethnicity/latinas/languages/Croatian?sortOrder=oldest HTTP/1.1" 200 19448 "-" "Mozilla/5.0 AppleWebKit/537.36 (KHTML, like Gecko; compatible; ClaudeBot/1.0; +claudebot@anthropic.com)"
216.73.216.135 - - [04/Apr/2026:01:38:09 -0400] "GET /gender/m,f,c/ethnicity/islander,native/languages/albanian?sortOrder=recent HTTP/1.1" 200 19355 "-" "Mozilla/5.0 AppleWebKit/537.36 (KHTML, like Gecko; compatible; ClaudeBot/1.0; +claudebot@anthropic.com)"
74.7.241.25 - - [04/Apr/2026:01:38:09 -0400] "GET /age/18-19/ethnicity/native,asian,other,black,east-indian,islander HTTP/1.1" 200 20214 "https://www.camjab.com/age/18-19/ethnicity/native,asian,other,black,east-indian" "Mozilla/5.0 AppleWebKit/537.36 (KHTML, like Gecko; compatible; GPTBot/1.3; +https://openai.com/gptbot)"
216.73.216.135 - - [04/Apr/2026:01:38:09 -0400] "GET /status/offline,online/age/20-29/ethnicity/white,other,native/languages/Maltese HTTP/1.1" 200 20205 "-" "Mozilla/5.0 AppleWebKit/537.36 (KHTML, like Gecko; compatible; ClaudeBot/1.0; +claudebot@anthropic.com)"
52.2.191.202 - - [04/Apr/2026:01:38:09 -0400] "GET /status/offline,online/gender/c,t,f,m/age/30-39/ethnicity/latino,native,white,islander,asian,latinas HTTP/1.1" 200 22778 "-" "Mozilla/5.0 AppleWebKit/537.36 (KHTML, like Gecko; compatible; Amazonbot/0.1; +https://developer.amazon.com/support/amazonbot) Chrome/119.0.6045.214 Safari/537.36"
216.73.216.135 - - [04/Apr/2026:01:38:09 -0400] "GET /gender/c,f/age/50-59,40-49/ethnicity/native/languages/Scots?sortOrder=oldest HTTP/1.1" 200 19382 "-" "Mozilla/5.0 AppleWebKit/537.36 (KHTML, like Gecko; compatible; ClaudeBot/1.0; +claudebot@anthropic.com)"
216.73.216.135 - - [04/Apr/2026:01:38:09 -0400] "GET /gender/f,t,c/ethnicity/asian/languages/armenian?sortOrder=leastViewed HTTP/1.1" 200 18782 "-" "Mozilla/5.0 AppleWebKit/537.36 (KHTML, like Gecko; compatible; ClaudeBot/1.0; +claudebot@anthropic.com)"
54.163.169.168 - - [04/Apr/2026:01:38:09 -0400] "GET /status/offline/gender/c,f,t/age/18-19,50-59,60-100,30-39,40-49/ethnicity/islander,asian,east-indian,white HTTP/1.1" 200 23298 "-" "Mozilla/5.0 AppleWebKit/537.36 (KHTML, like Gecko; compatible; Amazonbot/0.1; +https://developer.amazon.com/support/amazonbot) Chrome/119.0.6045.214 Safari/537.36"
216.73.216.135 - - [04/Apr/2026:01:38:10 -0400] "GET /status/online/gender/f,c,m/age/18-19/ethnicity/native/languages/Irish HTTP/1.1" 200 19840 "-" "Mozilla/5.0 AppleWebKit/537.36 (KHTML, like Gecko; compatible; ClaudeBot/1.0; +claudebot@anthropic.com)"
216.73.216.135 - - [04/Apr/2026:01:38:10 -0400] "GET /gender/m,c/ethnicity/black,white,native,islander/languages/English HTTP/1.1" 200 19800 "-" "Mozilla/5.0 AppleWebKit/537.36 (KHTML, like Gecko; compatible; ClaudeBot/1.0; +claudebot@anthropic.com)"
216.73.216.135 - - [04/Apr/2026:01:38:10 -0400] "GET /gender/c,f/age/60-100/ethnicity/latinas/languages/Dutch?sortOrder=youngest HTTP/1.1" 200 19028 "-" "Mozilla/5.0 AppleWebKit/537.36 (KHTML, like Gecko; compatible; ClaudeBot/1.0; +claudebot@anthropic.com)"
216.73.216.135 - - [04/Apr/2026:01:38:10 -0400] "GET /gender/f,m/ethnicity/native,islander,black,white/languages/Spanish HTTP/1.1" 200 19800 "-" "Mozilla/5.0 AppleWebKit/537.36 (KHTML, like Gecko; compatible; ClaudeBot/1.0; +claudebot@anthropic.com)"
74.7.241.1 - - [04/Apr/2026:01:38:10 -0400] "GET /age/18-19/ethnicity/latest-news.php,black,asian,white,islander,other,native HTTP/1.1" 200 20590 "https://camjab.com/age/18-19/ethnicity/latest-news.php,black,east-indian,asian,white,islander,other,native" "Mozilla/5.0 AppleWebKit/537.36 (KHTML, like Gecko; compatible; GPTBot/1.3; +https://openai.com/gptbot)"
216.73.216.135 - - [04/Apr/2026:01:38:10 -0400] "GET /status/offline,online/gender/c,m/ethnicity/asian/languages/French HTTP/1.1" 200 19479 "-" "Mozilla/5.0 AppleWebKit/537.36 (KHTML, like Gecko; compatible; ClaudeBot/1.0; +claudebot@anthropic.com)"
216.73.216.135 - - [04/Apr/2026:01:38:10 -0400] "GET /gender/t,f,m/ethnicity/other/languages/Croatian?sortOrder=oldest HTTP/1.1" 200 18757 "-" "Mozilla/5.0 AppleWebKit/537.36 (KHTML, like Gecko; compatible; ClaudeBot/1.0; +claudebot@anthropic.com)"
216.73.216.135 - - [04/Apr/2026:01:38:10 -0400] "GET /status/offline/gender/m,f,t/age/60-100,50-59/languages/scots HTTP/1.1" 200 19624 "-" "Mozilla/5.0 AppleWebKit/537.36 (KHTML, like Gecko; compatible; ClaudeBot/1.0; +claudebot@anthropic.com)"
216.73.216.135 - - [04/Apr/2026:01:38:10 -0400] "GET /status/online/gender/f,t,c/age/40-49/languages/Russian?sortOrder=youngest HTTP/1.1" 200 19290 "-" "Mozilla/5.0 AppleWebKit/537.36 (KHTML, like Gecko; compatible; ClaudeBot/1.0; +claudebot@anthropic.com)"
216.73.216.135 - - [04/Apr/2026:01:38:10 -0400] "GET /status/offline,online/age/60-100/ethnicity/black,white/languages/Albanian HTTP/1.1" 200 19784 "-" "Mozilla/5.0 AppleWebKit/537.36 (KHTML, like Gecko; compatible; ClaudeBot/1.0; +claudebot@anthropic.com)"
74.7.241.25 - - [04/Apr/2026:01:38:10 -0400] "GET /age/20-29/ethnicity/white,east-indian,asian,black,native HTTP/1.1" 200 19647 "https://www.camjab.com/age/20-29,30-39/ethnicity/white,east-indian,asian,black,native" "Mozilla/5.0 AppleWebKit/537.36 (KHTML, like Gecko; compatible; GPTBot/1.3; +https://openai.com/gptbot)"
216.73.216.135 - - [04/Apr/2026:01:38:10 -0400] "GET /gender/f,m/ethnicity/white,islander,native/languages/Lithuanian?sortOrder=oldest HTTP/1.1" 200 19554 "-" "Mozilla/5.0 AppleWebKit/537.36 (KHTML, like Gecko; compatible; ClaudeBot/1.0; +claudebot@anthropic.com)"
216.73.216.135 - - [04/Apr/2026:01:38:10 -0400] "GET /gender/t,f,c/age/30-39,50-59/languages/Fiji HTTP/1.1" 200 18843 "-" "Mozilla/5.0 AppleWebKit/537.36 (KHTML, like Gecko; compatible; ClaudeBot/1.0; +claudebot@anthropic.com)"
216.73.216.135 - - [04/Apr/2026:01:38:11 -0400] "GET /status/offline,online/age/18-19/ethnicity/white,islander/languages/Ukrainian HTTP/1.1" 200 19893 "-" "Mozilla/5.0 AppleWebKit/537.36 (KHTML, like Gecko; compatible; ClaudeBot/1.0; +claudebot@anthropic.com)"
44.194.139.149 - - [04/Apr/2026:01:38:11 -0400] "GET /status/offline,online/gender/c,f,t/age/50-59,18-19,30-39/ethnicity/native,asian,east-indian,black,white HTTP/1.1" 200 23230 "-" "Mozilla/5.0 AppleWebKit/537.36 (KHTML, like Gecko; compatible; Amazonbot/0.1; +https://developer.amazon.com/support/amazonbot) Chrome/119.0.6045.214 Safari/537.36"
216.73.216.135 - - [04/Apr/2026:01:38:11 -0400] "GET /status/offline/gender/f,m,t/age/60-100/languages/turkish?sortOrder=timeOnline HTTP/1.1" 200 19360 "-" "Mozilla/5.0 AppleWebKit/537.36 (KHTML, like Gecko; compatible; ClaudeBot/1.0; +claudebot@anthropic.com)"
85.208.96.194 - - [04/Apr/2026:01:38:11 -0400] "GET /ethnicity/east-indian,islander,white,black,asian,latinas,native HTTP/1.1" 403 - "-" "Mozilla/5.0 (compatible; SemrushBot/7~bl; +http://www.semrush.com/bot.html)"
216.73.216.135 - - [04/Apr/2026:01:38:11 -0400] "GET /gender/m,t/ethnicity/native,latinas/languages/scots?sortOrder=youngest HTTP/1.1" 200 18914 "-" "Mozilla/5.0 AppleWebKit/537.36 (KHTML, like Gecko; compatible; ClaudeBot/1.0; +claudebot@anthropic.com)"
216.73.216.135 - - [04/Apr/2026:01:38:11 -0400] "GET /gender/f,m/ethnicity/white,native,islander/languages/english?sortOrder=leastViewed HTTP/1.1" 200 19464 "-" "Mozilla/5.0 AppleWebKit/537.36 (KHTML, like Gecko; compatible; ClaudeBot/1.0; +claudebot@anthropic.com)"
144.76.32.187 - - [04/Apr/2026:01:38:11 -0400] "GET /tags/18/gender/m,f,t HTTP/1.1" 200 17767 "-" "Mozilla/5.0 (compatible; SERankingBacklinksBot/1.0; +https://seranking.com/backlinks-crawler)"
216.73.216.135 - - [04/Apr/2026:01:38:11 -0400] "GET /gender/t,f/age/40-49/ethnicity/native,islander/languages/dutch?sortOrder=name HTTP/1.1" 200 19501 "-" "Mozilla/5.0 AppleWebKit/537.36 (KHTML, like Gecko; compatible; ClaudeBot/1.0; +claudebot@anthropic.com)"
216.73.216.135 - - [04/Apr/2026:01:38:11 -0400] "GET /gender/c,f,t/ethnicity/white,islander/languages/Armenian HTTP/1.1" 200 19230 "-" "Mozilla/5.0 AppleWebKit/537.36 (KHTML, like Gecko; compatible; ClaudeBot/1.0; +claudebot@anthropic.com)"
216.73.216.135 - - [04/Apr/2026:01:38:11 -0400] "GET /gender/c,m/age/40-49/ethnicity/native,latinas/languages/Croatian HTTP/1.1" 200 19477 "-" "Mozilla/5.0 AppleWebKit/537.36 (KHTML, like Gecko; compatible; ClaudeBot/1.0; +claudebot@anthropic.com)"
74.7.241.25 - - [04/Apr/2026:01:38:11 -0400] "GET /age/30-39/ethnicity/black,other,asian,native,east-indian,islander HTTP/1.1" 200 20214 "https://www.camjab.com/age/30-39/ethnicity/black,other,asian,native,east-indian" "Mozilla/5.0 AppleWebKit/537.36 (KHTML, like Gecko; compatible; GPTBot/1.3; +https://openai.com/gptbot)"
3.221.244.28 - - [04/Apr/2026:01:38:12 -0400] "GET /status/offline,online/gender/t,f,c/age/18-19,20-29/ethnicity/asian,islander,latinas,white,black/languages/hindi HTTP/1.1" 200 23308 "-" "Mozilla/5.0 AppleWebKit/537.36 (KHTML, like Gecko; compatible; Amazonbot/0.1; +https://developer.amazon.com/support/amazonbot) Chrome/119.0.6045.214 Safari/537.36"
216.73.216.135 - - [04/Apr/2026:01:38:12 -0400] "GET /status/offline,online/ethnicity/native,black,islander/languages/kurdish?sortOrder=youngest HTTP/1.1" 200 19836 "-" "Mozilla/5.0 AppleWebKit/537.36 (KHTML, like Gecko; compatible; ClaudeBot/1.0; +claudebot@anthropic.com)"
216.73.216.135 - - [04/Apr/2026:01:38:12 -0400] "GET /gender/m,f,t/ethnicity/islander,latinas/languages/Italian HTTP/1.1" 200 19259 "-" "Mozilla/5.0 AppleWebKit/537.36 (KHTML, like Gecko; compatible; ClaudeBot/1.0; +claudebot@anthropic.com)"
216.73.216.135 - - [04/Apr/2026:01:38:12 -0400] "GET /gender/c,f,t/ethnicity/other,native,white/languages/Italian HTTP/1.1" 200 19558 "-" "Mozilla/5.0 AppleWebKit/537.36 (KHTML, like Gecko; compatible; ClaudeBot/1.0; +claudebot@anthropic.com)"
216.73.216.135 - - [04/Apr/2026:01:38:12 -0400] "GET /gender/c,f/ethnicity/native,islander,asian/languages/Indonesian HTTP/1.1" 200 19471 "-" "Mozilla/5.0 AppleWebKit/537.36 (KHTML, like Gecko; compatible; ClaudeBot/1.0; +claudebot@anthropic.com)"
216.73.216.135 - - [04/Apr/2026:01:38:12 -0400] "GET /status/offline/gender/c,f,m/age/50-59,30-39/languages/Maltese HTTP/1.1" 200 19663 "-" "Mozilla/5.0 AppleWebKit/537.36 (KHTML, like Gecko; compatible; ClaudeBot/1.0; +claudebot@anthropic.com)"
74.7.241.25 - - [04/Apr/2026:01:38:12 -0400] "GET /age/30-39/ethnicity/white,black,other,native,east-indian HTTP/1.1" 200 19647 "https://www.camjab.com/age/30-39/ethnicity/white,islander,black,other,native,east-indian" "Mozilla/5.0 AppleWebKit/537.36 (KHTML, like Gecko; compatible; GPTBot/1.3; +https://openai.com/gptbot)"
216.73.216.135 - - [04/Apr/2026:01:38:12 -0400] "GET /gender/m,f,t/age/18-19,50-59/languages/Chinese HTTP/1.1" 200 18938 "-" "Mozilla/5.0 AppleWebKit/537.36 (KHTML, like Gecko; compatible; ClaudeBot/1.0; +claudebot@anthropic.com)"
216.73.216.135 - - [04/Apr/2026:01:38:12 -0400] "GET /status/offline,online/age/30-39,40-49/ethnicity/islander/languages/Azerbaijani HTTP/1.1" 200 19944 "-" "Mozilla/5.0 AppleWebKit/537.36 (KHTML, like Gecko; compatible; ClaudeBot/1.0; +claudebot@anthropic.com)"
216.73.216.135 - - [04/Apr/2026:01:38:12 -0400] "GET /gender/t,f/age/40-49/ethnicity/native,black,islander/languages/Italian HTTP/1.1" 200 19932 "-" "Mozilla/5.0 AppleWebKit/537.36 (KHTML, like Gecko; compatible; ClaudeBot/1.0; +claudebot@anthropic.com)"
216.73.216.135 - - [04/Apr/2026:01:38:12 -0400] "GET /status/offline/gender/c,f/ethnicity/latinas,native/languages/spanish?sortOrder=timeOnline HTTP/1.1" 200 19715 "-" "Mozilla/5.0 AppleWebKit/537.36 (KHTML, like Gecko; compatible; ClaudeBot/1.0; +claudebot@anthropic.com)"
216.73.216.135 - - [04/Apr/2026:01:38:12 -0400] "GET /status/online/gender/t,c/age/20-29/ethnicity/islander/languages/Greek HTTP/1.1" 200 19601 "-" "Mozilla/5.0 AppleWebKit/537.36 (KHTML, like Gecko; compatible; ClaudeBot/1.0; +claudebot@anthropic.com)"
216.73.216.135 - - [04/Apr/2026:01:38:12 -0400] "GET /status/offline/gender/m,f/age/18-19,40-49/languages/Romanian?sortOrder=youngest HTTP/1.1" 200 19487 "-" "Mozilla/5.0 AppleWebKit/537.36 (KHTML, like Gecko; compatible; ClaudeBot/1.0; +claudebot@anthropic.com)"
216.73.216.135 - - [04/Apr/2026:01:38:12 -0400] "GET /gender/f,t,c/age/60-100,40-49/languages/ukrainian?sortOrder=leastViewed HTTP/1.1" 200 19163 "-" "Mozilla/5.0 AppleWebKit/537.36 (KHTML, like Gecko; compatible; ClaudeBot/1.0; +claudebot@anthropic.com)"
216.73.216.135 - - [04/Apr/2026:01:38:12 -0400] "GET /status/online,offline/age/50-59,40-49/ethnicity/white/languages/Irish HTTP/1.1" 200 19623 "-" "Mozilla/5.0 AppleWebKit/537.36 (KHTML, like Gecko; compatible; ClaudeBot/1.0; +claudebot@anthropic.com)"
216.73.216.135 - - [04/Apr/2026:01:38:12 -0400] "GET /gender/f,m,t/ethnicity/black,white,native/languages/malay HTTP/1.1" 200 19476 "-" "Mozilla/5.0 AppleWebKit/537.36 (KHTML, like Gecko; compatible; ClaudeBot/1.0; +claudebot@anthropic.com)"
216.73.216.135 - - [04/Apr/2026:01:38:13 -0400] "GET /gender/f,m/age/60-100,50-59/languages/turkish?sortOrder=youngest HTTP/1.1" 200 18785 "-" "Mozilla/5.0 AppleWebKit/537.36 (KHTML, like Gecko; compatible; ClaudeBot/1.0; +claudebot@anthropic.com)"
216.73.216.135 - - [04/Apr/2026:01:38:13 -0400] "GET /gender/f,t/ethnicity/other,black/languages/English?sortOrder=youngest HTTP/1.1" 200 18884 "-" "Mozilla/5.0 AppleWebKit/537.36 (KHTML, like Gecko; compatible; ClaudeBot/1.0; +claudebot@anthropic.com)"
216.73.216.135 - - [04/Apr/2026:01:38:13 -0400] "GET /status/offline/gender/t,m/age/18-19/ethnicity/other/languages/Georgian HTTP/1.1" 200 19622 "-" "Mozilla/5.0 AppleWebKit/537.36 (KHTML, like Gecko; compatible; ClaudeBot/1.0; +claudebot@anthropic.com)"
216.73.216.135 - - [04/Apr/2026:01:38:13 -0400] "GET /gender/m,c/age/30-39,18-19/ethnicity/native/languages/czech?sortOrder=leastViewed HTTP/1.1" 200 19387 "-" "Mozilla/5.0 AppleWebKit/537.36 (KHTML, like Gecko; compatible; ClaudeBot/1.0; +claudebot@anthropic.com)"
216.73.216.135 - - [04/Apr/2026:01:38:13 -0400] "GET /gender/f,c,m/age/30-39/ethnicity/latinas/languages/danish HTTP/1.1" 200 19221 "-" "Mozilla/5.0 AppleWebKit/537.36 (KHTML, like Gecko; compatible; ClaudeBot/1.0; +claudebot@anthropic.com)"
216.73.216.135 - - [04/Apr/2026:01:38:13 -0400] "GET /gender/m,t,f/age/30-39,50-59/languages/thai?sortOrder=leastViewed HTTP/1.1" 200 18941 "-" "Mozilla/5.0 AppleWebKit/537.36 (KHTML, like Gecko; compatible; ClaudeBot/1.0; +claudebot@anthropic.com)"
74.7.241.25 - - [04/Apr/2026:01:38:13 -0400] "GET /age/18-19/ethnicity/asian,native,east-indian,white,black,islander HTTP/1.1" 200 20214 "https://www.camjab.com/age/18-19/ethnicity/asian,native,east-indian,white,black" "Mozilla/5.0 AppleWebKit/537.36 (KHTML, like Gecko; compatible; GPTBot/1.3; +https://openai.com/gptbot)"
216.73.216.135 - - [04/Apr/2026:01:38:13 -0400] "GET /gender/c,f/age/18-19,30-39/languages/Estonian?sortOrder=oldest HTTP/1.1" 200 18787 "-" "Mozilla/5.0 AppleWebKit/537.36 (KHTML, like Gecko; compatible; ClaudeBot/1.0; +claudebot@anthropic.com)"
216.73.216.135 - - [04/Apr/2026:01:38:13 -0400] "GET /gender/c,f/age/60-100/ethnicity/white/languages/dutch?sortOrder=youngest HTTP/1.1" 200 18956 "-" "Mozilla/5.0 AppleWebKit/537.36 (KHTML, like Gecko; compatible; ClaudeBot/1.0; +claudebot@anthropic.com)"
216.73.216.135 - - [04/Apr/2026:01:38:13 -0400] "GET /gender/f,m/age/60-100,40-49/ethnicity/white,native/languages/scots HTTP/1.1" 200 19780 "-" "Mozilla/5.0 AppleWebKit/537.36 (KHTML, like Gecko; compatible; ClaudeBot/1.0; +claudebot@anthropic.com)"
216.73.216.135 - - [04/Apr/2026:01:38:13 -0400] "GET /status/online,offline/ethnicity/white,black/languages/Indonesian?sortOrder=name HTTP/1.1" 200 19339 "-" "Mozilla/5.0 AppleWebKit/537.36 (KHTML, like Gecko; compatible; ClaudeBot/1.0; +claudebot@anthropic.com)"
216.73.216.135 - - [04/Apr/2026:01:38:13 -0400] "GET /status/online,offline/gender/m,f,c/languages/Afrikaans?sortOrder=leastViewed HTTP/1.1" 200 19323 "-" "Mozilla/5.0 AppleWebKit/537.36 (KHTML, like Gecko; compatible; ClaudeBot/1.0; +claudebot@anthropic.com)"
216.73.216.135 - - [04/Apr/2026:01:38:13 -0400] "GET /gender/t,f,m/age/30-39,18-19/languages/czech HTTP/1.1" 200 18868 "-" "Mozilla/5.0 AppleWebKit/537.36 (KHTML, like Gecko; compatible; ClaudeBot/1.0; +claudebot@anthropic.com)"
52.70.123.241 - - [04/Apr/2026:01:38:13 -0400] "GET /status/offline,online/gender/t,f,c/age/40-49,30-39,20-29/ethnicity/black,native,asian/languages/hindi HTTP/1.1" 200 22368 "-" "Mozilla/5.0 AppleWebKit/537.36 (KHTML, like Gecko; compatible; Amazonbot/0.1; +https://developer.amazon.com/support/amazonbot) Chrome/119.0.6045.214 Safari/537.36"
216.73.216.135 - - [04/Apr/2026:01:38:14 -0400] "GET /gender/c,m/age/20-29,60-100,30-39/languages/Arabic HTTP/1.1" 200 19067 "-" "Mozilla/5.0 AppleWebKit/537.36 (KHTML, like Gecko; compatible; ClaudeBot/1.0; +claudebot@anthropic.com)"
52.45.92.83 - - [04/Apr/2026:01:38:14 -0400] "GET /status/offline,online/gender/m,t,f/age/18-19,40-49/ethnicity/white,asian/languages/hindi HTTP/1.1" 200 21542 "-" "Mozilla/5.0 AppleWebKit/537.36 (KHTML, like Gecko; compatible; Amazonbot/0.1; +https://developer.amazon.com/support/amazonbot) Chrome/119.0.6045.214 Safari/537.36"
216.73.216.135 - - [04/Apr/2026:01:38:14 -0400] "GET /gender/f,m/ethnicity/latinas,islander,white/languages/Spanish HTTP/1.1" 200 19393 "-" "Mozilla/5.0 AppleWebKit/537.36 (KHTML, like Gecko; compatible; ClaudeBot/1.0; +claudebot@anthropic.com)"
216.73.216.135 - - [04/Apr/2026:01:38:14 -0400] "GET /status/offline,online/gender/m/ethnicity/native,islander/languages/Lithuanian?sortOrder=name HTTP/1.1" 200 19989 "-" "Mozilla/5.0 AppleWebKit/537.36 (KHTML, like Gecko; compatible; ClaudeBot/1.0; +claudebot@anthropic.com)"
216.73.216.135 - - [04/Apr/2026:01:38:14 -0400] "GET /gender/c,f/ethnicity/other,native,asian/languages/romanian?sortOrder=leastViewed HTTP/1.1" 200 19398 "-" "Mozilla/5.0 AppleWebKit/537.36 (KHTML, like Gecko; compatible; ClaudeBot/1.0; +claudebot@anthropic.com)"
74.7.241.25 - - [04/Apr/2026:01:38:14 -0400] "GET /age/18-19/ethnicity/asian,native,east-indian,white,black,other HTTP/1.1" 200 20097 "https://www.camjab.com/age/18-19/ethnicity/asian,native,east-indian,white,black" "Mozilla/5.0 AppleWebKit/537.36 (KHTML, like Gecko; compatible; GPTBot/1.3; +https://openai.com/gptbot)"
216.73.216.135 - - [04/Apr/2026:01:38:14 -0400] "GET /status/offline,online/gender/m,c/age/40-49/languages/Fiji?sortOrder=youngest HTTP/1.1" 200 19391 "-" "Mozilla/5.0 AppleWebKit/537.36 (KHTML, like Gecko; compatible; ClaudeBot/1.0; +claudebot@anthropic.com)"
216.73.216.135 - - [04/Apr/2026:01:38:14 -0400] "GET /gender/f,m/age/50-59,18-19/languages/Spanish?sortOrder=timeOnline HTTP/1.1" 200 18755 "-" "Mozilla/5.0 AppleWebKit/537.36 (KHTML, like Gecko; compatible; ClaudeBot/1.0; +claudebot@anthropic.com)"
216.73.216.135 - - [04/Apr/2026:01:38:14 -0400] "GET /gender/m,t,c/age/30-39,40-49/languages/Portuguese HTTP/1.1" 200 19043 "-" "Mozilla/5.0 AppleWebKit/537.36 (KHTML, like Gecko; compatible; ClaudeBot/1.0; +claudebot@anthropic.com)"
216.73.216.135 - - [04/Apr/2026:01:38:14 -0400] "GET /gender/t,m/age/40-49/ethnicity/black,other/languages/Russian HTTP/1.1" 200 19326 "-" "Mozilla/5.0 AppleWebKit/537.36 (KHTML, like Gecko; compatible; ClaudeBot/1.0; +claudebot@anthropic.com)"
216.73.216.135 - - [04/Apr/2026:01:38:14 -0400] "GET /gender/m,t/age/40-49/ethnicity/white,islander,native/languages/catalan HTTP/1.1" 200 19922 "-" "Mozilla/5.0 AppleWebKit/537.36 (KHTML, like Gecko; compatible; ClaudeBot/1.0; +claudebot@anthropic.com)"
216.73.216.135 - - [04/Apr/2026:01:38:14 -0400] "GET /status/online,offline/age/40-49/ethnicity/asian/languages/french?sortOrder=oldest HTTP/1.1" 200 19308 "-" "Mozilla/5.0 AppleWebKit/537.36 (KHTML, like Gecko; compatible; ClaudeBot/1.0; +claudebot@anthropic.com)"
216.73.216.135 - - [04/Apr/2026:01:38:14 -0400] "GET /status/online/gender/m,f/ethnicity/islander,white/languages/afrikaans HTTP/1.1" 200 19633 "-" "Mozilla/5.0 AppleWebKit/537.36 (KHTML, like Gecko; compatible; ClaudeBot/1.0; +claudebot@anthropic.com)"
216.73.216.135 - - [04/Apr/2026:01:38:15 -0400] "GET /status/online,offline/age/50-59/ethnicity/native,islander/languages/Catalan HTTP/1.1" 200 19860 "-" "Mozilla/5.0 AppleWebKit/537.36 (KHTML, like Gecko; compatible; ClaudeBot/1.0; +claudebot@anthropic.com)"
216.73.216.135 - - [04/Apr/2026:01:38:15 -0400] "GET /gender/c,m/age/30-39/ethnicity/native,black/languages/Ukrainian HTTP/1.1" 200 19438 "-" "Mozilla/5.0 AppleWebKit/537.36 (KHTML, like Gecko; compatible; ClaudeBot/1.0; +claudebot@anthropic.com)"
44.223.115.10 - - [04/Apr/2026:01:38:15 -0400] "GET /status/offline/gender/t,c,f,m/age/40-49,18-19,60-100/ethnicity/east-indian,native,islander/languages/hindi HTTP/1.1" 200 22816 "-" "Mozilla/5.0 AppleWebKit/537.36 (KHTML, like Gecko; compatible; Amazonbot/0.1; +https://developer.amazon.com/support/amazonbot) Chrome/119.0.6045.214 Safari/537.36"
216.73.216.135 - - [04/Apr/2026:01:38:15 -0400] "GET /gender/c,f/ethnicity/native,black,latinas/languages/Korean HTTP/1.1" 200 19294 "-" "Mozilla/5.0 AppleWebKit/537.36 (KHTML, like Gecko; compatible; ClaudeBot/1.0; +claudebot@anthropic.com)"
216.73.216.135 - - [04/Apr/2026:01:38:15 -0400] "GET /status/offline,online/ethnicity/white,native,black,islander/languages/korean HTTP/1.1" 200 20156 "-" "Mozilla/5.0 AppleWebKit/537.36 (KHTML, like Gecko; compatible; ClaudeBot/1.0; +claudebot@anthropic.com)"
74.7.241.25 - - [04/Apr/2026:01:38:15 -0400] "GET /age/18-19/ethnicity/native,white,east-indian,black,other,asian HTTP/1.1" 200 20097 "https://www.camjab.com/age/18-19/ethnicity/native,white,east-indian,black,other" "Mozilla/5.0 AppleWebKit/537.36 (KHTML, like Gecko; compatible; GPTBot/1.3; +https://openai.com/gptbot)"
216.73.216.135 - - [04/Apr/2026:01:38:15 -0400] "GET /gender/m,c/age/60-100/ethnicity/black,islander/languages/English?sortOrder=leastViewed HTTP/1.1" 200 19587 "-" "Mozilla/5.0 AppleWebKit/537.36 (KHTML, like Gecko; compatible; ClaudeBot/1.0; +claudebot@anthropic.com)"
216.73.216.135 - - [04/Apr/2026:01:38:15 -0400] "GET /status/online,offline/ethnicity/black,white,native,islander/languages/Italian HTTP/1.1" 200 20192 "-" "Mozilla/5.0 AppleWebKit/537.36 (KHTML, like Gecko; compatible; ClaudeBot/1.0; +claudebot@anthropic.com)"
216.73.216.135 - - [04/Apr/2026:01:38:15 -0400] "GET /gender/m,f/ethnicity/other,black,white/languages/Chinese?sortOrder=leastViewed HTTP/1.1" 200 19316 "-" "Mozilla/5.0 AppleWebKit/537.36 (KHTML, like Gecko; compatible; ClaudeBot/1.0; +claudebot@anthropic.com)"
216.73.216.135 - - [04/Apr/2026:01:38:15 -0400] "GET /gender/f,c,m/ethnicity/islander,native,white/languages/Vietnamese HTTP/1.1" 200 19775 "-" "Mozilla/5.0 AppleWebKit/537.36 (KHTML, like Gecko; compatible; ClaudeBot/1.0; +claudebot@anthropic.com)"
216.73.216.135 - - [04/Apr/2026:01:38:15 -0400] "GET /gender/f,c/ethnicity/other,native,black/languages/chinese?sortOrder=leastViewed HTTP/1.1" 200 19363 "-" "Mozilla/5.0 AppleWebKit/537.36 (KHTML, like Gecko; compatible; ClaudeBot/1.0; +claudebot@anthropic.com)"
216.73.216.135 - - [04/Apr/2026:01:38:15 -0400] "GET /gender/t,m/age/20-29/ethnicity/other,native/languages/dutch HTTP/1.1" 200 19293 "-" "Mozilla/5.0 AppleWebKit/537.36 (KHTML, like Gecko; compatible; ClaudeBot/1.0; +claudebot@anthropic.com)"
74.7.241.1 - - [04/Apr/2026:01:38:10 -0400] "GET /core/ajax.loadModels.php?age%5B0%5D=20-29&controller=router&ethnicity%5B0%5D=latest-news.php&ethnicity%5B1%5D=other&ethnicity%5B2%5D=islander&ethnicity%5B3%5D=latinas&ethnicity%5B4%5D=native&ethnicity%5B5%5D=asian&ethnicity%5B6%5D=black HTTP/1.1" 200 182 "https://camjab.com/age/20-29/ethnicity/latest-news.php,other,islander,latinas,native,asian,black" "Mozilla/5.0 AppleWebKit/537.36 (KHTML, like Gecko; compatible; GPTBot/1.3; +https://openai.com/gptbot)"
216.73.216.135 - - [04/Apr/2026:01:38:15 -0400] "GET /gender/t,c/age/60-100,30-39,18-19/languages/Dutch HTTP/1.1" 200 19037 "-" "Mozilla/5.0 AppleWebKit/537.36 (KHTML, like Gecko; compatible; ClaudeBot/1.0; +claudebot@anthropic.com)"
216.73.216.135 - - [04/Apr/2026:01:38:16 -0400] "GET /gender/c,t/age/18-19,20-29,40-49/languages/Russian HTTP/1.1" 200 19070 "-" "Mozilla/5.0 AppleWebKit/537.36 (KHTML, like Gecko; compatible; ClaudeBot/1.0; +claudebot@anthropic.com)"
216.73.216.135 - - [04/Apr/2026:01:38:16 -0400] "GET /status/offline,online/gender/t,f/age/30-39/languages/Irish?sortOrder=youngest HTTP/1.1" 200 19431 "-" "Mozilla/5.0 AppleWebKit/537.36 (KHTML, like Gecko; compatible; ClaudeBot/1.0; +claudebot@anthropic.com)"
100.28.49.152 - - [04/Apr/2026:01:38:16 -0400] "GET /status/offline,online/gender/c,t/age/50-59,18-19/ethnicity/latino,native,white,black HTTP/1.1" 200 21584 "-" "Mozilla/5.0 AppleWebKit/537.36 (KHTML, like Gecko; compatible; Amazonbot/0.1; +https://developer.amazon.com/support/amazonbot) Chrome/119.0.6045.214 Safari/537.36"
74.7.241.25 - - [04/Apr/2026:01:38:16 -0400] "GET /age/40-49/ethnicity/white,black,native,other,east-indian HTTP/1.1" 200 19647 "https://www.camjab.com/age/40-49/ethnicity/islander,white,black,native,other,east-indian" "Mozilla/5.0 AppleWebKit/537.36 (KHTML, like Gecko; compatible; GPTBot/1.3; +https://openai.com/gptbot)"
216.73.216.135 - - [04/Apr/2026:01:38:16 -0400] "GET /gender/t,f/age/18-19/ethnicity/islander/languages/hebrew?sortOrder=youngest HTTP/1.1" 200 19057 "-" "Mozilla/5.0 AppleWebKit/537.36 (KHTML, like Gecko; compatible; ClaudeBot/1.0; +claudebot@anthropic.com)"
216.73.216.135 - - [04/Apr/2026:01:38:16 -0400] "GET /status/online,offline/ethnicity/black,white,native/languages/kurdish?sortOrder=name HTTP/1.1" 200 19713 "-" "Mozilla/5.0 AppleWebKit/537.36 (KHTML, like Gecko; compatible; ClaudeBot/1.0; +claudebot@anthropic.com)"
216.73.216.135 - - [04/Apr/2026:01:38:16 -0400] "GET /status/online/gender/m,f/ethnicity/white,black/languages/Lithuanian HTTP/1.1" 200 19557 "-" "Mozilla/5.0 AppleWebKit/537.36 (KHTML, like Gecko; compatible; ClaudeBot/1.0; +claudebot@anthropic.com)"
216.73.216.135 - - [04/Apr/2026:01:38:16 -0400] "GET /gender/t,f/ethnicity/native,other,black/languages/Malay HTTP/1.1" 200 19180 "-" "Mozilla/5.0 AppleWebKit/537.36 (KHTML, like Gecko; compatible; ClaudeBot/1.0; +claudebot@anthropic.com)"
216.73.216.135 - - [04/Apr/2026:01:38:16 -0400] "GET /gender/m,f,t/ethnicity/islander,white/languages/Portuguese HTTP/1.1" 200 19290 "-" "Mozilla/5.0 AppleWebKit/537.36 (KHTML, like Gecko; compatible; ClaudeBot/1.0; +claudebot@anthropic.com)"
43.135.37.124 - - [04/Apr/2026:01:38:16 -0400] "GET /age/18-19/ethnicity/white,native,asian,latinas HTTP/1.1" 200 18853 "-" "Mozilla/5.0 (Windows NT 10.0; Win64; x64) AppleWebKit/537.36 (KHTML, like Gecko) Chrome/130.0.0.0 Safari/537.36"
74.7.241.1 - - [04/Apr/2026:01:38:16 -0400] "GET /age/30-39/ethnicity/latest-news.php,white,latinas,other,east-indian,islander,black HTTP/1.1" 200 20870 "https://camjab.com/age/30-39/ethnicity/latest-news.php,white,latinas,other,east-indian,asian,islander,black" "Mozilla/5.0 AppleWebKit/537.36 (KHTML, like Gecko; compatible; GPTBot/1.3; +https://openai.com/gptbot)"
17.246.19.131 - - [04/Apr/2026:01:38:16 -0400] "GET /tags/findom/age/30-39,40-49,18-19 HTTP/1.1" 200 18420 "-" "Mozilla/5.0 (Macintosh; Intel Mac OS X 10_15_7) AppleWebKit/605.1.15 (KHTML, like Gecko) Version/17.4 Safari/605.1.15 (Applebot/0.1; +http://www.apple.com/go/applebot)"
74.7.241.25 - - [04/Apr/2026:01:38:17 -0400] "GET /age/40-49/ethnicity/east-indian,black,other,asian,native HTTP/1.1" 200 19647 "https://www.camjab.com/age/40-49/ethnicity/east-indian,black,other,islander,asian,native" "Mozilla/5.0 AppleWebKit/537.36 (KHTML, like Gecko; compatible; GPTBot/1.3; +https://openai.com/gptbot)"
74.7.241.1 - - [04/Apr/2026:01:38:17 -0400] "GET /age/18-19/ethnicity/latest-news.php,latinas,east-indian,islander,other,black HTTP/1.1" 200 20398 "https://camjab.com/age/18-19/ethnicity/latest-news.php,latinas,east-indian,islander,native,other,black" "Mozilla/5.0 AppleWebKit/537.36 (KHTML, like Gecko; compatible; GPTBot/1.3; +https://openai.com/gptbot)"
34.202.88.37 - - [04/Apr/2026:01:38:17 -0400] "GET /status/offline,online/gender/f,t/age/60-100,50-59,30-39/ethnicity/native,east-indian,asian,white,black/languages/afrikaans HTTP/1.1" 200 23758 "-" "Mozilla/5.0 AppleWebKit/537.36 (KHTML, like Gecko; compatible; Amazonbot/0.1; +https://developer.amazon.com/support/amazonbot) Chrome/119.0.6045.214 Safari/537.36"
85.208.96.207 - - [04/Apr/2026:01:38:18 -0400] "GET /age/50-59/ethnicity/native,latino,black,white HTTP/1.1" 403 - "-" "Mozilla/5.0 (compatible; SemrushBot/7~bl; +http://www.semrush.com/bot.html)"
74.7.241.25 - - [04/Apr/2026:01:38:18 -0400] "GET /age/30-39/ethnicity/black,other,native,east-indian,asian HTTP/1.1" 200 19647 "https://www.camjab.com/age/30-39/ethnicity/black,other,native,east-indian,asian,latinas" "Mozilla/5.0 AppleWebKit/537.36 (KHTML, like Gecko; compatible; GPTBot/1.3; +https://openai.com/gptbot)"
217.113.194.204 - - [04/Apr/2026:01:38:18 -0400] "GET /status/online/gender/f,c,t/age/30-39/ethnicity/islander,black,other,native,asian HTTP/1.1" 200 21245 "-" "Mozilla/5.0 (compatible; Barkrowler/0.9; +https://babbar.tech/crawler)"
74.7.241.1 - - [04/Apr/2026:01:38:18 -0400] "GET /age/50-59/ethnicity/islander,other,asian,white,east-indian,black HTTP/1.1" 200 19959 "https://camjab.com/age/50-59/ethnicity/latest-news.php,islander,other,asian,white,east-indian,black" "Mozilla/5.0 AppleWebKit/537.36 (KHTML, like Gecko; compatible; GPTBot/1.3; +https://openai.com/gptbot)"
52.202.233.37 - - [04/Apr/2026:01:38:18 -0400] "GET /status/offline,online/gender/m,t,c/age/30-39,20-29/ethnicity/black,white,native/languages/kurdish HTTP/1.1" 200 21936 "-" "Mozilla/5.0 AppleWebKit/537.36 (KHTML, like Gecko; compatible; Amazonbot/0.1; +https://developer.amazon.com/support/amazonbot) Chrome/119.0.6045.214 Safari/537.36"
74.7.241.25 - - [04/Apr/2026:01:38:19 -0400] "GET /age/20-29,60-100/ethnicity/native,black,east-indian,asian,white HTTP/1.1" 200 20137 "https://www.camjab.com/age/20-29/ethnicity/native,black,east-indian,asian,white" "Mozilla/5.0 AppleWebKit/537.36 (KHTML, like Gecko; compatible; GPTBot/1.3; +https://openai.com/gptbot)"
35.172.125.172 - - [04/Apr/2026:01:38:19 -0400] "GET /status/offline,online/gender/m,c,t/age/50-59/ethnicity/east-indian,asian,latinas,white,black HTTP/1.1" 200 22227 "-" "Mozilla/5.0 AppleWebKit/537.36 (KHTML, like Gecko; compatible; Amazonbot/0.1; +https://developer.amazon.com/support/amazonbot) Chrome/119.0.6045.214 Safari/537.36"
17.246.23.43 - - [04/Apr/2026:01:38:19 -0400] "GET /gender/f/languages/fiji HTTP/1.1" 200 17364 "-" "Mozilla/5.0 (Macintosh; Intel Mac OS X 10_15_7) AppleWebKit/605.1.15 (KHTML, like Gecko) Version/17.4 Safari/605.1.15 (Applebot/0.1; +http://www.apple.com/go/applebot)"
74.7.241.1 - - [04/Apr/2026:01:38:19 -0400] "GET /age/50-59/ethnicity/latest-news.php,latinas,white,islander,east-indian,other,black HTTP/1.1" 200 20870 "https://camjab.com/age/50-59/ethnicity/latest-news.php,latinas,white,islander,east-indian,asian,other,black" "Mozilla/5.0 AppleWebKit/537.36 (KHTML, like Gecko; compatible; GPTBot/1.3; +https://openai.com/gptbot)"
34.227.156.153 - - [04/Apr/2026:01:38:20 -0400] "GET /status/offline,online/gender/f,m/age/60-100,50-59/ethnicity/white,native,east-indian,islander,latinas/languages/hindi HTTP/1.1" 200 23271 "-" "Mozilla/5.0 AppleWebKit/537.36 (KHTML, like Gecko; compatible; Amazonbot/0.1; +https://developer.amazon.com/support/amazonbot) Chrome/119.0.6045.214 Safari/537.36"
74.7.241.25 - - [04/Apr/2026:01:38:20 -0400] "GET /age/20-29/ethnicity/native,black,east-indian,asian,white,other HTTP/1.1" 200 20097 "https://www.camjab.com/age/20-29/ethnicity/native,black,east-indian,asian,white" "Mozilla/5.0 AppleWebKit/537.36 (KHTML, like Gecko; compatible; GPTBot/1.3; +https://openai.com/gptbot)"
74.7.241.1 - - [04/Apr/2026:01:38:20 -0400] "GET /age/20-29/ethnicity/latest-news.php,latinas,black,other,native,east-indian,white?sortOrder=leastViewed HTTP/1.1" 200 20898 "https://camjab.com/age/20-29/ethnicity/latest-news.php,latinas,black,other,native,east-indian,white" "Mozilla/5.0 AppleWebKit/537.36 (KHTML, like Gecko; compatible; GPTBot/1.3; +https://openai.com/gptbot)"
74.7.241.25 - - [04/Apr/2026:01:38:21 -0400] "GET /age/40-49/ethnicity/native,black,asian,east-indian,other HTTP/1.1" 200 19647 "https://www.camjab.com/age/40-49/ethnicity/native,black,asian,east-indian,latinas,other" "Mozilla/5.0 AppleWebKit/537.36 (KHTML, like Gecko; compatible; GPTBot/1.3; +https://openai.com/gptbot)"
