216.73.216.135 - - [04/Apr/2026:01:37:35 -0400] "GET /gender/t,f,m/age/50-59/ethnicity/white/languages/german HTTP/1.1" 200 19142 "-" "Mozilla/5.0 AppleWebKit/537.36 (KHTML, like Gecko; compatible; ClaudeBot/1.0; +claudebot@anthropic.com)"
74.7.241.1 - - [04/Apr/2026:01:37:35 -0400] "GET /age/18-19/ethnicity/latest-news.php,black,islander,white,other,east-indian,asian HTTP/1.1" 200 20790 "https://camjab.com/age/18-19/ethnicity/latest-news.php,black,islander,latinas,white,other,east-indian,asian" "Mozilla/5.0 AppleWebKit/537.36 (KHTML, like Gecko; compatible; GPTBot/1.3; +https://openai.com/gptbot)"
216.73.216.135 - - [04/Apr/2026:01:37:35 -0400] "GET /status/offline,online/age/40-49/ethnicity/other,latinas/languages/Fiji HTTP/1.1" 200 19681 "-" "Mozilla/5.0 AppleWebKit/537.36 (KHTML, like Gecko; compatible; ClaudeBot/1.0; +claudebot@anthropic.com)"
52.54.249.218 - - [04/Apr/2026:01:37:35 -0400] "GET /status/offline,online/gender/f,c,m/age/18-19,50-59/ethnicity/islander,native,east-indian,black,latinas/languages/indonesian HTTP/1.1" 200 23821 "-" "Mozilla/5.0 AppleWebKit/537.36 (KHTML, like Gecko; compatible; Amazonbot/0.1; +https://developer.amazon.com/support/amazonbot) Chrome/119.0.6045.214 Safari/537.36"
216.73.216.135 - - [04/Apr/2026:01:37:35 -0400] "GET /status/online/gender/m,c,t/age/40-49/languages/Scots?sortOrder=youngest HTTP/1.1" 200 19210 "-" "Mozilla/5.0 AppleWebKit/537.36 (KHTML, like Gecko; compatible; ClaudeBot/1.0; +claudebot@anthropic.com)"
74.7.241.25 - - [04/Apr/2026:01:37:35 -0400] "GET /age/40-49/ethnicity/asian,native,east-indian,black,other,white HTTP/1.1" 200 20097 "https://www.camjab.com/age/40-49/ethnicity/asian,native,east-indian,black,other" "Mozilla/5.0 AppleWebKit/537.36 (KHTML, like Gecko; compatible; GPTBot/1.3; +https://openai.com/gptbot)"
216.73.216.135 - - [04/Apr/2026:01:37:35 -0400] "GET /gender/t,f/age/20-29,60-100,30-39/languages/Japanese HTTP/1.1" 200 19142 "-" "Mozilla/5.0 AppleWebKit/537.36 (KHTML, like Gecko; compatible; ClaudeBot/1.0; +claudebot@anthropic.com)"
216.73.216.135 - - [04/Apr/2026:01:37:35 -0400] "GET /status/offline,online/age/40-49/ethnicity/latinas,native,white/languages/malay HTTP/1.1" 200 20209 "-" "Mozilla/5.0 AppleWebKit/537.36 (KHTML, like Gecko; compatible; ClaudeBot/1.0; +claudebot@anthropic.com)"
216.73.216.135 - - [04/Apr/2026:01:37:35 -0400] "GET /status/online/gender/c,f,m/age/18-19/ethnicity/native/languages/Irish HTTP/1.1" 200 19840 "-" "Mozilla/5.0 AppleWebKit/537.36 (KHTML, like Gecko; compatible; ClaudeBot/1.0; +claudebot@anthropic.com)"
144.76.32.187 - - [04/Apr/2026:01:37:35 -0400] "GET /tags/18/gender/m,c,f HTTP/1.1" 200 17772 "-" "Mozilla/5.0 (compatible; SERankingBacklinksBot/1.0; +https://seranking.com/backlinks-crawler)"
216.73.216.135 - - [04/Apr/2026:01:37:35 -0400] "GET /status/offline/gender/t,c/age/60-100,40-49/languages/kazakh?sortOrder=recent HTTP/1.1" 200 19453 "-" "Mozilla/5.0 AppleWebKit/537.36 (KHTML, like Gecko; compatible; ClaudeBot/1.0; +claudebot@anthropic.com)"
216.73.216.135 - - [04/Apr/2026:01:37:35 -0400] "GET /gender/t,c,f,m/age/18-19/languages/Icelandic?sortOrder=leastViewed HTTP/1.1" 200 18986 "-" "Mozilla/5.0 AppleWebKit/537.36 (KHTML, like Gecko; compatible; ClaudeBot/1.0; +claudebot@anthropic.com)"
216.73.216.135 - - [04/Apr/2026:01:37:35 -0400] "GET /status/online/gender/m,c/age/20-29/ethnicity/islander/languages/spanish HTTP/1.1" 200 19666 "-" "Mozilla/5.0 AppleWebKit/537.36 (KHTML, like Gecko; compatible; ClaudeBot/1.0; +claudebot@anthropic.com)"
216.73.216.135 - - [04/Apr/2026:01:37:35 -0400] "GET /gender/f,m,c/age/40-49/ethnicity/white/languages/Italian?sortOrder=youngest HTTP/1.1" 200 19281 "-" "Mozilla/5.0 AppleWebKit/537.36 (KHTML, like Gecko; compatible; ClaudeBot/1.0; +claudebot@anthropic.com)"
216.73.216.135 - - [04/Apr/2026:01:37:35 -0400] "GET /status/offline,online/gender/c,f/age/40-49,30-39/languages/catalan HTTP/1.1" 200 19852 "-" "Mozilla/5.0 AppleWebKit/537.36 (KHTML, like Gecko; compatible; ClaudeBot/1.0; +claudebot@anthropic.com)"
74.7.241.1 - - [04/Apr/2026:01:37:36 -0400] "GET /age/50-59/ethnicity/latest-news.php,native,black,other,latinas,white HTTP/1.1" 200 20086 "https://camjab.com/age/50-59/ethnicity/latest-news.php,asian,native,black,other,latinas,white" "Mozilla/5.0 AppleWebKit/537.36 (KHTML, like Gecko; compatible; GPTBot/1.3; +https://openai.com/gptbot)"
216.73.216.135 - - [04/Apr/2026:01:37:36 -0400] "GET /gender/c,m/age/30-39/ethnicity/other/languages/spanish?sortOrder=timeOnline HTTP/1.1" 200 18984 "-" "Mozilla/5.0 AppleWebKit/537.36 (KHTML, like Gecko; compatible; ClaudeBot/1.0; +claudebot@anthropic.com)"
216.73.216.135 - - [04/Apr/2026:01:37:36 -0400] "GET /gender/m,c,t/age/40-49/languages/italian?sortOrder=youngest HTTP/1.1" 200 18618 "-" "Mozilla/5.0 AppleWebKit/537.36 (KHTML, like Gecko; compatible; ClaudeBot/1.0; +claudebot@anthropic.com)"
3.94.156.104 - - [04/Apr/2026:01:37:36 -0400] "GET /status/online,offline/gender/c,f/age/40-49,18-19/ethnicity/latinas,east-indian,islander HTTP/1.1" 200 21515 "-" "Mozilla/5.0 AppleWebKit/537.36 (KHTML, like Gecko; compatible; Amazonbot/0.1; +https://developer.amazon.com/support/amazonbot) Chrome/119.0.6045.214 Safari/537.36"
216.73.216.135 - - [04/Apr/2026:01:37:36 -0400] "GET /status/offline/gender/t,f,m,c/age/18-19/languages/Bulgarian HTTP/1.1" 200 19596 "-" "Mozilla/5.0 AppleWebKit/537.36 (KHTML, like Gecko; compatible; ClaudeBot/1.0; +claudebot@anthropic.com)"
216.73.216.135 - - [04/Apr/2026:01:37:36 -0400] "GET /gender/m,t/age/20-29,40-49/ethnicity/native/languages/Kashmiri HTTP/1.1" 200 19379 "-" "Mozilla/5.0 AppleWebKit/537.36 (KHTML, like Gecko; compatible; ClaudeBot/1.0; +claudebot@anthropic.com)"
74.7.241.25 - - [04/Apr/2026:01:37:36 -0400] "GET /gender/f/ethnicity/black,other,east-indian,native,white,islander HTTP/1.1" 200 20159 "https://www.camjab.com/gender/f/ethnicity/black,other,east-indian,native,white" "Mozilla/5.0 AppleWebKit/537.36 (KHTML, like Gecko; compatible; GPTBot/1.3; +https://openai.com/gptbot)"
216.73.216.135 - - [04/Apr/2026:01:37:36 -0400] "GET /status/offline/gender/c,t/age/50-59,18-19/languages/Catalan HTTP/1.1" 200 19358 "-" "Mozilla/5.0 AppleWebKit/537.36 (KHTML, like Gecko; compatible; ClaudeBot/1.0; +claudebot@anthropic.com)"
216.73.216.135 - - [04/Apr/2026:01:37:36 -0400] "GET /gender/f,t,m/age/20-29/ethnicity/native/languages/Turkish?sortOrder=timeOnline HTTP/1.1" 200 19319 "-" "Mozilla/5.0 AppleWebKit/537.36 (KHTML, like Gecko; compatible; ClaudeBot/1.0; +claudebot@anthropic.com)"
216.73.216.135 - - [04/Apr/2026:01:37:36 -0400] "GET /status/offline/gender/c,t/age/40-49,20-29/ethnicity/native/languages/hebrew HTTP/1.1" 200 20053 "-" "Mozilla/5.0 AppleWebKit/537.36 (KHTML, like Gecko; compatible; ClaudeBot/1.0; +claudebot@anthropic.com)"
216.73.216.135 - - [04/Apr/2026:01:37:36 -0400] "GET /gender/c,m,f/age/18-19/ethnicity/black/languages/romanian HTTP/1.1" 200 19217 "-" "Mozilla/5.0 AppleWebKit/537.36 (KHTML, like Gecko; compatible; ClaudeBot/1.0; +claudebot@anthropic.com)"
216.73.216.135 - - [04/Apr/2026:01:37:36 -0400] "GET /status/online/gender/c,m/ethnicity/white,black/languages/persian HTTP/1.1" 200 19452 "-" "Mozilla/5.0 AppleWebKit/537.36 (KHTML, like Gecko; compatible; ClaudeBot/1.0; +claudebot@anthropic.com)"
216.73.216.135 - - [04/Apr/2026:01:37:36 -0400] "GET /status/offline,online/gender/t,c/languages/english?sortOrder=timeOnline HTTP/1.1" 200 18956 "-" "Mozilla/5.0 AppleWebKit/537.36 (KHTML, like Gecko; compatible; ClaudeBot/1.0; +claudebot@anthropic.com)"
216.73.216.135 - - [04/Apr/2026:01:37:36 -0400] "GET /gender/t,m,c/age/40-49/ethnicity/native/languages/Swedish?sortOrder=youngest HTTP/1.1" 200 19313 "-" "Mozilla/5.0 AppleWebKit/537.36 (KHTML, like Gecko; compatible; ClaudeBot/1.0; +claudebot@anthropic.com)"
74.7.241.1 - - [04/Apr/2026:01:37:37 -0400] "GET /age/40-49/ethnicity/latest-news.php,native,other,islander,east-indian,white,black HTTP/1.1" 200 20830 "https://camjab.com/age/40-49/ethnicity/latest-news.php,native,other,islander,east-indian,white,black,latinas" "Mozilla/5.0 AppleWebKit/537.36 (KHTML, like Gecko; compatible; GPTBot/1.3; +https://openai.com/gptbot)"
216.73.216.135 - - [04/Apr/2026:01:37:37 -0400] "GET /status/offline/gender/c,f/age/40-49,30-39/languages/persian?sortOrder=youngest HTTP/1.1" 200 19462 "-" "Mozilla/5.0 AppleWebKit/537.36 (KHTML, like Gecko; compatible; ClaudeBot/1.0; +claudebot@anthropic.com)"
216.73.216.135 - - [04/Apr/2026:01:37:37 -0400] "GET /gender/c,f/age/20-29,18-19/languages/Estonian?sortOrder=name HTTP/1.1" 200 18781 "-" "Mozilla/5.0 AppleWebKit/537.36 (KHTML, like Gecko; compatible; ClaudeBot/1.0; +claudebot@anthropic.com)"
216.73.216.135 - - [04/Apr/2026:01:37:37 -0400] "GET /status/offline/gender/m,t,f/ethnicity/black/languages/scots?sortOrder=timeOnline HTTP/1.1" 200 19370 "-" "Mozilla/5.0 AppleWebKit/537.36 (KHTML, like Gecko; compatible; ClaudeBot/1.0; +claudebot@anthropic.com)"
216.73.216.135 - - [04/Apr/2026:01:37:37 -0400] "GET /status/online/gender/f,c/ethnicity/native,other,white/languages/Scots HTTP/1.1" 200 19876 "-" "Mozilla/5.0 AppleWebKit/537.36 (KHTML, like Gecko; compatible; ClaudeBot/1.0; +claudebot@anthropic.com)"
74.7.241.25 - - [04/Apr/2026:01:37:37 -0400] "GET /age/50-59/ethnicity/east-indian,other,black,asian,native,islander HTTP/1.1" 200 20214 "https://www.camjab.com/age/50-59/ethnicity/east-indian,other,black,asian,native" "Mozilla/5.0 AppleWebKit/537.36 (KHTML, like Gecko; compatible; GPTBot/1.3; +https://openai.com/gptbot)"
216.73.216.135 - - [04/Apr/2026:01:37:37 -0400] "GET /status/offline/gender/t,f/ethnicity/islander,native,white/languages/Armenian HTTP/1.1" 200 20131 "-" "Mozilla/5.0 AppleWebKit/537.36 (KHTML, like Gecko; compatible; ClaudeBot/1.0; +claudebot@anthropic.com)"
216.73.216.135 - - [04/Apr/2026:01:37:37 -0400] "GET /gender/m,t,f/ethnicity/black,native/languages/German?sortOrder=youngest HTTP/1.1" 200 19175 "-" "Mozilla/5.0 AppleWebKit/537.36 (KHTML, like Gecko; compatible; ClaudeBot/1.0; +claudebot@anthropic.com)"
216.73.216.135 - - [04/Apr/2026:01:37:37 -0400] "GET /gender/t,f/age/20-29,30-39/ethnicity/islander/languages/scots HTTP/1.1" 200 19358 "-" "Mozilla/5.0 AppleWebKit/537.36 (KHTML, like Gecko; compatible; ClaudeBot/1.0; +claudebot@anthropic.com)"
216.73.216.135 - - [04/Apr/2026:01:37:37 -0400] "GET /gender/m,t,f/age/40-49/ethnicity/native/languages/Faeroese?sortOrder=name HTTP/1.1" 200 19336 "-" "Mozilla/5.0 AppleWebKit/537.36 (KHTML, like Gecko; compatible; ClaudeBot/1.0; +claudebot@anthropic.com)"
216.73.216.135 - - [04/Apr/2026:01:37:37 -0400] "GET /status/offline,online/gender/m/ethnicity/asian/languages/Japanese?sortOrder=youngest HTTP/1.1" 200 19320 "-" "Mozilla/5.0 AppleWebKit/537.36 (KHTML, like Gecko; compatible; ClaudeBot/1.0; +claudebot@anthropic.com)"
98.84.70.201 - - [04/Apr/2026:01:37:37 -0400] "GET /status/offline,online/gender/c,t,f,m/age/40-49,60-100/ethnicity/native,islander,east-indian HTTP/1.1" 200 21972 "-" "Mozilla/5.0 AppleWebKit/537.36 (KHTML, like Gecko; compatible; Amazonbot/0.1; +https://developer.amazon.com/support/amazonbot) Chrome/119.0.6045.214 Safari/537.36"
216.73.216.135 - - [04/Apr/2026:01:37:37 -0400] "GET /gender/c,m,t/age/30-39/ethnicity/black/languages/finnish HTTP/1.1" 200 19177 "-" "Mozilla/5.0 AppleWebKit/537.36 (KHTML, like Gecko; compatible; ClaudeBot/1.0; +claudebot@anthropic.com)"
216.73.216.135 - - [04/Apr/2026:01:37:37 -0400] "GET /gender/f,t,c,m/ethnicity/native,islander/languages/irish HTTP/1.1" 200 19457 "-" "Mozilla/5.0 AppleWebKit/537.36 (KHTML, like Gecko; compatible; ClaudeBot/1.0; +claudebot@anthropic.com)"
216.73.216.135 - - [04/Apr/2026:01:37:38 -0400] "GET /status/online,offline/age/30-39,60-100/ethnicity/native/languages/French HTTP/1.1" 200 19732 "-" "Mozilla/5.0 AppleWebKit/537.36 (KHTML, like Gecko; compatible; ClaudeBot/1.0; +claudebot@anthropic.com)"
3.235.215.92 - - [04/Apr/2026:01:37:38 -0400] "GET /status/online,offline/gender/m,t,c,f/age/20-29/ethnicity/native,islander,east-indian,latinas/languages/malay HTTP/1.1" 200 22916 "-" "Mozilla/5.0 AppleWebKit/537.36 (KHTML, like Gecko; compatible; Amazonbot/0.1; +https://developer.amazon.com/support/amazonbot) Chrome/119.0.6045.214 Safari/537.36"
74.7.241.1 - - [04/Apr/2026:01:37:38 -0400] "GET /age/18-19,60-100/ethnicity/latest-news.php,islander,other,asian,black,native,east-indian HTTP/1.1" 200 21355 "https://camjab.com/age/18-19/ethnicity/latest-news.php,islander,other,asian,black,native,east-indian" "Mozilla/5.0 AppleWebKit/537.36 (KHTML, like Gecko; compatible; GPTBot/1.3; +https://openai.com/gptbot)"
216.73.216.135 - - [04/Apr/2026:01:37:38 -0400] "GET /status/online/gender/f,m/age/60-100/languages/Kazakh?sortOrder=oldest HTTP/1.1" 200 18980 "-" "Mozilla/5.0 AppleWebKit/537.36 (KHTML, like Gecko; compatible; ClaudeBot/1.0; +claudebot@anthropic.com)"
216.73.216.135 - - [04/Apr/2026:01:37:38 -0400] "GET /status/online/gender/c,f/age/20-29,18-19/languages/Georgian HTTP/1.1" 200 19361 "-" "Mozilla/5.0 AppleWebKit/537.36 (KHTML, like Gecko; compatible; ClaudeBot/1.0; +claudebot@anthropic.com)"
74.7.241.25 - - [04/Apr/2026:01:37:38 -0400] "GET /age/30-39,40-49/ethnicity/black,other,native,east-indian,white HTTP/1.1" 200 20098 "https://www.camjab.com/age/30-39/ethnicity/black,other,native,east-indian,white" "Mozilla/5.0 AppleWebKit/537.36 (KHTML, like Gecko; compatible; GPTBot/1.3; +https://openai.com/gptbot)"
216.73.216.135 - - [04/Apr/2026:01:37:38 -0400] "GET /status/offline/gender/t,m,f/ethnicity/other/languages/Spanish?sortOrder=timeOnline HTTP/1.1" 200 19440 "-" "Mozilla/5.0 AppleWebKit/537.36 (KHTML, like Gecko; compatible; ClaudeBot/1.0; +claudebot@anthropic.com)"
216.73.216.135 - - [04/Apr/2026:01:37:38 -0400] "GET /gender/f,c/age/50-59,20-29/languages/danish?sortOrder=youngest HTTP/1.1" 200 18725 "-" "Mozilla/5.0 AppleWebKit/537.36 (KHTML, like Gecko; compatible; ClaudeBot/1.0; +claudebot@anthropic.com)"
216.73.216.135 - - [04/Apr/2026:01:37:38 -0400] "GET /gender/m,f,t/ethnicity/white,islander,native/languages/Arabic HTTP/1.1" 200 19626 "-" "Mozilla/5.0 AppleWebKit/537.36 (KHTML, like Gecko; compatible; ClaudeBot/1.0; +claudebot@anthropic.com)"
216.73.216.135 - - [04/Apr/2026:01:37:38 -0400] "GET /gender/f,t/age/18-19,40-49/languages/Armenian?sortOrder=oldest HTTP/1.1" 200 18782 "-" "Mozilla/5.0 AppleWebKit/537.36 (KHTML, like Gecko; compatible; ClaudeBot/1.0; +claudebot@anthropic.com)"
216.73.216.135 - - [04/Apr/2026:01:37:38 -0400] "GET /status/offline/gender/f,c/age/18-19/ethnicity/native,latino/languages/Dutch HTTP/1.1" 200 20032 "-" "Mozilla/5.0 AppleWebKit/537.36 (KHTML, like Gecko; compatible; ClaudeBot/1.0; +claudebot@anthropic.com)"
216.73.216.135 - - [04/Apr/2026:01:37:38 -0400] "GET /status/online/gender/f,t,m/age/60-100/languages/Kashmiri HTTP/1.1" 200 19253 "-" "Mozilla/5.0 AppleWebKit/537.36 (KHTML, like Gecko; compatible; ClaudeBot/1.0; +claudebot@anthropic.com)"
216.73.216.135 - - [04/Apr/2026:01:37:38 -0400] "GET /gender/m,c/age/18-19,40-49/languages/slovak?sortOrder=oldest HTTP/1.1" 200 18709 "-" "Mozilla/5.0 AppleWebKit/537.36 (KHTML, like Gecko; compatible; ClaudeBot/1.0; +claudebot@anthropic.com)"
216.73.216.135 - - [04/Apr/2026:01:37:39 -0400] "GET /gender/f,m/age/18-19,20-29,60-100/languages/Hebrew HTTP/1.1" 200 19067 "-" "Mozilla/5.0 AppleWebKit/537.36 (KHTML, like Gecko; compatible; ClaudeBot/1.0; +claudebot@anthropic.com)"
34.230.124.21 - - [04/Apr/2026:01:37:39 -0400] "GET /status/offline,online/age/50-59,30-39,18-19/ethnicity/black,islander,native,asian,white/languages/hindi HTTP/1.1" 200 22417 "-" "Mozilla/5.0 AppleWebKit/537.36 (KHTML, like Gecko; compatible; Amazonbot/0.1; +https://developer.amazon.com/support/amazonbot) Chrome/119.0.6045.214 Safari/537.36"
74.7.241.1 - - [04/Apr/2026:01:37:39 -0400] "GET /age/40-49/ethnicity/latest-news.php,latinas,black,other,asian,native HTTP/1.1" 200 20086 "https://camjab.com/age/40-49/ethnicity/latest-news.php,latinas,black,other,asian,east-indian,native" "Mozilla/5.0 AppleWebKit/537.36 (KHTML, like Gecko; compatible; GPTBot/1.3; +https://openai.com/gptbot)"
216.73.216.135 - - [04/Apr/2026:01:37:39 -0400] "GET /status/offline/gender/f,c/ethnicity/other,native,islander/languages/Armenian HTTP/1.1" 200 20136 "-" "Mozilla/5.0 AppleWebKit/537.36 (KHTML, like Gecko; compatible; ClaudeBot/1.0; +claudebot@anthropic.com)"
216.73.216.135 - - [04/Apr/2026:01:37:39 -0400] "GET /status/offline,online/gender/f/ethnicity/black,other/languages/Danish?sortOrder=leastViewed HTTP/1.1" 200 19732 "-" "Mozilla/5.0 AppleWebKit/537.36 (KHTML, like Gecko; compatible; ClaudeBot/1.0; +claudebot@anthropic.com)"
216.73.216.135 - - [04/Apr/2026:01:37:39 -0400] "GET /status/online/gender/t,m,f/age/18-19/languages/Kashmiri HTTP/1.1" 200 19216 "-" "Mozilla/5.0 AppleWebKit/537.36 (KHTML, like Gecko; compatible; ClaudeBot/1.0; +claudebot@anthropic.com)"
74.7.241.25 - - [04/Apr/2026:01:37:39 -0400] "GET /age/30-39,50-59/ethnicity/black,other,native,east-indian,white HTTP/1.1" 200 20098 "https://www.camjab.com/age/30-39/ethnicity/black,other,native,east-indian,white" "Mozilla/5.0 AppleWebKit/537.36 (KHTML, like Gecko; compatible; GPTBot/1.3; +https://openai.com/gptbot)"
216.73.216.135 - - [04/Apr/2026:01:37:39 -0400] "GET /status/offline/gender/m,t,c/age/40-49/ethnicity/white/languages/polish HTTP/1.1" 200 19871 "-" "Mozilla/5.0 AppleWebKit/537.36 (KHTML, like Gecko; compatible; ClaudeBot/1.0; +claudebot@anthropic.com)"
216.73.216.135 - - [04/Apr/2026:01:37:39 -0400] "GET /status/offline/gender/f,m/age/30-39,60-100/ethnicity/native/languages/danish HTTP/1.1" 200 20086 "-" "Mozilla/5.0 AppleWebKit/537.36 (KHTML, like Gecko; compatible; ClaudeBot/1.0; +claudebot@anthropic.com)"
216.73.216.135 - - [04/Apr/2026:01:37:39 -0400] "GET /status/offline,online/age/40-49,60-100,18-19/languages/belarusian HTTP/1.1" 200 19588 "-" "Mozilla/5.0 AppleWebKit/537.36 (KHTML, like Gecko; compatible; ClaudeBot/1.0; +claudebot@anthropic.com)"
216.73.216.135 - - [04/Apr/2026:01:37:39 -0400] "GET /gender/m,f/ethnicity/white,islander,native/languages/Arabic?sortOrder=youngest HTTP/1.1" 200 19420 "-" "Mozilla/5.0 AppleWebKit/537.36 (KHTML, like Gecko; compatible; ClaudeBot/1.0; +claudebot@anthropic.com)"
216.73.216.135 - - [04/Apr/2026:01:37:39 -0400] "GET /status/offline,online/age/40-49/ethnicity/native,latinas/languages/German?sortOrder=youngest HTTP/1.1" 200 19887 "-" "Mozilla/5.0 AppleWebKit/537.36 (KHTML, like Gecko; compatible; ClaudeBot/1.0; +claudebot@anthropic.com)"
216.73.216.135 - - [04/Apr/2026:01:37:39 -0400] "GET /gender/f,m/ethnicity/black,islander/languages/Icelandic?sortOrder=oldest HTTP/1.1" 200 19049 "-" "Mozilla/5.0 AppleWebKit/537.36 (KHTML, like Gecko; compatible; ClaudeBot/1.0; +claudebot@anthropic.com)"
216.73.216.135 - - [04/Apr/2026:01:37:39 -0400] "GET /gender/f,c,m/age/20-29,50-59/languages/Kashmiri HTTP/1.1" 200 18978 "-" "Mozilla/5.0 AppleWebKit/537.36 (KHTML, like Gecko; compatible; ClaudeBot/1.0; +claudebot@anthropic.com)"
52.5.232.250 - - [04/Apr/2026:01:37:40 -0400] "GET /status/offline,online/gender/c,f,m/age/50-59,20-29,40-49/ethnicity/white,east-indian HTTP/1.1" 200 21638 "-" "Mozilla/5.0 AppleWebKit/537.36 (KHTML, like Gecko; compatible; Amazonbot/0.1; +https://developer.amazon.com/support/amazonbot) Chrome/119.0.6045.214 Safari/537.36"
216.73.216.135 - - [04/Apr/2026:01:37:40 -0400] "GET /status/online/gender/c,f/age/30-39/ethnicity/native/languages/portuguese HTTP/1.1" 200 19707 "-" "Mozilla/5.0 AppleWebKit/537.36 (KHTML, like Gecko; compatible; ClaudeBot/1.0; +claudebot@anthropic.com)"
74.7.241.1 - - [04/Apr/2026:01:37:40 -0400] "GET /age/18-19/ethnicity/latest-news.php,islander,white,east-indian,other,black,asian HTTP/1.1" 200 20790 "https://camjab.com/age/18-19/ethnicity/latest-news.php,islander,white,east-indian,other,black,latinas,asian" "Mozilla/5.0 AppleWebKit/537.36 (KHTML, like Gecko; compatible; GPTBot/1.3; +https://openai.com/gptbot)"
216.73.216.135 - - [04/Apr/2026:01:37:40 -0400] "GET /gender/f,c,m/age/40-49/ethnicity/islander/languages/German?sortOrder=youngest HTTP/1.1" 200 19357 "-" "Mozilla/5.0 AppleWebKit/537.36 (KHTML, like Gecko; compatible; ClaudeBot/1.0; +claudebot@anthropic.com)"
216.73.216.135 - - [04/Apr/2026:01:37:40 -0400] "GET /gender/m,c,t/age/30-39/ethnicity/black/languages/finnish HTTP/1.1" 200 19177 "-" "Mozilla/5.0 AppleWebKit/537.36 (KHTML, like Gecko; compatible; ClaudeBot/1.0; +claudebot@anthropic.com)"
216.73.216.135 - - [04/Apr/2026:01:37:40 -0400] "GET /status/offline/gender/m,f/age/40-49/ethnicity/latinas,native/languages/hindi HTTP/1.1" 200 20107 "-" "Mozilla/5.0 AppleWebKit/537.36 (KHTML, like Gecko; compatible; ClaudeBot/1.0; +claudebot@anthropic.com)"
74.7.241.25 - - [04/Apr/2026:01:37:40 -0400] "GET /age/40-49/ethnicity/east-indian,asian,black,other,native,white HTTP/1.1" 200 20097 "https://www.camjab.com/age/40-49/ethnicity/east-indian,asian,black,other,native" "Mozilla/5.0 AppleWebKit/537.36 (KHTML, like Gecko; compatible; GPTBot/1.3; +https://openai.com/gptbot)"
216.73.216.135 - - [04/Apr/2026:01:37:40 -0400] "GET /gender/m,c/age/60-100/ethnicity/black,other/languages/Turkish HTTP/1.1" 200 19368 "-" "Mozilla/5.0 AppleWebKit/537.36 (KHTML, like Gecko; compatible; ClaudeBot/1.0; +claudebot@anthropic.com)"
216.73.216.135 - - [04/Apr/2026:01:37:40 -0400] "GET /gender/m,c/age/40-49/ethnicity/black,white,native/languages/Finnish HTTP/1.1" 200 19813 "-" "Mozilla/5.0 AppleWebKit/537.36 (KHTML, like Gecko; compatible; ClaudeBot/1.0; +claudebot@anthropic.com)"
216.73.216.135 - - [04/Apr/2026:01:37:40 -0400] "GET /gender/f,m/ethnicity/white,islander,native/languages/Faeroese?sortOrder=name HTTP/1.1" 200 19478 "-" "Mozilla/5.0 AppleWebKit/537.36 (KHTML, like Gecko; compatible; ClaudeBot/1.0; +claudebot@anthropic.com)"
216.73.216.135 - - [04/Apr/2026:01:37:40 -0400] "GET /status/offline,online/age/50-59,60-100/languages/Portuguese?sortOrder=oldest HTTP/1.1" 200 19251 "-" "Mozilla/5.0 AppleWebKit/537.36 (KHTML, like Gecko; compatible; ClaudeBot/1.0; +claudebot@anthropic.com)"
17.22.245.14 - - [04/Apr/2026:01:37:40 -0400] "GET /core/ajax.loadModels.php?controller=router&gender%5B0%5D=f&age%5B0%5D=60-100&ethnicity%5B0%5D=native&ethnicity%5B1%5D=black&languages%5B0%5D=norwegian HTTP/1.1" 200 182 "https://camjab.com/gender/f/age/60-100/ethnicity/native,black/languages/norwegian" "Mozilla/5.0 (Macintosh; Intel Mac OS X 10_15_7) AppleWebKit/605.1.15 (KHTML, like Gecko) Version/17.4 Safari/605.1.15 (Applebot/0.1; +http://www.apple.com/go/applebot)"
216.73.216.135 - - [04/Apr/2026:01:37:40 -0400] "GET /status/offline/gender/f,t/age/40-49,50-59/ethnicity/native/languages/german HTTP/1.1" 200 20053 "-" "Mozilla/5.0 AppleWebKit/537.36 (KHTML, like Gecko; compatible; ClaudeBot/1.0; +claudebot@anthropic.com)"
216.73.216.135 - - [04/Apr/2026:01:37:40 -0400] "GET /status/offline/gender/f,c/age/60-100,20-29/ethnicity/native/languages/vietnamese HTTP/1.1" 200 20240 "-" "Mozilla/5.0 AppleWebKit/537.36 (KHTML, like Gecko; compatible; ClaudeBot/1.0; +claudebot@anthropic.com)"
216.73.216.135 - - [04/Apr/2026:01:37:40 -0400] "GET /status/online/gender/f,c,t/age/30-39/languages/Turkish?sortOrder=youngest HTTP/1.1" 200 19290 "-" "Mozilla/5.0 AppleWebKit/537.36 (KHTML, like Gecko; compatible; ClaudeBot/1.0; +claudebot@anthropic.com)"
217.113.194.205 - - [04/Apr/2026:01:37:40 -0400] "GET /status/online/gender/f,c,t,m/age/20-29,18-19/ethnicity/latino,native,other HTTP/1.1" 200 20956 "-" "Mozilla/5.0 (compatible; Barkrowler/0.9; +https://babbar.tech/crawler)"
216.73.216.135 - - [04/Apr/2026:01:37:40 -0400] "GET /gender/f,c,t/age/40-49,20-29/languages/korean HTTP/1.1" 200 18913 "-" "Mozilla/5.0 AppleWebKit/537.36 (KHTML, like Gecko; compatible; ClaudeBot/1.0; +claudebot@anthropic.com)"
216.73.216.135 - - [04/Apr/2026:01:37:41 -0400] "GET /status/offline/gender/m,c/age/40-49,20-29/languages/Irish?sortOrder=youngest HTTP/1.1" 200 19382 "-" "Mozilla/5.0 AppleWebKit/537.36 (KHTML, like Gecko; compatible; ClaudeBot/1.0; +claudebot@anthropic.com)"
74.7.241.1 - - [04/Apr/2026:01:37:41 -0400] "GET /age/18-19/ethnicity/latest-news.php,asian,latinas,black,other,white,islander HTTP/1.1" 200 20630 "https://camjab.com/age/18-19/ethnicity/latest-news.php,asian,latinas,black,other,white,islander,east-indian" "Mozilla/5.0 AppleWebKit/537.36 (KHTML, like Gecko; compatible; GPTBot/1.3; +https://openai.com/gptbot)"
216.73.216.135 - - [04/Apr/2026:01:37:41 -0400] "GET /gender/f,c/age/30-39/ethnicity/native,white/languages/Greek?sortOrder=youngest HTTP/1.1" 200 19407 "-" "Mozilla/5.0 AppleWebKit/537.36 (KHTML, like Gecko; compatible; ClaudeBot/1.0; +claudebot@anthropic.com)"
216.73.216.135 - - [04/Apr/2026:01:37:41 -0400] "GET /status/online/gender/f,t/ethnicity/white,native/languages/armenian HTTP/1.1" 200 19529 "-" "Mozilla/5.0 AppleWebKit/537.36 (KHTML, like Gecko; compatible; ClaudeBot/1.0; +claudebot@anthropic.com)"
74.7.241.25 - - [04/Apr/2026:01:37:41 -0400] "GET /gender/c/age/50-59,40-49,30-39/ethnicity/black,other,east-indian,native,white HTTP/1.1" 200 21109 "https://www.camjab.com/age/50-59,40-49,30-39/ethnicity/black,other,east-indian,native,white" "Mozilla/5.0 AppleWebKit/537.36 (KHTML, like Gecko; compatible; GPTBot/1.3; +https://openai.com/gptbot)"
216.73.216.135 - - [04/Apr/2026:01:37:41 -0400] "GET /gender/c,f/age/20-29/ethnicity/native,islander/languages/Kazakh?sortOrder=leastViewed HTTP/1.1" 200 19562 "-" "Mozilla/5.0 AppleWebKit/537.36 (KHTML, like Gecko; compatible; ClaudeBot/1.0; +claudebot@anthropic.com)"
216.73.216.135 - - [04/Apr/2026:01:37:41 -0400] "GET /status/online/gender/m,f/age/30-39/ethnicity/latinas/languages/Hebrew HTTP/1.1" 200 19594 "-" "Mozilla/5.0 AppleWebKit/537.36 (KHTML, like Gecko; compatible; ClaudeBot/1.0; +claudebot@anthropic.com)"
216.73.216.135 - - [04/Apr/2026:01:37:41 -0400] "GET /gender/t,m/age/20-29/ethnicity/white/languages/catalan?sortOrder=youngest HTTP/1.1" 200 18973 "-" "Mozilla/5.0 AppleWebKit/537.36 (KHTML, like Gecko; compatible; ClaudeBot/1.0; +claudebot@anthropic.com)"
144.76.32.187 - - [04/Apr/2026:01:37:41 -0400] "GET /tags/bdsm/gender/f,t HTTP/1.1" 200 17586 "-" "Mozilla/5.0 (compatible; SERankingBacklinksBot/1.0; +https://seranking.com/backlinks-crawler)"
216.73.216.135 - - [04/Apr/2026:01:37:41 -0400] "GET /gender/f,m,c/ethnicity/asian/languages/Armenian?sortOrder=name HTTP/1.1" 200 18756 "-" "Mozilla/5.0 AppleWebKit/537.36 (KHTML, like Gecko; compatible; ClaudeBot/1.0; +claudebot@anthropic.com)"
216.73.216.135 - - [04/Apr/2026:01:37:41 -0400] "GET /gender/c,f,m/ethnicity/native,white/languages/Danish?sortOrder=youngest HTTP/1.1" 200 19180 "-" "Mozilla/5.0 AppleWebKit/537.36 (KHTML, like Gecko; compatible; ClaudeBot/1.0; +claudebot@anthropic.com)"
216.73.216.135 - - [04/Apr/2026:01:37:41 -0400] "GET /status/online/gender/f,t/ethnicity/white,islander/languages/hindi HTTP/1.1" 200 19498 "-" "Mozilla/5.0 AppleWebKit/537.36 (KHTML, like Gecko; compatible; ClaudeBot/1.0; +claudebot@anthropic.com)"
34.196.237.236 - - [04/Apr/2026:01:37:41 -0400] "GET /status/online,offline/gender/t,f,m,c/age/18-19,60-100/ethnicity/native,east-indian,other/languages/finnish HTTP/1.1" 200 22595 "-" "Mozilla/5.0 AppleWebKit/537.36 (KHTML, like Gecko; compatible; Amazonbot/0.1; +https://developer.amazon.com/support/amazonbot) Chrome/119.0.6045.214 Safari/537.36"
216.73.216.135 - - [04/Apr/2026:01:37:41 -0400] "GET /gender/c,f/ethnicity/white,latinas/languages/malay?sortOrder=youngest HTTP/1.1" 200 18893 "-" "Mozilla/5.0 AppleWebKit/537.36 (KHTML, like Gecko; compatible; ClaudeBot/1.0; +claudebot@anthropic.com)"
216.73.216.135 - - [04/Apr/2026:01:37:41 -0400] "GET /gender/t,f/ethnicity/islander,latinas/languages/Albanian?sortOrder=leastViewed HTTP/1.1" 200 19107 "-" "Mozilla/5.0 AppleWebKit/537.36 (KHTML, like Gecko; compatible; ClaudeBot/1.0; +claudebot@anthropic.com)"
74.7.241.1 - - [04/Apr/2026:01:37:42 -0400] "GET /age/18-19/ethnicity/latest-news.php,other,east-indian,asian,black,islander HTTP/1.1" 200 20320 "https://camjab.com/age/18-19/ethnicity/latest-news.php,other,latinas,east-indian,asian,black,islander" "Mozilla/5.0 AppleWebKit/537.36 (KHTML, like Gecko; compatible; GPTBot/1.3; +https://openai.com/gptbot)"
216.73.216.135 - - [04/Apr/2026:01:37:42 -0400] "GET /gender/c,f/ethnicity/latinas,islander/languages/Irish?sortOrder=youngest HTTP/1.1" 200 19001 "-" "Mozilla/5.0 AppleWebKit/537.36 (KHTML, like Gecko; compatible; ClaudeBot/1.0; +claudebot@anthropic.com)"
216.73.216.135 - - [04/Apr/2026:01:37:42 -0400] "GET /gender/m,c,t/ethnicity/islander,asian/languages/catalan HTTP/1.1" 200 19185 "-" "Mozilla/5.0 AppleWebKit/537.36 (KHTML, like Gecko; compatible; ClaudeBot/1.0; +claudebot@anthropic.com)"
98.82.38.120 - - [04/Apr/2026:01:37:42 -0400] "GET /status/offline,online/gender/t,c,f/age/60-100,20-29,30-39/ethnicity/east-indian,asian,native,black,islander HTTP/1.1" 200 23410 "-" "Mozilla/5.0 AppleWebKit/537.36 (KHTML, like Gecko; compatible; Amazonbot/0.1; +https://developer.amazon.com/support/amazonbot) Chrome/119.0.6045.214 Safari/537.36"
216.73.216.135 - - [04/Apr/2026:01:37:42 -0400] "GET /status/offline/gender/t,c/age/18-19/ethnicity/native,islander/languages/Slovak HTTP/1.1" 200 20186 "-" "Mozilla/5.0 AppleWebKit/537.36 (KHTML, like Gecko; compatible; ClaudeBot/1.0; +claudebot@anthropic.com)"
74.7.241.25 - - [04/Apr/2026:01:37:42 -0400] "GET /age/30-39,20-29/ethnicity/black,other,native,east-indian,white HTTP/1.1" 200 20098 "https://www.camjab.com/age/30-39/ethnicity/black,other,native,east-indian,white" "Mozilla/5.0 AppleWebKit/537.36 (KHTML, like Gecko; compatible; GPTBot/1.3; +https://openai.com/gptbot)"
216.73.216.135 - - [04/Apr/2026:01:37:42 -0400] "GET /status/offline/gender/m,t/ethnicity/native,black,islander/sites/1 HTTP/1.1" 200 19781 "-" "Mozilla/5.0 AppleWebKit/537.36 (KHTML, like Gecko; compatible; ClaudeBot/1.0; +claudebot@anthropic.com)"
216.73.216.135 - - [04/Apr/2026:01:37:42 -0400] "GET /status/offline/gender/m,t,f,c/age/18-19/languages/Bulgarian HTTP/1.1" 200 19596 "-" "Mozilla/5.0 AppleWebKit/537.36 (KHTML, like Gecko; compatible; ClaudeBot/1.0; +claudebot@anthropic.com)"
216.73.216.135 - - [04/Apr/2026:01:37:42 -0400] "GET /gender/c,m/age/30-39,18-19/languages/belarusian?sortOrder=oldest HTTP/1.1" 200 18845 "-" "Mozilla/5.0 AppleWebKit/537.36 (KHTML, like Gecko; compatible; ClaudeBot/1.0; +claudebot@anthropic.com)"
216.73.216.135 - - [04/Apr/2026:01:37:42 -0400] "GET /status/offline,online/ethnicity/native,other,latinas/languages/spanish?sortOrder=recent HTTP/1.1" 200 19793 "-" "Mozilla/5.0 AppleWebKit/537.36 (KHTML, like Gecko; compatible; ClaudeBot/1.0; +claudebot@anthropic.com)"
216.73.216.135 - - [04/Apr/2026:01:37:42 -0400] "GET /gender/m,f,t/ethnicity/white/languages/Thai?sortOrder=youngest HTTP/1.1" 200 18627 "-" "Mozilla/5.0 AppleWebKit/537.36 (KHTML, like Gecko; compatible; ClaudeBot/1.0; +claudebot@anthropic.com)"
216.73.216.135 - - [04/Apr/2026:01:37:42 -0400] "GET /status/online/gender/f,t,m/ethnicity/native/languages/kazakh?sortOrder=leastViewed HTTP/1.1" 200 19408 "-" "Mozilla/5.0 AppleWebKit/537.36 (KHTML, like Gecko; compatible; ClaudeBot/1.0; +claudebot@anthropic.com)"
216.73.216.135 - - [04/Apr/2026:01:37:42 -0400] "GET /status/online/gender/f,c/ethnicity/native,white,islander/languages/Finnish HTTP/1.1" 200 20062 "-" "Mozilla/5.0 AppleWebKit/537.36 (KHTML, like Gecko; compatible; ClaudeBot/1.0; +claudebot@anthropic.com)"
216.73.216.135 - - [04/Apr/2026:01:37:42 -0400] "GET /status/online/gender/t,f/ethnicity/native/languages/croatian?sortOrder=youngest HTTP/1.1" 200 19170 "-" "Mozilla/5.0 AppleWebKit/537.36 (KHTML, like Gecko; compatible; ClaudeBot/1.0; +claudebot@anthropic.com)"
74.7.241.1 - - [04/Apr/2026:01:37:43 -0400] "GET /age/20-29/ethnicity/latest-news.php,black,islander,asian,latinas,native,other HTTP/1.1" 200 20670 "https://camjab.com/age/20-29/ethnicity/latest-news.php,black,islander,asian,latinas,native,other,east-indian" "Mozilla/5.0 AppleWebKit/537.36 (KHTML, like Gecko; compatible; GPTBot/1.3; +https://openai.com/gptbot)"
216.73.216.135 - - [04/Apr/2026:01:37:43 -0400] "GET /status/online/gender/c,m/ethnicity/other,islander/languages/turkish HTTP/1.1" 200 19563 "-" "Mozilla/5.0 AppleWebKit/537.36 (KHTML, like Gecko; compatible; ClaudeBot/1.0; +claudebot@anthropic.com)"
216.73.216.135 - - [04/Apr/2026:01:37:43 -0400] "GET /status/online/gender/c,f/age/20-29/languages/slovak?sortOrder=youngest HTTP/1.1" 200 18960 "-" "Mozilla/5.0 AppleWebKit/537.36 (KHTML, like Gecko; compatible; ClaudeBot/1.0; +claudebot@anthropic.com)"
74.7.241.25 - - [04/Apr/2026:01:37:43 -0400] "GET /age/40-49,30-39/ethnicity/black,other,east-indian,native,white HTTP/1.1" 200 20098 "https://www.camjab.com/age/50-59,40-49,30-39/ethnicity/black,other,east-indian,native,white" "Mozilla/5.0 AppleWebKit/537.36 (KHTML, like Gecko; compatible; GPTBot/1.3; +https://openai.com/gptbot)"
3.219.80.71 - - [04/Apr/2026:01:37:43 -0400] "GET /status/offline,online/gender/c,m,f/age/60-100,50-59/ethnicity/islander,native,asian,black,east-indian/languages/catalan HTTP/1.1" 200 23651 "-" "Mozilla/5.0 AppleWebKit/537.36 (KHTML, like Gecko; compatible; Amazonbot/0.1; +https://developer.amazon.com/support/amazonbot) Chrome/119.0.6045.214 Safari/537.36"
216.73.216.135 - - [04/Apr/2026:01:37:43 -0400] "GET /gender/t,c/age/30-39/ethnicity/islander,black/languages/Greek HTTP/1.1" 200 19377 "-" "Mozilla/5.0 AppleWebKit/537.36 (KHTML, like Gecko; compatible; ClaudeBot/1.0; +claudebot@anthropic.com)"
216.73.216.135 - - [04/Apr/2026:01:37:43 -0400] "GET /status/offline/gender/m,f/age/20-29,18-19/ethnicity/native/languages/Maltese HTTP/1.1" 200 20084 "-" "Mozilla/5.0 AppleWebKit/537.36 (KHTML, like Gecko; compatible; ClaudeBot/1.0; +claudebot@anthropic.com)"
216.73.216.135 - - [04/Apr/2026:01:37:43 -0400] "GET /gender/c,t/age/20-29/ethnicity/black/languages/georgian?sortOrder=leastViewed HTTP/1.1" 200 19026 "-" "Mozilla/5.0 AppleWebKit/537.36 (KHTML, like Gecko; compatible; ClaudeBot/1.0; +claudebot@anthropic.com)"
216.73.216.135 - - [04/Apr/2026:01:37:43 -0400] "GET /status/offline,online/gender/f/age/30-39,18-19/ethnicity/native?sortOrder=recent HTTP/1.1" 200 19690 "-" "Mozilla/5.0 AppleWebKit/537.36 (KHTML, like Gecko; compatible; ClaudeBot/1.0; +claudebot@anthropic.com)"
216.73.216.135 - - [04/Apr/2026:01:37:43 -0400] "GET /status/offline,online/age/30-39/ethnicity/black,islander,white/languages/Scots HTTP/1.1" 200 20209 "-" "Mozilla/5.0 AppleWebKit/537.36 (KHTML, like Gecko; compatible; ClaudeBot/1.0; +claudebot@anthropic.com)"
216.73.216.135 - - [04/Apr/2026:01:37:43 -0400] "GET /status/online/gender/m,c,f/age/40-49/ethnicity/islander/languages/German HTTP/1.1" 200 19952 "-" "Mozilla/5.0 AppleWebKit/537.36 (KHTML, like Gecko; compatible; ClaudeBot/1.0; +claudebot@anthropic.com)"
216.73.216.135 - - [04/Apr/2026:01:37:43 -0400] "GET /status/offline/gender/c,t/ethnicity/other/languages/Ukrainian?sortOrder=youngest HTTP/1.1" 200 19204 "-" "Mozilla/5.0 AppleWebKit/537.36 (KHTML, like Gecko; compatible; ClaudeBot/1.0; +claudebot@anthropic.com)"
216.73.216.135 - - [04/Apr/2026:01:37:43 -0400] "GET /status/online/gender/m,c/age/18-19/ethnicity/native/languages/Icelandic HTTP/1.1" 200 19662 "-" "Mozilla/5.0 AppleWebKit/537.36 (KHTML, like Gecko; compatible; ClaudeBot/1.0; +claudebot@anthropic.com)"
45.188.63.116 - - [04/Apr/2026:01:37:43 -0400] "GET /status/online,offline/gender/t,m/age/20-29,40-49,18-19,30-39/ethnicity/white,black,other,latinas,islander,asian,native HTTP/1.1" 200 24177 "https://camjab.com/status/online,offline/gender/t/age/20-29,40-49,18-19,30-39/ethnicity/white,black,other,latinas,islander,asian,native" "Mozilla/5.0 (Macintosh; Intel Mac OS X 10_15_7) AppleWebKit/537.36 (KHTML, like Gecko) Chrome/136.0.0.0 Safari/537.36"
72.22.150.72 - - [04/Apr/2026:01:37:43 -0400] "GET /tags/bearded/status/online/gender/t/age/20-29,60-100,18-19/ethnicity/latinas,east-indian,white,other,black?sortOrder=recent HTTP/1.1" 200 22565 "https://camjab.com/tags/bearded/status/online/gender/t/age/20-29,60-100,18-19/ethnicity/latinas,east-indian,white,other,black" "Mozilla/5.0 (Macintosh; Intel Mac OS X 10_15_7) AppleWebKit/537.36 (KHTML, like Gecko) Chrome/136.0.0.0 Safari/537.36"
216.73.216.135 - - [04/Apr/2026:01:37:43 -0400] "GET /gender/c,t,f/ethnicity/islander/languages/kashmiri?sortOrder=youngest HTTP/1.1" 200 18881 "-" "Mozilla/5.0 AppleWebKit/537.36 (KHTML, like Gecko; compatible; ClaudeBot/1.0; +claudebot@anthropic.com)"
140.106.31.57 - - [04/Apr/2026:01:37:44 -0400] "GET /tags/bush/status/offline,online/gender/c,m/age/18-19,50-59,60-100/ethnicity/native,islander,latinas,white,asian?sortOrder=name HTTP/1.1" 200 23338 "https://camjab.com/tags/bush/status/offline,online/gender/c,m/age/18-19,50-59,60-100/ethnicity/native,islander,latinas,white,asian?sortOrder=recent" "Mozilla/5.0 (Windows NT 10.0; Win64; x64) AppleWebKit/537.36 (KHTML, like Gecko) Chrome/133.0.0.0 Safari/537.36"
74.7.241.1 - - [04/Apr/2026:01:37:44 -0400] "GET /age/18-19/ethnicity/latest-news.php,latinas,east-indian,black,other,white,native HTTP/1.1" 200 20790 "https://camjab.com/age/18-19/ethnicity/latest-news.php,latinas,east-indian,black,other,islander,white,native" "Mozilla/5.0 AppleWebKit/537.36 (KHTML, like Gecko; compatible; GPTBot/1.3; +https://openai.com/gptbot)"
216.73.216.135 - - [04/Apr/2026:01:37:44 -0400] "GET /status/offline,online/gender/f,c/ethnicity/white/languages/english HTTP/1.1" 200 19524 "-" "Mozilla/5.0 AppleWebKit/537.36 (KHTML, like Gecko; compatible; ClaudeBot/1.0; +claudebot@anthropic.com)"
217.113.194.21 - - [04/Apr/2026:01:37:44 -0400] "GET /status/offline/gender/m/age/30-39,60-100/ethnicity/latino,native/languages/irish HTTP/1.1" 200 20392 "-" "Mozilla/5.0 (compatible; Barkrowler/0.9; +https://babbar.tech/crawler)"
74.7.241.25 - - [04/Apr/2026:01:37:44 -0400] "GET /age/40-49/ethnicity/black,east-indian,other,native,asian,islander?sortOrder=timeOnline HTTP/1.1" 200 20319 "https://www.camjab.com/age/40-49/ethnicity/black,east-indian,other,native,asian,islander" "Mozilla/5.0 AppleWebKit/537.36 (KHTML, like Gecko; compatible; GPTBot/1.3; +https://openai.com/gptbot)"
216.73.216.135 - - [04/Apr/2026:01:37:44 -0400] "GET /status/offline,online/age/18-19,60-100,30-39/languages/Kashmiri HTTP/1.1" 200 19518 "-" "Mozilla/5.0 AppleWebKit/537.36 (KHTML, like Gecko; compatible; ClaudeBot/1.0; +claudebot@anthropic.com)"
76.38.47.151 - - [04/Apr/2026:01:37:44 -0400] "GET /tags/feet/status/offline/gender/c/age/20-29,50-59,60-100,30-39,40-49/ethnicity/white,latinas,other?sortOrder=recent HTTP/1.1" 200 22206 "https://camjab.com/tags/feet/status/offline/gender/c/age/20-29,50-59,60-100,30-39,40-49/ethnicity/white,latinas,other" "Mozilla/5.0 (Windows NT 10.0; Win64; x64) AppleWebKit/537.36 (KHTML, like Gecko) Chrome/134.0.0.0 Safari/537.36"
34.204.150.196 - - [04/Apr/2026:01:37:44 -0400] "GET /status/offline,online/gender/c,t,m/age/60-100,20-29,30-39/ethnicity/east-indian,native,white,black/languages/vietnamese HTTP/1.1" 200 23633 "-" "Mozilla/5.0 AppleWebKit/537.36 (KHTML, like Gecko; compatible; Amazonbot/0.1; +https://developer.amazon.com/support/amazonbot) Chrome/119.0.6045.214 Safari/537.36"
216.73.216.135 - - [04/Apr/2026:01:37:44 -0400] "GET /status/offline,online/ethnicity/other,native,white/languages/irish?sortOrder=youngest HTTP/1.1" 200 19655 "-" "Mozilla/5.0 AppleWebKit/537.36 (KHTML, like Gecko; compatible; ClaudeBot/1.0; +claudebot@anthropic.com)"
73.75.230.173 - - [04/Apr/2026:01:37:44 -0400] "GET /status/offline/gender/m,f,t/age/50-59,20-29,18-19,40-49/ethnicity/east-indian,native,latinas,islander?sortOrder=mostViewed HTTP/1.1" 200 22723 "https://camjab.com/status/offline/gender/m,f,t/age/50-59,20-29,18-19,40-49/ethnicity/east-indian,native,latinas,islander" "Mozilla/5.0 (Windows NT 10.0; Win64; x64) AppleWebKit/537.36 (KHTML, like Gecko) Chrome/134.0.0.0 Safari/537.36"
216.73.216.135 - - [04/Apr/2026:01:37:44 -0400] "GET /gender/c,f/ethnicity/white,asian/languages/Slovak?sortOrder=youngest HTTP/1.1" 200 18855 "-" "Mozilla/5.0 AppleWebKit/537.36 (KHTML, like Gecko; compatible; ClaudeBot/1.0; +claudebot@anthropic.com)"
45.186.199.115 - - [04/Apr/2026:01:37:44 -0400] "GET /status/online/gender/t,f/age/20-29/ethnicity/islander,latinas,white,native HTTP/1.1" 200 20514 "https://camjab.com/status/online/gender/t,f/age/40-49,20-29/ethnicity/islander,latinas,white,native" "Mozilla/5.0 (Windows NT 10.0; Win64; x64) AppleWebKit/537.36 (KHTML, like Gecko) Chrome/135.0.0.0 Safari/537.36"
181.209.64.198 - - [04/Apr/2026:01:37:44 -0400] "GET /tags/bush/status/online,offline/gender/t,c/age/18-19,20-29,30-39/ethnicity/other,islander,east-indian,latinas?sortOrder=leastViewed HTTP/1.1" 200 23009 "https://camjab.com/tags/bush/status/online,offline/gender/t,c/age/18-19,20-29,30-39/ethnicity/other,islander,east-indian,latinas" "Mozilla/5.0 (Windows NT 10.0; Win64; x64) AppleWebKit/537.36 (KHTML, like Gecko) Chrome/135.0.0.0 Safari/537.36"
216.73.216.135 - - [04/Apr/2026:01:37:44 -0400] "GET /gender/c,m/age/30-39/ethnicity/white,native/languages/malay?sortOrder=youngest HTTP/1.1" 200 19397 "-" "Mozilla/5.0 AppleWebKit/537.36 (KHTML, like Gecko; compatible; ClaudeBot/1.0; +claudebot@anthropic.com)"
88.130.145.42 - - [04/Apr/2026:01:37:44 -0400] "GET /status/offline,online/gender/f,m/age/40-49,20-29/ethnicity/islander,white,asian,other?sortOrder=leastViewed HTTP/1.1" 200 21548 "https://camjab.com/status/offline,online/gender/f,m/age/40-49,20-29/ethnicity/islander,white,asian,other?sortOrder=mostViewed" "Mozilla/5.0 (Windows NT 10.0; Win64; x64) AppleWebKit/537.36 (KHTML, like Gecko) Chrome/133.0.0.0 Safari/537.36"
2.203.231.236 - - [04/Apr/2026:01:37:44 -0400] "GET /status/online/gender/f,t,m,c/age/30-39,60-100/ethnicity/white,latinas,islander,black HTTP/1.1" 200 21663 "https://camjab.com/status/online/gender/f,t,m/age/30-39,60-100/ethnicity/white,latinas,islander,black?sortOrder=recent" "Mozilla/5.0 (Windows NT 10.0; Win64; x64) AppleWebKit/537.36 (KHTML, like Gecko) Chrome/133.0.0.0 Safari/537.36"
105.157.44.155 - - [04/Apr/2026:01:37:44 -0400] "GET /status/offline/gender/t,f,m/age/40-49,18-19,50-59/ethnicity/islander,other,asian,native,black HTTP/1.1" 200 22273 "https://camjab.com/status/offline/gender/t,f/age/40-49,18-19,50-59/ethnicity/islander,other,asian,native,black" "Mozilla/5.0 (Windows NT 10.0; Win64; x64) AppleWebKit/537.36 (KHTML, like Gecko) Chrome/134.0.0.0 Safari/537.36"
46.110.145.87 - - [04/Apr/2026:01:37:44 -0400] "GET /tags/vibrates/status/online,offline/gender/t,m/age/50-59,30-39,20-29/ethnicity/east-indian,asian,latinas,other HTTP/1.1" 200 22943 "https://camjab.com/tags/vibrates/status/online,offline/gender/t,m/age/50-59,30-39,20-29/ethnicity/east-indian,asian,latinas,native,other" "Mozilla/5.0 (Windows NT 10.0; Win64; x64) AppleWebKit/537.36 (KHTML, like Gecko) Chrome/134.0.0.0 Safari/537.36"
73.128.212.182 - - [04/Apr/2026:01:37:44 -0400] "GET /status/offline,online/gender/c,t,f,m/age/40-49,20-29,18-19,60-100/ethnicity/islander,asian,white,native HTTP/1.1" 200 23251 "https://camjab.com/status/offline,online/gender/c,t,f/age/40-49,20-29,18-19,60-100/ethnicity/islander,asian,white,native?sortOrder=youngest" "Mozilla/5.0 (Windows NT 10.0; Win64; x64) AppleWebKit/537.36 (KHTML, like Gecko) Chrome/135.0.0.0 Safari/537.36"
216.73.216.135 - - [04/Apr/2026:01:37:44 -0400] "GET /gender/t,c,m/ethnicity/native,other/languages/Dutch?sortOrder=youngest HTTP/1.1" 200 19140 "-" "Mozilla/5.0 AppleWebKit/537.36 (KHTML, like Gecko; compatible; ClaudeBot/1.0; +claudebot@anthropic.com)"
94.131.202.111 - - [04/Apr/2026:01:37:44 -0400] "GET /status/offline,online/gender/t,m/age/40-49,60-100/ethnicity/latinas,east-indian,black,islander?sortOrder=leastViewed HTTP/1.1" 200 21921 "https://camjab.com/status/offline,online/gender/t,m/age/40-49,60-100/ethnicity/latinas,east-indian,black,islander" "Mozilla/5.0 (Windows NT 10.0; Win64; x64) AppleWebKit/537.36 (KHTML, like Gecko) Chrome/135.0.0.0 Safari/537.36 Edg/135.0.0.0"
216.73.216.135 - - [04/Apr/2026:01:37:44 -0400] "GET /status/offline/gender/t,c/ethnicity/islander,white/languages/scots?sortOrder=youngest HTTP/1.1" 200 19634 "-" "Mozilla/5.0 AppleWebKit/537.36 (KHTML, like Gecko; compatible; ClaudeBot/1.0; +claudebot@anthropic.com)"
216.73.216.135 - - [04/Apr/2026:01:37:44 -0400] "GET /status/online/gender/c,t/age/20-29,50-59/languages/german HTTP/1.1" 200 19286 "-" "Mozilla/5.0 AppleWebKit/537.36 (KHTML, like Gecko; compatible; ClaudeBot/1.0; +claudebot@anthropic.com)"
216.73.216.135 - - [04/Apr/2026:01:37:44 -0400] "GET /gender/c,t/age/18-19/ethnicity/native/languages/norwegian?sortOrder=youngest HTTP/1.1" 200 19087 "-" "Mozilla/5.0 AppleWebKit/537.36 (KHTML, like Gecko; compatible; ClaudeBot/1.0; +claudebot@anthropic.com)"
151.52.229.249 - - [04/Apr/2026:01:37:44 -0400] "GET /tags/vibrates/status/offline/gender/t,m/age/50-59,30-39,18-19,20-29/ethnicity/east-indian,asian,latinas,other HTTP/1.1" 200 22884 "https://camjab.com/tags/vibrates/status/offline/gender/t,m/age/50-59,30-39,18-19,20-29/ethnicity/east-indian,asian,latinas,native,other" "Mozilla/5.0 (Windows NT 10.0; Win64; x64) AppleWebKit/537.36 (KHTML, like Gecko) Chrome/136.0.0.0 Safari/537.36 Edg/136.0.0.0"
216.73.216.135 - - [04/Apr/2026:01:37:44 -0400] "GET /gender/c,m/age/40-49/ethnicity/other,black/languages/french HTTP/1.1" 200 19296 "-" "Mozilla/5.0 AppleWebKit/537.36 (KHTML, like Gecko; compatible; ClaudeBot/1.0; +claudebot@anthropic.com)"
213.230.92.96 - - [04/Apr/2026:01:37:44 -0400] "GET /tags/vibrates/status/offline/gender/t,f/age/50-59,40-49,30-39,20-29/ethnicity/east-indian,asian,latinas,native,islander?sortOrder=mostViewed HTTP/1.1" 200 23714 "https://camjab.com/tags/vibrates/status/offline/gender/t,f/age/50-59,40-49,30-39,20-29/ethnicity/east-indian,asian,latinas,native,islander" "Mozilla/5.0 (Windows NT 10.0; Win64; x64) AppleWebKit/537.36 (KHTML, like Gecko) Chrome/134.0.0.0 Safari/537.36"
43.155.27.244 - - [04/Apr/2026:01:37:44 -0400] "GET / HTTP/1.1" 200 17307 "http://www.cumsg.com/promo/2012/content/web/c4f09697-LilyFiguera.flv" "Mozilla/5.0 (iPhone; CPU iPhone OS 13_2_3 like Mac OS X) AppleWebKit/605.1.15 (KHTML, like Gecko) Version/13.0.3 Mobile/15E148 Safari/604.1"
45.159.74.180 - - [04/Apr/2026:01:37:44 -0400] "GET /status/online/gender/t,f,m/age/30-39,20-29,50-59,40-49/ethnicity/native,asian,black,white HTTP/1.1" 200 22090 "https://camjab.com/status/online/gender/t,f/age/30-39,20-29,50-59,40-49/ethnicity/native,asian,black,white" "Mozilla/5.0 (Macintosh; Intel Mac OS X 10_15_7) AppleWebKit/537.36 (KHTML, like Gecko) Chrome/135.0.0.0 Safari/537.36"
216.73.216.135 - - [04/Apr/2026:01:37:44 -0400] "GET /gender/m,c/age/60-100,18-19/languages/finnish?sortOrder=youngest HTTP/1.1" 200 18785 "-" "Mozilla/5.0 AppleWebKit/537.36 (KHTML, like Gecko; compatible; ClaudeBot/1.0; +claudebot@anthropic.com)"
74.7.241.1 - - [04/Apr/2026:01:37:45 -0400] "GET /age/50-59/ethnicity/latest-news.php,islander,white,black,latinas,other,asian HTTP/1.1" 200 20630 "https://camjab.com/age/50-59/ethnicity/latest-news.php,islander,white,black,latinas,east-indian,other,asian" "Mozilla/5.0 AppleWebKit/537.36 (KHTML, like Gecko; compatible; GPTBot/1.3; +https://openai.com/gptbot)"
216.73.216.135 - - [04/Apr/2026:01:37:45 -0400] "GET /gender/m,c/age/30-39/ethnicity/white/languages/Malay?sortOrder=youngest HTTP/1.1" 200 18910 "-" "Mozilla/5.0 AppleWebKit/537.36 (KHTML, like Gecko; compatible; ClaudeBot/1.0; +claudebot@anthropic.com)"
181.78.18.218 - - [04/Apr/2026:01:37:45 -0400] "GET /status/offline/gender/t,m/age/40-49,18-19,30-39/ethnicity/native,islander,black HTTP/1.1" 200 20933 "https://camjab.com/status/offline/gender/t,m/age/40-49,18-19/ethnicity/native,islander,black" "Mozilla/5.0 (Windows NT 10.0; Win64; x64) AppleWebKit/537.36 (KHTML, like Gecko) Chrome/135.0.0.0 Safari/537.36"
74.7.241.25 - - [04/Apr/2026:01:37:45 -0400] "GET /age/50-59/ethnicity/native,black,east-indian,asian,other HTTP/1.1" 200 19647 "https://www.camjab.com/age/50-59/ethnicity/native,black,east-indian,asian,other,latinas" "Mozilla/5.0 AppleWebKit/537.36 (KHTML, like Gecko; compatible; GPTBot/1.3; +https://openai.com/gptbot)"
216.73.216.135 - - [04/Apr/2026:01:37:45 -0400] "GET /status/online/gender/c,f/ethnicity/native,white/languages/danish?sortOrder=youngest HTTP/1.1" 200 19563 "-" "Mozilla/5.0 AppleWebKit/537.36 (KHTML, like Gecko; compatible; ClaudeBot/1.0; +claudebot@anthropic.com)"
216.73.216.135 - - [04/Apr/2026:01:37:45 -0400] "GET /gender/c,m/age/40-49,50-59/languages/finnish?sortOrder=youngest HTTP/1.1" 200 18749 "-" "Mozilla/5.0 AppleWebKit/537.36 (KHTML, like Gecko; compatible; ClaudeBot/1.0; +claudebot@anthropic.com)"
216.73.216.135 - - [04/Apr/2026:01:37:45 -0400] "GET /status/offline/gender/m,f,t/age/20-29/ethnicity/native/languages/afrikaans HTTP/1.1" 200 20017 "-" "Mozilla/5.0 AppleWebKit/537.36 (KHTML, like Gecko; compatible; ClaudeBot/1.0; +claudebot@anthropic.com)"
216.73.216.135 - - [04/Apr/2026:01:37:45 -0400] "GET /gender/f,m/age/40-49,18-19/languages/serbian?sortOrder=youngest HTTP/1.1" 200 18749 "-" "Mozilla/5.0 AppleWebKit/537.36 (KHTML, like Gecko; compatible; ClaudeBot/1.0; +claudebot@anthropic.com)"
216.73.216.135 - - [04/Apr/2026:01:37:45 -0400] "GET /status/offline/gender/f,m,t/ethnicity/native,black/languages/Thai HTTP/1.1" 200 19730 "-" "Mozilla/5.0 AppleWebKit/537.36 (KHTML, like Gecko; compatible; ClaudeBot/1.0; +claudebot@anthropic.com)"
216.73.216.135 - - [04/Apr/2026:01:37:45 -0400] "GET /status/offline/gender/c,m,f/age/18-19,50-59/languages/Slovak HTTP/1.1" 200 19627 "-" "Mozilla/5.0 AppleWebKit/537.36 (KHTML, like Gecko; compatible; ClaudeBot/1.0; +claudebot@anthropic.com)"
216.73.216.135 - - [04/Apr/2026:01:37:45 -0400] "GET /status/offline/gender/f,t,c/age/60-100/languages/Polish?sortOrder=youngest HTTP/1.1" 200 19329 "-" "Mozilla/5.0 AppleWebKit/537.36 (KHTML, like Gecko; compatible; ClaudeBot/1.0; +claudebot@anthropic.com)"
