178.8.184.123 - - [04/Apr/2026:01:34:29 -0400] "GET /status/online,offline/gender/t,m/age/50-59,40-49,30-39/ethnicity/black,asian,latinas,east-indian?sortOrder=recent HTTP/1.1" 200 22467 "https://www.camjab.com/status/online,offline/gender/t,m/age/50-59,40-49,30-39/ethnicity/black,asian,latinas,east-indian" "Mozilla/5.0 (Windows NT 10.0; Win64; x64) AppleWebKit/537.36 (KHTML, like Gecko) Chrome/136.0.0.0 Safari/537.36 Edg/136.0.0.0"
191.112.35.215 - - [04/Apr/2026:01:34:29 -0400] "GET /status/offline/gender/c,t,f/age/40-49,50-59,20-29,30-39,60-100,18-19/ethnicity/other,native,black,east-indian HTTP/1.1" 200 23740 "https://www.camjab.com/status/offline/gender/c,t,f/age/40-49,50-59,20-29,30-39,60-100,18-19/ethnicity/other,native,white,black,east-indian" "Mozilla/5.0 (Windows NT 10.0; Win64; x64) AppleWebKit/537.36 (KHTML, like Gecko) Chrome/135.0.0.0 Safari/537.36"
216.73.216.135 - - [04/Apr/2026:01:34:29 -0400] "GET /gender/t,f/age/30-39/ethnicity/white,asian/languages/scots?sortOrder=mostViewed HTTP/1.1" 200 19371 "-" "Mozilla/5.0 AppleWebKit/537.36 (KHTML, like Gecko; compatible; ClaudeBot/1.0; +claudebot@anthropic.com)"
74.7.241.1 - - [04/Apr/2026:01:34:29 -0400] "GET /age/50-59/ethnicity/latest-news.php,native,latinas,islander,other,white,black HTTP/1.1" 200 20670 "https://camjab.com/age/50-59/ethnicity/latest-news.php,native,east-indian,latinas,islander,other,white,black" "Mozilla/5.0 AppleWebKit/537.36 (KHTML, like Gecko; compatible; GPTBot/1.3; +https://openai.com/gptbot)"
52.4.76.156 - - [04/Apr/2026:01:34:29 -0400] "GET /status/offline,online/gender/f,m,c,t/age/40-49,30-39,60-100/ethnicity/east-indian,black HTTP/1.1" 200 21793 "-" "Mozilla/5.0 AppleWebKit/537.36 (KHTML, like Gecko; compatible; Amazonbot/0.1; +https://developer.amazon.com/support/amazonbot) Chrome/119.0.6045.214 Safari/537.36"
23.21.148.226 - - [04/Apr/2026:01:34:29 -0400] "GET /status/offline,online/gender/m,c/age/50-59,18-19,30-39/ethnicity/east-indian,native,asian/languages/hindi HTTP/1.1" 200 22483 "-" "Mozilla/5.0 AppleWebKit/537.36 (KHTML, like Gecko; compatible; Amazonbot/0.1; +https://developer.amazon.com/support/amazonbot) Chrome/119.0.6045.214 Safari/537.36"
41.210.143.195 - - [04/Apr/2026:01:34:29 -0400] "GET /status/offline/gender/f/age/40-49,20-29,60-100,30-39/ethnicity/native,asian,islander,east-indian HTTP/1.1" 200 22085 "https://www.camjab.com/status/offline/gender/f/age/40-49,20-29,60-100,30-39/ethnicity/native,asian,latinas,islander,east-indian" "Mozilla/5.0 (Windows NT 10.0; Win64; x64) AppleWebKit/537.36 (KHTML, like Gecko) Chrome/136.0.0.0 Safari/537.36"
77.28.253.150 - - [04/Apr/2026:01:34:29 -0400] "GET /status/online,offline/gender/c,m/age/18-19/ethnicity/native,latinas,asian HTTP/1.1" 200 20697 "https://www.camjab.com/status/online,offline/gender/c,f,m/age/18-19/ethnicity/native,latinas,asian" "Mozilla/5.0 (Windows NT 10.0; Win64; x64) AppleWebKit/537.36 (KHTML, like Gecko) Chrome/133.0.0.0 Safari/537.36"
89.247.171.47 - - [04/Apr/2026:01:34:30 -0400] "GET /status/online,offline/gender/t,f/age/18-19,40-49,20-29,50-59/ethnicity/east-indian,other,black,white,latinas HTTP/1.1" 200 23429 "https://www.camjab.com/status/online,offline/gender/t/age/18-19,40-49,20-29,50-59/ethnicity/east-indian,other,black,white,latinas" "Mozilla/5.0 (Windows NT 10.0; Win64; x64) AppleWebKit/537.36 (KHTML, like Gecko) Chrome/133.0.0.0 Safari/537.36"
82.60.209.115 - - [04/Apr/2026:01:34:30 -0400] "GET /tags/lush/status/offline/age/18-19,50-59,60-100,30-39/ethnicity/black,other,white,islander?sortOrder=mostViewed HTTP/1.1" 200 21904 "https://www.camjab.com/tags/lush/status/offline/age/18-19,50-59,60-100,30-39/ethnicity/black,other,white,islander" "Mozilla/5.0 (Macintosh; Intel Mac OS X 10_15_7) AppleWebKit/537.36 (KHTML, like Gecko) Chrome/136.0.0.0 Safari/537.36"
216.73.216.135 - - [04/Apr/2026:01:34:30 -0400] "GET /gender/c,m/age/50-59/ethnicity/native,islander/languages/turkish?sortOrder=leastViewed HTTP/1.1" 200 19587 "-" "Mozilla/5.0 AppleWebKit/537.36 (KHTML, like Gecko; compatible; ClaudeBot/1.0; +claudebot@anthropic.com)"
46.59.25.40 - - [04/Apr/2026:01:34:30 -0400] "GET /gender/f,m/age/60-100,40-49,20-29,50-59/ethnicity/islander,native,black,other,white?sortOrder=timeOnline HTTP/1.1" 200 21962 "https://www.camjab.com/gender/f,m/age/60-100,40-49,20-29,50-59/ethnicity/islander,native,black,other,white" "Mozilla/5.0 (Windows NT 10.0; Win64; x64) AppleWebKit/537.36 (KHTML, like Gecko) Chrome/135.0.0.0 Safari/537.36 Edg/135.0.0.0"
216.73.216.135 - - [04/Apr/2026:01:34:30 -0400] "GET /status/offline/gender/f,m/age/40-49,60-100/languages/catalan?sortOrder=timeOnline HTTP/1.1" 200 19495 "-" "Mozilla/5.0 AppleWebKit/537.36 (KHTML, like Gecko; compatible; ClaudeBot/1.0; +claudebot@anthropic.com)"
82.49.235.230 - - [04/Apr/2026:01:34:30 -0400] "GET /status/online,offline/gender/c,f/age/20-29,40-49,18-19/ethnicity/native,latinas,islander,other,white HTTP/1.1" 200 22821 "https://www.camjab.com/status/online,offline/gender/c,f/age/20-29,40-49,18-19/ethnicity/east-indian,native,latinas,islander,other,white" "Mozilla/5.0 (Macintosh; Intel Mac OS X 10_15_7) AppleWebKit/537.36 (KHTML, like Gecko) Chrome/135.0.0.0 Safari/537.36"
185.206.81.61 - - [04/Apr/2026:01:34:30 -0400] "GET /status/offline/gender/m/age/30-39,18-19/ethnicity/other,native,black,latinas,asian,east-indian,islander HTTP/1.1" 200 22646 "https://www.camjab.com/status/offline/gender/m/age/30-39,18-19/ethnicity/other,native,black,latinas,asian,east-indian" "Mozilla/5.0 (Windows NT 10.0; Win64; x64) AppleWebKit/537.36 (KHTML, like Gecko) Chrome/135.0.0.0 Safari/537.36"
216.73.216.135 - - [04/Apr/2026:01:34:30 -0400] "GET /gender/t,c/age/50-59,40-49/languages/Swedish?sortOrder=youngest HTTP/1.1" 200 18754 "-" "Mozilla/5.0 AppleWebKit/537.36 (KHTML, like Gecko; compatible; ClaudeBot/1.0; +claudebot@anthropic.com)"
91.218.162.83 - - [04/Apr/2026:01:34:30 -0400] "GET /status/offline,online/gender/f,t/age/30-39,20-29,18-19/ethnicity/other,white,black?sortOrder=oldest HTTP/1.1" 200 21633 "https://www.camjab.com/status/offline,online/gender/f,t/age/30-39,20-29,18-19/ethnicity/other,white,black" "Mozilla/5.0 (Macintosh; Intel Mac OS X 10_15_7) AppleWebKit/537.36 (KHTML, like Gecko) Chrome/135.0.0.0 Safari/537.36"
216.73.216.135 - - [04/Apr/2026:01:34:30 -0400] "GET /gender/f,c/age/40-49,20-29,50-59/languages/Japanese HTTP/1.1" 200 19110 "-" "Mozilla/5.0 AppleWebKit/537.36 (KHTML, like Gecko; compatible; ClaudeBot/1.0; +claudebot@anthropic.com)"
216.73.216.135 - - [04/Apr/2026:01:34:30 -0400] "GET /gender/f,m/age/40-49/ethnicity/latinas,native/languages/Turkish?sortOrder=oldest HTTP/1.1" 200 19535 "-" "Mozilla/5.0 AppleWebKit/537.36 (KHTML, like Gecko; compatible; ClaudeBot/1.0; +claudebot@anthropic.com)"
216.73.216.135 - - [04/Apr/2026:01:34:30 -0400] "GET /status/online,offline/age/40-49/ethnicity/native,white/languages/azerbaijani?sortOrder=leastViewed HTTP/1.1" 200 19997 "-" "Mozilla/5.0 AppleWebKit/537.36 (KHTML, like Gecko; compatible; ClaudeBot/1.0; +claudebot@anthropic.com)"
216.73.216.135 - - [04/Apr/2026:01:34:30 -0400] "GET /gender/f,m,t/age/60-100,20-29/languages/Georgian HTTP/1.1" 200 19010 "-" "Mozilla/5.0 AppleWebKit/537.36 (KHTML, like Gecko; compatible; ClaudeBot/1.0; +claudebot@anthropic.com)"
124.120.201.152 - - [04/Apr/2026:01:34:30 -0400] "GET /gender/c,t/age/20-29,50-59,18-19/ethnicity/east-indian,islander HTTP/1.1" 200 20117 "https://www.camjab.com/gender/c,t/age/20-29,50-59,18-19/ethnicity/east-indian,native,islander" "Mozilla/5.0 (Windows NT 10.0; Win64; x64) AppleWebKit/537.36 (KHTML, like Gecko) Chrome/136.0.0.0 Safari/537.36"
216.73.216.135 - - [04/Apr/2026:01:34:30 -0400] "GET /gender/m,c/ethnicity/black,native,other/languages/romanian?sortOrder=recent HTTP/1.1" 200 19373 "-" "Mozilla/5.0 AppleWebKit/537.36 (KHTML, like Gecko; compatible; ClaudeBot/1.0; +claudebot@anthropic.com)"
144.76.32.187 - - [04/Apr/2026:01:34:30 -0400] "GET /ethnicity/other/%22 HTTP/1.1" 200 17061 "-" "Mozilla/5.0 (compatible; SERankingBacklinksBot/1.0; +https://seranking.com/backlinks-crawler)"
216.73.216.135 - - [04/Apr/2026:01:34:30 -0400] "GET /gender/c,t,m/age/60-100/ethnicity/white/languages/german?sortOrder=leastViewed HTTP/1.1" 200 19287 "-" "Mozilla/5.0 AppleWebKit/537.36 (KHTML, like Gecko; compatible; ClaudeBot/1.0; +claudebot@anthropic.com)"
74.7.241.25 - - [04/Apr/2026:01:34:30 -0400] "GET /age/18-19/ethnicity/black,asian,east-indian,white,native,other HTTP/1.1" 200 20097 "https://www.camjab.com/age/18-19/ethnicity/black,asian,east-indian,white,native" "Mozilla/5.0 AppleWebKit/537.36 (KHTML, like Gecko; compatible; GPTBot/1.3; +https://openai.com/gptbot)"
46.124.201.69 - - [04/Apr/2026:01:34:30 -0400] "GET /status/online/gender/t,m,f/age/40-49,50-59/ethnicity/native,black,white,latinas,other?sortOrder=oldest HTTP/1.1" 200 22012 "https://www.camjab.com/status/online/gender/t,m,f/age/40-49,50-59/ethnicity/native,black,white,latinas,other" "Mozilla/5.0 (Macintosh; Intel Mac OS X 10_15_7) AppleWebKit/537.36 (KHTML, like Gecko) Chrome/136.0.0.0 Safari/537.36"
216.73.216.135 - - [04/Apr/2026:01:34:30 -0400] "GET /status/offline/gender/c,f/age/40-49/ethnicity/native,east-indian/languages/Dutch HTTP/1.1" 200 20269 "-" "Mozilla/5.0 AppleWebKit/537.36 (KHTML, like Gecko; compatible; ClaudeBot/1.0; +claudebot@anthropic.com)"
216.73.216.135 - - [04/Apr/2026:01:34:30 -0400] "GET /status/offline/gender/m,c,t/ethnicity/native,other/languages/swedish HTTP/1.1" 200 19838 "-" "Mozilla/5.0 AppleWebKit/537.36 (KHTML, like Gecko; compatible; ClaudeBot/1.0; +claudebot@anthropic.com)"
34.235.239.240 - - [04/Apr/2026:01:34:31 -0400] "GET /status/offline,online/gender/f,c/age/60-100,20-29/ethnicity/white,east-indian,asian,native,black/languages/hindi HTTP/1.1" 200 23066 "-" "Mozilla/5.0 AppleWebKit/537.36 (KHTML, like Gecko; compatible; Amazonbot/0.1; +https://developer.amazon.com/support/amazonbot) Chrome/119.0.6045.214 Safari/537.36"
216.73.216.135 - - [04/Apr/2026:01:34:31 -0400] "GET /status/offline,online/gender/m,t,f/ethnicity/islander/languages/Turkish HTTP/1.1" 200 19940 "-" "Mozilla/5.0 AppleWebKit/537.36 (KHTML, like Gecko; compatible; ClaudeBot/1.0; +claudebot@anthropic.com)"
74.7.241.1 - - [04/Apr/2026:01:34:31 -0400] "GET /age/18-19/ethnicity/latest-news.php,black,islander,native,other,asian,east-indian HTTP/1.1" 200 20830 "https://camjab.com/age/18-19/ethnicity/latest-news.php,black,white,islander,native,other,asian,east-indian" "Mozilla/5.0 AppleWebKit/537.36 (KHTML, like Gecko; compatible; GPTBot/1.3; +https://openai.com/gptbot)"
216.73.216.135 - - [04/Apr/2026:01:34:31 -0400] "GET /gender/f,t/ethnicity/latinas,black,native/languages/polish?sortOrder=mostViewed HTTP/1.1" 200 19394 "-" "Mozilla/5.0 AppleWebKit/537.36 (KHTML, like Gecko; compatible; ClaudeBot/1.0; +claudebot@anthropic.com)"
216.73.216.135 - - [04/Apr/2026:01:34:31 -0400] "GET /gender/f,c,t/age/60-100,30-39/languages/Albanian HTTP/1.1" 200 19020 "-" "Mozilla/5.0 AppleWebKit/537.36 (KHTML, like Gecko; compatible; ClaudeBot/1.0; +claudebot@anthropic.com)"
216.73.216.135 - - [04/Apr/2026:01:34:31 -0400] "GET /status/offline/gender/m,f/age/40-49/ethnicity/black,native/languages/greek HTTP/1.1" 200 20031 "-" "Mozilla/5.0 AppleWebKit/537.36 (KHTML, like Gecko; compatible; ClaudeBot/1.0; +claudebot@anthropic.com)"
223.233.86.238 - - [04/Apr/2026:01:34:31 -0400] "GET /status/offline,online/age/30-39,18-19,40-49,50-59/ethnicity/east-indian,black,asian,native,islander?sortOrder=mostViewed HTTP/1.1" 200 22624 "https://www.camjab.com/status/offline,online/age/30-39,18-19,40-49,50-59/ethnicity/east-indian,black,asian,native,islander" "Mozilla/5.0 (Windows NT 10.0; Win64; x64) AppleWebKit/537.36 (KHTML, like Gecko) Chrome/135.0.0.0 Safari/537.36"
216.73.216.135 - - [04/Apr/2026:01:34:31 -0400] "GET /status/offline/gender/m,c/age/18-19/ethnicity/native,islander/languages/Vietnamese HTTP/1.1" 200 20325 "-" "Mozilla/5.0 AppleWebKit/537.36 (KHTML, like Gecko; compatible; ClaudeBot/1.0; +claudebot@anthropic.com)"
75.51.236.239 - - [04/Apr/2026:01:34:31 -0400] "GET /gender/t,f/age/18-19,50-59,30-39/ethnicity/latinas,black?sortOrder=recent HTTP/1.1" 200 19937 "https://www.camjab.com/gender/t,f/age/18-19,50-59,30-39/ethnicity/latinas,black" "Mozilla/5.0 (Windows NT 10.0; Win64; x64) AppleWebKit/537.36 (KHTML, like Gecko) Chrome/136.0.0.0 Safari/537.36"
216.73.216.135 - - [04/Apr/2026:01:34:31 -0400] "GET /gender/t,f/ethnicity/islander,native,latinas/languages/serbian HTTP/1.1" 200 19435 "-" "Mozilla/5.0 AppleWebKit/537.36 (KHTML, like Gecko; compatible; ClaudeBot/1.0; +claudebot@anthropic.com)"
216.73.216.135 - - [04/Apr/2026:01:34:31 -0400] "GET /gender/f,m/age/20-29/ethnicity/native,latino/languages/Dutch?sortOrder=recent HTTP/1.1" 200 19381 "-" "Mozilla/5.0 AppleWebKit/537.36 (KHTML, like Gecko; compatible; ClaudeBot/1.0; +claudebot@anthropic.com)"
216.73.216.135 - - [04/Apr/2026:01:34:31 -0400] "GET /status/online,offline/gender/m/ethnicity/native,other/languages/polish HTTP/1.1" 200 19651 "-" "Mozilla/5.0 AppleWebKit/537.36 (KHTML, like Gecko; compatible; ClaudeBot/1.0; +claudebot@anthropic.com)"
216.73.216.135 - - [04/Apr/2026:01:34:31 -0400] "GET /status/offline/gender/m,c/age/20-29,30-39/languages/Catalan?sortOrder=oldest HTTP/1.1" 200 19446 "-" "Mozilla/5.0 AppleWebKit/537.36 (KHTML, like Gecko; compatible; ClaudeBot/1.0; +claudebot@anthropic.com)"
103.149.146.46 - - [04/Apr/2026:01:34:31 -0400] "GET /status/online/gender/c/age/30-39,20-29,50-59,40-49/ethnicity/latinas,asian,black,white HTTP/1.1" 200 21665 "https://www.camjab.com/status/online/gender/c/age/30-39,20-29,50-59,40-49/ethnicity/latinas,other,asian,black,white" "Mozilla/5.0 (Windows NT 10.0; Win64; x64) AppleWebKit/537.36 (KHTML, like Gecko) Chrome/136.0.0.0 Safari/537.36 Edg/136.0.0.0"
216.73.216.135 - - [04/Apr/2026:01:34:31 -0400] "GET /gender/m,f/age/30-39,40-49/ethnicity/native/languages/Ukrainian?sortOrder=leastViewed HTTP/1.1" 200 19527 "-" "Mozilla/5.0 AppleWebKit/537.36 (KHTML, like Gecko; compatible; ClaudeBot/1.0; +claudebot@anthropic.com)"
216.73.216.135 - - [04/Apr/2026:01:34:31 -0400] "GET /status/online,offline/gender/c,f/ethnicity/latinas/languages/Scots?sortOrder=mostViewed HTTP/1.1" 200 19633 "-" "Mozilla/5.0 AppleWebKit/537.36 (KHTML, like Gecko; compatible; ClaudeBot/1.0; +claudebot@anthropic.com)"
74.7.241.25 - - [04/Apr/2026:01:34:31 -0400] "GET /age/20-29,30-39/ethnicity/east-indian,other,native,white,black HTTP/1.1" 200 20098 "https://www.camjab.com/age/20-29/ethnicity/east-indian,other,native,white,black" "Mozilla/5.0 AppleWebKit/537.36 (KHTML, like Gecko; compatible; GPTBot/1.3; +https://openai.com/gptbot)"
216.73.216.135 - - [04/Apr/2026:01:34:32 -0400] "GET /status/online/gender/m,t/ethnicity/native,asian/languages/Russian?sortOrder=leastViewed HTTP/1.1" 200 19592 "-" "Mozilla/5.0 AppleWebKit/537.36 (KHTML, like Gecko; compatible; ClaudeBot/1.0; +claudebot@anthropic.com)"
216.73.216.135 - - [04/Apr/2026:01:34:32 -0400] "GET /gender/c,m,f/age/30-39/ethnicity/native/languages/serbian?sortOrder=youngest HTTP/1.1" 200 19318 "-" "Mozilla/5.0 AppleWebKit/537.36 (KHTML, like Gecko; compatible; ClaudeBot/1.0; +claudebot@anthropic.com)"
54.90.244.132 - - [04/Apr/2026:01:34:32 -0400] "GET /status/offline,online/age/20-29,60-100/ethnicity/east-indian,native,white,islander HTTP/1.1" 200 21076 "-" "Mozilla/5.0 AppleWebKit/537.36 (KHTML, like Gecko; compatible; Amazonbot/0.1; +https://developer.amazon.com/support/amazonbot) Chrome/119.0.6045.214 Safari/537.36"
74.7.241.1 - - [04/Apr/2026:01:34:32 -0400] "GET /age/30-39/ethnicity/latest-news.php,latinas,other,native,black,islander HTTP/1.1" 200 20203 "https://camjab.com/age/30-39/ethnicity/latest-news.php,latinas,east-indian,other,native,black,islander" "Mozilla/5.0 AppleWebKit/537.36 (KHTML, like Gecko; compatible; GPTBot/1.3; +https://openai.com/gptbot)"
216.73.216.135 - - [04/Apr/2026:01:34:32 -0400] "GET /gender/f,m/ethnicity/native,east-indian/languages/Hindi?sortOrder=recent HTTP/1.1" 200 19057 "-" "Mozilla/5.0 AppleWebKit/537.36 (KHTML, like Gecko; compatible; ClaudeBot/1.0; +claudebot@anthropic.com)"
188.253.221.215 - - [04/Apr/2026:01:34:32 -0400] "GET /tags/lush/age/18-19,30-39,60-100/ethnicity/black,islander,asian,native HTTP/1.1" 200 20558 "https://www.camjab.com/tags/lush/age/18-19,30-39/ethnicity/black,islander,asian,native" "Mozilla/5.0 (Windows NT 10.0; Win64; x64) AppleWebKit/537.36 (KHTML, like Gecko) Chrome/134.0.0.0 Safari/537.36"
216.73.216.135 - - [04/Apr/2026:01:34:32 -0400] "GET /gender/f,m/age/20-29,60-100/ethnicity/islander/languages/English HTTP/1.1" 200 19460 "-" "Mozilla/5.0 AppleWebKit/537.36 (KHTML, like Gecko; compatible; ClaudeBot/1.0; +claudebot@anthropic.com)"
216.73.216.135 - - [04/Apr/2026:01:34:32 -0400] "GET /status/offline/gender/m,c/age/50-59,60-100/languages/maltese?sortOrder=leastViewed HTTP/1.1" 200 19498 "-" "Mozilla/5.0 AppleWebKit/537.36 (KHTML, like Gecko; compatible; ClaudeBot/1.0; +claudebot@anthropic.com)"
216.73.216.135 - - [04/Apr/2026:01:34:32 -0400] "GET /gender/m,f/age/60-100,40-49/ethnicity/native/languages/Scots?sortOrder=youngest HTTP/1.1" 200 19415 "-" "Mozilla/5.0 AppleWebKit/537.36 (KHTML, like Gecko; compatible; ClaudeBot/1.0; +claudebot@anthropic.com)"
216.73.216.135 - - [04/Apr/2026:01:34:32 -0400] "GET /gender/t,c,f,m/age/18-19/languages/Russian?sortOrder=oldest HTTP/1.1" 200 18901 "-" "Mozilla/5.0 AppleWebKit/537.36 (KHTML, like Gecko; compatible; ClaudeBot/1.0; +claudebot@anthropic.com)"
216.73.216.135 - - [04/Apr/2026:01:34:32 -0400] "GET /status/offline/gender/m,t/age/60-100,20-29/ethnicity/native/languages/German HTTP/1.1" 200 20081 "-" "Mozilla/5.0 AppleWebKit/537.36 (KHTML, like Gecko; compatible; ClaudeBot/1.0; +claudebot@anthropic.com)"
216.73.216.135 - - [04/Apr/2026:01:34:32 -0400] "GET /gender/f,m/age/18-19/ethnicity/white,native/languages/thai?sortOrder=oldest HTTP/1.1" 200 19356 "-" "Mozilla/5.0 AppleWebKit/537.36 (KHTML, like Gecko; compatible; ClaudeBot/1.0; +claudebot@anthropic.com)"
216.73.216.135 - - [04/Apr/2026:01:34:32 -0400] "GET /gender/m,f/ethnicity/islander,white,other/sites/1?sortOrder=leastViewed HTTP/1.1" 200 19133 "-" "Mozilla/5.0 AppleWebKit/537.36 (KHTML, like Gecko; compatible; ClaudeBot/1.0; +claudebot@anthropic.com)"
216.73.216.135 - - [04/Apr/2026:01:34:32 -0400] "GET /gender/m,c/age/18-19/ethnicity/other,native/languages/Maltese?sortOrder=recent HTTP/1.1" 200 19461 "-" "Mozilla/5.0 AppleWebKit/537.36 (KHTML, like Gecko; compatible; ClaudeBot/1.0; +claudebot@anthropic.com)"
216.73.216.135 - - [04/Apr/2026:01:34:33 -0400] "GET /gender/c,f/age/50-59/ethnicity/other/languages/Turkish?sortOrder=youngest HTTP/1.1" 200 18988 "-" "Mozilla/5.0 AppleWebKit/537.36 (KHTML, like Gecko; compatible; ClaudeBot/1.0; +claudebot@anthropic.com)"
74.7.241.25 - - [04/Apr/2026:01:34:33 -0400] "GET /ethnicity/native,asian,other,black,east-indian HTTP/1.1" 200 19086 "https://www.camjab.com/age/20-29/ethnicity/native,asian,other,black,east-indian" "Mozilla/5.0 AppleWebKit/537.36 (KHTML, like Gecko; compatible; GPTBot/1.3; +https://openai.com/gptbot)"
217.113.194.21 - - [04/Apr/2026:01:34:33 -0400] "GET /status/online,offline/gender/m/age/60-100,50-59,30-39/ethnicity/east-indian,white,asian HTTP/1.1" 200 21241 "-" "Mozilla/5.0 (compatible; Barkrowler/0.9; +https://babbar.tech/crawler)"
216.73.216.135 - - [04/Apr/2026:01:34:33 -0400] "GET /gender/c,t/age/50-59/ethnicity/asian/languages/turkish HTTP/1.1" 200 18884 "-" "Mozilla/5.0 AppleWebKit/537.36 (KHTML, like Gecko; compatible; ClaudeBot/1.0; +claudebot@anthropic.com)"
216.73.216.135 - - [04/Apr/2026:01:34:33 -0400] "GET /gender/c,f/age/60-100/ethnicity/white,asian/languages/Russian?sortOrder=mostViewed HTTP/1.1" 200 19483 "-" "Mozilla/5.0 AppleWebKit/537.36 (KHTML, like Gecko; compatible; ClaudeBot/1.0; +claudebot@anthropic.com)"
74.7.241.1 - - [04/Apr/2026:01:34:33 -0400] "GET /age/50-59/ethnicity/latest-news.php,white,islander,black,other,native,asian?sortOrder=leastViewed HTTP/1.1" 200 20698 "https://camjab.com/age/50-59/ethnicity/latest-news.php,white,islander,black,other,native,asian" "Mozilla/5.0 AppleWebKit/537.36 (KHTML, like Gecko; compatible; GPTBot/1.3; +https://openai.com/gptbot)"
216.73.216.135 - - [04/Apr/2026:01:34:33 -0400] "GET /status/online/gender/f,t/age/60-100,40-49/languages/Slovak?sortOrder=recent HTTP/1.1" 200 19416 "-" "Mozilla/5.0 AppleWebKit/537.36 (KHTML, like Gecko; compatible; ClaudeBot/1.0; +claudebot@anthropic.com)"
216.73.216.135 - - [04/Apr/2026:01:34:33 -0400] "GET /gender/c,t/age/30-39/ethnicity/black,native/languages/Faeroese?sortOrder=leastViewed HTTP/1.1" 200 19516 "-" "Mozilla/5.0 AppleWebKit/537.36 (KHTML, like Gecko; compatible; ClaudeBot/1.0; +claudebot@anthropic.com)"
216.73.216.135 - - [04/Apr/2026:01:34:33 -0400] "GET /status/offline,online/age/20-29/ethnicity/native,black,islander/languages/Slovak HTTP/1.1" 200 20283 "-" "Mozilla/5.0 AppleWebKit/537.36 (KHTML, like Gecko; compatible; ClaudeBot/1.0; +claudebot@anthropic.com)"
216.73.216.135 - - [04/Apr/2026:01:34:33 -0400] "GET /gender/c,f/age/30-39,20-29,60-100/languages/Irish HTTP/1.1" 200 19042 "-" "Mozilla/5.0 AppleWebKit/537.36 (KHTML, like Gecko; compatible; ClaudeBot/1.0; +claudebot@anthropic.com)"
216.73.216.135 - - [04/Apr/2026:01:34:33 -0400] "GET /gender/m,t,c,f/age/30-39/languages/fiji?sortOrder=oldest HTTP/1.1" 200 18796 "-" "Mozilla/5.0 AppleWebKit/537.36 (KHTML, like Gecko; compatible; ClaudeBot/1.0; +claudebot@anthropic.com)"
216.73.216.135 - - [04/Apr/2026:01:34:33 -0400] "GET /status/offline,online/age/40-49,20-29/ethnicity/other/languages/french?sortOrder=mostViewed HTTP/1.1" 200 19763 "-" "Mozilla/5.0 AppleWebKit/537.36 (KHTML, like Gecko; compatible; ClaudeBot/1.0; +claudebot@anthropic.com)"
216.73.216.135 - - [04/Apr/2026:01:34:33 -0400] "GET /status/offline,online/gender/t/ethnicity/black,white/languages/Fiji HTTP/1.1" 200 19549 "-" "Mozilla/5.0 AppleWebKit/537.36 (KHTML, like Gecko; compatible; ClaudeBot/1.0; +claudebot@anthropic.com)"
34.227.234.246 - - [04/Apr/2026:01:34:33 -0400] "GET /status/offline,online/gender/c,m,f/age/50-59,18-19,30-39/ethnicity/asian,native,east-indian,black/languages/hindi HTTP/1.1" 200 23148 "-" "Mozilla/5.0 AppleWebKit/537.36 (KHTML, like Gecko; compatible; Amazonbot/0.1; +https://developer.amazon.com/support/amazonbot) Chrome/119.0.6045.214 Safari/537.36"
216.73.216.135 - - [04/Apr/2026:01:34:33 -0400] "GET /gender/t,c/age/50-59/ethnicity/native/sites/1?sortOrder=timeOnline HTTP/1.1" 200 18741 "-" "Mozilla/5.0 AppleWebKit/537.36 (KHTML, like Gecko; compatible; ClaudeBot/1.0; +claudebot@anthropic.com)"
216.73.216.135 - - [04/Apr/2026:01:34:34 -0400] "GET /status/offline/gender/f,m/ethnicity/native,white,islander/languages/bulgarian HTTP/1.1" 200 20162 "-" "Mozilla/5.0 AppleWebKit/537.36 (KHTML, like Gecko; compatible; ClaudeBot/1.0; +claudebot@anthropic.com)"
23.21.175.228 - - [04/Apr/2026:01:34:34 -0400] "GET /status/offline,online/gender/t,c,m/age/60-100,50-59,40-49/ethnicity/islander,native,black,east-indian,asian,white/languages/vietnamese HTTP/1.1" 200 24881 "-" "Mozilla/5.0 AppleWebKit/537.36 (KHTML, like Gecko; compatible; Amazonbot/0.1; +https://developer.amazon.com/support/amazonbot) Chrome/119.0.6045.214 Safari/537.36"
74.7.241.25 - - [04/Apr/2026:01:34:34 -0400] "GET /age/20-29/ethnicity/asian,other,east-indian,native,black HTTP/1.1" 200 19647 "https://www.camjab.com/age/20-29/ethnicity/asian,other,east-indian,native,islander,black" "Mozilla/5.0 AppleWebKit/537.36 (KHTML, like Gecko; compatible; GPTBot/1.3; +https://openai.com/gptbot)"
216.73.216.135 - - [04/Apr/2026:01:34:34 -0400] "GET /gender/c,t/age/60-100/ethnicity/native,other/languages/french HTTP/1.1" 200 19375 "-" "Mozilla/5.0 AppleWebKit/537.36 (KHTML, like Gecko; compatible; ClaudeBot/1.0; +claudebot@anthropic.com)"
216.73.216.135 - - [04/Apr/2026:01:34:34 -0400] "GET /gender/m,c,f/age/20-29/ethnicity/islander,native/languages/french HTTP/1.1" 200 19758 "-" "Mozilla/5.0 AppleWebKit/537.36 (KHTML, like Gecko; compatible; ClaudeBot/1.0; +claudebot@anthropic.com)"
144.76.32.187 - - [04/Apr/2026:01:34:34 -0400] "GET /tags/shy/gender/c,t HTTP/1.1" 200 17549 "-" "Mozilla/5.0 (compatible; SERankingBacklinksBot/1.0; +https://seranking.com/backlinks-crawler)"
74.7.241.1 - - [04/Apr/2026:01:34:34 -0400] "GET /age/50-59/ethnicity/latest-news.php,other,white,black,islander,native,east-indian HTTP/1.1" 200 20830 "https://camjab.com/age/50-59/ethnicity/latest-news.php,other,latinas,white,black,islander,native,east-indian" "Mozilla/5.0 AppleWebKit/537.36 (KHTML, like Gecko; compatible; GPTBot/1.3; +https://openai.com/gptbot)"
216.73.216.135 - - [04/Apr/2026:01:34:34 -0400] "GET /status/online/gender/c,m/age/50-59,40-49/languages/Chinese?sortOrder=leastViewed HTTP/1.1" 200 19424 "-" "Mozilla/5.0 AppleWebKit/537.36 (KHTML, like Gecko; compatible; ClaudeBot/1.0; +claudebot@anthropic.com)"
216.73.216.135 - - [04/Apr/2026:01:34:34 -0400] "GET /gender/m,f/age/60-100,18-19,40-49/languages/german?sortOrder=recent HTTP/1.1" 200 19160 "-" "Mozilla/5.0 AppleWebKit/537.36 (KHTML, like Gecko; compatible; ClaudeBot/1.0; +claudebot@anthropic.com)"
216.73.216.135 - - [04/Apr/2026:01:34:34 -0400] "GET /status/online/gender/t,m/age/60-100/ethnicity/native/languages/Hindi HTTP/1.1" 200 19554 "-" "Mozilla/5.0 AppleWebKit/537.36 (KHTML, like Gecko; compatible; ClaudeBot/1.0; +claudebot@anthropic.com)"
216.73.216.135 - - [04/Apr/2026:01:34:34 -0400] "GET /status/online/gender/c,m,f/ethnicity/islander,native/languages/Georgian HTTP/1.1" 200 19955 "-" "Mozilla/5.0 AppleWebKit/537.36 (KHTML, like Gecko; compatible; ClaudeBot/1.0; +claudebot@anthropic.com)"
216.73.216.135 - - [04/Apr/2026:01:34:34 -0400] "GET /status/offline/gender/c,f/age/18-19/ethnicity/native,asian/languages/Greek HTTP/1.1" 200 20041 "-" "Mozilla/5.0 AppleWebKit/537.36 (KHTML, like Gecko; compatible; ClaudeBot/1.0; +claudebot@anthropic.com)"
216.73.216.135 - - [04/Apr/2026:01:34:34 -0400] "GET /gender/f,t/age/18-19/ethnicity/other,native/sites/11 HTTP/1.1" 200 19138 "-" "Mozilla/5.0 AppleWebKit/537.36 (KHTML, like Gecko; compatible; ClaudeBot/1.0; +claudebot@anthropic.com)"
216.73.216.135 - - [04/Apr/2026:01:34:34 -0400] "GET /status/offline/gender/m,t/age/18-19/ethnicity/other/languages/Georgian HTTP/1.1" 200 19622 "-" "Mozilla/5.0 AppleWebKit/537.36 (KHTML, like Gecko; compatible; ClaudeBot/1.0; +claudebot@anthropic.com)"
216.73.216.135 - - [04/Apr/2026:01:34:34 -0400] "GET /status/offline/gender/c,f,t,m/age/20-29/languages/Armenian HTTP/1.1" 200 19560 "-" "Mozilla/5.0 AppleWebKit/537.36 (KHTML, like Gecko; compatible; ClaudeBot/1.0; +claudebot@anthropic.com)"
216.73.216.135 - - [04/Apr/2026:01:34:35 -0400] "GET /status/offline/gender/f,t,c/ethnicity/native,white,islander/languages/Turkish HTTP/1.1" 200 20423 "-" "Mozilla/5.0 AppleWebKit/537.36 (KHTML, like Gecko; compatible; ClaudeBot/1.0; +claudebot@anthropic.com)"
52.3.104.214 - - [04/Apr/2026:01:34:35 -0400] "GET /status/online,offline/gender/t,f/age/18-19,60-100/ethnicity/asian,islander,white,east-indian,black/sites/1 HTTP/1.1" 200 22875 "-" "Mozilla/5.0 AppleWebKit/537.36 (KHTML, like Gecko; compatible; Amazonbot/0.1; +https://developer.amazon.com/support/amazonbot) Chrome/119.0.6045.214 Safari/537.36"
216.73.216.135 - - [04/Apr/2026:01:34:35 -0400] "GET /status/online/gender/t,f/ethnicity/white/languages/french?sortOrder=youngest HTTP/1.1" 200 19066 "-" "Mozilla/5.0 AppleWebKit/537.36 (KHTML, like Gecko; compatible; ClaudeBot/1.0; +claudebot@anthropic.com)"
74.7.241.25 - - [04/Apr/2026:01:34:35 -0400] "GET /age/50-59/ethnicity/white,east-indian,native,black,asian,other HTTP/1.1" 200 20097 "https://www.camjab.com/age/50-59/ethnicity/white,east-indian,native,black,asian" "Mozilla/5.0 AppleWebKit/537.36 (KHTML, like Gecko; compatible; GPTBot/1.3; +https://openai.com/gptbot)"
216.73.216.135 - - [04/Apr/2026:01:34:35 -0400] "GET /status/offline/gender/c,t/ethnicity/latinas,native/languages/Arabic?sortOrder=oldest HTTP/1.1" 200 19663 "-" "Mozilla/5.0 AppleWebKit/537.36 (KHTML, like Gecko; compatible; ClaudeBot/1.0; +claudebot@anthropic.com)"
216.73.216.135 - - [04/Apr/2026:01:34:35 -0400] "GET /status/offline/gender/c,f/age/20-29,40-49/ethnicity/other/languages/English HTTP/1.1" 200 20056 "-" "Mozilla/5.0 AppleWebKit/537.36 (KHTML, like Gecko; compatible; ClaudeBot/1.0; +claudebot@anthropic.com)"
74.7.241.1 - - [04/Apr/2026:01:34:35 -0400] "GET /age/18-19/ethnicity/latest-news.php,native,black,other,latinas,asian,islander HTTP/1.1" 200 20670 "https://camjab.com/age/18-19/ethnicity/latest-news.php,native,black,other,east-indian,latinas,asian,islander" "Mozilla/5.0 AppleWebKit/537.36 (KHTML, like Gecko; compatible; GPTBot/1.3; +https://openai.com/gptbot)"
216.73.216.135 - - [04/Apr/2026:01:34:35 -0400] "GET /gender/f,c/ethnicity/latinas,white/languages/Swedish?sortOrder=timeOnline HTTP/1.1" 200 18967 "-" "Mozilla/5.0 AppleWebKit/537.36 (KHTML, like Gecko; compatible; ClaudeBot/1.0; +claudebot@anthropic.com)"
216.73.216.135 - - [04/Apr/2026:01:34:35 -0400] "GET /status/online/gender/f,m,c/age/20-29/languages/Kurdish?sortOrder=name HTTP/1.1" 200 19273 "-" "Mozilla/5.0 AppleWebKit/537.36 (KHTML, like Gecko; compatible; ClaudeBot/1.0; +claudebot@anthropic.com)"
216.73.216.135 - - [04/Apr/2026:01:34:35 -0400] "GET /status/online,offline/gender/c/ethnicity/white/sites/11?sortOrder=oldest HTTP/1.1" 200 19064 "-" "Mozilla/5.0 AppleWebKit/537.36 (KHTML, like Gecko; compatible; ClaudeBot/1.0; +claudebot@anthropic.com)"
216.73.216.135 - - [04/Apr/2026:01:34:35 -0400] "GET /gender/t,c/age/40-49,20-29/ethnicity/white/languages/Turkish?sortOrder=mostViewed HTTP/1.1" 200 19422 "-" "Mozilla/5.0 AppleWebKit/537.36 (KHTML, like Gecko; compatible; ClaudeBot/1.0; +claudebot@anthropic.com)"
216.73.216.135 - - [04/Apr/2026:01:34:35 -0400] "GET /gender/t,f,m/ethnicity/white,latinas/languages/English HTTP/1.1" 200 19148 "-" "Mozilla/5.0 AppleWebKit/537.36 (KHTML, like Gecko; compatible; ClaudeBot/1.0; +claudebot@anthropic.com)"
216.73.216.135 - - [04/Apr/2026:01:34:35 -0400] "GET /gender/c,t/age/40-49/ethnicity/black/languages/Maltese?sortOrder=youngest HTTP/1.1" 200 18983 "-" "Mozilla/5.0 AppleWebKit/537.36 (KHTML, like Gecko; compatible; ClaudeBot/1.0; +claudebot@anthropic.com)"
216.73.216.135 - - [04/Apr/2026:01:34:35 -0400] "GET /gender/f,t,m/age/40-49/ethnicity/asian/languages/scots?sortOrder=leastViewed HTTP/1.1" 200 19215 "-" "Mozilla/5.0 AppleWebKit/537.36 (KHTML, like Gecko; compatible; ClaudeBot/1.0; +claudebot@anthropic.com)"
216.73.216.135 - - [04/Apr/2026:01:34:36 -0400] "GET /gender/m,t/ethnicity/native,black,white/languages/Albanian HTTP/1.1" 200 19275 "-" "Mozilla/5.0 AppleWebKit/537.36 (KHTML, like Gecko; compatible; ClaudeBot/1.0; +claudebot@anthropic.com)"
44.223.116.149 - - [04/Apr/2026:01:34:36 -0400] "GET /status/offline,online/gender/c,t,m/age/50-59/ethnicity/east-indian,asian,islander,white,black HTTP/1.1" 200 22270 "-" "Mozilla/5.0 AppleWebKit/537.36 (KHTML, like Gecko; compatible; Amazonbot/0.1; +https://developer.amazon.com/support/amazonbot) Chrome/119.0.6045.214 Safari/537.36"
216.73.216.135 - - [04/Apr/2026:01:34:36 -0400] "GET /status/offline/gender/m,f/ethnicity/black,white,islander/languages/french HTTP/1.1" 200 20016 "-" "Mozilla/5.0 AppleWebKit/537.36 (KHTML, like Gecko; compatible; ClaudeBot/1.0; +claudebot@anthropic.com)"
216.73.216.135 - - [04/Apr/2026:01:34:36 -0400] "GET /gender/f,t/age/40-49/ethnicity/white,other/languages/scots?sortOrder=recent HTTP/1.1" 200 19359 "-" "Mozilla/5.0 AppleWebKit/537.36 (KHTML, like Gecko; compatible; ClaudeBot/1.0; +claudebot@anthropic.com)"
74.7.241.25 - - [04/Apr/2026:01:34:36 -0400] "GET /age/20-29/ethnicity/east-indian,native,white,other,black,latinas HTTP/1.1" 200 20175 "https://www.camjab.com/age/20-29/ethnicity/east-indian,native,white,other,black" "Mozilla/5.0 AppleWebKit/537.36 (KHTML, like Gecko; compatible; GPTBot/1.3; +https://openai.com/gptbot)"
216.73.216.135 - - [04/Apr/2026:01:34:36 -0400] "GET /status/online/gender/t,f,c/age/20-29/ethnicity/native/languages/Scots HTTP/1.1" 200 19845 "-" "Mozilla/5.0 AppleWebKit/537.36 (KHTML, like Gecko; compatible; ClaudeBot/1.0; +claudebot@anthropic.com)"
216.73.216.135 - - [04/Apr/2026:01:34:36 -0400] "GET /status/offline/gender/c,f/age/40-49,18-19/languages/Swedish?sortOrder=youngest HTTP/1.1" 200 19462 "-" "Mozilla/5.0 AppleWebKit/537.36 (KHTML, like Gecko; compatible; ClaudeBot/1.0; +claudebot@anthropic.com)"
74.7.241.1 - - [04/Apr/2026:01:34:36 -0400] "GET /age/30-39/ethnicity/latest-news.php,white,native,black,islander,other,latinas HTTP/1.1" 200 20670 "https://camjab.com/age/30-39/ethnicity/latest-news.php,white,native,black,islander,other,east-indian,latinas" "Mozilla/5.0 AppleWebKit/537.36 (KHTML, like Gecko; compatible; GPTBot/1.3; +https://openai.com/gptbot)"
217.113.194.21 - - [04/Apr/2026:01:34:36 -0400] "GET /status/online/gender/c,f,m/age/40-49,20-29/ethnicity/asian/languages/korean HTTP/1.1" 200 20514 "-" "Mozilla/5.0 (compatible; Barkrowler/0.9; +https://babbar.tech/crawler)"
216.73.216.135 - - [04/Apr/2026:01:34:36 -0400] "GET /status/offline/gender/t,f/age/40-49/ethnicity/white,black/languages/Swedish HTTP/1.1" 200 20070 "-" "Mozilla/5.0 AppleWebKit/537.36 (KHTML, like Gecko; compatible; ClaudeBot/1.0; +claudebot@anthropic.com)"
216.73.216.135 - - [04/Apr/2026:01:34:36 -0400] "GET /gender/m,c/age/60-100,30-39/ethnicity/native/languages/slovak?sortOrder=mostViewed HTTP/1.1" 200 19456 "-" "Mozilla/5.0 AppleWebKit/537.36 (KHTML, like Gecko; compatible; ClaudeBot/1.0; +claudebot@anthropic.com)"
216.73.216.135 - - [04/Apr/2026:01:34:36 -0400] "GET /status/offline/gender/t,f/age/60-100,50-59/ethnicity/native/languages/german HTTP/1.1" 200 20091 "-" "Mozilla/5.0 AppleWebKit/537.36 (KHTML, like Gecko; compatible; ClaudeBot/1.0; +claudebot@anthropic.com)"
216.73.216.135 - - [04/Apr/2026:01:34:36 -0400] "GET /gender/f,m/ethnicity/black,native,latinas/languages/Romanian HTTP/1.1" 200 19354 "-" "Mozilla/5.0 AppleWebKit/537.36 (KHTML, like Gecko; compatible; ClaudeBot/1.0; +claudebot@anthropic.com)"
216.73.216.135 - - [04/Apr/2026:01:34:36 -0400] "GET /gender/t,c/age/30-39,50-59/languages/azerbaijani HTTP/1.1" 200 18791 "-" "Mozilla/5.0 AppleWebKit/537.36 (KHTML, like Gecko; compatible; ClaudeBot/1.0; +claudebot@anthropic.com)"
216.73.216.135 - - [04/Apr/2026:01:34:36 -0400] "GET /gender/m,c,f/ethnicity/other,islander/languages/korean?sortOrder=leastViewed HTTP/1.1" 200 19263 "-" "Mozilla/5.0 AppleWebKit/537.36 (KHTML, like Gecko; compatible; ClaudeBot/1.0; +claudebot@anthropic.com)"
216.73.216.135 - - [04/Apr/2026:01:34:37 -0400] "GET /status/offline/gender/c,f/age/18-19/ethnicity/native,black/languages/Romanian HTTP/1.1" 200 20149 "-" "Mozilla/5.0 AppleWebKit/537.36 (KHTML, like Gecko; compatible; ClaudeBot/1.0; +claudebot@anthropic.com)"
216.73.216.135 - - [04/Apr/2026:01:34:37 -0400] "GET /gender/m,t/ethnicity/black,latinas/languages/french?sortOrder=leastViewed HTTP/1.1" 200 18921 "-" "Mozilla/5.0 AppleWebKit/537.36 (KHTML, like Gecko; compatible; ClaudeBot/1.0; +claudebot@anthropic.com)"
216.73.216.135 - - [04/Apr/2026:01:34:37 -0400] "GET /gender/f,m/ethnicity/white,other,islander,native/languages/Irish HTTP/1.1" 200 19728 "-" "Mozilla/5.0 AppleWebKit/537.36 (KHTML, like Gecko; compatible; ClaudeBot/1.0; +claudebot@anthropic.com)"
216.73.216.135 - - [04/Apr/2026:01:34:37 -0400] "GET /status/offline/gender/f,t/ethnicity/other,native,islander/languages/hindi HTTP/1.1" 200 20023 "-" "Mozilla/5.0 AppleWebKit/537.36 (KHTML, like Gecko; compatible; ClaudeBot/1.0; +claudebot@anthropic.com)"
74.7.241.25 - - [04/Apr/2026:01:34:37 -0400] "GET /age/50-59/ethnicity/native,east-indian,white,black,asian,other HTTP/1.1" 200 20097 "https://www.camjab.com/age/50-59/ethnicity/native,east-indian,white,black,asian" "Mozilla/5.0 AppleWebKit/537.36 (KHTML, like Gecko; compatible; GPTBot/1.3; +https://openai.com/gptbot)"
216.73.216.135 - - [04/Apr/2026:01:34:37 -0400] "GET /status/online/gender/c,m/age/18-19,30-39/languages/finnish?sortOrder=leastViewed HTTP/1.1" 200 19424 "-" "Mozilla/5.0 AppleWebKit/537.36 (KHTML, like Gecko; compatible; ClaudeBot/1.0; +claudebot@anthropic.com)"
17.22.253.35 - - [04/Apr/2026:01:34:36 -0400] "GET /core/ajax.loadModels.php?controller=router&status%5B0%5D=offline&gender%5B0%5D=t&age%5B0%5D=50-59&age%5B1%5D=18-19&age%5B2%5D=40-49&sites%5B0%5D=3 HTTP/1.1" 200 182 "https://www.camjab.com/status/offline/gender/t/age/50-59,18-19,40-49/sites/3" "Mozilla/5.0 (Macintosh; Intel Mac OS X 10_15_7) AppleWebKit/605.1.15 (KHTML, like Gecko) Version/17.4 Safari/605.1.15 (Applebot/0.1; +http://www.apple.com/go/applebot)"
74.7.241.1 - - [04/Apr/2026:01:34:37 -0400] "GET /gender/c/age/50-59/ethnicity/latest-news.php,latinas,black,east-indian,other,islander HTTP/1.1" 200 20949 "https://camjab.com/age/50-59/ethnicity/latest-news.php,latinas,black,east-indian,other,islander" "Mozilla/5.0 AppleWebKit/537.36 (KHTML, like Gecko; compatible; GPTBot/1.3; +https://openai.com/gptbot)"
216.73.216.135 - - [04/Apr/2026:01:34:37 -0400] "GET /gender/f,c/age/30-39/ethnicity/other,black/languages/Hebrew?sortOrder=recent HTTP/1.1" 200 19399 "-" "Mozilla/5.0 AppleWebKit/537.36 (KHTML, like Gecko; compatible; ClaudeBot/1.0; +claudebot@anthropic.com)"
216.73.216.135 - - [04/Apr/2026:01:34:37 -0400] "GET /gender/m,f/ethnicity/other,latino/languages/faeroese?sortOrder=leastViewed HTTP/1.1" 200 18911 "-" "Mozilla/5.0 AppleWebKit/537.36 (KHTML, like Gecko; compatible; ClaudeBot/1.0; +claudebot@anthropic.com)"
216.73.216.135 - - [04/Apr/2026:01:34:37 -0400] "GET /gender/f,m/age/60-100/ethnicity/islander,black/languages/German?sortOrder=leastViewed HTTP/1.1" 200 19552 "-" "Mozilla/5.0 AppleWebKit/537.36 (KHTML, like Gecko; compatible; ClaudeBot/1.0; +claudebot@anthropic.com)"
216.73.216.135 - - [04/Apr/2026:01:34:37 -0400] "GET /gender/m,f/age/20-29/ethnicity/black/languages/greek?sortOrder=recent HTTP/1.1" 200 18904 "-" "Mozilla/5.0 AppleWebKit/537.36 (KHTML, like Gecko; compatible; ClaudeBot/1.0; +claudebot@anthropic.com)"
216.73.216.135 - - [04/Apr/2026:01:34:37 -0400] "GET /status/online,offline/gender/c,f/age/50-59/languages/romanian HTTP/1.1" 200 19442 "-" "Mozilla/5.0 AppleWebKit/537.36 (KHTML, like Gecko; compatible; ClaudeBot/1.0; +claudebot@anthropic.com)"
216.73.216.135 - - [04/Apr/2026:01:34:37 -0400] "GET /gender/m,t,f/ethnicity/white,asian/languages/czech?sortOrder=mostViewed HTTP/1.1" 200 19109 "-" "Mozilla/5.0 AppleWebKit/537.36 (KHTML, like Gecko; compatible; ClaudeBot/1.0; +claudebot@anthropic.com)"
184.73.195.18 - - [04/Apr/2026:01:34:37 -0400] "GET /status/offline,online/gender/t,f,m/age/20-29,30-39,18-19,60-100/ethnicity/black,islander,native,east-indian,asian/languages/thai HTTP/1.1" 200 24610 "-" "Mozilla/5.0 AppleWebKit/537.36 (KHTML, like Gecko; compatible; Amazonbot/0.1; +https://developer.amazon.com/support/amazonbot) Chrome/119.0.6045.214 Safari/537.36"
3.90.73.206 - - [04/Apr/2026:01:34:37 -0400] "GET /status/offline,online/gender/c,t,f/age/20-29,40-49/ethnicity/islander,east-indian,asian,native,black HTTP/1.1" 200 22606 "-" "Mozilla/5.0 AppleWebKit/537.36 (KHTML, like Gecko; compatible; Amazonbot/0.1; +https://developer.amazon.com/support/amazonbot) Chrome/119.0.6045.214 Safari/537.36"
216.73.216.135 - - [04/Apr/2026:01:34:38 -0400] "GET /gender/c,m/age/20-29,30-39/ethnicity/native/languages/Thai?sortOrder=leastViewed HTTP/1.1" 200 19352 "-" "Mozilla/5.0 AppleWebKit/537.36 (KHTML, like Gecko; compatible; ClaudeBot/1.0; +claudebot@anthropic.com)"
216.73.216.135 - - [04/Apr/2026:01:34:38 -0400] "GET /gender/m,c/age/60-100,20-29,18-19/languages/Scots HTTP/1.1" 200 19032 "-" "Mozilla/5.0 AppleWebKit/537.36 (KHTML, like Gecko; compatible; ClaudeBot/1.0; +claudebot@anthropic.com)"
216.73.216.135 - - [04/Apr/2026:01:34:38 -0400] "GET /status/online,offline/age/60-100/ethnicity/native,black/languages/romanian?sortOrder=leastViewed HTTP/1.1" 200 19929 "-" "Mozilla/5.0 AppleWebKit/537.36 (KHTML, like Gecko; compatible; ClaudeBot/1.0; +claudebot@anthropic.com)"
216.73.216.135 - - [04/Apr/2026:01:34:38 -0400] "GET /gender/f,c/age/20-29/ethnicity/east-indian/languages/danish HTTP/1.1" 200 19071 "-" "Mozilla/5.0 AppleWebKit/537.36 (KHTML, like Gecko; compatible; ClaudeBot/1.0; +claudebot@anthropic.com)"
74.7.241.25 - - [04/Apr/2026:01:34:38 -0400] "GET /age/20-29,50-59/ethnicity/east-indian,native,white,other,black HTTP/1.1" 200 20098 "https://www.camjab.com/age/20-29/ethnicity/east-indian,native,white,other,black" "Mozilla/5.0 AppleWebKit/537.36 (KHTML, like Gecko; compatible; GPTBot/1.3; +https://openai.com/gptbot)"
216.73.216.135 - - [04/Apr/2026:01:34:38 -0400] "GET /status/online/gender/f,m,t/ethnicity/latinas/languages/English?sortOrder=mostViewed HTTP/1.1" 200 19477 "-" "Mozilla/5.0 AppleWebKit/537.36 (KHTML, like Gecko; compatible; ClaudeBot/1.0; +claudebot@anthropic.com)"
216.73.216.135 - - [04/Apr/2026:01:34:38 -0400] "GET /status/online/gender/t,m/age/20-29/ethnicity/white/languages/Russian HTTP/1.1" 200 19550 "-" "Mozilla/5.0 AppleWebKit/537.36 (KHTML, like Gecko; compatible; ClaudeBot/1.0; +claudebot@anthropic.com)"
74.7.241.1 - - [04/Apr/2026:01:34:38 -0400] "GET /age/40-49/ethnicity/latest-news.php,east-indian,other,islander,latinas,black,white HTTP/1.1" 200 20870 "https://camjab.com/age/40-49/ethnicity/latest-news.php,east-indian,other,native,islander,latinas,black,white" "Mozilla/5.0 AppleWebKit/537.36 (KHTML, like Gecko; compatible; GPTBot/1.3; +https://openai.com/gptbot)"
216.73.216.135 - - [04/Apr/2026:01:34:38 -0400] "GET /gender/f,c/age/18-19/ethnicity/black/languages/japanese?sortOrder=leastViewed HTTP/1.1" 200 19031 "-" "Mozilla/5.0 AppleWebKit/537.36 (KHTML, like Gecko; compatible; ClaudeBot/1.0; +claudebot@anthropic.com)"
216.73.216.135 - - [04/Apr/2026:01:34:38 -0400] "GET /gender/m,c/age/40-49/ethnicity/native,east-indian/languages/Turkish?sortOrder=mostViewed HTTP/1.1" 200 19695 "-" "Mozilla/5.0 AppleWebKit/537.36 (KHTML, like Gecko; compatible; ClaudeBot/1.0; +claudebot@anthropic.com)"
216.73.216.135 - - [04/Apr/2026:01:34:38 -0400] "GET /status/online/gender/t,f/ethnicity/native,latinas/languages/Arabic HTTP/1.1" 200 19533 "-" "Mozilla/5.0 AppleWebKit/537.36 (KHTML, like Gecko; compatible; ClaudeBot/1.0; +claudebot@anthropic.com)"
216.73.216.135 - - [04/Apr/2026:01:34:38 -0400] "GET /gender/c,m/ethnicity/islander,other/languages/Danish?sortOrder=youngest HTTP/1.1" 200 18953 "-" "Mozilla/5.0 AppleWebKit/537.36 (KHTML, like Gecko; compatible; ClaudeBot/1.0; +claudebot@anthropic.com)"
216.73.216.135 - - [04/Apr/2026:01:34:38 -0400] "GET /gender/t,c/age/18-19/ethnicity/native,white/languages/kashmiri?sortOrder=mostViewed HTTP/1.1" 200 19513 "-" "Mozilla/5.0 AppleWebKit/537.36 (KHTML, like Gecko; compatible; ClaudeBot/1.0; +claudebot@anthropic.com)"
3.215.59.93 - - [04/Apr/2026:01:34:39 -0400] "GET /status/online,offline/gender/t,f,c/age/20-29/ethnicity/native,islander,asian,white/languages/norwegian HTTP/1.1" 200 22379 "-" "Mozilla/5.0 AppleWebKit/537.36 (KHTML, like Gecko; compatible; Amazonbot/0.1; +https://developer.amazon.com/support/amazonbot) Chrome/119.0.6045.214 Safari/537.36"
216.73.216.135 - - [04/Apr/2026:01:34:39 -0400] "GET /gender/c,m/ethnicity/other,native,black/languages/hungarian HTTP/1.1" 200 19315 "-" "Mozilla/5.0 AppleWebKit/537.36 (KHTML, like Gecko; compatible; ClaudeBot/1.0; +claudebot@anthropic.com)"
216.73.216.135 - - [04/Apr/2026:01:34:39 -0400] "GET /status/online/gender/t,f/ethnicity/white,native,other/languages/Dutch HTTP/1.1" 200 19871 "-" "Mozilla/5.0 AppleWebKit/537.36 (KHTML, like Gecko; compatible; ClaudeBot/1.0; +claudebot@anthropic.com)"
216.73.216.135 - - [04/Apr/2026:01:34:39 -0400] "GET /status/offline/gender/t,f/ethnicity/asian/languages/kashmiri?sortOrder=timeOnline HTTP/1.1" 200 19176 "-" "Mozilla/5.0 AppleWebKit/537.36 (KHTML, like Gecko; compatible; ClaudeBot/1.0; +claudebot@anthropic.com)"
216.73.216.135 - - [04/Apr/2026:01:34:39 -0400] "GET /gender/c,m/age/60-100/ethnicity/native,other/languages/Kurdish?sortOrder=leastViewed HTTP/1.1" 200 19513 "-" "Mozilla/5.0 AppleWebKit/537.36 (KHTML, like Gecko; compatible; ClaudeBot/1.0; +claudebot@anthropic.com)"
74.7.241.25 - - [04/Apr/2026:01:34:39 -0400] "GET /age/18-19/ethnicity/native,asian,black,white,east-indian,islander HTTP/1.1" 200 20214 "https://www.camjab.com/age/18-19/ethnicity/native,asian,black,white,east-indian" "Mozilla/5.0 AppleWebKit/537.36 (KHTML, like Gecko; compatible; GPTBot/1.3; +https://openai.com/gptbot)"
216.73.216.135 - - [04/Apr/2026:01:34:39 -0400] "GET /gender/t,f/age/40-49,50-59,30-39/languages/German HTTP/1.1" 200 19035 "-" "Mozilla/5.0 AppleWebKit/537.36 (KHTML, like Gecko; compatible; ClaudeBot/1.0; +claudebot@anthropic.com)"
216.73.216.135 - - [04/Apr/2026:01:34:39 -0400] "GET /status/online/gender/c,t/ethnicity/islander,latinas/languages/Dutch HTTP/1.1" 200 19572 "-" "Mozilla/5.0 AppleWebKit/537.36 (KHTML, like Gecko; compatible; ClaudeBot/1.0; +claudebot@anthropic.com)"
216.73.216.135 - - [04/Apr/2026:01:34:39 -0400] "GET /status/online/gender/c,t/ethnicity/other,native/languages/lithuanian HTTP/1.1" 200 19599 "-" "Mozilla/5.0 AppleWebKit/537.36 (KHTML, like Gecko; compatible; ClaudeBot/1.0; +claudebot@anthropic.com)"
74.7.241.1 - - [04/Apr/2026:01:34:39 -0400] "GET /age/30-39/ethnicity/latest-news.php,other,latinas,white,asian,black,islander HTTP/1.1" 200 20630 "https://camjab.com/age/20-29,30-39/ethnicity/latest-news.php,other,latinas,white,asian,black,islander" "Mozilla/5.0 AppleWebKit/537.36 (KHTML, like Gecko; compatible; GPTBot/1.3; +https://openai.com/gptbot)"
216.73.216.135 - - [04/Apr/2026:01:34:39 -0400] "GET /status/offline/gender/c,f/ethnicity/native,asian/languages/Hindi?sortOrder=timeOnline HTTP/1.1" 200 19571 "-" "Mozilla/5.0 AppleWebKit/537.36 (KHTML, like Gecko; compatible; ClaudeBot/1.0; +claudebot@anthropic.com)"
216.73.216.135 - - [04/Apr/2026:01:34:39 -0400] "GET /status/online,offline/ethnicity/white,east-indian/languages/french HTTP/1.1" 200 19332 "-" "Mozilla/5.0 AppleWebKit/537.36 (KHTML, like Gecko; compatible; ClaudeBot/1.0; +claudebot@anthropic.com)"
216.73.216.135 - - [04/Apr/2026:01:34:39 -0400] "GET /gender/t,f/age/60-100,50-59/languages/azerbaijani?sortOrder=leastViewed HTTP/1.1" 200 18935 "-" "Mozilla/5.0 AppleWebKit/537.36 (KHTML, like Gecko; compatible; ClaudeBot/1.0; +claudebot@anthropic.com)"
216.73.216.135 - - [04/Apr/2026:01:34:39 -0400] "GET /status/online,offline/gender/c/ethnicity/asian/languages/fiji?sortOrder=recent HTTP/1.1" 200 19188 "-" "Mozilla/5.0 AppleWebKit/537.36 (KHTML, like Gecko; compatible; ClaudeBot/1.0; +claudebot@anthropic.com)"
216.73.216.135 - - [04/Apr/2026:01:34:40 -0400] "GET /gender/m,f,c/ethnicity/native,islander,white/languages/Arabic?sortOrder=leastViewed HTTP/1.1" 200 19739 "-" "Mozilla/5.0 AppleWebKit/537.36 (KHTML, like Gecko; compatible; ClaudeBot/1.0; +claudebot@anthropic.com)"
52.45.194.165 - - [04/Apr/2026:01:34:40 -0400] "GET /status/offline,online/gender/c,f/age/30-39,50-59,60-100,40-49,18-19/ethnicity/asian,islander,native,east-indian,white,black/languages/hindi HTTP/1.1" 200 25402 "-" "Mozilla/5.0 AppleWebKit/537.36 (KHTML, like Gecko; compatible; Amazonbot/0.1; +https://developer.amazon.com/support/amazonbot) Chrome/119.0.6045.214 Safari/537.36"
216.73.216.135 - - [04/Apr/2026:01:34:40 -0400] "GET /gender/c,m,f/age/60-100,30-39/languages/Icelandic?sortOrder=leastViewed HTTP/1.1" 200 19158 "-" "Mozilla/5.0 AppleWebKit/537.36 (KHTML, like Gecko; compatible; ClaudeBot/1.0; +claudebot@anthropic.com)"
144.76.32.187 - - [04/Apr/2026:01:34:40 -0400] "GET /gender/c,f/sites/11 HTTP/1.1" 200 17532 "-" "Mozilla/5.0 (compatible; SERankingBacklinksBot/1.0; +https://seranking.com/backlinks-crawler)"
216.73.216.135 - - [04/Apr/2026:01:34:40 -0400] "GET /gender/c,f/age/40-49,18-19/ethnicity/native/languages/belarusian?sortOrder=leastViewed HTTP/1.1" 200 19572 "-" "Mozilla/5.0 AppleWebKit/537.36 (KHTML, like Gecko; compatible; ClaudeBot/1.0; +claudebot@anthropic.com)"
216.73.216.135 - - [04/Apr/2026:01:34:40 -0400] "GET /gender/f,m/ethnicity/white,native,asian/languages/Dutch?sortOrder=timeOnline HTTP/1.1" 200 19280 "-" "Mozilla/5.0 AppleWebKit/537.36 (KHTML, like Gecko; compatible; ClaudeBot/1.0; +claudebot@anthropic.com)"
216.73.216.135 - - [04/Apr/2026:01:34:40 -0400] "GET /gender/c,t,m/age/20-29,30-39/languages/Fiji?sortOrder=leastViewed HTTP/1.1" 200 18941 "-" "Mozilla/5.0 AppleWebKit/537.36 (KHTML, like Gecko; compatible; ClaudeBot/1.0; +claudebot@anthropic.com)"
74.7.241.25 - - [04/Apr/2026:01:34:40 -0400] "GET /age/18-19/ethnicity/native,black,other,asian,east-indian,islander HTTP/1.1" 200 20214 "https://www.camjab.com/age/18-19/ethnicity/native,black,other,asian,east-indian" "Mozilla/5.0 AppleWebKit/537.36 (KHTML, like Gecko; compatible; GPTBot/1.3; +https://openai.com/gptbot)"
216.73.216.135 - - [04/Apr/2026:01:34:40 -0400] "GET /status/online/gender/f,c/age/40-49,50-59/languages/persian HTTP/1.1" 200 19326 "-" "Mozilla/5.0 AppleWebKit/537.36 (KHTML, like Gecko; compatible; ClaudeBot/1.0; +claudebot@anthropic.com)"
216.73.216.135 - - [04/Apr/2026:01:34:40 -0400] "GET /status/offline,online/ethnicity/black,native,other/languages/dutch?sortOrder=oldest HTTP/1.1" 200 19649 "-" "Mozilla/5.0 AppleWebKit/537.36 (KHTML, like Gecko; compatible; ClaudeBot/1.0; +claudebot@anthropic.com)"
74.7.241.1 - - [04/Apr/2026:01:34:40 -0400] "GET /age/20-29/ethnicity/latest-news.php,islander,black,asian,other,east-indian HTTP/1.1" 200 20320 "https://camjab.com/age/20-29/ethnicity/latest-news.php,islander,black,asian,other,east-indian,native" "Mozilla/5.0 AppleWebKit/537.36 (KHTML, like Gecko; compatible; GPTBot/1.3; +https://openai.com/gptbot)"
216.73.216.135 - - [04/Apr/2026:01:34:40 -0400] "GET /gender/t,m,c/ethnicity/native,white/languages/italian HTTP/1.1" 200 19111 "-" "Mozilla/5.0 AppleWebKit/537.36 (KHTML, like Gecko; compatible; ClaudeBot/1.0; +claudebot@anthropic.com)"
