34.224.9.144 - - [04/Apr/2026:01:37:21 -0400] "GET /status/offline,online/gender/c,f,m/age/18-19,50-59,30-39,40-49/ethnicity/white,islander,asian,east-indian,native/languages/english HTTP/1.1" 200 24457 "-" "Mozilla/5.0 AppleWebKit/537.36 (KHTML, like Gecko; compatible; Amazonbot/0.1; +https://developer.amazon.com/support/amazonbot) Chrome/119.0.6045.214 Safari/537.36"
34.227.234.246 - - [04/Apr/2026:01:37:21 -0400] "GET /status/offline,online/gender/c,f,m/age/20-29,30-39/ethnicity/latino,latinas,east-indian,native,islander,asian,white,other HTTP/1.1" 200 24557 "-" "Mozilla/5.0 AppleWebKit/537.36 (KHTML, like Gecko; compatible; Amazonbot/0.1; +https://developer.amazon.com/support/amazonbot) Chrome/119.0.6045.214 Safari/537.36"
74.7.241.1 - - [04/Apr/2026:01:37:22 -0400] "GET /age/20-29/ethnicity/latest-news.php,latinas,islander,white,black,other,east-indian HTTP/1.1" 200 20870 "https://camjab.com/age/20-29/ethnicity/latest-news.php,latinas,islander,white,black,other,east-indian,asian" "Mozilla/5.0 AppleWebKit/537.36 (KHTML, like Gecko; compatible; GPTBot/1.3; +https://openai.com/gptbot)"
74.7.241.25 - - [04/Apr/2026:01:37:22 -0400] "GET /age/40-49/ethnicity/black,east-indian,other,native,asian HTTP/1.1" 200 19647 "https://www.camjab.com/age/40-49/ethnicity/black,east-indian,other,latinas,native,asian" "Mozilla/5.0 AppleWebKit/537.36 (KHTML, like Gecko; compatible; GPTBot/1.3; +https://openai.com/gptbot)"
66.249.66.42 - - [04/Apr/2026:01:37:22 -0400] "GET /age/18-19/ethnicity/latinas,black,white,islander,asian HTTP/1.1" 200 19296 "-" "Mozilla/5.0 (Linux; Android 6.0.1; Nexus 5X Build/MMB29P) AppleWebKit/537.36 (KHTML, like Gecko) Chrome/146.0.7680.177 Mobile Safari/537.36 (compatible; Googlebot/2.1; +http://www.google.com/bot.html)"
35.169.240.53 - - [04/Apr/2026:01:37:23 -0400] "GET /status/offline,online/gender/m,f/age/18-19,60-100,50-59,30-39/ethnicity/asian,native,east-indian,black/languages/hindi HTTP/1.1" 200 23578 "-" "Mozilla/5.0 AppleWebKit/537.36 (KHTML, like Gecko; compatible; Amazonbot/0.1; +https://developer.amazon.com/support/amazonbot) Chrome/119.0.6045.214 Safari/537.36"
74.7.241.1 - - [04/Apr/2026:01:37:23 -0400] "GET /age/30-39/ethnicity/latest-news.php,native,other,asian,islander,black,latinas HTTP/1.1" 200 20670 "https://camjab.com/age/30-39/ethnicity/latest-news.php,native,other,asian,islander,black,east-indian,latinas" "Mozilla/5.0 AppleWebKit/537.36 (KHTML, like Gecko; compatible; GPTBot/1.3; +https://openai.com/gptbot)"
74.7.241.25 - - [04/Apr/2026:01:37:23 -0400] "GET /age/30-39/ethnicity/native,other,asian,east-indian,black HTTP/1.1" 200 19647 "https://www.camjab.com/age/30-39/ethnicity/native,other,asian,east-indian,islander,black" "Mozilla/5.0 AppleWebKit/537.36 (KHTML, like Gecko; compatible; GPTBot/1.3; +https://openai.com/gptbot)"
216.73.216.135 - - [04/Apr/2026:01:37:23 -0400] "GET /gender/m,c/age/20-29/ethnicity/other/languages/Hungarian?sortOrder=name HTTP/1.1" 200 19034 "-" "Mozilla/5.0 AppleWebKit/537.36 (KHTML, like Gecko; compatible; ClaudeBot/1.0; +claudebot@anthropic.com)"
216.73.216.135 - - [04/Apr/2026:01:37:23 -0400] "GET /gender/f,m/age/50-59/ethnicity/other/languages/Turkish?sortOrder=timeOnline HTTP/1.1" 200 18984 "-" "Mozilla/5.0 AppleWebKit/537.36 (KHTML, like Gecko; compatible; ClaudeBot/1.0; +claudebot@anthropic.com)"
216.73.216.135 - - [04/Apr/2026:01:37:23 -0400] "GET /status/online/gender/c,f/ethnicity/native,black/languages/Italian?sortOrder=timeOnline HTTP/1.1" 200 19604 "-" "Mozilla/5.0 AppleWebKit/537.36 (KHTML, like Gecko; compatible; ClaudeBot/1.0; +claudebot@anthropic.com)"
216.73.216.135 - - [04/Apr/2026:01:37:23 -0400] "GET /gender/t,c,f/age/60-100/ethnicity/native/sites/3?sortOrder=name HTTP/1.1" 200 19054 "-" "Mozilla/5.0 AppleWebKit/537.36 (KHTML, like Gecko; compatible; ClaudeBot/1.0; +claudebot@anthropic.com)"
216.73.216.135 - - [04/Apr/2026:01:37:23 -0400] "GET /gender/f,m/ethnicity/other,native/languages/greek?sortOrder=youngest HTTP/1.1" 200 18847 "-" "Mozilla/5.0 AppleWebKit/537.36 (KHTML, like Gecko; compatible; ClaudeBot/1.0; +claudebot@anthropic.com)"
216.73.216.135 - - [04/Apr/2026:01:37:23 -0400] "GET /gender/c,m,t/ethnicity/islander,asian/languages/scots HTTP/1.1" 200 19115 "-" "Mozilla/5.0 AppleWebKit/537.36 (KHTML, like Gecko; compatible; ClaudeBot/1.0; +claudebot@anthropic.com)"
216.73.216.135 - - [04/Apr/2026:01:37:23 -0400] "GET /status/online/gender/m,c,t/age/50-59/languages/Danish HTTP/1.1" 200 19146 "-" "Mozilla/5.0 AppleWebKit/537.36 (KHTML, like Gecko; compatible; ClaudeBot/1.0; +claudebot@anthropic.com)"
216.73.216.135 - - [04/Apr/2026:01:37:23 -0400] "GET /status/offline/gender/f,c,t/age/30-39,50-59/languages/Japanese HTTP/1.1" 200 19704 "-" "Mozilla/5.0 AppleWebKit/537.36 (KHTML, like Gecko; compatible; ClaudeBot/1.0; +claudebot@anthropic.com)"
216.73.216.135 - - [04/Apr/2026:01:37:23 -0400] "GET /status/offline/gender/m,c/age/18-19/ethnicity/white,islander/languages/German HTTP/1.1" 200 20143 "-" "Mozilla/5.0 AppleWebKit/537.36 (KHTML, like Gecko; compatible; ClaudeBot/1.0; +claudebot@anthropic.com)"
216.73.216.135 - - [04/Apr/2026:01:37:23 -0400] "GET /gender/m,t,f/age/30-39/languages/kazakh?sortOrder=timeOnline HTTP/1.1" 200 18590 "-" "Mozilla/5.0 AppleWebKit/537.36 (KHTML, like Gecko; compatible; ClaudeBot/1.0; +claudebot@anthropic.com)"
216.73.216.135 - - [04/Apr/2026:01:37:23 -0400] "GET /gender/t,f,m/age/40-49/ethnicity/black,native/languages/danish HTTP/1.1" 200 19639 "-" "Mozilla/5.0 AppleWebKit/537.36 (KHTML, like Gecko; compatible; ClaudeBot/1.0; +claudebot@anthropic.com)"
216.73.216.135 - - [04/Apr/2026:01:37:23 -0400] "GET /status/online/gender/c,t/age/30-39/ethnicity/other/languages/german HTTP/1.1" 200 19525 "-" "Mozilla/5.0 AppleWebKit/537.36 (KHTML, like Gecko; compatible; ClaudeBot/1.0; +claudebot@anthropic.com)"
216.73.216.135 - - [04/Apr/2026:01:37:23 -0400] "GET /gender/c,m,f,t/age/50-59/languages/afrikaans HTTP/1.1" 200 18878 "-" "Mozilla/5.0 AppleWebKit/537.36 (KHTML, like Gecko; compatible; ClaudeBot/1.0; +claudebot@anthropic.com)"
216.73.216.135 - - [04/Apr/2026:01:37:23 -0400] "GET /status/online/gender/f,m/age/20-29,40-49/languages/indonesian HTTP/1.1" 200 19421 "-" "Mozilla/5.0 AppleWebKit/537.36 (KHTML, like Gecko; compatible; ClaudeBot/1.0; +claudebot@anthropic.com)"
144.76.32.187 - - [04/Apr/2026:01:37:23 -0400] "GET /tags/bdsm/gender/f,m HTTP/1.1" 200 17581 "-" "Mozilla/5.0 (compatible; SERankingBacklinksBot/1.0; +https://seranking.com/backlinks-crawler)"
44.215.61.66 - - [04/Apr/2026:01:37:24 -0400] "GET /status/offline,online/gender/f,m/age/20-29/ethnicity/islander,white,east-indian,native,asian,black HTTP/1.1" 200 22471 "-" "Mozilla/5.0 AppleWebKit/537.36 (KHTML, like Gecko; compatible; Amazonbot/0.1; +https://developer.amazon.com/support/amazonbot) Chrome/119.0.6045.214 Safari/537.36"
216.73.216.135 - - [04/Apr/2026:01:37:24 -0400] "GET /gender/f,t/age/30-39,20-29,40-49/languages/Arabic HTTP/1.1" 200 19035 "-" "Mozilla/5.0 AppleWebKit/537.36 (KHTML, like Gecko; compatible; ClaudeBot/1.0; +claudebot@anthropic.com)"
216.73.216.135 - - [04/Apr/2026:01:37:24 -0400] "GET /status/offline/gender/m,c,f/age/20-29,40-49/languages/Ukrainian HTTP/1.1" 200 19735 "-" "Mozilla/5.0 AppleWebKit/537.36 (KHTML, like Gecko; compatible; ClaudeBot/1.0; +claudebot@anthropic.com)"
216.73.216.135 - - [04/Apr/2026:01:37:24 -0400] "GET /gender/f,c,m/age/60-100,30-39/languages/croatian HTTP/1.1" 200 19015 "-" "Mozilla/5.0 AppleWebKit/537.36 (KHTML, like Gecko; compatible; ClaudeBot/1.0; +claudebot@anthropic.com)"
74.7.241.1 - - [04/Apr/2026:01:37:24 -0400] "GET /age/18-19/ethnicity/latest-news.php,other,native,white,black,latinas HTTP/1.1" 200 20086 "https://camjab.com/age/18-19/ethnicity/latest-news.php,other,asian,native,white,black,latinas" "Mozilla/5.0 AppleWebKit/537.36 (KHTML, like Gecko; compatible; GPTBot/1.3; +https://openai.com/gptbot)"
216.73.216.135 - - [04/Apr/2026:01:37:24 -0400] "GET /gender/m,c,t/age/20-29/ethnicity/islander,native/languages/Scots HTTP/1.1" 200 19717 "-" "Mozilla/5.0 AppleWebKit/537.36 (KHTML, like Gecko; compatible; ClaudeBot/1.0; +claudebot@anthropic.com)"
216.73.216.135 - - [04/Apr/2026:01:37:24 -0400] "GET /gender/c,t/age/30-39,60-100/languages/Cambodian?sortOrder=recent HTTP/1.1" 200 18852 "-" "Mozilla/5.0 AppleWebKit/537.36 (KHTML, like Gecko; compatible; ClaudeBot/1.0; +claudebot@anthropic.com)"
74.7.241.25 - - [04/Apr/2026:01:37:24 -0400] "GET /age/40-49/ethnicity/asian,native,east-indian,black,other HTTP/1.1" 200 19647 "https://www.camjab.com/age/40-49/ethnicity/asian,native,east-indian,black,other,islander" "Mozilla/5.0 AppleWebKit/537.36 (KHTML, like Gecko; compatible; GPTBot/1.3; +https://openai.com/gptbot)"
216.73.216.135 - - [04/Apr/2026:01:37:24 -0400] "GET /status/online/gender/m,f,c,t/languages/Norwegian?sortOrder=oldest HTTP/1.1" 200 19092 "-" "Mozilla/5.0 AppleWebKit/537.36 (KHTML, like Gecko; compatible; ClaudeBot/1.0; +claudebot@anthropic.com)"
216.73.216.135 - - [04/Apr/2026:01:37:24 -0400] "GET /status/online,offline/age/20-29,30-39/ethnicity/native,white?sortOrder=recent HTTP/1.1" 200 19637 "-" "Mozilla/5.0 AppleWebKit/537.36 (KHTML, like Gecko; compatible; ClaudeBot/1.0; +claudebot@anthropic.com)"
216.73.216.135 - - [04/Apr/2026:01:37:24 -0400] "GET /gender/c,t,m/age/40-49/languages/japanese?sortOrder=timeOnline HTTP/1.1" 200 18658 "-" "Mozilla/5.0 AppleWebKit/537.36 (KHTML, like Gecko; compatible; ClaudeBot/1.0; +claudebot@anthropic.com)"
216.73.216.135 - - [04/Apr/2026:01:37:24 -0400] "GET /gender/m,c,t/age/18-19/ethnicity/black/languages/Italian HTTP/1.1" 200 19177 "-" "Mozilla/5.0 AppleWebKit/537.36 (KHTML, like Gecko; compatible; ClaudeBot/1.0; +claudebot@anthropic.com)"
216.73.216.135 - - [04/Apr/2026:01:37:24 -0400] "GET /status/offline,online/age/30-39/ethnicity/white,native,black/languages/turkish HTTP/1.1" 200 20205 "-" "Mozilla/5.0 AppleWebKit/537.36 (KHTML, like Gecko; compatible; ClaudeBot/1.0; +claudebot@anthropic.com)"
216.73.216.135 - - [04/Apr/2026:01:37:24 -0400] "GET /gender/c,m,t/ethnicity/east-indian/languages/thai HTTP/1.1" 200 18744 "-" "Mozilla/5.0 AppleWebKit/537.36 (KHTML, like Gecko; compatible; ClaudeBot/1.0; +claudebot@anthropic.com)"
216.73.216.135 - - [04/Apr/2026:01:37:25 -0400] "GET /status/offline,online/age/30-39/ethnicity/black,other/languages/Belarusian HTTP/1.1" 200 19817 "-" "Mozilla/5.0 AppleWebKit/537.36 (KHTML, like Gecko; compatible; ClaudeBot/1.0; +claudebot@anthropic.com)"
216.73.216.135 - - [04/Apr/2026:01:37:25 -0400] "GET /gender/m,c/ethnicity/black,latinas,native/languages/Maltese?sortOrder=leastViewed HTTP/1.1" 200 19427 "-" "Mozilla/5.0 AppleWebKit/537.36 (KHTML, like Gecko; compatible; ClaudeBot/1.0; +claudebot@anthropic.com)"
74.7.241.1 - - [04/Apr/2026:01:37:25 -0400] "GET /age/40-49/ethnicity/latest-news.php,latinas,other,islander,black,asian,native HTTP/1.1" 200 20670 "https://camjab.com/age/40-49/ethnicity/latest-news.php,latinas,other,islander,black,asian,native,east-indian" "Mozilla/5.0 AppleWebKit/537.36 (KHTML, like Gecko; compatible; GPTBot/1.3; +https://openai.com/gptbot)"
216.73.216.135 - - [04/Apr/2026:01:37:25 -0400] "GET /gender/c,f,t/age/60-100/ethnicity/white/languages/fiji HTTP/1.1" 200 19119 "-" "Mozilla/5.0 AppleWebKit/537.36 (KHTML, like Gecko; compatible; ClaudeBot/1.0; +claudebot@anthropic.com)"
216.73.216.135 - - [04/Apr/2026:01:37:25 -0400] "GET /status/offline/gender/c,t/age/30-39/ethnicity/latinas/languages/Norwegian HTTP/1.1" 200 19741 "-" "Mozilla/5.0 AppleWebKit/537.36 (KHTML, like Gecko; compatible; ClaudeBot/1.0; +claudebot@anthropic.com)"
216.73.216.135 - - [04/Apr/2026:01:37:25 -0400] "GET /gender/f,t,c/age/50-59/ethnicity/white/languages/thai HTTP/1.1" 200 19082 "-" "Mozilla/5.0 AppleWebKit/537.36 (KHTML, like Gecko; compatible; ClaudeBot/1.0; +claudebot@anthropic.com)"
74.7.241.25 - - [04/Apr/2026:01:37:25 -0400] "GET /gender/f/ethnicity/black,other,east-indian,native,white HTTP/1.1" 200 19593 "https://www.camjab.com/ethnicity/black,other,east-indian,native,white" "Mozilla/5.0 AppleWebKit/537.36 (KHTML, like Gecko; compatible; GPTBot/1.3; +https://openai.com/gptbot)"
216.73.216.135 - - [04/Apr/2026:01:37:25 -0400] "GET /gender/c,t/ethnicity/black,other/languages/Cambodian?sortOrder=recent HTTP/1.1" 200 18946 "-" "Mozilla/5.0 AppleWebKit/537.36 (KHTML, like Gecko; compatible; ClaudeBot/1.0; +claudebot@anthropic.com)"
216.73.216.135 - - [04/Apr/2026:01:37:25 -0400] "GET /gender/f,c/age/40-49/ethnicity/black/languages/Belarusian?sortOrder=timeOnline HTTP/1.1" 200 19096 "-" "Mozilla/5.0 AppleWebKit/537.36 (KHTML, like Gecko; compatible; ClaudeBot/1.0; +claudebot@anthropic.com)"
216.73.216.135 - - [04/Apr/2026:01:37:25 -0400] "GET /status/online/gender/t,f,m/age/50-59/languages/fiji HTTP/1.1" 200 19076 "-" "Mozilla/5.0 AppleWebKit/537.36 (KHTML, like Gecko; compatible; ClaudeBot/1.0; +claudebot@anthropic.com)"
216.73.216.135 - - [04/Apr/2026:01:37:25 -0400] "GET /gender/m,f,c/age/18-19,40-49/languages/kazakh HTTP/1.1" 200 18908 "-" "Mozilla/5.0 AppleWebKit/537.36 (KHTML, like Gecko; compatible; ClaudeBot/1.0; +claudebot@anthropic.com)"
216.73.216.135 - - [04/Apr/2026:01:37:25 -0400] "GET /status/offline/gender/t,m/age/40-49/ethnicity/native,other/languages/romanian HTTP/1.1" 200 20134 "-" "Mozilla/5.0 AppleWebKit/537.36 (KHTML, like Gecko; compatible; ClaudeBot/1.0; +claudebot@anthropic.com)"
23.21.148.226 - - [04/Apr/2026:01:37:25 -0400] "GET /status/offline,online/gender/t,m,f,c/age/60-100,18-19,40-49,20-29,50-59/ethnicity/islander,white,asian,native,latinas/languages/hindi HTTP/1.1" 200 25184 "-" "Mozilla/5.0 AppleWebKit/537.36 (KHTML, like Gecko; compatible; Amazonbot/0.1; +https://developer.amazon.com/support/amazonbot) Chrome/119.0.6045.214 Safari/537.36"
216.73.216.135 - - [04/Apr/2026:01:37:25 -0400] "GET /gender/c,t/age/40-49/ethnicity/white,native,islander/languages/Spanish HTTP/1.1" 200 19932 "-" "Mozilla/5.0 AppleWebKit/537.36 (KHTML, like Gecko; compatible; ClaudeBot/1.0; +claudebot@anthropic.com)"
100.29.160.53 - - [04/Apr/2026:01:37:26 -0400] "GET /status/offline,online/gender/t,f,c/age/60-100,30-39,18-19/ethnicity/east-indian,white,islander,native,asian,latinas/languages/korean HTTP/1.1" 200 24807 "-" "Mozilla/5.0 AppleWebKit/537.36 (KHTML, like Gecko; compatible; Amazonbot/0.1; +https://developer.amazon.com/support/amazonbot) Chrome/119.0.6045.214 Safari/537.36"
216.73.216.135 - - [04/Apr/2026:01:37:26 -0400] "GET /gender/m,t/age/30-39,18-19/languages/icelandic?sortOrder=leastViewed HTTP/1.1" 200 18821 "-" "Mozilla/5.0 AppleWebKit/537.36 (KHTML, like Gecko; compatible; ClaudeBot/1.0; +claudebot@anthropic.com)"
216.73.216.135 - - [04/Apr/2026:01:37:26 -0400] "GET /status/offline,online/gender/c,m/ethnicity/native,white/languages/fiji HTTP/1.1" 200 19914 "-" "Mozilla/5.0 AppleWebKit/537.36 (KHTML, like Gecko; compatible; ClaudeBot/1.0; +claudebot@anthropic.com)"
216.73.216.135 - - [04/Apr/2026:01:37:26 -0400] "GET /gender/c,m/age/20-29/ethnicity/black,white/sites/1 HTTP/1.1" 200 19037 "-" "Mozilla/5.0 AppleWebKit/537.36 (KHTML, like Gecko; compatible; ClaudeBot/1.0; +claudebot@anthropic.com)"
74.7.241.1 - - [04/Apr/2026:01:37:26 -0400] "GET /age/40-49/ethnicity/latest-news.php,east-indian,other,black,native,latinas HTTP/1.1" 200 20320 "https://camjab.com/age/40-49/ethnicity/latest-news.php,islander,east-indian,other,black,native,latinas" "Mozilla/5.0 AppleWebKit/537.36 (KHTML, like Gecko; compatible; GPTBot/1.3; +https://openai.com/gptbot)"
216.73.216.135 - - [04/Apr/2026:01:37:26 -0400] "GET /status/online,offline/gender/c/age/18-19,20-29/languages/Turkish HTTP/1.1" 200 19523 "-" "Mozilla/5.0 AppleWebKit/537.36 (KHTML, like Gecko; compatible; ClaudeBot/1.0; +claudebot@anthropic.com)"
74.7.241.25 - - [04/Apr/2026:01:37:26 -0400] "GET /age/50-59/ethnicity/east-indian,other,black,asian,native HTTP/1.1" 200 19647 "https://www.camjab.com/age/50-59/ethnicity/east-indian,latinas,other,black,asian,native" "Mozilla/5.0 AppleWebKit/537.36 (KHTML, like Gecko; compatible; GPTBot/1.3; +https://openai.com/gptbot)"
216.73.216.135 - - [04/Apr/2026:01:37:26 -0400] "GET /gender/f,t,c/age/20-29,18-19/languages/Romanian HTTP/1.1" 200 18983 "-" "Mozilla/5.0 AppleWebKit/537.36 (KHTML, like Gecko; compatible; ClaudeBot/1.0; +claudebot@anthropic.com)"
216.73.216.135 - - [04/Apr/2026:01:37:26 -0400] "GET /status/offline,online/age/40-49/ethnicity/native,latinas/languages/azerbaijani HTTP/1.1" 200 19963 "-" "Mozilla/5.0 AppleWebKit/537.36 (KHTML, like Gecko; compatible; ClaudeBot/1.0; +claudebot@anthropic.com)"
216.73.216.135 - - [04/Apr/2026:01:37:26 -0400] "GET /gender/c,m/age/30-39,20-29/languages/english?sortOrder=recent HTTP/1.1" 200 18743 "-" "Mozilla/5.0 AppleWebKit/537.36 (KHTML, like Gecko; compatible; ClaudeBot/1.0; +claudebot@anthropic.com)"
216.73.216.135 - - [04/Apr/2026:01:37:26 -0400] "GET /status/offline,online/ethnicity/latinas,white,islander/languages/Lithuanian HTTP/1.1" 200 19879 "-" "Mozilla/5.0 AppleWebKit/537.36 (KHTML, like Gecko; compatible; ClaudeBot/1.0; +claudebot@anthropic.com)"
216.73.216.135 - - [04/Apr/2026:01:37:26 -0400] "GET /gender/t,f/age/40-49/ethnicity/black/languages/japanese?sortOrder=recent HTTP/1.1" 200 19011 "-" "Mozilla/5.0 AppleWebKit/537.36 (KHTML, like Gecko; compatible; ClaudeBot/1.0; +claudebot@anthropic.com)"
189.168.197.5 - - [04/Apr/2026:01:37:26 -0400] "GET /core/ajax.loadModels.php?controller=router&tags%5B0%5D=boytoy HTTP/1.1" 200 27970 "https://www.camjab.com/tags/boytoy" "Mozilla/5.0 (Windows NT 10.0; Win64; x64) AppleWebKit/537.36 (KHTML, like Gecko) Chrome/133.0.6943.141 Safari/537.36"
216.73.216.135 - - [04/Apr/2026:01:37:26 -0400] "GET /gender/m,c/age/50-59/ethnicity/native,white/languages/Hungarian HTTP/1.1" 200 19438 "-" "Mozilla/5.0 AppleWebKit/537.36 (KHTML, like Gecko; compatible; ClaudeBot/1.0; +claudebot@anthropic.com)"
216.73.216.135 - - [04/Apr/2026:01:37:26 -0400] "GET /status/offline/gender/f,t,c/ethnicity/black/languages/hebrew?sortOrder=youngest HTTP/1.1" 200 19409 "-" "Mozilla/5.0 AppleWebKit/537.36 (KHTML, like Gecko; compatible; ClaudeBot/1.0; +claudebot@anthropic.com)"
3.216.13.10 - - [04/Apr/2026:01:37:27 -0400] "GET /status/offline,online/gender/f,t,m/age/18-19,50-59,40-49,60-100/ethnicity/latino,islander,asian,native HTTP/1.1" 200 23121 "-" "Mozilla/5.0 AppleWebKit/537.36 (KHTML, like Gecko; compatible; Amazonbot/0.1; +https://developer.amazon.com/support/amazonbot) Chrome/119.0.6045.214 Safari/537.36"
216.73.216.135 - - [04/Apr/2026:01:37:27 -0400] "GET /gender/m,c/ethnicity/native,islander,other/languages/Estonian HTTP/1.1" 200 19391 "-" "Mozilla/5.0 AppleWebKit/537.36 (KHTML, like Gecko; compatible; ClaudeBot/1.0; +claudebot@anthropic.com)"
216.73.216.135 - - [04/Apr/2026:01:37:27 -0400] "GET /gender/t,f/age/50-59/ethnicity/white,native/languages/Fiji?sortOrder=leastViewed HTTP/1.1" 200 19376 "-" "Mozilla/5.0 AppleWebKit/537.36 (KHTML, like Gecko; compatible; ClaudeBot/1.0; +claudebot@anthropic.com)"
216.73.216.135 - - [04/Apr/2026:01:37:27 -0400] "GET /gender/t,f/age/30-39/ethnicity/native,islander/languages/bulgarian HTTP/1.1" 200 19554 "-" "Mozilla/5.0 AppleWebKit/537.36 (KHTML, like Gecko; compatible; ClaudeBot/1.0; +claudebot@anthropic.com)"
74.7.241.1 - - [04/Apr/2026:01:37:27 -0400] "GET /age/18-19/ethnicity/latest-news.php,islander,other,asian,black,native,east-indian HTTP/1.1" 200 20830 "https://camjab.com/age/18-19/ethnicity/latest-news.php,islander,latinas,other,asian,black,native,east-indian" "Mozilla/5.0 AppleWebKit/537.36 (KHTML, like Gecko; compatible; GPTBot/1.3; +https://openai.com/gptbot)"
216.73.216.135 - - [04/Apr/2026:01:37:27 -0400] "GET /gender/t,m,c,f/age/50-59/languages/afrikaans HTTP/1.1" 200 18878 "-" "Mozilla/5.0 AppleWebKit/537.36 (KHTML, like Gecko; compatible; ClaudeBot/1.0; +claudebot@anthropic.com)"
74.7.241.25 - - [04/Apr/2026:01:37:27 -0400] "GET /age/30-39/ethnicity/black,other,native,east-indian,white HTTP/1.1" 200 19647 "https://www.camjab.com/age/30-39/ethnicity/latinas,black,other,native,east-indian,white" "Mozilla/5.0 AppleWebKit/537.36 (KHTML, like Gecko; compatible; GPTBot/1.3; +https://openai.com/gptbot)"
216.73.216.135 - - [04/Apr/2026:01:37:27 -0400] "GET /status/online/gender/f,c/ethnicity/black,white/languages/chinese HTTP/1.1" 200 19462 "-" "Mozilla/5.0 AppleWebKit/537.36 (KHTML, like Gecko; compatible; ClaudeBot/1.0; +claudebot@anthropic.com)"
216.73.216.135 - - [04/Apr/2026:01:37:27 -0400] "GET /status/online/gender/m,f,t,c/languages/malay?sortOrder=youngest HTTP/1.1" 200 18958 "-" "Mozilla/5.0 AppleWebKit/537.36 (KHTML, like Gecko; compatible; ClaudeBot/1.0; +claudebot@anthropic.com)"
216.73.216.135 - - [04/Apr/2026:01:37:27 -0400] "GET /gender/f,t/age/60-100,50-59/languages/japanese?sortOrder=leastViewed HTTP/1.1" 200 18833 "-" "Mozilla/5.0 AppleWebKit/537.36 (KHTML, like Gecko; compatible; ClaudeBot/1.0; +claudebot@anthropic.com)"
216.73.216.135 - - [04/Apr/2026:01:37:27 -0400] "GET /status/online/gender/c,m/ethnicity/white,islander/languages/Vietnamese?sortOrder=leastViewed HTTP/1.1" 200 19776 "-" "Mozilla/5.0 AppleWebKit/537.36 (KHTML, like Gecko; compatible; ClaudeBot/1.0; +claudebot@anthropic.com)"
216.73.216.135 - - [04/Apr/2026:01:37:27 -0400] "GET /status/offline,online/age/40-49/ethnicity/native,white,islander/languages/Icelandic HTTP/1.1" 200 20391 "-" "Mozilla/5.0 AppleWebKit/537.36 (KHTML, like Gecko; compatible; ClaudeBot/1.0; +claudebot@anthropic.com)"
216.73.216.135 - - [04/Apr/2026:01:37:27 -0400] "GET /status/offline/gender/f,c/ethnicity/other,asian/languages/Cambodian HTTP/1.1" 200 19569 "-" "Mozilla/5.0 AppleWebKit/537.36 (KHTML, like Gecko; compatible; ClaudeBot/1.0; +claudebot@anthropic.com)"
216.73.216.135 - - [04/Apr/2026:01:37:27 -0400] "GET /gender/f,m/ethnicity/native,latino,black/languages/Hebrew?sortOrder=leastViewed HTTP/1.1" 200 19308 "-" "Mozilla/5.0 AppleWebKit/537.36 (KHTML, like Gecko; compatible; ClaudeBot/1.0; +claudebot@anthropic.com)"
216.73.216.135 - - [04/Apr/2026:01:37:28 -0400] "GET /status/offline/gender/m,f,c/age/30-39/ethnicity/islander/languages/Thai HTTP/1.1" 200 19918 "-" "Mozilla/5.0 AppleWebKit/537.36 (KHTML, like Gecko; compatible; ClaudeBot/1.0; +claudebot@anthropic.com)"
3.219.81.66 - - [04/Apr/2026:01:37:28 -0400] "GET /status/online,offline/gender/m,t,f/age/40-49,18-19,60-100/ethnicity/white,islander,native/languages/hindi HTTP/1.1" 200 22762 "-" "Mozilla/5.0 AppleWebKit/537.36 (KHTML, like Gecko; compatible; Amazonbot/0.1; +https://developer.amazon.com/support/amazonbot) Chrome/119.0.6045.214 Safari/537.36"
216.73.216.135 - - [04/Apr/2026:01:37:28 -0400] "GET /gender/c,f/age/20-29,18-19/languages/Lithuanian?sortOrder=timeOnline HTTP/1.1" 200 18867 "-" "Mozilla/5.0 AppleWebKit/537.36 (KHTML, like Gecko; compatible; ClaudeBot/1.0; +claudebot@anthropic.com)"
216.73.216.135 - - [04/Apr/2026:01:37:28 -0400] "GET /status/offline/gender/m,f,c/ethnicity/islander/languages/Croatian?sortOrder=youngest HTTP/1.1" 200 19585 "-" "Mozilla/5.0 AppleWebKit/537.36 (KHTML, like Gecko; compatible; ClaudeBot/1.0; +claudebot@anthropic.com)"
74.7.241.1 - - [04/Apr/2026:01:37:28 -0400] "GET /age/40-49/ethnicity/latest-news.php,islander,asian,black,white,other,latinas HTTP/1.1" 200 20630 "https://camjab.com/age/40-49/ethnicity/latest-news.php,islander,asian,black,white,east-indian,other,latinas" "Mozilla/5.0 AppleWebKit/537.36 (KHTML, like Gecko; compatible; GPTBot/1.3; +https://openai.com/gptbot)"
216.73.216.135 - - [04/Apr/2026:01:37:28 -0400] "GET /status/offline/gender/m,c,t/age/18-19,30-39/languages/thai HTTP/1.1" 200 19550 "-" "Mozilla/5.0 AppleWebKit/537.36 (KHTML, like Gecko; compatible; ClaudeBot/1.0; +claudebot@anthropic.com)"
74.7.241.25 - - [04/Apr/2026:01:37:28 -0400] "GET /age/30-39/ethnicity/native,white,east-indian,other,black HTTP/1.1" 200 19647 "https://www.camjab.com/age/30-39/ethnicity/native,white,latinas,east-indian,other,black" "Mozilla/5.0 AppleWebKit/537.36 (KHTML, like Gecko; compatible; GPTBot/1.3; +https://openai.com/gptbot)"
216.73.216.135 - - [04/Apr/2026:01:37:28 -0400] "GET /gender/m,c,t/ethnicity/native/languages/armenian?sortOrder=youngest HTTP/1.1" 200 18799 "-" "Mozilla/5.0 AppleWebKit/537.36 (KHTML, like Gecko; compatible; ClaudeBot/1.0; +claudebot@anthropic.com)"
154.54.249.194 - - [04/Apr/2026:01:37:28 -0400] "GET /status/online/gender/f/age/18-19,40-49,60-100/ethnicity/native,asian,latino,black HTTP/1.1" 200 20950 "-" "Mozilla/5.0 (compatible; Barkrowler/0.9; +https://babbar.tech/crawler)"
216.73.216.135 - - [04/Apr/2026:01:37:28 -0400] "GET /status/online/gender/m,f/age/18-19/ethnicity/white/languages/Kurdish HTTP/1.1" 200 19555 "-" "Mozilla/5.0 AppleWebKit/537.36 (KHTML, like Gecko; compatible; ClaudeBot/1.0; +claudebot@anthropic.com)"
216.73.216.135 - - [04/Apr/2026:01:37:28 -0400] "GET /gender/m,t/age/60-100,30-39/languages/chinese?sortOrder=name HTTP/1.1" 200 18768 "-" "Mozilla/5.0 AppleWebKit/537.36 (KHTML, like Gecko; compatible; ClaudeBot/1.0; +claudebot@anthropic.com)"
216.73.216.135 - - [04/Apr/2026:01:37:28 -0400] "GET /gender/m,f/age/60-100/ethnicity/black,native/languages/Faeroese?sortOrder=leastViewed HTTP/1.1" 200 19548 "-" "Mozilla/5.0 AppleWebKit/537.36 (KHTML, like Gecko; compatible; ClaudeBot/1.0; +claudebot@anthropic.com)"
216.73.216.135 - - [04/Apr/2026:01:37:28 -0400] "GET /gender/f,c,t/age/18-19,30-39/languages/Thai HTTP/1.1" 200 18843 "-" "Mozilla/5.0 AppleWebKit/537.36 (KHTML, like Gecko; compatible; ClaudeBot/1.0; +claudebot@anthropic.com)"
216.73.216.135 - - [04/Apr/2026:01:37:28 -0400] "GET /status/online/gender/t,c,m,f/age/40-49/languages/irish HTTP/1.1" 200 19414 "-" "Mozilla/5.0 AppleWebKit/537.36 (KHTML, like Gecko; compatible; ClaudeBot/1.0; +claudebot@anthropic.com)"
216.73.216.135 - - [04/Apr/2026:01:37:29 -0400] "GET /gender/t,c,m/ethnicity/white,native/languages/german?sortOrder=youngest HTTP/1.1" 200 19175 "-" "Mozilla/5.0 AppleWebKit/537.36 (KHTML, like Gecko; compatible; ClaudeBot/1.0; +claudebot@anthropic.com)"
216.73.216.135 - - [04/Apr/2026:01:37:29 -0400] "GET /gender/c,f/age/20-29/ethnicity/islander,native/languages/albanian HTTP/1.1" 200 19524 "-" "Mozilla/5.0 AppleWebKit/537.36 (KHTML, like Gecko; compatible; ClaudeBot/1.0; +claudebot@anthropic.com)"
216.73.216.135 - - [04/Apr/2026:01:37:29 -0400] "GET /status/online/gender/f,t/age/60-100/languages/Georgian?sortOrder=youngest HTTP/1.1" 200 19059 "-" "Mozilla/5.0 AppleWebKit/537.36 (KHTML, like Gecko; compatible; ClaudeBot/1.0; +claudebot@anthropic.com)"
216.73.216.135 - - [04/Apr/2026:01:37:29 -0400] "GET /gender/c,t/age/50-59/ethnicity/native,black/languages/hebrew HTTP/1.1" 200 19338 "-" "Mozilla/5.0 AppleWebKit/537.36 (KHTML, like Gecko; compatible; ClaudeBot/1.0; +claudebot@anthropic.com)"
74.7.241.1 - - [04/Apr/2026:01:37:29 -0400] "GET /age/20-29/ethnicity/latest-news.php,other,native,black,islander,white,latinas HTTP/1.1" 200 20670 "https://camjab.com/age/20-29/ethnicity/latest-news.php,other,native,black,islander,east-indian,white,latinas" "Mozilla/5.0 AppleWebKit/537.36 (KHTML, like Gecko; compatible; GPTBot/1.3; +https://openai.com/gptbot)"
216.73.216.135 - - [04/Apr/2026:01:37:29 -0400] "GET /status/online,offline/age/18-19,40-49/ethnicity/islander/languages/finnish HTTP/1.1" 200 19804 "-" "Mozilla/5.0 AppleWebKit/537.36 (KHTML, like Gecko; compatible; ClaudeBot/1.0; +claudebot@anthropic.com)"
74.7.241.25 - - [04/Apr/2026:01:37:29 -0400] "GET /age/40-49/ethnicity/east-indian,asian,black,other,native HTTP/1.1" 200 19647 "https://www.camjab.com/age/40-49/ethnicity/latinas,east-indian,asian,black,other,native" "Mozilla/5.0 AppleWebKit/537.36 (KHTML, like Gecko; compatible; GPTBot/1.3; +https://openai.com/gptbot)"
216.73.216.135 - - [04/Apr/2026:01:37:29 -0400] "GET /gender/f,c/age/18-19,50-59,40-49/languages/turkish HTTP/1.1" 200 19075 "-" "Mozilla/5.0 AppleWebKit/537.36 (KHTML, like Gecko; compatible; ClaudeBot/1.0; +claudebot@anthropic.com)"
216.73.216.135 - - [04/Apr/2026:01:37:29 -0400] "GET /gender/m,c,f/ethnicity/white,native,asian/languages/Scots HTTP/1.1" 200 19481 "-" "Mozilla/5.0 AppleWebKit/537.36 (KHTML, like Gecko; compatible; ClaudeBot/1.0; +claudebot@anthropic.com)"
216.73.216.135 - - [04/Apr/2026:01:37:29 -0400] "GET /status/offline/gender/f,m,c,t/ethnicity/islander/languages/Thai HTTP/1.1" 200 19653 "-" "Mozilla/5.0 AppleWebKit/537.36 (KHTML, like Gecko; compatible; ClaudeBot/1.0; +claudebot@anthropic.com)"
216.73.216.135 - - [04/Apr/2026:01:37:29 -0400] "GET /status/online/gender/t,f/age/40-49,60-100/languages/Swedish HTTP/1.1" 200 19358 "-" "Mozilla/5.0 AppleWebKit/537.36 (KHTML, like Gecko; compatible; ClaudeBot/1.0; +claudebot@anthropic.com)"
216.73.216.135 - - [04/Apr/2026:01:37:29 -0400] "GET /status/offline,online/gender/c,f,t/ethnicity/white/languages/English HTTP/1.1" 200 19836 "-" "Mozilla/5.0 AppleWebKit/537.36 (KHTML, like Gecko; compatible; ClaudeBot/1.0; +claudebot@anthropic.com)"
216.73.216.135 - - [04/Apr/2026:01:37:29 -0400] "GET /status/offline/gender/t,f/age/18-19,50-59/languages/georgian HTTP/1.1" 200 19393 "-" "Mozilla/5.0 AppleWebKit/537.36 (KHTML, like Gecko; compatible; ClaudeBot/1.0; +claudebot@anthropic.com)"
100.29.63.24 - - [04/Apr/2026:01:37:29 -0400] "GET /status/offline,online/gender/f,m,c/age/18-19/ethnicity/latino,islander,east-indian,white HTTP/1.1" 200 21537 "-" "Mozilla/5.0 AppleWebKit/537.36 (KHTML, like Gecko; compatible; Amazonbot/0.1; +https://developer.amazon.com/support/amazonbot) Chrome/119.0.6045.214 Safari/537.36"
216.73.216.135 - - [04/Apr/2026:01:37:29 -0400] "GET /gender/m,t/ethnicity/black,islander,white/sites/3 HTTP/1.1" 200 19020 "-" "Mozilla/5.0 AppleWebKit/537.36 (KHTML, like Gecko; compatible; ClaudeBot/1.0; +claudebot@anthropic.com)"
216.73.216.135 - - [04/Apr/2026:01:37:30 -0400] "GET /status/offline/gender/t,f/ethnicity/white,islander/languages/persian?sortOrder=oldest HTTP/1.1" 200 19698 "-" "Mozilla/5.0 AppleWebKit/537.36 (KHTML, like Gecko; compatible; ClaudeBot/1.0; +claudebot@anthropic.com)"
52.7.13.143 - - [04/Apr/2026:01:37:30 -0400] "GET /status/offline,online/gender/t,f,c,m/age/50-59,30-39,60-100/ethnicity/islander,east-indian,white HTTP/1.1" 200 22668 "-" "Mozilla/5.0 AppleWebKit/537.36 (KHTML, like Gecko; compatible; Amazonbot/0.1; +https://developer.amazon.com/support/amazonbot) Chrome/119.0.6045.214 Safari/537.36"
216.73.216.135 - - [04/Apr/2026:01:37:30 -0400] "GET /status/online,offline/age/50-59,40-49/languages/turkish?sortOrder=youngest HTTP/1.1" 200 19119 "-" "Mozilla/5.0 AppleWebKit/537.36 (KHTML, like Gecko; compatible; ClaudeBot/1.0; +claudebot@anthropic.com)"
74.7.241.1 - - [04/Apr/2026:01:37:30 -0400] "GET /status/offline/age/30-39/ethnicity/latest-news.php,east-indian,native,other,islander,white,black HTTP/1.1" 200 21630 "https://camjab.com/age/30-39/ethnicity/latest-news.php,east-indian,native,other,islander,white,black" "Mozilla/5.0 AppleWebKit/537.36 (KHTML, like Gecko; compatible; GPTBot/1.3; +https://openai.com/gptbot)"
216.73.216.135 - - [04/Apr/2026:01:37:30 -0400] "GET /gender/c,f,m/ethnicity/islander,white/languages/Swedish?sortOrder=oldest HTTP/1.1" 200 19283 "-" "Mozilla/5.0 AppleWebKit/537.36 (KHTML, like Gecko; compatible; ClaudeBot/1.0; +claudebot@anthropic.com)"
216.73.216.135 - - [04/Apr/2026:01:37:30 -0400] "GET /gender/t,c,m/age/18-19,20-29/languages/Slovak HTTP/1.1" 200 18903 "-" "Mozilla/5.0 AppleWebKit/537.36 (KHTML, like Gecko; compatible; ClaudeBot/1.0; +claudebot@anthropic.com)"
74.7.241.25 - - [04/Apr/2026:01:37:30 -0400] "GET /age/50-59,40-49,30-39/ethnicity/black,other,east-indian,native,white HTTP/1.1" 200 20553 "https://www.camjab.com/age/50-59,40-49/ethnicity/black,other,east-indian,native,white" "Mozilla/5.0 AppleWebKit/537.36 (KHTML, like Gecko; compatible; GPTBot/1.3; +https://openai.com/gptbot)"
216.73.216.135 - - [04/Apr/2026:01:37:30 -0400] "GET /gender/f,c/ethnicity/islander,other,native/languages/Irish?sortOrder=youngest HTTP/1.1" 200 19395 "-" "Mozilla/5.0 AppleWebKit/537.36 (KHTML, like Gecko; compatible; ClaudeBot/1.0; +claudebot@anthropic.com)"
66.249.66.42 - - [04/Apr/2026:01:37:25 -0400] "GET /core/ajax.loadModels.php?controller=router&age%5B0%5D=18-19&ethnicity%5B0%5D=latinas&ethnicity%5B1%5D=black&ethnicity%5B2%5D=white&ethnicity%5B3%5D=islander&ethnicity%5B4%5D=asian HTTP/1.1" 200 182 "https://camjab.com/age/18-19/ethnicity/latinas,black,white,islander,asian" "Mozilla/5.0 (Linux; Android 6.0.1; Nexus 5X Build/MMB29P) AppleWebKit/537.36 (KHTML, like Gecko) Chrome/146.0.7680.177 Mobile Safari/537.36 (compatible; Googlebot/2.1; +http://www.google.com/bot.html)"
216.73.216.135 - - [04/Apr/2026:01:37:30 -0400] "GET /status/offline,online/gender/c,f/ethnicity/native,white/languages/Hungarian HTTP/1.1" 200 20104 "-" "Mozilla/5.0 AppleWebKit/537.36 (KHTML, like Gecko; compatible; ClaudeBot/1.0; +claudebot@anthropic.com)"
216.73.216.135 - - [04/Apr/2026:01:37:30 -0400] "GET /gender/m,c/age/20-29/ethnicity/white/languages/Norwegian?sortOrder=youngest HTTP/1.1" 200 19046 "-" "Mozilla/5.0 AppleWebKit/537.36 (KHTML, like Gecko; compatible; ClaudeBot/1.0; +claudebot@anthropic.com)"
216.73.216.135 - - [04/Apr/2026:01:37:30 -0400] "GET /status/online/gender/f,t,c/age/60-100/languages/Albanian HTTP/1.1" 200 19263 "-" "Mozilla/5.0 AppleWebKit/537.36 (KHTML, like Gecko; compatible; ClaudeBot/1.0; +claudebot@anthropic.com)"
216.73.216.135 - - [04/Apr/2026:01:37:30 -0400] "GET /status/online/gender/c,m/age/30-39/ethnicity/white,native/languages/malay HTTP/1.1" 200 19993 "-" "Mozilla/5.0 AppleWebKit/537.36 (KHTML, like Gecko; compatible; ClaudeBot/1.0; +claudebot@anthropic.com)"
216.73.216.135 - - [04/Apr/2026:01:37:30 -0400] "GET /status/offline/gender/f,c/ethnicity/islander,black,white,native/languages/English HTTP/1.1" 200 20565 "-" "Mozilla/5.0 AppleWebKit/537.36 (KHTML, like Gecko; compatible; ClaudeBot/1.0; +claudebot@anthropic.com)"
216.73.216.135 - - [04/Apr/2026:01:37:30 -0400] "GET /status/online/gender/m,f/age/60-100/ethnicity/other/languages/danish HTTP/1.1" 200 19557 "-" "Mozilla/5.0 AppleWebKit/537.36 (KHTML, like Gecko; compatible; ClaudeBot/1.0; +claudebot@anthropic.com)"
216.73.216.135 - - [04/Apr/2026:01:37:31 -0400] "GET /gender/c,m/ethnicity/white,latinas/languages/armenian HTTP/1.1" 200 18886 "-" "Mozilla/5.0 AppleWebKit/537.36 (KHTML, like Gecko; compatible; ClaudeBot/1.0; +claudebot@anthropic.com)"
74.7.241.1 - - [04/Apr/2026:01:37:31 -0400] "GET /age/50-59/ethnicity/latest-news.php,east-indian,white,other,islander,black,asian HTTP/1.1" 200 20790 "https://camjab.com/age/50-59/ethnicity/latest-news.php,east-indian,white,other,islander,black,native,asian" "Mozilla/5.0 AppleWebKit/537.36 (KHTML, like Gecko; compatible; GPTBot/1.3; +https://openai.com/gptbot)"
216.73.216.135 - - [04/Apr/2026:01:37:31 -0400] "GET /status/offline,online/gender/t/age/30-39,60-100/languages/Swedish HTTP/1.1" 200 19555 "-" "Mozilla/5.0 AppleWebKit/537.36 (KHTML, like Gecko; compatible; ClaudeBot/1.0; +claudebot@anthropic.com)"
216.73.216.135 - - [04/Apr/2026:01:37:31 -0400] "GET /gender/f,t/age/30-39,60-100/languages/scots?sortOrder=youngest HTTP/1.1" 200 18722 "-" "Mozilla/5.0 AppleWebKit/537.36 (KHTML, like Gecko; compatible; ClaudeBot/1.0; +claudebot@anthropic.com)"
44.218.170.184 - - [04/Apr/2026:01:37:31 -0400] "GET /status/online,offline/gender/f,m,t/age/18-19,50-59,60-100/ethnicity/asian,native,islander,east-indian,black/languages/hindi HTTP/1.1" 200 24102 "-" "Mozilla/5.0 AppleWebKit/537.36 (KHTML, like Gecko; compatible; Amazonbot/0.1; +https://developer.amazon.com/support/amazonbot) Chrome/119.0.6045.214 Safari/537.36"
216.73.216.135 - - [04/Apr/2026:01:37:31 -0400] "GET /gender/c,m/age/40-49/ethnicity/islander,other/languages/French?sortOrder=leastViewed HTTP/1.1" 200 19515 "-" "Mozilla/5.0 AppleWebKit/537.36 (KHTML, like Gecko; compatible; ClaudeBot/1.0; +claudebot@anthropic.com)"
144.76.32.187 - - [04/Apr/2026:01:37:31 -0400] "GET /tags/18/gender/f,t,m HTTP/1.1" 200 17767 "-" "Mozilla/5.0 (compatible; SERankingBacklinksBot/1.0; +https://seranking.com/backlinks-crawler)"
74.7.241.25 - - [04/Apr/2026:01:37:31 -0400] "GET /gender/c/age/20-29,40-49/ethnicity/white,black,native,other,latinas HTTP/1.1" 200 20479 "https://www.camjab.com/age/20-29,40-49/ethnicity/white,black,native,other,latinas" "Mozilla/5.0 AppleWebKit/537.36 (KHTML, like Gecko; compatible; GPTBot/1.3; +https://openai.com/gptbot)"
216.73.216.135 - - [04/Apr/2026:01:37:31 -0400] "GET /status/online/gender/m,t,c/ethnicity/islander,native/languages/Irish HTTP/1.1" 200 19842 "-" "Mozilla/5.0 AppleWebKit/537.36 (KHTML, like Gecko; compatible; ClaudeBot/1.0; +claudebot@anthropic.com)"
216.73.216.135 - - [04/Apr/2026:01:37:31 -0400] "GET /gender/c,m/ethnicity/native,latinas,other/languages/catalan?sortOrder=leastViewed HTTP/1.1" 200 19427 "-" "Mozilla/5.0 AppleWebKit/537.36 (KHTML, like Gecko; compatible; ClaudeBot/1.0; +claudebot@anthropic.com)"
216.73.216.135 - - [04/Apr/2026:01:37:31 -0400] "GET /status/online/gender/f,c/age/30-39,20-29/languages/Korean HTTP/1.1" 200 19291 "-" "Mozilla/5.0 AppleWebKit/537.36 (KHTML, like Gecko; compatible; ClaudeBot/1.0; +claudebot@anthropic.com)"
154.54.249.194 - - [04/Apr/2026:01:37:31 -0400] "GET /status/offline/gender/m/age/40-49/ethnicity/white,latinas,black/languages/catalan HTTP/1.1" 200 20472 "-" "Mozilla/5.0 (compatible; Barkrowler/0.9; +https://babbar.tech/crawler)"
216.73.216.135 - - [04/Apr/2026:01:37:31 -0400] "GET /status/offline/gender/f,c/age/60-100,50-59/languages/Swedish?sortOrder=youngest HTTP/1.1" 200 19499 "-" "Mozilla/5.0 AppleWebKit/537.36 (KHTML, like Gecko; compatible; ClaudeBot/1.0; +claudebot@anthropic.com)"
216.73.216.135 - - [04/Apr/2026:01:37:31 -0400] "GET /status/online,offline/ethnicity/native,islander,black/languages/swedish?sortOrder=recent HTTP/1.1" 200 19830 "-" "Mozilla/5.0 AppleWebKit/537.36 (KHTML, like Gecko; compatible; ClaudeBot/1.0; +claudebot@anthropic.com)"
216.73.216.135 - - [04/Apr/2026:01:37:31 -0400] "GET /gender/m,t,c,f/age/50-59/languages/afrikaans HTTP/1.1" 200 18878 "-" "Mozilla/5.0 AppleWebKit/537.36 (KHTML, like Gecko; compatible; ClaudeBot/1.0; +claudebot@anthropic.com)"
216.73.216.135 - - [04/Apr/2026:01:37:31 -0400] "GET /status/offline/gender/c,f/ethnicity/native,black/languages/japanese?sortOrder=name HTTP/1.1" 200 19658 "-" "Mozilla/5.0 AppleWebKit/537.36 (KHTML, like Gecko; compatible; ClaudeBot/1.0; +claudebot@anthropic.com)"
216.73.216.135 - - [04/Apr/2026:01:37:32 -0400] "GET /gender/c,f/ethnicity/white,islander,native/sites/1?sortOrder=timeOnline HTTP/1.1" 200 19177 "-" "Mozilla/5.0 AppleWebKit/537.36 (KHTML, like Gecko; compatible; ClaudeBot/1.0; +claudebot@anthropic.com)"
74.7.241.1 - - [04/Apr/2026:01:37:32 -0400] "GET /age/20-29/ethnicity/latest-news.php,other,black,islander,white,latinas,native HTTP/1.1" 200 20670 "https://camjab.com/age/20-29/ethnicity/latest-news.php,other,east-indian,black,islander,white,latinas,native" "Mozilla/5.0 AppleWebKit/537.36 (KHTML, like Gecko; compatible; GPTBot/1.3; +https://openai.com/gptbot)"
216.73.216.135 - - [04/Apr/2026:01:37:32 -0400] "GET /status/offline,online/gender/t,f,c/ethnicity/islander/languages/German HTTP/1.1" 200 19914 "-" "Mozilla/5.0 AppleWebKit/537.36 (KHTML, like Gecko; compatible; ClaudeBot/1.0; +claudebot@anthropic.com)"
216.73.216.135 - - [04/Apr/2026:01:37:32 -0400] "GET /gender/f,t/ethnicity/native,asian/languages/romanian?sortOrder=youngest HTTP/1.1" 200 18954 "-" "Mozilla/5.0 AppleWebKit/537.36 (KHTML, like Gecko; compatible; ClaudeBot/1.0; +claudebot@anthropic.com)"
216.73.216.135 - - [04/Apr/2026:01:37:32 -0400] "GET /status/online/gender/m,t,c/age/40-49/ethnicity/native/languages/thai HTTP/1.1" 200 19799 "-" "Mozilla/5.0 AppleWebKit/537.36 (KHTML, like Gecko; compatible; ClaudeBot/1.0; +claudebot@anthropic.com)"
74.7.241.25 - - [04/Apr/2026:01:37:32 -0400] "GET /age/50-59,40-49/ethnicity/black,other,east-indian,native,white,latinas HTTP/1.1" 200 20640 "https://www.camjab.com/age/50-59,40-49/ethnicity/black,other,east-indian,native,white" "Mozilla/5.0 AppleWebKit/537.36 (KHTML, like Gecko; compatible; GPTBot/1.3; +https://openai.com/gptbot)"
216.73.216.135 - - [04/Apr/2026:01:37:32 -0400] "GET /status/offline/gender/c,t,f/age/50-59,30-39/languages/catalan HTTP/1.1" 200 19668 "-" "Mozilla/5.0 AppleWebKit/537.36 (KHTML, like Gecko; compatible; ClaudeBot/1.0; +claudebot@anthropic.com)"
34.226.89.140 - - [04/Apr/2026:01:37:32 -0400] "GET /status/offline,online/gender/t,c/age/18-19,30-39,60-100,20-29/ethnicity/asian,native,other/languages/hindi HTTP/1.1" 200 22789 "-" "Mozilla/5.0 AppleWebKit/537.36 (KHTML, like Gecko; compatible; Amazonbot/0.1; +https://developer.amazon.com/support/amazonbot) Chrome/119.0.6045.214 Safari/537.36"
216.73.216.135 - - [04/Apr/2026:01:37:32 -0400] "GET /status/offline/gender/m,c,f/age/18-19/ethnicity/native/languages/Azerbaijani HTTP/1.1" 200 20094 "-" "Mozilla/5.0 AppleWebKit/537.36 (KHTML, like Gecko; compatible; ClaudeBot/1.0; +claudebot@anthropic.com)"
216.73.216.135 - - [04/Apr/2026:01:37:32 -0400] "GET /status/online/gender/t,m/ethnicity/black,islander,native/languages/Dutch HTTP/1.1" 200 19975 "-" "Mozilla/5.0 AppleWebKit/537.36 (KHTML, like Gecko; compatible; ClaudeBot/1.0; +claudebot@anthropic.com)"
216.73.216.135 - - [04/Apr/2026:01:37:32 -0400] "GET /status/online/gender/t,f,m/languages/Afrikaans?sortOrder=youngest HTTP/1.1" 200 18803 "-" "Mozilla/5.0 AppleWebKit/537.36 (KHTML, like Gecko; compatible; ClaudeBot/1.0; +claudebot@anthropic.com)"
216.73.216.135 - - [04/Apr/2026:01:37:32 -0400] "GET /gender/t,m,c/ethnicity/white/languages/Korean?sortOrder=youngest HTTP/1.1" 200 18695 "-" "Mozilla/5.0 AppleWebKit/537.36 (KHTML, like Gecko; compatible; ClaudeBot/1.0; +claudebot@anthropic.com)"
216.73.216.135 - - [04/Apr/2026:01:37:32 -0400] "GET /status/online,offline/age/40-49/ethnicity/east-indian/languages/Polish HTTP/1.1" 200 19431 "-" "Mozilla/5.0 AppleWebKit/537.36 (KHTML, like Gecko; compatible; ClaudeBot/1.0; +claudebot@anthropic.com)"
216.73.216.135 - - [04/Apr/2026:01:37:32 -0400] "GET /gender/t,m/ethnicity/native,other,islander/languages/norwegian HTTP/1.1" 200 19421 "-" "Mozilla/5.0 AppleWebKit/537.36 (KHTML, like Gecko; compatible; ClaudeBot/1.0; +claudebot@anthropic.com)"
216.73.216.135 - - [04/Apr/2026:01:37:33 -0400] "GET /gender/t,c/ethnicity/islander,native,white/languages/Hebrew?sortOrder=timeOnline HTTP/1.1" 200 19431 "-" "Mozilla/5.0 AppleWebKit/537.36 (KHTML, like Gecko; compatible; ClaudeBot/1.0; +claudebot@anthropic.com)"
74.7.241.1 - - [04/Apr/2026:01:37:33 -0400] "GET /age/50-59/ethnicity/latest-news.php,latinas,other,black,white,islander HTTP/1.1" 200 20164 "https://camjab.com/age/50-59/ethnicity/latest-news.php,latinas,other,black,white" "Mozilla/5.0 AppleWebKit/537.36 (KHTML, like Gecko; compatible; GPTBot/1.3; +https://openai.com/gptbot)"
216.73.216.135 - - [04/Apr/2026:01:37:33 -0400] "GET /status/online/gender/t,f/age/60-100/ethnicity/islander/languages/malay HTTP/1.1" 200 19638 "-" "Mozilla/5.0 AppleWebKit/537.36 (KHTML, like Gecko; compatible; ClaudeBot/1.0; +claudebot@anthropic.com)"
216.73.216.135 - - [04/Apr/2026:01:37:33 -0400] "GET /status/offline,online/gender/m,c/age/60-100/languages/Swedish?sortOrder=oldest HTTP/1.1" 200 19527 "-" "Mozilla/5.0 AppleWebKit/537.36 (KHTML, like Gecko; compatible; ClaudeBot/1.0; +claudebot@anthropic.com)"
74.7.241.25 - - [04/Apr/2026:01:37:33 -0400] "GET /age/40-49/ethnicity/black,east-indian,other,native,asian,islander HTTP/1.1" 200 20214 "https://www.camjab.com/age/40-49/ethnicity/black,east-indian,other,native,asian" "Mozilla/5.0 AppleWebKit/537.36 (KHTML, like Gecko; compatible; GPTBot/1.3; +https://openai.com/gptbot)"
216.73.216.135 - - [04/Apr/2026:01:37:33 -0400] "GET /status/online/gender/t,f/ethnicity/islander,other/languages/Finnish HTTP/1.1" 200 19568 "-" "Mozilla/5.0 AppleWebKit/537.36 (KHTML, like Gecko; compatible; ClaudeBot/1.0; +claudebot@anthropic.com)"
216.73.216.135 - - [04/Apr/2026:01:37:33 -0400] "GET /status/offline/gender/f,t,c/ethnicity/native/languages/Afrikaans?sortOrder=youngest HTTP/1.1" 200 19551 "-" "Mozilla/5.0 AppleWebKit/537.36 (KHTML, like Gecko; compatible; ClaudeBot/1.0; +claudebot@anthropic.com)"
216.73.216.135 - - [04/Apr/2026:01:37:33 -0400] "GET /gender/m,f,t/ethnicity/black,islander/languages/swedish HTTP/1.1" 200 19185 "-" "Mozilla/5.0 AppleWebKit/537.36 (KHTML, like Gecko; compatible; ClaudeBot/1.0; +claudebot@anthropic.com)"
216.73.216.135 - - [04/Apr/2026:01:37:33 -0400] "GET /status/offline/gender/m,t/age/18-19,60-100/languages/faeroese?sortOrder=leastViewed HTTP/1.1" 200 19528 "-" "Mozilla/5.0 AppleWebKit/537.36 (KHTML, like Gecko; compatible; ClaudeBot/1.0; +claudebot@anthropic.com)"
216.73.216.135 - - [04/Apr/2026:01:37:33 -0400] "GET /gender/f,m,t/age/30-39/languages/kazakh?sortOrder=timeOnline HTTP/1.1" 200 18590 "-" "Mozilla/5.0 AppleWebKit/537.36 (KHTML, like Gecko; compatible; ClaudeBot/1.0; +claudebot@anthropic.com)"
216.73.216.135 - - [04/Apr/2026:01:37:33 -0400] "GET /status/online,offline/gender/f/ethnicity/native,white/languages/Ukrainian HTTP/1.1" 200 19766 "-" "Mozilla/5.0 AppleWebKit/537.36 (KHTML, like Gecko; compatible; ClaudeBot/1.0; +claudebot@anthropic.com)"
34.206.212.24 - - [04/Apr/2026:01:37:33 -0400] "GET /status/offline,online/gender/c,f,t/age/20-29,50-59/ethnicity/latino,asian,black,east-indian,islander HTTP/1.1" 200 22559 "-" "Mozilla/5.0 AppleWebKit/537.36 (KHTML, like Gecko; compatible; Amazonbot/0.1; +https://developer.amazon.com/support/amazonbot) Chrome/119.0.6045.214 Safari/537.36"
216.73.216.135 - - [04/Apr/2026:01:37:33 -0400] "GET /status/online/gender/t,c/age/30-39/ethnicity/islander/languages/czech HTTP/1.1" 200 19601 "-" "Mozilla/5.0 AppleWebKit/537.36 (KHTML, like Gecko; compatible; ClaudeBot/1.0; +claudebot@anthropic.com)"
44.223.193.255 - - [04/Apr/2026:01:37:33 -0400] "GET /status/offline,online/gender/t,m,c,f/age/18-19,60-100,20-29/ethnicity/islander,east-indian,native,white HTTP/1.1" 200 23239 "-" "Mozilla/5.0 AppleWebKit/537.36 (KHTML, like Gecko; compatible; Amazonbot/0.1; +https://developer.amazon.com/support/amazonbot) Chrome/119.0.6045.214 Safari/537.36"
216.73.216.135 - - [04/Apr/2026:01:37:33 -0400] "GET /status/online/gender/m,f,c/age/18-19,30-39/languages/Dutch HTTP/1.1" 200 19553 "-" "Mozilla/5.0 AppleWebKit/537.36 (KHTML, like Gecko; compatible; ClaudeBot/1.0; +claudebot@anthropic.com)"
216.73.216.135 - - [04/Apr/2026:01:37:34 -0400] "GET /gender/f,t/age/60-100/ethnicity/asian/languages/hungarian HTTP/1.1" 200 18988 "-" "Mozilla/5.0 AppleWebKit/537.36 (KHTML, like Gecko; compatible; ClaudeBot/1.0; +claudebot@anthropic.com)"
74.7.241.1 - - [04/Apr/2026:01:37:34 -0400] "GET /age/30-39/ethnicity/latest-news.php,other,east-indian,black,native,white,islander HTTP/1.1" 200 20830 "https://camjab.com/age/30-39/ethnicity/latest-news.php,other,east-indian,black,asian,native,white,islander" "Mozilla/5.0 AppleWebKit/537.36 (KHTML, like Gecko; compatible; GPTBot/1.3; +https://openai.com/gptbot)"
216.73.216.135 - - [04/Apr/2026:01:37:34 -0400] "GET /status/offline,online/age/60-100/ethnicity/other,white/languages/Bulgarian HTTP/1.1" 200 19819 "-" "Mozilla/5.0 AppleWebKit/537.36 (KHTML, like Gecko; compatible; ClaudeBot/1.0; +claudebot@anthropic.com)"
216.73.216.135 - - [04/Apr/2026:01:37:34 -0400] "GET /gender/f,c/ethnicity/black,latinas/languages/Turkish?sortOrder=youngest HTTP/1.1" 200 18961 "-" "Mozilla/5.0 AppleWebKit/537.36 (KHTML, like Gecko; compatible; ClaudeBot/1.0; +claudebot@anthropic.com)"
74.7.241.25 - - [04/Apr/2026:01:37:34 -0400] "GET /age/40-49/ethnicity/black,east-indian,other,native,asian,white HTTP/1.1" 200 20097 "https://www.camjab.com/age/40-49/ethnicity/black,east-indian,other,native,asian" "Mozilla/5.0 AppleWebKit/537.36 (KHTML, like Gecko; compatible; GPTBot/1.3; +https://openai.com/gptbot)"
216.73.216.135 - - [04/Apr/2026:01:37:34 -0400] "GET /status/offline/gender/c,f/ethnicity/east-indian/languages/english HTTP/1.1" 200 19258 "-" "Mozilla/5.0 AppleWebKit/537.36 (KHTML, like Gecko; compatible; ClaudeBot/1.0; +claudebot@anthropic.com)"
216.73.216.135 - - [04/Apr/2026:01:37:34 -0400] "GET /status/offline/gender/t,m/age/30-39,40-49/languages/hebrew?sortOrder=youngest HTTP/1.1" 200 19412 "-" "Mozilla/5.0 AppleWebKit/537.36 (KHTML, like Gecko; compatible; ClaudeBot/1.0; +claudebot@anthropic.com)"
216.73.216.135 - - [04/Apr/2026:01:37:34 -0400] "GET /status/online,offline/age/60-100,50-59,40-49/languages/french HTTP/1.1" 200 19448 "-" "Mozilla/5.0 AppleWebKit/537.36 (KHTML, like Gecko; compatible; ClaudeBot/1.0; +claudebot@anthropic.com)"
216.73.216.135 - - [04/Apr/2026:01:37:34 -0400] "GET /gender/f,c/ethnicity/other,asian/languages/Italian?sortOrder=youngest HTTP/1.1" 200 18889 "-" "Mozilla/5.0 AppleWebKit/537.36 (KHTML, like Gecko; compatible; ClaudeBot/1.0; +claudebot@anthropic.com)"
216.73.216.135 - - [04/Apr/2026:01:37:34 -0400] "GET /status/offline,online/gender/t/age/50-59/languages/albanian?sortOrder=leastViewed HTTP/1.1" 200 19223 "-" "Mozilla/5.0 AppleWebKit/537.36 (KHTML, like Gecko; compatible; ClaudeBot/1.0; +claudebot@anthropic.com)"
216.73.216.135 - - [04/Apr/2026:01:37:34 -0400] "GET /status/offline,online/gender/f/ethnicity/native,latinas/languages/hungarian HTTP/1.1" 200 19840 "-" "Mozilla/5.0 AppleWebKit/537.36 (KHTML, like Gecko; compatible; ClaudeBot/1.0; +claudebot@anthropic.com)"
216.73.216.135 - - [04/Apr/2026:01:37:34 -0400] "GET /status/offline/gender/m,t,f/age/60-100,50-59/languages/catalan HTTP/1.1" 200 19696 "-" "Mozilla/5.0 AppleWebKit/537.36 (KHTML, like Gecko; compatible; ClaudeBot/1.0; +claudebot@anthropic.com)"
216.73.216.135 - - [04/Apr/2026:01:37:34 -0400] "GET /status/offline,online/age/18-19,60-100/ethnicity/native/languages/Estonian HTTP/1.1" 200 19802 "-" "Mozilla/5.0 AppleWebKit/537.36 (KHTML, like Gecko; compatible; ClaudeBot/1.0; +claudebot@anthropic.com)"
