144.76.32.187 - - [04/Apr/2026:01:33:29 -0400] "GET /tags/cum/gender/f,c HTTP/1.1" 200 17554 "-" "Mozilla/5.0 (compatible; SERankingBacklinksBot/1.0; +https://seranking.com/backlinks-crawler)"
216.73.216.135 - - [04/Apr/2026:01:33:29 -0400] "GET /status/offline/gender/c,f/ethnicity/asian/languages/Indonesian?sortOrder=timeOnline HTTP/1.1" 200 19249 "-" "Mozilla/5.0 AppleWebKit/537.36 (KHTML, like Gecko; compatible; ClaudeBot/1.0; +claudebot@anthropic.com)"
216.73.216.135 - - [04/Apr/2026:01:33:29 -0400] "GET /status/online,offline/gender/m/ethnicity/black/languages/Hebrew?sortOrder=oldest HTTP/1.1" 200 19246 "-" "Mozilla/5.0 AppleWebKit/537.36 (KHTML, like Gecko; compatible; ClaudeBot/1.0; +claudebot@anthropic.com)"
216.73.216.135 - - [04/Apr/2026:01:33:29 -0400] "GET /status/offline/gender/m,f/ethnicity/native,asian/languages/persian?sortOrder=oldest HTTP/1.1" 200 19619 "-" "Mozilla/5.0 AppleWebKit/537.36 (KHTML, like Gecko; compatible; ClaudeBot/1.0; +claudebot@anthropic.com)"
74.7.241.25 - - [04/Apr/2026:01:33:29 -0400] "GET /age/50-59/ethnicity/asian,native,east-indian,other,black,islander HTTP/1.1" 200 20214 "https://www.camjab.com/age/50-59/ethnicity/asian,native,east-indian,other,black" "Mozilla/5.0 AppleWebKit/537.36 (KHTML, like Gecko; compatible; GPTBot/1.3; +https://openai.com/gptbot)"
216.73.216.135 - - [04/Apr/2026:01:33:29 -0400] "GET /status/offline/gender/t,m,f/age/40-49/languages/estonian?sortOrder=timeOnline HTTP/1.1" 200 19358 "-" "Mozilla/5.0 AppleWebKit/537.36 (KHTML, like Gecko; compatible; ClaudeBot/1.0; +claudebot@anthropic.com)"
216.73.216.135 - - [04/Apr/2026:01:33:29 -0400] "GET /status/online/gender/t,m/ethnicity/native,white/languages/afrikaans?sortOrder=mostViewed HTTP/1.1" 200 19659 "-" "Mozilla/5.0 AppleWebKit/537.36 (KHTML, like Gecko; compatible; ClaudeBot/1.0; +claudebot@anthropic.com)"
74.7.241.1 - - [04/Apr/2026:01:33:29 -0400] "GET /age/20-29/ethnicity/latest-news.php,latinas,black,asian,other,white,islander HTTP/1.1" 200 20630 "https://camjab.com/age/20-29/ethnicity/latest-news.php,latinas,black,native,asian,other,white,islander" "Mozilla/5.0 AppleWebKit/537.36 (KHTML, like Gecko; compatible; GPTBot/1.3; +https://openai.com/gptbot)"
216.73.216.135 - - [04/Apr/2026:01:33:29 -0400] "GET /status/offline/gender/t,c/ethnicity/latino/languages/Turkish?sortOrder=youngest HTTP/1.1" 200 19135 "-" "Mozilla/5.0 AppleWebKit/537.36 (KHTML, like Gecko; compatible; ClaudeBot/1.0; +claudebot@anthropic.com)"
216.73.216.135 - - [04/Apr/2026:01:33:29 -0400] "GET /status/offline,online/gender/f,t,m,c/languages/belarusian?sortOrder=mostViewed HTTP/1.1" 200 19656 "-" "Mozilla/5.0 AppleWebKit/537.36 (KHTML, like Gecko; compatible; ClaudeBot/1.0; +claudebot@anthropic.com)"
216.73.216.135 - - [04/Apr/2026:01:33:29 -0400] "GET /status/offline/gender/c,t/age/30-39,50-59/languages/Indonesian?sortOrder=mostViewed HTTP/1.1" 200 19568 "-" "Mozilla/5.0 AppleWebKit/537.36 (KHTML, like Gecko; compatible; ClaudeBot/1.0; +claudebot@anthropic.com)"
216.73.216.135 - - [04/Apr/2026:01:33:29 -0400] "GET /gender/f,m,t/age/60-100,20-29/languages/Scots?sortOrder=recent HTTP/1.1" 200 18998 "-" "Mozilla/5.0 AppleWebKit/537.36 (KHTML, like Gecko; compatible; ClaudeBot/1.0; +claudebot@anthropic.com)"
23.21.175.228 - - [04/Apr/2026:01:33:29 -0400] "GET /status/offline,online/gender/c,t,m,f/age/18-19,20-29/ethnicity/native,asian,east-indian,black,white HTTP/1.1" 200 22826 "-" "Mozilla/5.0 AppleWebKit/537.36 (KHTML, like Gecko; compatible; Amazonbot/0.1; +https://developer.amazon.com/support/amazonbot) Chrome/119.0.6045.214 Safari/537.36"
18.213.102.186 - - [04/Apr/2026:01:33:29 -0400] "GET /status/offline/gender/f,c/age/60-100,18-19/ethnicity/native,asian,white/languages/swedish HTTP/1.1" 200 21318 "-" "Mozilla/5.0 AppleWebKit/537.36 (KHTML, like Gecko; compatible; Amazonbot/0.1; +https://developer.amazon.com/support/amazonbot) Chrome/119.0.6045.214 Safari/537.36"
216.73.216.135 - - [04/Apr/2026:01:33:30 -0400] "GET /status/offline,online/age/50-59/ethnicity/white/languages/Albanian?sortOrder=name HTTP/1.1" 200 19370 "-" "Mozilla/5.0 AppleWebKit/537.36 (KHTML, like Gecko; compatible; ClaudeBot/1.0; +claudebot@anthropic.com)"
216.73.216.135 - - [04/Apr/2026:01:33:30 -0400] "GET /status/online,offline/gender/c/ethnicity/white,native/languages/Cambodian?sortOrder=mostViewed HTTP/1.1" 200 19871 "-" "Mozilla/5.0 AppleWebKit/537.36 (KHTML, like Gecko; compatible; ClaudeBot/1.0; +claudebot@anthropic.com)"
216.73.216.135 - - [04/Apr/2026:01:33:30 -0400] "GET /status/online/gender/f,c/age/30-39/languages/Ukrainian?sortOrder=youngest HTTP/1.1" 200 19062 "-" "Mozilla/5.0 AppleWebKit/537.36 (KHTML, like Gecko; compatible; ClaudeBot/1.0; +claudebot@anthropic.com)"
216.73.216.135 - - [04/Apr/2026:01:33:30 -0400] "GET /status/offline/gender/t,f,m/ethnicity/asian/languages/Cambodian?sortOrder=mostViewed HTTP/1.1" 200 19510 "-" "Mozilla/5.0 AppleWebKit/537.36 (KHTML, like Gecko; compatible; ClaudeBot/1.0; +claudebot@anthropic.com)"
216.73.216.135 - - [04/Apr/2026:01:33:30 -0400] "GET /status/online,offline/age/40-49/ethnicity/native,latinas/languages/Italian?sortOrder=recent HTTP/1.1" 200 19916 "-" "Mozilla/5.0 AppleWebKit/537.36 (KHTML, like Gecko; compatible; ClaudeBot/1.0; +claudebot@anthropic.com)"
74.7.241.25 - - [04/Apr/2026:01:33:30 -0400] "GET /age/40-49/ethnicity/east-indian,white,native,asian,black HTTP/1.1" 200 19647 "https://www.camjab.com/age/18-19,40-49/ethnicity/east-indian,white,native,asian,black" "Mozilla/5.0 AppleWebKit/537.36 (KHTML, like Gecko; compatible; GPTBot/1.3; +https://openai.com/gptbot)"
216.73.216.135 - - [04/Apr/2026:01:33:30 -0400] "GET /gender/m,t/age/20-29,50-59/languages/Albanian?sortOrder=leastViewed HTTP/1.1" 200 18787 "-" "Mozilla/5.0 AppleWebKit/537.36 (KHTML, like Gecko; compatible; ClaudeBot/1.0; +claudebot@anthropic.com)"
216.73.216.135 - - [04/Apr/2026:01:33:30 -0400] "GET /status/offline/gender/f,t/age/30-39,40-49/languages/Russian?sortOrder=youngest HTTP/1.1" 200 19457 "-" "Mozilla/5.0 AppleWebKit/537.36 (KHTML, like Gecko; compatible; ClaudeBot/1.0; +claudebot@anthropic.com)"
217.113.194.206 - - [04/Apr/2026:01:33:30 -0400] "GET /status/online/age/40-49,20-29,50-59,30-39,18-19/ethnicity/black,white,native HTTP/1.1" 200 20819 "-" "Mozilla/5.0 (compatible; Barkrowler/0.9; +https://babbar.tech/crawler)"
74.7.241.1 - - [04/Apr/2026:01:33:30 -0400] "GET /age/30-39/ethnicity/latest-news.php,black,east-indian,white,islander,other,asian HTTP/1.1" 200 20790 "https://camjab.com/age/30-39/ethnicity/latest-news.php,black,east-indian,white,islander,other,asian,native" "Mozilla/5.0 AppleWebKit/537.36 (KHTML, like Gecko; compatible; GPTBot/1.3; +https://openai.com/gptbot)"
216.73.216.135 - - [04/Apr/2026:01:33:30 -0400] "GET /gender/c,f,t/age/60-100,20-29/sites/1 HTTP/1.1" 200 18691 "-" "Mozilla/5.0 AppleWebKit/537.36 (KHTML, like Gecko; compatible; ClaudeBot/1.0; +claudebot@anthropic.com)"
216.73.216.135 - - [04/Apr/2026:01:33:30 -0400] "GET /gender/c,f/ethnicity/white,black,native/languages/Vietnamese?sortOrder=name HTTP/1.1" 200 19447 "-" "Mozilla/5.0 AppleWebKit/537.36 (KHTML, like Gecko; compatible; ClaudeBot/1.0; +claudebot@anthropic.com)"
17.241.227.252 - - [04/Apr/2026:01:33:30 -0400] "GET /core/ajax.loadModels.php?controller=router&tags%5B0%5D=smoking&gender%5B0%5D=t&age%5B0%5D=40-49&age%5B1%5D=30-39&age%5B2%5D=20-29 HTTP/1.1" 200 20948 "https://camjab.com/tags/smoking/gender/t/age/40-49,30-39,20-29" "Mozilla/5.0 (Macintosh; Intel Mac OS X 10_15_7) AppleWebKit/605.1.15 (KHTML, like Gecko) Version/17.4 Safari/605.1.15 (Applebot/0.1; +http://www.apple.com/go/applebot)"
216.73.216.135 - - [04/Apr/2026:01:33:30 -0400] "GET /gender/f,m/ethnicity/latinas,other/languages/Kashmiri HTTP/1.1" 200 18886 "-" "Mozilla/5.0 AppleWebKit/537.36 (KHTML, like Gecko; compatible; ClaudeBot/1.0; +claudebot@anthropic.com)"
216.73.216.135 - - [04/Apr/2026:01:33:30 -0400] "GET /status/offline/gender/t,m/ethnicity/black,asian/languages/serbian?sortOrder=mostViewed HTTP/1.1" 200 19589 "-" "Mozilla/5.0 AppleWebKit/537.36 (KHTML, like Gecko; compatible; ClaudeBot/1.0; +claudebot@anthropic.com)"
18.213.240.226 - - [04/Apr/2026:01:33:31 -0400] "GET /status/offline/gender/m,f/age/60-100,18-19/ethnicity/asian,white,east-indian,native,islander,black,latinas HTTP/1.1" 200 23074 "-" "Mozilla/5.0 AppleWebKit/537.36 (KHTML, like Gecko; compatible; Amazonbot/0.1; +https://developer.amazon.com/support/amazonbot) Chrome/119.0.6045.214 Safari/537.36"
216.73.216.135 - - [04/Apr/2026:01:33:31 -0400] "GET /status/offline,online/gender/t,m/age/30-39/languages/Swedish?sortOrder=name HTTP/1.1" 200 19479 "-" "Mozilla/5.0 AppleWebKit/537.36 (KHTML, like Gecko; compatible; ClaudeBot/1.0; +claudebot@anthropic.com)"
216.73.216.135 - - [04/Apr/2026:01:33:31 -0400] "GET /gender/f,c/age/20-29/ethnicity/native,asian/languages/Hindi?sortOrder=mostViewed HTTP/1.1" 200 19413 "-" "Mozilla/5.0 AppleWebKit/537.36 (KHTML, like Gecko; compatible; ClaudeBot/1.0; +claudebot@anthropic.com)"
216.73.216.135 - - [04/Apr/2026:01:33:31 -0400] "GET /status/online/gender/t,f/age/18-19/languages/Lithuanian?sortOrder=oldest HTTP/1.1" 200 19085 "-" "Mozilla/5.0 AppleWebKit/537.36 (KHTML, like Gecko; compatible; ClaudeBot/1.0; +claudebot@anthropic.com)"
216.73.216.135 - - [04/Apr/2026:01:33:31 -0400] "GET /status/offline,online/ethnicity/white,native,other,islander/languages/scots?sortOrder=leastViewed HTTP/1.1" 200 20228 "-" "Mozilla/5.0 AppleWebKit/537.36 (KHTML, like Gecko; compatible; ClaudeBot/1.0; +claudebot@anthropic.com)"
216.73.216.135 - - [04/Apr/2026:01:33:31 -0400] "GET /gender/t,f,c,m/age/60-100/languages/spanish?sortOrder=recent HTTP/1.1" 200 18938 "-" "Mozilla/5.0 AppleWebKit/537.36 (KHTML, like Gecko; compatible; ClaudeBot/1.0; +claudebot@anthropic.com)"
74.7.241.25 - - [04/Apr/2026:01:33:31 -0400] "GET /age/20-29/ethnicity/east-indian,asian,other,native,black HTTP/1.1" 200 19647 "https://www.camjab.com/age/20-29/ethnicity/east-indian,asian,other,native,black,islander" "Mozilla/5.0 AppleWebKit/537.36 (KHTML, like Gecko; compatible; GPTBot/1.3; +https://openai.com/gptbot)"
216.73.216.135 - - [04/Apr/2026:01:33:31 -0400] "GET /gender/m,f/ethnicity/white,asian/languages/japanese HTTP/1.1" 200 18814 "-" "Mozilla/5.0 AppleWebKit/537.36 (KHTML, like Gecko; compatible; ClaudeBot/1.0; +claudebot@anthropic.com)"
216.73.216.135 - - [04/Apr/2026:01:33:31 -0400] "GET /status/online/gender/f,m/ethnicity/native,white/languages/Slovak?sortOrder=name HTTP/1.1" 200 19541 "-" "Mozilla/5.0 AppleWebKit/537.36 (KHTML, like Gecko; compatible; ClaudeBot/1.0; +claudebot@anthropic.com)"
216.73.216.135 - - [04/Apr/2026:01:33:31 -0400] "GET /gender/c,t/age/18-19,40-49/languages/Lithuanian?sortOrder=oldest HTTP/1.1" 200 18850 "-" "Mozilla/5.0 AppleWebKit/537.36 (KHTML, like Gecko; compatible; ClaudeBot/1.0; +claudebot@anthropic.com)"
74.7.241.1 - - [04/Apr/2026:01:33:31 -0400] "GET /age/40-49/ethnicity/latest-news.php,east-indian,other,native,latinas,black,white HTTP/1.1" 200 20790 "https://camjab.com/age/40-49/ethnicity/latest-news.php,east-indian,other,native,islander,latinas,black,white" "Mozilla/5.0 AppleWebKit/537.36 (KHTML, like Gecko; compatible; GPTBot/1.3; +https://openai.com/gptbot)"
216.73.216.135 - - [04/Apr/2026:01:33:31 -0400] "GET /status/offline/gender/m,f/age/20-29,40-49/languages/Armenian?sortOrder=name HTTP/1.1" 200 19475 "-" "Mozilla/5.0 AppleWebKit/537.36 (KHTML, like Gecko; compatible; ClaudeBot/1.0; +claudebot@anthropic.com)"
216.73.216.135 - - [04/Apr/2026:01:33:31 -0400] "GET /status/offline,online/age/50-59/ethnicity/black/languages/vietnamese?sortOrder=name HTTP/1.1" 200 19438 "-" "Mozilla/5.0 AppleWebKit/537.36 (KHTML, like Gecko; compatible; ClaudeBot/1.0; +claudebot@anthropic.com)"
216.73.216.135 - - [04/Apr/2026:01:33:31 -0400] "GET /gender/c,m/age/18-19/ethnicity/latino/languages/Maltese?sortOrder=mostViewed HTTP/1.1" 200 18983 "-" "Mozilla/5.0 AppleWebKit/537.36 (KHTML, like Gecko; compatible; ClaudeBot/1.0; +claudebot@anthropic.com)"
216.73.216.135 - - [04/Apr/2026:01:33:32 -0400] "GET /gender/m,c,t/ethnicity/white/languages/turkish?sortOrder=timeOnline HTTP/1.1" 200 18735 "-" "Mozilla/5.0 AppleWebKit/537.36 (KHTML, like Gecko; compatible; ClaudeBot/1.0; +claudebot@anthropic.com)"
216.73.216.135 - - [04/Apr/2026:01:33:32 -0400] "GET /gender/t,m/ethnicity/other/languages/Estonian?sortOrder=youngest HTTP/1.1" 200 18471 "-" "Mozilla/5.0 AppleWebKit/537.36 (KHTML, like Gecko; compatible; ClaudeBot/1.0; +claudebot@anthropic.com)"
44.206.65.8 - - [04/Apr/2026:01:33:32 -0400] "GET /status/offline/gender/f,m,c/age/60-100,20-29,18-19/ethnicity/east-indian,islander,native/languages/hindi HTTP/1.1" 200 22452 "-" "Mozilla/5.0 AppleWebKit/537.36 (KHTML, like Gecko; compatible; Amazonbot/0.1; +https://developer.amazon.com/support/amazonbot) Chrome/119.0.6045.214 Safari/537.36"
216.73.216.135 - - [04/Apr/2026:01:33:32 -0400] "GET /gender/c,m,f/ethnicity/black/languages/Georgian?sortOrder=youngest HTTP/1.1" 200 18768 "-" "Mozilla/5.0 AppleWebKit/537.36 (KHTML, like Gecko; compatible; ClaudeBot/1.0; +claudebot@anthropic.com)"
216.73.216.135 - - [04/Apr/2026:01:33:32 -0400] "GET /status/offline/gender/f,m,c/age/18-19/languages/icelandic?sortOrder=name HTTP/1.1" 200 19380 "-" "Mozilla/5.0 AppleWebKit/537.36 (KHTML, like Gecko; compatible; ClaudeBot/1.0; +claudebot@anthropic.com)"
216.73.216.135 - - [04/Apr/2026:01:33:32 -0400] "GET /status/offline/gender/t,m/age/18-19,20-29/languages/estonian?sortOrder=mostViewed HTTP/1.1" 200 19488 "-" "Mozilla/5.0 AppleWebKit/537.36 (KHTML, like Gecko; compatible; ClaudeBot/1.0; +claudebot@anthropic.com)"
216.73.216.135 - - [04/Apr/2026:01:33:32 -0400] "GET /gender/m,t,c/ethnicity/black/languages/faeroese?sortOrder=name HTTP/1.1" 200 18751 "-" "Mozilla/5.0 AppleWebKit/537.36 (KHTML, like Gecko; compatible; ClaudeBot/1.0; +claudebot@anthropic.com)"
74.7.241.25 - - [04/Apr/2026:01:33:32 -0400] "GET /age/18-19,60-100/ethnicity/east-indian,native,black,white,asian HTTP/1.1" 200 20137 "https://www.camjab.com/age/18-19/ethnicity/east-indian,native,black,white,asian" "Mozilla/5.0 AppleWebKit/537.36 (KHTML, like Gecko; compatible; GPTBot/1.3; +https://openai.com/gptbot)"
216.73.216.135 - - [04/Apr/2026:01:33:32 -0400] "GET /gender/f,t/ethnicity/black,asian/languages/Danish?sortOrder=recent HTTP/1.1" 200 18844 "-" "Mozilla/5.0 AppleWebKit/537.36 (KHTML, like Gecko; compatible; ClaudeBot/1.0; +claudebot@anthropic.com)"
216.73.216.135 - - [04/Apr/2026:01:33:32 -0400] "GET /gender/m,t,c/age/50-59/languages/icelandic?sortOrder=recent HTTP/1.1" 200 18680 "-" "Mozilla/5.0 AppleWebKit/537.36 (KHTML, like Gecko; compatible; ClaudeBot/1.0; +claudebot@anthropic.com)"
216.73.216.135 - - [04/Apr/2026:01:33:32 -0400] "GET /gender/m,c/age/40-49/ethnicity/latino/languages/Slovak?sortOrder=recent HTTP/1.1" 200 18937 "-" "Mozilla/5.0 AppleWebKit/537.36 (KHTML, like Gecko; compatible; ClaudeBot/1.0; +claudebot@anthropic.com)"
74.7.241.1 - - [04/Apr/2026:01:33:32 -0400] "GET /age/18-19/ethnicity/latest-news.php,black,other,asian,white,islander,east-indian HTTP/1.1" 200 20790 "https://camjab.com/age/18-19/ethnicity/latest-news.php,black,other,native,asian,white,islander,east-indian" "Mozilla/5.0 AppleWebKit/537.36 (KHTML, like Gecko; compatible; GPTBot/1.3; +https://openai.com/gptbot)"
216.73.216.135 - - [04/Apr/2026:01:33:32 -0400] "GET /gender/m,c/age/40-49/ethnicity/white,native/languages/belarusian?sortOrder=name HTTP/1.1" 200 19560 "-" "Mozilla/5.0 AppleWebKit/537.36 (KHTML, like Gecko; compatible; ClaudeBot/1.0; +claudebot@anthropic.com)"
216.73.216.135 - - [04/Apr/2026:01:33:32 -0400] "GET /status/offline/gender/m,f,c/age/60-100/languages/Albanian?sortOrder=oldest HTTP/1.1" 200 19388 "-" "Mozilla/5.0 AppleWebKit/537.36 (KHTML, like Gecko; compatible; ClaudeBot/1.0; +claudebot@anthropic.com)"
216.73.216.135 - - [04/Apr/2026:01:33:33 -0400] "GET /gender/f,m/ethnicity/white,other/sites/3?sortOrder=youngest HTTP/1.1" 200 18595 "-" "Mozilla/5.0 AppleWebKit/537.36 (KHTML, like Gecko; compatible; ClaudeBot/1.0; +claudebot@anthropic.com)"
216.73.216.135 - - [04/Apr/2026:01:33:33 -0400] "GET /status/offline/gender/t,m,f/age/60-100/languages/Kazakh?sortOrder=recent HTTP/1.1" 200 19313 "-" "Mozilla/5.0 AppleWebKit/537.36 (KHTML, like Gecko; compatible; ClaudeBot/1.0; +claudebot@anthropic.com)"
216.73.216.135 - - [04/Apr/2026:01:33:33 -0400] "GET /status/offline,online/age/18-19,50-59,40-49/languages/Kurdish?sortOrder=leastViewed HTTP/1.1" 200 19554 "-" "Mozilla/5.0 AppleWebKit/537.36 (KHTML, like Gecko; compatible; ClaudeBot/1.0; +claudebot@anthropic.com)"
216.73.216.135 - - [04/Apr/2026:01:33:33 -0400] "GET /gender/t,c/age/60-100/ethnicity/white/languages/greek?sortOrder=mostViewed HTTP/1.1" 200 18957 "-" "Mozilla/5.0 AppleWebKit/537.36 (KHTML, like Gecko; compatible; ClaudeBot/1.0; +claudebot@anthropic.com)"
144.76.32.187 - - [04/Apr/2026:01:33:33 -0400] "GET /gender/t,m/sites/11 HTTP/1.1" 200 17517 "-" "Mozilla/5.0 (compatible; SERankingBacklinksBot/1.0; +https://seranking.com/backlinks-crawler)"
216.73.216.135 - - [04/Apr/2026:01:33:33 -0400] "GET /gender/t,m/age/50-59,30-39/languages/indonesian HTTP/1.1" 200 18747 "-" "Mozilla/5.0 AppleWebKit/537.36 (KHTML, like Gecko; compatible; ClaudeBot/1.0; +claudebot@anthropic.com)"
216.73.216.135 - - [04/Apr/2026:01:33:33 -0400] "GET /status/offline/gender/c,m/age/20-29,60-100/languages/kazakh?sortOrder=mostViewed HTTP/1.1" 200 19460 "-" "Mozilla/5.0 AppleWebKit/537.36 (KHTML, like Gecko; compatible; ClaudeBot/1.0; +claudebot@anthropic.com)"
216.73.216.135 - - [04/Apr/2026:01:33:33 -0400] "GET /gender/f,t,m/ethnicity/white/languages/Polish?sortOrder=youngest HTTP/1.1" 200 18695 "-" "Mozilla/5.0 AppleWebKit/537.36 (KHTML, like Gecko; compatible; ClaudeBot/1.0; +claudebot@anthropic.com)"
216.73.216.135 - - [04/Apr/2026:01:33:33 -0400] "GET /status/offline,online/gender/c/ethnicity/white/languages/Hungarian?sortOrder=timeOnline HTTP/1.1" 200 19370 "-" "Mozilla/5.0 AppleWebKit/537.36 (KHTML, like Gecko; compatible; ClaudeBot/1.0; +claudebot@anthropic.com)"
216.73.216.135 - - [04/Apr/2026:01:33:33 -0400] "GET /gender/c,f/ethnicity/other,native,asian/languages/romanian HTTP/1.1" 200 19290 "-" "Mozilla/5.0 AppleWebKit/537.36 (KHTML, like Gecko; compatible; ClaudeBot/1.0; +claudebot@anthropic.com)"
74.7.241.1 - - [04/Apr/2026:01:33:33 -0400] "GET /age/50-59/ethnicity/latest-news.php,latinas,white,other,islander,black,asian HTTP/1.1" 200 20630 "https://camjab.com/age/50-59/ethnicity/latest-news.php,latinas,white,east-indian,other,islander,black,asian" "Mozilla/5.0 AppleWebKit/537.36 (KHTML, like Gecko; compatible; GPTBot/1.3; +https://openai.com/gptbot)"
216.73.216.135 - - [04/Apr/2026:01:33:33 -0400] "GET /status/offline/gender/f,m/ethnicity/black,asian/languages/Bulgarian HTTP/1.1" 200 19559 "-" "Mozilla/5.0 AppleWebKit/537.36 (KHTML, like Gecko; compatible; ClaudeBot/1.0; +claudebot@anthropic.com)"
23.21.228.180 - - [04/Apr/2026:01:33:33 -0400] "GET /status/offline,online/gender/t,m,f/age/20-29,50-59,18-19/ethnicity/native,white,islander,east-indian,asian/languages/chinese HTTP/1.1" 200 23903 "-" "Mozilla/5.0 AppleWebKit/537.36 (KHTML, like Gecko; compatible; Amazonbot/0.1; +https://developer.amazon.com/support/amazonbot) Chrome/119.0.6045.214 Safari/537.36"
217.113.194.13 - - [04/Apr/2026:01:33:33 -0400] "GET /status/online/gender/f,m/age/50-59/ethnicity/white,islander/languages/serbian HTTP/1.1" 200 20353 "-" "Mozilla/5.0 (compatible; Barkrowler/0.9; +https://babbar.tech/crawler)"
216.73.216.135 - - [04/Apr/2026:01:33:33 -0400] "GET /status/online,offline/gender/m/ethnicity/other,native/languages/Romanian?sortOrder=mostViewed HTTP/1.1" 200 19826 "-" "Mozilla/5.0 AppleWebKit/537.36 (KHTML, like Gecko; compatible; ClaudeBot/1.0; +claudebot@anthropic.com)"
18.213.102.186 - - [04/Apr/2026:01:33:34 -0400] "GET /status/offline,online/gender/m,f/age/60-100,20-29,50-59/ethnicity/native,black,east-indian,asian,islander HTTP/1.1" 200 23031 "-" "Mozilla/5.0 AppleWebKit/537.36 (KHTML, like Gecko; compatible; Amazonbot/0.1; +https://developer.amazon.com/support/amazonbot) Chrome/119.0.6045.214 Safari/537.36"
74.7.241.25 - - [04/Apr/2026:01:33:34 -0400] "GET /status/offline/age/30-39/ethnicity/east-indian,native,other,white,black HTTP/1.1" 200 20396 "https://www.camjab.com/age/30-39/ethnicity/east-indian,native,other,white,black" "Mozilla/5.0 AppleWebKit/537.36 (KHTML, like Gecko; compatible; GPTBot/1.3; +https://openai.com/gptbot)"
216.73.216.135 - - [04/Apr/2026:01:33:34 -0400] "GET /gender/c,t,f/age/40-49/ethnicity/native/languages/hindi?sortOrder=oldest HTTP/1.1" 200 19247 "-" "Mozilla/5.0 AppleWebKit/537.36 (KHTML, like Gecko; compatible; ClaudeBot/1.0; +claudebot@anthropic.com)"
216.73.216.135 - - [04/Apr/2026:01:33:34 -0400] "GET /status/offline,online/gender/m/ethnicity/islander,white/languages/Croatian HTTP/1.1" 200 19795 "-" "Mozilla/5.0 AppleWebKit/537.36 (KHTML, like Gecko; compatible; ClaudeBot/1.0; +claudebot@anthropic.com)"
216.73.216.135 - - [04/Apr/2026:01:33:34 -0400] "GET /status/offline/gender/m,t/age/30-39,20-29/languages/Portuguese HTTP/1.1" 200 19453 "-" "Mozilla/5.0 AppleWebKit/537.36 (KHTML, like Gecko; compatible; ClaudeBot/1.0; +claudebot@anthropic.com)"
216.73.216.135 - - [04/Apr/2026:01:33:34 -0400] "GET /gender/m,f,t/age/50-59/languages/kazakh?sortOrder=recent HTTP/1.1" 200 18578 "-" "Mozilla/5.0 AppleWebKit/537.36 (KHTML, like Gecko; compatible; ClaudeBot/1.0; +claudebot@anthropic.com)"
216.73.216.135 - - [04/Apr/2026:01:33:34 -0400] "GET /status/online,offline/gender/m/age/20-29/languages/Korean?sortOrder=name HTTP/1.1" 200 19129 "-" "Mozilla/5.0 AppleWebKit/537.36 (KHTML, like Gecko; compatible; ClaudeBot/1.0; +claudebot@anthropic.com)"
216.73.216.135 - - [04/Apr/2026:01:33:34 -0400] "GET /status/online,offline/ethnicity/other,native,islander/languages/Korean?sortOrder=leastViewed HTTP/1.1" 200 19810 "-" "Mozilla/5.0 AppleWebKit/537.36 (KHTML, like Gecko; compatible; ClaudeBot/1.0; +claudebot@anthropic.com)"
216.73.216.135 - - [04/Apr/2026:01:33:34 -0400] "GET /status/offline/gender/t,c,f,m/languages/italian?sortOrder=oldest HTTP/1.1" 200 19059 "-" "Mozilla/5.0 AppleWebKit/537.36 (KHTML, like Gecko; compatible; ClaudeBot/1.0; +claudebot@anthropic.com)"
216.73.216.135 - - [04/Apr/2026:01:33:34 -0400] "GET /gender/c,m,f/ethnicity/black/languages/slovak?sortOrder=name HTTP/1.1" 200 18688 "-" "Mozilla/5.0 AppleWebKit/537.36 (KHTML, like Gecko; compatible; ClaudeBot/1.0; +claudebot@anthropic.com)"
74.7.241.1 - - [04/Apr/2026:01:33:34 -0400] "GET /age/20-29/ethnicity/latest-news.php,islander,white,native,other,black,east-indian HTTP/1.1" 200 20830 "https://camjab.com/age/20-29/ethnicity/latest-news.php,islander,white,native,other,black,east-indian,latinas" "Mozilla/5.0 AppleWebKit/537.36 (KHTML, like Gecko; compatible; GPTBot/1.3; +https://openai.com/gptbot)"
216.73.216.135 - - [04/Apr/2026:01:33:34 -0400] "GET /status/offline/gender/t,c,f/age/30-39/languages/Croatian?sortOrder=youngest HTTP/1.1" 200 19362 "-" "Mozilla/5.0 AppleWebKit/537.36 (KHTML, like Gecko; compatible; ClaudeBot/1.0; +claudebot@anthropic.com)"
216.73.216.135 - - [04/Apr/2026:01:33:34 -0400] "GET /status/online/gender/c,f/hair/age/ethnicity/other HTTP/1.1" 200 19426 "-" "Mozilla/5.0 AppleWebKit/537.36 (KHTML, like Gecko; compatible; ClaudeBot/1.0; +claudebot@anthropic.com)"
216.73.216.135 - - [04/Apr/2026:01:33:34 -0400] "GET /status/offline/gender/c,t/ethnicity/other,white/languages/turkish?sortOrder=recent HTTP/1.1" 200 19587 "-" "Mozilla/5.0 AppleWebKit/537.36 (KHTML, like Gecko; compatible; ClaudeBot/1.0; +claudebot@anthropic.com)"
74.7.241.25 - - [04/Apr/2026:01:33:35 -0400] "GET /age/50-59/ethnicity/other,black,east-indian,native,asian,white HTTP/1.1" 200 20097 "https://www.camjab.com/age/50-59/ethnicity/other,black,east-indian,native,asian" "Mozilla/5.0 AppleWebKit/537.36 (KHTML, like Gecko; compatible; GPTBot/1.3; +https://openai.com/gptbot)"
216.73.216.135 - - [04/Apr/2026:01:33:35 -0400] "GET /status/offline/gender/m,f,c/ethnicity/islander/sites/1?sortOrder=youngest HTTP/1.1" 200 19256 "-" "Mozilla/5.0 AppleWebKit/537.36 (KHTML, like Gecko; compatible; ClaudeBot/1.0; +claudebot@anthropic.com)"
216.73.216.135 - - [04/Apr/2026:01:33:35 -0400] "GET /status/offline/gender/f,c/age/18-19,60-100/languages/Spanish?sortOrder=oldest HTTP/1.1" 200 19493 "-" "Mozilla/5.0 AppleWebKit/537.36 (KHTML, like Gecko; compatible; ClaudeBot/1.0; +claudebot@anthropic.com)"
216.73.216.135 - - [04/Apr/2026:01:33:35 -0400] "GET /status/offline/gender/m,f,c/age/50-59/languages/danish?sortOrder=youngest HTTP/1.1" 200 19287 "-" "Mozilla/5.0 AppleWebKit/537.36 (KHTML, like Gecko; compatible; ClaudeBot/1.0; +claudebot@anthropic.com)"
100.28.49.152 - - [04/Apr/2026:01:33:35 -0400] "GET /status/online,offline/gender/f,c,t,m/age/50-59,20-29/ethnicity/islander,east-indian,white/languages/thai HTTP/1.1" 200 22747 "-" "Mozilla/5.0 AppleWebKit/537.36 (KHTML, like Gecko; compatible; Amazonbot/0.1; +https://developer.amazon.com/support/amazonbot) Chrome/119.0.6045.214 Safari/537.36"
216.73.216.135 - - [04/Apr/2026:01:33:35 -0400] "GET /gender/f,c/age/18-19/ethnicity/native,white/languages/Dutch?sortOrder=timeOnline HTTP/1.1" 200 19413 "-" "Mozilla/5.0 AppleWebKit/537.36 (KHTML, like Gecko; compatible; ClaudeBot/1.0; +claudebot@anthropic.com)"
216.73.216.135 - - [04/Apr/2026:01:33:35 -0400] "GET /status/offline/gender/t,c,m/ethnicity/islander,native/languages/Cambodian HTTP/1.1" 200 20024 "-" "Mozilla/5.0 AppleWebKit/537.36 (KHTML, like Gecko; compatible; ClaudeBot/1.0; +claudebot@anthropic.com)"
216.73.216.135 - - [04/Apr/2026:01:33:35 -0400] "GET /gender/f,m/ethnicity/native,white,other/languages/Ukrainian HTTP/1.1" 200 19315 "-" "Mozilla/5.0 AppleWebKit/537.36 (KHTML, like Gecko; compatible; ClaudeBot/1.0; +claudebot@anthropic.com)"
216.73.216.135 - - [04/Apr/2026:01:33:35 -0400] "GET /status/online/gender/c,t,m/languages/english?sortOrder=name HTTP/1.1" 200 18723 "-" "Mozilla/5.0 AppleWebKit/537.36 (KHTML, like Gecko; compatible; ClaudeBot/1.0; +claudebot@anthropic.com)"
216.73.216.135 - - [04/Apr/2026:01:33:35 -0400] "GET /gender/m,f,t/age/40-49/ethnicity/native/languages/scots?sortOrder=youngest HTTP/1.1" 200 19243 "-" "Mozilla/5.0 AppleWebKit/537.36 (KHTML, like Gecko; compatible; ClaudeBot/1.0; +claudebot@anthropic.com)"
74.7.241.1 - - [04/Apr/2026:01:33:35 -0400] "GET /age/30-39/ethnicity/latest-news.php,east-indian,native,black,other,latinas,white HTTP/1.1" 200 20790 "https://camjab.com/age/30-39/ethnicity/latest-news.php,islander,east-indian,native,black,other,latinas,white" "Mozilla/5.0 AppleWebKit/537.36 (KHTML, like Gecko; compatible; GPTBot/1.3; +https://openai.com/gptbot)"
216.73.216.135 - - [04/Apr/2026:01:33:35 -0400] "GET /gender/t,f/age/18-19/ethnicity/black,native/languages/Spanish?sortOrder=recent HTTP/1.1" 200 19466 "-" "Mozilla/5.0 AppleWebKit/537.36 (KHTML, like Gecko; compatible; ClaudeBot/1.0; +claudebot@anthropic.com)"
216.73.216.135 - - [04/Apr/2026:01:33:35 -0400] "GET /status/offline,online/gender/c/ethnicity/native,islander/languages/kurdish?sortOrder=name HTTP/1.1" 200 19894 "-" "Mozilla/5.0 AppleWebKit/537.36 (KHTML, like Gecko; compatible; ClaudeBot/1.0; +claudebot@anthropic.com)"
216.73.216.135 - - [04/Apr/2026:01:33:35 -0400] "GET /gender/c,f,m,t/age/60-100/languages/Estonian?sortOrder=mostViewed HTTP/1.1" 200 18985 "-" "Mozilla/5.0 AppleWebKit/537.36 (KHTML, like Gecko; compatible; ClaudeBot/1.0; +claudebot@anthropic.com)"
74.7.241.25 - - [04/Apr/2026:01:33:36 -0400] "GET /age/50-59/ethnicity/asian,other,black,east-indian,native,islander HTTP/1.1" 200 20214 "https://www.camjab.com/age/50-59/ethnicity/asian,other,black,east-indian,native" "Mozilla/5.0 AppleWebKit/537.36 (KHTML, like Gecko; compatible; GPTBot/1.3; +https://openai.com/gptbot)"
216.73.216.135 - - [04/Apr/2026:01:33:36 -0400] "GET /gender/t,m,c,f/age/20-29/languages/Kazakh HTTP/1.1" 200 18773 "-" "Mozilla/5.0 AppleWebKit/537.36 (KHTML, like Gecko; compatible; ClaudeBot/1.0; +claudebot@anthropic.com)"
216.73.216.135 - - [04/Apr/2026:01:33:36 -0400] "GET /gender/c,f/ethnicity/black,native,latinas/languages/hindi?sortOrder=mostViewed HTTP/1.1" 200 19364 "-" "Mozilla/5.0 AppleWebKit/537.36 (KHTML, like Gecko; compatible; ClaudeBot/1.0; +claudebot@anthropic.com)"
216.73.216.135 - - [04/Apr/2026:01:33:36 -0400] "GET /gender/m,f/age/30-39/ethnicity/native,islander/languages/Hebrew?sortOrder=timeOnline HTTP/1.1" 200 19549 "-" "Mozilla/5.0 AppleWebKit/537.36 (KHTML, like Gecko; compatible; ClaudeBot/1.0; +claudebot@anthropic.com)"
54.89.90.224 - - [04/Apr/2026:01:33:36 -0400] "GET /status/offline,online/gender/t,m,f,c/age/20-29/ethnicity/islander,white,east-indian,native,latinas/languages/vietnamese?sortOrder=recent HTTP/1.1" 200 23751 "-" "Mozilla/5.0 AppleWebKit/537.36 (KHTML, like Gecko; compatible; Amazonbot/0.1; +https://developer.amazon.com/support/amazonbot) Chrome/119.0.6045.214 Safari/537.36"
216.73.216.135 - - [04/Apr/2026:01:33:36 -0400] "GET /gender/t,c,m,f/age/60-100/languages/Estonian?sortOrder=mostViewed HTTP/1.1" 200 18985 "-" "Mozilla/5.0 AppleWebKit/537.36 (KHTML, like Gecko; compatible; ClaudeBot/1.0; +claudebot@anthropic.com)"
216.73.216.135 - - [04/Apr/2026:01:33:36 -0400] "GET /status/offline/gender/c,m/ethnicity/other,islander/languages/armenian?sortOrder=mostViewed HTTP/1.1" 200 19740 "-" "Mozilla/5.0 AppleWebKit/537.36 (KHTML, like Gecko; compatible; ClaudeBot/1.0; +claudebot@anthropic.com)"
216.73.216.135 - - [04/Apr/2026:01:33:36 -0400] "GET /status/offline,online/age/50-59,18-19/ethnicity/native/languages/vietnamese HTTP/1.1" 200 19835 "-" "Mozilla/5.0 AppleWebKit/537.36 (KHTML, like Gecko; compatible; ClaudeBot/1.0; +claudebot@anthropic.com)"
216.73.216.135 - - [04/Apr/2026:01:33:36 -0400] "GET /gender/f,t,m,c/age/50-59/languages/Kashmiri?sortOrder=mostViewed HTTP/1.1" 200 18948 "-" "Mozilla/5.0 AppleWebKit/537.36 (KHTML, like Gecko; compatible; ClaudeBot/1.0; +claudebot@anthropic.com)"
216.73.216.135 - - [04/Apr/2026:01:33:36 -0400] "GET /status/offline/gender/m,t,c/age/30-39/languages/Danish?sortOrder=youngest HTTP/1.1" 200 19282 "-" "Mozilla/5.0 AppleWebKit/537.36 (KHTML, like Gecko; compatible; ClaudeBot/1.0; +claudebot@anthropic.com)"
74.7.241.1 - - [04/Apr/2026:01:33:36 -0400] "GET /age/30-39/ethnicity/latest-news.php,islander,latinas,asian,native,other,black HTTP/1.1" 200 20670 "https://camjab.com/age/30-39/ethnicity/latest-news.php,islander,latinas,east-indian,asian,native,other,black" "Mozilla/5.0 AppleWebKit/537.36 (KHTML, like Gecko; compatible; GPTBot/1.3; +https://openai.com/gptbot)"
216.73.216.135 - - [04/Apr/2026:01:33:36 -0400] "GET /gender/m,f/age/18-19/ethnicity/white,native/languages/Afrikaans?sortOrder=mostViewed HTTP/1.1" 200 19543 "-" "Mozilla/5.0 AppleWebKit/537.36 (KHTML, like Gecko; compatible; ClaudeBot/1.0; +claudebot@anthropic.com)"
216.73.216.135 - - [04/Apr/2026:01:33:36 -0400] "GET /gender/f,t,c/ethnicity/islander/languages/Cambodian?sortOrder=oldest HTTP/1.1" 200 18909 "-" "Mozilla/5.0 AppleWebKit/537.36 (KHTML, like Gecko; compatible; ClaudeBot/1.0; +claudebot@anthropic.com)"
216.73.216.135 - - [04/Apr/2026:01:33:36 -0400] "GET /status/offline,online/gender/c,t/age/60-100/languages/Albanian?sortOrder=mostViewed HTTP/1.1" 200 19579 "-" "Mozilla/5.0 AppleWebKit/537.36 (KHTML, like Gecko; compatible; ClaudeBot/1.0; +claudebot@anthropic.com)"
216.73.216.135 - - [04/Apr/2026:01:33:37 -0400] "GET /status/offline,online/age/40-49/ethnicity/white,other/languages/Malay?sortOrder=recent HTTP/1.1" 200 19735 "-" "Mozilla/5.0 AppleWebKit/537.36 (KHTML, like Gecko; compatible; ClaudeBot/1.0; +claudebot@anthropic.com)"
74.7.241.25 - - [04/Apr/2026:01:33:37 -0400] "GET /age/20-29/ethnicity/black,white,asian,native,east-indian,other HTTP/1.1" 200 20097 "https://www.camjab.com/age/20-29/ethnicity/black,white,asian,native,east-indian" "Mozilla/5.0 AppleWebKit/537.36 (KHTML, like Gecko; compatible; GPTBot/1.3; +https://openai.com/gptbot)"
216.73.216.135 - - [04/Apr/2026:01:33:37 -0400] "GET /gender/m,c/age/50-59,40-49/languages/Chinese?sortOrder=timeOnline HTTP/1.1" 200 18755 "-" "Mozilla/5.0 AppleWebKit/537.36 (KHTML, like Gecko; compatible; ClaudeBot/1.0; +claudebot@anthropic.com)"
54.204.62.163 - - [04/Apr/2026:01:33:37 -0400] "GET /status/online,offline/gender/f,c,t,m/age/20-29/ethnicity/white,asian,native,black,latinas/languages/hindi HTTP/1.1" 200 22816 "-" "Mozilla/5.0 AppleWebKit/537.36 (KHTML, like Gecko; compatible; Amazonbot/0.1; +https://developer.amazon.com/support/amazonbot) Chrome/119.0.6045.214 Safari/537.36"
74.7.241.1 - - [04/Apr/2026:01:33:37 -0400] "GET /age/18-19/ethnicity/latest-news.php,other,white,black,islander,east-indian,asian HTTP/1.1" 200 20790 "https://camjab.com/age/18-19/ethnicity/latest-news.php,other,white,black,islander,east-indian,latinas,asian" "Mozilla/5.0 AppleWebKit/537.36 (KHTML, like Gecko; compatible; GPTBot/1.3; +https://openai.com/gptbot)"
52.45.194.165 - - [04/Apr/2026:01:33:37 -0400] "GET /status/offline,online/gender/m,f,c,t/age/18-19,30-39,20-29/ethnicity/islander,native,asian,white HTTP/1.1" 200 22924 "-" "Mozilla/5.0 AppleWebKit/537.36 (KHTML, like Gecko; compatible; Amazonbot/0.1; +https://developer.amazon.com/support/amazonbot) Chrome/119.0.6045.214 Safari/537.36"
17.22.245.112 - - [04/Apr/2026:01:33:38 -0400] "GET /age/18-19,30-39/sites/3 HTTP/1.1" 200 17826 "-" "Mozilla/5.0 (Macintosh; Intel Mac OS X 10_15_7) AppleWebKit/605.1.15 (KHTML, like Gecko) Version/17.4 Safari/605.1.15 (Applebot/0.1; +http://www.apple.com/go/applebot)"
74.7.241.25 - - [04/Apr/2026:01:33:38 -0400] "GET /age/30-39/ethnicity/east-indian,native,other,white,black,asian HTTP/1.1" 200 20097 "https://www.camjab.com/age/30-39/ethnicity/east-indian,native,other,white,black" "Mozilla/5.0 AppleWebKit/537.36 (KHTML, like Gecko; compatible; GPTBot/1.3; +https://openai.com/gptbot)"
17.246.15.51 - - [04/Apr/2026:01:33:34 -0400] "GET /core/ajax.loadModels.php?controller=router&gender%5B0%5D=m&gender%5B1%5D=c&age%5B0%5D=30-39&ethnicity%5B0%5D=native&ethnicity%5B1%5D=other&ethnicity%5B2%5D=black&languages%5B0%5D=english HTTP/1.1" 200 182 "https://camjab.com/gender/m,c/age/30-39/ethnicity/native,other,black/languages/english" "Mozilla/5.0 (Macintosh; Intel Mac OS X 10_15_7) AppleWebKit/605.1.15 (KHTML, like Gecko) Version/17.4 Safari/605.1.15 (Applebot/0.1; +http://www.apple.com/go/applebot)"
74.7.241.1 - - [04/Apr/2026:01:33:38 -0400] "GET /age/30-39/ethnicity/latest-news.php,black,asian,east-indian,islander,other,white HTTP/1.1" 200 20790 "https://camjab.com/age/30-39/ethnicity/latest-news.php,black,asian,native,east-indian,islander,other,white" "Mozilla/5.0 AppleWebKit/537.36 (KHTML, like Gecko; compatible; GPTBot/1.3; +https://openai.com/gptbot)"
74.7.241.25 - - [04/Apr/2026:01:33:39 -0400] "GET /age/50-59/ethnicity/asian,other,black,east-indian,native,white HTTP/1.1" 200 20097 "https://www.camjab.com/age/50-59/ethnicity/asian,other,black,east-indian,native" "Mozilla/5.0 AppleWebKit/537.36 (KHTML, like Gecko; compatible; GPTBot/1.3; +https://openai.com/gptbot)"
3.94.156.104 - - [04/Apr/2026:01:33:39 -0400] "GET /status/offline,online/gender/m,c,f/age/50-59,60-100,20-29,30-39/ethnicity/native,east-indian,asian/sites/1 HTTP/1.1" 200 23141 "-" "Mozilla/5.0 AppleWebKit/537.36 (KHTML, like Gecko; compatible; Amazonbot/0.1; +https://developer.amazon.com/support/amazonbot) Chrome/119.0.6045.214 Safari/537.36"
17.22.253.77 - - [04/Apr/2026:01:33:39 -0400] "GET /status/offline/age/60-100/ethnicity/other,asian,native,east-indian/languages/english HTTP/1.1" 200 20425 "-" "Mozilla/5.0 (Macintosh; Intel Mac OS X 10_15_7) AppleWebKit/605.1.15 (KHTML, like Gecko) Version/17.4 Safari/605.1.15 (Applebot/0.1; +http://www.apple.com/go/applebot)"
144.76.32.187 - - [04/Apr/2026:01:33:39 -0400] "GET /gender/t/age/18-19/ HTTP/1.1" 200 17367 "-" "Mozilla/5.0 (compatible; SERankingBacklinksBot/1.0; +https://seranking.com/backlinks-crawler)"
74.7.241.1 - - [04/Apr/2026:01:33:39 -0400] "GET /age/18-19/ethnicity/latest-news.php,asian,other,black,islander,latinas HTTP/1.1" 200 20164 "https://camjab.com/age/18-19/ethnicity/latest-news.php,asian,east-indian,other,black,islander,latinas" "Mozilla/5.0 AppleWebKit/537.36 (KHTML, like Gecko; compatible; GPTBot/1.3; +https://openai.com/gptbot)"
52.73.6.26 - - [04/Apr/2026:01:33:40 -0400] "GET /status/offline,online/gender/c,m,f,t/age/60-100,18-19/ethnicity/asian,latinas,islander,white,native,east-indian/languages/hindi HTTP/1.1" 200 24595 "-" "Mozilla/5.0 AppleWebKit/537.36 (KHTML, like Gecko; compatible; Amazonbot/0.1; +https://developer.amazon.com/support/amazonbot) Chrome/119.0.6045.214 Safari/537.36"
74.7.241.1 - - [04/Apr/2026:01:33:40 -0400] "GET /core/ajax.loadModels.php?age%5B0%5D=50-59&controller=router&ethnicity%5B0%5D=other&ethnicity%5B1%5D=latinas&ethnicity%5B2%5D=east-indian&ethnicity%5B3%5D=black&ethnicity%5B4%5D=white&ethnicity%5B5%5D=native HTTP/1.1" 200 182 "https://camjab.com/age/50-59/ethnicity/other,latinas,east-indian,black,white,native" "Mozilla/5.0 AppleWebKit/537.36 (KHTML, like Gecko; compatible; GPTBot/1.3; +https://openai.com/gptbot)"
74.7.241.25 - - [04/Apr/2026:01:33:40 -0400] "GET /ethnicity/black,native,other,white,east-indian HTTP/1.1" 200 19086 "https://www.camjab.com/age/20-29/ethnicity/black,native,other,white,east-indian" "Mozilla/5.0 AppleWebKit/537.36 (KHTML, like Gecko; compatible; GPTBot/1.3; +https://openai.com/gptbot)"
74.7.241.25 - - [04/Apr/2026:01:33:41 -0400] "GET /age/30-39,50-59/ethnicity/east-indian,native,other,white,black HTTP/1.1" 200 20098 "https://www.camjab.com/age/30-39/ethnicity/east-indian,native,other,white,black" "Mozilla/5.0 AppleWebKit/537.36 (KHTML, like Gecko; compatible; GPTBot/1.3; +https://openai.com/gptbot)"
74.7.241.1 - - [04/Apr/2026:01:33:41 -0400] "GET /age/30-39/ethnicity/latest-news.php,black,asian,other,east-indian,white,islander HTTP/1.1" 200 20790 "https://camjab.com/age/30-39/ethnicity/latest-news.php,black,asian,other,east-indian,white,latinas,islander" "Mozilla/5.0 AppleWebKit/537.36 (KHTML, like Gecko; compatible; GPTBot/1.3; +https://openai.com/gptbot)"
17.241.227.156 - - [04/Apr/2026:01:33:41 -0400] "GET /core/ajax.loadModels.php?controller=router&status%5B0%5D=offline&age%5B0%5D=60-100&ethnicity%5B0%5D=native&ethnicity%5B1%5D=islander&ethnicity%5B2%5D=latinas&languages%5B0%5D=cambodian HTTP/1.1" 200 182 "https://www.camjab.com/status/offline/age/60-100/ethnicity/native,islander,latinas/languages/cambodian" "Mozilla/5.0 (Macintosh; Intel Mac OS X 10_15_7) AppleWebKit/605.1.15 (KHTML, like Gecko) Version/17.4 Safari/605.1.15 (Applebot/0.1; +http://www.apple.com/go/applebot)"
23.23.104.107 - - [04/Apr/2026:01:33:41 -0400] "GET /status/offline,online/gender/c,m,f/age/50-59,60-100,20-29/ethnicity/asian,latinas/languages/hindi HTTP/1.1" 200 22166 "-" "Mozilla/5.0 AppleWebKit/537.36 (KHTML, like Gecko; compatible; Amazonbot/0.1; +https://developer.amazon.com/support/amazonbot) Chrome/119.0.6045.214 Safari/537.36"
44.194.139.149 - - [04/Apr/2026:01:33:42 -0400] "GET /status/offline/gender/c,t,f/age/20-29/ethnicity/islander,native,white/languages/finnish HTTP/1.1" 200 21031 "-" "Mozilla/5.0 AppleWebKit/537.36 (KHTML, like Gecko; compatible; Amazonbot/0.1; +https://developer.amazon.com/support/amazonbot) Chrome/119.0.6045.214 Safari/537.36"
74.7.241.25 - - [04/Apr/2026:01:33:42 -0400] "GET /age/40-49/ethnicity/east-indian,white,native,asian,black,other HTTP/1.1" 200 20097 "https://www.camjab.com/age/40-49/ethnicity/east-indian,white,native,asian,black" "Mozilla/5.0 AppleWebKit/537.36 (KHTML, like Gecko; compatible; GPTBot/1.3; +https://openai.com/gptbot)"
74.7.241.1 - - [04/Apr/2026:01:33:42 -0400] "GET /age/50-59/ethnicity/latest-news.php,latinas,east-indian,black,other,white,native HTTP/1.1" 200 20790 "https://camjab.com/age/50-59/ethnicity/latest-news.php,islander,latinas,east-indian,black,other,white,native" "Mozilla/5.0 AppleWebKit/537.36 (KHTML, like Gecko; compatible; GPTBot/1.3; +https://openai.com/gptbot)"
216.73.216.135 - - [04/Apr/2026:01:33:42 -0400] "GET /status/offline/gender/f,m/ethnicity/latinas,white/languages/french?sortOrder=leastViewed HTTP/1.1" 200 19636 "-" "Mozilla/5.0 AppleWebKit/537.36 (KHTML, like Gecko; compatible; ClaudeBot/1.0; +claudebot@anthropic.com)"
45.219.115.30 - - [04/Apr/2026:01:33:42 -0400] "GET /status/offline/gender/c,f/age/30-39,20-29,18-19/ethnicity/white,other,native,black HTTP/1.1" 200 21537 "https://www.camjab.com/status/offline/gender/c,f/age/30-39,20-29,18-19/ethnicity/asian,white,other,native,black" "Mozilla/5.0 (Windows NT 10.0; Win64; x64) AppleWebKit/537.36 (KHTML, like Gecko) Chrome/135.0.0.0 Safari/537.36"
216.73.216.135 - - [04/Apr/2026:01:33:42 -0400] "GET /gender/t,c/age/50-59/ethnicity/black/languages/Irish?sortOrder=recent HTTP/1.1" 200 18909 "-" "Mozilla/5.0 AppleWebKit/537.36 (KHTML, like Gecko; compatible; ClaudeBot/1.0; +claudebot@anthropic.com)"
216.73.216.135 - - [04/Apr/2026:01:33:42 -0400] "GET /status/offline,online/gender/c/ethnicity/native,latinas/languages/belarusian?sortOrder=mostViewed HTTP/1.1" 200 19980 "-" "Mozilla/5.0 AppleWebKit/537.36 (KHTML, like Gecko; compatible; ClaudeBot/1.0; +claudebot@anthropic.com)"
216.73.216.135 - - [04/Apr/2026:01:33:42 -0400] "GET /status/offline/gender/c,m/age/18-19,60-100/languages/scots?sortOrder=name HTTP/1.1" 200 19407 "-" "Mozilla/5.0 AppleWebKit/537.36 (KHTML, like Gecko; compatible; ClaudeBot/1.0; +claudebot@anthropic.com)"
216.73.216.135 - - [04/Apr/2026:01:33:42 -0400] "GET /gender/f,m/age/60-100,18-19,30-39/languages/catalan HTTP/1.1" 200 19102 "-" "Mozilla/5.0 AppleWebKit/537.36 (KHTML, like Gecko; compatible; ClaudeBot/1.0; +claudebot@anthropic.com)"
216.73.216.135 - - [04/Apr/2026:01:33:42 -0400] "GET /status/offline/gender/m,t/age/60-100,18-19/languages/Albanian?sortOrder=mostViewed HTTP/1.1" 200 19525 "-" "Mozilla/5.0 AppleWebKit/537.36 (KHTML, like Gecko; compatible; ClaudeBot/1.0; +claudebot@anthropic.com)"
216.73.216.135 - - [04/Apr/2026:01:33:42 -0400] "GET /status/online/gender/c,t/age/50-59,40-49/languages/hebrew?sortOrder=mostViewed HTTP/1.1" 200 19391 "-" "Mozilla/5.0 AppleWebKit/537.36 (KHTML, like Gecko; compatible; ClaudeBot/1.0; +claudebot@anthropic.com)"
216.73.216.135 - - [04/Apr/2026:01:33:42 -0400] "GET /status/offline,online/age/30-39/ethnicity/latino,white/languages/Irish?sortOrder=mostViewed HTTP/1.1" 200 19737 "-" "Mozilla/5.0 AppleWebKit/537.36 (KHTML, like Gecko; compatible; ClaudeBot/1.0; +claudebot@anthropic.com)"
216.73.216.135 - - [04/Apr/2026:01:33:42 -0400] "GET /gender/c,m/age/40-49/ethnicity/asian/sites/1?sortOrder=name HTTP/1.1" 200 18682 "-" "Mozilla/5.0 AppleWebKit/537.36 (KHTML, like Gecko; compatible; ClaudeBot/1.0; +claudebot@anthropic.com)"
216.73.216.135 - - [04/Apr/2026:01:33:43 -0400] "GET /gender/t,c/age/18-19/ethnicity/white/languages/scots?sortOrder=oldest HTTP/1.1" 200 18909 "-" "Mozilla/5.0 AppleWebKit/537.36 (KHTML, like Gecko; compatible; ClaudeBot/1.0; +claudebot@anthropic.com)"
216.73.216.135 - - [04/Apr/2026:01:33:43 -0400] "GET /gender/t,f/age/30-39,40-49/languages/turkish?sortOrder=youngest HTTP/1.1" 200 18754 "-" "Mozilla/5.0 AppleWebKit/537.36 (KHTML, like Gecko; compatible; ClaudeBot/1.0; +claudebot@anthropic.com)"
216.73.216.135 - - [04/Apr/2026:01:33:43 -0400] "GET /status/offline/gender/m,f/ethnicity/white,islander/languages/bulgarian?sortOrder=recent HTTP/1.1" 200 19763 "-" "Mozilla/5.0 AppleWebKit/537.36 (KHTML, like Gecko; compatible; ClaudeBot/1.0; +claudebot@anthropic.com)"
216.73.216.135 - - [04/Apr/2026:01:33:43 -0400] "GET /gender/f,t/ethnicity/black,other,native/languages/Portuguese?sortOrder=mostViewed HTTP/1.1" 200 19460 "-" "Mozilla/5.0 AppleWebKit/537.36 (KHTML, like Gecko; compatible; ClaudeBot/1.0; +claudebot@anthropic.com)"
216.73.216.135 - - [04/Apr/2026:01:33:43 -0400] "GET /status/offline,online/gender/t,f,m,c/sites/11?sortOrder=mostViewed HTTP/1.1" 200 19304 "-" "Mozilla/5.0 AppleWebKit/537.36 (KHTML, like Gecko; compatible; ClaudeBot/1.0; +claudebot@anthropic.com)"
217.113.194.15 - - [04/Apr/2026:01:33:43 -0400] "GET /status/online/age/20-29/ethnicity/east-indian,other,asian,native,islander/languages/romanian HTTP/1.1" 200 20975 "-" "Mozilla/5.0 (compatible; Barkrowler/0.9; +https://babbar.tech/crawler)"
216.73.216.135 - - [04/Apr/2026:01:33:43 -0400] "GET /status/offline/gender/c,f/ethnicity/latino,black/languages/Slovak?sortOrder=mostViewed HTTP/1.1" 200 19559 "-" "Mozilla/5.0 AppleWebKit/537.36 (KHTML, like Gecko; compatible; ClaudeBot/1.0; +claudebot@anthropic.com)"
35.170.205.140 - - [04/Apr/2026:01:33:43 -0400] "GET /status/offline,online/gender/c,t,m,f/age/20-29,60-100/ethnicity/asian,east-indian,native,white,islander/languages/hindi HTTP/1.1" 200 23948 "-" "Mozilla/5.0 AppleWebKit/537.36 (KHTML, like Gecko; compatible; Amazonbot/0.1; +https://developer.amazon.com/support/amazonbot) Chrome/119.0.6045.214 Safari/537.36"
216.73.216.135 - - [04/Apr/2026:01:33:43 -0400] "GET /age/18-19,50-59/ethnicity/other,east-indian?sortOrder=mostViewed HTTP/1.1" 200 18649 "-" "Mozilla/5.0 AppleWebKit/537.36 (KHTML, like Gecko; compatible; ClaudeBot/1.0; +claudebot@anthropic.com)"
216.73.216.135 - - [04/Apr/2026:01:33:43 -0400] "GET /status/offline/gender/t,m,f/ethnicity/asian/languages/Cambodian?sortOrder=mostViewed HTTP/1.1" 200 19510 "-" "Mozilla/5.0 AppleWebKit/537.36 (KHTML, like Gecko; compatible; ClaudeBot/1.0; +claudebot@anthropic.com)"
216.73.216.135 - - [04/Apr/2026:01:33:43 -0400] "GET /status/offline/gender/t,c,f/ethnicity/native/languages/albanian?sortOrder=name HTTP/1.1" 200 19504 "-" "Mozilla/5.0 AppleWebKit/537.36 (KHTML, like Gecko; compatible; ClaudeBot/1.0; +claudebot@anthropic.com)"
74.7.241.25 - - [04/Apr/2026:01:33:43 -0400] "GET /age/30-39,20-29/ethnicity/east-indian,native,other,white,black HTTP/1.1" 200 20098 "https://www.camjab.com/age/30-39/ethnicity/east-indian,native,other,white,black" "Mozilla/5.0 AppleWebKit/537.36 (KHTML, like Gecko; compatible; GPTBot/1.3; +https://openai.com/gptbot)"
216.73.216.135 - - [04/Apr/2026:01:33:43 -0400] "GET /gender/m,c,f/age/30-39/ethnicity/native/languages/Hindi?sortOrder=oldest HTTP/1.1" 200 19242 "-" "Mozilla/5.0 AppleWebKit/537.36 (KHTML, like Gecko; compatible; ClaudeBot/1.0; +claudebot@anthropic.com)"
74.7.241.1 - - [04/Apr/2026:01:33:43 -0400] "GET /age/50-59/ethnicity/latest-news.php,other,native,islander,asian,latinas,black HTTP/1.1" 200 20670 "https://camjab.com/age/50-59/ethnicity/latest-news.php,other,native,islander,white,asian,latinas,black" "Mozilla/5.0 AppleWebKit/537.36 (KHTML, like Gecko; compatible; GPTBot/1.3; +https://openai.com/gptbot)"
216.73.216.135 - - [04/Apr/2026:01:33:43 -0400] "GET /status/online,offline/age/50-59/ethnicity/islander/languages/slovak HTTP/1.1" 200 19323 "-" "Mozilla/5.0 AppleWebKit/537.36 (KHTML, like Gecko; compatible; ClaudeBot/1.0; +claudebot@anthropic.com)"
216.73.216.135 - - [04/Apr/2026:01:33:43 -0400] "GET /status/online/gender/f,m/age/20-29,40-49/languages/czech?sortOrder=recent HTTP/1.1" 200 19339 "-" "Mozilla/5.0 AppleWebKit/537.36 (KHTML, like Gecko; compatible; ClaudeBot/1.0; +claudebot@anthropic.com)"
216.73.216.135 - - [04/Apr/2026:01:33:43 -0400] "GET /gender/t,f/ethnicity/islander,native,asian/languages/Korean?sortOrder=mostViewed HTTP/1.1" 200 19431 "-" "Mozilla/5.0 AppleWebKit/537.36 (KHTML, like Gecko; compatible; ClaudeBot/1.0; +claudebot@anthropic.com)"
216.73.216.135 - - [04/Apr/2026:01:33:43 -0400] "GET /gender/c,m/ethnicity/islander,native,other/languages/Indonesian HTTP/1.1" 200 19461 "-" "Mozilla/5.0 AppleWebKit/537.36 (KHTML, like Gecko; compatible; ClaudeBot/1.0; +claudebot@anthropic.com)"
216.73.216.135 - - [04/Apr/2026:01:33:44 -0400] "GET /gender/t,f,c,m/age/30-39,40-49/languages/Scots?sortOrder=mostViewed HTTP/1.1" 200 19268 "-" "Mozilla/5.0 AppleWebKit/537.36 (KHTML, like Gecko; compatible; ClaudeBot/1.0; +claudebot@anthropic.com)"
216.73.216.135 - - [04/Apr/2026:01:33:44 -0400] "GET /status/offline,online/gender/f/ethnicity/islander,other/languages/Hindi HTTP/1.1" 200 19700 "-" "Mozilla/5.0 AppleWebKit/537.36 (KHTML, like Gecko; compatible; ClaudeBot/1.0; +claudebot@anthropic.com)"
34.206.193.60 - - [04/Apr/2026:01:33:44 -0400] "GET /status/offline,online/gender/t,c,f/age/20-29/ethnicity/black,native,white,latinas HTTP/1.1" 200 21523 "-" "Mozilla/5.0 AppleWebKit/537.36 (KHTML, like Gecko; compatible; Amazonbot/0.1; +https://developer.amazon.com/support/amazonbot) Chrome/119.0.6045.214 Safari/537.36"
216.73.216.135 - - [04/Apr/2026:01:33:44 -0400] "GET /status/offline,online/age/18-19/ethnicity/other,islander/languages/Hindi?sortOrder=mostViewed HTTP/1.1" 200 19858 "-" "Mozilla/5.0 AppleWebKit/537.36 (KHTML, like Gecko; compatible; ClaudeBot/1.0; +claudebot@anthropic.com)"
216.73.216.135 - - [04/Apr/2026:01:33:44 -0400] "GET /status/offline/gender/c,m/age/50-59/languages/bulgarian?sortOrder=youngest HTTP/1.1" 200 19088 "-" "Mozilla/5.0 AppleWebKit/537.36 (KHTML, like Gecko; compatible; ClaudeBot/1.0; +claudebot@anthropic.com)"
216.73.216.135 - - [04/Apr/2026:01:33:44 -0400] "GET /gender/t,c/age/60-100/ethnicity/islander/languages/greek?sortOrder=mostViewed HTTP/1.1" 200 19065 "-" "Mozilla/5.0 AppleWebKit/537.36 (KHTML, like Gecko; compatible; ClaudeBot/1.0; +claudebot@anthropic.com)"
216.73.216.135 - - [04/Apr/2026:01:33:44 -0400] "GET /gender/t,m/age/40-49/ethnicity/native/languages/italian?sortOrder=oldest HTTP/1.1" 200 19003 "-" "Mozilla/5.0 AppleWebKit/537.36 (KHTML, like Gecko; compatible; ClaudeBot/1.0; +claudebot@anthropic.com)"
216.73.216.135 - - [04/Apr/2026:01:33:44 -0400] "GET /status/offline/gender/m,c/age/50-59,18-19/languages/Bulgarian?sortOrder=mostViewed HTTP/1.1" 200 19528 "-" "Mozilla/5.0 AppleWebKit/537.36 (KHTML, like Gecko; compatible; ClaudeBot/1.0; +claudebot@anthropic.com)"
