216.73.216.135 - - [04/Apr/2026:01:31:15 -0400] "GET /gender/c,m/age/50-59/ethnicity/islander/languages/English HTTP/1.1" 200 18987 "-" "Mozilla/5.0 AppleWebKit/537.36 (KHTML, like Gecko; compatible; ClaudeBot/1.0; +claudebot@anthropic.com)"
74.7.241.25 - - [04/Apr/2026:01:31:15 -0400] "GET /age/40-49/ethnicity/native,black,east-indian,asian,other,white HTTP/1.1" 200 20097 "https://www.camjab.com/age/40-49/ethnicity/native,black,east-indian,asian,other" "Mozilla/5.0 AppleWebKit/537.36 (KHTML, like Gecko; compatible; GPTBot/1.3; +https://openai.com/gptbot)"
216.73.216.135 - - [04/Apr/2026:01:31:15 -0400] "GET /status/online,offline/gender/m/age/40-49/languages/chinese?sortOrder=mostViewed HTTP/1.1" 200 19181 "-" "Mozilla/5.0 AppleWebKit/537.36 (KHTML, like Gecko; compatible; ClaudeBot/1.0; +claudebot@anthropic.com)"
50.72.106.194 - - [04/Apr/2026:01:31:15 -0400] "GET /tags/nerdy/status/online,offline/gender/f,c,m,t/age/20-29,18-19/ethnicity/east-indian,latinas,islander,white,other,asian,black HTTP/1.1" 200 25066 "https://www.camjab.com/tags/nerdy/status/online,offline/gender/f,c,m,t/age/20-29,50-59,18-19/ethnicity/east-indian,latinas,islander,white,other,asian,black" "Mozilla/5.0 (Windows NT 10.0; Win64; x64) AppleWebKit/537.36 (KHTML, like Gecko) Chrome/135.0.0.0 Safari/537.36 Edg/135.0.0.0"
17.246.23.130 - - [04/Apr/2026:01:31:15 -0400] "GET /age/60-100/ethnicity/white,other,asian,east-indian/languages/italian HTTP/1.1" 200 19645 "-" "Mozilla/5.0 (Macintosh; Intel Mac OS X 10_15_7) AppleWebKit/605.1.15 (KHTML, like Gecko) Version/17.4 Safari/605.1.15 (Applebot/0.1; +http://www.apple.com/go/applebot)"
216.73.216.135 - - [04/Apr/2026:01:31:15 -0400] "GET /gender/f,c,t,m/age/30-39/languages/Georgian?sortOrder=mostViewed HTTP/1.1" 200 18948 "-" "Mozilla/5.0 AppleWebKit/537.36 (KHTML, like Gecko; compatible; ClaudeBot/1.0; +claudebot@anthropic.com)"
216.73.216.135 - - [04/Apr/2026:01:31:15 -0400] "GET /gender/m,c/age/60-100/ethnicity/white/languages/catalan HTTP/1.1" 200 18915 "-" "Mozilla/5.0 AppleWebKit/537.36 (KHTML, like Gecko; compatible; ClaudeBot/1.0; +claudebot@anthropic.com)"
216.73.216.135 - - [04/Apr/2026:01:31:15 -0400] "GET /gender/m,c/ethnicity/native,islander/languages/Estonian?sortOrder=leastViewed HTTP/1.1" 200 19066 "-" "Mozilla/5.0 AppleWebKit/537.36 (KHTML, like Gecko; compatible; ClaudeBot/1.0; +claudebot@anthropic.com)"
3.214.176.44 - - [04/Apr/2026:01:31:16 -0400] "GET /status/online,offline/gender/f,t/age/50-59,20-29/ethnicity/asian,east-indian/languages/russian HTTP/1.1" 200 21521 "-" "Mozilla/5.0 AppleWebKit/537.36 (KHTML, like Gecko; compatible; Amazonbot/0.1; +https://developer.amazon.com/support/amazonbot) Chrome/119.0.6045.214 Safari/537.36"
216.73.216.135 - - [04/Apr/2026:01:31:16 -0400] "GET /gender/c/age/18-19/ethnicity/asian/languages/hindi HTTP/1.1" 200 18510 "-" "Mozilla/5.0 AppleWebKit/537.36 (KHTML, like Gecko; compatible; ClaudeBot/1.0; +claudebot@anthropic.com)"
216.73.216.135 - - [04/Apr/2026:01:31:16 -0400] "GET /status/online/gender/c,t/age/30-39/languages/Cambodian HTTP/1.1" 200 18958 "-" "Mozilla/5.0 AppleWebKit/537.36 (KHTML, like Gecko; compatible; ClaudeBot/1.0; +claudebot@anthropic.com)"
76.95.103.203 - - [04/Apr/2026:01:31:16 -0400] "GET /gender/f/age/18-19,60-100,30-39,20-29/ethnicity/islander,black,east-indian,other,native,white?sortOrder=name HTTP/1.1" 200 22351 "https://www.camjab.com/gender/f/age/18-19,60-100,30-39,20-29/ethnicity/islander,black,east-indian,other,native,white" "Mozilla/5.0 (Macintosh; Intel Mac OS X 10_15_7) AppleWebKit/537.36 (KHTML, like Gecko) Chrome/136.0.0.0 Safari/537.36"
98.114.91.67 - - [04/Apr/2026:01:31:16 -0400] "GET /status/online/gender/c,t/age/40-49,18-19,20-29/ethnicity/asian,native,islander,latinas,black HTTP/1.1" 200 22204 "https://www.camjab.com/status/online/gender/c,t/age/40-49,18-19,20-29/ethnicity/east-indian,asian,native,islander,latinas,black" "Mozilla/5.0 (Windows NT 10.0; Win64; x64) AppleWebKit/537.36 (KHTML, like Gecko) Chrome/136.0.0.0 Safari/537.36 Edg/136.0.0.0"
216.73.216.135 - - [04/Apr/2026:01:31:16 -0400] "GET /status/offline/gender/f,t/ethnicity/asian/languages/Cambodian HTTP/1.1" 200 19105 "-" "Mozilla/5.0 AppleWebKit/537.36 (KHTML, like Gecko; compatible; ClaudeBot/1.0; +claudebot@anthropic.com)"
45.239.34.48 - - [04/Apr/2026:01:31:16 -0400] "GET /tags/gymgirl/gender/t/age/18-19,40-49,20-29,30-39/ethnicity/native,asian,black?sortOrder=oldest HTTP/1.1" 200 21162 "https://www.camjab.com/tags/gymgirl/gender/t/age/18-19,40-49,20-29,30-39/ethnicity/native,asian,black" "Mozilla/5.0 (Windows NT 10.0; Win64; x64) AppleWebKit/537.36 (KHTML, like Gecko) Chrome/135.0.0.0 Safari/537.36 Edg/135.0.0.0"
216.73.216.135 - - [04/Apr/2026:01:31:16 -0400] "GET /gender/t,f,m/age/18-19/languages/persian?sortOrder=recent HTTP/1.1" 200 18612 "-" "Mozilla/5.0 AppleWebKit/537.36 (KHTML, like Gecko; compatible; ClaudeBot/1.0; +claudebot@anthropic.com)"
216.73.216.135 - - [04/Apr/2026:01:31:16 -0400] "GET /gender/f,t,m,c/age/60-100/languages/malay?sortOrder=mostViewed HTTP/1.1" 200 18880 "-" "Mozilla/5.0 AppleWebKit/537.36 (KHTML, like Gecko; compatible; ClaudeBot/1.0; +claudebot@anthropic.com)"
45.188.167.228 - - [04/Apr/2026:01:31:16 -0400] "GET /age/18-19,50-59,60-100/ethnicity/black,other,white,islander HTTP/1.1" 200 19974 "https://www.camjab.com/age/18-19,50-59,60-100,30-39/ethnicity/black,other,white,islander" "Mozilla/5.0 (Macintosh; Intel Mac OS X 10_15_7) AppleWebKit/537.36 (KHTML, like Gecko) Chrome/136.0.0.0 Safari/537.36"
217.113.194.206 - - [04/Apr/2026:01:31:16 -0400] "GET /status/online/gender/t,c/age/40-49,30-39/ethnicity/latinas/languages/icelandic HTTP/1.1" 200 20373 "-" "Mozilla/5.0 (compatible; Barkrowler/0.9; +https://babbar.tech/crawler)"
79.236.48.99 - - [04/Apr/2026:01:31:16 -0400] "GET /status/online/gender/f,t,m,c/age/60-100/ethnicity/other,east-indian HTTP/1.1" 200 20482 "https://www.camjab.com/status/online/gender/f,t,m,c/age/20-29,60-100/ethnicity/other,east-indian" "Mozilla/5.0 (Windows NT 10.0; Win64; x64) AppleWebKit/537.36 (KHTML, like Gecko) Chrome/135.0.0.0 Safari/537.36"
216.73.216.135 - - [04/Apr/2026:01:31:16 -0400] "GET /gender/f,t/age/30-39,60-100/languages/Arabic HTTP/1.1" 200 18657 "-" "Mozilla/5.0 AppleWebKit/537.36 (KHTML, like Gecko; compatible; ClaudeBot/1.0; +claudebot@anthropic.com)"
45.235.56.76 - - [04/Apr/2026:01:31:16 -0400] "GET /tags/gymgirl/status/online,offline/gender/m,t,c/age/20-29,18-19,50-59,30-39,40-49/ethnicity/islander,asian,latinas HTTP/1.1" 200 23906 "https://www.camjab.com/tags/gymgirl/status/online,offline/gender/m,t/age/20-29,18-19,50-59,30-39,40-49/ethnicity/islander,asian,latinas" "Mozilla/5.0 (Windows NT 10.0; Win64; x64) AppleWebKit/537.36 (KHTML, like Gecko) Chrome/135.0.0.0 Safari/537.36 Edg/135.0.0.0"
74.7.241.1 - - [04/Apr/2026:01:31:16 -0400] "GET /age/18-19/ethnicity/latest-news.php,black,islander,east-indian,asian,native,other HTTP/1.1" 200 20830 "https://camjab.com/age/18-19/ethnicity/latest-news.php,black,islander,east-indian,asian,native,white,other" "Mozilla/5.0 AppleWebKit/537.36 (KHTML, like Gecko; compatible; GPTBot/1.3; +https://openai.com/gptbot)"
170.78.229.135 - - [04/Apr/2026:01:31:16 -0400] "GET /status/offline/gender/f/age/40-49,60-100/ethnicity/asian,latinas,islander,white HTTP/1.1" 200 20907 "https://www.camjab.com/status/offline/gender/f/age/40-49,20-29,60-100/ethnicity/asian,latinas,islander,white" "Mozilla/5.0 (Windows NT 10.0; Win64; x64) AppleWebKit/537.36 (KHTML, like Gecko) Chrome/134.0.0.0 Safari/537.36"
216.73.216.135 - - [04/Apr/2026:01:31:16 -0400] "GET /gender/m,t/ethnicity/white,islander/languages/Vietnamese HTTP/1.1" 200 18985 "-" "Mozilla/5.0 AppleWebKit/537.36 (KHTML, like Gecko; compatible; ClaudeBot/1.0; +claudebot@anthropic.com)"
186.189.77.43 - - [04/Apr/2026:01:31:16 -0400] "GET /status/online,offline/age/30-39,60-100,50-59,20-29/ethnicity/black,white,other,asian,islander,native HTTP/1.1" 200 22822 "https://www.camjab.com/status/online,offline/age/30-39,60-100,50-59,20-29/ethnicity/black,white,other,asian,islander,latinas,native" "Mozilla/5.0 (Windows NT 10.0; Win64; x64) AppleWebKit/537.36 (KHTML, like Gecko) Chrome/136.0.0.0 Safari/537.36"
114.130.78.171 - - [04/Apr/2026:01:31:16 -0400] "GET /status/online/ethnicity/islander,native,latinas,other,black,white HTTP/1.1" 200 20187 "https://www.camjab.com/status/online/ethnicity/islander,native,latinas,other,black" "Mozilla/5.0 (Windows NT 10.0; Win64; x64) AppleWebKit/537.36 (KHTML, like Gecko) Chrome/135.0.0.0 Safari/537.36 Edg/135.0.0.0"
103.226.186.229 - - [04/Apr/2026:01:31:16 -0400] "GET /status/online/gender/c,f,m/age/50-59,60-100,40-49/ethnicity/native,east-indian,latinas?sortOrder=timeOnline HTTP/1.1" 200 21819 "https://www.camjab.com/status/online/gender/c,f,m/age/50-59,60-100,40-49/ethnicity/native,east-indian,latinas" "Mozilla/5.0 (Windows NT 10.0; Win64; x64) AppleWebKit/537.36 (KHTML, like Gecko) Chrome/136.0.0.0 Safari/537.36 Edg/136.0.0.0"
74.7.241.25 - - [04/Apr/2026:01:31:16 -0400] "GET /age/50-59/ethnicity/white,east-indian,black,native,other,asian HTTP/1.1" 200 20097 "https://www.camjab.com/age/50-59/ethnicity/white,east-indian,black,native,other" "Mozilla/5.0 AppleWebKit/537.36 (KHTML, like Gecko; compatible; GPTBot/1.3; +https://openai.com/gptbot)"
216.73.216.135 - - [04/Apr/2026:01:31:16 -0400] "GET /status/offline/gender/m,t/ethnicity/islander,native/languages/Afrikaans HTTP/1.1" 200 19702 "-" "Mozilla/5.0 AppleWebKit/537.36 (KHTML, like Gecko; compatible; ClaudeBot/1.0; +claudebot@anthropic.com)"
216.73.216.135 - - [04/Apr/2026:01:31:16 -0400] "GET /gender/f,c,m/age/20-29/ethnicity/native/languages/irish?sortOrder=mostViewed HTTP/1.1" 200 19254 "-" "Mozilla/5.0 AppleWebKit/537.36 (KHTML, like Gecko; compatible; ClaudeBot/1.0; +claudebot@anthropic.com)"
216.73.216.135 - - [04/Apr/2026:01:31:16 -0400] "GET /gender/c,f,m/ethnicity/native/languages/Azerbaijani?sortOrder=name HTTP/1.1" 200 18894 "-" "Mozilla/5.0 AppleWebKit/537.36 (KHTML, like Gecko; compatible; ClaudeBot/1.0; +claudebot@anthropic.com)"
78.154.218.157 - - [04/Apr/2026:01:31:16 -0400] "GET /status/offline/gender/t,c/age/30-39,18-19,50-59/ethnicity/white,asian,black,east-indian HTTP/1.1" 200 21742 "https://www.camjab.com/status/offline/gender/t,c/age/30-39,18-19,50-59/ethnicity/white,asian,black" "Mozilla/5.0 (Windows NT 10.0; Win64; x64) AppleWebKit/537.36 (KHTML, like Gecko) Chrome/135.0.0.0 Safari/537.36"
216.73.216.135 - - [04/Apr/2026:01:31:16 -0400] "GET /status/offline,online/ethnicity/white,black,islander/languages/Japanese?sortOrder=mostViewed HTTP/1.1" 200 19840 "-" "Mozilla/5.0 AppleWebKit/537.36 (KHTML, like Gecko; compatible; ClaudeBot/1.0; +claudebot@anthropic.com)"
103.104.28.191 - - [04/Apr/2026:01:31:17 -0400] "GET /status/online,offline/gender/c,m,f/age/20-29,50-59,18-19/ethnicity/east-indian,latinas,black,other,asian?sortOrder=leastViewed HTTP/1.1" 200 23378 "https://www.camjab.com/status/online,offline/gender/c,m,f/age/20-29,50-59,18-19/ethnicity/east-indian,latinas,black,other,asian" "Mozilla/5.0 (Windows NT 10.0; Win64; x64) AppleWebKit/537.36 (KHTML, like Gecko) Chrome/134.0.0.0 Safari/537.36"
103.180.122.16 - - [04/Apr/2026:01:31:17 -0400] "GET /status/online/gender/t,c,m/age/18-19,40-49,50-59/ethnicity/white,native,latinas HTTP/1.1" 200 21415 "https://www.camjab.com/status/online/gender/t,c,m,f/age/18-19,40-49,50-59/ethnicity/white,native,latinas" "Mozilla/5.0 (Windows NT 10.0; Win64; x64) AppleWebKit/537.36 (KHTML, like Gecko) Chrome/136.0.0.0 Safari/537.36 Edg/136.0.0.0"
216.73.216.135 - - [04/Apr/2026:01:31:17 -0400] "GET /status/offline,online/gender/m/ethnicity/asian/languages/Chinese HTTP/1.1" 200 19187 "-" "Mozilla/5.0 AppleWebKit/537.36 (KHTML, like Gecko; compatible; ClaudeBot/1.0; +claudebot@anthropic.com)"
99.184.173.227 - - [04/Apr/2026:01:31:17 -0400] "GET /status/offline/gender/m,c,f/age/20-29,40-49,50-59/ethnicity/black,white,other,east-indian,islander?sortOrder=name HTTP/1.1" 200 22821 "https://www.camjab.com/status/offline/gender/m,c,f/age/20-29,40-49,50-59/ethnicity/black,white,other,east-indian,islander" "Mozilla/5.0 (Windows NT 10.0; Win64; x64) AppleWebKit/537.36 (KHTML, like Gecko) Chrome/134.0.0.0 Safari/537.36"
216.73.216.135 - - [04/Apr/2026:01:31:17 -0400] "GET /status/offline/gender/f,m/ethnicity/asian/languages/korean?sortOrder=recent HTTP/1.1" 200 19091 "-" "Mozilla/5.0 AppleWebKit/537.36 (KHTML, like Gecko; compatible; ClaudeBot/1.0; +claudebot@anthropic.com)"
216.73.216.135 - - [04/Apr/2026:01:31:17 -0400] "GET /status/online/gender/f,m,c,t/languages/Polish HTTP/1.1" 200 18894 "-" "Mozilla/5.0 AppleWebKit/537.36 (KHTML, like Gecko; compatible; ClaudeBot/1.0; +claudebot@anthropic.com)"
216.73.216.135 - - [04/Apr/2026:01:31:17 -0400] "GET /status/offline/gender/f,m,c/age/18-19/languages/Kazakh HTTP/1.1" 200 19188 "-" "Mozilla/5.0 AppleWebKit/537.36 (KHTML, like Gecko; compatible; ClaudeBot/1.0; +claudebot@anthropic.com)"
216.73.216.135 - - [04/Apr/2026:01:31:17 -0400] "GET /status/offline/gender/f,c/age/18-19/languages/maltese?sortOrder=youngest HTTP/1.1" 200 19030 "-" "Mozilla/5.0 AppleWebKit/537.36 (KHTML, like Gecko; compatible; ClaudeBot/1.0; +claudebot@anthropic.com)"
80.47.179.156 - - [04/Apr/2026:01:31:17 -0400] "GET /status/online,offline/gender/f,t,m,c/age/50-59/ethnicity/native,other,white?sortOrder=timeOnline HTTP/1.1" 200 21385 "https://www.camjab.com/status/online,offline/gender/f,t,m,c/age/50-59/ethnicity/native,other,white" "Mozilla/5.0 (Windows NT 10.0; Win64; x64) AppleWebKit/537.36 (KHTML, like Gecko) Chrome/136.0.0.0 Safari/537.36 Edg/136.0.0.0"
216.73.216.135 - - [04/Apr/2026:01:31:17 -0400] "GET /gender/t,f/ethnicity/islander/languages/albanian?sortOrder=recent HTTP/1.1" 200 18580 "-" "Mozilla/5.0 AppleWebKit/537.36 (KHTML, like Gecko; compatible; ClaudeBot/1.0; +claudebot@anthropic.com)"
199.168.126.148 - - [04/Apr/2026:01:31:17 -0400] "GET /status/offline,online/gender/f,m,t/age/50-59,18-19,60-100/ethnicity/asian,latinas,native,black,other,islander HTTP/1.1" 200 23759 "https://www.camjab.com/status/offline,online/gender/f,m,t/age/50-59,18-19,60-100/ethnicity/asian,latinas,native,black,other" "Mozilla/5.0 (Macintosh; Intel Mac OS X 10_15_7) AppleWebKit/537.36 (KHTML, like Gecko) Chrome/136.0.0.0 Safari/537.36"
181.129.230.109 - - [04/Apr/2026:01:31:17 -0400] "GET /status/offline,online/gender/f,t/age/40-49,50-59,60-100,20-29/ethnicity/white,latinas,black?sortOrder=name HTTP/1.1" 200 22249 "https://www.camjab.com/status/offline,online/gender/f,t/age/40-49,50-59,60-100,20-29/ethnicity/white,latinas,black" "Mozilla/5.0 (Macintosh; Intel Mac OS X 10_15_7) AppleWebKit/537.36 (KHTML, like Gecko) Chrome/135.0.0.0 Safari/537.36"
216.73.216.135 - - [04/Apr/2026:01:31:17 -0400] "GET /gender/t,f,c,m/languages/polish?sortOrder=timeOnline HTTP/1.1" 200 18346 "-" "Mozilla/5.0 AppleWebKit/537.36 (KHTML, like Gecko; compatible; ClaudeBot/1.0; +claudebot@anthropic.com)"
78.115.106.42 - - [04/Apr/2026:01:31:17 -0400] "GET /status/offline,online/gender/m,c,f/age/30-39,50-59,18-19,20-29/ethnicity/islander,asian,other HTTP/1.1" 200 22515 "https://www.camjab.com/status/offline,online/gender/m,c,f/age/30-39,50-59,18-19/ethnicity/islander,asian,other" "Mozilla/5.0 (Macintosh; Intel Mac OS X 10_15_7) AppleWebKit/537.36 (KHTML, like Gecko) Chrome/136.0.0.0 Safari/537.36"
181.78.192.55 - - [04/Apr/2026:01:31:17 -0400] "GET /gender/t/age/18-19,40-49,50-59,30-39,60-100/ethnicity/east-indian,other,white,latinas HTTP/1.1" 200 21663 "https://www.camjab.com/gender/t/age/18-19,40-49,50-59,30-39,60-100/ethnicity/east-indian,other,black,white,latinas" "Mozilla/5.0 (Windows NT 10.0; Win64; x64) AppleWebKit/537.36 (KHTML, like Gecko) Chrome/136.0.0.0 Safari/537.36"
74.7.241.1 - - [04/Apr/2026:01:31:17 -0400] "GET /age/18-19/ethnicity/latest-news.php,islander,black,latinas,other,native,white HTTP/1.1" 200 20670 "https://camjab.com/age/18-19/ethnicity/latest-news.php,islander,asian,black,latinas,other,native,white" "Mozilla/5.0 AppleWebKit/537.36 (KHTML, like Gecko; compatible; GPTBot/1.3; +https://openai.com/gptbot)"
216.73.216.135 - - [04/Apr/2026:01:31:17 -0400] "GET /gender/c/age/30-39/ethnicity/native,white/languages/Azerbaijani HTTP/1.1" 200 19192 "-" "Mozilla/5.0 AppleWebKit/537.36 (KHTML, like Gecko; compatible; ClaudeBot/1.0; +claudebot@anthropic.com)"
181.46.185.35 - - [04/Apr/2026:01:31:17 -0400] "GET /status/online/gender/t/age/50-59,40-49,18-19,60-100/ethnicity/latinas,native,black,white,islander,asian HTTP/1.1" 200 22900 "https://www.camjab.com/status/online/gender/t/age/50-59,40-49,18-19/ethnicity/latinas,native,black,white,islander,asian" "Mozilla/5.0 (Macintosh; Intel Mac OS X 10_15_7) AppleWebKit/537.36 (KHTML, like Gecko) Chrome/136.0.0.0 Safari/537.36"
74.7.241.25 - - [04/Apr/2026:01:31:17 -0400] "GET /age/50-59/ethnicity/asian,native,black,other,east-indian HTTP/1.1" 200 19647 "https://www.camjab.com/age/50-59/ethnicity/asian,native,black,islander,other,east-indian" "Mozilla/5.0 AppleWebKit/537.36 (KHTML, like Gecko; compatible; GPTBot/1.3; +https://openai.com/gptbot)"
216.73.216.135 - - [04/Apr/2026:01:31:17 -0400] "GET /gender/m,t/age/60-100,30-39/sites/1?sortOrder=mostViewed HTTP/1.1" 200 18502 "-" "Mozilla/5.0 AppleWebKit/537.36 (KHTML, like Gecko; compatible; ClaudeBot/1.0; +claudebot@anthropic.com)"
102.68.78.203 - - [04/Apr/2026:01:31:17 -0400] "GET /status/online,offline/gender/c,m/age/40-49,50-59/ethnicity/other,native,east-indian,white,black HTTP/1.1" 200 22343 "https://www.camjab.com/status/online,offline/gender/c,m/age/40-49/ethnicity/other,native,east-indian,white,black" "Mozilla/5.0 (Windows NT 10.0; Win64; x64) AppleWebKit/537.36 (KHTML, like Gecko) Chrome/135.0.0.0 Safari/537.36"
216.73.216.135 - - [04/Apr/2026:01:31:17 -0400] "GET /status/offline/gender/m,c/ethnicity/latinas,native/languages/Norwegian HTTP/1.1" 200 19670 "-" "Mozilla/5.0 AppleWebKit/537.36 (KHTML, like Gecko; compatible; ClaudeBot/1.0; +claudebot@anthropic.com)"
144.76.32.187 - - [04/Apr/2026:01:31:17 -0400] "GET /languages/kashmiri HTTP/1.1" 200 17130 "-" "Mozilla/5.0 (compatible; SERankingBacklinksBot/1.0; +https://seranking.com/backlinks-crawler)"
71.234.126.185 - - [04/Apr/2026:01:31:17 -0400] "GET /tags/lush/gender/m,c/age/18-19,40-49,20-29,50-59/ethnicity/asian,other,native HTTP/1.1" 200 21287 "https://www.camjab.com/tags/lush/gender/m,c/age/18-19,40-49,20-29,50-59/ethnicity/asian,other,latinas,native" "Mozilla/5.0 (Macintosh; Intel Mac OS X 10_15_7) AppleWebKit/537.36 (KHTML, like Gecko) Chrome/135.0.0.0 Safari/537.36"
216.73.216.135 - - [04/Apr/2026:01:31:17 -0400] "GET /status/offline/gender/m,f/ethnicity/latinas,native/languages/korean HTTP/1.1" 200 19565 "-" "Mozilla/5.0 AppleWebKit/537.36 (KHTML, like Gecko; compatible; ClaudeBot/1.0; +claudebot@anthropic.com)"
3.216.86.144 - - [04/Apr/2026:01:31:17 -0400] "GET /status/offline,online/gender/f,m/age/20-29/ethnicity/black,native,white,islander,east-indian,latinas,asian HTTP/1.1" 200 22845 "-" "Mozilla/5.0 AppleWebKit/537.36 (KHTML, like Gecko; compatible; Amazonbot/0.1; +https://developer.amazon.com/support/amazonbot) Chrome/119.0.6045.214 Safari/537.36"
44.193.102.198 - - [04/Apr/2026:01:31:17 -0400] "GET /status/offline,online/gender/t,m,c,f/age/50-59,60-100,40-49/ethnicity/latino,asian,native,white,black HTTP/1.1" 200 23363 "-" "Mozilla/5.0 AppleWebKit/537.36 (KHTML, like Gecko; compatible; Amazonbot/0.1; +https://developer.amazon.com/support/amazonbot) Chrome/119.0.6045.214 Safari/537.36"
187.51.57.253 - - [04/Apr/2026:01:31:18 -0400] "GET /gender/c,t/age/60-100/ethnicity/asian,other,white,islander,latinas,east-indian HTTP/1.1" 200 21184 "https://www.camjab.com/gender/c/age/60-100/ethnicity/asian,other,white,islander,latinas,east-indian" "Mozilla/5.0 (Windows NT 10.0; Win64; x64) AppleWebKit/537.36 (KHTML, like Gecko) Chrome/135.0.0.0 Safari/537.36"
216.73.216.135 - - [04/Apr/2026:01:31:18 -0400] "GET /gender/c,t,f/age/20-29,40-49/languages/catalan HTTP/1.1" 200 18948 "-" "Mozilla/5.0 AppleWebKit/537.36 (KHTML, like Gecko; compatible; ClaudeBot/1.0; +claudebot@anthropic.com)"
45.190.154.6 - - [04/Apr/2026:01:31:18 -0400] "GET /tags/nerdy/gender/m,t/age/40-49,30-39,50-59/ethnicity/white,black,asian HTTP/1.1" 200 20808 "https://www.camjab.com/tags/nerdy/gender/m,t/age/40-49,30-39,50-59/ethnicity/white,black,east-indian,asian" "Mozilla/5.0 (Windows NT 10.0; Win64; x64) AppleWebKit/537.36 (KHTML, like Gecko) Chrome/135.0.0.0 Safari/537.36 Edg/135.0.0.0"
216.73.216.135 - - [04/Apr/2026:01:31:18 -0400] "GET /status/offline,online/gender/m/age/20-29/sites/1?sortOrder=recent HTTP/1.1" 200 18885 "-" "Mozilla/5.0 AppleWebKit/537.36 (KHTML, like Gecko; compatible; ClaudeBot/1.0; +claudebot@anthropic.com)"
175.100.33.170 - - [04/Apr/2026:01:31:18 -0400] "GET /status/offline/gender/m,t,c,f/age/30-39,50-59,18-19/ethnicity/islander,asian,white?sortOrder=name HTTP/1.1" 200 21889 "https://www.camjab.com/status/offline/gender/m,t,c,f/age/30-39,50-59,18-19/ethnicity/islander,asian,white" "Mozilla/5.0 (Macintosh; Intel Mac OS X 10_15_7) AppleWebKit/537.36 (KHTML, like Gecko) Chrome/135.0.0.0 Safari/537.36"
216.73.216.135 - - [04/Apr/2026:01:31:18 -0400] "GET /gender/c,t/ethnicity/other,white,native/languages/German?sortOrder=mostViewed HTTP/1.1" 200 19320 "-" "Mozilla/5.0 AppleWebKit/537.36 (KHTML, like Gecko; compatible; ClaudeBot/1.0; +claudebot@anthropic.com)"
216.73.216.135 - - [04/Apr/2026:01:31:18 -0400] "GET /status/offline,online/gender/f,c/age/50-59/languages/English HTTP/1.1" 200 19407 "-" "Mozilla/5.0 AppleWebKit/537.36 (KHTML, like Gecko; compatible; ClaudeBot/1.0; +claudebot@anthropic.com)"
216.73.216.135 - - [04/Apr/2026:01:31:18 -0400] "GET /gender/m/age/20-29/ethnicity/asian/languages/Romanian HTTP/1.1" 200 18599 "-" "Mozilla/5.0 AppleWebKit/537.36 (KHTML, like Gecko; compatible; ClaudeBot/1.0; +claudebot@anthropic.com)"
216.73.216.135 - - [04/Apr/2026:01:31:18 -0400] "GET /status/offline,online/gender/m/ethnicity/other/languages/catalan?sortOrder=leastViewed HTTP/1.1" 200 19295 "-" "Mozilla/5.0 AppleWebKit/537.36 (KHTML, like Gecko; compatible; ClaudeBot/1.0; +claudebot@anthropic.com)"
216.73.216.135 - - [04/Apr/2026:01:31:18 -0400] "GET /status/offline,online/age/40-49,18-19/languages/Croatian?sortOrder=leastViewed HTTP/1.1" 200 19162 "-" "Mozilla/5.0 AppleWebKit/537.36 (KHTML, like Gecko; compatible; ClaudeBot/1.0; +claudebot@anthropic.com)"
124.120.14.144 - - [04/Apr/2026:01:31:18 -0400] "GET /gender/c,t/age/20-29/ethnicity/asian,native,islander,east-indian,black,latinas,white HTTP/1.1" 200 21674 "https://www.camjab.com/gender/c/age/20-29/ethnicity/asian,native,islander,east-indian,black,latinas,white" "Mozilla/5.0 (Windows NT 10.0; Win64; x64) AppleWebKit/537.36 (KHTML, like Gecko) Chrome/135.0.0.0 Safari/537.36 Edg/135.0.0.0"
17.22.253.19 - - [04/Apr/2026:01:31:18 -0400] "GET /templates/default_v3/styles/variables.php HTTP/1.1" 200 842 "https://camjab.com/webcams/anthonyloveseks-freecam8.html" "Mozilla/5.0 (Macintosh; Intel Mac OS X 10_15_7) AppleWebKit/605.1.15 (KHTML, like Gecko) Version/17.4 Safari/605.1.15 (Applebot/0.1; +http://www.apple.com/go/applebot)"
216.73.216.135 - - [04/Apr/2026:01:31:18 -0400] "GET /gender/c,f,m/ethnicity/islander,white/languages/Spanish HTTP/1.1" 200 19190 "-" "Mozilla/5.0 AppleWebKit/537.36 (KHTML, like Gecko; compatible; ClaudeBot/1.0; +claudebot@anthropic.com)"
187.181.160.89 - - [04/Apr/2026:01:31:18 -0400] "GET /tags/lush/status/offline/gender/m,t/age/18-19,40-49,20-29,50-59,60-100/ethnicity/white,asian,other,latinas,black HTTP/1.1" 200 23781 "https://www.camjab.com/tags/lush/status/offline/gender/m/age/18-19,40-49,20-29,50-59,60-100/ethnicity/white,asian,other,latinas,black" "Mozilla/5.0 (Windows NT 10.0; Win64; x64) AppleWebKit/537.36 (KHTML, like Gecko) Chrome/133.0.0.0 Safari/537.36"
74.7.241.1 - - [04/Apr/2026:01:31:18 -0400] "GET /age/30-39/ethnicity/latest-news.php,asian,black,native,other,latinas,islander HTTP/1.1" 200 20670 "https://camjab.com/age/30-39/ethnicity/latest-news.php,east-indian,asian,black,native,other,latinas,islander" "Mozilla/5.0 AppleWebKit/537.36 (KHTML, like Gecko; compatible; GPTBot/1.3; +https://openai.com/gptbot)"
216.73.216.135 - - [04/Apr/2026:01:31:18 -0400] "GET /status/online/gender/f,m,c/age/20-29/languages/malay HTTP/1.1" 200 19116 "-" "Mozilla/5.0 AppleWebKit/537.36 (KHTML, like Gecko; compatible; ClaudeBot/1.0; +claudebot@anthropic.com)"
74.7.241.25 - - [04/Apr/2026:01:31:18 -0400] "GET /age/18-19/ethnicity/black,white,east-indian,native,asian HTTP/1.1" 200 19647 "https://www.camjab.com/age/30-39,18-19/ethnicity/black,white,east-indian,native,asian" "Mozilla/5.0 AppleWebKit/537.36 (KHTML, like Gecko; compatible; GPTBot/1.3; +https://openai.com/gptbot)"
103.115.240.1 - - [04/Apr/2026:01:31:18 -0400] "GET /status/offline/age/40-49,50-59,60-100/ethnicity/white,latinas,other,black HTTP/1.1" 200 20701 "https://www.camjab.com/status/offline,online/age/40-49,50-59,60-100/ethnicity/white,latinas,other,black" "Mozilla/5.0 (Windows NT 10.0; Win64; x64) AppleWebKit/537.36 (KHTML, like Gecko) Chrome/135.0.0.0 Safari/537.36"
216.73.216.135 - - [04/Apr/2026:01:31:18 -0400] "GET /gender/c,f/ethnicity/white,islander/languages/Estonian HTTP/1.1" 200 18932 "-" "Mozilla/5.0 AppleWebKit/537.36 (KHTML, like Gecko; compatible; ClaudeBot/1.0; +claudebot@anthropic.com)"
216.73.216.135 - - [04/Apr/2026:01:31:18 -0400] "GET /status/offline/gender/f,m/ethnicity/latinas/languages/Turkish?sortOrder=oldest HTTP/1.1" 200 19197 "-" "Mozilla/5.0 AppleWebKit/537.36 (KHTML, like Gecko; compatible; ClaudeBot/1.0; +claudebot@anthropic.com)"
216.73.216.135 - - [04/Apr/2026:01:31:19 -0400] "GET /gender/t,c,m/age/18-19/languages/Ukrainian HTTP/1.1" 200 18587 "-" "Mozilla/5.0 AppleWebKit/537.36 (KHTML, like Gecko; compatible; ClaudeBot/1.0; +claudebot@anthropic.com)"
216.73.216.135 - - [04/Apr/2026:01:31:19 -0400] "GET /gender/f,m/age/30-39,20-29/languages/Croatian HTTP/1.1" 200 18684 "-" "Mozilla/5.0 AppleWebKit/537.36 (KHTML, like Gecko; compatible; ClaudeBot/1.0; +claudebot@anthropic.com)"
216.73.216.135 - - [04/Apr/2026:01:31:19 -0400] "GET /gender/f,c/ethnicity/native,black/languages/Bulgarian?sortOrder=recent HTTP/1.1" 200 18987 "-" "Mozilla/5.0 AppleWebKit/537.36 (KHTML, like Gecko; compatible; ClaudeBot/1.0; +claudebot@anthropic.com)"
23.21.179.27 - - [04/Apr/2026:01:31:19 -0400] "GET /status/offline,online/gender/m,f/age/60-100,20-29,40-49/ethnicity/native,black,white/languages/armenian HTTP/1.1" 200 22393 "-" "Mozilla/5.0 AppleWebKit/537.36 (KHTML, like Gecko; compatible; Amazonbot/0.1; +https://developer.amazon.com/support/amazonbot) Chrome/119.0.6045.214 Safari/537.36"
216.73.216.135 - - [04/Apr/2026:01:31:19 -0400] "GET /gender/c/age/18-19/ethnicity/asian/languages/vietnamese?sortOrder=mostViewed HTTP/1.1" 200 18780 "-" "Mozilla/5.0 AppleWebKit/537.36 (KHTML, like Gecko; compatible; ClaudeBot/1.0; +claudebot@anthropic.com)"
216.73.216.135 - - [04/Apr/2026:01:31:19 -0400] "GET /gender/t,f,c/ethnicity/white/languages/Ukrainian HTTP/1.1" 200 18708 "-" "Mozilla/5.0 AppleWebKit/537.36 (KHTML, like Gecko; compatible; ClaudeBot/1.0; +claudebot@anthropic.com)"
216.73.216.135 - - [04/Apr/2026:01:31:19 -0400] "GET /gender/f,m,c/age/20-29/languages/malay?sortOrder=youngest HTTP/1.1" 200 18555 "-" "Mozilla/5.0 AppleWebKit/537.36 (KHTML, like Gecko; compatible; ClaudeBot/1.0; +claudebot@anthropic.com)"
216.73.216.135 - - [04/Apr/2026:01:31:19 -0400] "GET /gender/f/age/20-29,60-100,40-49/sites/3 HTTP/1.1" 200 18516 "-" "Mozilla/5.0 AppleWebKit/537.36 (KHTML, like Gecko; compatible; ClaudeBot/1.0; +claudebot@anthropic.com)"
216.73.216.135 - - [04/Apr/2026:01:31:19 -0400] "GET /gender/c,m,f/ethnicity/black/languages/georgian HTTP/1.1" 200 18669 "-" "Mozilla/5.0 AppleWebKit/537.36 (KHTML, like Gecko; compatible; ClaudeBot/1.0; +claudebot@anthropic.com)"
186.235.124.241 - - [04/Apr/2026:01:31:19 -0400] "GET /status/online/gender/c,f/age/30-39,18-19,60-100,20-29/ethnicity/white,east-indian,asian,native HTTP/1.1" 200 22288 "https://www.camjab.com/status/online/gender/c,f/age/30-39,18-19,60-100,20-29/ethnicity/white,east-indian,asian" "Mozilla/5.0 (Windows NT 10.0; Win64; x64) AppleWebKit/537.36 (KHTML, like Gecko) Chrome/135.0.0.0 Safari/537.36 Edg/135.0.0.0"
216.73.216.135 - - [04/Apr/2026:01:31:19 -0400] "GET /gender/t/age/30-39,18-19/languages/thai?sortOrder=name HTTP/1.1" 200 18340 "-" "Mozilla/5.0 AppleWebKit/537.36 (KHTML, like Gecko; compatible; ClaudeBot/1.0; +claudebot@anthropic.com)"
74.7.241.1 - - [04/Apr/2026:01:31:19 -0400] "GET /age/18-19/ethnicity/latest-news.php,white,latinas,black,islander,east-indian,other HTTP/1.1" 200 20870 "https://camjab.com/age/18-19/ethnicity/latest-news.php,white,asian,latinas,black,islander,east-indian,other" "Mozilla/5.0 AppleWebKit/537.36 (KHTML, like Gecko; compatible; GPTBot/1.3; +https://openai.com/gptbot)"
74.7.241.25 - - [04/Apr/2026:01:31:19 -0400] "GET /age/30-39/ethnicity/native,black,east-indian,asian,other HTTP/1.1" 200 19647 "https://www.camjab.com/age/30-39/ethnicity/native,black,latinas,east-indian,asian,other" "Mozilla/5.0 AppleWebKit/537.36 (KHTML, like Gecko; compatible; GPTBot/1.3; +https://openai.com/gptbot)"
216.73.216.135 - - [04/Apr/2026:01:31:19 -0400] "GET /status/offline/gender/m,f,t/ethnicity/native/languages/irish?sortOrder=name HTTP/1.1" 200 19389 "-" "Mozilla/5.0 AppleWebKit/537.36 (KHTML, like Gecko; compatible; ClaudeBot/1.0; +claudebot@anthropic.com)"
216.73.216.135 - - [04/Apr/2026:01:31:19 -0400] "GET /status/offline,online/gender/f,c/age/40-49/languages/Romanian?sortOrder=leastViewed HTTP/1.1" 200 19550 "-" "Mozilla/5.0 AppleWebKit/537.36 (KHTML, like Gecko; compatible; ClaudeBot/1.0; +claudebot@anthropic.com)"
216.73.216.135 - - [04/Apr/2026:01:31:20 -0400] "GET /status/online/gender/f/ethnicity/other,islander/languages/german HTTP/1.1" 200 19211 "-" "Mozilla/5.0 AppleWebKit/537.36 (KHTML, like Gecko; compatible; ClaudeBot/1.0; +claudebot@anthropic.com)"
216.73.216.135 - - [04/Apr/2026:01:31:20 -0400] "GET /gender/m,f/age/30-39,20-29/languages/maltese HTTP/1.1" 200 18650 "-" "Mozilla/5.0 AppleWebKit/537.36 (KHTML, like Gecko; compatible; ClaudeBot/1.0; +claudebot@anthropic.com)"
216.73.216.135 - - [04/Apr/2026:01:31:20 -0400] "GET /gender/f,m/age/40-49/ethnicity/other/languages/korean HTTP/1.1" 200 18845 "-" "Mozilla/5.0 AppleWebKit/537.36 (KHTML, like Gecko; compatible; ClaudeBot/1.0; +claudebot@anthropic.com)"
216.73.216.135 - - [04/Apr/2026:01:31:20 -0400] "GET /status/online,offline/gender/f/age/40-49/languages/slovak HTTP/1.1" 200 19052 "-" "Mozilla/5.0 AppleWebKit/537.36 (KHTML, like Gecko; compatible; ClaudeBot/1.0; +claudebot@anthropic.com)"
216.73.216.135 - - [04/Apr/2026:01:31:20 -0400] "GET /gender/t,f,m/age/30-39,40-49/languages/Turkish?sortOrder=mostViewed HTTP/1.1" 200 19043 "-" "Mozilla/5.0 AppleWebKit/537.36 (KHTML, like Gecko; compatible; ClaudeBot/1.0; +claudebot@anthropic.com)"
3.232.102.111 - - [04/Apr/2026:01:31:20 -0400] "GET /status/offline,online/gender/t,c/age/18-19,30-39,50-59,60-100/ethnicity/native,islander,east-indian,white,black/languages/hindi HTTP/1.1" 200 24266 "-" "Mozilla/5.0 AppleWebKit/537.36 (KHTML, like Gecko; compatible; Amazonbot/0.1; +https://developer.amazon.com/support/amazonbot) Chrome/119.0.6045.214 Safari/537.36"
216.73.216.135 - - [04/Apr/2026:01:31:20 -0400] "GET /status/offline,online/age/18-19/ethnicity/black,native/languages/Hebrew?sortOrder=leastViewed HTTP/1.1" 200 19822 "-" "Mozilla/5.0 AppleWebKit/537.36 (KHTML, like Gecko; compatible; ClaudeBot/1.0; +claudebot@anthropic.com)"
216.73.216.135 - - [04/Apr/2026:01:31:20 -0400] "GET /gender/c/age/50-59,20-29/languages/Estonian HTTP/1.1" 200 18390 "-" "Mozilla/5.0 AppleWebKit/537.36 (KHTML, like Gecko; compatible; ClaudeBot/1.0; +claudebot@anthropic.com)"
216.73.216.135 - - [04/Apr/2026:01:31:20 -0400] "GET /gender/f,c/age/40-49,18-19/languages/belarusian HTTP/1.1" 200 18762 "-" "Mozilla/5.0 AppleWebKit/537.36 (KHTML, like Gecko; compatible; ClaudeBot/1.0; +claudebot@anthropic.com)"
216.73.216.135 - - [04/Apr/2026:01:31:20 -0400] "GET /gender/c,m/age/40-49/ethnicity/islander/languages/indonesian HTTP/1.1" 200 19089 "-" "Mozilla/5.0 AppleWebKit/537.36 (KHTML, like Gecko; compatible; ClaudeBot/1.0; +claudebot@anthropic.com)"
74.7.241.1 - - [04/Apr/2026:01:31:20 -0400] "GET /age/18-19/ethnicity/latest-news.php,other,east-indian,islander,black,native,asian HTTP/1.1" 200 20830 "https://camjab.com/age/18-19/ethnicity/latest-news.php,other,east-indian,islander,latinas,black,native,asian" "Mozilla/5.0 AppleWebKit/537.36 (KHTML, like Gecko; compatible; GPTBot/1.3; +https://openai.com/gptbot)"
216.73.216.135 - - [04/Apr/2026:01:31:20 -0400] "GET /status/offline,online/age/20-29/ethnicity/native/languages/czech?sortOrder=timeOnline HTTP/1.1" 200 19322 "-" "Mozilla/5.0 AppleWebKit/537.36 (KHTML, like Gecko; compatible; ClaudeBot/1.0; +claudebot@anthropic.com)"
74.7.241.25 - - [04/Apr/2026:01:31:20 -0400] "GET /age/40-49/ethnicity/other,black,east-indian,asian,native HTTP/1.1" 200 19647 "https://www.camjab.com/age/40-49/ethnicity/latinas,other,black,east-indian,asian,native" "Mozilla/5.0 AppleWebKit/537.36 (KHTML, like Gecko; compatible; GPTBot/1.3; +https://openai.com/gptbot)"
216.73.216.135 - - [04/Apr/2026:01:31:20 -0400] "GET /gender/f,c/ethnicity/black,white,native/languages/catalan?sortOrder=leastViewed HTTP/1.1" 200 19363 "-" "Mozilla/5.0 AppleWebKit/537.36 (KHTML, like Gecko; compatible; ClaudeBot/1.0; +claudebot@anthropic.com)"
216.73.216.135 - - [04/Apr/2026:01:31:21 -0400] "GET /status/offline,online/age/60-100,20-29/languages/Swedish?sortOrder=name HTTP/1.1" 200 19143 "-" "Mozilla/5.0 AppleWebKit/537.36 (KHTML, like Gecko; compatible; ClaudeBot/1.0; +claudebot@anthropic.com)"
216.73.216.135 - - [04/Apr/2026:01:31:21 -0400] "GET /status/online,offline/gender/f/ethnicity/islander/languages/Italian?sortOrder=leastViewed HTTP/1.1" 200 19413 "-" "Mozilla/5.0 AppleWebKit/537.36 (KHTML, like Gecko; compatible; ClaudeBot/1.0; +claudebot@anthropic.com)"
216.73.216.135 - - [04/Apr/2026:01:31:21 -0400] "GET /status/offline/gender/t/ethnicity/native,black,other/languages/thai HTTP/1.1" 200 19541 "-" "Mozilla/5.0 AppleWebKit/537.36 (KHTML, like Gecko; compatible; ClaudeBot/1.0; +claudebot@anthropic.com)"
216.73.216.135 - - [04/Apr/2026:01:31:21 -0400] "GET /status/online,offline/age/18-19/ethnicity/white/languages/Turkish?sortOrder=mostViewed HTTP/1.1" 200 19354 "-" "Mozilla/5.0 AppleWebKit/537.36 (KHTML, like Gecko; compatible; ClaudeBot/1.0; +claudebot@anthropic.com)"
216.73.216.135 - - [04/Apr/2026:01:31:21 -0400] "GET /gender/c,f,t/age/60-100/sites/1?sortOrder=leastViewed HTTP/1.1" 200 18389 "-" "Mozilla/5.0 AppleWebKit/537.36 (KHTML, like Gecko; compatible; ClaudeBot/1.0; +claudebot@anthropic.com)"
216.73.216.135 - - [04/Apr/2026:01:31:21 -0400] "GET /status/offline/gender/m,f/age/50-59/ethnicity/native/languages/Catalan HTTP/1.1" 200 19629 "-" "Mozilla/5.0 AppleWebKit/537.36 (KHTML, like Gecko; compatible; ClaudeBot/1.0; +claudebot@anthropic.com)"
216.73.216.135 - - [04/Apr/2026:01:31:21 -0400] "GET /gender/m,c/age/30-39,20-29/languages/Norwegian HTTP/1.1" 200 18718 "-" "Mozilla/5.0 AppleWebKit/537.36 (KHTML, like Gecko; compatible; ClaudeBot/1.0; +claudebot@anthropic.com)"
216.73.216.135 - - [04/Apr/2026:01:31:21 -0400] "GET /gender/c/age/20-29/ethnicity/latinas,native/languages/thai HTTP/1.1" 200 19026 "-" "Mozilla/5.0 AppleWebKit/537.36 (KHTML, like Gecko; compatible; ClaudeBot/1.0; +claudebot@anthropic.com)"
216.73.216.135 - - [04/Apr/2026:01:31:21 -0400] "GET /gender/t,m,f/ethnicity/white/languages/estonian HTTP/1.1" 200 18664 "-" "Mozilla/5.0 AppleWebKit/537.36 (KHTML, like Gecko; compatible; ClaudeBot/1.0; +claudebot@anthropic.com)"
52.205.141.124 - - [04/Apr/2026:01:31:21 -0400] "GET /status/offline/gender/m,f,t,c/age/30-39,50-59,18-19/ethnicity/native,asian,east-indian/languages/persian HTTP/1.1" 200 22494 "-" "Mozilla/5.0 AppleWebKit/537.36 (KHTML, like Gecko; compatible; Amazonbot/0.1; +https://developer.amazon.com/support/amazonbot) Chrome/119.0.6045.214 Safari/537.36"
216.73.216.135 - - [04/Apr/2026:01:31:21 -0400] "GET /status/offline/gender/t,f/age/40-49,50-59/languages/german HTTP/1.1" 200 19323 "-" "Mozilla/5.0 AppleWebKit/537.36 (KHTML, like Gecko; compatible; ClaudeBot/1.0; +claudebot@anthropic.com)"
74.7.241.1 - - [04/Apr/2026:01:31:21 -0400] "GET /age/18-19/ethnicity/latest-news.php,black,white,native,islander,east-indian,other HTTP/1.1" 200 20830 "https://camjab.com/age/18-19/ethnicity/latest-news.php,black,white,native,islander,east-indian,other,latinas" "Mozilla/5.0 AppleWebKit/537.36 (KHTML, like Gecko; compatible; GPTBot/1.3; +https://openai.com/gptbot)"
74.7.241.25 - - [04/Apr/2026:01:31:21 -0400] "GET /age/50-59/ethnicity/asian,black,native,east-indian,white HTTP/1.1" 200 19647 "https://www.camjab.com/age/50-59,20-29/ethnicity/asian,black,native,east-indian,white" "Mozilla/5.0 AppleWebKit/537.36 (KHTML, like Gecko; compatible; GPTBot/1.3; +https://openai.com/gptbot)"
216.73.216.135 - - [04/Apr/2026:01:31:22 -0400] "GET /status/offline/gender/c,m,t/age/60-100/languages/hindi?sortOrder=mostViewed HTTP/1.1" 200 19290 "-" "Mozilla/5.0 AppleWebKit/537.36 (KHTML, like Gecko; compatible; ClaudeBot/1.0; +claudebot@anthropic.com)"
216.73.216.135 - - [04/Apr/2026:01:31:22 -0400] "GET /gender/t/ethnicity/black,asian/languages/faeroese?sortOrder=mostViewed HTTP/1.1" 200 18614 "-" "Mozilla/5.0 AppleWebKit/537.36 (KHTML, like Gecko; compatible; ClaudeBot/1.0; +claudebot@anthropic.com)"
216.73.216.135 - - [04/Apr/2026:01:31:22 -0400] "GET /status/offline/gender/t/ethnicity/islander,native,black/languages/Romanian HTTP/1.1" 200 19792 "-" "Mozilla/5.0 AppleWebKit/537.36 (KHTML, like Gecko; compatible; ClaudeBot/1.0; +claudebot@anthropic.com)"
54.197.178.107 - - [04/Apr/2026:01:31:22 -0400] "GET /status/offline,online/gender/f,m,t,c/age/60-100,18-19,40-49,50-59/ethnicity/native,east-indian,islander/languages/hindi HTTP/1.1" 200 23934 "-" "Mozilla/5.0 AppleWebKit/537.36 (KHTML, like Gecko; compatible; Amazonbot/0.1; +https://developer.amazon.com/support/amazonbot) Chrome/119.0.6045.214 Safari/537.36"
216.73.216.135 - - [04/Apr/2026:01:31:22 -0400] "GET /status/offline,online/gender/f/age/30-39/ethnicity/islander/languages/Scots HTTP/1.1" 200 19803 "-" "Mozilla/5.0 AppleWebKit/537.36 (KHTML, like Gecko; compatible; ClaudeBot/1.0; +claudebot@anthropic.com)"
216.73.216.135 - - [04/Apr/2026:01:31:22 -0400] "GET /gender/c,f/age/60-100,20-29/languages/belarusian HTTP/1.1" 200 18798 "-" "Mozilla/5.0 AppleWebKit/537.36 (KHTML, like Gecko; compatible; ClaudeBot/1.0; +claudebot@anthropic.com)"
66.249.66.77 - - [04/Apr/2026:01:31:22 -0400] "GET /gender/t/age/18-19,60-100,40-49/ethnicity/latino,asian,other,islander,native HTTP/1.1" 200 20729 "-" "Mozilla/5.0 (Linux; Android 6.0.1; Nexus 5X Build/MMB29P) AppleWebKit/537.36 (KHTML, like Gecko) Chrome/146.0.7680.177 Mobile Safari/537.36 (compatible; Googlebot/2.1; +http://www.google.com/bot.html)"
216.73.216.135 - - [04/Apr/2026:01:31:22 -0400] "GET /status/online/gender/f,c/ethnicity/islander,native/languages/Georgian HTTP/1.1" 200 19645 "-" "Mozilla/5.0 AppleWebKit/537.36 (KHTML, like Gecko; compatible; ClaudeBot/1.0; +claudebot@anthropic.com)"
216.73.216.135 - - [04/Apr/2026:01:31:22 -0400] "GET /gender/m,f/ethnicity/islander,native,other/languages/Chinese HTTP/1.1" 200 19356 "-" "Mozilla/5.0 AppleWebKit/537.36 (KHTML, like Gecko; compatible; ClaudeBot/1.0; +claudebot@anthropic.com)"
216.73.216.135 - - [04/Apr/2026:01:31:22 -0400] "GET /gender/f,m/age/20-29,40-49/languages/Lithuanian?sortOrder=leastViewed HTTP/1.1" 200 18860 "-" "Mozilla/5.0 AppleWebKit/537.36 (KHTML, like Gecko; compatible; ClaudeBot/1.0; +claudebot@anthropic.com)"
216.73.216.135 - - [04/Apr/2026:01:31:22 -0400] "GET /status/offline,online/ethnicity/other/languages/vietnamese?sortOrder=timeOnline HTTP/1.1" 200 18907 "-" "Mozilla/5.0 AppleWebKit/537.36 (KHTML, like Gecko; compatible; ClaudeBot/1.0; +claudebot@anthropic.com)"
216.73.216.135 - - [04/Apr/2026:01:31:22 -0400] "GET /status/online,offline/gender/f/age/40-49/languages/Dutch?sortOrder=youngest HTTP/1.1" 200 19117 "-" "Mozilla/5.0 AppleWebKit/537.36 (KHTML, like Gecko; compatible; ClaudeBot/1.0; +claudebot@anthropic.com)"
216.73.216.135 - - [04/Apr/2026:01:31:22 -0400] "GET /status/offline/gender/f,t,c/age/20-29/languages/Romanian?sortOrder=leastViewed HTTP/1.1" 200 19371 "-" "Mozilla/5.0 AppleWebKit/537.36 (KHTML, like Gecko; compatible; ClaudeBot/1.0; +claudebot@anthropic.com)"
216.73.216.135 - - [04/Apr/2026:01:31:22 -0400] "GET /status/online/gender/t,m/age/30-39/languages/Portuguese?sortOrder=mostViewed HTTP/1.1" 200 19087 "-" "Mozilla/5.0 AppleWebKit/537.36 (KHTML, like Gecko; compatible; ClaudeBot/1.0; +claudebot@anthropic.com)"
74.7.241.1 - - [04/Apr/2026:01:31:22 -0400] "GET /age/20-29/ethnicity/latest-news.php,islander,native,white,latinas,black HTTP/1.1" 200 20203 "https://camjab.com/age/20-29/ethnicity/latest-news.php,islander,native,white,east-indian,latinas,black" "Mozilla/5.0 AppleWebKit/537.36 (KHTML, like Gecko; compatible; GPTBot/1.3; +https://openai.com/gptbot)"
216.73.216.135 - - [04/Apr/2026:01:31:23 -0400] "GET /gender/f/ethnicity/white,latinas,native/languages/afrikaans HTTP/1.1" 200 19077 "-" "Mozilla/5.0 AppleWebKit/537.36 (KHTML, like Gecko; compatible; ClaudeBot/1.0; +claudebot@anthropic.com)"
74.7.241.25 - - [04/Apr/2026:01:31:23 -0400] "GET /age/20-29/ethnicity/east-indian,native,black,asian,other HTTP/1.1" 200 19647 "https://www.camjab.com/age/20-29/ethnicity/east-indian,native,latinas,black,asian,other" "Mozilla/5.0 AppleWebKit/537.36 (KHTML, like Gecko; compatible; GPTBot/1.3; +https://openai.com/gptbot)"
216.73.216.135 - - [04/Apr/2026:01:31:23 -0400] "GET /gender/t/age/30-39,60-100/languages/Armenian HTTP/1.1" 200 18420 "-" "Mozilla/5.0 AppleWebKit/537.36 (KHTML, like Gecko; compatible; ClaudeBot/1.0; +claudebot@anthropic.com)"
52.207.47.227 - - [04/Apr/2026:01:31:23 -0400] "GET /status/online,offline/gender/f,c,t,m/age/50-59,20-29,18-19/ethnicity/islander,east-indian,native,white/languages/thai HTTP/1.1" 200 23853 "-" "Mozilla/5.0 AppleWebKit/537.36 (KHTML, like Gecko; compatible; Amazonbot/0.1; +https://developer.amazon.com/support/amazonbot) Chrome/119.0.6045.214 Safari/537.36"
216.73.216.135 - - [04/Apr/2026:01:31:23 -0400] "GET /status/offline/gender/m,c/ethnicity/latinas/languages/Portuguese HTTP/1.1" 200 19206 "-" "Mozilla/5.0 AppleWebKit/537.36 (KHTML, like Gecko; compatible; ClaudeBot/1.0; +claudebot@anthropic.com)"
216.73.216.135 - - [04/Apr/2026:01:31:23 -0400] "GET /gender/t,f,c/ethnicity/black/languages/Croatian?sortOrder=mostViewed HTTP/1.1" 200 18779 "-" "Mozilla/5.0 AppleWebKit/537.36 (KHTML, like Gecko; compatible; ClaudeBot/1.0; +claudebot@anthropic.com)"
216.73.216.135 - - [04/Apr/2026:01:31:23 -0400] "GET /status/offline/gender/c,m,f,t/languages/Afrikaans?sortOrder=leastViewed HTTP/1.1" 200 19144 "-" "Mozilla/5.0 AppleWebKit/537.36 (KHTML, like Gecko; compatible; ClaudeBot/1.0; +claudebot@anthropic.com)"
216.73.216.135 - - [04/Apr/2026:01:31:23 -0400] "GET /gender/c,t/age/20-29/ethnicity/islander/languages/Finnish HTTP/1.1" 200 18992 "-" "Mozilla/5.0 AppleWebKit/537.36 (KHTML, like Gecko; compatible; ClaudeBot/1.0; +claudebot@anthropic.com)"
216.73.216.135 - - [04/Apr/2026:01:31:23 -0400] "GET /status/online,offline/gender/c/languages/greek?sortOrder=recent HTTP/1.1" 200 18574 "-" "Mozilla/5.0 AppleWebKit/537.36 (KHTML, like Gecko; compatible; ClaudeBot/1.0; +claudebot@anthropic.com)"
216.73.216.135 - - [04/Apr/2026:01:31:23 -0400] "GET /status/online,offline/age/40-49/ethnicity/white/languages/German?sortOrder=leastViewed HTTP/1.1" 200 19323 "-" "Mozilla/5.0 AppleWebKit/537.36 (KHTML, like Gecko; compatible; ClaudeBot/1.0; +claudebot@anthropic.com)"
216.73.216.135 - - [04/Apr/2026:01:31:23 -0400] "GET /status/offline/gender/f,m,c/ethnicity/islander/languages/Ukrainian HTTP/1.1" 200 19521 "-" "Mozilla/5.0 AppleWebKit/537.36 (KHTML, like Gecko; compatible; ClaudeBot/1.0; +claudebot@anthropic.com)"
216.73.216.135 - - [04/Apr/2026:01:31:23 -0400] "GET /gender/t/age/20-29,40-49,30-39/languages/Turkish?sortOrder=mostViewed HTTP/1.1" 200 18864 "-" "Mozilla/5.0 AppleWebKit/537.36 (KHTML, like Gecko; compatible; ClaudeBot/1.0; +claudebot@anthropic.com)"
216.73.216.135 - - [04/Apr/2026:01:31:23 -0400] "GET /status/offline/gender/m,c,t/ethnicity/black/languages/Swedish HTTP/1.1" 200 19335 "-" "Mozilla/5.0 AppleWebKit/537.36 (KHTML, like Gecko; compatible; ClaudeBot/1.0; +claudebot@anthropic.com)"
74.7.241.1 - - [04/Apr/2026:01:31:24 -0400] "GET /age/50-59/ethnicity/latest-news.php,asian,other,native,black,islander,east-indian?sortOrder=oldest HTTP/1.1" 200 20923 "https://camjab.com/age/50-59/ethnicity/latest-news.php,asian,other,native,black,islander,east-indian" "Mozilla/5.0 AppleWebKit/537.36 (KHTML, like Gecko; compatible; GPTBot/1.3; +https://openai.com/gptbot)"
216.73.216.135 - - [04/Apr/2026:01:31:24 -0400] "GET /status/online,offline/gender/c/hair/age?sortOrder=mostViewed HTTP/1.1" 200 18508 "-" "Mozilla/5.0 AppleWebKit/537.36 (KHTML, like Gecko; compatible; ClaudeBot/1.0; +claudebot@anthropic.com)"
74.7.241.25 - - [04/Apr/2026:01:31:24 -0400] "GET /age/20-29/ethnicity/other,native,black,east-indian,asian HTTP/1.1" 200 19647 "https://www.camjab.com/age/20-29/ethnicity/other,native,black,east-indian,asian,latinas" "Mozilla/5.0 AppleWebKit/537.36 (KHTML, like Gecko; compatible; GPTBot/1.3; +https://openai.com/gptbot)"
66.249.66.14 - - [04/Apr/2026:01:31:24 -0400] "GET /age/18-19,30-39,60-100/ethnicity/east-indian,asian,white,native,islander HTTP/1.1" 200 20430 "-" "Mozilla/5.0 (Linux; Android 6.0.1; Nexus 5X Build/MMB29P) AppleWebKit/537.36 (KHTML, like Gecko) Chrome/146.0.7680.177 Mobile Safari/537.36 (compatible; Googlebot/2.1; +http://www.google.com/bot.html)"
100.29.107.38 - - [04/Apr/2026:01:31:24 -0400] "GET /status/offline,online/gender/t,c,f,m/age/50-59,20-29/ethnicity/islander,east-indian,black,asian,native,latinas/languages/norwegian HTTP/1.1" 200 24725 "-" "Mozilla/5.0 AppleWebKit/537.36 (KHTML, like Gecko; compatible; Amazonbot/0.1; +https://developer.amazon.com/support/amazonbot) Chrome/119.0.6045.214 Safari/537.36"
216.73.216.135 - - [04/Apr/2026:01:31:24 -0400] "GET /gender/t,c,f,m/age/18-19/languages/Ukrainian?sortOrder=mostViewed HTTP/1.1" 200 18983 "-" "Mozilla/5.0 AppleWebKit/537.36 (KHTML, like Gecko; compatible; ClaudeBot/1.0; +claudebot@anthropic.com)"
216.73.216.135 - - [04/Apr/2026:01:31:24 -0400] "GET /gender/c,m/ethnicity/latinas,native,other/languages/Spanish?sortOrder=mostViewed HTTP/1.1" 200 19424 "-" "Mozilla/5.0 AppleWebKit/537.36 (KHTML, like Gecko; compatible; ClaudeBot/1.0; +claudebot@anthropic.com)"
216.73.216.135 - - [04/Apr/2026:01:31:24 -0400] "GET /gender/f,c,m/ethnicity/native,islander/languages/greek?sortOrder=leastViewed HTTP/1.1" 200 19265 "-" "Mozilla/5.0 AppleWebKit/537.36 (KHTML, like Gecko; compatible; ClaudeBot/1.0; +claudebot@anthropic.com)"
216.73.216.135 - - [04/Apr/2026:01:31:24 -0400] "GET /gender/f,c/age/40-49/ethnicity/white,islander/languages/Catalan?sortOrder=leastViewed HTTP/1.1" 200 19560 "-" "Mozilla/5.0 AppleWebKit/537.36 (KHTML, like Gecko; compatible; ClaudeBot/1.0; +claudebot@anthropic.com)"
216.73.216.135 - - [04/Apr/2026:01:31:24 -0400] "GET /status/offline/gender/m,c/ethnicity/other/languages/Armenian?sortOrder=youngest HTTP/1.1" 200 19165 "-" "Mozilla/5.0 AppleWebKit/537.36 (KHTML, like Gecko; compatible; ClaudeBot/1.0; +claudebot@anthropic.com)"
216.73.216.135 - - [04/Apr/2026:01:31:24 -0400] "GET /gender/f,m/age/20-29,30-39/ethnicity/native/languages/fiji?sortOrder=leastViewed HTTP/1.1" 200 19352 "-" "Mozilla/5.0 AppleWebKit/537.36 (KHTML, like Gecko; compatible; ClaudeBot/1.0; +claudebot@anthropic.com)"
216.73.216.135 - - [04/Apr/2026:01:31:24 -0400] "GET /status/offline,online/gender/m,f/ethnicity/white/languages/Croatian?sortOrder=leastViewed HTTP/1.1" 200 19657 "-" "Mozilla/5.0 AppleWebKit/537.36 (KHTML, like Gecko; compatible; ClaudeBot/1.0; +claudebot@anthropic.com)"
216.73.216.135 - - [04/Apr/2026:01:31:24 -0400] "GET /status/offline/gender/m,f,t/age/50-59/languages/Maltese?sortOrder=name HTTP/1.1" 200 19305 "-" "Mozilla/5.0 AppleWebKit/537.36 (KHTML, like Gecko; compatible; ClaudeBot/1.0; +claudebot@anthropic.com)"
216.73.216.135 - - [04/Apr/2026:01:31:24 -0400] "GET /gender/c,m/ethnicity/black/languages/english?sortOrder=youngest HTTP/1.1" 200 18443 "-" "Mozilla/5.0 AppleWebKit/537.36 (KHTML, like Gecko; compatible; ClaudeBot/1.0; +claudebot@anthropic.com)"
216.73.216.135 - - [04/Apr/2026:01:31:24 -0400] "GET /gender/f,c/ethnicity/other,native/languages/portuguese?sortOrder=name HTTP/1.1" 200 19015 "-" "Mozilla/5.0 AppleWebKit/537.36 (KHTML, like Gecko; compatible; ClaudeBot/1.0; +claudebot@anthropic.com)"
216.73.216.135 - - [04/Apr/2026:01:31:24 -0400] "GET /gender/c,m/age/50-59,18-19/languages/Polish?sortOrder=recent HTTP/1.1" 200 18709 "-" "Mozilla/5.0 AppleWebKit/537.36 (KHTML, like Gecko; compatible; ClaudeBot/1.0; +claudebot@anthropic.com)"
216.73.216.135 - - [04/Apr/2026:01:31:25 -0400] "GET /gender/c,t,f/age/18-19/ethnicity/black/languages/Dutch?sortOrder=leastViewed HTTP/1.1" 200 19225 "-" "Mozilla/5.0 AppleWebKit/537.36 (KHTML, like Gecko; compatible; ClaudeBot/1.0; +claudebot@anthropic.com)"
74.7.241.1 - - [04/Apr/2026:01:31:25 -0400] "GET /age/40-49/ethnicity/latest-news.php,other,latinas,islander,black,native,asian HTTP/1.1" 200 20670 "https://camjab.com/age/40-49/ethnicity/latest-news.php,other,latinas,islander,black,native,white,asian" "Mozilla/5.0 AppleWebKit/537.36 (KHTML, like Gecko; compatible; GPTBot/1.3; +https://openai.com/gptbot)"
216.73.216.135 - - [04/Apr/2026:01:31:25 -0400] "GET /status/online,offline/gender/c/age/60-100,50-59/languages/Dutch HTTP/1.1" 200 19490 "-" "Mozilla/5.0 AppleWebKit/537.36 (KHTML, like Gecko; compatible; ClaudeBot/1.0; +claudebot@anthropic.com)"
