216.73.216.135 - - [04/Apr/2026:01:36:00 -0400] "GET /gender/m,t/age/30-39/ethnicity/white/sites/11?sortOrder=oldest HTTP/1.1" 200 18741 "-" "Mozilla/5.0 AppleWebKit/537.36 (KHTML, like Gecko; compatible; ClaudeBot/1.0; +claudebot@anthropic.com)"
216.73.216.135 - - [04/Apr/2026:01:36:00 -0400] "GET /status/offline/gender/f,t/ethnicity/islander,asian/languages/ukrainian HTTP/1.1" 200 19675 "-" "Mozilla/5.0 AppleWebKit/537.36 (KHTML, like Gecko; compatible; ClaudeBot/1.0; +claudebot@anthropic.com)"
3.213.46.222 - - [04/Apr/2026:01:36:00 -0400] "GET /status/offline,online/gender/f,m/age/50-59,40-49,20-29/ethnicity/native,east-indian,asian,white/languages/irish HTTP/1.1" 200 23006 "-" "Mozilla/5.0 AppleWebKit/537.36 (KHTML, like Gecko; compatible; Amazonbot/0.1; +https://developer.amazon.com/support/amazonbot) Chrome/119.0.6045.214 Safari/537.36"
216.73.216.135 - - [04/Apr/2026:01:36:00 -0400] "GET /gender/f,t/age/18-19/ethnicity/native/languages/lithuanian?sortOrder=timeOnline HTTP/1.1" 200 19127 "-" "Mozilla/5.0 AppleWebKit/537.36 (KHTML, like Gecko; compatible; ClaudeBot/1.0; +claudebot@anthropic.com)"
74.7.241.1 - - [04/Apr/2026:01:36:00 -0400] "GET /age/30-39/ethnicity/latest-news.php,black,native,other,latinas,east-indian,white HTTP/1.1" 200 20790 "https://camjab.com/age/30-39/ethnicity/latest-news.php,black,native,other,islander,latinas,east-indian,white" "Mozilla/5.0 AppleWebKit/537.36 (KHTML, like Gecko; compatible; GPTBot/1.3; +https://openai.com/gptbot)"
216.73.216.135 - - [04/Apr/2026:01:36:00 -0400] "GET /status/offline/gender/t,f,m/age/30-39,60-100/languages/Italian HTTP/1.1" 200 19696 "-" "Mozilla/5.0 AppleWebKit/537.36 (KHTML, like Gecko; compatible; ClaudeBot/1.0; +claudebot@anthropic.com)"
216.73.216.135 - - [04/Apr/2026:01:36:00 -0400] "GET /gender/m,t/age/60-100/ethnicity/black/languages/hindi?sortOrder=recent HTTP/1.1" 200 18935 "-" "Mozilla/5.0 AppleWebKit/537.36 (KHTML, like Gecko; compatible; ClaudeBot/1.0; +claudebot@anthropic.com)"
74.7.241.25 - - [04/Apr/2026:01:36:00 -0400] "GET /age/30-39/ethnicity/white,native,black,other,east-indian HTTP/1.1" 200 19647 "https://www.camjab.com/age/30-39/ethnicity/white,native,latinas,black,other,east-indian" "Mozilla/5.0 AppleWebKit/537.36 (KHTML, like Gecko; compatible; GPTBot/1.3; +https://openai.com/gptbot)"
216.73.216.135 - - [04/Apr/2026:01:36:00 -0400] "GET /status/offline,online/age/20-29/ethnicity/islander,other/languages/afrikaans HTTP/1.1" 200 19893 "-" "Mozilla/5.0 AppleWebKit/537.36 (KHTML, like Gecko; compatible; ClaudeBot/1.0; +claudebot@anthropic.com)"
216.73.216.135 - - [04/Apr/2026:01:36:00 -0400] "GET /status/offline/gender/c,f/age/40-49/ethnicity/islander,white/languages/hungarian HTTP/1.1" 200 20261 "-" "Mozilla/5.0 AppleWebKit/537.36 (KHTML, like Gecko; compatible; ClaudeBot/1.0; +claudebot@anthropic.com)"
144.76.32.187 - - [04/Apr/2026:01:36:00 -0400] "GET /gender/f,m/age/20-29 HTTP/1.1" 200 17631 "-" "Mozilla/5.0 (compatible; SERankingBacklinksBot/1.0; +https://seranking.com/backlinks-crawler)"
216.73.216.135 - - [04/Apr/2026:01:36:00 -0400] "GET /gender/c,m,f/age/20-29/ethnicity/native/languages/Chinese?sortOrder=timeOnline HTTP/1.1" 200 19324 "-" "Mozilla/5.0 AppleWebKit/537.36 (KHTML, like Gecko; compatible; ClaudeBot/1.0; +claudebot@anthropic.com)"
216.73.216.135 - - [04/Apr/2026:01:36:00 -0400] "GET /status/online,offline/age/20-29/ethnicity/islander,white/languages/dutch HTTP/1.1" 200 19753 "-" "Mozilla/5.0 AppleWebKit/537.36 (KHTML, like Gecko; compatible; ClaudeBot/1.0; +claudebot@anthropic.com)"
216.73.216.135 - - [04/Apr/2026:01:36:00 -0400] "GET /status/offline/gender/t,f/age/18-19,60-100,40-49/languages/Hebrew HTTP/1.1" 200 19796 "-" "Mozilla/5.0 AppleWebKit/537.36 (KHTML, like Gecko; compatible; ClaudeBot/1.0; +claudebot@anthropic.com)"
217.113.194.14 - - [04/Apr/2026:01:36:00 -0400] "GET /status/online/gender/t/age/60-100,18-19/ethnicity/latino,other,native,islander,black HTTP/1.1" 200 21075 "-" "Mozilla/5.0 (compatible; Barkrowler/0.9; +https://babbar.tech/crawler)"
216.73.216.135 - - [04/Apr/2026:01:36:01 -0400] "GET /status/offline/gender/m,f,t/ethnicity/native,latinas/languages/thai HTTP/1.1" 200 19806 "-" "Mozilla/5.0 AppleWebKit/537.36 (KHTML, like Gecko; compatible; ClaudeBot/1.0; +claudebot@anthropic.com)"
216.73.216.135 - - [04/Apr/2026:01:36:01 -0400] "GET /gender/f,m,t/age/30-39,50-59/languages/Swedish?sortOrder=leastViewed HTTP/1.1" 200 19046 "-" "Mozilla/5.0 AppleWebKit/537.36 (KHTML, like Gecko; compatible; ClaudeBot/1.0; +claudebot@anthropic.com)"
216.73.216.135 - - [04/Apr/2026:01:36:01 -0400] "GET /status/offline/gender/f,t,m,c/ethnicity/asian/languages/English HTTP/1.1" 200 19647 "-" "Mozilla/5.0 AppleWebKit/537.36 (KHTML, like Gecko; compatible; ClaudeBot/1.0; +claudebot@anthropic.com)"
216.73.216.135 - - [04/Apr/2026:01:36:01 -0400] "GET /gender/t,f,m/age/40-49/ethnicity/islander/languages/Bulgarian?sortOrder=leastViewed HTTP/1.1" 200 19466 "-" "Mozilla/5.0 AppleWebKit/537.36 (KHTML, like Gecko; compatible; ClaudeBot/1.0; +claudebot@anthropic.com)"
216.73.216.135 - - [04/Apr/2026:01:36:01 -0400] "GET /gender/f,m/age/30-39,20-29/languages/belarusian?sortOrder=timeOnline HTTP/1.1" 200 18857 "-" "Mozilla/5.0 AppleWebKit/537.36 (KHTML, like Gecko; compatible; ClaudeBot/1.0; +claudebot@anthropic.com)"
74.7.241.1 - - [04/Apr/2026:01:36:01 -0400] "GET /age/40-49/ethnicity/latest-news.php,black,latinas,native,other,white,islander HTTP/1.1" 200 20670 "https://camjab.com/age/40-49/ethnicity/latest-news.php,east-indian,black,latinas,native,other,white,islander" "Mozilla/5.0 AppleWebKit/537.36 (KHTML, like Gecko; compatible; GPTBot/1.3; +https://openai.com/gptbot)"
216.73.216.135 - - [04/Apr/2026:01:36:01 -0400] "GET /status/online/gender/t,f,c/ethnicity/islander/languages/Italian?sortOrder=name HTTP/1.1" 200 19506 "-" "Mozilla/5.0 AppleWebKit/537.36 (KHTML, like Gecko; compatible; ClaudeBot/1.0; +claudebot@anthropic.com)"
74.7.241.25 - - [04/Apr/2026:01:36:01 -0400] "GET /age/40-49/ethnicity/east-indian,native,asian,white,black HTTP/1.1" 200 19647 "https://www.camjab.com/age/18-19,40-49/ethnicity/east-indian,native,asian,white,black" "Mozilla/5.0 AppleWebKit/537.36 (KHTML, like Gecko; compatible; GPTBot/1.3; +https://openai.com/gptbot)"
216.73.216.135 - - [04/Apr/2026:01:36:01 -0400] "GET /gender/f,m/age/60-100,50-59/ethnicity/native/languages/Chinese?sortOrder=recent HTTP/1.1" 200 19479 "-" "Mozilla/5.0 AppleWebKit/537.36 (KHTML, like Gecko; compatible; ClaudeBot/1.0; +claudebot@anthropic.com)"
216.73.216.135 - - [04/Apr/2026:01:36:01 -0400] "GET /status/online,offline/ethnicity/white,islander,black,native/languages/Irish HTTP/1.1" 200 20120 "-" "Mozilla/5.0 AppleWebKit/537.36 (KHTML, like Gecko; compatible; ClaudeBot/1.0; +claudebot@anthropic.com)"
216.73.216.135 - - [04/Apr/2026:01:36:01 -0400] "GET /gender/m,f/ethnicity/islander,white,asian/languages/Japanese?sortOrder=leastViewed HTTP/1.1" 200 19462 "-" "Mozilla/5.0 AppleWebKit/537.36 (KHTML, like Gecko; compatible; ClaudeBot/1.0; +claudebot@anthropic.com)"
216.73.216.135 - - [04/Apr/2026:01:36:01 -0400] "GET /status/offline/gender/c,f,t/ethnicity/other/languages/italian?sortOrder=leastViewed HTTP/1.1" 200 19453 "-" "Mozilla/5.0 AppleWebKit/537.36 (KHTML, like Gecko; compatible; ClaudeBot/1.0; +claudebot@anthropic.com)"
44.221.180.179 - - [04/Apr/2026:01:36:01 -0400] "GET /status/offline,online/gender/m,f,t/age/60-100,18-19,30-39/ethnicity/native,east-indian/languages/turkish HTTP/1.1" 200 22223 "-" "Mozilla/5.0 AppleWebKit/537.36 (KHTML, like Gecko; compatible; Amazonbot/0.1; +https://developer.amazon.com/support/amazonbot) Chrome/119.0.6045.214 Safari/537.36"
3.220.148.166 - - [04/Apr/2026:01:36:01 -0400] "GET /status/offline,online/gender/c,m,t/age/50-59,20-29,18-19,30-39/ethnicity/islander,white,native,east-indian,latinas/sites/1 HTTP/1.1" 200 24404 "-" "Mozilla/5.0 AppleWebKit/537.36 (KHTML, like Gecko; compatible; Amazonbot/0.1; +https://developer.amazon.com/support/amazonbot) Chrome/119.0.6045.214 Safari/537.36"
216.73.216.135 - - [04/Apr/2026:01:36:01 -0400] "GET /gender/f,m/age/20-29,40-49/ethnicity/native/languages/danish?sortOrder=oldest HTTP/1.1" 200 19407 "-" "Mozilla/5.0 AppleWebKit/537.36 (KHTML, like Gecko; compatible; ClaudeBot/1.0; +claudebot@anthropic.com)"
216.73.216.135 - - [04/Apr/2026:01:36:02 -0400] "GET /status/offline/gender/f,m/ethnicity/white,islander/languages/Indonesian?sortOrder=name HTTP/1.1" 200 19792 "-" "Mozilla/5.0 AppleWebKit/537.36 (KHTML, like Gecko; compatible; ClaudeBot/1.0; +claudebot@anthropic.com)"
216.73.216.135 - - [04/Apr/2026:01:36:02 -0400] "GET /gender/t,c,m/ethnicity/white,native,islander/languages/scots HTTP/1.1" 200 19590 "-" "Mozilla/5.0 AppleWebKit/537.36 (KHTML, like Gecko; compatible; ClaudeBot/1.0; +claudebot@anthropic.com)"
216.73.216.135 - - [04/Apr/2026:01:36:02 -0400] "GET /gender/c,t/ethnicity/white,native,black/languages/Croatian?sortOrder=leastViewed HTTP/1.1" 200 19393 "-" "Mozilla/5.0 AppleWebKit/537.36 (KHTML, like Gecko; compatible; ClaudeBot/1.0; +claudebot@anthropic.com)"
216.73.216.135 - - [04/Apr/2026:01:36:02 -0400] "GET /gender/m,t,c,f/age/30-39/languages/french?sortOrder=oldest HTTP/1.1" 200 18866 "-" "Mozilla/5.0 AppleWebKit/537.36 (KHTML, like Gecko; compatible; ClaudeBot/1.0; +claudebot@anthropic.com)"
216.73.216.135 - - [04/Apr/2026:01:36:02 -0400] "GET /gender/m,c,f/age/20-29,50-59/languages/belarusian?sortOrder=leastViewed HTTP/1.1" 200 19156 "-" "Mozilla/5.0 AppleWebKit/537.36 (KHTML, like Gecko; compatible; ClaudeBot/1.0; +claudebot@anthropic.com)"
216.73.216.135 - - [04/Apr/2026:01:36:02 -0400] "GET /gender/c,m,f/age/60-100,18-19/languages/maltese?sortOrder=leastViewed HTTP/1.1" 200 19088 "-" "Mozilla/5.0 AppleWebKit/537.36 (KHTML, like Gecko; compatible; ClaudeBot/1.0; +claudebot@anthropic.com)"
74.7.241.1 - - [04/Apr/2026:01:36:02 -0400] "GET /age/30-39/ethnicity/latest-news.php,islander,black,other,white,latinas,east-indian HTTP/1.1" 200 20870 "https://camjab.com/age/30-39/ethnicity/latest-news.php,islander,black,other,white,latinas,east-indian,asian" "Mozilla/5.0 AppleWebKit/537.36 (KHTML, like Gecko; compatible; GPTBot/1.3; +https://openai.com/gptbot)"
74.7.241.25 - - [04/Apr/2026:01:36:02 -0400] "GET /age/30-39,40-49/ethnicity/white,black,other,east-indian,native,islander HTTP/1.1" 200 20680 "https://www.camjab.com/age/30-39,40-49/ethnicity/white,black,other,east-indian,native" "Mozilla/5.0 AppleWebKit/537.36 (KHTML, like Gecko; compatible; GPTBot/1.3; +https://openai.com/gptbot)"
216.73.216.135 - - [04/Apr/2026:01:36:02 -0400] "GET /gender/f,c/age/20-29,40-49,30-39/languages/Polish HTTP/1.1" 200 19040 "-" "Mozilla/5.0 AppleWebKit/537.36 (KHTML, like Gecko; compatible; ClaudeBot/1.0; +claudebot@anthropic.com)"
216.73.216.135 - - [04/Apr/2026:01:36:02 -0400] "GET /status/online/gender/t,f/ethnicity/native,white,black/languages/Dutch HTTP/1.1" 200 19871 "-" "Mozilla/5.0 AppleWebKit/537.36 (KHTML, like Gecko; compatible; ClaudeBot/1.0; +claudebot@anthropic.com)"
216.73.216.135 - - [04/Apr/2026:01:36:02 -0400] "GET /status/online,offline/gender/f,c/age/18-19/languages/dutch?sortOrder=leastViewed HTTP/1.1" 200 19445 "-" "Mozilla/5.0 AppleWebKit/537.36 (KHTML, like Gecko; compatible; ClaudeBot/1.0; +claudebot@anthropic.com)"
216.73.216.135 - - [04/Apr/2026:01:36:02 -0400] "GET /status/offline,online/ethnicity/black,islander,native,other/languages/Russian?sortOrder=leastViewed HTTP/1.1" 200 20300 "-" "Mozilla/5.0 AppleWebKit/537.36 (KHTML, like Gecko; compatible; ClaudeBot/1.0; +claudebot@anthropic.com)"
216.73.216.135 - - [04/Apr/2026:01:36:02 -0400] "GET /gender/f,c/age/18-19,20-29/ethnicity/native/languages/faeroese?sortOrder=leastViewed HTTP/1.1" 200 19502 "-" "Mozilla/5.0 AppleWebKit/537.36 (KHTML, like Gecko; compatible; ClaudeBot/1.0; +claudebot@anthropic.com)"
216.73.216.135 - - [04/Apr/2026:01:36:03 -0400] "GET /gender/c,f/age/20-29/ethnicity/islander,black/languages/spanish HTTP/1.1" 200 19452 "-" "Mozilla/5.0 AppleWebKit/537.36 (KHTML, like Gecko; compatible; ClaudeBot/1.0; +claudebot@anthropic.com)"
23.21.227.240 - - [04/Apr/2026:01:36:03 -0400] "GET /status/offline,online/gender/c,t,f/age/18-19,30-39/ethnicity/islander,east-indian,black,native/languages/norwegian HTTP/1.1" 200 23158 "-" "Mozilla/5.0 AppleWebKit/537.36 (KHTML, like Gecko; compatible; Amazonbot/0.1; +https://developer.amazon.com/support/amazonbot) Chrome/119.0.6045.214 Safari/537.36"
216.73.216.135 - - [04/Apr/2026:01:36:03 -0400] "GET /status/offline/gender/t,f/age/50-59,60-100/languages/French?sortOrder=leastViewed HTTP/1.1" 200 19468 "-" "Mozilla/5.0 AppleWebKit/537.36 (KHTML, like Gecko; compatible; ClaudeBot/1.0; +claudebot@anthropic.com)"
216.73.216.135 - - [04/Apr/2026:01:36:03 -0400] "GET /status/online/gender/m,t,c/age/18-19/languages/French?sortOrder=leastViewed HTTP/1.1" 200 19254 "-" "Mozilla/5.0 AppleWebKit/537.36 (KHTML, like Gecko; compatible; ClaudeBot/1.0; +claudebot@anthropic.com)"
216.73.216.135 - - [04/Apr/2026:01:36:03 -0400] "GET /gender/f,m/age/20-29/ethnicity/islander,white/languages/turkish?sortOrder=leastViewed HTTP/1.1" 200 19550 "-" "Mozilla/5.0 AppleWebKit/537.36 (KHTML, like Gecko; compatible; ClaudeBot/1.0; +claudebot@anthropic.com)"
216.73.216.135 - - [04/Apr/2026:01:36:03 -0400] "GET /status/online,offline/gender/t/ethnicity/native,islander/languages/Maltese?sortOrder=leastViewed HTTP/1.1" 200 19910 "-" "Mozilla/5.0 AppleWebKit/537.36 (KHTML, like Gecko; compatible; ClaudeBot/1.0; +claudebot@anthropic.com)"
216.73.216.135 - - [04/Apr/2026:01:36:03 -0400] "GET /status/offline,online/gender/m/ethnicity/islander/languages/estonian?sortOrder=timeOnline HTTP/1.1" 200 19434 "-" "Mozilla/5.0 AppleWebKit/537.36 (KHTML, like Gecko; compatible; ClaudeBot/1.0; +claudebot@anthropic.com)"
216.73.216.135 - - [04/Apr/2026:01:36:03 -0400] "GET /gender/f,c/ethnicity/islander,asian/sites/11?sortOrder=oldest HTTP/1.1" 200 18765 "-" "Mozilla/5.0 AppleWebKit/537.36 (KHTML, like Gecko; compatible; ClaudeBot/1.0; +claudebot@anthropic.com)"
74.7.241.1 - - [04/Apr/2026:01:36:03 -0400] "GET /age/20-29,60-100/ethnicity/latest-news.php,other,black,native,white,latinas HTTP/1.1" 200 20591 "https://camjab.com/age/20-29/ethnicity/latest-news.php,other,black,native,white,latinas" "Mozilla/5.0 AppleWebKit/537.36 (KHTML, like Gecko; compatible; GPTBot/1.3; +https://openai.com/gptbot)"
74.7.241.25 - - [04/Apr/2026:01:36:03 -0400] "GET /age/20-29/ethnicity/white,black,native,east-indian,other,latinas,islander,asian HTTP/1.1" 200 21238 "https://www.camjab.com/age/18-19,20-29/ethnicity/white,black,native,east-indian,other,latinas,islander,asian" "Mozilla/5.0 AppleWebKit/537.36 (KHTML, like Gecko; compatible; GPTBot/1.3; +https://openai.com/gptbot)"
216.73.216.135 - - [04/Apr/2026:01:36:03 -0400] "GET /status/online/gender/c,m/ethnicity/white,latinas/languages/English HTTP/1.1" 200 19526 "-" "Mozilla/5.0 AppleWebKit/537.36 (KHTML, like Gecko; compatible; ClaudeBot/1.0; +claudebot@anthropic.com)"
216.73.216.135 - - [04/Apr/2026:01:36:03 -0400] "GET /gender/t,c/ethnicity/white,black,native/languages/catalan?sortOrder=oldest HTTP/1.1" 200 19343 "-" "Mozilla/5.0 AppleWebKit/537.36 (KHTML, like Gecko; compatible; ClaudeBot/1.0; +claudebot@anthropic.com)"
216.73.216.135 - - [04/Apr/2026:01:36:03 -0400] "GET /gender/c,f/age/18-19/ethnicity/native,black/languages/Fiji?sortOrder=recent HTTP/1.1" 200 19366 "-" "Mozilla/5.0 AppleWebKit/537.36 (KHTML, like Gecko; compatible; ClaudeBot/1.0; +claudebot@anthropic.com)"
216.73.216.135 - - [04/Apr/2026:01:36:03 -0400] "GET /gender/f,t/ethnicity/other,latinas/languages/belarusian?sortOrder=leastViewed HTTP/1.1" 200 19067 "-" "Mozilla/5.0 AppleWebKit/537.36 (KHTML, like Gecko; compatible; ClaudeBot/1.0; +claudebot@anthropic.com)"
216.73.216.135 - - [04/Apr/2026:01:36:04 -0400] "GET /gender/m,c,f/age/40-49,50-59/languages/Italian?sortOrder=name HTTP/1.1" 200 19030 "-" "Mozilla/5.0 AppleWebKit/537.36 (KHTML, like Gecko; compatible; ClaudeBot/1.0; +claudebot@anthropic.com)"
217.113.194.20 - - [04/Apr/2026:01:36:04 -0400] "GET /status/offline/gender/t,f,m/age/60-100,30-39,50-59/languages/english HTTP/1.1" 200 20357 "-" "Mozilla/5.0 (compatible; Barkrowler/0.9; +https://babbar.tech/crawler)"
216.73.216.135 - - [04/Apr/2026:01:36:04 -0400] "GET /gender/t,c/ethnicity/other,islander/languages/serbian?sortOrder=oldest HTTP/1.1" 200 18986 "-" "Mozilla/5.0 AppleWebKit/537.36 (KHTML, like Gecko; compatible; ClaudeBot/1.0; +claudebot@anthropic.com)"
54.157.99.244 - - [04/Apr/2026:01:36:04 -0400] "GET /status/offline/gender/f,c,t/ethnicity/islander,east-indian,black,white HTTP/1.1" 200 20618 "-" "Mozilla/5.0 AppleWebKit/537.36 (KHTML, like Gecko; compatible; Amazonbot/0.1; +https://developer.amazon.com/support/amazonbot) Chrome/119.0.6045.214 Safari/537.36"
216.73.216.135 - - [04/Apr/2026:01:36:04 -0400] "GET /gender/f,t/age/18-19,30-39/ethnicity/native/languages/Malay HTTP/1.1" 200 19284 "-" "Mozilla/5.0 AppleWebKit/537.36 (KHTML, like Gecko; compatible; ClaudeBot/1.0; +claudebot@anthropic.com)"
216.73.216.135 - - [04/Apr/2026:01:36:04 -0400] "GET /gender/f,t/age/40-49/ethnicity/white,islander/languages/maltese?sortOrder=leastViewed HTTP/1.1" 200 19555 "-" "Mozilla/5.0 AppleWebKit/537.36 (KHTML, like Gecko; compatible; ClaudeBot/1.0; +claudebot@anthropic.com)"
216.73.216.135 - - [04/Apr/2026:01:36:04 -0400] "GET /gender/m,c/age/18-19,50-59/languages/Romanian?sortOrder=oldest HTTP/1.1" 200 18777 "-" "Mozilla/5.0 AppleWebKit/537.36 (KHTML, like Gecko; compatible; ClaudeBot/1.0; +claudebot@anthropic.com)"
216.73.216.135 - - [04/Apr/2026:01:36:04 -0400] "GET /gender/t,c,m/ethnicity/east-indian/languages/Greek HTTP/1.1" 200 18778 "-" "Mozilla/5.0 AppleWebKit/537.36 (KHTML, like Gecko; compatible; ClaudeBot/1.0; +claudebot@anthropic.com)"
216.73.216.135 - - [04/Apr/2026:01:36:04 -0400] "GET /gender/f,m,c,t/ethnicity/other/languages/Bulgarian HTTP/1.1" 200 18995 "-" "Mozilla/5.0 AppleWebKit/537.36 (KHTML, like Gecko; compatible; ClaudeBot/1.0; +claudebot@anthropic.com)"
74.7.241.1 - - [04/Apr/2026:01:36:04 -0400] "GET /age/50-59/ethnicity/latest-news.php,asian,other,black,islander,east-indian,native?sortOrder=leastViewed HTTP/1.1" 200 20938 "https://camjab.com/age/50-59/ethnicity/latest-news.php,asian,other,black,islander,east-indian,native" "Mozilla/5.0 AppleWebKit/537.36 (KHTML, like Gecko; compatible; GPTBot/1.3; +https://openai.com/gptbot)"
74.7.241.25 - - [04/Apr/2026:01:36:04 -0400] "GET /age/30-39/ethnicity/white,black,native,east-indian,other,latinas,islander,asian HTTP/1.1" 200 21238 "https://www.camjab.com/age/18-19,30-39/ethnicity/white,black,native,east-indian,other,latinas,islander,asian" "Mozilla/5.0 AppleWebKit/537.36 (KHTML, like Gecko; compatible; GPTBot/1.3; +https://openai.com/gptbot)"
216.73.216.135 - - [04/Apr/2026:01:36:04 -0400] "GET /gender/f,t,m/age/20-29/ethnicity/islander,native/languages/German HTTP/1.1" 200 19753 "-" "Mozilla/5.0 AppleWebKit/537.36 (KHTML, like Gecko; compatible; ClaudeBot/1.0; +claudebot@anthropic.com)"
216.73.216.135 - - [04/Apr/2026:01:36:04 -0400] "GET /gender/m,c/age/18-19/ethnicity/other,native/languages/Hindi?sortOrder=leastViewed HTTP/1.1" 200 19406 "-" "Mozilla/5.0 AppleWebKit/537.36 (KHTML, like Gecko; compatible; ClaudeBot/1.0; +claudebot@anthropic.com)"
216.73.216.135 - - [04/Apr/2026:01:36:04 -0400] "GET /gender/m,f/ethnicity/other,white/languages/Hindi?sortOrder=youngest HTTP/1.1" 200 18811 "-" "Mozilla/5.0 AppleWebKit/537.36 (KHTML, like Gecko; compatible; ClaudeBot/1.0; +claudebot@anthropic.com)"
216.73.216.135 - - [04/Apr/2026:01:36:04 -0400] "GET /gender/c,f/age/30-39/ethnicity/other,white/languages/turkish?sortOrder=leastViewed HTTP/1.1" 200 19449 "-" "Mozilla/5.0 AppleWebKit/537.36 (KHTML, like Gecko; compatible; ClaudeBot/1.0; +claudebot@anthropic.com)"
216.73.216.135 - - [04/Apr/2026:01:36:05 -0400] "GET /status/online/gender/ethnicity,c/age/18-19/ethnicity/native?sortOrder=timeOnline HTTP/1.1" 200 19248 "-" "Mozilla/5.0 AppleWebKit/537.36 (KHTML, like Gecko; compatible; ClaudeBot/1.0; +claudebot@anthropic.com)"
216.73.216.135 - - [04/Apr/2026:01:36:05 -0400] "GET /gender/t,m/age/30-39/ethnicity/native,other/languages/serbian?sortOrder=leastViewed HTTP/1.1" 200 19471 "-" "Mozilla/5.0 AppleWebKit/537.36 (KHTML, like Gecko; compatible; ClaudeBot/1.0; +claudebot@anthropic.com)"
216.73.216.135 - - [04/Apr/2026:01:36:05 -0400] "GET /status/online/gender/c,m/age/40-49,30-39/languages/French?sortOrder=leastViewed HTTP/1.1" 200 19389 "-" "Mozilla/5.0 AppleWebKit/537.36 (KHTML, like Gecko; compatible; ClaudeBot/1.0; +claudebot@anthropic.com)"
216.73.216.135 - - [04/Apr/2026:01:36:05 -0400] "GET /gender/f,t,c/age/20-29/languages/azerbaijani?sortOrder=oldest HTTP/1.1" 200 18758 "-" "Mozilla/5.0 AppleWebKit/537.36 (KHTML, like Gecko; compatible; ClaudeBot/1.0; +claudebot@anthropic.com)"
216.73.216.135 - - [04/Apr/2026:01:36:05 -0400] "GET /gender/f,m/age/60-100,50-59/ethnicity/native/languages/Croatian HTTP/1.1" 200 19421 "-" "Mozilla/5.0 AppleWebKit/537.36 (KHTML, like Gecko; compatible; ClaudeBot/1.0; +claudebot@anthropic.com)"
216.73.216.135 - - [04/Apr/2026:01:36:05 -0400] "GET /gender/c,f/age/60-100/ethnicity/native,black/languages/Fiji?sortOrder=recent HTTP/1.1" 200 19403 "-" "Mozilla/5.0 AppleWebKit/537.36 (KHTML, like Gecko; compatible; ClaudeBot/1.0; +claudebot@anthropic.com)"
216.73.216.135 - - [04/Apr/2026:01:36:05 -0400] "GET /gender/m,f/ethnicity/black,asian/languages/czech?sortOrder=oldest HTTP/1.1" 200 18805 "-" "Mozilla/5.0 AppleWebKit/537.36 (KHTML, like Gecko; compatible; ClaudeBot/1.0; +claudebot@anthropic.com)"
216.73.216.135 - - [04/Apr/2026:01:36:05 -0400] "GET /status/online/gender/m,f/ethnicity/native,islander/languages/greek?sortOrder=leastViewed HTTP/1.1" 200 19638 "-" "Mozilla/5.0 AppleWebKit/537.36 (KHTML, like Gecko; compatible; ClaudeBot/1.0; +claudebot@anthropic.com)"
74.7.241.1 - - [04/Apr/2026:01:36:05 -0400] "GET /age/30-39/ethnicity/latest-news.php,native,other,white,east-indian,islander,black HTTP/1.1" 200 20830 "https://camjab.com/age/30-39/ethnicity/latest-news.php,native,other,white,latinas,east-indian,islander,black" "Mozilla/5.0 AppleWebKit/537.36 (KHTML, like Gecko; compatible; GPTBot/1.3; +https://openai.com/gptbot)"
74.7.241.25 - - [04/Apr/2026:01:36:05 -0400] "GET /age/50-59/ethnicity/white,black,native,east-indian,other,latinas,islander,asian HTTP/1.1" 200 21238 "https://www.camjab.com/age/18-19,50-59/ethnicity/white,black,native,east-indian,other,latinas,islander,asian" "Mozilla/5.0 AppleWebKit/537.36 (KHTML, like Gecko; compatible; GPTBot/1.3; +https://openai.com/gptbot)"
216.73.216.135 - - [04/Apr/2026:01:36:05 -0400] "GET /gender/c,m/ethnicity/latino,native,white/languages/german?sortOrder=leastViewed HTTP/1.1" 200 19308 "-" "Mozilla/5.0 AppleWebKit/537.36 (KHTML, like Gecko; compatible; ClaudeBot/1.0; +claudebot@anthropic.com)"
52.4.238.8 - - [04/Apr/2026:01:36:05 -0400] "GET /status/online,offline/gender/c,t,m,f/age/18-19,30-39/ethnicity/east-indian,white,native,black/languages/hindi HTTP/1.1" 200 22993 "-" "Mozilla/5.0 AppleWebKit/537.36 (KHTML, like Gecko; compatible; Amazonbot/0.1; +https://developer.amazon.com/support/amazonbot) Chrome/119.0.6045.214 Safari/537.36"
216.73.216.135 - - [04/Apr/2026:01:36:05 -0400] "GET /gender/c,t,m/ethnicity/other/languages/maltese?sortOrder=oldest HTTP/1.1" 200 18723 "-" "Mozilla/5.0 AppleWebKit/537.36 (KHTML, like Gecko; compatible; ClaudeBot/1.0; +claudebot@anthropic.com)"
216.73.216.135 - - [04/Apr/2026:01:36:05 -0400] "GET /gender/t,m/ethnicity/native,white,asian/languages/German?sortOrder=recent HTTP/1.1" 200 19298 "-" "Mozilla/5.0 AppleWebKit/537.36 (KHTML, like Gecko; compatible; ClaudeBot/1.0; +claudebot@anthropic.com)"
54.152.163.42 - - [04/Apr/2026:01:36:05 -0400] "GET /status/offline/gender/f,c,m/age/50-59,60-100,20-29,30-39/ethnicity/east-indian,asian,latinas,white/languages/hindi HTTP/1.1" 200 23413 "-" "Mozilla/5.0 AppleWebKit/537.36 (KHTML, like Gecko; compatible; Amazonbot/0.1; +https://developer.amazon.com/support/amazonbot) Chrome/119.0.6045.214 Safari/537.36"
216.73.216.135 - - [04/Apr/2026:01:36:06 -0400] "GET /gender/m,c,f/age/20-29/ethnicity/native/languages/Chinese?sortOrder=timeOnline HTTP/1.1" 200 19324 "-" "Mozilla/5.0 AppleWebKit/537.36 (KHTML, like Gecko; compatible; ClaudeBot/1.0; +claudebot@anthropic.com)"
216.73.216.135 - - [04/Apr/2026:01:36:06 -0400] "GET /gender/f,m/age/40-49/ethnicity/black,native,other/languages/Scots HTTP/1.1" 200 19741 "-" "Mozilla/5.0 AppleWebKit/537.36 (KHTML, like Gecko; compatible; ClaudeBot/1.0; +claudebot@anthropic.com)"
216.73.216.135 - - [04/Apr/2026:01:36:06 -0400] "GET /status/online/gender/t,c/ethnicity/native,white/languages/Catalan?sortOrder=recent HTTP/1.1" 200 19587 "-" "Mozilla/5.0 AppleWebKit/537.36 (KHTML, like Gecko; compatible; ClaudeBot/1.0; +claudebot@anthropic.com)"
216.73.216.135 - - [04/Apr/2026:01:36:06 -0400] "GET /gender/m,f/ethnicity/black,white,other/languages/French HTTP/1.1" 200 19173 "-" "Mozilla/5.0 AppleWebKit/537.36 (KHTML, like Gecko; compatible; ClaudeBot/1.0; +claudebot@anthropic.com)"
216.73.216.135 - - [04/Apr/2026:01:36:06 -0400] "GET /gender/m,f/ethnicity/white,native,asian/languages/Thai?sortOrder=leastViewed HTTP/1.1" 200 19248 "-" "Mozilla/5.0 AppleWebKit/537.36 (KHTML, like Gecko; compatible; ClaudeBot/1.0; +claudebot@anthropic.com)"
216.73.216.135 - - [04/Apr/2026:01:36:06 -0400] "GET /gender/f,m/ethnicity/native,black,asian/languages/kurdish?sortOrder=leastViewed HTTP/1.1" 200 19353 "-" "Mozilla/5.0 AppleWebKit/537.36 (KHTML, like Gecko; compatible; ClaudeBot/1.0; +claudebot@anthropic.com)"
216.73.216.135 - - [04/Apr/2026:01:36:06 -0400] "GET /status/offline/gender/f,t/ethnicity/black,asian/languages/Croatian HTTP/1.1" 200 19529 "-" "Mozilla/5.0 AppleWebKit/537.36 (KHTML, like Gecko; compatible; ClaudeBot/1.0; +claudebot@anthropic.com)"
74.7.241.1 - - [04/Apr/2026:01:36:06 -0400] "GET /age/20-29/ethnicity/latest-news.php,islander,other,white,latinas,black HTTP/1.1" 200 20164 "https://camjab.com/age/20-29/ethnicity/latest-news.php,islander,other,white,latinas" "Mozilla/5.0 AppleWebKit/537.36 (KHTML, like Gecko; compatible; GPTBot/1.3; +https://openai.com/gptbot)"
216.73.216.135 - - [04/Apr/2026:01:36:06 -0400] "GET /status/offline/gender/t,c/age/20-29/ethnicity/native,islander/languages/Danish HTTP/1.1" 200 20186 "-" "Mozilla/5.0 AppleWebKit/537.36 (KHTML, like Gecko; compatible; ClaudeBot/1.0; +claudebot@anthropic.com)"
216.73.216.135 - - [04/Apr/2026:01:36:06 -0400] "GET /status/offline,online/gender/c/ethnicity/native,asian/languages/Thai?sortOrder=leastViewed HTTP/1.1" 200 19699 "-" "Mozilla/5.0 AppleWebKit/537.36 (KHTML, like Gecko; compatible; ClaudeBot/1.0; +claudebot@anthropic.com)"
74.7.241.25 - - [04/Apr/2026:01:36:06 -0400] "GET /age/40-49/ethnicity/white,black,native,east-indian,other,latinas,islander,asian HTTP/1.1" 200 21238 "https://www.camjab.com/age/18-19,40-49/ethnicity/white,black,native,east-indian,other,latinas,islander,asian" "Mozilla/5.0 AppleWebKit/537.36 (KHTML, like Gecko; compatible; GPTBot/1.3; +https://openai.com/gptbot)"
216.73.216.135 - - [04/Apr/2026:01:36:06 -0400] "GET /status/offline/gender/t,c,f/age/50-59/languages/vietnamese?sortOrder=oldest HTTP/1.1" 200 19426 "-" "Mozilla/5.0 AppleWebKit/537.36 (KHTML, like Gecko; compatible; ClaudeBot/1.0; +claudebot@anthropic.com)"
216.73.216.135 - - [04/Apr/2026:01:36:06 -0400] "GET /status/offline,online/ethnicity/white,native,other,islander/sites/3?sortOrder=leastViewed HTTP/1.1" 200 19996 "-" "Mozilla/5.0 AppleWebKit/537.36 (KHTML, like Gecko; compatible; ClaudeBot/1.0; +claudebot@anthropic.com)"
216.73.216.135 - - [04/Apr/2026:01:36:07 -0400] "GET /gender/t,f/ethnicity/native,other/languages/croatian?sortOrder=oldest HTTP/1.1" 200 18948 "-" "Mozilla/5.0 AppleWebKit/537.36 (KHTML, like Gecko; compatible; ClaudeBot/1.0; +claudebot@anthropic.com)"
184.73.35.182 - - [04/Apr/2026:01:36:07 -0400] "GET /status/online,offline/gender/m,c,t/age/18-19,30-39,60-100/ethnicity/white,islander/languages/english HTTP/1.1" 200 22283 "-" "Mozilla/5.0 AppleWebKit/537.36 (KHTML, like Gecko; compatible; Amazonbot/0.1; +https://developer.amazon.com/support/amazonbot) Chrome/119.0.6045.214 Safari/537.36"
216.73.216.135 - - [04/Apr/2026:01:36:07 -0400] "GET /status/offline/gender/m,f/ethnicity/native,white,black/languages/estonian HTTP/1.1" 200 20012 "-" "Mozilla/5.0 AppleWebKit/537.36 (KHTML, like Gecko; compatible; ClaudeBot/1.0; +claudebot@anthropic.com)"
216.73.216.135 - - [04/Apr/2026:01:36:07 -0400] "GET /gender/f,c/age/18-19/ethnicity/native,asian/languages/catalan?sortOrder=recent HTTP/1.1" 200 19471 "-" "Mozilla/5.0 AppleWebKit/537.36 (KHTML, like Gecko; compatible; ClaudeBot/1.0; +claudebot@anthropic.com)"
144.76.32.187 - - [04/Apr/2026:01:36:07 -0400] "GET /tags/18/gender/c,t,f HTTP/1.1" 200 17777 "-" "Mozilla/5.0 (compatible; SERankingBacklinksBot/1.0; +https://seranking.com/backlinks-crawler)"
216.73.216.135 - - [04/Apr/2026:01:36:07 -0400] "GET /gender/m,t/age/50-59,18-19/languages/Hungarian?sortOrder=leastViewed HTTP/1.1" 200 18821 "-" "Mozilla/5.0 AppleWebKit/537.36 (KHTML, like Gecko; compatible; ClaudeBot/1.0; +claudebot@anthropic.com)"
216.73.216.135 - - [04/Apr/2026:01:36:07 -0400] "GET /gender/c,f/age/30-39,60-100,50-59/languages/Scots?sortOrder=leastViewed HTTP/1.1" 200 19150 "-" "Mozilla/5.0 AppleWebKit/537.36 (KHTML, like Gecko; compatible; ClaudeBot/1.0; +claudebot@anthropic.com)"
216.73.216.135 - - [04/Apr/2026:01:36:07 -0400] "GET /status/offline,online/ethnicity/native,white,other,islander/languages/romanian HTTP/1.1" 200 20228 "-" "Mozilla/5.0 AppleWebKit/537.36 (KHTML, like Gecko; compatible; ClaudeBot/1.0; +claudebot@anthropic.com)"
216.73.216.135 - - [04/Apr/2026:01:36:07 -0400] "GET /gender/f,t/ethnicity/other,native,white/languages/malay?sortOrder=name HTTP/1.1" 200 19267 "-" "Mozilla/5.0 AppleWebKit/537.36 (KHTML, like Gecko; compatible; ClaudeBot/1.0; +claudebot@anthropic.com)"
216.73.216.135 - - [04/Apr/2026:01:36:07 -0400] "GET /gender/f,m/ethnicity/native,other/languages/greek?sortOrder=timeOnline HTTP/1.1" 200 18853 "-" "Mozilla/5.0 AppleWebKit/537.36 (KHTML, like Gecko; compatible; ClaudeBot/1.0; +claudebot@anthropic.com)"
74.7.241.1 - - [04/Apr/2026:01:36:07 -0400] "GET /age/18-19/ethnicity/latest-news.php,native,black,east-indian,latinas,other HTTP/1.1" 200 20320 "https://camjab.com/age/18-19/ethnicity/latest-news.php,native,black,east-indian,islander,latinas,other" "Mozilla/5.0 AppleWebKit/537.36 (KHTML, like Gecko; compatible; GPTBot/1.3; +https://openai.com/gptbot)"
216.73.216.135 - - [04/Apr/2026:01:36:07 -0400] "GET /status/online/gender/m,f/age/40-49,30-39/languages/faeroese?sortOrder=leastViewed HTTP/1.1" 200 19459 "-" "Mozilla/5.0 AppleWebKit/537.36 (KHTML, like Gecko; compatible; ClaudeBot/1.0; +claudebot@anthropic.com)"
216.73.216.135 - - [04/Apr/2026:01:36:07 -0400] "GET /status/online/gender/c,t/age/40-49,60-100/languages/Dutch?sortOrder=recent HTTP/1.1" 200 19381 "-" "Mozilla/5.0 AppleWebKit/537.36 (KHTML, like Gecko; compatible; ClaudeBot/1.0; +claudebot@anthropic.com)"
74.7.241.25 - - [04/Apr/2026:01:36:07 -0400] "GET /age/40-49/ethnicity/native,east-indian,black,other,white HTTP/1.1" 200 19647 "https://www.camjab.com/age/40-49/ethnicity/native,east-indian,black,other,islander,white" "Mozilla/5.0 AppleWebKit/537.36 (KHTML, like Gecko; compatible; GPTBot/1.3; +https://openai.com/gptbot)"
216.73.216.135 - - [04/Apr/2026:01:36:07 -0400] "GET /status/offline,online/age/50-59/ethnicity/white,islander/languages/Thai HTTP/1.1" 200 19718 "-" "Mozilla/5.0 AppleWebKit/537.36 (KHTML, like Gecko; compatible; ClaudeBot/1.0; +claudebot@anthropic.com)"
34.234.206.30 - - [04/Apr/2026:01:36:08 -0400] "GET /status/offline/gender/t,m,f/age/18-19,60-100/ethnicity/islander,native,black,east-indian,latinas,asian/languages/hindi HTTP/1.1" 200 23598 "-" "Mozilla/5.0 AppleWebKit/537.36 (KHTML, like Gecko; compatible; Amazonbot/0.1; +https://developer.amazon.com/support/amazonbot) Chrome/119.0.6045.214 Safari/537.36"
216.73.216.135 - - [04/Apr/2026:01:36:08 -0400] "GET /gender/c,t/age/30-39/ethnicity/native,black/languages/vietnamese?sortOrder=leastViewed HTTP/1.1" 200 19586 "-" "Mozilla/5.0 AppleWebKit/537.36 (KHTML, like Gecko; compatible; ClaudeBot/1.0; +claudebot@anthropic.com)"
216.73.216.135 - - [04/Apr/2026:01:36:08 -0400] "GET /status/offline/gender/c,m,f/age/40-49,20-29/languages/Vietnamese HTTP/1.1" 200 19771 "-" "Mozilla/5.0 AppleWebKit/537.36 (KHTML, like Gecko; compatible; ClaudeBot/1.0; +claudebot@anthropic.com)"
216.73.216.135 - - [04/Apr/2026:01:36:08 -0400] "GET /gender/c,f/ethnicity/black,native,asian/languages/swedish?sortOrder=leastViewed HTTP/1.1" 200 19363 "-" "Mozilla/5.0 AppleWebKit/537.36 (KHTML, like Gecko; compatible; ClaudeBot/1.0; +claudebot@anthropic.com)"
216.73.216.135 - - [04/Apr/2026:01:36:08 -0400] "GET /status/offline/gender/m,t,c/age/18-19/languages/swedish?sortOrder=oldest HTTP/1.1" 200 19311 "-" "Mozilla/5.0 AppleWebKit/537.36 (KHTML, like Gecko; compatible; ClaudeBot/1.0; +claudebot@anthropic.com)"
216.73.216.135 - - [04/Apr/2026:01:36:08 -0400] "GET /gender/c,m,f/age/18-19,50-59/languages/Norwegian?sortOrder=leastViewed HTTP/1.1" 200 19121 "-" "Mozilla/5.0 AppleWebKit/537.36 (KHTML, like Gecko; compatible; ClaudeBot/1.0; +claudebot@anthropic.com)"
216.73.216.135 - - [04/Apr/2026:01:36:08 -0400] "GET /status/offline/gender/m,c,f/age/40-49,20-29/languages/Vietnamese HTTP/1.1" 200 19771 "-" "Mozilla/5.0 AppleWebKit/537.36 (KHTML, like Gecko; compatible; ClaudeBot/1.0; +claudebot@anthropic.com)"
216.73.216.135 - - [04/Apr/2026:01:36:08 -0400] "GET /status/online/gender/c,m,t/age/20-29/languages/kashmiri HTTP/1.1" 200 19216 "-" "Mozilla/5.0 AppleWebKit/537.36 (KHTML, like Gecko; compatible; ClaudeBot/1.0; +claudebot@anthropic.com)"
216.73.216.135 - - [04/Apr/2026:01:36:08 -0400] "GET /status/online,offline/gender/c/age/60-100,20-29/languages/Spanish HTTP/1.1" 200 19560 "-" "Mozilla/5.0 AppleWebKit/537.36 (KHTML, like Gecko; compatible; ClaudeBot/1.0; +claudebot@anthropic.com)"
216.73.216.135 - - [04/Apr/2026:01:36:08 -0400] "GET /gender/c,f/age/40-49/ethnicity/asian/languages/kurdish?sortOrder=timeOnline HTTP/1.1" 200 18994 "-" "Mozilla/5.0 AppleWebKit/537.36 (KHTML, like Gecko; compatible; ClaudeBot/1.0; +claudebot@anthropic.com)"
74.7.241.1 - - [04/Apr/2026:01:36:08 -0400] "GET /age/40-49/ethnicity/latest-news.php,black,native,white,other,east-indian,latinas HTTP/1.1" 200 20790 "https://camjab.com/age/40-49/ethnicity/latest-news.php,black,native,white,other,east-indian,asian,latinas" "Mozilla/5.0 AppleWebKit/537.36 (KHTML, like Gecko; compatible; GPTBot/1.3; +https://openai.com/gptbot)"
216.73.216.135 - - [04/Apr/2026:01:36:08 -0400] "GET /gender/t,f/age/40-49/ethnicity/black,other/languages/malay?sortOrder=leastViewed HTTP/1.1" 200 19374 "-" "Mozilla/5.0 AppleWebKit/537.36 (KHTML, like Gecko; compatible; ClaudeBot/1.0; +claudebot@anthropic.com)"
74.7.241.25 - - [04/Apr/2026:01:36:08 -0400] "GET /age/18-19/ethnicity/asian,black,east-indian,white,native,other HTTP/1.1" 200 20097 "https://www.camjab.com/age/18-19/ethnicity/asian,black,east-indian,white,native" "Mozilla/5.0 AppleWebKit/537.36 (KHTML, like Gecko; compatible; GPTBot/1.3; +https://openai.com/gptbot)"
216.73.216.135 - - [04/Apr/2026:01:36:08 -0400] "GET /status/offline/gender/m,f/ethnicity/latinas,black/languages/Kurdish?sortOrder=leastViewed HTTP/1.1" 200 19671 "-" "Mozilla/5.0 AppleWebKit/537.36 (KHTML, like Gecko; compatible; ClaudeBot/1.0; +claudebot@anthropic.com)"
216.73.216.135 - - [04/Apr/2026:01:36:09 -0400] "GET /status/online/gender/c,m/ethnicity/islander,other/languages/Kurdish HTTP/1.1" 200 19563 "-" "Mozilla/5.0 AppleWebKit/537.36 (KHTML, like Gecko; compatible; ClaudeBot/1.0; +claudebot@anthropic.com)"
216.73.216.135 - - [04/Apr/2026:01:36:09 -0400] "GET /gender/m,t/ethnicity/white,native/languages/slovak?sortOrder=youngest HTTP/1.1" 200 18876 "-" "Mozilla/5.0 AppleWebKit/537.36 (KHTML, like Gecko; compatible; ClaudeBot/1.0; +claudebot@anthropic.com)"
216.73.216.135 - - [04/Apr/2026:01:36:09 -0400] "GET /gender/t,f/age/20-29,50-59/ethnicity/native/languages/English?sortOrder=recent HTTP/1.1" 200 19447 "-" "Mozilla/5.0 AppleWebKit/537.36 (KHTML, like Gecko; compatible; ClaudeBot/1.0; +claudebot@anthropic.com)"
216.73.216.135 - - [04/Apr/2026:01:36:09 -0400] "GET /gender/f,m/age/40-49,60-100/ethnicity/native/languages/korean HTTP/1.1" 200 19351 "-" "Mozilla/5.0 AppleWebKit/537.36 (KHTML, like Gecko; compatible; ClaudeBot/1.0; +claudebot@anthropic.com)"
216.73.216.135 - - [04/Apr/2026:01:36:09 -0400] "GET /status/online/gender/t,m,c/ethnicity/white,native/languages/Irish HTTP/1.1" 200 19728 "-" "Mozilla/5.0 AppleWebKit/537.36 (KHTML, like Gecko; compatible; ClaudeBot/1.0; +claudebot@anthropic.com)"
216.73.216.135 - - [04/Apr/2026:01:36:09 -0400] "GET /status/offline/gender/f,t/ethnicity/native,black,white/languages/norwegian HTTP/1.1" 200 20053 "-" "Mozilla/5.0 AppleWebKit/537.36 (KHTML, like Gecko; compatible; ClaudeBot/1.0; +claudebot@anthropic.com)"
216.73.216.135 - - [04/Apr/2026:01:36:09 -0400] "GET /gender/c,t/ethnicity/islander,black/languages/french?sortOrder=oldest HTTP/1.1" 200 18952 "-" "Mozilla/5.0 AppleWebKit/537.36 (KHTML, like Gecko; compatible; ClaudeBot/1.0; +claudebot@anthropic.com)"
216.73.216.135 - - [04/Apr/2026:01:36:09 -0400] "GET /gender/f,m/age/40-49/ethnicity/east-indian/languages/scots?sortOrder=recent HTTP/1.1" 200 19120 "-" "Mozilla/5.0 AppleWebKit/537.36 (KHTML, like Gecko; compatible; ClaudeBot/1.0; +claudebot@anthropic.com)"
74.7.241.1 - - [04/Apr/2026:01:36:09 -0400] "GET /age/20-29/ethnicity/latest-news.php,white,black,native,islander,other,latinas HTTP/1.1" 200 20670 "https://camjab.com/age/20-29/ethnicity/latest-news.php,white,black,native,islander,east-indian,other,latinas" "Mozilla/5.0 AppleWebKit/537.36 (KHTML, like Gecko; compatible; GPTBot/1.3; +https://openai.com/gptbot)"
216.73.216.135 - - [04/Apr/2026:01:36:09 -0400] "GET /status/online/gender/m,f/ethnicity/islander,black/sites/11 HTTP/1.1" 200 19328 "-" "Mozilla/5.0 AppleWebKit/537.36 (KHTML, like Gecko; compatible; ClaudeBot/1.0; +claudebot@anthropic.com)"
216.73.216.135 - - [04/Apr/2026:01:36:09 -0400] "GET /status/online/gender/c,t/age/20-29/ethnicity/native/languages/afrikaans HTTP/1.1" 200 19667 "-" "Mozilla/5.0 AppleWebKit/537.36 (KHTML, like Gecko; compatible; ClaudeBot/1.0; +claudebot@anthropic.com)"
216.73.216.135 - - [04/Apr/2026:01:36:09 -0400] "GET /status/offline,online/gender/f/age/30-39/ethnicity/white,native/languages/Romanian HTTP/1.1" 200 20314 "-" "Mozilla/5.0 AppleWebKit/537.36 (KHTML, like Gecko; compatible; ClaudeBot/1.0; +claudebot@anthropic.com)"
74.7.241.25 - - [04/Apr/2026:01:36:09 -0400] "GET /age/30-39/ethnicity/black,asian,east-indian,other,native HTTP/1.1" 200 19647 "https://www.camjab.com/age/30-39/ethnicity/black,latinas,asian,east-indian,other,native" "Mozilla/5.0 AppleWebKit/537.36 (KHTML, like Gecko; compatible; GPTBot/1.3; +https://openai.com/gptbot)"
3.216.86.144 - - [04/Apr/2026:01:36:09 -0400] "GET /status/offline,online/gender/m,f/age/18-19,60-100/ethnicity/white,native,east-indian/sites/1 HTTP/1.1" 200 21540 "-" "Mozilla/5.0 AppleWebKit/537.36 (KHTML, like Gecko; compatible; Amazonbot/0.1; +https://developer.amazon.com/support/amazonbot) Chrome/119.0.6045.214 Safari/537.36"
216.73.216.135 - - [04/Apr/2026:01:36:10 -0400] "GET /status/online,offline/age/30-39/ethnicity/white,native/languages/faeroese?sortOrder=name HTTP/1.1" 200 19871 "-" "Mozilla/5.0 AppleWebKit/537.36 (KHTML, like Gecko; compatible; ClaudeBot/1.0; +claudebot@anthropic.com)"
85.208.96.202 - - [04/Apr/2026:01:36:10 -0400] "GET /age/40-49,50-59,60-100/ethnicity/islander HTTP/1.1" 403 - "-" "Mozilla/5.0 (compatible; SemrushBot/7~bl; +http://www.semrush.com/bot.html)"
216.73.216.135 - - [04/Apr/2026:01:36:10 -0400] "GET /status/offline,online/gender/f,c,m/ethnicity/white/languages/Finnish HTTP/1.1" 200 19831 "-" "Mozilla/5.0 AppleWebKit/537.36 (KHTML, like Gecko; compatible; ClaudeBot/1.0; +claudebot@anthropic.com)"
18.209.137.234 - - [04/Apr/2026:01:36:10 -0400] "GET /status/online,offline/gender/t,m/age/18-19/ethnicity/islander,asian,native,east-indian,black,white/languages/scots HTTP/1.1" 200 23136 "-" "Mozilla/5.0 AppleWebKit/537.36 (KHTML, like Gecko; compatible; Amazonbot/0.1; +https://developer.amazon.com/support/amazonbot) Chrome/119.0.6045.214 Safari/537.36"
216.73.216.135 - - [04/Apr/2026:01:36:10 -0400] "GET /status/offline/gender/f,c/age/30-39,20-29/ethnicity/native/sites/1 HTTP/1.1" 200 19790 "-" "Mozilla/5.0 AppleWebKit/537.36 (KHTML, like Gecko; compatible; ClaudeBot/1.0; +claudebot@anthropic.com)"
216.73.216.135 - - [04/Apr/2026:01:36:10 -0400] "GET /gender/f,c/ethnicity/black,native,white,other/languages/Turkish HTTP/1.1" 200 19696 "-" "Mozilla/5.0 AppleWebKit/537.36 (KHTML, like Gecko; compatible; ClaudeBot/1.0; +claudebot@anthropic.com)"
216.73.216.135 - - [04/Apr/2026:01:36:10 -0400] "GET /status/offline/gender/t,f/ethnicity/other,native,black/languages/Chinese HTTP/1.1" 200 19981 "-" "Mozilla/5.0 AppleWebKit/537.36 (KHTML, like Gecko; compatible; ClaudeBot/1.0; +claudebot@anthropic.com)"
216.73.216.135 - - [04/Apr/2026:01:36:10 -0400] "GET /status/offline/gender/t,f,m/ethnicity/other,white/languages/hebrew HTTP/1.1" 200 19764 "-" "Mozilla/5.0 AppleWebKit/537.36 (KHTML, like Gecko; compatible; ClaudeBot/1.0; +claudebot@anthropic.com)"
74.7.241.1 - - [04/Apr/2026:01:36:10 -0400] "GET /age/20-29/ethnicity/latest-news.php,other,east-indian,white,islander,black,native HTTP/1.1" 200 20830 "https://camjab.com/age/20-29/ethnicity/latest-news.php,other,east-indian,white,islander,latinas,black,native" "Mozilla/5.0 AppleWebKit/537.36 (KHTML, like Gecko; compatible; GPTBot/1.3; +https://openai.com/gptbot)"
216.73.216.135 - - [04/Apr/2026:01:36:10 -0400] "GET /gender/t,c/ethnicity/white,native,black/languages/Albanian HTTP/1.1" 200 19285 "-" "Mozilla/5.0 AppleWebKit/537.36 (KHTML, like Gecko; compatible; ClaudeBot/1.0; +claudebot@anthropic.com)"
74.7.241.25 - - [04/Apr/2026:01:36:10 -0400] "GET /age/30-39/ethnicity/other,asian,native,black,east-indian HTTP/1.1" 200 19647 "https://www.camjab.com/age/30-39/ethnicity/other,asian,native,latinas,black,east-indian" "Mozilla/5.0 AppleWebKit/537.36 (KHTML, like Gecko; compatible; GPTBot/1.3; +https://openai.com/gptbot)"
216.73.216.135 - - [04/Apr/2026:01:36:10 -0400] "GET /gender/f,c,t/age/40-49/ethnicity/other/languages/vietnamese?sortOrder=leastViewed HTTP/1.1" 200 19400 "-" "Mozilla/5.0 AppleWebKit/537.36 (KHTML, like Gecko; compatible; ClaudeBot/1.0; +claudebot@anthropic.com)"
93.87.121.21 - - [04/Apr/2026:01:36:10 -0400] "GET /status/online/gender/m,c,t/age/30-39,20-29,18-19/ethnicity/black,asian,native,white HTTP/1.1" 200 21826 "https://www.camjab.com/status/online/gender/m,c,t/age/30-39,20-29,60-100,18-19/ethnicity/black,asian,native,white" "Mozilla/5.0 (Windows NT 10.0; Win64; x64) AppleWebKit/537.36 (KHTML, like Gecko) Chrome/135.0.0.0 Safari/537.36"
216.73.216.135 - - [04/Apr/2026:01:36:10 -0400] "GET /status/online/gender/c,m/age/50-59/languages/dutch?sortOrder=timeOnline HTTP/1.1" 200 18922 "-" "Mozilla/5.0 AppleWebKit/537.36 (KHTML, like Gecko; compatible; ClaudeBot/1.0; +claudebot@anthropic.com)"
216.73.216.135 - - [04/Apr/2026:01:36:11 -0400] "GET /status/offline,online/age/40-49/ethnicity/black,islander/languages/faeroese?sortOrder=name HTTP/1.1" 200 19945 "-" "Mozilla/5.0 AppleWebKit/537.36 (KHTML, like Gecko; compatible; ClaudeBot/1.0; +claudebot@anthropic.com)"
216.73.216.135 - - [04/Apr/2026:01:36:11 -0400] "GET /status/online/gender/f,c/age/30-39/ethnicity/white/languages/kashmiri HTTP/1.1" 200 19600 "-" "Mozilla/5.0 AppleWebKit/537.36 (KHTML, like Gecko; compatible; ClaudeBot/1.0; +claudebot@anthropic.com)"
216.73.216.135 - - [04/Apr/2026:01:36:11 -0400] "GET /gender/c,f/age/40-49,60-100,20-29/languages/hebrew?sortOrder=leastViewed HTTP/1.1" 200 19185 "-" "Mozilla/5.0 AppleWebKit/537.36 (KHTML, like Gecko; compatible; ClaudeBot/1.0; +claudebot@anthropic.com)"
216.73.216.135 - - [04/Apr/2026:01:36:11 -0400] "GET /gender/m,c/age/20-29,50-59/languages/hungarian?sortOrder=name HTTP/1.1" 200 18805 "-" "Mozilla/5.0 AppleWebKit/537.36 (KHTML, like Gecko; compatible; ClaudeBot/1.0; +claudebot@anthropic.com)"
52.45.92.83 - - [04/Apr/2026:01:36:11 -0400] "GET /status/offline,online/gender/f,t,c,m/age/50-59,20-29,60-100/ethnicity/white,native,black/sites/1 HTTP/1.1" 200 22722 "-" "Mozilla/5.0 AppleWebKit/537.36 (KHTML, like Gecko; compatible; Amazonbot/0.1; +https://developer.amazon.com/support/amazonbot) Chrome/119.0.6045.214 Safari/537.36"
216.73.216.135 - - [04/Apr/2026:01:36:11 -0400] "GET /gender/f,t/age/40-49,50-59/languages/polish?sortOrder=oldest HTTP/1.1" 200 18714 "-" "Mozilla/5.0 AppleWebKit/537.36 (KHTML, like Gecko; compatible; ClaudeBot/1.0; +claudebot@anthropic.com)"
216.73.216.135 - - [04/Apr/2026:01:36:11 -0400] "GET /status/offline/gender/c,t/age/20-29,50-59/languages/Malay?sortOrder=recent HTTP/1.1" 200 19381 "-" "Mozilla/5.0 AppleWebKit/537.36 (KHTML, like Gecko; compatible; ClaudeBot/1.0; +claudebot@anthropic.com)"
144.76.32.187 - - [04/Apr/2026:01:36:11 -0400] "GET /gender/f,m/age/30-39 HTTP/1.1" 200 17631 "-" "Mozilla/5.0 (compatible; SERankingBacklinksBot/1.0; +https://seranking.com/backlinks-crawler)"
216.73.216.135 - - [04/Apr/2026:01:36:11 -0400] "GET /gender/c,t,f/ethnicity/other,black/languages/finnish HTTP/1.1" 200 19084 "-" "Mozilla/5.0 AppleWebKit/537.36 (KHTML, like Gecko; compatible; ClaudeBot/1.0; +claudebot@anthropic.com)"
216.73.216.135 - - [04/Apr/2026:01:36:11 -0400] "GET /status/online,offline/age/18-19/ethnicity/black,islander/languages/thai HTTP/1.1" 200 19718 "-" "Mozilla/5.0 AppleWebKit/537.36 (KHTML, like Gecko; compatible; ClaudeBot/1.0; +claudebot@anthropic.com)"
74.7.241.1 - - [04/Apr/2026:01:36:11 -0400] "GET /age/30-39/ethnicity/latest-news.php,black,east-indian,other,islander,native,white HTTP/1.1" 200 20830 "https://camjab.com/age/30-39/ethnicity/latest-news.php,black,east-indian,other,islander,native,white,asian" "Mozilla/5.0 AppleWebKit/537.36 (KHTML, like Gecko; compatible; GPTBot/1.3; +https://openai.com/gptbot)"
216.73.216.135 - - [04/Apr/2026:01:36:11 -0400] "GET /gender/t,f,c/ethnicity/white,asian/languages/german?sortOrder=leastViewed HTTP/1.1" 200 19157 "-" "Mozilla/5.0 AppleWebKit/537.36 (KHTML, like Gecko; compatible; ClaudeBot/1.0; +claudebot@anthropic.com)"
74.7.241.25 - - [04/Apr/2026:01:36:11 -0400] "GET /age/18-19/ethnicity/white,east-indian,native,black,asian HTTP/1.1" 200 19647 "https://www.camjab.com/age/50-59,18-19/ethnicity/white,east-indian,native,black,asian" "Mozilla/5.0 AppleWebKit/537.36 (KHTML, like Gecko; compatible; GPTBot/1.3; +https://openai.com/gptbot)"
216.73.216.135 - - [04/Apr/2026:01:36:11 -0400] "GET /status/online/gender/c,m/age/20-29/ethnicity/islander/languages/Fiji HTTP/1.1" 200 19561 "-" "Mozilla/5.0 AppleWebKit/537.36 (KHTML, like Gecko; compatible; ClaudeBot/1.0; +claudebot@anthropic.com)"
216.73.216.135 - - [04/Apr/2026:01:36:11 -0400] "GET /status/offline,online/ethnicity/native,white,islander,other/languages/kurdish HTTP/1.1" 200 20192 "-" "Mozilla/5.0 AppleWebKit/537.36 (KHTML, like Gecko; compatible; ClaudeBot/1.0; +claudebot@anthropic.com)"
216.73.216.135 - - [04/Apr/2026:01:36:12 -0400] "GET /gender/f,m,t/ethnicity/black,white/languages/Norwegian?sortOrder=leastViewed HTTP/1.1" 200 19252 "-" "Mozilla/5.0 AppleWebKit/537.36 (KHTML, like Gecko; compatible; ClaudeBot/1.0; +claudebot@anthropic.com)"
216.73.216.135 - - [04/Apr/2026:01:36:12 -0400] "GET /gender/m,c,t/age/30-39/ethnicity/other/languages/Hebrew?sortOrder=recent HTTP/1.1" 200 19235 "-" "Mozilla/5.0 AppleWebKit/537.36 (KHTML, like Gecko; compatible; ClaudeBot/1.0; +claudebot@anthropic.com)"
216.73.216.135 - - [04/Apr/2026:01:36:12 -0400] "GET /gender/m,c,f/age/40-49,20-29/languages/Turkish?sortOrder=oldest HTTP/1.1" 200 19036 "-" "Mozilla/5.0 AppleWebKit/537.36 (KHTML, like Gecko; compatible; ClaudeBot/1.0; +claudebot@anthropic.com)"
216.73.216.135 - - [04/Apr/2026:01:36:12 -0400] "GET /status/offline/gender/c,t,f/ethnicity/native,asian/languages/Romanian HTTP/1.1" 200 19884 "-" "Mozilla/5.0 AppleWebKit/537.36 (KHTML, like Gecko; compatible; ClaudeBot/1.0; +claudebot@anthropic.com)"
44.207.207.36 - - [04/Apr/2026:01:36:12 -0400] "GET /status/offline,online/gender/m,t,c,f/age/50-59,60-100,40-49/ethnicity/latino,asian,east-indian,white,latinas HTTP/1.1" 200 23685 "-" "Mozilla/5.0 AppleWebKit/537.36 (KHTML, like Gecko; compatible; Amazonbot/0.1; +https://developer.amazon.com/support/amazonbot) Chrome/119.0.6045.214 Safari/537.36"
216.73.216.135 - - [04/Apr/2026:01:36:12 -0400] "GET /status/offline/gender/c,f/ethnicity/black,latinas/languages/Fiji?sortOrder=recent HTTP/1.1" 200 19561 "-" "Mozilla/5.0 AppleWebKit/537.36 (KHTML, like Gecko; compatible; ClaudeBot/1.0; +claudebot@anthropic.com)"
74.7.241.1 - - [04/Apr/2026:01:36:12 -0400] "GET /age/18-19/ethnicity/latest-news.php,asian,east-indian,black,other,islander,native HTTP/1.1" 200 20830 "https://camjab.com/age/18-19/ethnicity/latest-news.php,white,asian,east-indian,black,other,islander,native" "Mozilla/5.0 AppleWebKit/537.36 (KHTML, like Gecko; compatible; GPTBot/1.3; +https://openai.com/gptbot)"
74.7.241.25 - - [04/Apr/2026:01:36:12 -0400] "GET /age/40-49/ethnicity/east-indian,native,asian,white,black,other HTTP/1.1" 200 20097 "https://www.camjab.com/age/40-49/ethnicity/east-indian,native,asian,white,black" "Mozilla/5.0 AppleWebKit/537.36 (KHTML, like Gecko; compatible; GPTBot/1.3; +https://openai.com/gptbot)"
154.54.249.194 - - [04/Apr/2026:01:36:13 -0400] "GET /status/online/gender/m,c/age/30-39,18-19/ethnicity/east-indian,other,islander,asian HTTP/1.1" 200 21109 "-" "Mozilla/5.0 (compatible; Barkrowler/0.9; +https://babbar.tech/crawler)"
