216.73.216.135 - - [04/Apr/2026:01:31:03 -0400] "GET /status/offline,online/gender/m,c,t/languages/belarusian?sortOrder=mostViewed HTTP/1.1" 200 19350 "-" "Mozilla/5.0 AppleWebKit/537.36 (KHTML, like Gecko; compatible; ClaudeBot/1.0; +claudebot@anthropic.com)"
216.73.216.135 - - [04/Apr/2026:01:31:03 -0400] "GET /gender/t/ethnicity/latinas,native,other/languages/Hebrew HTTP/1.1" 200 18970 "-" "Mozilla/5.0 AppleWebKit/537.36 (KHTML, like Gecko; compatible; ClaudeBot/1.0; +claudebot@anthropic.com)"
216.73.216.135 - - [04/Apr/2026:01:31:03 -0400] "GET /gender/f,m/age/60-100/ethnicity/native,islander/languages/Hebrew HTTP/1.1" 200 19481 "-" "Mozilla/5.0 AppleWebKit/537.36 (KHTML, like Gecko; compatible; ClaudeBot/1.0; +claudebot@anthropic.com)"
216.73.216.135 - - [04/Apr/2026:01:31:03 -0400] "GET /status/online,offline/gender/m/age/20-29/languages/danish?sortOrder=mostViewed HTTP/1.1" 200 19147 "-" "Mozilla/5.0 AppleWebKit/537.36 (KHTML, like Gecko; compatible; ClaudeBot/1.0; +claudebot@anthropic.com)"
74.7.241.1 - - [04/Apr/2026:01:31:03 -0400] "GET /age/50-59/ethnicity/latest-news.php,native,east-indian,other,islander,asian,black HTTP/1.1" 200 20830 "https://camjab.com/age/50-59/ethnicity/latest-news.php,native,east-indian,other,islander,asian" "Mozilla/5.0 AppleWebKit/537.36 (KHTML, like Gecko; compatible; GPTBot/1.3; +https://openai.com/gptbot)"
216.73.216.135 - - [04/Apr/2026:01:31:03 -0400] "GET /gender/m,f/ethnicity/native,other,islander/languages/Swedish?sortOrder=mostViewed HTTP/1.1" 200 19461 "-" "Mozilla/5.0 AppleWebKit/537.36 (KHTML, like Gecko; compatible; ClaudeBot/1.0; +claudebot@anthropic.com)"
217.113.194.205 - - [04/Apr/2026:01:31:03 -0400] "GET /status/online/gender/m,c,t/ethnicity/other/languages/romanian?sortOrder=timeOnline HTTP/1.1" 200 19646 "-" "Mozilla/5.0 (compatible; Barkrowler/0.9; +https://babbar.tech/crawler)"
216.73.216.135 - - [04/Apr/2026:01:31:04 -0400] "GET /status/offline,online/age/40-49/ethnicity/black,native/languages/Kurdish?sortOrder=recent HTTP/1.1" 200 19842 "-" "Mozilla/5.0 AppleWebKit/537.36 (KHTML, like Gecko; compatible; ClaudeBot/1.0; +claudebot@anthropic.com)"
216.73.216.135 - - [04/Apr/2026:01:31:04 -0400] "GET /gender/t,m,c/ethnicity/white/languages/belarusian HTTP/1.1" 200 18732 "-" "Mozilla/5.0 AppleWebKit/537.36 (KHTML, like Gecko; compatible; ClaudeBot/1.0; +claudebot@anthropic.com)"
74.7.241.25 - - [04/Apr/2026:01:31:04 -0400] "GET /age/50-59,30-39/ethnicity/other,black,white,east-indian,native HTTP/1.1" 200 20098 "https://www.camjab.com/age/50-59/ethnicity/other,black,white,east-indian,native" "Mozilla/5.0 AppleWebKit/537.36 (KHTML, like Gecko; compatible; GPTBot/1.3; +https://openai.com/gptbot)"
216.73.216.135 - - [04/Apr/2026:01:31:04 -0400] "GET /gender/c,m,t,f/age/40-49/languages/Portuguese?sortOrder=mostViewed HTTP/1.1" 200 19018 "-" "Mozilla/5.0 AppleWebKit/537.36 (KHTML, like Gecko; compatible; ClaudeBot/1.0; +claudebot@anthropic.com)"
52.203.68.145 - - [04/Apr/2026:01:31:04 -0400] "GET /status/offline,online/gender/f,c,m/age/18-19,50-59,40-49,20-29/ethnicity/islander,native,asian,east-indian,latinas/languages/hindi HTTP/1.1" 200 24705 "-" "Mozilla/5.0 AppleWebKit/537.36 (KHTML, like Gecko; compatible; Amazonbot/0.1; +https://developer.amazon.com/support/amazonbot) Chrome/119.0.6045.214 Safari/537.36"
216.73.216.135 - - [04/Apr/2026:01:31:04 -0400] "GET /status/offline/gender/c,f/age/30-39,40-49/languages/Ukrainian?sortOrder=mostViewed HTTP/1.1" 200 19538 "-" "Mozilla/5.0 AppleWebKit/537.36 (KHTML, like Gecko; compatible; ClaudeBot/1.0; +claudebot@anthropic.com)"
144.76.32.187 - - [04/Apr/2026:01:31:04 -0400] "GET /languages/faeroese HTTP/1.1" 200 17130 "-" "Mozilla/5.0 (compatible; SERankingBacklinksBot/1.0; +https://seranking.com/backlinks-crawler)"
216.73.216.135 - - [04/Apr/2026:01:31:04 -0400] "GET /status/offline/gender/f,t/age/30-39,50-59/languages/malay?sortOrder=mostViewed HTTP/1.1" 200 19393 "-" "Mozilla/5.0 AppleWebKit/537.36 (KHTML, like Gecko; compatible; ClaudeBot/1.0; +claudebot@anthropic.com)"
216.73.216.135 - - [04/Apr/2026:01:31:04 -0400] "GET /gender/c,m/ethnicity/black/languages/armenian?sortOrder=leastViewed HTTP/1.1" 200 18485 "-" "Mozilla/5.0 AppleWebKit/537.36 (KHTML, like Gecko; compatible; ClaudeBot/1.0; +claudebot@anthropic.com)"
216.73.216.135 - - [04/Apr/2026:01:31:04 -0400] "GET /gender/t,c,f/ethnicity/islander,native/languages/afrikaans HTTP/1.1" 200 19302 "-" "Mozilla/5.0 AppleWebKit/537.36 (KHTML, like Gecko; compatible; ClaudeBot/1.0; +claudebot@anthropic.com)"
216.73.216.135 - - [04/Apr/2026:01:31:04 -0400] "GET /status/online,offline/gender/f/age/18-19/languages/kurdish?sortOrder=mostViewed HTTP/1.1" 200 19191 "-" "Mozilla/5.0 AppleWebKit/537.36 (KHTML, like Gecko; compatible; ClaudeBot/1.0; +claudebot@anthropic.com)"
216.73.216.135 - - [04/Apr/2026:01:31:04 -0400] "GET /gender/m,f/age/50-59,40-49/languages/estonian HTTP/1.1" 200 18684 "-" "Mozilla/5.0 AppleWebKit/537.36 (KHTML, like Gecko; compatible; ClaudeBot/1.0; +claudebot@anthropic.com)"
17.22.237.7 - - [04/Apr/2026:01:31:04 -0400] "GET /age/60-100/ethnicity/native,islander,latinas,asian/languages/japanese?sortOrder=timeOnline HTTP/1.1" 200 19785 "-" "Mozilla/5.0 (Macintosh; Intel Mac OS X 10_15_7) AppleWebKit/605.1.15 (KHTML, like Gecko) Version/17.4 Safari/605.1.15 (Applebot/0.1; +http://www.apple.com/go/applebot)"
216.73.216.135 - - [04/Apr/2026:01:31:04 -0400] "GET /status/offline,online/age/18-19/ethnicity/other/languages/Hindi?sortOrder=mostViewed HTTP/1.1" 200 19286 "-" "Mozilla/5.0 AppleWebKit/537.36 (KHTML, like Gecko; compatible; ClaudeBot/1.0; +claudebot@anthropic.com)"
74.7.241.1 - - [04/Apr/2026:01:31:04 -0400] "GET /age/20-29/ethnicity/latest-news.php,other,asian,latinas,black,islander,white HTTP/1.1" 200 20630 "https://camjab.com/age/20-29/ethnicity/latest-news.php,other,asian,latinas,black,islander,native,white" "Mozilla/5.0 AppleWebKit/537.36 (KHTML, like Gecko; compatible; GPTBot/1.3; +https://openai.com/gptbot)"
216.73.216.135 - - [04/Apr/2026:01:31:04 -0400] "GET /status/offline/gender/f,c/ethnicity/native,black,islander/languages/Spanish HTTP/1.1" 200 20100 "-" "Mozilla/5.0 AppleWebKit/537.36 (KHTML, like Gecko; compatible; ClaudeBot/1.0; +claudebot@anthropic.com)"
216.73.216.135 - - [04/Apr/2026:01:31:05 -0400] "GET /gender/f,t/age/40-49/languages/italian?sortOrder=youngest HTTP/1.1" 200 18343 "-" "Mozilla/5.0 AppleWebKit/537.36 (KHTML, like Gecko; compatible; ClaudeBot/1.0; +claudebot@anthropic.com)"
74.7.241.25 - - [04/Apr/2026:01:31:05 -0400] "GET /age/30-39/ethnicity/white,black,native,other,east-indian,latinas HTTP/1.1" 200 20175 "https://www.camjab.com/age/30-39/ethnicity/white,black,native,other,east-indian" "Mozilla/5.0 AppleWebKit/537.36 (KHTML, like Gecko; compatible; GPTBot/1.3; +https://openai.com/gptbot)"
216.73.216.135 - - [04/Apr/2026:01:31:05 -0400] "GET /status/offline,online/age/60-100/ethnicity/islander/languages/hindi?sortOrder=leastViewed HTTP/1.1" 200 19433 "-" "Mozilla/5.0 AppleWebKit/537.36 (KHTML, like Gecko; compatible; ClaudeBot/1.0; +claudebot@anthropic.com)"
216.73.216.135 - - [04/Apr/2026:01:31:05 -0400] "GET /gender/c,f/age/30-39/ethnicity/other/sites/1 HTTP/1.1" 200 18605 "-" "Mozilla/5.0 AppleWebKit/537.36 (KHTML, like Gecko; compatible; ClaudeBot/1.0; +claudebot@anthropic.com)"
216.73.216.135 - - [04/Apr/2026:01:31:05 -0400] "GET /gender/t,c,m/age/20-29/languages/kazakh?sortOrder=mostViewed HTTP/1.1" 200 18590 "-" "Mozilla/5.0 AppleWebKit/537.36 (KHTML, like Gecko; compatible; ClaudeBot/1.0; +claudebot@anthropic.com)"
216.73.216.135 - - [04/Apr/2026:01:31:05 -0400] "GET /status/offline/gender/m,f,c/age/30-39/languages/Estonian?sortOrder=leastViewed HTTP/1.1" 200 19366 "-" "Mozilla/5.0 AppleWebKit/537.36 (KHTML, like Gecko; compatible; ClaudeBot/1.0; +claudebot@anthropic.com)"
216.73.216.135 - - [04/Apr/2026:01:31:05 -0400] "GET /gender/f,m/ethnicity/islander,other/languages/hungarian?sortOrder=mostViewed HTTP/1.1" 200 19061 "-" "Mozilla/5.0 AppleWebKit/537.36 (KHTML, like Gecko; compatible; ClaudeBot/1.0; +claudebot@anthropic.com)"
216.73.216.135 - - [04/Apr/2026:01:31:05 -0400] "GET /status/offline,online/gender/f/ethnicity/black/languages/czech?sortOrder=recent HTTP/1.1" 200 19222 "-" "Mozilla/5.0 AppleWebKit/537.36 (KHTML, like Gecko; compatible; ClaudeBot/1.0; +claudebot@anthropic.com)"
216.73.216.135 - - [04/Apr/2026:01:31:05 -0400] "GET /gender/m,f,t/age/40-49/ethnicity/native/languages/scots?sortOrder=recent HTTP/1.1" 200 19237 "-" "Mozilla/5.0 AppleWebKit/537.36 (KHTML, like Gecko; compatible; ClaudeBot/1.0; +claudebot@anthropic.com)"
216.73.216.135 - - [04/Apr/2026:01:31:05 -0400] "GET /status/offline/gender/t,c,m/ethnicity/islander/languages/faeroese?sortOrder=mostViewed HTTP/1.1" 200 19586 "-" "Mozilla/5.0 AppleWebKit/537.36 (KHTML, like Gecko; compatible; ClaudeBot/1.0; +claudebot@anthropic.com)"
98.84.60.17 - - [04/Apr/2026:01:31:05 -0400] "GET /status/offline,online/gender/f,t/age/18-19,60-100,30-39/ethnicity/black,white,east-indian HTTP/1.1" 200 21606 "-" "Mozilla/5.0 AppleWebKit/537.36 (KHTML, like Gecko; compatible; Amazonbot/0.1; +https://developer.amazon.com/support/amazonbot) Chrome/119.0.6045.214 Safari/537.36"
216.73.216.135 - - [04/Apr/2026:01:31:05 -0400] "GET /status/offline,online/age/20-29,30-39/ethnicity/native/languages/Hebrew?sortOrder=recent HTTP/1.1" 200 19788 "-" "Mozilla/5.0 AppleWebKit/537.36 (KHTML, like Gecko; compatible; ClaudeBot/1.0; +claudebot@anthropic.com)"
216.73.216.135 - - [04/Apr/2026:01:31:05 -0400] "GET /status/offline,online/ethnicity/latinas,islander/languages/Croatian?sortOrder=mostViewed HTTP/1.1" 200 19469 "-" "Mozilla/5.0 AppleWebKit/537.36 (KHTML, like Gecko; compatible; ClaudeBot/1.0; +claudebot@anthropic.com)"
74.7.241.1 - - [04/Apr/2026:01:31:05 -0400] "GET /age/40-49/ethnicity/latest-news.php,native,white,black,latinas,other,east-indian?sortOrder=youngest HTTP/1.1" 200 20889 "https://camjab.com/age/40-49/ethnicity/latest-news.php,native,white,black,latinas,other,east-indian" "Mozilla/5.0 AppleWebKit/537.36 (KHTML, like Gecko; compatible; GPTBot/1.3; +https://openai.com/gptbot)"
216.73.216.135 - - [04/Apr/2026:01:31:06 -0400] "GET /status/offline/gender/t,f/ethnicity/native,black/languages/hungarian?sortOrder=mostViewed HTTP/1.1" 200 19706 "-" "Mozilla/5.0 AppleWebKit/537.36 (KHTML, like Gecko; compatible; ClaudeBot/1.0; +claudebot@anthropic.com)"
18.215.49.176 - - [04/Apr/2026:01:31:06 -0400] "GET /status/offline,online/gender/f,c/age/30-39,60-100,20-29/ethnicity/islander,white,asian,native,east-indian,black/languages/hindi HTTP/1.1" 200 24278 "-" "Mozilla/5.0 AppleWebKit/537.36 (KHTML, like Gecko; compatible; Amazonbot/0.1; +https://developer.amazon.com/support/amazonbot) Chrome/119.0.6045.214 Safari/537.36"
216.73.216.135 - - [04/Apr/2026:01:31:06 -0400] "GET /gender/m/age/18-19/ethnicity/other,native/languages/Hindi?sortOrder=mostViewed HTTP/1.1" 200 19083 "-" "Mozilla/5.0 AppleWebKit/537.36 (KHTML, like Gecko; compatible; ClaudeBot/1.0; +claudebot@anthropic.com)"
74.7.241.25 - - [04/Apr/2026:01:31:06 -0400] "GET /age/30-39,50-59/ethnicity/white,black,native,other,east-indian HTTP/1.1" 200 20098 "https://www.camjab.com/age/30-39/ethnicity/white,black,native,other,east-indian" "Mozilla/5.0 AppleWebKit/537.36 (KHTML, like Gecko; compatible; GPTBot/1.3; +https://openai.com/gptbot)"
216.73.216.135 - - [04/Apr/2026:01:31:06 -0400] "GET /gender/f,m/ethnicity/native,latinas/languages/afrikaans HTTP/1.1" 200 18956 "-" "Mozilla/5.0 AppleWebKit/537.36 (KHTML, like Gecko; compatible; ClaudeBot/1.0; +claudebot@anthropic.com)"
216.73.216.135 - - [04/Apr/2026:01:31:06 -0400] "GET /gender/m,t/ethnicity/islander,white/languages/romanian?sortOrder=mostViewed HTTP/1.1" 200 19022 "-" "Mozilla/5.0 AppleWebKit/537.36 (KHTML, like Gecko; compatible; ClaudeBot/1.0; +claudebot@anthropic.com)"
216.73.216.135 - - [04/Apr/2026:01:31:06 -0400] "GET /gender/m,f/age/30-39,18-19/languages/Hindi HTTP/1.1" 200 18582 "-" "Mozilla/5.0 AppleWebKit/537.36 (KHTML, like Gecko; compatible; ClaudeBot/1.0; +claudebot@anthropic.com)"
216.73.216.135 - - [04/Apr/2026:01:31:06 -0400] "GET /status/offline,online/age/50-59/ethnicity/black/languages/czech?sortOrder=mostViewed HTTP/1.1" 200 19286 "-" "Mozilla/5.0 AppleWebKit/537.36 (KHTML, like Gecko; compatible; ClaudeBot/1.0; +claudebot@anthropic.com)"
216.73.216.135 - - [04/Apr/2026:01:31:06 -0400] "GET /status/offline/gender/m,c/ethnicity/other/languages/Albanian?sortOrder=recent HTTP/1.1" 200 19159 "-" "Mozilla/5.0 AppleWebKit/537.36 (KHTML, like Gecko; compatible; ClaudeBot/1.0; +claudebot@anthropic.com)"
216.73.216.135 - - [04/Apr/2026:01:31:06 -0400] "GET /gender/t,m,f/age/30-39/ethnicity/native/languages/serbian?sortOrder=mostViewed HTTP/1.1" 200 19319 "-" "Mozilla/5.0 AppleWebKit/537.36 (KHTML, like Gecko; compatible; ClaudeBot/1.0; +claudebot@anthropic.com)"
85.208.96.197 - - [04/Apr/2026:01:31:06 -0400] "GET /gender/t/ethnicity/east-indian,native,latino,asian,islander HTTP/1.1" 403 - "-" "Mozilla/5.0 (compatible; SemrushBot/7~bl; +http://www.semrush.com/bot.html)"
216.73.216.135 - - [04/Apr/2026:01:31:06 -0400] "GET /gender/t,m,f/age/60-100/languages/Kazakh?sortOrder=mostViewed HTTP/1.1" 200 18626 "-" "Mozilla/5.0 AppleWebKit/537.36 (KHTML, like Gecko; compatible; ClaudeBot/1.0; +claudebot@anthropic.com)"
216.73.216.135 - - [04/Apr/2026:01:31:06 -0400] "GET /status/offline/gender/t,m,f/age/60-100/languages/belarusian?sortOrder=mostViewed HTTP/1.1" 200 19465 "-" "Mozilla/5.0 AppleWebKit/537.36 (KHTML, like Gecko; compatible; ClaudeBot/1.0; +claudebot@anthropic.com)"
216.73.216.135 - - [04/Apr/2026:01:31:06 -0400] "GET /status/offline/gender/c,f/age/30-39/ethnicity/black,native/languages/Spanish HTTP/1.1" 200 20113 "-" "Mozilla/5.0 AppleWebKit/537.36 (KHTML, like Gecko; compatible; ClaudeBot/1.0; +claudebot@anthropic.com)"
216.73.216.135 - - [04/Apr/2026:01:31:07 -0400] "GET /gender/t,m,f,c/ethnicity/native/languages/serbian?sortOrder=leastViewed HTTP/1.1" 200 19070 "-" "Mozilla/5.0 AppleWebKit/537.36 (KHTML, like Gecko; compatible; ClaudeBot/1.0; +claudebot@anthropic.com)"
74.7.241.1 - - [04/Apr/2026:01:31:07 -0400] "GET /age/20-29/ethnicity/latest-news.php,other,islander,asian,black,native,white HTTP/1.1" 200 20590 "https://camjab.com/age/20-29/ethnicity/latest-news.php,other,islander,asian,east-indian,black,native,white" "Mozilla/5.0 AppleWebKit/537.36 (KHTML, like Gecko; compatible; GPTBot/1.3; +https://openai.com/gptbot)"
34.236.135.14 - - [04/Apr/2026:01:31:07 -0400] "GET /status/offline,online/gender/t,c,f,m/age/30-39,50-59,60-100,18-19,20-29/ethnicity/east-indian,asian,islander,latinas/languages/hindi HTTP/1.1" 200 25096 "-" "Mozilla/5.0 AppleWebKit/537.36 (KHTML, like Gecko; compatible; Amazonbot/0.1; +https://developer.amazon.com/support/amazonbot) Chrome/119.0.6045.214 Safari/537.36"
216.73.216.135 - - [04/Apr/2026:01:31:07 -0400] "GET /gender/t,c,f/age/30-39/ethnicity/native/languages/Spanish?sortOrder=leastViewed HTTP/1.1" 200 19332 "-" "Mozilla/5.0 AppleWebKit/537.36 (KHTML, like Gecko; compatible; ClaudeBot/1.0; +claudebot@anthropic.com)"
74.7.241.25 - - [04/Apr/2026:01:31:07 -0400] "GET /age/50-59,20-29/ethnicity/other,black,white,east-indian,native HTTP/1.1" 200 20098 "https://www.camjab.com/age/50-59/ethnicity/other,black,white,east-indian,native" "Mozilla/5.0 AppleWebKit/537.36 (KHTML, like Gecko; compatible; GPTBot/1.3; +https://openai.com/gptbot)"
216.73.216.135 - - [04/Apr/2026:01:31:07 -0400] "GET /gender/m,f/age/40-49/ethnicity/native/languages/greek?sortOrder=recent HTTP/1.1" 200 18940 "-" "Mozilla/5.0 AppleWebKit/537.36 (KHTML, like Gecko; compatible; ClaudeBot/1.0; +claudebot@anthropic.com)"
216.73.216.135 - - [04/Apr/2026:01:31:07 -0400] "GET /gender/t,c/age/40-49,50-59/languages/Maltese HTTP/1.1" 200 18655 "-" "Mozilla/5.0 AppleWebKit/537.36 (KHTML, like Gecko; compatible; ClaudeBot/1.0; +claudebot@anthropic.com)"
216.73.216.135 - - [04/Apr/2026:01:31:07 -0400] "GET /status/offline/gender/c,f,m/age/18-19/languages/croatian HTTP/1.1" 200 19258 "-" "Mozilla/5.0 AppleWebKit/537.36 (KHTML, like Gecko; compatible; ClaudeBot/1.0; +claudebot@anthropic.com)"
216.73.216.135 - - [04/Apr/2026:01:31:07 -0400] "GET /gender/c,f/age/40-49/ethnicity/other/languages/belarusian HTTP/1.1" 200 18991 "-" "Mozilla/5.0 AppleWebKit/537.36 (KHTML, like Gecko; compatible; ClaudeBot/1.0; +claudebot@anthropic.com)"
216.73.216.135 - - [04/Apr/2026:01:31:07 -0400] "GET /gender/m,t/age/18-19/ethnicity/islander/languages/Greek HTTP/1.1" 200 18914 "-" "Mozilla/5.0 AppleWebKit/537.36 (KHTML, like Gecko; compatible; ClaudeBot/1.0; +claudebot@anthropic.com)"
216.73.216.135 - - [04/Apr/2026:01:31:07 -0400] "GET /status/offline/gender/c,t/ethnicity/other,native/languages/Fiji?sortOrder=leastViewed HTTP/1.1" 200 19534 "-" "Mozilla/5.0 AppleWebKit/537.36 (KHTML, like Gecko; compatible; ClaudeBot/1.0; +claudebot@anthropic.com)"
216.73.216.135 - - [04/Apr/2026:01:31:07 -0400] "GET /gender/t/age/30-39,60-100/languages/Irish?sortOrder=oldest HTTP/1.1" 200 18414 "-" "Mozilla/5.0 AppleWebKit/537.36 (KHTML, like Gecko; compatible; ClaudeBot/1.0; +claudebot@anthropic.com)"
216.73.216.135 - - [04/Apr/2026:01:31:07 -0400] "GET /gender/m,c/ethnicity/white,native,black/languages/catalan HTTP/1.1" 200 19245 "-" "Mozilla/5.0 AppleWebKit/537.36 (KHTML, like Gecko; compatible; ClaudeBot/1.0; +claudebot@anthropic.com)"
216.73.216.135 - - [04/Apr/2026:01:31:07 -0400] "GET /status/offline/gender/m,t/ethnicity/asian/languages/Chinese?sortOrder=recent HTTP/1.1" 200 19120 "-" "Mozilla/5.0 AppleWebKit/537.36 (KHTML, like Gecko; compatible; ClaudeBot/1.0; +claudebot@anthropic.com)"
216.73.216.135 - - [04/Apr/2026:01:31:08 -0400] "GET /gender/t,f,c/ethnicity/black,native/sites/1?sortOrder=mostViewed HTTP/1.1" 200 18932 "-" "Mozilla/5.0 AppleWebKit/537.36 (KHTML, like Gecko; compatible; ClaudeBot/1.0; +claudebot@anthropic.com)"
74.7.241.1 - - [04/Apr/2026:01:31:08 -0400] "GET /status/offline/age/40-49/ethnicity/latest-news.php,islander,white,black,other,latinas,asian HTTP/1.1" 200 21425 "https://camjab.com/age/40-49/ethnicity/latest-news.php,islander,white,black,other,latinas,asian" "Mozilla/5.0 AppleWebKit/537.36 (KHTML, like Gecko; compatible; GPTBot/1.3; +https://openai.com/gptbot)"
144.76.32.187 - - [04/Apr/2026:01:31:08 -0400] "GET /languages/georgian HTTP/1.1" 200 17130 "-" "Mozilla/5.0 (compatible; SERankingBacklinksBot/1.0; +https://seranking.com/backlinks-crawler)"
216.73.216.135 - - [04/Apr/2026:01:31:08 -0400] "GET /status/online/gender/c,f/age/60-100/languages/ukrainian HTTP/1.1" 200 18999 "-" "Mozilla/5.0 AppleWebKit/537.36 (KHTML, like Gecko; compatible; ClaudeBot/1.0; +claudebot@anthropic.com)"
216.73.216.135 - - [04/Apr/2026:01:31:08 -0400] "GET /status/online,offline/age/40-49/ethnicity/white/languages/German?sortOrder=recent HTTP/1.1" 200 19308 "-" "Mozilla/5.0 AppleWebKit/537.36 (KHTML, like Gecko; compatible; ClaudeBot/1.0; +claudebot@anthropic.com)"
74.7.241.25 - - [04/Apr/2026:01:31:08 -0400] "GET /age/40-49/ethnicity/other,black,white,east-indian,native,latinas HTTP/1.1" 200 20175 "https://www.camjab.com/age/40-49/ethnicity/other,black,white,east-indian,native" "Mozilla/5.0 AppleWebKit/537.36 (KHTML, like Gecko; compatible; GPTBot/1.3; +https://openai.com/gptbot)"
216.73.216.135 - - [04/Apr/2026:01:31:08 -0400] "GET /gender/f,t,c/ethnicity/black,native/languages/dutch HTTP/1.1" 200 19051 "-" "Mozilla/5.0 AppleWebKit/537.36 (KHTML, like Gecko; compatible; ClaudeBot/1.0; +claudebot@anthropic.com)"
52.2.83.227 - - [04/Apr/2026:01:31:08 -0400] "GET /status/offline/gender/m,f,t/age/20-29/ethnicity/islander HTTP/1.1" 200 19571 "-" "Mozilla/5.0 AppleWebKit/537.36 (KHTML, like Gecko; compatible; Amazonbot/0.1; +https://developer.amazon.com/support/amazonbot) Chrome/119.0.6045.214 Safari/537.36"
216.73.216.135 - - [04/Apr/2026:01:31:08 -0400] "GET /status/offline/gender/t/age/50-59,40-49/languages/Estonian HTTP/1.1" 200 19072 "-" "Mozilla/5.0 AppleWebKit/537.36 (KHTML, like Gecko; compatible; ClaudeBot/1.0; +claudebot@anthropic.com)"
216.73.216.135 - - [04/Apr/2026:01:31:08 -0400] "GET /gender/c,f/ethnicity/white,asian/languages/Maltese HTTP/1.1" 200 18790 "-" "Mozilla/5.0 AppleWebKit/537.36 (KHTML, like Gecko; compatible; ClaudeBot/1.0; +claudebot@anthropic.com)"
216.73.216.135 - - [04/Apr/2026:01:31:08 -0400] "GET /status/offline,online/gender/f,m/age/40-49/languages/ukrainian HTTP/1.1" 200 19467 "-" "Mozilla/5.0 AppleWebKit/537.36 (KHTML, like Gecko; compatible; ClaudeBot/1.0; +claudebot@anthropic.com)"
77.69.158.57 - - [04/Apr/2026:01:31:08 -0400] "GET /status/online/gender/t,f/age/30-39,50-59,20-29/ethnicity/other?sortOrder=oldest HTTP/1.1" 200 20099 "https://www.camjab.com/status/online/gender/t,f/age/30-39,50-59,20-29/ethnicity/other?sortOrder=recent" "Mozilla/5.0 (Macintosh; Intel Mac OS X 10_15_7) AppleWebKit/537.36 (KHTML, like Gecko) Chrome/135.0.0.0 Safari/537.36"
216.73.216.135 - - [04/Apr/2026:01:31:08 -0400] "GET /status/offline,online/gender/t,f/age/40-49/languages/Russian?sortOrder=recent HTTP/1.1" 200 19495 "-" "Mozilla/5.0 AppleWebKit/537.36 (KHTML, like Gecko; compatible; ClaudeBot/1.0; +claudebot@anthropic.com)"
216.73.216.135 - - [04/Apr/2026:01:31:08 -0400] "GET /status/online/gender/t,f/age/18-19/languages/Lithuanian?sortOrder=mostViewed HTTP/1.1" 200 19097 "-" "Mozilla/5.0 AppleWebKit/537.36 (KHTML, like Gecko; compatible; ClaudeBot/1.0; +claudebot@anthropic.com)"
216.73.216.135 - - [04/Apr/2026:01:31:08 -0400] "GET /gender/f,t/age/60-100/ethnicity/native/languages/Cambodian HTTP/1.1" 200 19024 "-" "Mozilla/5.0 AppleWebKit/537.36 (KHTML, like Gecko; compatible; ClaudeBot/1.0; +claudebot@anthropic.com)"
216.73.216.135 - - [04/Apr/2026:01:31:08 -0400] "GET /status/online/gender/c,t,f,m/languages/Norwegian?sortOrder=mostViewed HTTP/1.1" 200 19104 "-" "Mozilla/5.0 AppleWebKit/537.36 (KHTML, like Gecko; compatible; ClaudeBot/1.0; +claudebot@anthropic.com)"
216.73.216.135 - - [04/Apr/2026:01:31:09 -0400] "GET /status/offline/gender/f/ethnicity/islander,white,black/languages/Slovak HTTP/1.1" 200 19690 "-" "Mozilla/5.0 AppleWebKit/537.36 (KHTML, like Gecko; compatible; ClaudeBot/1.0; +claudebot@anthropic.com)"
216.73.216.135 - - [04/Apr/2026:01:31:09 -0400] "GET /gender/m,c/age/18-19,30-39/languages/Arabic?sortOrder=recent HTTP/1.1" 200 18709 "-" "Mozilla/5.0 AppleWebKit/537.36 (KHTML, like Gecko; compatible; ClaudeBot/1.0; +claudebot@anthropic.com)"
74.7.241.1 - - [04/Apr/2026:01:31:09 -0400] "GET /age/40-49/ethnicity/latest-news.php,other,asian,native,east-indian,black,islander HTTP/1.1" 200 20830 "https://camjab.com/age/40-49/ethnicity/latest-news.php,other,asian,native,east-indian,black,islander,latinas" "Mozilla/5.0 AppleWebKit/537.36 (KHTML, like Gecko; compatible; GPTBot/1.3; +https://openai.com/gptbot)"
216.73.216.135 - - [04/Apr/2026:01:31:09 -0400] "GET /status/offline/gender/f,m,c/ethnicity/white/languages/Armenian?sortOrder=mostViewed HTTP/1.1" 200 19480 "-" "Mozilla/5.0 AppleWebKit/537.36 (KHTML, like Gecko; compatible; ClaudeBot/1.0; +claudebot@anthropic.com)"
74.7.241.25 - - [04/Apr/2026:01:31:09 -0400] "GET /age/40-49,20-29/ethnicity/other,black,white,east-indian,native HTTP/1.1" 200 20098 "https://www.camjab.com/age/40-49/ethnicity/other,black,white,east-indian,native" "Mozilla/5.0 AppleWebKit/537.36 (KHTML, like Gecko; compatible; GPTBot/1.3; +https://openai.com/gptbot)"
216.73.216.135 - - [04/Apr/2026:01:31:09 -0400] "GET /status/offline/gender/t,f/ethnicity/native,islander/languages/croatian HTTP/1.1" 200 19677 "-" "Mozilla/5.0 AppleWebKit/537.36 (KHTML, like Gecko; compatible; ClaudeBot/1.0; +claudebot@anthropic.com)"
216.73.216.135 - - [04/Apr/2026:01:31:09 -0400] "GET /gender/f,c/age/30-39/ethnicity/other/languages/scots?sortOrder=recent HTTP/1.1" 200 18914 "-" "Mozilla/5.0 AppleWebKit/537.36 (KHTML, like Gecko; compatible; ClaudeBot/1.0; +claudebot@anthropic.com)"
27.50.13.128 - - [04/Apr/2026:01:31:09 -0400] "GET /status/offline/gender/m,c/age/30-39,50-59,40-49,18-19/ethnicity/native,latinas,other,asian,black,white HTTP/1.1" 200 23146 "https://www.camjab.com/status/offline/gender/m,c/age/30-39,20-29,50-59,40-49,18-19/ethnicity/native,latinas,other,asian,black,white" "Mozilla/5.0 (Windows NT 10.0; Win64; x64) AppleWebKit/537.36 (KHTML, like Gecko) Chrome/135.0.0.0 Safari/537.36"
216.73.216.135 - - [04/Apr/2026:01:31:09 -0400] "GET /status/online,offline/ethnicity/black,native/languages/spanish?sortOrder=recent HTTP/1.1" 200 19279 "-" "Mozilla/5.0 AppleWebKit/537.36 (KHTML, like Gecko; compatible; ClaudeBot/1.0; +claudebot@anthropic.com)"
216.73.216.135 - - [04/Apr/2026:01:31:09 -0400] "GET /gender/t,m/ethnicity/islander,other/languages/Italian?sortOrder=leastViewed HTTP/1.1" 200 18991 "-" "Mozilla/5.0 AppleWebKit/537.36 (KHTML, like Gecko; compatible; ClaudeBot/1.0; +claudebot@anthropic.com)"
216.73.216.135 - - [04/Apr/2026:01:31:09 -0400] "GET /status/online/ethnicity/black,white,islander/languages/faeroese?sortOrder=mostViewed HTTP/1.1" 200 19317 "-" "Mozilla/5.0 AppleWebKit/537.36 (KHTML, like Gecko; compatible; ClaudeBot/1.0; +claudebot@anthropic.com)"
216.73.216.135 - - [04/Apr/2026:01:31:09 -0400] "GET /gender/m,f,c/ethnicity/black,native/languages/norwegian HTTP/1.1" 200 19186 "-" "Mozilla/5.0 AppleWebKit/537.36 (KHTML, like Gecko; compatible; ClaudeBot/1.0; +claudebot@anthropic.com)"
34.225.138.57 - - [04/Apr/2026:01:31:09 -0400] "GET /status/offline,online/gender/m,c,f/age/20-29,50-59/ethnicity/asian,black,east-indian,islander,white/languages/ukrainian HTTP/1.1" 200 23411 "-" "Mozilla/5.0 AppleWebKit/537.36 (KHTML, like Gecko; compatible; Amazonbot/0.1; +https://developer.amazon.com/support/amazonbot) Chrome/119.0.6045.214 Safari/537.36"
216.73.216.135 - - [04/Apr/2026:01:31:09 -0400] "GET /status/offline/gender/t,f,c/age/18-19/languages/Albanian HTTP/1.1" 200 19263 "-" "Mozilla/5.0 AppleWebKit/537.36 (KHTML, like Gecko; compatible; ClaudeBot/1.0; +claudebot@anthropic.com)"
216.73.216.135 - - [04/Apr/2026:01:31:09 -0400] "GET /status/offline/gender/t/ethnicity/native,other,black/languages/hebrew?sortOrder=mostViewed HTTP/1.1" 200 19716 "-" "Mozilla/5.0 AppleWebKit/537.36 (KHTML, like Gecko; compatible; ClaudeBot/1.0; +claudebot@anthropic.com)"
216.73.216.135 - - [04/Apr/2026:01:31:10 -0400] "GET /gender/t/age/18-19/ethnicity/black/languages/Malay HTTP/1.1" 200 18505 "-" "Mozilla/5.0 AppleWebKit/537.36 (KHTML, like Gecko; compatible; ClaudeBot/1.0; +claudebot@anthropic.com)"
54.84.250.51 - - [04/Apr/2026:01:31:10 -0400] "GET /status/offline/gender/f,c/age/60-100/ethnicity/islander,native,black,east-indian,white/languages/hindi HTTP/1.1" 200 22103 "-" "Mozilla/5.0 AppleWebKit/537.36 (KHTML, like Gecko; compatible; Amazonbot/0.1; +https://developer.amazon.com/support/amazonbot) Chrome/119.0.6045.214 Safari/537.36"
216.73.216.135 - - [04/Apr/2026:01:31:10 -0400] "GET /gender/m,f,t,c/age/40-49/languages/Faeroese HTTP/1.1" 200 18843 "-" "Mozilla/5.0 AppleWebKit/537.36 (KHTML, like Gecko; compatible; ClaudeBot/1.0; +claudebot@anthropic.com)"
74.7.241.1 - - [04/Apr/2026:01:31:10 -0400] "GET /gender/m/age/40-49/ethnicity/latest-news.php,asian,islander,other,black,white HTTP/1.1" 200 20619 "https://camjab.com/age/40-49/ethnicity/latest-news.php,asian,islander,other,black,white" "Mozilla/5.0 AppleWebKit/537.36 (KHTML, like Gecko; compatible; GPTBot/1.3; +https://openai.com/gptbot)"
216.73.216.135 - - [04/Apr/2026:01:31:10 -0400] "GET /status/offline/gender/f,c/age/60-100,20-29/languages/Danish HTTP/1.1" 200 19365 "-" "Mozilla/5.0 AppleWebKit/537.36 (KHTML, like Gecko; compatible; ClaudeBot/1.0; +claudebot@anthropic.com)"
74.7.241.25 - - [04/Apr/2026:01:31:10 -0400] "GET /age/50-59/ethnicity/black,native,east-indian,white,asian HTTP/1.1" 200 19647 "https://www.camjab.com/age/20-29,50-59/ethnicity/black,native,east-indian,white,asian" "Mozilla/5.0 AppleWebKit/537.36 (KHTML, like Gecko; compatible; GPTBot/1.3; +https://openai.com/gptbot)"
216.73.216.135 - - [04/Apr/2026:01:31:10 -0400] "GET /gender/t,m,f/ethnicity/black,native/languages/serbian?sortOrder=mostViewed HTTP/1.1" 200 19216 "-" "Mozilla/5.0 AppleWebKit/537.36 (KHTML, like Gecko; compatible; ClaudeBot/1.0; +claudebot@anthropic.com)"
216.73.216.135 - - [04/Apr/2026:01:31:10 -0400] "GET /status/offline/gender/c,m/ethnicity/islander,native/languages/Indonesian?sortOrder=recent HTTP/1.1" 200 19835 "-" "Mozilla/5.0 AppleWebKit/537.36 (KHTML, like Gecko; compatible; ClaudeBot/1.0; +claudebot@anthropic.com)"
216.73.216.135 - - [04/Apr/2026:01:31:10 -0400] "GET /status/online,offline/ethnicity/native,black,other/languages/Dutch HTTP/1.1" 200 19556 "-" "Mozilla/5.0 AppleWebKit/537.36 (KHTML, like Gecko; compatible; ClaudeBot/1.0; +claudebot@anthropic.com)"
216.73.216.135 - - [04/Apr/2026:01:31:10 -0400] "GET /gender/f,m,c,t/languages/portuguese?sortOrder=leastViewed HTTP/1.1" 200 18485 "-" "Mozilla/5.0 AppleWebKit/537.36 (KHTML, like Gecko; compatible; ClaudeBot/1.0; +claudebot@anthropic.com)"
216.73.216.135 - - [04/Apr/2026:01:31:10 -0400] "GET /status/online/gender/t,c,m,f/languages/turkish?sortOrder=mostViewed HTTP/1.1" 200 19034 "-" "Mozilla/5.0 AppleWebKit/537.36 (KHTML, like Gecko; compatible; ClaudeBot/1.0; +claudebot@anthropic.com)"
216.73.216.135 - - [04/Apr/2026:01:31:10 -0400] "GET /gender/f,m/ethnicity/white,native/languages/bulgarian?sortOrder=recent HTTP/1.1" 200 18977 "-" "Mozilla/5.0 AppleWebKit/537.36 (KHTML, like Gecko; compatible; ClaudeBot/1.0; +claudebot@anthropic.com)"
216.73.216.135 - - [04/Apr/2026:01:31:10 -0400] "GET /status/offline,online/gender/f/age/18-19/languages/Indonesian?sortOrder=leastViewed HTTP/1.1" 200 19296 "-" "Mozilla/5.0 AppleWebKit/537.36 (KHTML, like Gecko; compatible; ClaudeBot/1.0; +claudebot@anthropic.com)"
216.73.216.135 - - [04/Apr/2026:01:31:10 -0400] "GET /status/online/gender/f,c/age/30-39/languages/Ukrainian?sortOrder=leastViewed HTTP/1.1" 200 19071 "-" "Mozilla/5.0 AppleWebKit/537.36 (KHTML, like Gecko; compatible; ClaudeBot/1.0; +claudebot@anthropic.com)"
216.73.216.135 - - [04/Apr/2026:01:31:11 -0400] "GET /status/offline/gender/c,f,m,t/languages/kazakh?sortOrder=leastViewed HTTP/1.1" 200 19039 "-" "Mozilla/5.0 AppleWebKit/537.36 (KHTML, like Gecko; compatible; ClaudeBot/1.0; +claudebot@anthropic.com)"
216.73.216.135 - - [04/Apr/2026:01:31:11 -0400] "GET /gender/f,c,m,t/age/40-49/languages/Slovak?sortOrder=leastViewed HTTP/1.1" 200 18881 "-" "Mozilla/5.0 AppleWebKit/537.36 (KHTML, like Gecko; compatible; ClaudeBot/1.0; +claudebot@anthropic.com)"
216.73.216.135 - - [04/Apr/2026:01:31:11 -0400] "GET /gender/f,m/age/40-49/ethnicity/islander/languages/Azerbaijani HTTP/1.1" 200 19123 "-" "Mozilla/5.0 AppleWebKit/537.36 (KHTML, like Gecko; compatible; ClaudeBot/1.0; +claudebot@anthropic.com)"
54.204.62.163 - - [04/Apr/2026:01:31:11 -0400] "GET /status/offline,online/gender/t,c,f,m/age/20-29,18-19,60-100,50-59/ethnicity/white,east-indian,islander/languages/indonesian HTTP/1.1" 200 24104 "-" "Mozilla/5.0 AppleWebKit/537.36 (KHTML, like Gecko; compatible; Amazonbot/0.1; +https://developer.amazon.com/support/amazonbot) Chrome/119.0.6045.214 Safari/537.36"
74.7.241.1 - - [04/Apr/2026:01:31:11 -0400] "GET /age/20-29/ethnicity/latest-news.php,east-indian,native,other,black,latinas HTTP/1.1" 200 20320 "https://camjab.com/age/20-29/ethnicity/latest-news.php,east-indian,native,islander,other,black,latinas" "Mozilla/5.0 AppleWebKit/537.36 (KHTML, like Gecko; compatible; GPTBot/1.3; +https://openai.com/gptbot)"
216.73.216.135 - - [04/Apr/2026:01:31:11 -0400] "GET /gender/m/ethnicity/islander,other,native/languages/bulgarian HTTP/1.1" 200 19103 "-" "Mozilla/5.0 AppleWebKit/537.36 (KHTML, like Gecko; compatible; ClaudeBot/1.0; +claudebot@anthropic.com)"
74.7.241.25 - - [04/Apr/2026:01:31:11 -0400] "GET /age/20-29/ethnicity/native,east-indian,asian,white,black HTTP/1.1" 200 19647 "https://www.camjab.com/age/20-29,50-59/ethnicity/native,east-indian,asian,white,black" "Mozilla/5.0 AppleWebKit/537.36 (KHTML, like Gecko; compatible; GPTBot/1.3; +https://openai.com/gptbot)"
216.73.216.135 - - [04/Apr/2026:01:31:11 -0400] "GET /gender/c,t/age/40-49,50-59/languages/Maltese HTTP/1.1" 200 18655 "-" "Mozilla/5.0 AppleWebKit/537.36 (KHTML, like Gecko; compatible; ClaudeBot/1.0; +claudebot@anthropic.com)"
216.73.216.135 - - [04/Apr/2026:01:31:11 -0400] "GET /status/online/gender/c/age/60-100,50-59/languages/Russian?sortOrder=mostViewed HTTP/1.1" 200 19148 "-" "Mozilla/5.0 AppleWebKit/537.36 (KHTML, like Gecko; compatible; ClaudeBot/1.0; +claudebot@anthropic.com)"
216.73.216.135 - - [04/Apr/2026:01:31:11 -0400] "GET /status/online/gender/t,c/age/18-19/languages/dutch?sortOrder=mostViewed HTTP/1.1" 200 18927 "-" "Mozilla/5.0 AppleWebKit/537.36 (KHTML, like Gecko; compatible; ClaudeBot/1.0; +claudebot@anthropic.com)"
216.73.216.135 - - [04/Apr/2026:01:31:11 -0400] "GET /status/offline,online/gender/m,t/languages/kazakh?sortOrder=leastViewed HTTP/1.1" 200 18915 "-" "Mozilla/5.0 AppleWebKit/537.36 (KHTML, like Gecko; compatible; ClaudeBot/1.0; +claudebot@anthropic.com)"
216.73.216.135 - - [04/Apr/2026:01:31:11 -0400] "GET /status/offline/gender/m,c,t/age/40-49/languages/greek HTTP/1.1" 200 19148 "-" "Mozilla/5.0 AppleWebKit/537.36 (KHTML, like Gecko; compatible; ClaudeBot/1.0; +claudebot@anthropic.com)"
216.73.216.135 - - [04/Apr/2026:01:31:11 -0400] "GET /gender/f,t/ethnicity/latino,native/languages/serbian?sortOrder=mostViewed HTTP/1.1" 200 18915 "-" "Mozilla/5.0 AppleWebKit/537.36 (KHTML, like Gecko; compatible; ClaudeBot/1.0; +claudebot@anthropic.com)"
216.73.216.135 - - [04/Apr/2026:01:31:11 -0400] "GET /status/offline/gender/t,c,f/ethnicity/native/languages/Belarusian?sortOrder=recent HTTP/1.1" 200 19580 "-" "Mozilla/5.0 AppleWebKit/537.36 (KHTML, like Gecko; compatible; ClaudeBot/1.0; +claudebot@anthropic.com)"
216.73.216.135 - - [04/Apr/2026:01:31:12 -0400] "GET /gender/t,f/ethnicity/islander,native,white/languages/Finnish?sortOrder=mostViewed HTTP/1.1" 200 19466 "-" "Mozilla/5.0 AppleWebKit/537.36 (KHTML, like Gecko; compatible; ClaudeBot/1.0; +claudebot@anthropic.com)"
216.73.216.135 - - [04/Apr/2026:01:31:12 -0400] "GET /status/online/gender/c,m,t/languages/italian?sortOrder=mostViewed HTTP/1.1" 200 18741 "-" "Mozilla/5.0 AppleWebKit/537.36 (KHTML, like Gecko; compatible; ClaudeBot/1.0; +claudebot@anthropic.com)"
34.225.243.131 - - [04/Apr/2026:01:31:12 -0400] "GET /status/offline,online/gender/c,t/age/60-100,40-49/ethnicity/black,native/languages/hindi HTTP/1.1" 200 21285 "-" "Mozilla/5.0 AppleWebKit/537.36 (KHTML, like Gecko; compatible; Amazonbot/0.1; +https://developer.amazon.com/support/amazonbot) Chrome/119.0.6045.214 Safari/537.36"
216.73.216.135 - - [04/Apr/2026:01:31:12 -0400] "GET /status/online,offline/gender/f/age/40-49/languages/Dutch?sortOrder=timeOnline HTTP/1.1" 200 19123 "-" "Mozilla/5.0 AppleWebKit/537.36 (KHTML, like Gecko; compatible; ClaudeBot/1.0; +claudebot@anthropic.com)"
216.73.216.135 - - [04/Apr/2026:01:31:12 -0400] "GET /gender/c,m/age/30-39,40-49/languages/Estonian?sortOrder=mostViewed HTTP/1.1" 200 18789 "-" "Mozilla/5.0 AppleWebKit/537.36 (KHTML, like Gecko; compatible; ClaudeBot/1.0; +claudebot@anthropic.com)"
74.7.241.1 - - [04/Apr/2026:01:31:12 -0400] "GET /age/50-59/ethnicity/latest-news.php,asian,other,native,black,islander,east-indian HTTP/1.1" 200 20830 "https://camjab.com/age/50-59/ethnicity/latest-news.php,asian,other,native,black,islander,latinas,east-indian" "Mozilla/5.0 AppleWebKit/537.36 (KHTML, like Gecko; compatible; GPTBot/1.3; +https://openai.com/gptbot)"
216.73.216.135 - - [04/Apr/2026:01:31:12 -0400] "GET /gender/m/age/60-100,50-59,30-39/languages/Irish HTTP/1.1" 200 18722 "-" "Mozilla/5.0 AppleWebKit/537.36 (KHTML, like Gecko; compatible; ClaudeBot/1.0; +claudebot@anthropic.com)"
74.7.241.25 - - [04/Apr/2026:01:31:12 -0400] "GET /age/40-49/ethnicity/native,black,asian,other HTTP/1.1" 200 18987 "https://www.camjab.com/age/40-49/ethnicity/native,black,east-indian,asian,other" "Mozilla/5.0 AppleWebKit/537.36 (KHTML, like Gecko; compatible; GPTBot/1.3; +https://openai.com/gptbot)"
216.73.216.135 - - [04/Apr/2026:01:31:12 -0400] "GET /gender/f,m/age/40-49/ethnicity/white/languages/indonesian?sortOrder=mostViewed HTTP/1.1" 200 19086 "-" "Mozilla/5.0 AppleWebKit/537.36 (KHTML, like Gecko; compatible; ClaudeBot/1.0; +claudebot@anthropic.com)"
216.73.216.135 - - [04/Apr/2026:01:31:12 -0400] "GET /gender/c,t,m/ethnicity/islander/languages/georgian?sortOrder=mostViewed HTTP/1.1" 200 18877 "-" "Mozilla/5.0 AppleWebKit/537.36 (KHTML, like Gecko; compatible; ClaudeBot/1.0; +claudebot@anthropic.com)"
216.73.216.135 - - [04/Apr/2026:01:31:12 -0400] "GET /gender/t,m/ethnicity/other,white/languages/Japanese?sortOrder=mostViewed HTTP/1.1" 200 18914 "-" "Mozilla/5.0 AppleWebKit/537.36 (KHTML, like Gecko; compatible; ClaudeBot/1.0; +claudebot@anthropic.com)"
216.73.216.135 - - [04/Apr/2026:01:31:12 -0400] "GET /gender/c,m/age/50-59,18-19/languages/Russian HTTP/1.1" 200 18650 "-" "Mozilla/5.0 AppleWebKit/537.36 (KHTML, like Gecko; compatible; ClaudeBot/1.0; +claudebot@anthropic.com)"
216.73.216.135 - - [04/Apr/2026:01:31:12 -0400] "GET /status/offline,online/ethnicity/other,islander/languages/kazakh HTTP/1.1" 200 19224 "-" "Mozilla/5.0 AppleWebKit/537.36 (KHTML, like Gecko; compatible; ClaudeBot/1.0; +claudebot@anthropic.com)"
144.76.32.187 - - [04/Apr/2026:01:31:12 -0400] "GET /languages/japanese HTTP/1.1" 200 17130 "-" "Mozilla/5.0 (compatible; SERankingBacklinksBot/1.0; +https://seranking.com/backlinks-crawler)"
216.73.216.135 - - [04/Apr/2026:01:31:12 -0400] "GET /gender/m,c/age/50-59,18-19/languages/Russian?sortOrder=mostViewed HTTP/1.1" 200 18755 "-" "Mozilla/5.0 AppleWebKit/537.36 (KHTML, like Gecko; compatible; ClaudeBot/1.0; +claudebot@anthropic.com)"
85.208.96.202 - - [04/Apr/2026:01:31:12 -0400] "GET /ethnicity/latino,east-indian,latinas,other HTTP/1.1" 403 - "-" "Mozilla/5.0 (compatible; SemrushBot/7~bl; +http://www.semrush.com/bot.html)"
216.73.216.135 - - [04/Apr/2026:01:31:13 -0400] "GET /gender/t,c/ethnicity/other/languages/japanese?sortOrder=mostViewed HTTP/1.1" 200 18487 "-" "Mozilla/5.0 AppleWebKit/537.36 (KHTML, like Gecko; compatible; ClaudeBot/1.0; +claudebot@anthropic.com)"
17.246.23.230 - - [04/Apr/2026:01:31:13 -0400] "GET /gender/c/age/60-100/ethnicity/white,islander,native,asian,latinas/languages/japanese HTTP/1.1" 200 20890 "-" "Mozilla/5.0 (Macintosh; Intel Mac OS X 10_15_7) AppleWebKit/605.1.15 (KHTML, like Gecko) Version/17.4 Safari/605.1.15 (Applebot/0.1; +http://www.apple.com/go/applebot)"
217.113.194.17 - - [04/Apr/2026:01:31:13 -0400] "GET /gender/f,t/age/60-100,18-19,40-49/ethnicity/latino,asian,black,east-indian HTTP/1.1" 200 20743 "-" "Mozilla/5.0 (compatible; Barkrowler/0.9; +https://babbar.tech/crawler)"
216.73.216.135 - - [04/Apr/2026:01:31:13 -0400] "GET /gender/f,c/age/30-39,40-49/languages/italian HTTP/1.1" 200 18660 "-" "Mozilla/5.0 AppleWebKit/537.36 (KHTML, like Gecko; compatible; ClaudeBot/1.0; +claudebot@anthropic.com)"
216.73.216.135 - - [04/Apr/2026:01:31:13 -0400] "GET /status/offline/gender/f,c/ethnicity/other,white/languages/irish HTTP/1.1" 200 19429 "-" "Mozilla/5.0 AppleWebKit/537.36 (KHTML, like Gecko; compatible; ClaudeBot/1.0; +claudebot@anthropic.com)"
216.73.216.135 - - [04/Apr/2026:01:31:13 -0400] "GET /gender/t,m,f/ethnicity/islander/languages/Kazakh HTTP/1.1" 200 18704 "-" "Mozilla/5.0 AppleWebKit/537.36 (KHTML, like Gecko; compatible; ClaudeBot/1.0; +claudebot@anthropic.com)"
216.73.216.135 - - [04/Apr/2026:01:31:13 -0400] "GET /gender/m,f/age/30-39/ethnicity/native,islander/languages/Hebrew?sortOrder=leastViewed HTTP/1.1" 200 19552 "-" "Mozilla/5.0 AppleWebKit/537.36 (KHTML, like Gecko; compatible; ClaudeBot/1.0; +claudebot@anthropic.com)"
74.7.241.1 - - [04/Apr/2026:01:31:13 -0400] "GET /age/18-19/ethnicity/latest-news.php,latinas,black,native,islander,other,white HTTP/1.1" 200 20670 "https://camjab.com/age/18-19/ethnicity/latest-news.php,latinas,black,native,islander,other,white,asian" "Mozilla/5.0 AppleWebKit/537.36 (KHTML, like Gecko; compatible; GPTBot/1.3; +https://openai.com/gptbot)"
216.73.216.135 - - [04/Apr/2026:01:31:13 -0400] "GET /gender/f,m/age/18-19,40-49/languages/icelandic HTTP/1.1" 200 18718 "-" "Mozilla/5.0 AppleWebKit/537.36 (KHTML, like Gecko; compatible; ClaudeBot/1.0; +claudebot@anthropic.com)"
74.7.241.25 - - [04/Apr/2026:01:31:13 -0400] "GET /age/50-59/ethnicity/white,east-indian,black,native,other?sortOrder=mostViewed HTTP/1.1" 200 19752 "https://www.camjab.com/age/50-59/ethnicity/white,east-indian,black,native,other" "Mozilla/5.0 AppleWebKit/537.36 (KHTML, like Gecko; compatible; GPTBot/1.3; +https://openai.com/gptbot)"
216.73.216.135 - - [04/Apr/2026:01:31:13 -0400] "GET /status/online/gender/t,c,f/ethnicity/white/languages/Dutch HTTP/1.1" 200 19238 "-" "Mozilla/5.0 AppleWebKit/537.36 (KHTML, like Gecko; compatible; ClaudeBot/1.0; +claudebot@anthropic.com)"
216.8.163.187 - - [04/Apr/2026:01:31:13 -0400] "GET /status/online/age/40-49,18-19,60-100,30-39/ethnicity/native,black HTTP/1.1" 200 20149 "https://www.camjab.com/status/online/gender/f/age/40-49,18-19,60-100,30-39/ethnicity/native,black" "Mozilla/5.0 (Windows NT 10.0; Win64; x64) AppleWebKit/537.36 (KHTML, like Gecko) Chrome/135.0.0.0 Safari/537.36"
216.73.216.135 - - [04/Apr/2026:01:31:13 -0400] "GET /gender/f,c/ethnicity/other,white,native/languages/irish HTTP/1.1" 200 19185 "-" "Mozilla/5.0 AppleWebKit/537.36 (KHTML, like Gecko; compatible; ClaudeBot/1.0; +claudebot@anthropic.com)"
216.73.216.135 - - [04/Apr/2026:01:31:13 -0400] "GET /status/offline/gender/f,m/ethnicity/white/languages/azerbaijani?sortOrder=leastViewed HTTP/1.1" 200 19276 "-" "Mozilla/5.0 AppleWebKit/537.36 (KHTML, like Gecko; compatible; ClaudeBot/1.0; +claudebot@anthropic.com)"
216.73.216.135 - - [04/Apr/2026:01:31:13 -0400] "GET /gender/f,t/age/30-39,40-49/languages/Cambodian HTTP/1.1" 200 18723 "-" "Mozilla/5.0 AppleWebKit/537.36 (KHTML, like Gecko; compatible; ClaudeBot/1.0; +claudebot@anthropic.com)"
216.73.216.135 - - [04/Apr/2026:01:31:13 -0400] "GET /status/offline/gender/t/ethnicity/native,latinas,white/languages/Scots HTTP/1.1" 200 19650 "-" "Mozilla/5.0 AppleWebKit/537.36 (KHTML, like Gecko; compatible; ClaudeBot/1.0; +claudebot@anthropic.com)"
3.235.215.92 - - [04/Apr/2026:01:31:13 -0400] "GET /status/offline,online/gender/m,t,c/age/20-29/ethnicity/asian,islander,white,east-indian HTTP/1.1" 200 21537 "-" "Mozilla/5.0 AppleWebKit/537.36 (KHTML, like Gecko; compatible; Amazonbot/0.1; +https://developer.amazon.com/support/amazonbot) Chrome/119.0.6045.214 Safari/537.36"
44.205.120.22 - - [04/Apr/2026:01:31:13 -0400] "GET /status/offline,online/gender/m,f,t,c/age/30-39/ethnicity/east-indian,white,other/languages/maltese HTTP/1.1" 200 22224 "-" "Mozilla/5.0 AppleWebKit/537.36 (KHTML, like Gecko; compatible; Amazonbot/0.1; +https://developer.amazon.com/support/amazonbot) Chrome/119.0.6045.214 Safari/537.36"
17.241.219.173 - - [04/Apr/2026:01:31:13 -0400] "GET /core/ajax.loadModels.php?controller=router&status%5B0%5D=offline&gender%5B0%5D=t&age%5B0%5D=40-49&age%5B1%5D=20-29&languages%5B0%5D=french HTTP/1.1" 200 37241 "https://www.camjab.com/status/offline/gender/t/age/40-49,20-29/languages/french" "Mozilla/5.0 (Macintosh; Intel Mac OS X 10_15_7) AppleWebKit/605.1.15 (KHTML, like Gecko) Version/17.4 Safari/605.1.15 (Applebot/0.1; +http://www.apple.com/go/applebot)"
216.73.216.135 - - [04/Apr/2026:01:31:14 -0400] "GET /status/offline/gender/t,f/age/40-49,30-39/languages/Italian?sortOrder=recent HTTP/1.1" 200 19451 "-" "Mozilla/5.0 AppleWebKit/537.36 (KHTML, like Gecko; compatible; ClaudeBot/1.0; +claudebot@anthropic.com)"
216.73.216.135 - - [04/Apr/2026:01:31:14 -0400] "GET /gender/t,f/ethnicity/latinas/languages/Cambodian HTTP/1.1" 200 18485 "-" "Mozilla/5.0 AppleWebKit/537.36 (KHTML, like Gecko; compatible; ClaudeBot/1.0; +claudebot@anthropic.com)"
216.73.216.135 - - [04/Apr/2026:01:31:14 -0400] "GET /status/online/gender/c,f/hair/age?sortOrder=recent HTTP/1.1" 200 18305 "-" "Mozilla/5.0 AppleWebKit/537.36 (KHTML, like Gecko; compatible; ClaudeBot/1.0; +claudebot@anthropic.com)"
216.73.216.135 - - [04/Apr/2026:01:31:14 -0400] "GET /status/offline,online/gender/t,f,m/languages/norwegian?sortOrder=mostViewed HTTP/1.1" 200 19315 "-" "Mozilla/5.0 AppleWebKit/537.36 (KHTML, like Gecko; compatible; ClaudeBot/1.0; +claudebot@anthropic.com)"
216.73.216.135 - - [04/Apr/2026:01:31:14 -0400] "GET /status/offline/gender/t,f,c/age/40-49/languages/albanian HTTP/1.1" 200 19263 "-" "Mozilla/5.0 AppleWebKit/537.36 (KHTML, like Gecko; compatible; ClaudeBot/1.0; +claudebot@anthropic.com)"
74.7.241.1 - - [04/Apr/2026:01:31:14 -0400] "GET /gender/t/age/20-29/ethnicity/latest-news.php,white,latinas,black,native,islander,other HTTP/1.1" 200 21226 "https://camjab.com/age/20-29/ethnicity/latest-news.php,white,latinas,black,native,islander,other" "Mozilla/5.0 AppleWebKit/537.36 (KHTML, like Gecko; compatible; GPTBot/1.3; +https://openai.com/gptbot)"
216.73.216.135 - - [04/Apr/2026:01:31:14 -0400] "GET /status/online,offline/gender/f/age/18-19/languages/Turkish?sortOrder=recent HTTP/1.1" 200 19179 "-" "Mozilla/5.0 AppleWebKit/537.36 (KHTML, like Gecko; compatible; ClaudeBot/1.0; +claudebot@anthropic.com)"
74.7.241.25 - - [04/Apr/2026:01:31:14 -0400] "GET /age/40-49/ethnicity/native,black,east-indian,asian,other,islander HTTP/1.1" 200 20214 "https://www.camjab.com/age/40-49/ethnicity/native,black,east-indian,asian,other" "Mozilla/5.0 AppleWebKit/537.36 (KHTML, like Gecko; compatible; GPTBot/1.3; +https://openai.com/gptbot)"
216.73.216.135 - - [04/Apr/2026:01:31:14 -0400] "GET /status/offline/gender/c,m/ethnicity/white,islander/languages/spanish?sortOrder=mostViewed HTTP/1.1" 200 19705 "-" "Mozilla/5.0 AppleWebKit/537.36 (KHTML, like Gecko; compatible; ClaudeBot/1.0; +claudebot@anthropic.com)"
216.73.216.135 - - [04/Apr/2026:01:31:14 -0400] "GET /gender/m,c,f/age/18-19/languages/Indonesian?sortOrder=recent HTTP/1.1" 200 18719 "-" "Mozilla/5.0 AppleWebKit/537.36 (KHTML, like Gecko; compatible; ClaudeBot/1.0; +claudebot@anthropic.com)"
216.73.216.135 - - [04/Apr/2026:01:31:14 -0400] "GET /status/online,offline/age/50-59/languages/greek HTTP/1.1" 200 18532 "-" "Mozilla/5.0 AppleWebKit/537.36 (KHTML, like Gecko; compatible; ClaudeBot/1.0; +claudebot@anthropic.com)"
216.73.216.135 - - [04/Apr/2026:01:31:14 -0400] "GET /status/offline,online/gender/f/age/60-100,40-49/languages/Swedish HTTP/1.1" 200 19560 "-" "Mozilla/5.0 AppleWebKit/537.36 (KHTML, like Gecko; compatible; ClaudeBot/1.0; +claudebot@anthropic.com)"
216.73.216.135 - - [04/Apr/2026:01:31:14 -0400] "GET /gender/t/age/40-49,30-39/ethnicity/native/languages/vietnamese HTTP/1.1" 200 19134 "-" "Mozilla/5.0 AppleWebKit/537.36 (KHTML, like Gecko; compatible; ClaudeBot/1.0; +claudebot@anthropic.com)"
216.73.216.135 - - [04/Apr/2026:01:31:15 -0400] "GET /status/online/gender/t,c/ethnicity/white,native/languages/Irish?sortOrder=mostViewed HTTP/1.1" 200 19529 "-" "Mozilla/5.0 AppleWebKit/537.36 (KHTML, like Gecko; compatible; ClaudeBot/1.0; +claudebot@anthropic.com)"
54.166.104.83 - - [04/Apr/2026:01:31:15 -0400] "GET /status/offline,online/gender/m,t,c/age/30-39,20-29,18-19/ethnicity/asian,latino,native,islander,east-indian,latinas,black HTTP/1.1" 200 24545 "-" "Mozilla/5.0 AppleWebKit/537.36 (KHTML, like Gecko; compatible; Amazonbot/0.1; +https://developer.amazon.com/support/amazonbot) Chrome/119.0.6045.214 Safari/537.36"
216.73.216.135 - - [04/Apr/2026:01:31:15 -0400] "GET /status/offline/gender/f/age/40-49/ethnicity/islander,white/languages/swedish HTTP/1.1" 200 19848 "-" "Mozilla/5.0 AppleWebKit/537.36 (KHTML, like Gecko; compatible; ClaudeBot/1.0; +claudebot@anthropic.com)"
216.73.216.135 - - [04/Apr/2026:01:31:15 -0400] "GET /gender/t,m,f/ethnicity/black/languages/Georgian HTTP/1.1" 200 18664 "-" "Mozilla/5.0 AppleWebKit/537.36 (KHTML, like Gecko; compatible; ClaudeBot/1.0; +claudebot@anthropic.com)"
216.73.216.135 - - [04/Apr/2026:01:31:15 -0400] "GET /gender/f,m/ethnicity/other,native/languages/Kazakh?sortOrder=leastViewed HTTP/1.1" 200 18890 "-" "Mozilla/5.0 AppleWebKit/537.36 (KHTML, like Gecko; compatible; ClaudeBot/1.0; +claudebot@anthropic.com)"
216.73.216.135 - - [04/Apr/2026:01:31:15 -0400] "GET /status/offline/gender/t,m/ethnicity/white/languages/hungarian?sortOrder=recent HTTP/1.1" 200 19188 "-" "Mozilla/5.0 AppleWebKit/537.36 (KHTML, like Gecko; compatible; ClaudeBot/1.0; +claudebot@anthropic.com)"
195.252.220.47 - - [04/Apr/2026:01:31:15 -0400] "GET /status/online/age/18-19,20-29/ethnicity/other,asian,white HTTP/1.1" 200 19634 "https://www.camjab.com/status/online/age/18-19,20-29/ethnicity/other,islander,asian,white" "Mozilla/5.0 (Windows NT 10.0; Win64; x64) AppleWebKit/537.36 (KHTML, like Gecko) Chrome/136.0.0.0 Safari/537.36"
216.73.216.135 - - [04/Apr/2026:01:31:15 -0400] "GET /status/offline,online/gender/f/age/20-29/ethnicity/native/languages/czech HTTP/1.1" 200 19729 "-" "Mozilla/5.0 AppleWebKit/537.36 (KHTML, like Gecko; compatible; ClaudeBot/1.0; +claudebot@anthropic.com)"
74.7.241.1 - - [04/Apr/2026:01:31:15 -0400] "GET /age/50-59/ethnicity/latest-news.php,black,asian,other,islander,latinas HTTP/1.1" 200 20164 "https://camjab.com/age/50-59/ethnicity/latest-news.php,white,black,asian,other,islander,latinas" "Mozilla/5.0 AppleWebKit/537.36 (KHTML, like Gecko; compatible; GPTBot/1.3; +https://openai.com/gptbot)"
98.144.5.161 - - [04/Apr/2026:01:31:15 -0400] "GET /status/online/gender/f,m/age/20-29,60-100,40-49/ethnicity/white,east-indian,black,asian,other,native HTTP/1.1" 200 22803 "https://www.camjab.com/status/online/gender/f,m/age/20-29,60-100,40-49/ethnicity/white,east-indian,black,asian,other" "Mozilla/5.0 (Windows NT 10.0; Win64; x64) AppleWebKit/537.36 (KHTML, like Gecko) Chrome/135.0.0.0 Safari/537.36"
