107.20.224.184 - - [04/Apr/2026:01:35:48 -0400] "GET /status/offline,online/gender/t,f,m,c/age/18-19,20-29/ethnicity/islander,east-indian,black/languages/hindi HTTP/1.1" 200 22788 "-" "Mozilla/5.0 AppleWebKit/537.36 (KHTML, like Gecko; compatible; Amazonbot/0.1; +https://developer.amazon.com/support/amazonbot) Chrome/119.0.6045.214 Safari/537.36"
216.73.216.135 - - [04/Apr/2026:01:35:48 -0400] "GET /gender/m,c/age/50-59,40-49/ethnicity/native/languages/romanian?sortOrder=leastViewed HTTP/1.1" 200 19492 "-" "Mozilla/5.0 AppleWebKit/537.36 (KHTML, like Gecko; compatible; ClaudeBot/1.0; +claudebot@anthropic.com)"
216.73.216.135 - - [04/Apr/2026:01:35:48 -0400] "GET /status/offline,online/gender/c/ethnicity/native,black,white/languages/Swedish HTTP/1.1" 200 20151 "-" "Mozilla/5.0 AppleWebKit/537.36 (KHTML, like Gecko; compatible; ClaudeBot/1.0; +claudebot@anthropic.com)"
216.73.216.135 - - [04/Apr/2026:01:35:48 -0400] "GET /status/online/gender/f,m/age/20-29/ethnicity/asian/languages/Turkish HTTP/1.1" 200 19555 "-" "Mozilla/5.0 AppleWebKit/537.36 (KHTML, like Gecko; compatible; ClaudeBot/1.0; +claudebot@anthropic.com)"
217.113.194.13 - - [04/Apr/2026:01:35:48 -0400] "GET /status/online,offline/gender/t/age/18-19,20-29,30-39,60-100,50-59/ethnicity/asian HTTP/1.1" 200 20966 "-" "Mozilla/5.0 (compatible; Barkrowler/0.9; +https://babbar.tech/crawler)"
216.73.216.135 - - [04/Apr/2026:01:35:48 -0400] "GET /status/online/gender/f,c/ethnicity/islander,native/languages/Catalan?sortOrder=oldest HTTP/1.1" 200 19703 "-" "Mozilla/5.0 AppleWebKit/537.36 (KHTML, like Gecko; compatible; ClaudeBot/1.0; +claudebot@anthropic.com)"
49.43.88.6 - - [04/Apr/2026:01:35:48 -0400] "GET /status/online/gender/m,f/age/18-19,40-49,60-100,20-29/ethnicity/asian,islander,black,east-indian,other,white,latinas HTTP/1.1" 200 24052 "https://www.camjab.com/status/online/gender/m,f/age/18-19,40-49,60-100,20-29/ethnicity/asian,islander,black,east-indian,other,white" "Mozilla/5.0 (Macintosh; Intel Mac OS X 10_15_7) AppleWebKit/537.36 (KHTML, like Gecko) Chrome/136.0.0.0 Safari/537.36"
102.67.249.92 - - [04/Apr/2026:01:35:48 -0400] "GET /status/online/gender/c,m,f/age/50-59,20-29,60-100,40-49/ethnicity/white,black,asian,native HTTP/1.1" 200 22375 "https://www.camjab.com/status/online/gender/c,m,f/age/50-59,20-29,60-100,40-49/ethnicity/white,black,asian" "Mozilla/5.0 (Windows NT 10.0; Win64; x64) AppleWebKit/537.36 (KHTML, like Gecko) Chrome/135.0.0.0 Safari/537.36 Edg/135.0.0.0"
216.73.216.135 - - [04/Apr/2026:01:35:48 -0400] "GET /status/offline/gender/m,f/ethnicity/islander,black,other/languages/scots HTTP/1.1" 200 19980 "-" "Mozilla/5.0 AppleWebKit/537.36 (KHTML, like Gecko; compatible; ClaudeBot/1.0; +claudebot@anthropic.com)"
179.29.97.149 - - [04/Apr/2026:01:35:48 -0400] "GET /status/online/gender/m,f,t/age/30-39,40-49,20-29,50-59/ethnicity/islander,asian,east-indian,white HTTP/1.1" 200 22678 "https://www.camjab.com/status/online/gender/m,f,t/age/30-39,40-49,20-29,50-59/ethnicity/islander,asian,east-indian" "Mozilla/5.0 (Windows NT 10.0; Win64; x64) AppleWebKit/537.36 (KHTML, like Gecko) Chrome/135.0.0.0 Safari/537.36 Edg/135.0.0.0"
216.73.216.135 - - [04/Apr/2026:01:35:48 -0400] "GET /status/online,offline/age/40-49,50-59/ethnicity/islander/languages/Hebrew HTTP/1.1" 200 19769 "-" "Mozilla/5.0 AppleWebKit/537.36 (KHTML, like Gecko; compatible; ClaudeBot/1.0; +claudebot@anthropic.com)"
216.73.216.135 - - [04/Apr/2026:01:35:48 -0400] "GET /status/offline,online/gender/f,c,m/age/60-100/languages/Maltese HTTP/1.1" 200 19746 "-" "Mozilla/5.0 AppleWebKit/537.36 (KHTML, like Gecko; compatible; ClaudeBot/1.0; +claudebot@anthropic.com)"
74.7.241.1 - - [04/Apr/2026:01:35:48 -0400] "GET /age/18-19/ethnicity/latest-news.php,white,islander,latinas,asian,black,other?sortOrder=youngest HTTP/1.1" 200 20729 "https://camjab.com/age/18-19/ethnicity/latest-news.php,white,islander,latinas,asian,black,other" "Mozilla/5.0 AppleWebKit/537.36 (KHTML, like Gecko; compatible; GPTBot/1.3; +https://openai.com/gptbot)"
169.224.121.146 - - [04/Apr/2026:01:35:48 -0400] "GET /status/offline/gender/c/age/30-39,18-19,60-100,20-29,40-49/ethnicity/white,asian HTTP/1.1" 200 21166 "https://www.camjab.com/gender/c/age/30-39,18-19,60-100,20-29,40-49/ethnicity/white,asian" "Mozilla/5.0 (Windows NT 10.0; Win64; x64) AppleWebKit/537.36 (KHTML, like Gecko) Chrome/133.0.0.0 Safari/537.36"
216.73.216.135 - - [04/Apr/2026:01:35:48 -0400] "GET /status/offline/gender/f,m,t/age/60-100,18-19/languages/Irish HTTP/1.1" 200 19624 "-" "Mozilla/5.0 AppleWebKit/537.36 (KHTML, like Gecko; compatible; ClaudeBot/1.0; +claudebot@anthropic.com)"
216.73.216.135 - - [04/Apr/2026:01:35:49 -0400] "GET /status/offline/gender/c,t/ethnicity/native,black,white/languages/belarusian HTTP/1.1" 200 20089 "-" "Mozilla/5.0 AppleWebKit/537.36 (KHTML, like Gecko; compatible; ClaudeBot/1.0; +claudebot@anthropic.com)"
74.7.241.25 - - [04/Apr/2026:01:35:49 -0400] "GET /age/30-39/ethnicity/other,black,east-indian,native,asian,white HTTP/1.1" 200 20097 "https://www.camjab.com/age/30-39/ethnicity/other,black,east-indian,native,asian" "Mozilla/5.0 AppleWebKit/537.36 (KHTML, like Gecko; compatible; GPTBot/1.3; +https://openai.com/gptbot)"
216.73.216.135 - - [04/Apr/2026:01:35:49 -0400] "GET /status/online/gender/c,m/age/30-39,60-100/languages/german?sortOrder=leastViewed HTTP/1.1" 200 19426 "-" "Mozilla/5.0 AppleWebKit/537.36 (KHTML, like Gecko; compatible; ClaudeBot/1.0; +claudebot@anthropic.com)"
216.73.216.135 - - [04/Apr/2026:01:35:49 -0400] "GET /gender/f,t,c/ethnicity/islander,asian/languages/Irish?sortOrder=leastViewed HTTP/1.1" 200 19233 "-" "Mozilla/5.0 AppleWebKit/537.36 (KHTML, like Gecko; compatible; ClaudeBot/1.0; +claudebot@anthropic.com)"
216.73.216.135 - - [04/Apr/2026:01:35:49 -0400] "GET /gender/t,c,m/ethnicity/black/languages/spanish?sortOrder=timeOnline HTTP/1.1" 200 18735 "-" "Mozilla/5.0 AppleWebKit/537.36 (KHTML, like Gecko; compatible; ClaudeBot/1.0; +claudebot@anthropic.com)"
216.73.216.135 - - [04/Apr/2026:01:35:49 -0400] "GET /gender/m,f/age/30-39,20-29/languages/chinese?sortOrder=oldest HTTP/1.1" 200 18743 "-" "Mozilla/5.0 AppleWebKit/537.36 (KHTML, like Gecko; compatible; ClaudeBot/1.0; +claudebot@anthropic.com)"
152.59.16.154 - - [04/Apr/2026:01:35:49 -0400] "GET /gender/t,f/age/18-19,40-49,50-59,30-39/ethnicity/east-indian,other,black,asian HTTP/1.1" 200 21409 "https://www.camjab.com/gender/t/age/18-19,40-49,50-59,30-39/ethnicity/east-indian,other,black,asian" "Mozilla/5.0 (Windows NT 10.0; Win64; x64) AppleWebKit/537.36 (KHTML, like Gecko) Chrome/135.0.0.0 Safari/537.36 Edg/135.0.0.0"
216.73.216.135 - - [04/Apr/2026:01:35:49 -0400] "GET /gender/m,t,f/age/50-59,30-39/languages/Slovak HTTP/1.1" 200 18903 "-" "Mozilla/5.0 AppleWebKit/537.36 (KHTML, like Gecko; compatible; ClaudeBot/1.0; +claudebot@anthropic.com)"
216.73.216.135 - - [04/Apr/2026:01:35:49 -0400] "GET /status/offline/gender/c,f/ethnicity/native,other/languages/kashmiri?sortOrder=youngest HTTP/1.1" 200 19670 "-" "Mozilla/5.0 AppleWebKit/537.36 (KHTML, like Gecko; compatible; ClaudeBot/1.0; +claudebot@anthropic.com)"
216.73.216.135 - - [04/Apr/2026:01:35:49 -0400] "GET /status/online/gender/c,f,t/ethnicity/native/languages/spanish?sortOrder=oldest HTTP/1.1" 200 19438 "-" "Mozilla/5.0 AppleWebKit/537.36 (KHTML, like Gecko; compatible; ClaudeBot/1.0; +claudebot@anthropic.com)"
216.73.216.135 - - [04/Apr/2026:01:35:49 -0400] "GET /status/offline/gender/t,f/ethnicity/white,native,asian/languages/Chinese HTTP/1.1" 200 19981 "-" "Mozilla/5.0 AppleWebKit/537.36 (KHTML, like Gecko; compatible; ClaudeBot/1.0; +claudebot@anthropic.com)"
216.73.216.135 - - [04/Apr/2026:01:35:49 -0400] "GET /status/online/gender/f,c/ethnicity/islander,black/languages/spanish?sortOrder=leastViewed HTTP/1.1" 200 19681 "-" "Mozilla/5.0 AppleWebKit/537.36 (KHTML, like Gecko; compatible; ClaudeBot/1.0; +claudebot@anthropic.com)"
34.202.88.37 - - [04/Apr/2026:01:35:49 -0400] "GET /status/offline,online/gender/t,m,f,c/age/60-100,30-39/ethnicity/islander,east-indian,black/languages/vietnamese HTTP/1.1" 200 22804 "-" "Mozilla/5.0 AppleWebKit/537.36 (KHTML, like Gecko; compatible; Amazonbot/0.1; +https://developer.amazon.com/support/amazonbot) Chrome/119.0.6045.214 Safari/537.36"
216.73.216.135 - - [04/Apr/2026:01:35:49 -0400] "GET /status/online/gender/t,m/age/50-59/languages/vietnamese?sortOrder=name HTTP/1.1" 200 19069 "-" "Mozilla/5.0 AppleWebKit/537.36 (KHTML, like Gecko; compatible; ClaudeBot/1.0; +claudebot@anthropic.com)"
74.7.241.1 - - [04/Apr/2026:01:35:49 -0400] "GET /age/20-29/ethnicity/latest-news.php,latinas,black,other,islander,white,asian HTTP/1.1" 200 20630 "https://camjab.com/age/20-29/ethnicity/latest-news.php,latinas,native,black,other,islander,white,asian" "Mozilla/5.0 AppleWebKit/537.36 (KHTML, like Gecko; compatible; GPTBot/1.3; +https://openai.com/gptbot)"
74.7.241.25 - - [04/Apr/2026:01:35:50 -0400] "GET /age/20-29,30-39/ethnicity/other,white,native,east-indian,black HTTP/1.1" 200 20098 "https://www.camjab.com/age/20-29/ethnicity/other,white,native,east-indian,black" "Mozilla/5.0 AppleWebKit/537.36 (KHTML, like Gecko; compatible; GPTBot/1.3; +https://openai.com/gptbot)"
216.73.216.135 - - [04/Apr/2026:01:35:50 -0400] "GET /gender/c,f/age/30-39,18-19,40-49/languages/Georgian HTTP/1.1" 200 19110 "-" "Mozilla/5.0 AppleWebKit/537.36 (KHTML, like Gecko; compatible; ClaudeBot/1.0; +claudebot@anthropic.com)"
216.73.216.135 - - [04/Apr/2026:01:35:50 -0400] "GET /gender/c,m/age/60-100/ethnicity/native,white/languages/Hindi?sortOrder=recent HTTP/1.1" 200 19428 "-" "Mozilla/5.0 AppleWebKit/537.36 (KHTML, like Gecko; compatible; ClaudeBot/1.0; +claudebot@anthropic.com)"
54.147.182.90 - - [04/Apr/2026:01:35:50 -0400] "GET /status/offline,online/gender/t,c,f,m/age/40-49,50-59/ethnicity/east-indian,islander,white,native,asian,latinas/languages/hindi HTTP/1.1" 200 24549 "-" "Mozilla/5.0 AppleWebKit/537.36 (KHTML, like Gecko; compatible; Amazonbot/0.1; +https://developer.amazon.com/support/amazonbot) Chrome/119.0.6045.214 Safari/537.36"
216.73.216.135 - - [04/Apr/2026:01:35:50 -0400] "GET /status/online,offline/age/40-49/ethnicity/asian/languages/Kazakh?sortOrder=recent HTTP/1.1" 200 19308 "-" "Mozilla/5.0 AppleWebKit/537.36 (KHTML, like Gecko; compatible; ClaudeBot/1.0; +claudebot@anthropic.com)"
216.73.216.135 - - [04/Apr/2026:01:35:50 -0400] "GET /gender/t,m/age/20-29,50-59/languages/Belarusian?sortOrder=recent HTTP/1.1" 200 18840 "-" "Mozilla/5.0 AppleWebKit/537.36 (KHTML, like Gecko; compatible; ClaudeBot/1.0; +claudebot@anthropic.com)"
216.73.216.135 - - [04/Apr/2026:01:35:50 -0400] "GET /status/offline/gender/f,c/age/18-19/ethnicity/native,black/languages/spanish HTTP/1.1" 200 20113 "-" "Mozilla/5.0 AppleWebKit/537.36 (KHTML, like Gecko; compatible; ClaudeBot/1.0; +claudebot@anthropic.com)"
216.73.216.135 - - [04/Apr/2026:01:35:50 -0400] "GET /status/offline/gender/m,c/ethnicity/islander,white,other/languages/Swedish HTTP/1.1" 200 20052 "-" "Mozilla/5.0 AppleWebKit/537.36 (KHTML, like Gecko; compatible; ClaudeBot/1.0; +claudebot@anthropic.com)"
216.73.216.135 - - [04/Apr/2026:01:35:50 -0400] "GET /status/offline/gender/m,c/age/60-100/ethnicity/asian/languages/Georgian HTTP/1.1" 200 19664 "-" "Mozilla/5.0 AppleWebKit/537.36 (KHTML, like Gecko; compatible; ClaudeBot/1.0; +claudebot@anthropic.com)"
202.65.229.190 - - [04/Apr/2026:01:35:50 -0400] "GET /status/offline/gender/c/age/60-100,20-29/ethnicity/asian,black,other HTTP/1.1" 200 20239 "https://www.camjab.com/status/offline/gender/c/age/60-100,20-29/ethnicity/asian,black" "Mozilla/5.0 (Windows NT 10.0; Win64; x64) AppleWebKit/537.36 (KHTML, like Gecko) Chrome/136.0.0.0 Safari/537.36"
216.73.216.135 - - [04/Apr/2026:01:35:50 -0400] "GET /gender/f,t,m/ethnicity/islander,white/languages/Malay?sortOrder=leastViewed HTTP/1.1" 200 19223 "-" "Mozilla/5.0 AppleWebKit/537.36 (KHTML, like Gecko; compatible; ClaudeBot/1.0; +claudebot@anthropic.com)"
216.73.216.135 - - [04/Apr/2026:01:35:50 -0400] "GET /status/offline/gender/c,t/age/60-100/ethnicity/white,native/languages/polish HTTP/1.1" 200 20110 "-" "Mozilla/5.0 AppleWebKit/537.36 (KHTML, like Gecko; compatible; ClaudeBot/1.0; +claudebot@anthropic.com)"
216.73.216.135 - - [04/Apr/2026:01:35:50 -0400] "GET /status/offline/gender/m,f,t/age/40-49,50-59/languages/Irish HTTP/1.1" 200 19586 "-" "Mozilla/5.0 AppleWebKit/537.36 (KHTML, like Gecko; compatible; ClaudeBot/1.0; +claudebot@anthropic.com)"
216.73.216.135 - - [04/Apr/2026:01:35:50 -0400] "GET /gender/c,t,m/age/40-49/ethnicity/black/languages/Georgian HTTP/1.1" 200 19212 "-" "Mozilla/5.0 AppleWebKit/537.36 (KHTML, like Gecko; compatible; ClaudeBot/1.0; +claudebot@anthropic.com)"
74.7.241.1 - - [04/Apr/2026:01:35:50 -0400] "GET /age/50-59/ethnicity/latest-news.php,other,east-indian,islander,latinas,black HTTP/1.1" 200 20398 "https://camjab.com/age/50-59/ethnicity/latest-news.php,other,east-indian,islander,latinas" "Mozilla/5.0 AppleWebKit/537.36 (KHTML, like Gecko; compatible; GPTBot/1.3; +https://openai.com/gptbot)"
216.73.216.135 - - [04/Apr/2026:01:35:51 -0400] "GET /status/offline/gender/c,f/age/40-49,30-39/ethnicity/native/languages/Faeroese HTTP/1.1" 200 20130 "-" "Mozilla/5.0 AppleWebKit/537.36 (KHTML, like Gecko; compatible; ClaudeBot/1.0; +claudebot@anthropic.com)"
74.7.241.25 - - [04/Apr/2026:01:35:51 -0400] "GET /age/30-39,40-49/ethnicity/white,black,other,east-indian,native HTTP/1.1" 200 20098 "https://www.camjab.com/age/30-39/ethnicity/white,black,other,east-indian,native" "Mozilla/5.0 AppleWebKit/537.36 (KHTML, like Gecko; compatible; GPTBot/1.3; +https://openai.com/gptbot)"
216.73.216.135 - - [04/Apr/2026:01:35:51 -0400] "GET /gender/c,m/ethnicity/asian,native/languages/faeroese?sortOrder=leastViewed HTTP/1.1" 200 18958 "-" "Mozilla/5.0 AppleWebKit/537.36 (KHTML, like Gecko; compatible; ClaudeBot/1.0; +claudebot@anthropic.com)"
216.73.216.135 - - [04/Apr/2026:01:35:51 -0400] "GET /status/online/gender/t,f/ethnicity/other,native/languages/Kashmiri?sortOrder=leastViewed HTTP/1.1" 200 19637 "-" "Mozilla/5.0 AppleWebKit/537.36 (KHTML, like Gecko; compatible; ClaudeBot/1.0; +claudebot@anthropic.com)"
216.73.216.135 - - [04/Apr/2026:01:35:51 -0400] "GET /gender/c,f/age/60-100/ethnicity/islander,native/languages/Finnish?sortOrder=oldest HTTP/1.1" 200 19619 "-" "Mozilla/5.0 AppleWebKit/537.36 (KHTML, like Gecko; compatible; ClaudeBot/1.0; +claudebot@anthropic.com)"
216.73.216.135 - - [04/Apr/2026:01:35:51 -0400] "GET /gender/t,c,f/ethnicity/native,other/languages/Turkish?sortOrder=timeOnline HTTP/1.1" 200 19226 "-" "Mozilla/5.0 AppleWebKit/537.36 (KHTML, like Gecko; compatible; ClaudeBot/1.0; +claudebot@anthropic.com)"
216.73.216.135 - - [04/Apr/2026:01:35:51 -0400] "GET /gender/m,c,t/age/30-39/ethnicity/other/languages/hebrew?sortOrder=leastViewed HTTP/1.1" 200 19250 "-" "Mozilla/5.0 AppleWebKit/537.36 (KHTML, like Gecko; compatible; ClaudeBot/1.0; +claudebot@anthropic.com)"
217.113.194.19 - - [04/Apr/2026:01:35:51 -0400] "GET /status/offline/gender/t,m,c,f/age/60-100,20-29/ethnicity/latinas HTTP/1.1" 200 20343 "-" "Mozilla/5.0 (compatible; Barkrowler/0.9; +https://babbar.tech/crawler)"
216.73.216.135 - - [04/Apr/2026:01:35:51 -0400] "GET /gender/f,c/age/30-39/ethnicity/white,islander/languages/french?sortOrder=recent HTTP/1.1" 200 19510 "-" "Mozilla/5.0 AppleWebKit/537.36 (KHTML, like Gecko; compatible; ClaudeBot/1.0; +claudebot@anthropic.com)"
216.73.216.135 - - [04/Apr/2026:01:35:51 -0400] "GET /status/offline/gender/t,f/age/18-19,20-29/languages/Russian?sortOrder=oldest HTTP/1.1" 200 19451 "-" "Mozilla/5.0 AppleWebKit/537.36 (KHTML, like Gecko; compatible; ClaudeBot/1.0; +claudebot@anthropic.com)"
216.73.216.135 - - [04/Apr/2026:01:35:51 -0400] "GET /status/offline/gender/m,c/age/30-39/ethnicity/native,asian/languages/Arabic HTTP/1.1" 200 20067 "-" "Mozilla/5.0 AppleWebKit/537.36 (KHTML, like Gecko; compatible; ClaudeBot/1.0; +claudebot@anthropic.com)"
216.73.216.135 - - [04/Apr/2026:01:35:51 -0400] "GET /status/online/gender/f,t/ethnicity/other,white/languages/Slovak HTTP/1.1" 200 19422 "-" "Mozilla/5.0 AppleWebKit/537.36 (KHTML, like Gecko; compatible; ClaudeBot/1.0; +claudebot@anthropic.com)"
216.73.216.135 - - [04/Apr/2026:01:35:51 -0400] "GET /status/online/gender/t,c/age/20-29,30-39/languages/french HTTP/1.1" 200 19286 "-" "Mozilla/5.0 AppleWebKit/537.36 (KHTML, like Gecko; compatible; ClaudeBot/1.0; +claudebot@anthropic.com)"
144.76.32.187 - - [04/Apr/2026:01:35:51 -0400] "GET /tags/18/gender/c,m,t HTTP/1.1" 200 17767 "-" "Mozilla/5.0 (compatible; SERankingBacklinksBot/1.0; +https://seranking.com/backlinks-crawler)"
74.7.241.1 - - [04/Apr/2026:01:35:52 -0400] "GET /age/20-29/ethnicity/latest-news.php,other,black,native,white,latinas HTTP/1.1" 200 20086 "https://camjab.com/age/20-29/ethnicity/latest-news.php,asian,other,black,native,white,latinas" "Mozilla/5.0 AppleWebKit/537.36 (KHTML, like Gecko; compatible; GPTBot/1.3; +https://openai.com/gptbot)"
216.73.216.135 - - [04/Apr/2026:01:35:52 -0400] "GET /status/offline/gender/m,t/age/40-49,60-100/languages/Irish?sortOrder=name HTTP/1.1" 200 19402 "-" "Mozilla/5.0 AppleWebKit/537.36 (KHTML, like Gecko; compatible; ClaudeBot/1.0; +claudebot@anthropic.com)"
74.7.241.25 - - [04/Apr/2026:01:35:52 -0400] "GET /age/18-19,20-29/ethnicity/white,black,native,east-indian,other,latinas,islander,asian HTTP/1.1" 200 21730 "https://www.camjab.com/age/18-19/ethnicity/white,black,native,east-indian,other,latinas,islander,asian" "Mozilla/5.0 AppleWebKit/537.36 (KHTML, like Gecko; compatible; GPTBot/1.3; +https://openai.com/gptbot)"
216.73.216.135 - - [04/Apr/2026:01:35:52 -0400] "GET /gender/t,f/ethnicity/white,other,black/languages/catalan HTTP/1.1" 200 19213 "-" "Mozilla/5.0 AppleWebKit/537.36 (KHTML, like Gecko; compatible; ClaudeBot/1.0; +claudebot@anthropic.com)"
52.0.63.151 - - [04/Apr/2026:01:35:52 -0400] "GET /status/offline,online/gender/f/age/60-100,20-29/ethnicity/islander,asian,native,east-indian/languages/finnish HTTP/1.1" 200 22362 "-" "Mozilla/5.0 AppleWebKit/537.36 (KHTML, like Gecko; compatible; Amazonbot/0.1; +https://developer.amazon.com/support/amazonbot) Chrome/119.0.6045.214 Safari/537.36"
216.73.216.135 - - [04/Apr/2026:01:35:52 -0400] "GET /gender/t,c,f/age/30-39/ethnicity/native/languages/kurdish?sortOrder=oldest HTTP/1.1" 200 19317 "-" "Mozilla/5.0 AppleWebKit/537.36 (KHTML, like Gecko; compatible; ClaudeBot/1.0; +claudebot@anthropic.com)"
216.73.216.135 - - [04/Apr/2026:01:35:52 -0400] "GET /gender/f,t/ethnicity/black,white,islander/languages/Arabic?sortOrder=leastViewed HTTP/1.1" 200 19397 "-" "Mozilla/5.0 AppleWebKit/537.36 (KHTML, like Gecko; compatible; ClaudeBot/1.0; +claudebot@anthropic.com)"
216.73.216.135 - - [04/Apr/2026:01:35:52 -0400] "GET /status/offline,online/ethnicity/black,latinas,white/languages/Chinese?sortOrder=leastViewed HTTP/1.1" 200 19771 "-" "Mozilla/5.0 AppleWebKit/537.36 (KHTML, like Gecko; compatible; ClaudeBot/1.0; +claudebot@anthropic.com)"
52.200.54.136 - - [04/Apr/2026:01:35:52 -0400] "GET /status/offline,online/gender/m,t,f/age/18-19,30-39/ethnicity/islander,white,asian,east-indian,black,native/languages/hindi HTTP/1.1" 200 24064 "-" "Mozilla/5.0 AppleWebKit/537.36 (KHTML, like Gecko; compatible; Amazonbot/0.1; +https://developer.amazon.com/support/amazonbot) Chrome/119.0.6045.214 Safari/537.36"
216.73.216.135 - - [04/Apr/2026:01:35:52 -0400] "GET /gender/f,c/age/20-29/ethnicity/islander,asian/languages/catalan HTTP/1.1" 200 19452 "-" "Mozilla/5.0 AppleWebKit/537.36 (KHTML, like Gecko; compatible; ClaudeBot/1.0; +claudebot@anthropic.com)"
40.77.167.74 - - [04/Apr/2026:01:35:52 -0400] "GET /gender/m,f,t/ethnicity/white,asian,east-indian,islander,black HTTP/1.1" 200 20300 "-" "Mozilla/5.0 AppleWebKit/537.36 (KHTML, like Gecko; compatible; bingbot/2.0; +http://www.bing.com/bingbot.htm) Chrome/116.0.1938.76 Safari/537.36"
216.73.216.135 - - [04/Apr/2026:01:35:52 -0400] "GET /status/offline/gender/f,c/ethnicity/black,other/languages/kazakh?sortOrder=leastViewed HTTP/1.1" 200 19572 "-" "Mozilla/5.0 AppleWebKit/537.36 (KHTML, like Gecko; compatible; ClaudeBot/1.0; +claudebot@anthropic.com)"
216.73.216.135 - - [04/Apr/2026:01:35:52 -0400] "GET /status/online/gender/f,m/ethnicity/other,islander/languages/german?sortOrder=recent HTTP/1.1" 200 19621 "-" "Mozilla/5.0 AppleWebKit/537.36 (KHTML, like Gecko; compatible; ClaudeBot/1.0; +claudebot@anthropic.com)"
216.73.216.135 - - [04/Apr/2026:01:35:52 -0400] "GET /gender/m,f/age/50-59/ethnicity/islander,native/languages/Belarusian HTTP/1.1" 200 19584 "-" "Mozilla/5.0 AppleWebKit/537.36 (KHTML, like Gecko; compatible; ClaudeBot/1.0; +claudebot@anthropic.com)"
216.73.216.135 - - [04/Apr/2026:01:35:52 -0400] "GET /gender/t,c/age/18-19/ethnicity/other/languages/afrikaans?sortOrder=leastViewed HTTP/1.1" 200 19060 "-" "Mozilla/5.0 AppleWebKit/537.36 (KHTML, like Gecko; compatible; ClaudeBot/1.0; +claudebot@anthropic.com)"
216.73.216.135 - - [04/Apr/2026:01:35:52 -0400] "GET /status/online/gender/c,f/ethnicity/white,native,islander/languages/Slovak HTTP/1.1" 200 20026 "-" "Mozilla/5.0 AppleWebKit/537.36 (KHTML, like Gecko; compatible; ClaudeBot/1.0; +claudebot@anthropic.com)"
74.7.241.1 - - [04/Apr/2026:01:35:52 -0400] "GET /age/50-59/ethnicity/latest-news.php,asian,other,black,islander,east-indian,native HTTP/1.1" 200 20830 "https://camjab.com/age/50-59/ethnicity/latest-news.php,asian,other,black,islander,east-indian,native,latinas" "Mozilla/5.0 AppleWebKit/537.36 (KHTML, like Gecko; compatible; GPTBot/1.3; +https://openai.com/gptbot)"
216.73.216.135 - - [04/Apr/2026:01:35:53 -0400] "GET /gender/c,m/age/18-19/ethnicity/islander,other/languages/Spanish HTTP/1.1" 200 19442 "-" "Mozilla/5.0 AppleWebKit/537.36 (KHTML, like Gecko; compatible; ClaudeBot/1.0; +claudebot@anthropic.com)"
74.7.241.25 - - [04/Apr/2026:01:35:53 -0400] "GET /age/18-19,30-39/ethnicity/white,black,native,east-indian,other,latinas,islander,asian HTTP/1.1" 200 21730 "https://www.camjab.com/age/18-19/ethnicity/white,black,native,east-indian,other,latinas,islander,asian" "Mozilla/5.0 AppleWebKit/537.36 (KHTML, like Gecko; compatible; GPTBot/1.3; +https://openai.com/gptbot)"
216.73.216.135 - - [04/Apr/2026:01:35:53 -0400] "GET /status/offline/gender/m,f/ethnicity/other,islander,black/languages/Scots HTTP/1.1" 200 19980 "-" "Mozilla/5.0 AppleWebKit/537.36 (KHTML, like Gecko; compatible; ClaudeBot/1.0; +claudebot@anthropic.com)"
216.73.216.135 - - [04/Apr/2026:01:35:53 -0400] "GET /gender/t,c/age/60-100/ethnicity/white,native/languages/chinese HTTP/1.1" 200 19410 "-" "Mozilla/5.0 AppleWebKit/537.36 (KHTML, like Gecko; compatible; ClaudeBot/1.0; +claudebot@anthropic.com)"
216.73.216.135 - - [04/Apr/2026:01:35:53 -0400] "GET /status/offline/gender/c,t/age/50-59,30-39/languages/Icelandic HTTP/1.1" 200 19428 "-" "Mozilla/5.0 AppleWebKit/537.36 (KHTML, like Gecko; compatible; ClaudeBot/1.0; +claudebot@anthropic.com)"
216.73.216.135 - - [04/Apr/2026:01:35:53 -0400] "GET /status/offline,online/gender/f/age/60-100/ethnicity/asian/languages/English HTTP/1.1" 200 19799 "-" "Mozilla/5.0 AppleWebKit/537.36 (KHTML, like Gecko; compatible; ClaudeBot/1.0; +claudebot@anthropic.com)"
216.73.216.135 - - [04/Apr/2026:01:35:53 -0400] "GET /status/offline/gender/f,t,c/age/40-49,18-19/languages/Greek HTTP/1.1" 200 19596 "-" "Mozilla/5.0 AppleWebKit/537.36 (KHTML, like Gecko; compatible; ClaudeBot/1.0; +claudebot@anthropic.com)"
216.73.216.135 - - [04/Apr/2026:01:35:53 -0400] "GET /status/offline/gender/c,f,t/age/50-59,30-39/languages/scots HTTP/1.1" 200 19596 "-" "Mozilla/5.0 AppleWebKit/537.36 (KHTML, like Gecko; compatible; ClaudeBot/1.0; +claudebot@anthropic.com)"
216.73.216.135 - - [04/Apr/2026:01:35:53 -0400] "GET /status/offline/gender/t,c/age/30-39/ethnicity/native,other/languages/czech HTTP/1.1" 200 20036 "-" "Mozilla/5.0 AppleWebKit/537.36 (KHTML, like Gecko; compatible; ClaudeBot/1.0; +claudebot@anthropic.com)"
216.73.216.135 - - [04/Apr/2026:01:35:53 -0400] "GET /status/online,offline/age/30-39/ethnicity/native,latinas/languages/serbian HTTP/1.1" 200 19823 "-" "Mozilla/5.0 AppleWebKit/537.36 (KHTML, like Gecko; compatible; ClaudeBot/1.0; +claudebot@anthropic.com)"
216.73.216.135 - - [04/Apr/2026:01:35:53 -0400] "GET /gender/c,m,t/ethnicity/islander,white/languages/dutch?sortOrder=leastViewed HTTP/1.1" 200 19223 "-" "Mozilla/5.0 AppleWebKit/537.36 (KHTML, like Gecko; compatible; ClaudeBot/1.0; +claudebot@anthropic.com)"
216.73.216.135 - - [04/Apr/2026:01:35:53 -0400] "GET /status/online,offline/gender/t/ethnicity/asian/languages/malay?sortOrder=recent HTTP/1.1" 200 19217 "-" "Mozilla/5.0 AppleWebKit/537.36 (KHTML, like Gecko; compatible; ClaudeBot/1.0; +claudebot@anthropic.com)"
18.214.124.6 - - [04/Apr/2026:01:35:53 -0400] "GET /status/offline,online/gender/t,c,m/age/30-39,20-29,60-100/ethnicity/black,east-indian,asian/languages/hindi HTTP/1.1" 200 22616 "-" "Mozilla/5.0 AppleWebKit/537.36 (KHTML, like Gecko; compatible; Amazonbot/0.1; +https://developer.amazon.com/support/amazonbot) Chrome/119.0.6045.214 Safari/537.36"
52.203.152.231 - - [04/Apr/2026:01:35:53 -0400] "GET /status/offline,online/gender/c,m,f/age/18-19,20-29,50-59/ethnicity/islander,white,black/languages/chinese HTTP/1.1" 200 22763 "-" "Mozilla/5.0 AppleWebKit/537.36 (KHTML, like Gecko; compatible; Amazonbot/0.1; +https://developer.amazon.com/support/amazonbot) Chrome/119.0.6045.214 Safari/537.36"
216.73.216.135 - - [04/Apr/2026:01:35:54 -0400] "GET /gender/m,t,c/age/60-100/ethnicity/white/languages/Irish?sortOrder=leastViewed HTTP/1.1" 200 19252 "-" "Mozilla/5.0 AppleWebKit/537.36 (KHTML, like Gecko; compatible; ClaudeBot/1.0; +claudebot@anthropic.com)"
74.7.241.1 - - [04/Apr/2026:01:35:54 -0400] "GET /age/18-19/ethnicity/latest-news.php,white,other,black,islander,east-indian,asian HTTP/1.1" 200 20790 "https://camjab.com/age/18-19/ethnicity/latest-news.php,white,other,black,islander,east-indian,asian,native" "Mozilla/5.0 AppleWebKit/537.36 (KHTML, like Gecko; compatible; GPTBot/1.3; +https://openai.com/gptbot)"
74.7.241.25 - - [04/Apr/2026:01:35:54 -0400] "GET /age/18-19,50-59/ethnicity/white,black,native,east-indian,other,latinas,islander,asian HTTP/1.1" 200 21730 "https://www.camjab.com/age/18-19/ethnicity/white,black,native,east-indian,other,latinas,islander,asian" "Mozilla/5.0 AppleWebKit/537.36 (KHTML, like Gecko; compatible; GPTBot/1.3; +https://openai.com/gptbot)"
216.73.216.135 - - [04/Apr/2026:01:35:54 -0400] "GET /status/offline/gender/t,f/ethnicity/black,native,asian/languages/scots HTTP/1.1" 200 19909 "-" "Mozilla/5.0 AppleWebKit/537.36 (KHTML, like Gecko; compatible; ClaudeBot/1.0; +claudebot@anthropic.com)"
216.73.216.135 - - [04/Apr/2026:01:35:54 -0400] "GET /status/offline/gender/c,f/ethnicity/white,other/languages/czech?sortOrder=timeOnline HTTP/1.1" 200 19534 "-" "Mozilla/5.0 AppleWebKit/537.36 (KHTML, like Gecko; compatible; ClaudeBot/1.0; +claudebot@anthropic.com)"
216.73.216.135 - - [04/Apr/2026:01:35:54 -0400] "GET /gender/c,m/age/20-29/ethnicity/white/languages/vietnamese?sortOrder=timeOnline HTTP/1.1" 200 19086 "-" "Mozilla/5.0 AppleWebKit/537.36 (KHTML, like Gecko; compatible; ClaudeBot/1.0; +claudebot@anthropic.com)"
216.73.216.135 - - [04/Apr/2026:01:35:54 -0400] "GET /gender/c,m,f/age/30-39,60-100/languages/Hebrew?sortOrder=name HTTP/1.1" 200 19032 "-" "Mozilla/5.0 AppleWebKit/537.36 (KHTML, like Gecko; compatible; ClaudeBot/1.0; +claudebot@anthropic.com)"
216.73.216.135 - - [04/Apr/2026:01:35:54 -0400] "GET /gender/c,m/age/60-100,30-39/ethnicity/white/languages/german?sortOrder=leastViewed HTTP/1.1" 200 19422 "-" "Mozilla/5.0 AppleWebKit/537.36 (KHTML, like Gecko; compatible; ClaudeBot/1.0; +claudebot@anthropic.com)"
216.73.216.135 - - [04/Apr/2026:01:35:54 -0400] "GET /status/online/gender/t,m,c/age/20-29/languages/Portuguese HTTP/1.1" 200 19286 "-" "Mozilla/5.0 AppleWebKit/537.36 (KHTML, like Gecko; compatible; ClaudeBot/1.0; +claudebot@anthropic.com)"
216.73.216.135 - - [04/Apr/2026:01:35:54 -0400] "GET /gender/c,m,t/age/18-19,30-39/languages/czech?sortOrder=leastViewed HTTP/1.1" 200 18976 "-" "Mozilla/5.0 AppleWebKit/537.36 (KHTML, like Gecko; compatible; ClaudeBot/1.0; +claudebot@anthropic.com)"
216.73.216.135 - - [04/Apr/2026:01:35:54 -0400] "GET /gender/c,m,t/ethnicity/native,white/languages/bulgarian?sortOrder=leastViewed HTTP/1.1" 200 19289 "-" "Mozilla/5.0 AppleWebKit/537.36 (KHTML, like Gecko; compatible; ClaudeBot/1.0; +claudebot@anthropic.com)"
216.73.216.135 - - [04/Apr/2026:01:35:54 -0400] "GET /status/offline/gender/f,c,t/age/20-29,60-100/languages/Japanese HTTP/1.1" 200 19742 "-" "Mozilla/5.0 AppleWebKit/537.36 (KHTML, like Gecko; compatible; ClaudeBot/1.0; +claudebot@anthropic.com)"
216.73.216.135 - - [04/Apr/2026:01:35:54 -0400] "GET /gender/t,c,m,f/age/18-19,40-49/languages/Hebrew HTTP/1.1" 200 19199 "-" "Mozilla/5.0 AppleWebKit/537.36 (KHTML, like Gecko; compatible; ClaudeBot/1.0; +claudebot@anthropic.com)"
216.73.216.135 - - [04/Apr/2026:01:35:55 -0400] "GET /status/offline,online/gender/t/ethnicity/latinas,native/languages/kurdish HTTP/1.1" 200 19765 "-" "Mozilla/5.0 AppleWebKit/537.36 (KHTML, like Gecko; compatible; ClaudeBot/1.0; +claudebot@anthropic.com)"
89.243.126.228 - - [04/Apr/2026:01:35:55 -0400] "GET /tags/gymgirl/gender/m,t,f/age/40-49,60-100,18-19,30-39/ethnicity/asian,black,east-indian,other,latinas,white,native HTTP/1.1" 200 24278 "https://www.camjab.com/tags/gymgirl/gender/m,t,f/age/40-49,60-100,18-19,30-39/ethnicity/asian,black,east-indian,other,latinas,white" "Mozilla/5.0 (Windows NT 10.0; Win64; x64) AppleWebKit/537.36 (KHTML, like Gecko) Chrome/135.0.0.0 Safari/537.36"
34.236.135.14 - - [04/Apr/2026:01:35:55 -0400] "GET /status/offline,online/gender/m,t,f/age/18-19,60-100,50-59,40-49/ethnicity/east-indian,asian,native,islander,black,latinas/languages/hindi HTTP/1.1" 200 25319 "-" "Mozilla/5.0 AppleWebKit/537.36 (KHTML, like Gecko; compatible; Amazonbot/0.1; +https://developer.amazon.com/support/amazonbot) Chrome/119.0.6045.214 Safari/537.36"
74.7.241.1 - - [04/Apr/2026:01:35:55 -0400] "GET /age/18-19/ethnicity/latest-news.php,white,asian,islander,other,black,east-indian HTTP/1.1" 200 20790 "https://camjab.com/age/18-19/ethnicity/latest-news.php,white,asian,islander,native,other,black,east-indian" "Mozilla/5.0 AppleWebKit/537.36 (KHTML, like Gecko; compatible; GPTBot/1.3; +https://openai.com/gptbot)"
74.7.241.25 - - [04/Apr/2026:01:35:55 -0400] "GET /age/18-19,40-49/ethnicity/white,black,native,east-indian,other,latinas,islander,asian HTTP/1.1" 200 21730 "https://www.camjab.com/age/18-19/ethnicity/white,black,native,east-indian,other,latinas,islander,asian" "Mozilla/5.0 AppleWebKit/537.36 (KHTML, like Gecko; compatible; GPTBot/1.3; +https://openai.com/gptbot)"
216.73.216.135 - - [04/Apr/2026:01:35:55 -0400] "GET /status/offline,online/gender/c/ethnicity/islander,other,native/languages/Greek HTTP/1.1" 200 20193 "-" "Mozilla/5.0 AppleWebKit/537.36 (KHTML, like Gecko; compatible; ClaudeBot/1.0; +claudebot@anthropic.com)"
216.73.216.135 - - [04/Apr/2026:01:35:55 -0400] "GET /status/offline/gender/t,f,c/ethnicity/asian/languages/catalan?sortOrder=oldest HTTP/1.1" 200 19438 "-" "Mozilla/5.0 AppleWebKit/537.36 (KHTML, like Gecko; compatible; ClaudeBot/1.0; +claudebot@anthropic.com)"
216.73.216.135 - - [04/Apr/2026:01:35:55 -0400] "GET /gender/f,c/ethnicity/native,black,other/languages/norwegian?sortOrder=recent HTTP/1.1" 200 19418 "-" "Mozilla/5.0 AppleWebKit/537.36 (KHTML, like Gecko; compatible; ClaudeBot/1.0; +claudebot@anthropic.com)"
216.73.216.135 - - [04/Apr/2026:01:35:55 -0400] "GET /status/offline/gender/f,c/age/30-39/ethnicity/white,islander,native/languages/catalan HTTP/1.1" 200 20696 "-" "Mozilla/5.0 AppleWebKit/537.36 (KHTML, like Gecko; compatible; ClaudeBot/1.0; +claudebot@anthropic.com)"
216.73.216.135 - - [04/Apr/2026:01:35:55 -0400] "GET /gender/c,t/age/40-49,30-39/languages/Norwegian?sortOrder=timeOnline HTTP/1.1" 200 18828 "-" "Mozilla/5.0 AppleWebKit/537.36 (KHTML, like Gecko; compatible; ClaudeBot/1.0; +claudebot@anthropic.com)"
216.73.216.135 - - [04/Apr/2026:01:35:55 -0400] "GET /gender/f,c,m/ethnicity/other,islander/languages/korean?sortOrder=leastViewed HTTP/1.1" 200 19263 "-" "Mozilla/5.0 AppleWebKit/537.36 (KHTML, like Gecko; compatible; ClaudeBot/1.0; +claudebot@anthropic.com)"
84.54.70.40 - - [04/Apr/2026:01:35:55 -0400] "GET /status/online/gender/c,f/age/40-49/ethnicity/native,latinas,black,other HTTP/1.1" 200 20619 "https://www.camjab.com/status/online/gender/c,f/age/40-49/ethnicity/native,latinas,black" "Mozilla/5.0 (Macintosh; Intel Mac OS X 10_15_7) AppleWebKit/537.36 (KHTML, like Gecko) Chrome/135.0.0.0 Safari/537.36"
216.73.216.135 - - [04/Apr/2026:01:35:55 -0400] "GET /status/online/gender/m,f,c/age/40-49/languages/Croatian?sortOrder=oldest HTTP/1.1" 200 19314 "-" "Mozilla/5.0 AppleWebKit/537.36 (KHTML, like Gecko; compatible; ClaudeBot/1.0; +claudebot@anthropic.com)"
216.73.216.135 - - [04/Apr/2026:01:35:55 -0400] "GET /status/offline,online/gender/t,c/ethnicity/native/languages/romanian?sortOrder=oldest HTTP/1.1" 200 19684 "-" "Mozilla/5.0 AppleWebKit/537.36 (KHTML, like Gecko; compatible; ClaudeBot/1.0; +claudebot@anthropic.com)"
216.73.216.135 - - [04/Apr/2026:01:35:55 -0400] "GET /gender/f,c/ethnicity/latinas,native,black/languages/Chinese?sortOrder=leastViewed HTTP/1.1" 200 19437 "-" "Mozilla/5.0 AppleWebKit/537.36 (KHTML, like Gecko; compatible; ClaudeBot/1.0; +claudebot@anthropic.com)"
216.73.216.135 - - [04/Apr/2026:01:35:55 -0400] "GET /status/offline/gender/c,f,m/age/60-100,50-59/languages/Danish HTTP/1.1" 200 19665 "-" "Mozilla/5.0 AppleWebKit/537.36 (KHTML, like Gecko; compatible; ClaudeBot/1.0; +claudebot@anthropic.com)"
216.73.216.135 - - [04/Apr/2026:01:35:56 -0400] "GET /gender/c,t/ethnicity/islander,other/languages/French?sortOrder=oldest HTTP/1.1" 200 18952 "-" "Mozilla/5.0 AppleWebKit/537.36 (KHTML, like Gecko; compatible; ClaudeBot/1.0; +claudebot@anthropic.com)"
54.159.98.248 - - [04/Apr/2026:01:35:56 -0400] "GET /status/offline,online/gender/t,f,c/age/60-100,40-49,20-29/ethnicity/white,native/languages/slovak HTTP/1.1" 200 22169 "-" "Mozilla/5.0 AppleWebKit/537.36 (KHTML, like Gecko; compatible; Amazonbot/0.1; +https://developer.amazon.com/support/amazonbot) Chrome/119.0.6045.214 Safari/537.36"
216.73.216.135 - - [04/Apr/2026:01:35:56 -0400] "GET /gender/m,t,c/age/60-100,18-19/languages/finnish HTTP/1.1" 200 18975 "-" "Mozilla/5.0 AppleWebKit/537.36 (KHTML, like Gecko; compatible; ClaudeBot/1.0; +claudebot@anthropic.com)"
74.7.241.1 - - [04/Apr/2026:01:35:56 -0400] "GET /age/20-29/ethnicity/latest-news.php,east-indian,white,native,islander,black,other HTTP/1.1" 200 20830 "https://camjab.com/age/20-29/ethnicity/latest-news.php,east-indian,white,native,latinas,islander,black,other" "Mozilla/5.0 AppleWebKit/537.36 (KHTML, like Gecko; compatible; GPTBot/1.3; +https://openai.com/gptbot)"
216.73.216.135 - - [04/Apr/2026:01:35:56 -0400] "GET /gender/m,c,t/age/18-19,30-39/languages/czech?sortOrder=leastViewed HTTP/1.1" 200 18976 "-" "Mozilla/5.0 AppleWebKit/537.36 (KHTML, like Gecko; compatible; ClaudeBot/1.0; +claudebot@anthropic.com)"
74.7.241.25 - - [04/Apr/2026:01:35:56 -0400] "GET /age/18-19/ethnicity/white,black,native,other,latinas,islander HTTP/1.1" 200 20058 "https://www.camjab.com/age/18-19/ethnicity/white,black,native,east-indian,other,latinas,islander" "Mozilla/5.0 AppleWebKit/537.36 (KHTML, like Gecko; compatible; GPTBot/1.3; +https://openai.com/gptbot)"
216.73.216.135 - - [04/Apr/2026:01:35:56 -0400] "GET /gender/c,t/ethnicity/other,white,islander/languages/Finnish HTTP/1.1" 200 19324 "-" "Mozilla/5.0 AppleWebKit/537.36 (KHTML, like Gecko; compatible; ClaudeBot/1.0; +claudebot@anthropic.com)"
216.73.216.135 - - [04/Apr/2026:01:35:56 -0400] "GET /gender/f,c/age/40-49/ethnicity/islander,native,asian/languages/Turkish HTTP/1.1" 200 19937 "-" "Mozilla/5.0 AppleWebKit/537.36 (KHTML, like Gecko; compatible; ClaudeBot/1.0; +claudebot@anthropic.com)"
216.73.216.135 - - [04/Apr/2026:01:35:56 -0400] "GET /status/offline/gender/c,m/ethnicity/native,latinas/languages/scots?sortOrder=youngest HTTP/1.1" 200 19629 "-" "Mozilla/5.0 AppleWebKit/537.36 (KHTML, like Gecko; compatible; ClaudeBot/1.0; +claudebot@anthropic.com)"
216.73.216.135 - - [04/Apr/2026:01:35:56 -0400] "GET /status/offline/gender/m,c/ethnicity/latinas,asian/languages/English?sortOrder=leastViewed HTTP/1.1" 200 19671 "-" "Mozilla/5.0 AppleWebKit/537.36 (KHTML, like Gecko; compatible; ClaudeBot/1.0; +claudebot@anthropic.com)"
216.73.216.135 - - [04/Apr/2026:01:35:56 -0400] "GET /gender/f,c/age/50-59/ethnicity/black/languages/Faeroese?sortOrder=recent HTTP/1.1" 200 19016 "-" "Mozilla/5.0 AppleWebKit/537.36 (KHTML, like Gecko; compatible; ClaudeBot/1.0; +claudebot@anthropic.com)"
216.73.216.135 - - [04/Apr/2026:01:35:56 -0400] "GET /gender/m,f/age/20-29/ethnicity/native,latinas/languages/Swedish?sortOrder=leastViewed HTTP/1.1" 200 19550 "-" "Mozilla/5.0 AppleWebKit/537.36 (KHTML, like Gecko; compatible; ClaudeBot/1.0; +claudebot@anthropic.com)"
216.73.216.135 - - [04/Apr/2026:01:35:56 -0400] "GET /gender/c,m,f/ethnicity/white,black,native/languages/Romanian HTTP/1.1" 200 19589 "-" "Mozilla/5.0 AppleWebKit/537.36 (KHTML, like Gecko; compatible; ClaudeBot/1.0; +claudebot@anthropic.com)"
216.73.216.135 - - [04/Apr/2026:01:35:56 -0400] "GET /gender/c,f/age/18-19/ethnicity/black,native/languages/Finnish?sortOrder=name HTTP/1.1" 200 19465 "-" "Mozilla/5.0 AppleWebKit/537.36 (KHTML, like Gecko; compatible; ClaudeBot/1.0; +claudebot@anthropic.com)"
216.73.216.135 - - [04/Apr/2026:01:35:57 -0400] "GET /gender/t,c,f/ethnicity/native,islander/languages/korean?sortOrder=name HTTP/1.1" 200 19284 "-" "Mozilla/5.0 AppleWebKit/537.36 (KHTML, like Gecko; compatible; ClaudeBot/1.0; +claudebot@anthropic.com)"
216.73.216.135 - - [04/Apr/2026:01:35:57 -0400] "GET /gender/m,f,t/ethnicity/latinas,native/languages/Norwegian?sortOrder=leastViewed HTTP/1.1" 200 19363 "-" "Mozilla/5.0 AppleWebKit/537.36 (KHTML, like Gecko; compatible; ClaudeBot/1.0; +claudebot@anthropic.com)"
216.73.216.135 - - [04/Apr/2026:01:35:57 -0400] "GET /status/offline/gender/f,c,t/ethnicity/native/languages/kazakh?sortOrder=timeOnline HTTP/1.1" 200 19452 "-" "Mozilla/5.0 AppleWebKit/537.36 (KHTML, like Gecko; compatible; ClaudeBot/1.0; +claudebot@anthropic.com)"
74.7.241.1 - - [04/Apr/2026:01:35:57 -0400] "GET /age/20-29/ethnicity/latest-news.php,asian,other,islander,white,east-indian,black HTTP/1.1" 200 20790 "https://camjab.com/age/20-29/ethnicity/latest-news.php,asian,other,islander,white,east-indian,black,latinas" "Mozilla/5.0 AppleWebKit/537.36 (KHTML, like Gecko; compatible; GPTBot/1.3; +https://openai.com/gptbot)"
216.73.216.135 - - [04/Apr/2026:01:35:57 -0400] "GET /gender/f,c/age/60-100,40-49,20-29/languages/german?sortOrder=leastViewed HTTP/1.1" 200 19185 "-" "Mozilla/5.0 AppleWebKit/537.36 (KHTML, like Gecko; compatible; ClaudeBot/1.0; +claudebot@anthropic.com)"
74.7.241.25 - - [04/Apr/2026:01:35:57 -0400] "GET /age/18-19/ethnicity/asian,black,east-indian,white,native HTTP/1.1" 200 19647 "https://www.camjab.com/age/18-19/ethnicity/asian,black,latinas,east-indian,white,native" "Mozilla/5.0 AppleWebKit/537.36 (KHTML, like Gecko; compatible; GPTBot/1.3; +https://openai.com/gptbot)"
216.73.216.135 - - [04/Apr/2026:01:35:57 -0400] "GET /status/offline,online/ethnicity/white,native,east-indian/languages/Japanese?sortOrder=leastViewed HTTP/1.1" 200 19991 "-" "Mozilla/5.0 AppleWebKit/537.36 (KHTML, like Gecko; compatible; ClaudeBot/1.0; +claudebot@anthropic.com)"
216.73.216.135 - - [04/Apr/2026:01:35:57 -0400] "GET /gender/m,c,t/ethnicity/islander,white/languages/dutch?sortOrder=leastViewed HTTP/1.1" 200 19223 "-" "Mozilla/5.0 AppleWebKit/537.36 (KHTML, like Gecko; compatible; ClaudeBot/1.0; +claudebot@anthropic.com)"
216.73.216.135 - - [04/Apr/2026:01:35:57 -0400] "GET /status/offline/gender/f,c/age/30-39,40-49/languages/Thai?sortOrder=timeOnline HTTP/1.1" 200 19363 "-" "Mozilla/5.0 AppleWebKit/537.36 (KHTML, like Gecko; compatible; ClaudeBot/1.0; +claudebot@anthropic.com)"
216.73.216.135 - - [04/Apr/2026:01:35:57 -0400] "GET /status/offline/gender/f,m/ethnicity/white,black/languages/fiji?sortOrder=oldest HTTP/1.1" 200 19477 "-" "Mozilla/5.0 AppleWebKit/537.36 (KHTML, like Gecko; compatible; ClaudeBot/1.0; +claudebot@anthropic.com)"
216.73.216.135 - - [04/Apr/2026:01:35:57 -0400] "GET /gender/f,m/age/30-39,40-49/ethnicity/native/languages/Ukrainian?sortOrder=leastViewed HTTP/1.1" 200 19527 "-" "Mozilla/5.0 AppleWebKit/537.36 (KHTML, like Gecko; compatible; ClaudeBot/1.0; +claudebot@anthropic.com)"
216.73.216.135 - - [04/Apr/2026:01:35:57 -0400] "GET /status/offline/gender/c,f/age/60-100,18-19/ethnicity/native/languages/turkish HTTP/1.1" 200 20132 "-" "Mozilla/5.0 AppleWebKit/537.36 (KHTML, like Gecko; compatible; ClaudeBot/1.0; +claudebot@anthropic.com)"
216.73.216.135 - - [04/Apr/2026:01:35:57 -0400] "GET /status/online/gender/c,t/age/30-39/ethnicity/islander/languages/french HTTP/1.1" 200 19636 "-" "Mozilla/5.0 AppleWebKit/537.36 (KHTML, like Gecko; compatible; ClaudeBot/1.0; +claudebot@anthropic.com)"
216.73.216.135 - - [04/Apr/2026:01:35:58 -0400] "GET /gender/f,c,m/ethnicity/native,white,islander/languages/Slovak?sortOrder=leastViewed HTTP/1.1" 200 19739 "-" "Mozilla/5.0 AppleWebKit/537.36 (KHTML, like Gecko; compatible; ClaudeBot/1.0; +claudebot@anthropic.com)"
34.226.89.140 - - [04/Apr/2026:01:35:58 -0400] "GET /status/offline,online/gender/m,f,t,c/age/60-100,18-19/ethnicity/islander,black,east-indian,white/languages/hindi HTTP/1.1" 200 23125 "-" "Mozilla/5.0 AppleWebKit/537.36 (KHTML, like Gecko; compatible; Amazonbot/0.1; +https://developer.amazon.com/support/amazonbot) Chrome/119.0.6045.214 Safari/537.36"
216.73.216.135 - - [04/Apr/2026:01:35:58 -0400] "GET /gender/c,m/age/20-29,60-100,40-49/languages/hebrew?sortOrder=recent HTTP/1.1" 200 19160 "-" "Mozilla/5.0 AppleWebKit/537.36 (KHTML, like Gecko; compatible; ClaudeBot/1.0; +claudebot@anthropic.com)"
18.235.158.19 - - [04/Apr/2026:01:35:58 -0400] "GET /status/offline/gender/t,f,m/age/60-100,18-19,50-59,30-39/ethnicity/islander,white,east-indian,asian/languages/hindi HTTP/1.1" 200 23452 "-" "Mozilla/5.0 AppleWebKit/537.36 (KHTML, like Gecko; compatible; Amazonbot/0.1; +https://developer.amazon.com/support/amazonbot) Chrome/119.0.6045.214 Safari/537.36"
216.73.216.135 - - [04/Apr/2026:01:35:58 -0400] "GET /gender/t,m,c/age/40-49/ethnicity/native/languages/kurdish?sortOrder=oldest HTTP/1.1" 200 19307 "-" "Mozilla/5.0 AppleWebKit/537.36 (KHTML, like Gecko; compatible; ClaudeBot/1.0; +claudebot@anthropic.com)"
74.7.241.1 - - [04/Apr/2026:01:35:58 -0400] "GET /age/40-49/ethnicity/latest-news.php,asian,other,islander,black,east-indian,native HTTP/1.1" 200 20830 "https://camjab.com/age/40-49/ethnicity/latest-news.php,asian,other,islander,black,east-indian,latinas,native" "Mozilla/5.0 AppleWebKit/537.36 (KHTML, like Gecko; compatible; GPTBot/1.3; +https://openai.com/gptbot)"
216.73.216.135 - - [04/Apr/2026:01:35:58 -0400] "GET /status/offline/gender/t,c/age/30-39/ethnicity/native,black/languages/french HTTP/1.1" 200 20072 "-" "Mozilla/5.0 AppleWebKit/537.36 (KHTML, like Gecko; compatible; ClaudeBot/1.0; +claudebot@anthropic.com)"
74.7.241.25 - - [04/Apr/2026:01:35:58 -0400] "GET /age/30-39/ethnicity/east-indian,asian,black,white,native HTTP/1.1" 200 19647 "https://www.camjab.com/age/30-39,20-29/ethnicity/east-indian,asian,black,white,native" "Mozilla/5.0 AppleWebKit/537.36 (KHTML, like Gecko; compatible; GPTBot/1.3; +https://openai.com/gptbot)"
216.73.216.135 - - [04/Apr/2026:01:35:58 -0400] "GET /gender/f,t/ethnicity/white,other/languages/Finnish?sortOrder=youngest HTTP/1.1" 200 18884 "-" "Mozilla/5.0 AppleWebKit/537.36 (KHTML, like Gecko; compatible; ClaudeBot/1.0; +claudebot@anthropic.com)"
216.73.216.135 - - [04/Apr/2026:01:35:58 -0400] "GET /status/offline/gender/f,c/age/40-49,20-29/languages/Catalan?sortOrder=oldest HTTP/1.1" 200 19456 "-" "Mozilla/5.0 AppleWebKit/537.36 (KHTML, like Gecko; compatible; ClaudeBot/1.0; +claudebot@anthropic.com)"
196.190.80.71 - - [04/Apr/2026:01:35:58 -0400] "GET /status/offline/gender/c/age/60-100,20-29/ethnicity/asian,black,other HTTP/1.1" 200 20239 "https://www.camjab.com/status/offline/gender/c/age/60-100,20-29/ethnicity/asian,black" "Mozilla/5.0 (Windows NT 10.0; Win64; x64) AppleWebKit/537.36 (KHTML, like Gecko) Chrome/136.0.0.0 Safari/537.36"
216.73.216.135 - - [04/Apr/2026:01:35:58 -0400] "GET /gender/t,f,m/ethnicity/black,other/languages/finnish HTTP/1.1" 200 19074 "-" "Mozilla/5.0 AppleWebKit/537.36 (KHTML, like Gecko; compatible; ClaudeBot/1.0; +claudebot@anthropic.com)"
216.73.216.135 - - [04/Apr/2026:01:35:58 -0400] "GET /status/offline,online/ethnicity/islander,white,latinas/languages/danish?sortOrder=recent HTTP/1.1" 200 19832 "-" "Mozilla/5.0 AppleWebKit/537.36 (KHTML, like Gecko; compatible; ClaudeBot/1.0; +claudebot@anthropic.com)"
216.73.216.135 - - [04/Apr/2026:01:35:58 -0400] "GET /gender/c,f/age/30-39,40-49/ethnicity/islander/languages/turkish?sortOrder=leastViewed HTTP/1.1" 200 19541 "-" "Mozilla/5.0 AppleWebKit/537.36 (KHTML, like Gecko; compatible; ClaudeBot/1.0; +claudebot@anthropic.com)"
216.73.216.135 - - [04/Apr/2026:01:35:58 -0400] "GET /status/online/gender/f,t/ethnicity/islander,black/languages/scots?sortOrder=leastViewed HTTP/1.1" 200 19606 "-" "Mozilla/5.0 AppleWebKit/537.36 (KHTML, like Gecko; compatible; ClaudeBot/1.0; +claudebot@anthropic.com)"
216.73.216.135 - - [04/Apr/2026:01:35:59 -0400] "GET /gender/t,f/ethnicity/native,other,asian/languages/german?sortOrder=leastViewed HTTP/1.1" 200 19323 "-" "Mozilla/5.0 AppleWebKit/537.36 (KHTML, like Gecko; compatible; ClaudeBot/1.0; +claudebot@anthropic.com)"
216.73.216.135 - - [04/Apr/2026:01:35:59 -0400] "GET /status/offline/gender/t,m/ethnicity/native,asian/languages/Azerbaijani?sortOrder=leastViewed HTTP/1.1" 200 19769 "-" "Mozilla/5.0 AppleWebKit/537.36 (KHTML, like Gecko; compatible; ClaudeBot/1.0; +claudebot@anthropic.com)"
216.73.216.135 - - [04/Apr/2026:01:35:59 -0400] "GET /gender/t,f/age/60-100/ethnicity/native,other/languages/Chinese?sortOrder=leastViewed HTTP/1.1" 200 19518 "-" "Mozilla/5.0 AppleWebKit/537.36 (KHTML, like Gecko; compatible; ClaudeBot/1.0; +claudebot@anthropic.com)"
216.73.216.135 - - [04/Apr/2026:01:35:59 -0400] "GET /status/online/gender/f,t/age/40-49,20-29/languages/Arabic HTTP/1.1" 200 19286 "-" "Mozilla/5.0 AppleWebKit/537.36 (KHTML, like Gecko; compatible; ClaudeBot/1.0; +claudebot@anthropic.com)"
35.174.141.243 - - [04/Apr/2026:01:35:59 -0400] "GET /status/offline,online/gender/f,m,t/age/20-29,40-49,30-39/ethnicity/islander,native,white/languages/russian HTTP/1.1" 200 22801 "-" "Mozilla/5.0 AppleWebKit/537.36 (KHTML, like Gecko; compatible; Amazonbot/0.1; +https://developer.amazon.com/support/amazonbot) Chrome/119.0.6045.214 Safari/537.36"
216.73.216.135 - - [04/Apr/2026:01:35:59 -0400] "GET /gender/f,c/ethnicity/other,native,white/languages/Chinese?sortOrder=oldest HTTP/1.1" 200 19348 "-" "Mozilla/5.0 AppleWebKit/537.36 (KHTML, like Gecko; compatible; ClaudeBot/1.0; +claudebot@anthropic.com)"
74.7.241.1 - - [04/Apr/2026:01:35:59 -0400] "GET /age/40-49/ethnicity/latest-news.php,white,native,islander,black,east-indian,other HTTP/1.1" 200 20830 "https://camjab.com/age/40-49/ethnicity/latest-news.php,white,latinas,native,islander,black,east-indian,other" "Mozilla/5.0 AppleWebKit/537.36 (KHTML, like Gecko; compatible; GPTBot/1.3; +https://openai.com/gptbot)"
74.7.241.25 - - [04/Apr/2026:01:35:59 -0400] "GET /gender/t/age/20-29/ethnicity/other,white,native,east-indian,black,latinas HTTP/1.1" 200 20713 "https://www.camjab.com/age/20-29/ethnicity/other,white,native,east-indian,black,latinas" "Mozilla/5.0 AppleWebKit/537.36 (KHTML, like Gecko; compatible; GPTBot/1.3; +https://openai.com/gptbot)"
216.73.216.135 - - [04/Apr/2026:01:35:59 -0400] "GET /gender/t,f/age/40-49/ethnicity/native,asian/languages/Maltese?sortOrder=recent HTTP/1.1" 200 19466 "-" "Mozilla/5.0 AppleWebKit/537.36 (KHTML, like Gecko; compatible; ClaudeBot/1.0; +claudebot@anthropic.com)"
216.73.216.135 - - [04/Apr/2026:01:35:59 -0400] "GET /status/offline,online/ethnicity/black,white,latinas/languages/Dutch?sortOrder=name HTTP/1.1" 200 19680 "-" "Mozilla/5.0 AppleWebKit/537.36 (KHTML, like Gecko; compatible; ClaudeBot/1.0; +claudebot@anthropic.com)"
216.73.216.135 - - [04/Apr/2026:01:35:59 -0400] "GET /gender/t,c/ethnicity/islander,asian/languages/Japanese?sortOrder=oldest HTTP/1.1" 200 19020 "-" "Mozilla/5.0 AppleWebKit/537.36 (KHTML, like Gecko; compatible; ClaudeBot/1.0; +claudebot@anthropic.com)"
216.73.216.135 - - [04/Apr/2026:01:35:59 -0400] "GET /gender/f,m/age/20-29/ethnicity/other/languages/finnish?sortOrder=timeOnline HTTP/1.1" 200 18984 "-" "Mozilla/5.0 AppleWebKit/537.36 (KHTML, like Gecko; compatible; ClaudeBot/1.0; +claudebot@anthropic.com)"
216.73.216.135 - - [04/Apr/2026:01:35:59 -0400] "GET /gender/c,f,t/age/30-39,40-49/languages/Lithuanian?sortOrder=recent HTTP/1.1" 200 19146 "-" "Mozilla/5.0 AppleWebKit/537.36 (KHTML, like Gecko; compatible; ClaudeBot/1.0; +claudebot@anthropic.com)"
216.73.216.135 - - [04/Apr/2026:01:35:59 -0400] "GET /status/offline/gender/t,m,c/age/18-19/languages/swedish?sortOrder=oldest HTTP/1.1" 200 19311 "-" "Mozilla/5.0 AppleWebKit/537.36 (KHTML, like Gecko; compatible; ClaudeBot/1.0; +claudebot@anthropic.com)"
216.73.216.135 - - [04/Apr/2026:01:35:59 -0400] "GET /gender/c,m/ethnicity/white,native,other/languages/hebrew?sortOrder=oldest HTTP/1.1" 200 19303 "-" "Mozilla/5.0 AppleWebKit/537.36 (KHTML, like Gecko; compatible; ClaudeBot/1.0; +claudebot@anthropic.com)"
216.73.216.135 - - [04/Apr/2026:01:36:00 -0400] "GET /status/online,offline/gender/f/ethnicity/white,islander/languages/Kurdish HTTP/1.1" 200 19770 "-" "Mozilla/5.0 AppleWebKit/537.36 (KHTML, like Gecko; compatible; ClaudeBot/1.0; +claudebot@anthropic.com)"
