74.7.241.25 - - [04/Apr/2026:01:33:44 -0400] "GET /age/50-59/ethnicity/white,black,native,other,east-indian HTTP/1.1" 200 19647 "https://www.camjab.com/age/50-59/ethnicity/white,black,native,other,latinas,east-indian" "Mozilla/5.0 AppleWebKit/537.36 (KHTML, like Gecko; compatible; GPTBot/1.3; +https://openai.com/gptbot)"
216.73.216.135 - - [04/Apr/2026:01:33:44 -0400] "GET /gender/m,f/ethnicity/islander,asian/languages/albanian?sortOrder=mostViewed HTTP/1.1" 200 19027 "-" "Mozilla/5.0 AppleWebKit/537.36 (KHTML, like Gecko; compatible; ClaudeBot/1.0; +claudebot@anthropic.com)"
74.7.241.1 - - [04/Apr/2026:01:33:44 -0400] "GET /age/20-29/ethnicity/latest-news.php,black,islander,other,east-indian,native HTTP/1.1" 200 20359 "https://camjab.com/age/20-29/ethnicity/latest-news.php,black,islander,other,east-indian,native,latinas" "Mozilla/5.0 AppleWebKit/537.36 (KHTML, like Gecko; compatible; GPTBot/1.3; +https://openai.com/gptbot)"
216.73.216.135 - - [04/Apr/2026:01:33:44 -0400] "GET /status/offline,online/age/20-29/ethnicity/islander,white/languages/Croatian?sortOrder=leastViewed HTTP/1.1" 200 19966 "-" "Mozilla/5.0 AppleWebKit/537.36 (KHTML, like Gecko; compatible; ClaudeBot/1.0; +claudebot@anthropic.com)"
216.73.216.135 - - [04/Apr/2026:01:33:44 -0400] "GET /status/offline,online/ethnicity/other,white,native,islander/languages/Slovak HTTP/1.1" 200 20156 "-" "Mozilla/5.0 AppleWebKit/537.36 (KHTML, like Gecko; compatible; ClaudeBot/1.0; +claudebot@anthropic.com)"
216.73.216.135 - - [04/Apr/2026:01:33:44 -0400] "GET /gender/c,f,t/age/40-49/ethnicity/islander/languages/serbian?sortOrder=recent HTTP/1.1" 200 19391 "-" "Mozilla/5.0 AppleWebKit/537.36 (KHTML, like Gecko; compatible; ClaudeBot/1.0; +claudebot@anthropic.com)"
216.73.216.135 - - [04/Apr/2026:01:33:45 -0400] "GET /gender/m,f/ethnicity/islander,other,white/languages/hindi?sortOrder=mostViewed HTTP/1.1" 200 19354 "-" "Mozilla/5.0 AppleWebKit/537.36 (KHTML, like Gecko; compatible; ClaudeBot/1.0; +claudebot@anthropic.com)"
17.241.75.106 - - [04/Apr/2026:01:33:36 -0400] "GET /core/ajax.loadModels.php?controller=router&gender%5B0%5D=t&age%5B0%5D=18-19&age%5B1%5D=20-29&age%5B2%5D=30-39&age%5B3%5D=50-59&sites%5B0%5D=1 HTTP/1.1" 200 40832 "https://camjab.com/gender/t/age/18-19,20-29,30-39,50-59/sites/1" "Mozilla/5.0 (Macintosh; Intel Mac OS X 10_15_7) AppleWebKit/605.1.15 (KHTML, like Gecko) Version/17.4 Safari/605.1.15 (Applebot/0.1; +http://www.apple.com/go/applebot)"
216.73.216.135 - - [04/Apr/2026:01:33:45 -0400] "GET /status/online/gender/c,f/hair/age/ethnicity/white?sortOrder=leastViewed HTTP/1.1" 200 19534 "-" "Mozilla/5.0 AppleWebKit/537.36 (KHTML, like Gecko; compatible; ClaudeBot/1.0; +claudebot@anthropic.com)"
216.73.216.135 - - [04/Apr/2026:01:33:45 -0400] "GET /status/offline/gender/c,t,f,m/languages/armenian?sortOrder=oldest HTTP/1.1" 200 19094 "-" "Mozilla/5.0 AppleWebKit/537.36 (KHTML, like Gecko; compatible; ClaudeBot/1.0; +claudebot@anthropic.com)"
216.73.216.135 - - [04/Apr/2026:01:33:45 -0400] "GET /gender/f,m/ethnicity/islander,native,latinas/languages/romanian HTTP/1.1" 200 19465 "-" "Mozilla/5.0 AppleWebKit/537.36 (KHTML, like Gecko; compatible; ClaudeBot/1.0; +claudebot@anthropic.com)"
216.73.216.135 - - [04/Apr/2026:01:33:45 -0400] "GET /gender/f,m,t/age/30-39/languages/Cambodian?sortOrder=youngest HTTP/1.1" 200 18686 "-" "Mozilla/5.0 AppleWebKit/537.36 (KHTML, like Gecko; compatible; ClaudeBot/1.0; +claudebot@anthropic.com)"
216.73.216.135 - - [04/Apr/2026:01:33:45 -0400] "GET /status/offline/gender/f,m,t/ethnicity/asian/languages/Cambodian?sortOrder=mostViewed HTTP/1.1" 200 19510 "-" "Mozilla/5.0 AppleWebKit/537.36 (KHTML, like Gecko; compatible; ClaudeBot/1.0; +claudebot@anthropic.com)"
216.73.216.135 - - [04/Apr/2026:01:33:45 -0400] "GET /status/offline/gender/c,f/ethnicity/islander,black,native/languages/icelandic HTTP/1.1" 200 20172 "-" "Mozilla/5.0 AppleWebKit/537.36 (KHTML, like Gecko; compatible; ClaudeBot/1.0; +claudebot@anthropic.com)"
74.7.241.25 - - [04/Apr/2026:01:33:45 -0400] "GET /age/40-49/ethnicity/black,white,native,east-indian,asian HTTP/1.1" 200 19647 "https://www.camjab.com/age/30-39,40-49/ethnicity/black,white,native,east-indian,asian" "Mozilla/5.0 AppleWebKit/537.36 (KHTML, like Gecko; compatible; GPTBot/1.3; +https://openai.com/gptbot)"
216.73.216.135 - - [04/Apr/2026:01:33:45 -0400] "GET /gender/t,c/ethnicity/native,white/languages/Faeroese?sortOrder=youngest HTTP/1.1" 200 18954 "-" "Mozilla/5.0 AppleWebKit/537.36 (KHTML, like Gecko; compatible; ClaudeBot/1.0; +claudebot@anthropic.com)"
144.76.32.187 - - [04/Apr/2026:01:33:45 -0400] "GET /languages/afrikaans HTTP/1.1" 200 17160 "-" "Mozilla/5.0 (compatible; SERankingBacklinksBot/1.0; +https://seranking.com/backlinks-crawler)"
216.73.216.135 - - [04/Apr/2026:01:33:45 -0400] "GET /status/online/gender/c,m/ethnicity/latinas,native/languages/fiji?sortOrder=mostViewed HTTP/1.1" 200 19563 "-" "Mozilla/5.0 AppleWebKit/537.36 (KHTML, like Gecko; compatible; ClaudeBot/1.0; +claudebot@anthropic.com)"
74.7.241.1 - - [04/Apr/2026:01:33:45 -0400] "GET /age/50-59/ethnicity/latest-news.php,latinas,white,other,islander,black,asian?sortOrder=timeOnline HTTP/1.1" 200 20735 "https://camjab.com/age/50-59/ethnicity/latest-news.php,latinas,white,other,islander,black,asian" "Mozilla/5.0 AppleWebKit/537.36 (KHTML, like Gecko; compatible; GPTBot/1.3; +https://openai.com/gptbot)"
98.83.177.42 - - [04/Apr/2026:01:33:45 -0400] "GET /status/offline,online/gender/m,f,t/age/30-39,50-59/ethnicity/native,asian,black,latinas/languages/hindi HTTP/1.1" 200 22451 "-" "Mozilla/5.0 AppleWebKit/537.36 (KHTML, like Gecko; compatible; Amazonbot/0.1; +https://developer.amazon.com/support/amazonbot) Chrome/119.0.6045.214 Safari/537.36"
216.73.216.135 - - [04/Apr/2026:01:33:45 -0400] "GET /gender/c,m/age/30-39/ethnicity/latino/languages/Maltese?sortOrder=leastViewed HTTP/1.1" 200 18986 "-" "Mozilla/5.0 AppleWebKit/537.36 (KHTML, like Gecko; compatible; ClaudeBot/1.0; +claudebot@anthropic.com)"
216.73.216.135 - - [04/Apr/2026:01:33:45 -0400] "GET /status/offline/gender/t,f/age/18-19,30-39/languages/italian?sortOrder=mostViewed HTTP/1.1" 200 19463 "-" "Mozilla/5.0 AppleWebKit/537.36 (KHTML, like Gecko; compatible; ClaudeBot/1.0; +claudebot@anthropic.com)"
85.208.96.210 - - [04/Apr/2026:01:33:45 -0400] "GET /robots.txt HTTP/1.1" 403 - "-" "Mozilla/5.0 (compatible; SemrushBot/7~bl; +http://www.semrush.com/bot.html)"
216.73.216.135 - - [04/Apr/2026:01:33:46 -0400] "GET /status/online/gender/c,m/age/18-19/languages/Kurdish?sortOrder=youngest HTTP/1.1" 200 18984 "-" "Mozilla/5.0 AppleWebKit/537.36 (KHTML, like Gecko; compatible; ClaudeBot/1.0; +claudebot@anthropic.com)"
216.73.216.135 - - [04/Apr/2026:01:33:46 -0400] "GET /status/offline/gender/t,f,c/age/20-29/languages/polish?sortOrder=timeOnline HTTP/1.1" 200 19298 "-" "Mozilla/5.0 AppleWebKit/537.36 (KHTML, like Gecko; compatible; ClaudeBot/1.0; +claudebot@anthropic.com)"
216.73.216.135 - - [04/Apr/2026:01:33:46 -0400] "GET /status/online,offline/age/40-49,20-29/languages/icelandic?sortOrder=recent HTTP/1.1" 200 19181 "-" "Mozilla/5.0 AppleWebKit/537.36 (KHTML, like Gecko; compatible; ClaudeBot/1.0; +claudebot@anthropic.com)"
216.73.216.135 - - [04/Apr/2026:01:33:46 -0400] "GET /gender/m,f,t/age/60-100,40-49/languages/Cambodian?sortOrder=mostViewed HTTP/1.1" 200 19150 "-" "Mozilla/5.0 AppleWebKit/537.36 (KHTML, like Gecko; compatible; ClaudeBot/1.0; +claudebot@anthropic.com)"
216.73.216.135 - - [04/Apr/2026:01:33:46 -0400] "GET /gender/t,c/ethnicity/black,white/languages/portuguese?sortOrder=mostViewed HTTP/1.1" 200 18992 "-" "Mozilla/5.0 AppleWebKit/537.36 (KHTML, like Gecko; compatible; ClaudeBot/1.0; +claudebot@anthropic.com)"
216.73.216.135 - - [04/Apr/2026:01:33:46 -0400] "GET /gender/m,c/age/18-19/ethnicity/other/languages/Catalan?sortOrder=recent HTTP/1.1" 200 18972 "-" "Mozilla/5.0 AppleWebKit/537.36 (KHTML, like Gecko; compatible; ClaudeBot/1.0; +claudebot@anthropic.com)"
217.113.194.20 - - [04/Apr/2026:01:33:46 -0400] "GET /status/online/gender/f,m/age/30-39,60-100/ethnicity/east-indian,latinas HTTP/1.1" 200 20379 "-" "Mozilla/5.0 (compatible; Barkrowler/0.9; +https://babbar.tech/crawler)"
216.73.216.135 - - [04/Apr/2026:01:33:46 -0400] "GET /gender/f,m/age/40-49/ethnicity/black,native/languages/hindi?sortOrder=name HTTP/1.1" 200 19385 "-" "Mozilla/5.0 AppleWebKit/537.36 (KHTML, like Gecko; compatible; ClaudeBot/1.0; +claudebot@anthropic.com)"
216.73.216.135 - - [04/Apr/2026:01:33:46 -0400] "GET /gender/t,c,f,m/age/18-19/languages/hebrew?sortOrder=name HTTP/1.1" 200 18860 "-" "Mozilla/5.0 AppleWebKit/537.36 (KHTML, like Gecko; compatible; ClaudeBot/1.0; +claudebot@anthropic.com)"
74.7.241.25 - - [04/Apr/2026:01:33:46 -0400] "GET /age/50-59/ethnicity/other,black,east-indian,native,asian,white?sortOrder=name HTTP/1.1" 200 20184 "https://www.camjab.com/age/50-59/ethnicity/other,black,east-indian,native,asian,white" "Mozilla/5.0 AppleWebKit/537.36 (KHTML, like Gecko; compatible; GPTBot/1.3; +https://openai.com/gptbot)"
184.73.35.182 - - [04/Apr/2026:01:33:46 -0400] "GET /status/offline/gender/t,c,m/age/60-100,50-59/ethnicity/asian,islander,black,native,other/languages/hindi HTTP/1.1" 200 22718 "-" "Mozilla/5.0 AppleWebKit/537.36 (KHTML, like Gecko; compatible; Amazonbot/0.1; +https://developer.amazon.com/support/amazonbot) Chrome/119.0.6045.214 Safari/537.36"
216.73.216.135 - - [04/Apr/2026:01:33:46 -0400] "GET /status/offline,online/age/18-19/ethnicity/native,latinas/languages/belarusian?sortOrder=mostViewed HTTP/1.1" 200 20033 "-" "Mozilla/5.0 AppleWebKit/537.36 (KHTML, like Gecko; compatible; ClaudeBot/1.0; +claudebot@anthropic.com)"
74.7.241.1 - - [04/Apr/2026:01:33:46 -0400] "GET /age/30-39/ethnicity/latest-news.php,other,white,native,east-indian,islander,black HTTP/1.1" 200 20830 "https://camjab.com/age/30-39/ethnicity/latest-news.php,other,white,latinas,native,east-indian,islander,black" "Mozilla/5.0 AppleWebKit/537.36 (KHTML, like Gecko; compatible; GPTBot/1.3; +https://openai.com/gptbot)"
216.73.216.135 - - [04/Apr/2026:01:33:46 -0400] "GET /status/offline/gender/t,m/age/60-100,20-29/languages/kashmiri HTTP/1.1" 200 19420 "-" "Mozilla/5.0 AppleWebKit/537.36 (KHTML, like Gecko; compatible; ClaudeBot/1.0; +claudebot@anthropic.com)"
216.73.216.135 - - [04/Apr/2026:01:33:46 -0400] "GET /status/online/gender/c,t/ethnicity/islander,native/languages/Afrikaans?sortOrder=mostViewed HTTP/1.1" 200 19780 "-" "Mozilla/5.0 AppleWebKit/537.36 (KHTML, like Gecko; compatible; ClaudeBot/1.0; +claudebot@anthropic.com)"
216.73.216.135 - - [04/Apr/2026:01:33:47 -0400] "GET /gender/c,m/age/18-19,40-49/ethnicity/other/languages/Scots?sortOrder=mostViewed HTTP/1.1" 200 19347 "-" "Mozilla/5.0 AppleWebKit/537.36 (KHTML, like Gecko; compatible; ClaudeBot/1.0; +claudebot@anthropic.com)"
44.221.180.179 - - [04/Apr/2026:01:33:47 -0400] "GET /status/offline,online/gender/f,m/age/30-39,20-29/ethnicity/east-indian,black,native,latinas,white/languages/hindi HTTP/1.1" 200 23099 "-" "Mozilla/5.0 AppleWebKit/537.36 (KHTML, like Gecko; compatible; Amazonbot/0.1; +https://developer.amazon.com/support/amazonbot) Chrome/119.0.6045.214 Safari/537.36"
216.73.216.135 - - [04/Apr/2026:01:33:47 -0400] "GET /status/online,offline/ethnicity/native,other,white/languages/faeroese?sortOrder=leastViewed HTTP/1.1" 200 19769 "-" "Mozilla/5.0 AppleWebKit/537.36 (KHTML, like Gecko; compatible; ClaudeBot/1.0; +claudebot@anthropic.com)"
216.73.216.135 - - [04/Apr/2026:01:33:47 -0400] "GET /gender/f,m/age/20-29/ethnicity/native/languages/Ukrainian?sortOrder=timeOnline HTTP/1.1" 200 19088 "-" "Mozilla/5.0 AppleWebKit/537.36 (KHTML, like Gecko; compatible; ClaudeBot/1.0; +claudebot@anthropic.com)"
216.73.216.135 - - [04/Apr/2026:01:33:47 -0400] "GET /status/offline/gender/t,m,c/age/60-100/languages/malay?sortOrder=timeOnline HTTP/1.1" 200 19290 "-" "Mozilla/5.0 AppleWebKit/537.36 (KHTML, like Gecko; compatible; ClaudeBot/1.0; +claudebot@anthropic.com)"
216.73.216.135 - - [04/Apr/2026:01:33:47 -0400] "GET /gender/f,m,c,t/ethnicity/native/languages/Georgian?sortOrder=oldest HTTP/1.1" 200 19090 "-" "Mozilla/5.0 AppleWebKit/537.36 (KHTML, like Gecko; compatible; ClaudeBot/1.0; +claudebot@anthropic.com)"
216.73.216.135 - - [04/Apr/2026:01:33:47 -0400] "GET /status/online/gender/c,m/ethnicity/white,native/languages/Scots?sortOrder=timeOnline HTTP/1.1" 200 19524 "-" "Mozilla/5.0 AppleWebKit/537.36 (KHTML, like Gecko; compatible; ClaudeBot/1.0; +claudebot@anthropic.com)"
216.73.216.135 - - [04/Apr/2026:01:33:47 -0400] "GET /status/online,offline/age/40-49/ethnicity/latinas,native/languages/catalan?sortOrder=recent HTTP/1.1" 200 19916 "-" "Mozilla/5.0 AppleWebKit/537.36 (KHTML, like Gecko; compatible; ClaudeBot/1.0; +claudebot@anthropic.com)"
74.7.241.25 - - [04/Apr/2026:01:33:47 -0400] "GET /age/30-39/ethnicity/white,black,east-indian,native,other HTTP/1.1" 200 19647 "https://www.camjab.com/age/30-39/ethnicity/white,black,east-indian,islander,native,other" "Mozilla/5.0 AppleWebKit/537.36 (KHTML, like Gecko; compatible; GPTBot/1.3; +https://openai.com/gptbot)"
216.73.216.135 - - [04/Apr/2026:01:33:47 -0400] "GET /gender/m,f/ethnicity/native,white,asian/languages/Faeroese?sortOrder=mostViewed HTTP/1.1" 200 19385 "-" "Mozilla/5.0 AppleWebKit/537.36 (KHTML, like Gecko; compatible; ClaudeBot/1.0; +claudebot@anthropic.com)"
74.7.241.1 - - [04/Apr/2026:01:33:47 -0400] "GET /age/18-19/ethnicity/latest-news.php,other,asian,islander,black,white,native HTTP/1.1" 200 20590 "https://camjab.com/age/18-19/ethnicity/latest-news.php,other,asian,islander,black,latinas,white,native" "Mozilla/5.0 AppleWebKit/537.36 (KHTML, like Gecko; compatible; GPTBot/1.3; +https://openai.com/gptbot)"
216.73.216.135 - - [04/Apr/2026:01:33:47 -0400] "GET /gender/f,m,c/ethnicity/islander,white,native/sites/11?sortOrder=mostViewed HTTP/1.1" 200 19528 "-" "Mozilla/5.0 AppleWebKit/537.36 (KHTML, like Gecko; compatible; ClaudeBot/1.0; +claudebot@anthropic.com)"
216.73.216.135 - - [04/Apr/2026:01:33:48 -0400] "GET /gender/c,f/ethnicity/other,east-indian/languages/Spanish?sortOrder=mostViewed HTTP/1.1" 200 19111 "-" "Mozilla/5.0 AppleWebKit/537.36 (KHTML, like Gecko; compatible; ClaudeBot/1.0; +claudebot@anthropic.com)"
216.73.216.135 - - [04/Apr/2026:01:33:48 -0400] "GET /status/offline,online/age/40-49/ethnicity/asian/languages/vietnamese?sortOrder=youngest HTTP/1.1" 200 19450 "-" "Mozilla/5.0 AppleWebKit/537.36 (KHTML, like Gecko; compatible; ClaudeBot/1.0; +claudebot@anthropic.com)"
216.73.216.135 - - [04/Apr/2026:01:33:48 -0400] "GET /status/offline,online/gender/t/ethnicity/native,black/languages/afrikaans?sortOrder=mostViewed HTTP/1.1" 200 19866 "-" "Mozilla/5.0 AppleWebKit/537.36 (KHTML, like Gecko; compatible; ClaudeBot/1.0; +claudebot@anthropic.com)"
44.205.74.196 - - [04/Apr/2026:01:33:48 -0400] "GET /status/offline,online/gender/f,c,m/age/20-29,60-100,30-39/ethnicity/east-indian,white,native,islander,asian,black HTTP/1.1" 200 23948 "-" "Mozilla/5.0 AppleWebKit/537.36 (KHTML, like Gecko; compatible; Amazonbot/0.1; +https://developer.amazon.com/support/amazonbot) Chrome/119.0.6045.214 Safari/537.36"
216.73.216.135 - - [04/Apr/2026:01:33:48 -0400] "GET /status/online,offline/age/18-19/ethnicity/native,other/languages/Turkish?sortOrder=recent HTTP/1.1" 200 19842 "-" "Mozilla/5.0 AppleWebKit/537.36 (KHTML, like Gecko; compatible; ClaudeBot/1.0; +claudebot@anthropic.com)"
216.73.216.135 - - [04/Apr/2026:01:33:48 -0400] "GET /status/offline,online/gender/c,f/ethnicity/native/languages/Ukrainian?sortOrder=name HTTP/1.1" 200 19718 "-" "Mozilla/5.0 AppleWebKit/537.36 (KHTML, like Gecko; compatible; ClaudeBot/1.0; +claudebot@anthropic.com)"
216.73.216.135 - - [04/Apr/2026:01:33:48 -0400] "GET /status/offline/gender/f,c/ethnicity/islander,white/languages/Slovak?sortOrder=youngest HTTP/1.1" 200 19674 "-" "Mozilla/5.0 AppleWebKit/537.36 (KHTML, like Gecko; compatible; ClaudeBot/1.0; +claudebot@anthropic.com)"
216.73.216.135 - - [04/Apr/2026:01:33:48 -0400] "GET /gender/m,t/age/50-59,30-39/languages/indonesian HTTP/1.1" 200 18747 "-" "Mozilla/5.0 AppleWebKit/537.36 (KHTML, like Gecko; compatible; ClaudeBot/1.0; +claudebot@anthropic.com)"
216.73.216.135 - - [04/Apr/2026:01:33:48 -0400] "GET /gender/f,t,m/age/40-49/ethnicity/white/languages/Hebrew?sortOrder=name HTTP/1.1" 200 19229 "-" "Mozilla/5.0 AppleWebKit/537.36 (KHTML, like Gecko; compatible; ClaudeBot/1.0; +claudebot@anthropic.com)"
216.73.216.135 - - [04/Apr/2026:01:33:48 -0400] "GET /gender/f,m,c,t/age/18-19/languages/Russian?sortOrder=name HTTP/1.1" 200 18895 "-" "Mozilla/5.0 AppleWebKit/537.36 (KHTML, like Gecko; compatible; ClaudeBot/1.0; +claudebot@anthropic.com)"
74.7.241.25 - - [04/Apr/2026:01:33:48 -0400] "GET /age/18-19/ethnicity/other,black,east-indian,asian,native HTTP/1.1" 200 19647 "https://www.camjab.com/age/18-19/ethnicity/other,black,east-indian,asian,native,latinas" "Mozilla/5.0 AppleWebKit/537.36 (KHTML, like Gecko; compatible; GPTBot/1.3; +https://openai.com/gptbot)"
216.73.216.135 - - [04/Apr/2026:01:33:48 -0400] "GET /gender/f,t/age/40-49,60-100/languages/italian HTTP/1.1" 200 18691 "-" "Mozilla/5.0 AppleWebKit/537.36 (KHTML, like Gecko; compatible; ClaudeBot/1.0; +claudebot@anthropic.com)"
74.7.241.1 - - [04/Apr/2026:01:33:48 -0400] "GET /age/30-39/ethnicity/latest-news.php,islander,latinas,asian,native,other,black?sortOrder=leastViewed HTTP/1.1" 200 20778 "https://camjab.com/age/30-39/ethnicity/latest-news.php,islander,latinas,asian,native,other,black" "Mozilla/5.0 AppleWebKit/537.36 (KHTML, like Gecko; compatible; GPTBot/1.3; +https://openai.com/gptbot)"
216.73.216.135 - - [04/Apr/2026:01:33:48 -0400] "GET /status/offline,online/gender/f/ethnicity/native/languages/albanian?sortOrder=youngest HTTP/1.1" 200 19366 "-" "Mozilla/5.0 AppleWebKit/537.36 (KHTML, like Gecko; compatible; ClaudeBot/1.0; +claudebot@anthropic.com)"
216.73.216.135 - - [04/Apr/2026:01:33:49 -0400] "GET /gender/f,c/age/20-29,60-100,50-59/languages/Irish?sortOrder=mostViewed HTTP/1.1" 200 19147 "-" "Mozilla/5.0 AppleWebKit/537.36 (KHTML, like Gecko; compatible; ClaudeBot/1.0; +claudebot@anthropic.com)"
216.73.216.135 - - [04/Apr/2026:01:33:49 -0400] "GET /gender/f,t/age/40-49/ethnicity/latinas/languages/german?sortOrder=name HTTP/1.1" 200 19009 "-" "Mozilla/5.0 AppleWebKit/537.36 (KHTML, like Gecko; compatible; ClaudeBot/1.0; +claudebot@anthropic.com)"
216.73.216.135 - - [04/Apr/2026:01:33:49 -0400] "GET /gender/m,t/ethnicity/black,latinas/languages/polish HTTP/1.1" 200 18813 "-" "Mozilla/5.0 AppleWebKit/537.36 (KHTML, like Gecko; compatible; ClaudeBot/1.0; +claudebot@anthropic.com)"
216.73.216.135 - - [04/Apr/2026:01:33:49 -0400] "GET /status/offline/gender/f,t/age/30-39,20-29/languages/vietnamese?sortOrder=recent HTTP/1.1" 200 19556 "-" "Mozilla/5.0 AppleWebKit/537.36 (KHTML, like Gecko; compatible; ClaudeBot/1.0; +claudebot@anthropic.com)"
144.76.32.187 - - [04/Apr/2026:01:33:49 -0400] "GET /languages/bulgarian HTTP/1.1" 200 17160 "-" "Mozilla/5.0 (compatible; SERankingBacklinksBot/1.0; +https://seranking.com/backlinks-crawler)"
216.73.216.135 - - [04/Apr/2026:01:33:49 -0400] "GET /status/offline/gender/c,f/age/40-49,50-59/languages/English?sortOrder=timeOnline HTTP/1.1" 200 19468 "-" "Mozilla/5.0 AppleWebKit/537.36 (KHTML, like Gecko; compatible; ClaudeBot/1.0; +claudebot@anthropic.com)"
216.73.216.135 - - [04/Apr/2026:01:33:49 -0400] "GET /gender/m,t,f/age/30-39/ethnicity/asian/languages/Italian?sortOrder=mostViewed HTTP/1.1" 200 19282 "-" "Mozilla/5.0 AppleWebKit/537.36 (KHTML, like Gecko; compatible; ClaudeBot/1.0; +claudebot@anthropic.com)"
216.73.216.135 - - [04/Apr/2026:01:33:49 -0400] "GET /status/offline,online/ethnicity/latino,white,islander/languages/Irish HTTP/1.1" 200 19620 "-" "Mozilla/5.0 AppleWebKit/537.36 (KHTML, like Gecko; compatible; ClaudeBot/1.0; +claudebot@anthropic.com)"
216.73.216.135 - - [04/Apr/2026:01:33:49 -0400] "GET /status/offline,online/gender/f/ethnicity/black/languages/Danish?sortOrder=youngest HTTP/1.1" 200 19262 "-" "Mozilla/5.0 AppleWebKit/537.36 (KHTML, like Gecko; compatible; ClaudeBot/1.0; +claudebot@anthropic.com)"
216.73.216.135 - - [04/Apr/2026:01:33:49 -0400] "GET /gender/c,m,f/age/30-39,18-19/languages/Spanish?sortOrder=recent HTTP/1.1" 200 19036 "-" "Mozilla/5.0 AppleWebKit/537.36 (KHTML, like Gecko; compatible; ClaudeBot/1.0; +claudebot@anthropic.com)"
54.86.59.155 - - [04/Apr/2026:01:33:49 -0400] "GET /status/online,offline/gender/c,f/age/20-29,18-19/ethnicity/white,native,east-indian,asian HTTP/1.1" 200 21618 "-" "Mozilla/5.0 AppleWebKit/537.36 (KHTML, like Gecko; compatible; Amazonbot/0.1; +https://developer.amazon.com/support/amazonbot) Chrome/119.0.6045.214 Safari/537.36"
216.73.216.135 - - [04/Apr/2026:01:33:49 -0400] "GET /gender/m,c/age/18-19/ethnicity/other,native/languages/dutch HTTP/1.1" 200 19298 "-" "Mozilla/5.0 AppleWebKit/537.36 (KHTML, like Gecko; compatible; ClaudeBot/1.0; +claudebot@anthropic.com)"
74.7.241.25 - - [04/Apr/2026:01:33:49 -0400] "GET /age/30-39/ethnicity/east-indian,black,native,other,asian HTTP/1.1" 200 19647 "https://www.camjab.com/age/30-39/ethnicity/islander,east-indian,black,native,other,asian" "Mozilla/5.0 AppleWebKit/537.36 (KHTML, like Gecko; compatible; GPTBot/1.3; +https://openai.com/gptbot)"
216.73.216.135 - - [04/Apr/2026:01:33:49 -0400] "GET /status/online,offline/age/30-39/ethnicity/native,other/languages/French?sortOrder=leastViewed HTTP/1.1" 200 19822 "-" "Mozilla/5.0 AppleWebKit/537.36 (KHTML, like Gecko; compatible; ClaudeBot/1.0; +claudebot@anthropic.com)"
52.203.68.145 - - [04/Apr/2026:01:33:49 -0400] "GET /status/offline,online/gender/m,c/age/18-19,30-39,20-29/ethnicity/native,east-indian,white,black/languages/hindi HTTP/1.1" 200 23006 "-" "Mozilla/5.0 AppleWebKit/537.36 (KHTML, like Gecko; compatible; Amazonbot/0.1; +https://developer.amazon.com/support/amazonbot) Chrome/119.0.6045.214 Safari/537.36"
216.73.216.135 - - [04/Apr/2026:01:33:50 -0400] "GET /gender/c,f/age/20-29,60-100/languages/kazakh?sortOrder=recent HTTP/1.1" 200 18755 "-" "Mozilla/5.0 AppleWebKit/537.36 (KHTML, like Gecko; compatible; ClaudeBot/1.0; +claudebot@anthropic.com)"
74.7.241.1 - - [04/Apr/2026:01:33:50 -0400] "GET /age/20-29/ethnicity/latest-news.php,black,islander,asian,other,east-indian,native HTTP/1.1" 200 20830 "https://camjab.com/age/20-29/ethnicity/latest-news.php,black,islander,asian,other,east-indian,latinas,native" "Mozilla/5.0 AppleWebKit/537.36 (KHTML, like Gecko; compatible; GPTBot/1.3; +https://openai.com/gptbot)"
216.73.216.135 - - [04/Apr/2026:01:33:50 -0400] "GET /status/offline/gender/c,m/age/30-39,50-59/languages/kazakh?sortOrder=mostViewed HTTP/1.1" 200 19423 "-" "Mozilla/5.0 AppleWebKit/537.36 (KHTML, like Gecko; compatible; ClaudeBot/1.0; +claudebot@anthropic.com)"
216.73.216.135 - - [04/Apr/2026:01:33:50 -0400] "GET /status/offline/gender/c,t/ethnicity/black,native/languages/english?sortOrder=recent HTTP/1.1" 200 19624 "-" "Mozilla/5.0 AppleWebKit/537.36 (KHTML, like Gecko; compatible; ClaudeBot/1.0; +claudebot@anthropic.com)"
216.73.216.135 - - [04/Apr/2026:01:33:50 -0400] "GET /gender/c,f/age/18-19/ethnicity/native/languages/Cambodian?sortOrder=youngest HTTP/1.1" 200 19092 "-" "Mozilla/5.0 AppleWebKit/537.36 (KHTML, like Gecko; compatible; ClaudeBot/1.0; +claudebot@anthropic.com)"
216.73.216.135 - - [04/Apr/2026:01:33:50 -0400] "GET /status/offline/gender/t,c,f/ethnicity/black/languages/armenian HTTP/1.1" 200 19380 "-" "Mozilla/5.0 AppleWebKit/537.36 (KHTML, like Gecko; compatible; ClaudeBot/1.0; +claudebot@anthropic.com)"
216.73.216.135 - - [04/Apr/2026:01:33:50 -0400] "GET /status/offline/gender/t,c/ethnicity/islander,white/languages/greek HTTP/1.1" 200 19535 "-" "Mozilla/5.0 AppleWebKit/537.36 (KHTML, like Gecko; compatible; ClaudeBot/1.0; +claudebot@anthropic.com)"
216.73.216.135 - - [04/Apr/2026:01:33:50 -0400] "GET /gender/m,c/age/18-19,30-39/languages/Arabic?sortOrder=youngest HTTP/1.1" 200 18715 "-" "Mozilla/5.0 AppleWebKit/537.36 (KHTML, like Gecko; compatible; ClaudeBot/1.0; +claudebot@anthropic.com)"
216.73.216.135 - - [04/Apr/2026:01:33:50 -0400] "GET /status/online,offline/gender/f/age/18-19,20-29/languages/Turkish?sortOrder=mostViewed HTTP/1.1" 200 19628 "-" "Mozilla/5.0 AppleWebKit/537.36 (KHTML, like Gecko; compatible; ClaudeBot/1.0; +claudebot@anthropic.com)"
216.73.216.135 - - [04/Apr/2026:01:33:50 -0400] "GET /gender/t,c,m/ethnicity/islander/languages/Fiji?sortOrder=timeOnline HTTP/1.1" 200 18741 "-" "Mozilla/5.0 AppleWebKit/537.36 (KHTML, like Gecko; compatible; ClaudeBot/1.0; +claudebot@anthropic.com)"
216.73.216.135 - - [04/Apr/2026:01:33:50 -0400] "GET /gender/c,t,f,m/ethnicity/black,native/languages/Italian?sortOrder=leastViewed HTTP/1.1" 200 19523 "-" "Mozilla/5.0 AppleWebKit/537.36 (KHTML, like Gecko; compatible; ClaudeBot/1.0; +claudebot@anthropic.com)"
216.73.216.135 - - [04/Apr/2026:01:33:50 -0400] "GET /status/offline/gender/c,m/age/40-49,30-39/languages/Catalan?sortOrder=name HTTP/1.1" 200 19440 "-" "Mozilla/5.0 AppleWebKit/537.36 (KHTML, like Gecko; compatible; ClaudeBot/1.0; +claudebot@anthropic.com)"
17.22.245.56 - - [04/Apr/2026:01:33:51 -0400] "GET /core/js/gdprJs.php HTTP/1.1" 200 1290 "https://camjab.com/status/offline/gender/f/age/60-100/ethnicity/native/languages/norwegian" "Mozilla/5.0 (Macintosh; Intel Mac OS X 10_15_7) AppleWebKit/605.1.15 (KHTML, like Gecko) Version/17.4 Safari/605.1.15 (Applebot/0.1; +http://www.apple.com/go/applebot)"
216.73.216.135 - - [04/Apr/2026:01:33:51 -0400] "GET /gender/f,m/age/30-39,40-49/ethnicity/native/languages/Afrikaans?sortOrder=mostViewed HTTP/1.1" 200 19524 "-" "Mozilla/5.0 AppleWebKit/537.36 (KHTML, like Gecko; compatible; ClaudeBot/1.0; +claudebot@anthropic.com)"
216.73.216.135 - - [04/Apr/2026:01:33:51 -0400] "GET /gender/t,f,c/ethnicity/other/languages/faeroese?sortOrder=oldest HTTP/1.1" 200 18767 "-" "Mozilla/5.0 AppleWebKit/537.36 (KHTML, like Gecko; compatible; ClaudeBot/1.0; +claudebot@anthropic.com)"
216.73.216.135 - - [04/Apr/2026:01:33:51 -0400] "GET /status/offline,online/age/40-49/ethnicity/black,asian/languages/german?sortOrder=recent HTTP/1.1" 200 19770 "-" "Mozilla/5.0 AppleWebKit/537.36 (KHTML, like Gecko; compatible; ClaudeBot/1.0; +claudebot@anthropic.com)"
184.73.239.35 - - [04/Apr/2026:01:33:51 -0400] "GET /status/online,offline/gender/t,m,f,c/age/18-19,60-100,30-39/ethnicity/east-indian,islander,white,native,black HTTP/1.1" 200 23778 "-" "Mozilla/5.0 AppleWebKit/537.36 (KHTML, like Gecko; compatible; Amazonbot/0.1; +https://developer.amazon.com/support/amazonbot) Chrome/119.0.6045.214 Safari/537.36"
216.73.216.135 - - [04/Apr/2026:01:33:51 -0400] "GET /gender/c,f,m/age/60-100,30-39/languages/Spanish?sortOrder=name HTTP/1.1" 200 19067 "-" "Mozilla/5.0 AppleWebKit/537.36 (KHTML, like Gecko; compatible; ClaudeBot/1.0; +claudebot@anthropic.com)"
216.73.216.135 - - [04/Apr/2026:01:33:51 -0400] "GET /status/offline/gender/t,m,c/age/40-49/languages/Thai?sortOrder=timeOnline HTTP/1.1" 200 19218 "-" "Mozilla/5.0 AppleWebKit/537.36 (KHTML, like Gecko; compatible; ClaudeBot/1.0; +claudebot@anthropic.com)"
216.73.216.135 - - [04/Apr/2026:01:33:51 -0400] "GET /gender/c,m/ethnicity/islander,native/languages/armenian?sortOrder=timeOnline HTTP/1.1" 200 19063 "-" "Mozilla/5.0 AppleWebKit/537.36 (KHTML, like Gecko; compatible; ClaudeBot/1.0; +claudebot@anthropic.com)"
216.73.216.135 - - [04/Apr/2026:01:33:51 -0400] "GET /gender/c,f/age/60-100/ethnicity/islander,black/languages/Dutch?sortOrder=recent HTTP/1.1" 200 19512 "-" "Mozilla/5.0 AppleWebKit/537.36 (KHTML, like Gecko; compatible; ClaudeBot/1.0; +claudebot@anthropic.com)"
216.73.216.135 - - [04/Apr/2026:01:33:51 -0400] "GET /gender/t,c/age/18-19/ethnicity/white/languages/greek?sortOrder=mostViewed HTTP/1.1" 200 18921 "-" "Mozilla/5.0 AppleWebKit/537.36 (KHTML, like Gecko; compatible; ClaudeBot/1.0; +claudebot@anthropic.com)"
216.73.216.135 - - [04/Apr/2026:01:33:51 -0400] "GET /status/offline,online/gender/t/age/30-39,50-59/languages/German HTTP/1.1" 200 19483 "-" "Mozilla/5.0 AppleWebKit/537.36 (KHTML, like Gecko; compatible; ClaudeBot/1.0; +claudebot@anthropic.com)"
216.73.216.135 - - [04/Apr/2026:01:33:51 -0400] "GET /gender/c,m/ethnicity/white,other/languages/english?sortOrder=leastViewed HTTP/1.1" 200 18888 "-" "Mozilla/5.0 AppleWebKit/537.36 (KHTML, like Gecko; compatible; ClaudeBot/1.0; +claudebot@anthropic.com)"
216.73.216.135 - - [04/Apr/2026:01:33:51 -0400] "GET /status/offline,online/gender/t,c/age/40-49/languages/azerbaijani HTTP/1.1" 200 19542 "-" "Mozilla/5.0 AppleWebKit/537.36 (KHTML, like Gecko; compatible; ClaudeBot/1.0; +claudebot@anthropic.com)"
216.73.216.135 - - [04/Apr/2026:01:33:52 -0400] "GET /gender/t,f/age/20-29,18-19/languages/Fiji?sortOrder=name HTTP/1.1" 200 18640 "-" "Mozilla/5.0 AppleWebKit/537.36 (KHTML, like Gecko; compatible; ClaudeBot/1.0; +claudebot@anthropic.com)"
44.209.187.99 - - [04/Apr/2026:01:33:52 -0400] "GET /status/offline,online/gender/m,c/age/60-100,30-39,20-29/ethnicity/east-indian,native,islander,white/languages/hindi HTTP/1.1" 200 23178 "-" "Mozilla/5.0 AppleWebKit/537.36 (KHTML, like Gecko; compatible; Amazonbot/0.1; +https://developer.amazon.com/support/amazonbot) Chrome/119.0.6045.214 Safari/537.36"
216.73.216.135 - - [04/Apr/2026:01:33:52 -0400] "GET /status/offline/gender/t,f/age/18-19,50-59/languages/Indonesian?sortOrder=mostViewed HTTP/1.1" 200 19568 "-" "Mozilla/5.0 AppleWebKit/537.36 (KHTML, like Gecko; compatible; ClaudeBot/1.0; +claudebot@anthropic.com)"
216.73.216.135 - - [04/Apr/2026:01:33:52 -0400] "GET /status/offline,online/gender/m,t,c/languages/persian?sortOrder=name HTTP/1.1" 200 19227 "-" "Mozilla/5.0 AppleWebKit/537.36 (KHTML, like Gecko; compatible; ClaudeBot/1.0; +claudebot@anthropic.com)"
216.73.216.135 - - [04/Apr/2026:01:33:52 -0400] "GET /status/offline,online/ethnicity/latino,latinas,native/languages/Irish?sortOrder=mostViewed HTTP/1.1" 200 19725 "-" "Mozilla/5.0 AppleWebKit/537.36 (KHTML, like Gecko; compatible; ClaudeBot/1.0; +claudebot@anthropic.com)"
216.73.216.135 - - [04/Apr/2026:01:33:52 -0400] "GET /status/online/gender/m,c/ethnicity/white,native/languages/Kashmiri?sortOrder=recent HTTP/1.1" 200 19617 "-" "Mozilla/5.0 AppleWebKit/537.36 (KHTML, like Gecko; compatible; ClaudeBot/1.0; +claudebot@anthropic.com)"
216.73.216.135 - - [04/Apr/2026:01:33:52 -0400] "GET /status/offline,online/age/50-59/ethnicity/islander,native/languages/azerbaijani?sortOrder=mostViewed HTTP/1.1" 200 20105 "-" "Mozilla/5.0 AppleWebKit/537.36 (KHTML, like Gecko; compatible; ClaudeBot/1.0; +claudebot@anthropic.com)"
216.73.216.135 - - [04/Apr/2026:01:33:52 -0400] "GET /gender/c,f,t,m/age/60-100/sites/1?sortOrder=recent HTTP/1.1" 200 18644 "-" "Mozilla/5.0 AppleWebKit/537.36 (KHTML, like Gecko; compatible; ClaudeBot/1.0; +claudebot@anthropic.com)"
216.73.216.135 - - [04/Apr/2026:01:33:52 -0400] "GET /gender/c,m,t,f/ethnicity/other/languages/Georgian HTTP/1.1" 200 18960 "-" "Mozilla/5.0 AppleWebKit/537.36 (KHTML, like Gecko; compatible; ClaudeBot/1.0; +claudebot@anthropic.com)"
216.73.216.135 - - [04/Apr/2026:01:33:52 -0400] "GET /gender/t,f/age/60-100,30-39,40-49/languages/Russian HTTP/1.1" 200 19107 "-" "Mozilla/5.0 AppleWebKit/537.36 (KHTML, like Gecko; compatible; ClaudeBot/1.0; +claudebot@anthropic.com)"
216.73.216.135 - - [04/Apr/2026:01:33:52 -0400] "GET /gender/f,m/ethnicity/white,native,other/languages/bulgarian?sortOrder=mostViewed HTTP/1.1" 200 19420 "-" "Mozilla/5.0 AppleWebKit/537.36 (KHTML, like Gecko; compatible; ClaudeBot/1.0; +claudebot@anthropic.com)"
216.73.216.135 - - [04/Apr/2026:01:33:52 -0400] "GET /status/offline/gender/t,f/ethnicity/other,black/languages/chinese?sortOrder=mostViewed HTTP/1.1" 200 19599 "-" "Mozilla/5.0 AppleWebKit/537.36 (KHTML, like Gecko; compatible; ClaudeBot/1.0; +claudebot@anthropic.com)"
216.73.216.135 - - [04/Apr/2026:01:33:53 -0400] "GET /gender/m,f/ethnicity/native,islander,black/languages/indonesian HTTP/1.1" 200 19461 "-" "Mozilla/5.0 AppleWebKit/537.36 (KHTML, like Gecko; compatible; ClaudeBot/1.0; +claudebot@anthropic.com)"
216.73.216.135 - - [04/Apr/2026:01:33:53 -0400] "GET /gender/f,m/ethnicity/white,latinas/languages/bulgarian HTTP/1.1" 200 18920 "-" "Mozilla/5.0 AppleWebKit/537.36 (KHTML, like Gecko; compatible; ClaudeBot/1.0; +claudebot@anthropic.com)"
216.73.216.135 - - [04/Apr/2026:01:33:53 -0400] "GET /gender/t,f/ethnicity/white,native,islander/languages/Lithuanian?sortOrder=recent HTTP/1.1" 200 19559 "-" "Mozilla/5.0 AppleWebKit/537.36 (KHTML, like Gecko; compatible; ClaudeBot/1.0; +claudebot@anthropic.com)"
216.73.216.135 - - [04/Apr/2026:01:33:53 -0400] "GET /status/online,offline/gender/f/age/18-19/languages/korean?sortOrder=name HTTP/1.1" 200 19139 "-" "Mozilla/5.0 AppleWebKit/537.36 (KHTML, like Gecko; compatible; ClaudeBot/1.0; +claudebot@anthropic.com)"
216.73.216.135 - - [04/Apr/2026:01:33:53 -0400] "GET /gender/f,c/ethnicity/black,islander/languages/chinese?sortOrder=oldest HTTP/1.1" 200 18991 "-" "Mozilla/5.0 AppleWebKit/537.36 (KHTML, like Gecko; compatible; ClaudeBot/1.0; +claudebot@anthropic.com)"
216.73.216.135 - - [04/Apr/2026:01:33:53 -0400] "GET /status/offline,online/ethnicity/other,white,native/languages/Slovak?sortOrder=timeOnline HTTP/1.1" 200 19696 "-" "Mozilla/5.0 AppleWebKit/537.36 (KHTML, like Gecko; compatible; ClaudeBot/1.0; +claudebot@anthropic.com)"
216.73.216.135 - - [04/Apr/2026:01:33:53 -0400] "GET /gender/t,m/ethnicity/black,islander,native/languages/Belarusian?sortOrder=mostViewed HTTP/1.1" 200 19561 "-" "Mozilla/5.0 AppleWebKit/537.36 (KHTML, like Gecko; compatible; ClaudeBot/1.0; +claudebot@anthropic.com)"
216.73.216.135 - - [04/Apr/2026:01:33:53 -0400] "GET /gender/m,f/ethnicity/native,white,latinas/languages/Dutch?sortOrder=name HTTP/1.1" 200 19336 "-" "Mozilla/5.0 AppleWebKit/537.36 (KHTML, like Gecko; compatible; ClaudeBot/1.0; +claudebot@anthropic.com)"
52.167.144.183 - - [04/Apr/2026:01:33:53 -0400] "GET /gender/t,c,m/age/60-100/ethnicity/age,east-indian HTTP/1.1" 200 19324 "-" "Mozilla/5.0 AppleWebKit/537.36 (KHTML, like Gecko; compatible; bingbot/2.0; +http://www.bing.com/bingbot.htm) Chrome/116.0.1938.76 Safari/537.36"
216.73.216.135 - - [04/Apr/2026:01:33:53 -0400] "GET /gender/c,t/age/30-39/ethnicity/black,native/languages/Cambodian?sortOrder=mostViewed HTTP/1.1" 200 19548 "-" "Mozilla/5.0 AppleWebKit/537.36 (KHTML, like Gecko; compatible; ClaudeBot/1.0; +claudebot@anthropic.com)"
216.73.216.135 - - [04/Apr/2026:01:33:53 -0400] "GET /status/offline,online/gender/m,c/ethnicity/native/languages/Bulgarian?sortOrder=name HTTP/1.1" 200 19708 "-" "Mozilla/5.0 AppleWebKit/537.36 (KHTML, like Gecko; compatible; ClaudeBot/1.0; +claudebot@anthropic.com)"
52.70.138.176 - - [04/Apr/2026:01:33:53 -0400] "GET /status/online,offline/gender/c,m,t,f/age/20-29,60-100/ethnicity/white,native,asian,black HTTP/1.1" 200 22087 "-" "Mozilla/5.0 AppleWebKit/537.36 (KHTML, like Gecko; compatible; Amazonbot/0.1; +https://developer.amazon.com/support/amazonbot) Chrome/119.0.6045.214 Safari/537.36"
216.73.216.135 - - [04/Apr/2026:01:33:53 -0400] "GET /status/online,offline/gender/t,f/languages/indonesian?sortOrder=name HTTP/1.1" 200 19040 "-" "Mozilla/5.0 AppleWebKit/537.36 (KHTML, like Gecko; compatible; ClaudeBot/1.0; +claudebot@anthropic.com)"
216.73.216.135 - - [04/Apr/2026:01:33:54 -0400] "GET /gender/t,f,c/age/18-19,40-49/languages/Albanian?sortOrder=mostViewed HTTP/1.1" 200 19088 "-" "Mozilla/5.0 AppleWebKit/537.36 (KHTML, like Gecko; compatible; ClaudeBot/1.0; +claudebot@anthropic.com)"
52.3.104.214 - - [04/Apr/2026:01:33:54 -0400] "GET /status/offline,online/gender/m,f,c/age/60-100,20-29/ethnicity/east-indian,black,asian/sites/11 HTTP/1.1" 200 22141 "-" "Mozilla/5.0 AppleWebKit/537.36 (KHTML, like Gecko; compatible; Amazonbot/0.1; +https://developer.amazon.com/support/amazonbot) Chrome/119.0.6045.214 Safari/537.36"
216.73.216.135 - - [04/Apr/2026:01:33:54 -0400] "GET /status/offline/gender/t,m/ethnicity/white,islander/languages/Spanish?sortOrder=oldest HTTP/1.1" 200 19688 "-" "Mozilla/5.0 AppleWebKit/537.36 (KHTML, like Gecko; compatible; ClaudeBot/1.0; +claudebot@anthropic.com)"
216.73.216.135 - - [04/Apr/2026:01:33:54 -0400] "GET /gender/t,m/ethnicity/islander,native,white/languages/indonesian?sortOrder=mostViewed HTTP/1.1" 200 19561 "-" "Mozilla/5.0 AppleWebKit/537.36 (KHTML, like Gecko; compatible; ClaudeBot/1.0; +claudebot@anthropic.com)"
216.73.216.135 - - [04/Apr/2026:01:33:54 -0400] "GET /status/offline/gender/f,m,c/age/18-19/languages/slovak?sortOrder=name HTTP/1.1" 200 19275 "-" "Mozilla/5.0 AppleWebKit/537.36 (KHTML, like Gecko; compatible; ClaudeBot/1.0; +claudebot@anthropic.com)"
216.73.216.135 - - [04/Apr/2026:01:33:54 -0400] "GET /gender/c,m,f/ethnicity/islander,white/languages/Greek?sortOrder=name HTTP/1.1" 200 19207 "-" "Mozilla/5.0 AppleWebKit/537.36 (KHTML, like Gecko; compatible; ClaudeBot/1.0; +claudebot@anthropic.com)"
216.73.216.135 - - [04/Apr/2026:01:33:54 -0400] "GET /gender/f,m/age/40-49/ethnicity/latinas/languages/Hebrew?sortOrder=timeOnline HTTP/1.1" 200 19022 "-" "Mozilla/5.0 AppleWebKit/537.36 (KHTML, like Gecko; compatible; ClaudeBot/1.0; +claudebot@anthropic.com)"
216.73.216.135 - - [04/Apr/2026:01:33:54 -0400] "GET /gender/c,t,f/age/20-29/languages/english?sortOrder=name HTTP/1.1" 200 18616 "-" "Mozilla/5.0 AppleWebKit/537.36 (KHTML, like Gecko; compatible; ClaudeBot/1.0; +claudebot@anthropic.com)"
216.73.216.135 - - [04/Apr/2026:01:33:54 -0400] "GET /gender/f,t,c/age/60-100,40-49/languages/ukrainian HTTP/1.1" 200 19055 "-" "Mozilla/5.0 AppleWebKit/537.36 (KHTML, like Gecko; compatible; ClaudeBot/1.0; +claudebot@anthropic.com)"
216.73.216.135 - - [04/Apr/2026:01:33:54 -0400] "GET /status/online/gender/c,t/age/40-49/languages/Afrikaans?sortOrder=oldest HTTP/1.1" 200 19051 "-" "Mozilla/5.0 AppleWebKit/537.36 (KHTML, like Gecko; compatible; ClaudeBot/1.0; +claudebot@anthropic.com)"
216.73.216.135 - - [04/Apr/2026:01:33:54 -0400] "GET /status/online/gender/c,m/ethnicity/latino/languages/Maltese?sortOrder=leastViewed HTTP/1.1" 200 19103 "-" "Mozilla/5.0 AppleWebKit/537.36 (KHTML, like Gecko; compatible; ClaudeBot/1.0; +claudebot@anthropic.com)"
216.73.216.135 - - [04/Apr/2026:01:33:54 -0400] "GET /gender/t,m,c,f/age/18-19/languages/hebrew?sortOrder=name HTTP/1.1" 200 18860 "-" "Mozilla/5.0 AppleWebKit/537.36 (KHTML, like Gecko; compatible; ClaudeBot/1.0; +claudebot@anthropic.com)"
216.73.216.135 - - [04/Apr/2026:01:33:55 -0400] "GET /status/offline/gender/t,c,f/age/20-29/languages/Danish?sortOrder=youngest HTTP/1.1" 200 19292 "-" "Mozilla/5.0 AppleWebKit/537.36 (KHTML, like Gecko; compatible; ClaudeBot/1.0; +claudebot@anthropic.com)"
216.73.216.135 - - [04/Apr/2026:01:33:55 -0400] "GET /gender/c,t/age/60-100,50-59,40-49/languages/catalan?sortOrder=mostViewed HTTP/1.1" 200 19212 "-" "Mozilla/5.0 AppleWebKit/537.36 (KHTML, like Gecko; compatible; ClaudeBot/1.0; +claudebot@anthropic.com)"
216.73.216.135 - - [04/Apr/2026:01:33:55 -0400] "GET /status/online,offline/gender/c/hair/age?sortOrder=youngest HTTP/1.1" 200 18502 "-" "Mozilla/5.0 AppleWebKit/537.36 (KHTML, like Gecko; compatible; ClaudeBot/1.0; +claudebot@anthropic.com)"
44.220.2.97 - - [04/Apr/2026:01:33:55 -0400] "GET /status/offline,online/gender/f,c,m/age/50-59,60-100,18-19/ethnicity/native,east-indian,white,latinas/languages/faeroese HTTP/1.1" 200 23642 "-" "Mozilla/5.0 AppleWebKit/537.36 (KHTML, like Gecko; compatible; Amazonbot/0.1; +https://developer.amazon.com/support/amazonbot) Chrome/119.0.6045.214 Safari/537.36"
216.73.216.135 - - [04/Apr/2026:01:33:55 -0400] "GET /status/offline/gender/m,t/age/60-100,50-59/languages/Albanian?sortOrder=mostViewed HTTP/1.1" 200 19525 "-" "Mozilla/5.0 AppleWebKit/537.36 (KHTML, like Gecko; compatible; ClaudeBot/1.0; +claudebot@anthropic.com)"
216.73.216.135 - - [04/Apr/2026:01:33:55 -0400] "GET /gender/f,m,c,t/ethnicity/black/languages/Russian?sortOrder=recent HTTP/1.1" 200 19018 "-" "Mozilla/5.0 AppleWebKit/537.36 (KHTML, like Gecko; compatible; ClaudeBot/1.0; +claudebot@anthropic.com)"
216.73.216.135 - - [04/Apr/2026:01:33:55 -0400] "GET /gender/m,f/age/30-39,20-29,40-49/languages/turkish?sortOrder=mostViewed HTTP/1.1" 200 19170 "-" "Mozilla/5.0 AppleWebKit/537.36 (KHTML, like Gecko; compatible; ClaudeBot/1.0; +claudebot@anthropic.com)"
216.73.216.135 - - [04/Apr/2026:01:33:55 -0400] "GET /gender/f/age/50-59/ethnicity/white,native,islander/languages/romanian?sortOrder=mostViewed HTTP/1.1" 200 19744 "-" "Mozilla/5.0 AppleWebKit/537.36 (KHTML, like Gecko; compatible; ClaudeBot/1.0; +claudebot@anthropic.com)"
217.113.194.206 - - [04/Apr/2026:01:33:55 -0400] "GET /status/online,offline/age/40-49/ethnicity/asian,black,islander,east-indian?sortOrder=timeOnline HTTP/1.1" 200 20410 "-" "Mozilla/5.0 (compatible; Barkrowler/0.9; +https://babbar.tech/crawler)"
216.73.216.135 - - [04/Apr/2026:01:33:55 -0400] "GET /status/offline/gender/f,t,m/age/20-29/languages/lithuanian?sortOrder=name HTTP/1.1" 200 19410 "-" "Mozilla/5.0 AppleWebKit/537.36 (KHTML, like Gecko; compatible; ClaudeBot/1.0; +claudebot@anthropic.com)"
216.73.216.135 - - [04/Apr/2026:01:33:55 -0400] "GET /status/offline,online/ethnicity/other,islander,white,native/languages/serbian HTTP/1.1" 200 20192 "-" "Mozilla/5.0 AppleWebKit/537.36 (KHTML, like Gecko; compatible; ClaudeBot/1.0; +claudebot@anthropic.com)"
216.73.216.135 - - [04/Apr/2026:01:33:55 -0400] "GET /gender/m,f,t/ethnicity/islander/languages/afrikaans?sortOrder=oldest HTTP/1.1" 200 18899 "-" "Mozilla/5.0 AppleWebKit/537.36 (KHTML, like Gecko; compatible; ClaudeBot/1.0; +claudebot@anthropic.com)"
216.73.216.135 - - [04/Apr/2026:01:33:55 -0400] "GET /gender/c,f/age/18-19/ethnicity/other/languages/kashmiri?sortOrder=recent HTTP/1.1" 200 19016 "-" "Mozilla/5.0 AppleWebKit/537.36 (KHTML, like Gecko; compatible; ClaudeBot/1.0; +claudebot@anthropic.com)"
3.223.134.5 - - [04/Apr/2026:01:33:56 -0400] "GET /status/offline,online/gender/t,m/age/18-19/ethnicity/native,east-indian,black/languages/bulgarian HTTP/1.1" 200 21626 "-" "Mozilla/5.0 AppleWebKit/537.36 (KHTML, like Gecko; compatible; Amazonbot/0.1; +https://developer.amazon.com/support/amazonbot) Chrome/119.0.6045.214 Safari/537.36"
17.246.19.17 - - [04/Apr/2026:01:33:56 -0400] "GET /age/60-100/ethnicity/native,white,asian,latinas,islander/languages/portuguese HTTP/1.1" 200 20417 "-" "Mozilla/5.0 (Macintosh; Intel Mac OS X 10_15_7) AppleWebKit/605.1.15 (KHTML, like Gecko) Version/17.4 Safari/605.1.15 (Applebot/0.1; +http://www.apple.com/go/applebot)"
216.73.216.135 - - [04/Apr/2026:01:33:56 -0400] "GET /status/online/gender/m,f,c/ethnicity/white/languages/Icelandic?sortOrder=mostViewed HTTP/1.1" 200 19478 "-" "Mozilla/5.0 AppleWebKit/537.36 (KHTML, like Gecko; compatible; ClaudeBot/1.0; +claudebot@anthropic.com)"
144.76.32.187 - - [04/Apr/2026:01:33:56 -0400] "GET /gender/f,t/sites/11 HTTP/1.1" 200 17527 "-" "Mozilla/5.0 (compatible; SERankingBacklinksBot/1.0; +https://seranking.com/backlinks-crawler)"
216.73.216.135 - - [04/Apr/2026:01:33:56 -0400] "GET /gender/c,t,f/age/60-100/languages/Croatian?sortOrder=timeOnline HTTP/1.1" 200 18704 "-" "Mozilla/5.0 AppleWebKit/537.36 (KHTML, like Gecko; compatible; ClaudeBot/1.0; +claudebot@anthropic.com)"
216.73.216.135 - - [04/Apr/2026:01:33:56 -0400] "GET /status/online/gender/m,f/age/40-49/languages/kazakh?sortOrder=timeOnline HTTP/1.1" 200 18956 "-" "Mozilla/5.0 AppleWebKit/537.36 (KHTML, like Gecko; compatible; ClaudeBot/1.0; +claudebot@anthropic.com)"
216.73.216.135 - - [04/Apr/2026:01:33:56 -0400] "GET /gender/t,f,c/age/60-100,20-29/languages/Vietnamese?sortOrder=mostViewed HTTP/1.1" 200 19195 "-" "Mozilla/5.0 AppleWebKit/537.36 (KHTML, like Gecko; compatible; ClaudeBot/1.0; +claudebot@anthropic.com)"
74.7.241.1 - - [04/Apr/2026:01:33:50 -0400] "GET /core/ajax.loadModels.php?age%5B0%5D=18-19&controller=router&ethnicity%5B0%5D=latest-news.php&ethnicity%5B1%5D=black&ethnicity%5B2%5D=east-indian&ethnicity%5B3%5D=other&ethnicity%5B4%5D=asian&ethnicity%5B5%5D=islander&ethnicity%5B6%5D=white&sortOrder=timeOnline HTTP/1.1" 200 182 "https://camjab.com/age/18-19/ethnicity/latest-news.php,black,east-indian,other,asian,islander,white?sortOrder=timeOnline" "Mozilla/5.0 AppleWebKit/537.36 (KHTML, like Gecko; compatible; GPTBot/1.3; +https://openai.com/gptbot)"
216.73.216.135 - - [04/Apr/2026:01:33:56 -0400] "GET /status/online,offline/ethnicity/black,native,asian/languages/Hebrew?sortOrder=recent HTTP/1.1" 200 19684 "-" "Mozilla/5.0 AppleWebKit/537.36 (KHTML, like Gecko; compatible; ClaudeBot/1.0; +claudebot@anthropic.com)"
216.73.216.135 - - [04/Apr/2026:01:33:56 -0400] "GET /gender/t,c,f,m/age/60-100/languages/Cambodian HTTP/1.1" 200 18915 "-" "Mozilla/5.0 AppleWebKit/537.36 (KHTML, like Gecko; compatible; ClaudeBot/1.0; +claudebot@anthropic.com)"
216.73.216.135 - - [04/Apr/2026:01:33:56 -0400] "GET /status/offline,online/gender/m/ethnicity/east-indian/languages/scots HTTP/1.1" 200 19335 "-" "Mozilla/5.0 AppleWebKit/537.36 (KHTML, like Gecko; compatible; ClaudeBot/1.0; +claudebot@anthropic.com)"
216.73.216.135 - - [04/Apr/2026:01:33:56 -0400] "GET /gender/c,t,f,m/age/60-100/languages/Cambodian HTTP/1.1" 200 18915 "-" "Mozilla/5.0 AppleWebKit/537.36 (KHTML, like Gecko; compatible; ClaudeBot/1.0; +claudebot@anthropic.com)"
216.73.216.135 - - [04/Apr/2026:01:33:56 -0400] "GET /status/offline/gender/f,c,m/age/18-19/languages/Catalan?sortOrder=timeOnline HTTP/1.1" 200 19328 "-" "Mozilla/5.0 AppleWebKit/537.36 (KHTML, like Gecko; compatible; ClaudeBot/1.0; +claudebot@anthropic.com)"
216.73.216.135 - - [04/Apr/2026:01:33:56 -0400] "GET /gender/m,f/age/30-39,50-59/languages/fiji?sortOrder=oldest HTTP/1.1" 200 18641 "-" "Mozilla/5.0 AppleWebKit/537.36 (KHTML, like Gecko; compatible; ClaudeBot/1.0; +claudebot@anthropic.com)"
216.73.216.135 - - [04/Apr/2026:01:33:56 -0400] "GET /status/online,offline/gender/c,t,f/languages/korean?sortOrder=leastViewed HTTP/1.1" 200 19223 "-" "Mozilla/5.0 AppleWebKit/537.36 (KHTML, like Gecko; compatible; ClaudeBot/1.0; +claudebot@anthropic.com)"
216.73.216.135 - - [04/Apr/2026:01:33:57 -0400] "GET /gender/c,f/age/40-49/ethnicity/other,islander/languages/belarusian HTTP/1.1" 200 19557 "-" "Mozilla/5.0 AppleWebKit/537.36 (KHTML, like Gecko; compatible; ClaudeBot/1.0; +claudebot@anthropic.com)"
216.73.216.135 - - [04/Apr/2026:01:33:57 -0400] "GET /gender/c,m,f/age/20-29/ethnicity/black/languages/Turkish?sortOrder=recent HTTP/1.1" 200 19275 "-" "Mozilla/5.0 AppleWebKit/537.36 (KHTML, like Gecko; compatible; ClaudeBot/1.0; +claudebot@anthropic.com)"
216.73.216.135 - - [04/Apr/2026:01:33:57 -0400] "GET /gender/c,f/age/60-100,30-39/languages/Hungarian?sortOrder=timeOnline HTTP/1.1" 200 18869 "-" "Mozilla/5.0 AppleWebKit/537.36 (KHTML, like Gecko; compatible; ClaudeBot/1.0; +claudebot@anthropic.com)"
74.7.241.1 - - [04/Apr/2026:01:33:57 -0400] "GET /age/18-19/ethnicity/latest-news.php,white,latinas,native,islander,other,black HTTP/1.1" 200 20670 "https://camjab.com/age/18-19/ethnicity/latest-news.php,white,latinas,native,islander,other,asian,black" "Mozilla/5.0 AppleWebKit/537.36 (KHTML, like Gecko; compatible; GPTBot/1.3; +https://openai.com/gptbot)"
216.73.216.135 - - [04/Apr/2026:01:33:57 -0400] "GET /gender/c,t/age/30-39,60-100/languages/Afrikaans HTTP/1.1" 200 18759 "-" "Mozilla/5.0 AppleWebKit/537.36 (KHTML, like Gecko; compatible; ClaudeBot/1.0; +claudebot@anthropic.com)"
216.73.216.135 - - [04/Apr/2026:01:33:57 -0400] "GET /gender/t,m,f/age/40-49/ethnicity/white/languages/french?sortOrder=leastViewed HTTP/1.1" 200 19250 "-" "Mozilla/5.0 AppleWebKit/537.36 (KHTML, like Gecko; compatible; ClaudeBot/1.0; +claudebot@anthropic.com)"
216.73.216.135 - - [04/Apr/2026:01:33:57 -0400] "GET /status/offline,online/gender/f/ethnicity/black,native/languages/Irish?sortOrder=youngest HTTP/1.1" 200 19725 "-" "Mozilla/5.0 AppleWebKit/537.36 (KHTML, like Gecko; compatible; ClaudeBot/1.0; +claudebot@anthropic.com)"
216.73.216.135 - - [04/Apr/2026:01:33:57 -0400] "GET /gender/m,t/ethnicity/other,islander/languages/Hungarian?sortOrder=recent HTTP/1.1" 200 19044 "-" "Mozilla/5.0 AppleWebKit/537.36 (KHTML, like Gecko; compatible; ClaudeBot/1.0; +claudebot@anthropic.com)"
216.73.216.135 - - [04/Apr/2026:01:33:57 -0400] "GET /status/offline,online/ethnicity/islander,black,native/languages/Faeroese?sortOrder=oldest HTTP/1.1" 200 19865 "-" "Mozilla/5.0 AppleWebKit/537.36 (KHTML, like Gecko; compatible; ClaudeBot/1.0; +claudebot@anthropic.com)"
216.73.216.135 - - [04/Apr/2026:01:33:57 -0400] "GET /gender/c,f/age/18-19/ethnicity/black,native/languages/Hebrew?sortOrder=oldest HTTP/1.1" 200 19436 "-" "Mozilla/5.0 AppleWebKit/537.36 (KHTML, like Gecko; compatible; ClaudeBot/1.0; +claudebot@anthropic.com)"
3.221.50.71 - - [04/Apr/2026:01:33:57 -0400] "GET /status/offline,online/gender/f,m,c/age/18-19,50-59,60-100,30-39/ethnicity/islander,east-indian,white HTTP/1.1" 200 22587 "-" "Mozilla/5.0 AppleWebKit/537.36 (KHTML, like Gecko; compatible; Amazonbot/0.1; +https://developer.amazon.com/support/amazonbot) Chrome/119.0.6045.214 Safari/537.36"
216.73.216.135 - - [04/Apr/2026:01:33:57 -0400] "GET /gender/t,c,m,f/age/18-19/languages/malay?sortOrder=name HTTP/1.1" 200 18825 "-" "Mozilla/5.0 AppleWebKit/537.36 (KHTML, like Gecko; compatible; ClaudeBot/1.0; +claudebot@anthropic.com)"
216.73.216.135 - - [04/Apr/2026:01:33:57 -0400] "GET /status/online/gender/t,c/ethnicity/native,white/languages/Faeroese HTTP/1.1" 200 19529 "-" "Mozilla/5.0 AppleWebKit/537.36 (KHTML, like Gecko; compatible; ClaudeBot/1.0; +claudebot@anthropic.com)"
44.221.227.90 - - [04/Apr/2026:01:33:58 -0400] "GET /status/offline,online/gender/c,m,t/age/18-19,20-29,60-100,50-59/ethnicity/east-indian,white,islander,native,black HTTP/1.1" 200 23936 "-" "Mozilla/5.0 AppleWebKit/537.36 (KHTML, like Gecko; compatible; Amazonbot/0.1; +https://developer.amazon.com/support/amazonbot) Chrome/119.0.6045.214 Safari/537.36"
