216.73.216.135 - - [04/Apr/2026:01:35:09 -0400] "GET /gender/c,t/age/30-39/ethnicity/other,white/languages/Greek HTTP/1.1" 200 19266 "-" "Mozilla/5.0 AppleWebKit/537.36 (KHTML, like Gecko; compatible; ClaudeBot/1.0; +claudebot@anthropic.com)"
216.73.216.135 - - [04/Apr/2026:01:35:09 -0400] "GET /gender/c,f/ethnicity/other,asian/languages/Cambodian?sortOrder=recent HTTP/1.1" 200 18951 "-" "Mozilla/5.0 AppleWebKit/537.36 (KHTML, like Gecko; compatible; ClaudeBot/1.0; +claudebot@anthropic.com)"
216.73.216.135 - - [04/Apr/2026:01:35:09 -0400] "GET /status/offline/gender/m,f/age/40-49/ethnicity/islander,asian/languages/Irish HTTP/1.1" 200 20107 "-" "Mozilla/5.0 AppleWebKit/537.36 (KHTML, like Gecko; compatible; ClaudeBot/1.0; +claudebot@anthropic.com)"
216.73.216.135 - - [04/Apr/2026:01:35:09 -0400] "GET /gender/t,m/ethnicity/native,islander,white/sites/11?sortOrder=recent HTTP/1.1" 200 19209 "-" "Mozilla/5.0 AppleWebKit/537.36 (KHTML, like Gecko; compatible; ClaudeBot/1.0; +claudebot@anthropic.com)"
216.73.216.135 - - [04/Apr/2026:01:35:09 -0400] "GET /status/offline,online/gender/m,f/ethnicity/other/languages/french?sortOrder=recent HTTP/1.1" 200 19572 "-" "Mozilla/5.0 AppleWebKit/537.36 (KHTML, like Gecko; compatible; ClaudeBot/1.0; +claudebot@anthropic.com)"
54.167.32.123 - - [04/Apr/2026:01:35:09 -0400] "GET /status/offline,online/gender/f,m,c,t/age/60-100,20-29/ethnicity/black,east-indian,native,asian,other HTTP/1.1" 200 22871 "-" "Mozilla/5.0 AppleWebKit/537.36 (KHTML, like Gecko; compatible; Amazonbot/0.1; +https://developer.amazon.com/support/amazonbot) Chrome/119.0.6045.214 Safari/537.36"
85.208.96.210 - - [04/Apr/2026:01:35:09 -0400] "GET /ethnicity/asian,native,white,east-indian,islander,other,latinas,black HTTP/1.1" 403 - "-" "Mozilla/5.0 (compatible; SemrushBot/7~bl; +http://www.semrush.com/bot.html)"
216.73.216.135 - - [04/Apr/2026:01:35:09 -0400] "GET /gender/m,t,f,c/ethnicity/other/languages/Thai HTTP/1.1" 200 18820 "-" "Mozilla/5.0 AppleWebKit/537.36 (KHTML, like Gecko; compatible; ClaudeBot/1.0; +claudebot@anthropic.com)"
216.73.216.135 - - [04/Apr/2026:01:35:09 -0400] "GET /gender/t,f/age/60-100/ethnicity/native,islander/languages/Bulgarian HTTP/1.1" 200 19591 "-" "Mozilla/5.0 AppleWebKit/537.36 (KHTML, like Gecko; compatible; ClaudeBot/1.0; +claudebot@anthropic.com)"
74.7.241.25 - - [04/Apr/2026:01:35:10 -0400] "GET /age/20-29/ethnicity/other,black,east-indian,asian,native,white HTTP/1.1" 200 20097 "https://www.camjab.com/age/20-29/ethnicity/other,black,east-indian,asian,native" "Mozilla/5.0 AppleWebKit/537.36 (KHTML, like Gecko; compatible; GPTBot/1.3; +https://openai.com/gptbot)"
216.73.216.135 - - [04/Apr/2026:01:35:10 -0400] "GET /gender/t,f/age/50-59,20-29/languages/greek HTTP/1.1" 200 18587 "-" "Mozilla/5.0 AppleWebKit/537.36 (KHTML, like Gecko; compatible; ClaudeBot/1.0; +claudebot@anthropic.com)"
74.7.241.1 - - [04/Apr/2026:01:35:10 -0400] "GET /age/50-59/ethnicity/latest-news.php,asian,latinas,other,native,black HTTP/1.1" 200 20086 "https://camjab.com/age/50-59/ethnicity/latest-news.php,asian,latinas,other,native" "Mozilla/5.0 AppleWebKit/537.36 (KHTML, like Gecko; compatible; GPTBot/1.3; +https://openai.com/gptbot)"
52.204.253.129 - - [04/Apr/2026:01:35:10 -0400] "GET /status/offline/gender/c,t,f/age/18-19,60-100,30-39,20-29/ethnicity/white,islander,east-indian,native,asian,latinas/languages/hindi HTTP/1.1" 200 24702 "-" "Mozilla/5.0 AppleWebKit/537.36 (KHTML, like Gecko; compatible; Amazonbot/0.1; +https://developer.amazon.com/support/amazonbot) Chrome/119.0.6045.214 Safari/537.36"
217.113.194.204 - - [04/Apr/2026:01:35:10 -0400] "GET /status/online,offline/gender/f/age/18-19,60-100,50-59/ethnicity/latino,islander,white HTTP/1.1" 200 21122 "-" "Mozilla/5.0 (compatible; Barkrowler/0.9; +https://babbar.tech/crawler)"
74.7.241.25 - - [04/Apr/2026:01:35:11 -0400] "GET /age/40-49,20-29/ethnicity/native,east-indian,other,black,white HTTP/1.1" 200 20098 "https://www.camjab.com/age/40-49/ethnicity/native,east-indian,other,black,white" "Mozilla/5.0 AppleWebKit/537.36 (KHTML, like Gecko; compatible; GPTBot/1.3; +https://openai.com/gptbot)"
18.213.102.186 - - [04/Apr/2026:01:35:11 -0400] "GET /status/online,offline/gender/c,f,m,t/age/20-29,50-59/ethnicity/asian,native,islander,black,white/languages/russian HTTP/1.1" 200 23719 "-" "Mozilla/5.0 AppleWebKit/537.36 (KHTML, like Gecko; compatible; Amazonbot/0.1; +https://developer.amazon.com/support/amazonbot) Chrome/119.0.6045.214 Safari/537.36"
74.7.241.1 - - [04/Apr/2026:01:35:11 -0400] "GET /age/40-49/ethnicity/latest-news.php,east-indian,other,black,islander,latinas,white HTTP/1.1" 200 20870 "https://camjab.com/age/40-49/ethnicity/latest-news.php,asian,east-indian,other,black,islander,latinas,white" "Mozilla/5.0 AppleWebKit/537.36 (KHTML, like Gecko; compatible; GPTBot/1.3; +https://openai.com/gptbot)"
74.7.241.25 - - [04/Apr/2026:01:35:12 -0400] "GET /age/40-49,30-39/ethnicity/native,east-indian,other,black,white HTTP/1.1" 200 20098 "https://www.camjab.com/age/40-49/ethnicity/native,east-indian,other,black,white" "Mozilla/5.0 AppleWebKit/537.36 (KHTML, like Gecko; compatible; GPTBot/1.3; +https://openai.com/gptbot)"
74.7.241.1 - - [04/Apr/2026:01:35:12 -0400] "GET /gender/t/age/20-29/ethnicity/latest-news.php,latinas,islander,asian,white,other,black HTTP/1.1" 200 21185 "https://camjab.com/age/20-29/ethnicity/latest-news.php,latinas,islander,asian,white,other,black" "Mozilla/5.0 AppleWebKit/537.36 (KHTML, like Gecko; compatible; GPTBot/1.3; +https://openai.com/gptbot)"
144.76.32.187 - - [04/Apr/2026:01:35:12 -0400] "GET /gender/t,f/sites/11 HTTP/1.1" 200 17527 "-" "Mozilla/5.0 (compatible; SERankingBacklinksBot/1.0; +https://seranking.com/backlinks-crawler)"
3.213.213.161 - - [04/Apr/2026:01:35:12 -0400] "GET /status/offline,online/gender/c/age/18-19,50-59,60-100/ethnicity/east-indian,asian,white HTTP/1.1" 200 21475 "-" "Mozilla/5.0 AppleWebKit/537.36 (KHTML, like Gecko; compatible; Amazonbot/0.1; +https://developer.amazon.com/support/amazonbot) Chrome/119.0.6045.214 Safari/537.36"
74.7.241.25 - - [04/Apr/2026:01:35:13 -0400] "GET /status/offline/age/50-59/ethnicity/native,east-indian,white,other,black,asian HTTP/1.1" 200 20867 "https://www.camjab.com/age/50-59/ethnicity/native,east-indian,white,other,black,asian" "Mozilla/5.0 AppleWebKit/537.36 (KHTML, like Gecko; compatible; GPTBot/1.3; +https://openai.com/gptbot)"
74.7.241.1 - - [04/Apr/2026:01:35:13 -0400] "GET /age/20-29/ethnicity/latest-news.php,native,other,black,islander,latinas,white HTTP/1.1" 200 20670 "https://camjab.com/age/20-29/ethnicity/latest-news.php,native,other,black,islander,latinas,white,east-indian" "Mozilla/5.0 AppleWebKit/537.36 (KHTML, like Gecko; compatible; GPTBot/1.3; +https://openai.com/gptbot)"
100.28.133.214 - - [04/Apr/2026:01:35:13 -0400] "GET /status/offline/gender/f,t,c/age/30-39/ethnicity/black,east-indian,asian HTTP/1.1" 200 20413 "-" "Mozilla/5.0 AppleWebKit/537.36 (KHTML, like Gecko; compatible; Amazonbot/0.1; +https://developer.amazon.com/support/amazonbot) Chrome/119.0.6045.214 Safari/537.36"
217.113.194.17 - - [04/Apr/2026:01:35:13 -0400] "GET /status/offline,online/gender/c,f/age/40-49/languages/armenian?sortOrder=timeOnline HTTP/1.1" 200 19755 "-" "Mozilla/5.0 (compatible; Barkrowler/0.9; +https://babbar.tech/crawler)"
50.19.102.70 - - [04/Apr/2026:01:35:14 -0400] "GET /status/offline,online/gender/c,t,m,f/age/18-19,30-39/ethnicity/latinas,white HTTP/1.1" 200 21323 "-" "Mozilla/5.0 AppleWebKit/537.36 (KHTML, like Gecko; compatible; Amazonbot/0.1; +https://developer.amazon.com/support/amazonbot) Chrome/119.0.6045.214 Safari/537.36"
74.7.241.25 - - [04/Apr/2026:01:35:14 -0400] "GET /age/20-29/ethnicity/other,white,east-indian,black,native HTTP/1.1" 200 19647 "https://www.camjab.com/age/20-29/ethnicity/other,white,latinas,east-indian,black,native" "Mozilla/5.0 AppleWebKit/537.36 (KHTML, like Gecko; compatible; GPTBot/1.3; +https://openai.com/gptbot)"
74.7.241.1 - - [04/Apr/2026:01:35:14 -0400] "GET /age/20-29/ethnicity/latest-news.php,black,east-indian,asian,islander,other,white HTTP/1.1" 200 20790 "https://camjab.com/age/20-29/ethnicity/latest-news.php,black,east-indian,asian,islander,other,white,latinas" "Mozilla/5.0 AppleWebKit/537.36 (KHTML, like Gecko; compatible; GPTBot/1.3; +https://openai.com/gptbot)"
17.241.227.212 - - [04/Apr/2026:01:35:14 -0400] "GET /core/ajax.loadModels.php?controller=router&status%5B0%5D=offline&gender%5B0%5D=m&age%5B0%5D=60-100&ethnicity%5B0%5D=native&ethnicity%5B1%5D=asian&languages%5B0%5D=japanese HTTP/1.1" 200 182 "https://www.camjab.com/status/offline/gender/m/age/60-100/ethnicity/native,asian/languages/japanese" "Mozilla/5.0 (Macintosh; Intel Mac OS X 10_15_7) AppleWebKit/605.1.15 (KHTML, like Gecko) Version/17.4 Safari/605.1.15 (Applebot/0.1; +http://www.apple.com/go/applebot)"
85.208.96.204 - - [04/Apr/2026:01:35:15 -0400] "GET /gender/f,m/ethnicity/latino,white,black,native,latinas HTTP/1.1" 403 - "-" "Mozilla/5.0 (compatible; SemrushBot/7~bl; +http://www.semrush.com/bot.html)"
3.223.134.5 - - [04/Apr/2026:01:35:15 -0400] "GET /status/offline,online/gender/t,c,f/age/30-39,50-59,60-100/ethnicity/black,islander,east-indian,native,white,asian HTTP/1.1" 200 23953 "-" "Mozilla/5.0 AppleWebKit/537.36 (KHTML, like Gecko; compatible; Amazonbot/0.1; +https://developer.amazon.com/support/amazonbot) Chrome/119.0.6045.214 Safari/537.36"
74.7.241.1 - - [04/Apr/2026:01:35:15 -0400] "GET /age/18-19/ethnicity/latest-news.php,east-indian,other,black,latinas,islander?sortOrder=youngest HTTP/1.1" 200 20497 "https://camjab.com/age/18-19/ethnicity/latest-news.php,east-indian,other,black,latinas,islander" "Mozilla/5.0 AppleWebKit/537.36 (KHTML, like Gecko; compatible; GPTBot/1.3; +https://openai.com/gptbot)"
66.249.66.197 - - [04/Apr/2026:01:35:15 -0400] "GET /gender/f,c/age/30-39,60-100/ethnicity/native,east-indian,latinas,black,white,other,islander HTTP/1.1" 200 21930 "-" "Mozilla/5.0 (Linux; Android 6.0.1; Nexus 5X Build/MMB29P) AppleWebKit/537.36 (KHTML, like Gecko) Chrome/146.0.7680.177 Mobile Safari/537.36 (compatible; Googlebot/2.1; +http://www.google.com/bot.html)"
216.73.216.135 - - [04/Apr/2026:01:35:16 -0400] "GET /gender/m,c,f/age/60-100,40-49/ethnicity/white/languages/Dutch HTTP/1.1" 200 19589 "-" "Mozilla/5.0 AppleWebKit/537.36 (KHTML, like Gecko; compatible; ClaudeBot/1.0; +claudebot@anthropic.com)"
216.73.216.135 - - [04/Apr/2026:01:35:16 -0400] "GET /gender/c,t,f/age/50-59/ethnicity/native/languages/kashmiri HTTP/1.1" 200 19259 "-" "Mozilla/5.0 AppleWebKit/537.36 (KHTML, like Gecko; compatible; ClaudeBot/1.0; +claudebot@anthropic.com)"
216.73.216.135 - - [04/Apr/2026:01:35:16 -0400] "GET /status/offline/gender/f,t/ethnicity/black/languages/Kazakh?sortOrder=youngest HTTP/1.1" 200 19102 "-" "Mozilla/5.0 AppleWebKit/537.36 (KHTML, like Gecko; compatible; ClaudeBot/1.0; +claudebot@anthropic.com)"
216.73.216.135 - - [04/Apr/2026:01:35:16 -0400] "GET /status/offline/gender/t,m/ethnicity/other,latinas/languages/Swedish HTTP/1.1" 200 19558 "-" "Mozilla/5.0 AppleWebKit/537.36 (KHTML, like Gecko; compatible; ClaudeBot/1.0; +claudebot@anthropic.com)"
216.73.216.135 - - [04/Apr/2026:01:35:16 -0400] "GET /gender/m,c,t,f/age/20-29/languages/armenian HTTP/1.1" 200 18843 "-" "Mozilla/5.0 AppleWebKit/537.36 (KHTML, like Gecko; compatible; ClaudeBot/1.0; +claudebot@anthropic.com)"
44.223.116.180 - - [04/Apr/2026:01:35:16 -0400] "GET /status/offline,online/gender/c,t,m/age/60-100,50-59,30-39/ethnicity/native,east-indian,black/languages/scots HTTP/1.1" 200 22891 "-" "Mozilla/5.0 AppleWebKit/537.36 (KHTML, like Gecko; compatible; Amazonbot/0.1; +https://developer.amazon.com/support/amazonbot) Chrome/119.0.6045.214 Safari/537.36"
216.73.216.135 - - [04/Apr/2026:01:35:16 -0400] "GET /gender/f,c,t/ethnicity/native,white/languages/Greek?sortOrder=youngest HTTP/1.1" 200 19150 "-" "Mozilla/5.0 AppleWebKit/537.36 (KHTML, like Gecko; compatible; ClaudeBot/1.0; +claudebot@anthropic.com)"
216.73.216.135 - - [04/Apr/2026:01:35:16 -0400] "GET /status/online,offline/age/30-39/ethnicity/black/languages/italian?sortOrder=recent HTTP/1.1" 200 19342 "-" "Mozilla/5.0 AppleWebKit/537.36 (KHTML, like Gecko; compatible; ClaudeBot/1.0; +claudebot@anthropic.com)"
216.73.216.135 - - [04/Apr/2026:01:35:16 -0400] "GET /gender/f,c/age/30-39,50-59/ethnicity/native/languages/dutch?sortOrder=leastViewed HTTP/1.1" 200 19397 "-" "Mozilla/5.0 AppleWebKit/537.36 (KHTML, like Gecko; compatible; ClaudeBot/1.0; +claudebot@anthropic.com)"
74.7.241.1 - - [04/Apr/2026:01:35:16 -0400] "GET /age/18-19/ethnicity/latest-news.php,asian,latinas,white,black,islander,other HTTP/1.1" 200 20630 "https://camjab.com/age/18-19/ethnicity/latest-news.php,asian,latinas,white,black,islander,other,east-indian" "Mozilla/5.0 AppleWebKit/537.36 (KHTML, like Gecko; compatible; GPTBot/1.3; +https://openai.com/gptbot)"
216.73.216.135 - - [04/Apr/2026:01:35:16 -0400] "GET /gender/t,f/age/60-100/ethnicity/white,black/languages/English HTTP/1.1" 200 19373 "-" "Mozilla/5.0 AppleWebKit/537.36 (KHTML, like Gecko; compatible; ClaudeBot/1.0; +claudebot@anthropic.com)"
216.73.216.135 - - [04/Apr/2026:01:35:16 -0400] "GET /gender/c,m/ethnicity/black,asian/languages/armenian HTTP/1.1" 200 18814 "-" "Mozilla/5.0 AppleWebKit/537.36 (KHTML, like Gecko; compatible; ClaudeBot/1.0; +claudebot@anthropic.com)"
216.73.216.135 - - [04/Apr/2026:01:35:16 -0400] "GET /gender/m,f/age/18-19/ethnicity/latinas/languages/Fiji?sortOrder=recent HTTP/1.1" 200 18942 "-" "Mozilla/5.0 AppleWebKit/537.36 (KHTML, like Gecko; compatible; ClaudeBot/1.0; +claudebot@anthropic.com)"
216.73.216.135 - - [04/Apr/2026:01:35:16 -0400] "GET /status/online/gender/c,t/age/60-100/languages/Kurdish?sortOrder=youngest HTTP/1.1" 200 19025 "-" "Mozilla/5.0 AppleWebKit/537.36 (KHTML, like Gecko; compatible; ClaudeBot/1.0; +claudebot@anthropic.com)"
216.73.216.135 - - [04/Apr/2026:01:35:16 -0400] "GET /status/offline/gender/f,m/ethnicity/asian/languages/Ukrainian?sortOrder=youngest HTTP/1.1" 200 19199 "-" "Mozilla/5.0 AppleWebKit/537.36 (KHTML, like Gecko; compatible; ClaudeBot/1.0; +claudebot@anthropic.com)"
216.73.216.135 - - [04/Apr/2026:01:35:16 -0400] "GET /status/online,offline/gender/m/ethnicity/other/languages/indonesian?sortOrder=leastViewed HTTP/1.1" 200 19397 "-" "Mozilla/5.0 AppleWebKit/537.36 (KHTML, like Gecko; compatible; ClaudeBot/1.0; +claudebot@anthropic.com)"
216.73.216.135 - - [04/Apr/2026:01:35:16 -0400] "GET /gender/c,f/age/60-100/ethnicity/white/languages/Estonian?sortOrder=name HTTP/1.1" 200 19046 "-" "Mozilla/5.0 AppleWebKit/537.36 (KHTML, like Gecko; compatible; ClaudeBot/1.0; +claudebot@anthropic.com)"
216.73.216.135 - - [04/Apr/2026:01:35:16 -0400] "GET /status/offline/gender/m,t/age/60-100,30-39/languages/armenian HTTP/1.1" 200 19420 "-" "Mozilla/5.0 AppleWebKit/537.36 (KHTML, like Gecko; compatible; ClaudeBot/1.0; +claudebot@anthropic.com)"
216.73.216.135 - - [04/Apr/2026:01:35:17 -0400] "GET /status/offline/gender/t,f,m/age/18-19,40-49/languages/spanish HTTP/1.1" 200 19658 "-" "Mozilla/5.0 AppleWebKit/537.36 (KHTML, like Gecko; compatible; ClaudeBot/1.0; +claudebot@anthropic.com)"
216.73.216.135 - - [04/Apr/2026:01:35:17 -0400] "GET /gender/m,c/age/20-29/ethnicity/islander/languages/Danish?sortOrder=youngest HTTP/1.1" 200 19052 "-" "Mozilla/5.0 AppleWebKit/537.36 (KHTML, like Gecko; compatible; ClaudeBot/1.0; +claudebot@anthropic.com)"
74.7.241.1 - - [04/Apr/2026:01:35:17 -0400] "GET /age/20-29/ethnicity/latest-news.php,white,east-indian,native,other,black,latinas HTTP/1.1" 200 20790 "https://camjab.com/age/20-29/ethnicity/latest-news.php,islander,white,east-indian,native,other,black,latinas" "Mozilla/5.0 AppleWebKit/537.36 (KHTML, like Gecko; compatible; GPTBot/1.3; +https://openai.com/gptbot)"
216.73.216.135 - - [04/Apr/2026:01:35:17 -0400] "GET /gender/m,f,c/ethnicity/white,other/languages/Norwegian?sortOrder=recent HTTP/1.1" 200 19242 "-" "Mozilla/5.0 AppleWebKit/537.36 (KHTML, like Gecko; compatible; ClaudeBot/1.0; +claudebot@anthropic.com)"
216.73.216.135 - - [04/Apr/2026:01:35:17 -0400] "GET /gender/m,t,f/age/40-49/ethnicity/latinas/languages/german HTTP/1.1" 200 19216 "-" "Mozilla/5.0 AppleWebKit/537.36 (KHTML, like Gecko; compatible; ClaudeBot/1.0; +claudebot@anthropic.com)"
216.73.216.135 - - [04/Apr/2026:01:35:17 -0400] "GET /gender/m,f,c,t/ethnicity/other/languages/Bulgarian HTTP/1.1" 200 18995 "-" "Mozilla/5.0 AppleWebKit/537.36 (KHTML, like Gecko; compatible; ClaudeBot/1.0; +claudebot@anthropic.com)"
52.45.77.169 - - [04/Apr/2026:01:35:17 -0400] "GET /status/offline,online/gender/t,m,f/age/18-19,20-29/ethnicity/black,native,islander HTTP/1.1" 200 21556 "-" "Mozilla/5.0 AppleWebKit/537.36 (KHTML, like Gecko; compatible; Amazonbot/0.1; +https://developer.amazon.com/support/amazonbot) Chrome/119.0.6045.214 Safari/537.36"
216.73.216.135 - - [04/Apr/2026:01:35:18 -0400] "GET /gender/c,m,t/age/18-19,40-49/languages/Scots?sortOrder=name HTTP/1.1" 200 18955 "-" "Mozilla/5.0 AppleWebKit/537.36 (KHTML, like Gecko; compatible; ClaudeBot/1.0; +claudebot@anthropic.com)"
216.73.216.135 - - [04/Apr/2026:01:35:18 -0400] "GET /status/online,offline/gender/m,t/age/60-100/languages/thai HTTP/1.1" 200 19324 "-" "Mozilla/5.0 AppleWebKit/537.36 (KHTML, like Gecko; compatible; ClaudeBot/1.0; +claudebot@anthropic.com)"
100.28.57.133 - - [04/Apr/2026:01:35:18 -0400] "GET /status/offline,online/gender/t,m/age/50-59,40-49,18-19,20-29/ethnicity/islander,native,east-indian,black/languages/hindi HTTP/1.1" 200 23425 "-" "Mozilla/5.0 AppleWebKit/537.36 (KHTML, like Gecko; compatible; Amazonbot/0.1; +https://developer.amazon.com/support/amazonbot) Chrome/119.0.6045.214 Safari/537.36"
74.7.241.1 - - [04/Apr/2026:01:35:18 -0400] "GET /age/30-39/ethnicity/latest-news.php,white,other,native,black,east-indian,islander HTTP/1.1" 200 20830 "https://camjab.com/age/30-39/ethnicity/latest-news.php,white,latinas,other,native,black,east-indian,islander" "Mozilla/5.0 AppleWebKit/537.36 (KHTML, like Gecko; compatible; GPTBot/1.3; +https://openai.com/gptbot)"
216.73.216.135 - - [04/Apr/2026:01:35:18 -0400] "GET /gender/c,f/ethnicity/black,white,asian/languages/Spanish?sortOrder=leastViewed HTTP/1.1" 200 19326 "-" "Mozilla/5.0 AppleWebKit/537.36 (KHTML, like Gecko; compatible; ClaudeBot/1.0; +claudebot@anthropic.com)"
144.76.32.187 - - [04/Apr/2026:01:35:18 -0400] "GET /tags/new/gender/m,f HTTP/1.1" 200 17544 "-" "Mozilla/5.0 (compatible; SERankingBacklinksBot/1.0; +https://seranking.com/backlinks-crawler)"
216.73.216.135 - - [04/Apr/2026:01:35:18 -0400] "GET /gender/f,t/age/50-59,40-49/languages/Lithuanian?sortOrder=oldest HTTP/1.1" 200 18850 "-" "Mozilla/5.0 AppleWebKit/537.36 (KHTML, like Gecko; compatible; ClaudeBot/1.0; +claudebot@anthropic.com)"
216.73.216.135 - - [04/Apr/2026:01:35:18 -0400] "GET /status/offline/gender/t,m/age/20-29,30-39/languages/icelandic?sortOrder=leastViewed HTTP/1.1" 200 19526 "-" "Mozilla/5.0 AppleWebKit/537.36 (KHTML, like Gecko; compatible; ClaudeBot/1.0; +claudebot@anthropic.com)"
216.73.216.135 - - [04/Apr/2026:01:35:18 -0400] "GET /status/offline,online/gender/t/ethnicity/native,other/languages/Belarusian HTTP/1.1" 200 19796 "-" "Mozilla/5.0 AppleWebKit/537.36 (KHTML, like Gecko; compatible; ClaudeBot/1.0; +claudebot@anthropic.com)"
66.249.66.78 - - [04/Apr/2026:01:35:18 -0400] "GET /core/ajax.loadModels.php?controller=router&gender%5B0%5D=f&gender%5B1%5D=c&age%5B0%5D=30-39&age%5B1%5D=60-100&ethnicity%5B0%5D=native&ethnicity%5B1%5D=east-indian&ethnicity%5B2%5D=latinas&ethnicity%5B3%5D=black&ethnicity%5B4%5D=white&ethnicity%5B5%5D=other&ethnicity%5B6%5D=islander HTTP/1.1" 200 182 "https://camjab.com/gender/f,c/age/30-39,60-100/ethnicity/native,east-indian,latinas,black,white,other,islander" "Mozilla/5.0 (Linux; Android 6.0.1; Nexus 5X Build/MMB29P) AppleWebKit/537.36 (KHTML, like Gecko) Chrome/146.0.7680.177 Mobile Safari/537.36 (compatible; Googlebot/2.1; +http://www.google.com/bot.html)"
54.163.169.168 - - [04/Apr/2026:01:35:18 -0400] "GET /status/online,offline/gender/m,f,t,c/age/18-19,60-100,40-49/ethnicity/east-indian,asian,native/languages/hindi HTTP/1.1" 200 23266 "-" "Mozilla/5.0 AppleWebKit/537.36 (KHTML, like Gecko; compatible; Amazonbot/0.1; +https://developer.amazon.com/support/amazonbot) Chrome/119.0.6045.214 Safari/537.36"
216.73.216.135 - - [04/Apr/2026:01:35:19 -0400] "GET /gender/m,c,f/age/18-19/ethnicity/white/sites/11?sortOrder=leastViewed HTTP/1.1" 200 19055 "-" "Mozilla/5.0 AppleWebKit/537.36 (KHTML, like Gecko; compatible; ClaudeBot/1.0; +claudebot@anthropic.com)"
216.73.216.135 - - [04/Apr/2026:01:35:19 -0400] "GET /status/online/gender/t,m/age/18-19,30-39/languages/Swedish HTTP/1.1" 200 19311 "-" "Mozilla/5.0 AppleWebKit/537.36 (KHTML, like Gecko; compatible; ClaudeBot/1.0; +claudebot@anthropic.com)"
74.7.241.1 - - [04/Apr/2026:01:35:19 -0400] "GET /age/18-19/ethnicity/latest-news.php,islander,asian,other,black,east-indian HTTP/1.1" 200 20320 "https://camjab.com/age/18-19/ethnicity/latest-news.php,latinas,islander,asian,other,black,east-indian" "Mozilla/5.0 AppleWebKit/537.36 (KHTML, like Gecko; compatible; GPTBot/1.3; +https://openai.com/gptbot)"
216.73.216.135 - - [04/Apr/2026:01:35:19 -0400] "GET /status/offline/gender/t,f/age/18-19,30-39/sites/3?sortOrder=oldest HTTP/1.1" 200 19157 "-" "Mozilla/5.0 AppleWebKit/537.36 (KHTML, like Gecko; compatible; ClaudeBot/1.0; +claudebot@anthropic.com)"
216.73.216.135 - - [04/Apr/2026:01:35:19 -0400] "GET /gender/m,c/age/40-49,60-100,30-39/languages/Chinese HTTP/1.1" 200 19102 "-" "Mozilla/5.0 AppleWebKit/537.36 (KHTML, like Gecko; compatible; ClaudeBot/1.0; +claudebot@anthropic.com)"
216.73.216.135 - - [04/Apr/2026:01:35:19 -0400] "GET /status/offline/gender/m,t,f/age/60-100,50-59/languages/scots HTTP/1.1" 200 19624 "-" "Mozilla/5.0 AppleWebKit/537.36 (KHTML, like Gecko; compatible; ClaudeBot/1.0; +claudebot@anthropic.com)"
216.73.216.135 - - [04/Apr/2026:01:35:19 -0400] "GET /gender/c,f/age/18-19/ethnicity/other,white/languages/Slovak HTTP/1.1" 200 19306 "-" "Mozilla/5.0 AppleWebKit/537.36 (KHTML, like Gecko; compatible; ClaudeBot/1.0; +claudebot@anthropic.com)"
216.73.216.135 - - [04/Apr/2026:01:35:19 -0400] "GET /status/online/gender/f,m/ethnicity/black,white/languages/polish?sortOrder=leastViewed HTTP/1.1" 200 19525 "-" "Mozilla/5.0 AppleWebKit/537.36 (KHTML, like Gecko; compatible; ClaudeBot/1.0; +claudebot@anthropic.com)"
216.73.216.135 - - [04/Apr/2026:01:35:19 -0400] "GET /status/offline/gender/m,f/age/50-59,40-49/languages/english?sortOrder=leastViewed HTTP/1.1" 200 19461 "-" "Mozilla/5.0 AppleWebKit/537.36 (KHTML, like Gecko; compatible; ClaudeBot/1.0; +claudebot@anthropic.com)"
216.73.216.135 - - [04/Apr/2026:01:35:20 -0400] "GET /status/offline,online/gender/c,f,t/languages/Kashmiri?sortOrder=oldest HTTP/1.1" 200 19278 "-" "Mozilla/5.0 AppleWebKit/537.36 (KHTML, like Gecko; compatible; ClaudeBot/1.0; +claudebot@anthropic.com)"
74.7.241.1 - - [04/Apr/2026:01:35:20 -0400] "GET /age/50-59/ethnicity/latest-news.php,native,other,white,east-indian,black,islander HTTP/1.1" 200 20830 "https://camjab.com/age/50-59/ethnicity/latest-news.php,native,other,white,east-indian,black,islander,latinas" "Mozilla/5.0 AppleWebKit/537.36 (KHTML, like Gecko; compatible; GPTBot/1.3; +https://openai.com/gptbot)"
216.73.216.135 - - [04/Apr/2026:01:35:20 -0400] "GET /status/offline,online/age/60-100,18-19,30-39/languages/Catalan?sortOrder=leastViewed HTTP/1.1" 200 19591 "-" "Mozilla/5.0 AppleWebKit/537.36 (KHTML, like Gecko; compatible; ClaudeBot/1.0; +claudebot@anthropic.com)"
74.7.241.25 - - [04/Apr/2026:01:35:14 -0400] "GET /core/ajax.loadModels.php?age%5B0%5D=40-49&controller=router&ethnicity%5B0%5D=asian&ethnicity%5B1%5D=native&ethnicity%5B2%5D=east-indian&ethnicity%5B3%5D=other&ethnicity%5B4%5D=islander&ethnicity%5B5%5D=latinas HTTP/1.1" 200 182 "https://www.camjab.com/age/40-49/ethnicity/asian,native,east-indian,other,islander,latinas" "Mozilla/5.0 AppleWebKit/537.36 (KHTML, like Gecko; compatible; GPTBot/1.3; +https://openai.com/gptbot)"
216.73.216.135 - - [04/Apr/2026:01:35:20 -0400] "GET /status/offline/gender/m,f,t/age/50-59,18-19/languages/Dutch HTTP/1.1" 200 19586 "-" "Mozilla/5.0 AppleWebKit/537.36 (KHTML, like Gecko; compatible; ClaudeBot/1.0; +claudebot@anthropic.com)"
216.73.216.135 - - [04/Apr/2026:01:35:20 -0400] "GET /status/offline,online/gender/c,t/age/60-100/languages/Kashmiri?sortOrder=leastViewed HTTP/1.1" 200 19582 "-" "Mozilla/5.0 AppleWebKit/537.36 (KHTML, like Gecko; compatible; ClaudeBot/1.0; +claudebot@anthropic.com)"
216.73.216.135 - - [04/Apr/2026:01:35:20 -0400] "GET /status/offline/gender/m,c/age/20-29,40-49/ethnicity/islander/languages/hebrew HTTP/1.1" 200 20124 "-" "Mozilla/5.0 AppleWebKit/537.36 (KHTML, like Gecko; compatible; ClaudeBot/1.0; +claudebot@anthropic.com)"
216.73.216.135 - - [04/Apr/2026:01:35:20 -0400] "GET /gender/f,m/age/20-29,60-100/languages/Danish?sortOrder=youngest HTTP/1.1" 200 18751 "-" "Mozilla/5.0 AppleWebKit/537.36 (KHTML, like Gecko; compatible; ClaudeBot/1.0; +claudebot@anthropic.com)"
54.225.98.148 - - [04/Apr/2026:01:35:20 -0400] "GET /status/online,offline/gender/f,c,m/age/50-59,18-19/ethnicity/east-indian,native,asian,black HTTP/1.1" 200 22190 "-" "Mozilla/5.0 AppleWebKit/537.36 (KHTML, like Gecko; compatible; Amazonbot/0.1; +https://developer.amazon.com/support/amazonbot) Chrome/119.0.6045.214 Safari/537.36"
216.73.216.135 - - [04/Apr/2026:01:35:20 -0400] "GET /gender/f,c/age/30-39/ethnicity/white/languages/ukrainian?sortOrder=timeOnline HTTP/1.1" 200 19062 "-" "Mozilla/5.0 AppleWebKit/537.36 (KHTML, like Gecko; compatible; ClaudeBot/1.0; +claudebot@anthropic.com)"
216.73.216.135 - - [04/Apr/2026:01:35:20 -0400] "GET /status/offline,online/gender/c/age/50-59,30-39/languages/kurdish HTTP/1.1" 200 19523 "-" "Mozilla/5.0 AppleWebKit/537.36 (KHTML, like Gecko; compatible; ClaudeBot/1.0; +claudebot@anthropic.com)"
216.73.216.135 - - [04/Apr/2026:01:35:21 -0400] "GET /gender/f,m/age/50-59,40-49/languages/slovak?sortOrder=name HTTP/1.1" 200 18703 "-" "Mozilla/5.0 AppleWebKit/537.36 (KHTML, like Gecko; compatible; ClaudeBot/1.0; +claudebot@anthropic.com)"
216.73.216.135 - - [04/Apr/2026:01:35:21 -0400] "GET /status/online,offline/gender/t,c/age/30-39/languages/belarusian HTTP/1.1" 200 19507 "-" "Mozilla/5.0 AppleWebKit/537.36 (KHTML, like Gecko; compatible; ClaudeBot/1.0; +claudebot@anthropic.com)"
74.7.241.1 - - [04/Apr/2026:01:35:21 -0400] "GET /age/18-19/ethnicity/latest-news.php,islander,east-indian,other,white,black,native HTTP/1.1" 200 20830 "https://camjab.com/age/18-19/ethnicity/latest-news.php,islander,east-indian,other,white,black,native,asian" "Mozilla/5.0 AppleWebKit/537.36 (KHTML, like Gecko; compatible; GPTBot/1.3; +https://openai.com/gptbot)"
216.73.216.135 - - [04/Apr/2026:01:35:21 -0400] "GET /status/online/gender/f,c/age/50-59/languages/Korean?sortOrder=youngest HTTP/1.1" 200 18960 "-" "Mozilla/5.0 AppleWebKit/537.36 (KHTML, like Gecko; compatible; ClaudeBot/1.0; +claudebot@anthropic.com)"
216.73.216.135 - - [04/Apr/2026:01:35:21 -0400] "GET /status/offline/gender/t,c/age/60-100,20-29/ethnicity/native/languages/Spanish HTTP/1.1" 200 20127 "-" "Mozilla/5.0 AppleWebKit/537.36 (KHTML, like Gecko; compatible; ClaudeBot/1.0; +claudebot@anthropic.com)"
74.7.241.25 - - [04/Apr/2026:01:35:21 -0400] "GET /age/50-59/ethnicity/other,native,white,east-indian,black HTTP/1.1" 200 19647 "https://www.camjab.com/age/50-59/ethnicity/other,native,white,islander,east-indian,black" "Mozilla/5.0 AppleWebKit/537.36 (KHTML, like Gecko; compatible; GPTBot/1.3; +https://openai.com/gptbot)"
216.73.216.135 - - [04/Apr/2026:01:35:21 -0400] "GET /status/offline,online/gender/f,t/age/60-100/languages/lithuanian?sortOrder=leastViewed HTTP/1.1" 200 19652 "-" "Mozilla/5.0 AppleWebKit/537.36 (KHTML, like Gecko; compatible; ClaudeBot/1.0; +claudebot@anthropic.com)"
216.73.216.135 - - [04/Apr/2026:01:35:21 -0400] "GET /gender/t,m/age/50-59/ethnicity/white/languages/Vietnamese?sortOrder=recent HTTP/1.1" 200 19069 "-" "Mozilla/5.0 AppleWebKit/537.36 (KHTML, like Gecko; compatible; ClaudeBot/1.0; +claudebot@anthropic.com)"
216.73.216.135 - - [04/Apr/2026:01:35:21 -0400] "GET /status/offline/gender/c,t/age/20-29,40-49/languages/Catalan?sortOrder=oldest HTTP/1.1" 200 19451 "-" "Mozilla/5.0 AppleWebKit/537.36 (KHTML, like Gecko; compatible; ClaudeBot/1.0; +claudebot@anthropic.com)"
216.73.216.135 - - [04/Apr/2026:01:35:21 -0400] "GET /gender/m,f,t/ethnicity/black,islander/languages/Catalan HTTP/1.1" 200 19185 "-" "Mozilla/5.0 AppleWebKit/537.36 (KHTML, like Gecko; compatible; ClaudeBot/1.0; +claudebot@anthropic.com)"
216.73.216.135 - - [04/Apr/2026:01:35:21 -0400] "GET /gender/m,c,t/ethnicity/asian/languages/Scots?sortOrder=youngest HTTP/1.1" 200 18661 "-" "Mozilla/5.0 AppleWebKit/537.36 (KHTML, like Gecko; compatible; ClaudeBot/1.0; +claudebot@anthropic.com)"
216.73.216.135 - - [04/Apr/2026:01:35:21 -0400] "GET /gender/c,f,m,t/age/30-39/languages/Polish?sortOrder=oldest HTTP/1.1" 200 18866 "-" "Mozilla/5.0 AppleWebKit/537.36 (KHTML, like Gecko; compatible; ClaudeBot/1.0; +claudebot@anthropic.com)"
216.73.216.135 - - [04/Apr/2026:01:35:21 -0400] "GET /status/offline/gender/f,m/age/30-39,60-100/languages/bulgarian?sortOrder=leastViewed HTTP/1.1" 200 19568 "-" "Mozilla/5.0 AppleWebKit/537.36 (KHTML, like Gecko; compatible; ClaudeBot/1.0; +claudebot@anthropic.com)"
3.226.34.98 - - [04/Apr/2026:01:35:21 -0400] "GET /status/online,offline/gender/c,f,m/ethnicity/asian,east-indian,black/languages/vietnamese HTTP/1.1" 200 21133 "-" "Mozilla/5.0 AppleWebKit/537.36 (KHTML, like Gecko; compatible; Amazonbot/0.1; +https://developer.amazon.com/support/amazonbot) Chrome/119.0.6045.214 Safari/537.36"
216.73.216.135 - - [04/Apr/2026:01:35:22 -0400] "GET /gender/m,t,c/age/18-19/ethnicity/native/languages/german?sortOrder=name HTTP/1.1" 200 19266 "-" "Mozilla/5.0 AppleWebKit/537.36 (KHTML, like Gecko; compatible; ClaudeBot/1.0; +claudebot@anthropic.com)"
216.73.216.135 - - [04/Apr/2026:01:35:22 -0400] "GET /gender/t,m/age/30-39,40-49/ethnicity/native/languages/hindi?sortOrder=leastViewed HTTP/1.1" 200 19382 "-" "Mozilla/5.0 AppleWebKit/537.36 (KHTML, like Gecko; compatible; ClaudeBot/1.0; +claudebot@anthropic.com)"
52.3.127.170 - - [04/Apr/2026:01:35:22 -0400] "GET /status/offline,online/gender/m,f,t/age/30-39,60-100,18-19/ethnicity/east-indian,white,islander,asian/languages/hindi HTTP/1.1" 200 23511 "-" "Mozilla/5.0 AppleWebKit/537.36 (KHTML, like Gecko; compatible; Amazonbot/0.1; +https://developer.amazon.com/support/amazonbot) Chrome/119.0.6045.214 Safari/537.36"
216.73.216.135 - - [04/Apr/2026:01:35:22 -0400] "GET /gender/t,c/ethnicity/other,islander/languages/Malay?sortOrder=name HTTP/1.1" 200 18912 "-" "Mozilla/5.0 AppleWebKit/537.36 (KHTML, like Gecko; compatible; ClaudeBot/1.0; +claudebot@anthropic.com)"
74.7.241.1 - - [04/Apr/2026:01:35:22 -0400] "GET /gender/f/age/40-49/ethnicity/latest-news.php,east-indian,other,black,islander,latinas,white HTTP/1.1" 200 21436 "https://camjab.com/age/40-49/ethnicity/latest-news.php,east-indian,other,black,islander,latinas,white" "Mozilla/5.0 AppleWebKit/537.36 (KHTML, like Gecko; compatible; GPTBot/1.3; +https://openai.com/gptbot)"
216.73.216.135 - - [04/Apr/2026:01:35:22 -0400] "GET /gender/t,f/age/20-29/ethnicity/latinas/languages/vietnamese?sortOrder=leastViewed HTTP/1.1" 200 19166 "-" "Mozilla/5.0 AppleWebKit/537.36 (KHTML, like Gecko; compatible; ClaudeBot/1.0; +claudebot@anthropic.com)"
74.7.241.25 - - [04/Apr/2026:01:35:22 -0400] "GET /age/18-19/ethnicity/white,black,native,east-indian,other,latinas,islander HTTP/1.1" 200 20759 "https://www.camjab.com/age/18-19/ethnicity/white,black,native,east-indian,other,latinas" "Mozilla/5.0 AppleWebKit/537.36 (KHTML, like Gecko; compatible; GPTBot/1.3; +https://openai.com/gptbot)"
216.73.216.135 - - [04/Apr/2026:01:35:22 -0400] "GET /gender/c,m,f/ethnicity/asian/languages/serbian?sortOrder=youngest HTTP/1.1" 200 18734 "-" "Mozilla/5.0 AppleWebKit/537.36 (KHTML, like Gecko; compatible; ClaudeBot/1.0; +claudebot@anthropic.com)"
216.73.216.135 - - [04/Apr/2026:01:35:22 -0400] "GET /status/offline/gender/c,m/age/30-39,18-19/languages/Italian?sortOrder=timeOnline HTTP/1.1" 200 19458 "-" "Mozilla/5.0 AppleWebKit/537.36 (KHTML, like Gecko; compatible; ClaudeBot/1.0; +claudebot@anthropic.com)"
216.73.216.135 - - [04/Apr/2026:01:35:22 -0400] "GET /gender/c,t,f/ethnicity/white,asian/languages/Russian?sortOrder=leastViewed HTTP/1.1" 200 19192 "-" "Mozilla/5.0 AppleWebKit/537.36 (KHTML, like Gecko; compatible; ClaudeBot/1.0; +claudebot@anthropic.com)"
216.73.216.135 - - [04/Apr/2026:01:35:22 -0400] "GET /status/online,offline/gender/t/ethnicity/white,native/languages/French?sortOrder=leastViewed HTTP/1.1" 200 19764 "-" "Mozilla/5.0 AppleWebKit/537.36 (KHTML, like Gecko; compatible; ClaudeBot/1.0; +claudebot@anthropic.com)"
216.73.216.135 - - [04/Apr/2026:01:35:22 -0400] "GET /gender/m,f,c,t/age/30-39/languages/Polish?sortOrder=oldest HTTP/1.1" 200 18866 "-" "Mozilla/5.0 AppleWebKit/537.36 (KHTML, like Gecko; compatible; ClaudeBot/1.0; +claudebot@anthropic.com)"
216.73.216.135 - - [04/Apr/2026:01:35:22 -0400] "GET /status/online/gender/m,f/age/18-19,50-59/languages/hebrew?sortOrder=leastViewed HTTP/1.1" 200 19389 "-" "Mozilla/5.0 AppleWebKit/537.36 (KHTML, like Gecko; compatible; ClaudeBot/1.0; +claudebot@anthropic.com)"
216.73.216.135 - - [04/Apr/2026:01:35:22 -0400] "GET /gender/f,m/age/18-19/ethnicity/black,islander/languages/Chinese HTTP/1.1" 200 19442 "-" "Mozilla/5.0 AppleWebKit/537.36 (KHTML, like Gecko; compatible; ClaudeBot/1.0; +claudebot@anthropic.com)"
216.73.216.135 - - [04/Apr/2026:01:35:23 -0400] "GET /gender/m,t/age/50-59/ethnicity/native,white/languages/hebrew?sortOrder=leastViewed HTTP/1.1" 200 19436 "-" "Mozilla/5.0 AppleWebKit/537.36 (KHTML, like Gecko; compatible; ClaudeBot/1.0; +claudebot@anthropic.com)"
216.73.216.135 - - [04/Apr/2026:01:35:23 -0400] "GET /status/offline/gender/c,f/age/60-100/ethnicity/native,black/languages/fiji HTTP/1.1" 200 20043 "-" "Mozilla/5.0 AppleWebKit/537.36 (KHTML, like Gecko; compatible; ClaudeBot/1.0; +claudebot@anthropic.com)"
23.23.214.190 - - [04/Apr/2026:01:35:23 -0400] "GET /status/offline,online/gender/c,f,t,m/age/18-19,50-59,60-100,30-39,40-49/ethnicity/islander,native,east-indian,black HTTP/1.1" 200 24315 "-" "Mozilla/5.0 AppleWebKit/537.36 (KHTML, like Gecko; compatible; Amazonbot/0.1; +https://developer.amazon.com/support/amazonbot) Chrome/119.0.6045.214 Safari/537.36"
216.73.216.135 - - [04/Apr/2026:01:35:23 -0400] "GET /gender/m,c/age/50-59,60-100,40-49/languages/german HTTP/1.1" 200 19067 "-" "Mozilla/5.0 AppleWebKit/537.36 (KHTML, like Gecko; compatible; ClaudeBot/1.0; +claudebot@anthropic.com)"
74.7.241.1 - - [04/Apr/2026:01:35:23 -0400] "GET /age/30-39/ethnicity/latest-news.php,black,native,other,islander,asian,white HTTP/1.1" 200 20590 "https://camjab.com/age/30-39/ethnicity/latest-news.php,black,native,other,islander,asian,white,latinas" "Mozilla/5.0 AppleWebKit/537.36 (KHTML, like Gecko; compatible; GPTBot/1.3; +https://openai.com/gptbot)"
216.73.216.135 - - [04/Apr/2026:01:35:23 -0400] "GET /gender/f,m/age/30-39,18-19/ethnicity/white/languages/Italian HTTP/1.1" 200 19312 "-" "Mozilla/5.0 AppleWebKit/537.36 (KHTML, like Gecko; compatible; ClaudeBot/1.0; +claudebot@anthropic.com)"
216.73.216.135 - - [04/Apr/2026:01:35:23 -0400] "GET /status/offline,online/gender/f/age/18-19/ethnicity/islander,native/languages/Swedish HTTP/1.1" 200 20392 "-" "Mozilla/5.0 AppleWebKit/537.36 (KHTML, like Gecko; compatible; ClaudeBot/1.0; +claudebot@anthropic.com)"
217.113.194.205 - - [04/Apr/2026:01:35:23 -0400] "GET /status/online,offline/gender/f,c/age/18-19,40-49,60-100/ethnicity/latino,east-indian HTTP/1.1" 200 21114 "-" "Mozilla/5.0 (compatible; Barkrowler/0.9; +https://babbar.tech/crawler)"
74.7.241.25 - - [04/Apr/2026:01:35:23 -0400] "GET /age/30-39/ethnicity/white,black,other,east-indian,native HTTP/1.1" 200 19647 "https://www.camjab.com/age/30-39/ethnicity/white,asian,black,other,east-indian,native" "Mozilla/5.0 AppleWebKit/537.36 (KHTML, like Gecko; compatible; GPTBot/1.3; +https://openai.com/gptbot)"
216.73.216.135 - - [04/Apr/2026:01:35:23 -0400] "GET /status/online/gender/c,m/age/30-39,20-29/languages/serbian HTTP/1.1" 200 19316 "-" "Mozilla/5.0 AppleWebKit/537.36 (KHTML, like Gecko; compatible; ClaudeBot/1.0; +claudebot@anthropic.com)"
216.73.216.135 - - [04/Apr/2026:01:35:23 -0400] "GET /status/offline,online/age/50-59,60-100/languages/Ukrainian?sortOrder=name HTTP/1.1" 200 19211 "-" "Mozilla/5.0 AppleWebKit/537.36 (KHTML, like Gecko; compatible; ClaudeBot/1.0; +claudebot@anthropic.com)"
216.73.216.135 - - [04/Apr/2026:01:35:23 -0400] "GET /status/online/gender/c,f/ethnicity/white,latinas/languages/Swedish HTTP/1.1" 200 19536 "-" "Mozilla/5.0 AppleWebKit/537.36 (KHTML, like Gecko; compatible; ClaudeBot/1.0; +claudebot@anthropic.com)"
216.73.216.135 - - [04/Apr/2026:01:35:23 -0400] "GET /gender/c,m,t/age/60-100/languages/greek?sortOrder=name HTTP/1.1" 200 18574 "-" "Mozilla/5.0 AppleWebKit/537.36 (KHTML, like Gecko; compatible; ClaudeBot/1.0; +claudebot@anthropic.com)"
216.73.216.135 - - [04/Apr/2026:01:35:23 -0400] "GET /status/offline/gender/c,t/ethnicity/other,native,white/languages/romanian HTTP/1.1" 200 20017 "-" "Mozilla/5.0 AppleWebKit/537.36 (KHTML, like Gecko; compatible; ClaudeBot/1.0; +claudebot@anthropic.com)"
216.73.216.135 - - [04/Apr/2026:01:35:23 -0400] "GET /status/online/gender/m,f/ethnicity/islander,latinas/languages/German HTTP/1.1" 200 19602 "-" "Mozilla/5.0 AppleWebKit/537.36 (KHTML, like Gecko; compatible; ClaudeBot/1.0; +claudebot@anthropic.com)"
216.73.216.135 - - [04/Apr/2026:01:35:24 -0400] "GET /gender/f,m,c/ethnicity/latinas/languages/Croatian?sortOrder=name HTTP/1.1" 200 18828 "-" "Mozilla/5.0 AppleWebKit/537.36 (KHTML, like Gecko; compatible; ClaudeBot/1.0; +claudebot@anthropic.com)"
216.73.216.135 - - [04/Apr/2026:01:35:24 -0400] "GET /gender/t,m/age/40-49/ethnicity/native,white/languages/Kashmiri?sortOrder=recent HTTP/1.1" 200 19491 "-" "Mozilla/5.0 AppleWebKit/537.36 (KHTML, like Gecko; compatible; ClaudeBot/1.0; +claudebot@anthropic.com)"
144.76.32.187 - - [04/Apr/2026:01:35:24 -0400] "GET /tags/new/gender/t,c HTTP/1.1" 200 17549 "-" "Mozilla/5.0 (compatible; SERankingBacklinksBot/1.0; +https://seranking.com/backlinks-crawler)"
216.73.216.135 - - [04/Apr/2026:01:35:24 -0400] "GET /status/online/gender/t,c/age/20-29/ethnicity/other/languages/Hebrew HTTP/1.1" 200 19525 "-" "Mozilla/5.0 AppleWebKit/537.36 (KHTML, like Gecko; compatible; ClaudeBot/1.0; +claudebot@anthropic.com)"
98.82.39.241 - - [04/Apr/2026:01:35:24 -0400] "GET /status/offline/gender/c,f,m/age/20-29,50-59/ethnicity/east-indian,native,white,asian,islander HTTP/1.1" 200 22268 "-" "Mozilla/5.0 AppleWebKit/537.36 (KHTML, like Gecko; compatible; Amazonbot/0.1; +https://developer.amazon.com/support/amazonbot) Chrome/119.0.6045.214 Safari/537.36"
216.73.216.135 - - [04/Apr/2026:01:35:24 -0400] "GET /status/offline/gender/f,c/age/20-29/ethnicity/native,other/languages/Catalan HTTP/1.1" 200 20113 "-" "Mozilla/5.0 AppleWebKit/537.36 (KHTML, like Gecko; compatible; ClaudeBot/1.0; +claudebot@anthropic.com)"
74.7.241.1 - - [04/Apr/2026:01:35:24 -0400] "GET /age/40-49/ethnicity/latest-news.php,islander,latinas,other,white,black,east-indian HTTP/1.1" 200 20870 "https://camjab.com/age/40-49/ethnicity/latest-news.php,islander,latinas,asian,other,white,black,east-indian" "Mozilla/5.0 AppleWebKit/537.36 (KHTML, like Gecko; compatible; GPTBot/1.3; +https://openai.com/gptbot)"
216.73.216.135 - - [04/Apr/2026:01:35:24 -0400] "GET /status/online/gender/f,c,t/ethnicity/islander/languages/hungarian HTTP/1.1" 200 19489 "-" "Mozilla/5.0 AppleWebKit/537.36 (KHTML, like Gecko; compatible; ClaudeBot/1.0; +claudebot@anthropic.com)"
74.7.241.25 - - [04/Apr/2026:01:35:24 -0400] "GET /age/20-29/ethnicity/black,white,east-indian,native,other,latinas HTTP/1.1" 200 20175 "https://www.camjab.com/age/20-29/ethnicity/black,white,east-indian,native,other" "Mozilla/5.0 AppleWebKit/537.36 (KHTML, like Gecko; compatible; GPTBot/1.3; +https://openai.com/gptbot)"
216.73.216.135 - - [04/Apr/2026:01:35:24 -0400] "GET /status/offline/gender/m,t/age/20-29/ethnicity/asian/languages/czech HTTP/1.1" 200 19517 "-" "Mozilla/5.0 AppleWebKit/537.36 (KHTML, like Gecko; compatible; ClaudeBot/1.0; +claudebot@anthropic.com)"
216.73.216.135 - - [04/Apr/2026:01:35:24 -0400] "GET /gender/t,f/ethnicity/white,other/languages/Finnish?sortOrder=youngest HTTP/1.1" 200 18884 "-" "Mozilla/5.0 AppleWebKit/537.36 (KHTML, like Gecko; compatible; ClaudeBot/1.0; +claudebot@anthropic.com)"
216.73.216.135 - - [04/Apr/2026:01:35:24 -0400] "GET /status/offline/gender/m,f/age/60-100,50-59/ethnicity/native/languages/czech HTTP/1.1" 200 20050 "-" "Mozilla/5.0 AppleWebKit/537.36 (KHTML, like Gecko; compatible; ClaudeBot/1.0; +claudebot@anthropic.com)"
216.73.216.135 - - [04/Apr/2026:01:35:24 -0400] "GET /gender/m,f/age/18-19/ethnicity/white,asian/languages/Hebrew HTTP/1.1" 200 19296 "-" "Mozilla/5.0 AppleWebKit/537.36 (KHTML, like Gecko; compatible; ClaudeBot/1.0; +claudebot@anthropic.com)"
216.73.216.135 - - [04/Apr/2026:01:35:24 -0400] "GET /gender/m,c/age/40-49/ethnicity/white,black/languages/polish?sortOrder=leastViewed HTTP/1.1" 200 19404 "-" "Mozilla/5.0 AppleWebKit/537.36 (KHTML, like Gecko; compatible; ClaudeBot/1.0; +claudebot@anthropic.com)"
216.73.216.135 - - [04/Apr/2026:01:35:25 -0400] "GET /status/online,offline/gender/f,c/age/18-19/languages/Thai HTTP/1.1" 200 19302 "-" "Mozilla/5.0 AppleWebKit/537.36 (KHTML, like Gecko; compatible; ClaudeBot/1.0; +claudebot@anthropic.com)"
216.73.216.135 - - [04/Apr/2026:01:35:25 -0400] "GET /status/offline,online/age/40-49,50-59,20-29/languages/Greek?sortOrder=recent HTTP/1.1" 200 19469 "-" "Mozilla/5.0 AppleWebKit/537.36 (KHTML, like Gecko; compatible; ClaudeBot/1.0; +claudebot@anthropic.com)"
216.73.216.135 - - [04/Apr/2026:01:35:25 -0400] "GET /gender/f,c/ethnicity/native,black,latinas/languages/hindi HTTP/1.1" 200 19259 "-" "Mozilla/5.0 AppleWebKit/537.36 (KHTML, like Gecko; compatible; ClaudeBot/1.0; +claudebot@anthropic.com)"
216.73.216.135 - - [04/Apr/2026:01:35:25 -0400] "GET /gender/t,f/age/60-100/ethnicity/asian/languages/Catalan?sortOrder=leastViewed HTTP/1.1" 200 19028 "-" "Mozilla/5.0 AppleWebKit/537.36 (KHTML, like Gecko; compatible; ClaudeBot/1.0; +claudebot@anthropic.com)"
216.73.216.135 - - [04/Apr/2026:01:35:25 -0400] "GET /status/offline/gender/c,m/ethnicity/islander,other/languages/Hindi?sortOrder=name HTTP/1.1" 200 19617 "-" "Mozilla/5.0 AppleWebKit/537.36 (KHTML, like Gecko; compatible; ClaudeBot/1.0; +claudebot@anthropic.com)"
216.73.216.135 - - [04/Apr/2026:01:35:25 -0400] "GET /gender/c,f/age/30-39,50-59/languages/fiji?sortOrder=youngest HTTP/1.1" 200 18657 "-" "Mozilla/5.0 AppleWebKit/537.36 (KHTML, like Gecko; compatible; ClaudeBot/1.0; +claudebot@anthropic.com)"
74.7.241.1 - - [04/Apr/2026:01:35:25 -0400] "GET /age/30-39/ethnicity/latest-news.php,east-indian,native,black,other,white,latinas HTTP/1.1" 200 20790 "https://camjab.com/age/30-39/ethnicity/latest-news.php,east-indian,native,black,other,white,latinas,islander" "Mozilla/5.0 AppleWebKit/537.36 (KHTML, like Gecko; compatible; GPTBot/1.3; +https://openai.com/gptbot)"
216.73.216.135 - - [04/Apr/2026:01:35:25 -0400] "GET /status/online/gender/m,f/ethnicity/latino/languages/faeroese?sortOrder=recent HTTP/1.1" 200 19122 "-" "Mozilla/5.0 AppleWebKit/537.36 (KHTML, like Gecko; compatible; ClaudeBot/1.0; +claudebot@anthropic.com)"
216.73.216.135 - - [04/Apr/2026:01:35:25 -0400] "GET /gender/c,f/age/50-59,30-39/ethnicity/native/languages/kurdish?sortOrder=leastViewed HTTP/1.1" 200 19467 "-" "Mozilla/5.0 AppleWebKit/537.36 (KHTML, like Gecko; compatible; ClaudeBot/1.0; +claudebot@anthropic.com)"
216.73.216.135 - - [04/Apr/2026:01:35:25 -0400] "GET /gender/t,f/age/40-49/ethnicity/white,islander/languages/maltese?sortOrder=leastViewed HTTP/1.1" 200 19555 "-" "Mozilla/5.0 AppleWebKit/537.36 (KHTML, like Gecko; compatible; ClaudeBot/1.0; +claudebot@anthropic.com)"
216.73.216.135 - - [04/Apr/2026:01:35:25 -0400] "GET /status/offline/gender/c,m,f/ethnicity/asian/languages/kazakh?sortOrder=leastViewed HTTP/1.1" 200 19413 "-" "Mozilla/5.0 AppleWebKit/537.36 (KHTML, like Gecko; compatible; ClaudeBot/1.0; +claudebot@anthropic.com)"
54.235.172.96 - - [04/Apr/2026:01:35:25 -0400] "GET /status/offline,online/gender/t,c,m/age/60-100,18-19,20-29/ethnicity/native,white,islander,east-indian/languages/hindi HTTP/1.1" 200 23319 "-" "Mozilla/5.0 AppleWebKit/537.36 (KHTML, like Gecko; compatible; Amazonbot/0.1; +https://developer.amazon.com/support/amazonbot) Chrome/119.0.6045.214 Safari/537.36"
216.73.216.135 - - [04/Apr/2026:01:35:25 -0400] "GET /gender/f,m/age/20-29/ethnicity/other,native/languages/kashmiri?sortOrder=leastViewed HTTP/1.1" 200 19511 "-" "Mozilla/5.0 AppleWebKit/537.36 (KHTML, like Gecko; compatible; ClaudeBot/1.0; +claudebot@anthropic.com)"
216.73.216.135 - - [04/Apr/2026:01:35:26 -0400] "GET /gender/m,f,t/ethnicity/white,other/languages/persian HTTP/1.1" 200 19074 "-" "Mozilla/5.0 AppleWebKit/537.36 (KHTML, like Gecko; compatible; ClaudeBot/1.0; +claudebot@anthropic.com)"
216.73.216.135 - - [04/Apr/2026:01:35:26 -0400] "GET /status/offline/gender/m,f/age/40-49,20-29/ethnicity/native/languages/turkish HTTP/1.1" 200 20084 "-" "Mozilla/5.0 AppleWebKit/537.36 (KHTML, like Gecko; compatible; ClaudeBot/1.0; +claudebot@anthropic.com)"
52.3.104.214 - - [04/Apr/2026:01:35:26 -0400] "GET /status/offline/gender/f,m/age/50-59,18-19,20-29/ethnicity/black,east-indian,asian/languages/hindi HTTP/1.1" 200 21882 "-" "Mozilla/5.0 AppleWebKit/537.36 (KHTML, like Gecko; compatible; Amazonbot/0.1; +https://developer.amazon.com/support/amazonbot) Chrome/119.0.6045.214 Safari/537.36"
216.73.216.135 - - [04/Apr/2026:01:35:26 -0400] "GET /status/offline/gender/m,f,c/age/50-59,30-39/languages/finnish HTTP/1.1" 200 19663 "-" "Mozilla/5.0 AppleWebKit/537.36 (KHTML, like Gecko; compatible; ClaudeBot/1.0; +claudebot@anthropic.com)"
216.73.216.135 - - [04/Apr/2026:01:35:26 -0400] "GET /status/online/gender/f,c/age/60-100,50-59/languages/Georgian HTTP/1.1" 200 19398 "-" "Mozilla/5.0 AppleWebKit/537.36 (KHTML, like Gecko; compatible; ClaudeBot/1.0; +claudebot@anthropic.com)"
216.73.216.135 - - [04/Apr/2026:01:35:26 -0400] "GET /status/online,offline/age/40-49/ethnicity/other,black/languages/Swedish?sortOrder=leastViewed HTTP/1.1" 200 19820 "-" "Mozilla/5.0 AppleWebKit/537.36 (KHTML, like Gecko; compatible; ClaudeBot/1.0; +claudebot@anthropic.com)"
216.73.216.135 - - [04/Apr/2026:01:35:26 -0400] "GET /gender/c,t/ethnicity/black,islander/sites/11?sortOrder=oldest HTTP/1.1" 200 18760 "-" "Mozilla/5.0 AppleWebKit/537.36 (KHTML, like Gecko; compatible; ClaudeBot/1.0; +claudebot@anthropic.com)"
217.113.194.20 - - [04/Apr/2026:01:35:26 -0400] "GET /status/offline,online/gender/c,t/age/30-39/ethnicity/islander/languages/albanian HTTP/1.1" 200 20458 "-" "Mozilla/5.0 (compatible; Barkrowler/0.9; +https://babbar.tech/crawler)"
216.73.216.135 - - [04/Apr/2026:01:35:26 -0400] "GET /status/offline,online/gender/t,c,f/languages/Kashmiri?sortOrder=oldest HTTP/1.1" 200 19278 "-" "Mozilla/5.0 AppleWebKit/537.36 (KHTML, like Gecko; compatible; ClaudeBot/1.0; +claudebot@anthropic.com)"
74.7.241.1 - - [04/Apr/2026:01:35:26 -0400] "GET /age/30-39/ethnicity/latest-news.php,islander,black,native,other,white,asian HTTP/1.1" 200 20590 "https://camjab.com/age/30-39/ethnicity/latest-news.php,islander,black,native,east-indian,other,white,asian" "Mozilla/5.0 AppleWebKit/537.36 (KHTML, like Gecko; compatible; GPTBot/1.3; +https://openai.com/gptbot)"
216.73.216.135 - - [04/Apr/2026:01:35:26 -0400] "GET /gender/m,t/ethnicity/other,native,white/languages/czech?sortOrder=recent HTTP/1.1" 200 19263 "-" "Mozilla/5.0 AppleWebKit/537.36 (KHTML, like Gecko; compatible; ClaudeBot/1.0; +claudebot@anthropic.com)"
216.73.216.135 - - [04/Apr/2026:01:35:26 -0400] "GET /status/offline/gender/t,c/ethnicity/latinas,white/languages/vietnamese HTTP/1.1" 200 19673 "-" "Mozilla/5.0 AppleWebKit/537.36 (KHTML, like Gecko; compatible; ClaudeBot/1.0; +claudebot@anthropic.com)"
216.73.216.135 - - [04/Apr/2026:01:35:26 -0400] "GET /gender/t,m/ethnicity/latinas,native/languages/persian?sortOrder=oldest HTTP/1.1" 200 18976 "-" "Mozilla/5.0 AppleWebKit/537.36 (KHTML, like Gecko; compatible; ClaudeBot/1.0; +claudebot@anthropic.com)"
216.73.216.135 - - [04/Apr/2026:01:35:26 -0400] "GET /gender/f,c/ethnicity/white,native,asian/sites/11?sortOrder=recent HTTP/1.1" 200 19113 "-" "Mozilla/5.0 AppleWebKit/537.36 (KHTML, like Gecko; compatible; ClaudeBot/1.0; +claudebot@anthropic.com)"
216.73.216.135 - - [04/Apr/2026:01:35:26 -0400] "GET /gender/c,t,f/ethnicity/other,native,white/languages/Italian HTTP/1.1" 200 19558 "-" "Mozilla/5.0 AppleWebKit/537.36 (KHTML, like Gecko; compatible; ClaudeBot/1.0; +claudebot@anthropic.com)"
216.73.216.135 - - [04/Apr/2026:01:35:27 -0400] "GET /gender/f,m/age/60-100,40-49/ethnicity/white,native/languages/catalan HTTP/1.1" 200 19852 "-" "Mozilla/5.0 AppleWebKit/537.36 (KHTML, like Gecko; compatible; ClaudeBot/1.0; +claudebot@anthropic.com)"
216.73.216.135 - - [04/Apr/2026:01:35:27 -0400] "GET /status/offline,online/gender/t,c/age/40-49/languages/Croatian?sortOrder=name HTTP/1.1" 200 19524 "-" "Mozilla/5.0 AppleWebKit/537.36 (KHTML, like Gecko; compatible; ClaudeBot/1.0; +claudebot@anthropic.com)"
216.73.216.135 - - [04/Apr/2026:01:35:27 -0400] "GET /gender/m,t/age/20-29,30-39/ethnicity/white/languages/Hebrew HTTP/1.1" 200 19272 "-" "Mozilla/5.0 AppleWebKit/537.36 (KHTML, like Gecko; compatible; ClaudeBot/1.0; +claudebot@anthropic.com)"
