52.44.174.136 - - [04/Apr/2026:01:35:27 -0400] "GET /status/offline,online/gender/t,f,m/age/60-100,30-39/ethnicity/islander,white,east-indian,black,asian,latinas/languages/hindi HTTP/1.1" 200 24154 "-" "Mozilla/5.0 AppleWebKit/537.36 (KHTML, like Gecko; compatible; Amazonbot/0.1; +https://developer.amazon.com/support/amazonbot) Chrome/119.0.6045.214 Safari/537.36"
216.73.216.135 - - [04/Apr/2026:01:35:27 -0400] "GET /gender/c,f/age/50-59/ethnicity/native,other/sites/11 HTTP/1.1" 200 19143 "-" "Mozilla/5.0 AppleWebKit/537.36 (KHTML, like Gecko; compatible; ClaudeBot/1.0; +claudebot@anthropic.com)"
216.73.216.135 - - [04/Apr/2026:01:35:27 -0400] "GET /gender/f,m/ethnicity/other,latinas/languages/Estonian HTTP/1.1" 200 18886 "-" "Mozilla/5.0 AppleWebKit/537.36 (KHTML, like Gecko; compatible; ClaudeBot/1.0; +claudebot@anthropic.com)"
74.7.241.1 - - [04/Apr/2026:01:35:27 -0400] "GET /age/20-29/ethnicity/latest-news.php,white,latinas,islander,other,black,native HTTP/1.1" 200 20670 "https://camjab.com/age/20-29/ethnicity/latest-news.php,east-indian,white,latinas,islander,other,black,native" "Mozilla/5.0 AppleWebKit/537.36 (KHTML, like Gecko; compatible; GPTBot/1.3; +https://openai.com/gptbot)"
216.73.216.135 - - [04/Apr/2026:01:35:27 -0400] "GET /gender/m,f,t/age/50-59,30-39/languages/Slovak HTTP/1.1" 200 18903 "-" "Mozilla/5.0 AppleWebKit/537.36 (KHTML, like Gecko; compatible; ClaudeBot/1.0; +claudebot@anthropic.com)"
17.22.245.106 - - [04/Apr/2026:01:35:27 -0400] "GET /core/ajax.loadModels.php?controller=router&status%5B0%5D=offline&age%5B0%5D=50-59&ethnicity%5B0%5D=black&languages%5B0%5D=hindi HTTP/1.1" 200 182 "https://www.camjab.com/status/offline/age/50-59/ethnicity/black/languages/hindi" "Mozilla/5.0 (Macintosh; Intel Mac OS X 10_15_7) AppleWebKit/605.1.15 (KHTML, like Gecko) Version/17.4 Safari/605.1.15 (Applebot/0.1; +http://www.apple.com/go/applebot)"
216.73.216.135 - - [04/Apr/2026:01:35:27 -0400] "GET /gender/t,f/age/40-49/ethnicity/white/languages/georgian?sortOrder=oldest HTTP/1.1" 200 19011 "-" "Mozilla/5.0 AppleWebKit/537.36 (KHTML, like Gecko; compatible; ClaudeBot/1.0; +claudebot@anthropic.com)"
216.73.216.135 - - [04/Apr/2026:01:35:27 -0400] "GET /gender/f,t/age/60-100,50-59/languages/bulgarian?sortOrder=recent HTTP/1.1" 200 18852 "-" "Mozilla/5.0 AppleWebKit/537.36 (KHTML, like Gecko; compatible; ClaudeBot/1.0; +claudebot@anthropic.com)"
216.73.216.135 - - [04/Apr/2026:01:35:27 -0400] "GET /gender/m,t/age/60-100,18-19/languages/croatian?sortOrder=leastViewed HTTP/1.1" 200 18823 "-" "Mozilla/5.0 AppleWebKit/537.36 (KHTML, like Gecko; compatible; ClaudeBot/1.0; +claudebot@anthropic.com)"
216.73.216.135 - - [04/Apr/2026:01:35:27 -0400] "GET /gender/c,m/ethnicity/white,latinas,native/languages/dutch?sortOrder=leastViewed HTTP/1.1" 200 19357 "-" "Mozilla/5.0 AppleWebKit/537.36 (KHTML, like Gecko; compatible; ClaudeBot/1.0; +claudebot@anthropic.com)"
216.73.216.135 - - [04/Apr/2026:01:35:28 -0400] "GET /status/offline/gender/t,m/age/20-29,60-100/languages/Hebrew?sortOrder=oldest HTTP/1.1" 200 19443 "-" "Mozilla/5.0 AppleWebKit/537.36 (KHTML, like Gecko; compatible; ClaudeBot/1.0; +claudebot@anthropic.com)"
216.73.216.135 - - [04/Apr/2026:01:35:28 -0400] "GET /gender/c,t/ethnicity/white,native,latinas/languages/Greek?sortOrder=leastViewed HTTP/1.1" 200 19362 "-" "Mozilla/5.0 AppleWebKit/537.36 (KHTML, like Gecko; compatible; ClaudeBot/1.0; +claudebot@anthropic.com)"
216.73.216.135 - - [04/Apr/2026:01:35:28 -0400] "GET /status/offline/gender/c,m/age/40-49,50-59/languages/Afrikaans?sortOrder=leastViewed HTTP/1.1" 200 19531 "-" "Mozilla/5.0 AppleWebKit/537.36 (KHTML, like Gecko; compatible; ClaudeBot/1.0; +claudebot@anthropic.com)"
216.73.216.135 - - [04/Apr/2026:01:35:28 -0400] "GET /gender/c,m/age/60-100,18-19/ethnicity/native/languages/Catalan HTTP/1.1" 200 19386 "-" "Mozilla/5.0 AppleWebKit/537.36 (KHTML, like Gecko; compatible; ClaudeBot/1.0; +claudebot@anthropic.com)"
17.246.19.178 - - [04/Apr/2026:01:35:28 -0400] "GET /core/ajax.loadModels.php?controller=router&ethnicity%5B0%5D=native&ethnicity%5B1%5D=other&ethnicity%5B2%5D=islander&ethnicity%5B3%5D=black&languages%5B0%5D=croatian HTTP/1.1" 200 182 "https://camjab.com/ethnicity/native,other,islander,black/languages/croatian" "Mozilla/5.0 (Macintosh; Intel Mac OS X 10_15_7) AppleWebKit/605.1.15 (KHTML, like Gecko) Version/17.4 Safari/605.1.15 (Applebot/0.1; +http://www.apple.com/go/applebot)"
216.73.216.135 - - [04/Apr/2026:01:35:28 -0400] "GET /status/offline/gender/c,f/age/50-59,60-100/languages/slovak HTTP/1.1" 200 19365 "-" "Mozilla/5.0 AppleWebKit/537.36 (KHTML, like Gecko; compatible; ClaudeBot/1.0; +claudebot@anthropic.com)"
18.232.11.247 - - [04/Apr/2026:01:35:28 -0400] "GET /status/offline/gender/t,m,f,c/age/30-39,50-59,18-19/ethnicity/native,east-indian,black/languages/hindi HTTP/1.1" 200 22644 "-" "Mozilla/5.0 AppleWebKit/537.36 (KHTML, like Gecko; compatible; Amazonbot/0.1; +https://developer.amazon.com/support/amazonbot) Chrome/119.0.6045.214 Safari/537.36"
216.73.216.135 - - [04/Apr/2026:01:35:28 -0400] "GET /gender/m,c/age/50-59/ethnicity/asian/languages/French?sortOrder=leastViewed HTTP/1.1" 200 18953 "-" "Mozilla/5.0 AppleWebKit/537.36 (KHTML, like Gecko; compatible; ClaudeBot/1.0; +claudebot@anthropic.com)"
74.7.241.1 - - [04/Apr/2026:01:35:28 -0400] "GET /age/18-19/ethnicity/latest-news.php,black,white,other,islander,asian,east-indian HTTP/1.1" 200 20790 "https://camjab.com/age/18-19/ethnicity/latest-news.php,black,white,latinas,other,islander,asian,east-indian" "Mozilla/5.0 AppleWebKit/537.36 (KHTML, like Gecko; compatible; GPTBot/1.3; +https://openai.com/gptbot)"
216.73.216.135 - - [04/Apr/2026:01:35:28 -0400] "GET /gender/f,m,t/ethnicity/white,islander,native/languages/Arabic HTTP/1.1" 200 19626 "-" "Mozilla/5.0 AppleWebKit/537.36 (KHTML, like Gecko; compatible; ClaudeBot/1.0; +claudebot@anthropic.com)"
216.73.216.135 - - [04/Apr/2026:01:35:28 -0400] "GET /status/online,offline/ethnicity/native,latinas,islander/languages/czech?sortOrder=leastViewed HTTP/1.1" 200 19849 "-" "Mozilla/5.0 AppleWebKit/537.36 (KHTML, like Gecko; compatible; ClaudeBot/1.0; +claudebot@anthropic.com)"
216.73.216.135 - - [04/Apr/2026:01:35:28 -0400] "GET /status/online,offline/age/60-100/ethnicity/islander/languages/kazakh?sortOrder=recent HTTP/1.1" 200 19452 "-" "Mozilla/5.0 AppleWebKit/537.36 (KHTML, like Gecko; compatible; ClaudeBot/1.0; +claudebot@anthropic.com)"
216.73.216.135 - - [04/Apr/2026:01:35:28 -0400] "GET /status/offline/gender/f,c/age/20-29,60-100/languages/albanian HTTP/1.1" 200 19435 "-" "Mozilla/5.0 AppleWebKit/537.36 (KHTML, like Gecko; compatible; ClaudeBot/1.0; +claudebot@anthropic.com)"
216.73.216.135 - - [04/Apr/2026:01:35:28 -0400] "GET /gender/m,f/ethnicity/native,white,latinas/languages/romanian?sortOrder=leastViewed HTTP/1.1" 200 19462 "-" "Mozilla/5.0 AppleWebKit/537.36 (KHTML, like Gecko; compatible; ClaudeBot/1.0; +claudebot@anthropic.com)"
216.73.216.135 - - [04/Apr/2026:01:35:28 -0400] "GET /gender/t,c,m/age/60-100/ethnicity/other/languages/English HTTP/1.1" 200 19214 "-" "Mozilla/5.0 AppleWebKit/537.36 (KHTML, like Gecko; compatible; ClaudeBot/1.0; +claudebot@anthropic.com)"
216.73.216.135 - - [04/Apr/2026:01:35:29 -0400] "GET /status/online/gender/c,m/ethnicity/black,native/languages/Azerbaijani?sortOrder=leastViewed HTTP/1.1" 200 19737 "-" "Mozilla/5.0 AppleWebKit/537.36 (KHTML, like Gecko; compatible; ClaudeBot/1.0; +claudebot@anthropic.com)"
216.73.216.135 - - [04/Apr/2026:01:35:29 -0400] "GET /gender/t,f/age/50-59/ethnicity/islander,black/languages/Dutch HTTP/1.1" 200 19377 "-" "Mozilla/5.0 AppleWebKit/537.36 (KHTML, like Gecko; compatible; ClaudeBot/1.0; +claudebot@anthropic.com)"
216.73.216.135 - - [04/Apr/2026:01:35:29 -0400] "GET /status/online/gender/t,c/ethnicity/latinas,white/languages/Dutch HTTP/1.1" 200 19461 "-" "Mozilla/5.0 AppleWebKit/537.36 (KHTML, like Gecko; compatible; ClaudeBot/1.0; +claudebot@anthropic.com)"
216.73.216.135 - - [04/Apr/2026:01:35:29 -0400] "GET /gender/c,f/age/20-29/ethnicity/black,islander/languages/malay?sortOrder=recent HTTP/1.1" 200 19475 "-" "Mozilla/5.0 AppleWebKit/537.36 (KHTML, like Gecko; compatible; ClaudeBot/1.0; +claudebot@anthropic.com)"
74.7.241.1 - - [04/Apr/2026:01:35:29 -0400] "GET /age/20-29/ethnicity/latest-news.php,other,black,white,latinas,asian,islander HTTP/1.1" 200 20630 "https://camjab.com/age/20-29/ethnicity/latest-news.php,other,black,white,latinas,asian,east-indian,islander" "Mozilla/5.0 AppleWebKit/537.36 (KHTML, like Gecko; compatible; GPTBot/1.3; +https://openai.com/gptbot)"
216.73.216.135 - - [04/Apr/2026:01:35:29 -0400] "GET /gender/f,t,c/ethnicity/white,black/sites/1?sortOrder=leastViewed HTTP/1.1" 200 18898 "-" "Mozilla/5.0 AppleWebKit/537.36 (KHTML, like Gecko; compatible; ClaudeBot/1.0; +claudebot@anthropic.com)"
216.73.216.135 - - [04/Apr/2026:01:35:29 -0400] "GET /status/offline/gender/m,f/age/30-39/ethnicity/other,islander/languages/Japanese HTTP/1.1" 200 20215 "-" "Mozilla/5.0 AppleWebKit/537.36 (KHTML, like Gecko; compatible; ClaudeBot/1.0; +claudebot@anthropic.com)"
216.73.216.135 - - [04/Apr/2026:01:35:29 -0400] "GET /status/offline/gender/c,f/ethnicity/black,islander,white/languages/spanish HTTP/1.1" 200 20062 "-" "Mozilla/5.0 AppleWebKit/537.36 (KHTML, like Gecko; compatible; ClaudeBot/1.0; +claudebot@anthropic.com)"
216.73.216.135 - - [04/Apr/2026:01:35:29 -0400] "GET /gender/c,m/ethnicity/black,islander/languages/lithuanian?sortOrder=oldest HTTP/1.1" 200 19083 "-" "Mozilla/5.0 AppleWebKit/537.36 (KHTML, like Gecko; compatible; ClaudeBot/1.0; +claudebot@anthropic.com)"
216.73.216.135 - - [04/Apr/2026:01:35:29 -0400] "GET /status/offline,online/gender/f/ethnicity/black/languages/indonesian?sortOrder=oldest HTTP/1.1" 200 19392 "-" "Mozilla/5.0 AppleWebKit/537.36 (KHTML, like Gecko; compatible; ClaudeBot/1.0; +claudebot@anthropic.com)"
34.231.181.240 - - [04/Apr/2026:01:35:29 -0400] "GET /status/offline,online/gender/m,t/age/60-100/ethnicity/white,islander,latinas/languages/hindi HTTP/1.1" 200 21214 "-" "Mozilla/5.0 AppleWebKit/537.36 (KHTML, like Gecko; compatible; Amazonbot/0.1; +https://developer.amazon.com/support/amazonbot) Chrome/119.0.6045.214 Safari/537.36"
216.73.216.135 - - [04/Apr/2026:01:35:29 -0400] "GET /status/offline,online/age/30-39,60-100/ethnicity/black/languages/German?sortOrder=leastViewed HTTP/1.1" 200 19803 "-" "Mozilla/5.0 AppleWebKit/537.36 (KHTML, like Gecko; compatible; ClaudeBot/1.0; +claudebot@anthropic.com)"
216.73.216.135 - - [04/Apr/2026:01:35:29 -0400] "GET /status/offline,online/gender/f,t,m/age/30-39/languages/Maltese HTTP/1.1" 200 19703 "-" "Mozilla/5.0 AppleWebKit/537.36 (KHTML, like Gecko; compatible; ClaudeBot/1.0; +claudebot@anthropic.com)"
3.219.81.66 - - [04/Apr/2026:01:35:29 -0400] "GET /status/offline,online/gender/f,t,c/age/30-39,18-19/ethnicity/black,east-indian,islander,white,latinas/languages/hindi HTTP/1.1" 200 23572 "-" "Mozilla/5.0 AppleWebKit/537.36 (KHTML, like Gecko; compatible; Amazonbot/0.1; +https://developer.amazon.com/support/amazonbot) Chrome/119.0.6045.214 Safari/537.36"
216.73.216.135 - - [04/Apr/2026:01:35:30 -0400] "GET /gender/c,f/age/60-100,20-29,30-39/sites/3?sortOrder=leastViewed HTTP/1.1" 200 18926 "-" "Mozilla/5.0 AppleWebKit/537.36 (KHTML, like Gecko; compatible; ClaudeBot/1.0; +claudebot@anthropic.com)"
216.73.216.135 - - [04/Apr/2026:01:35:30 -0400] "GET /status/offline/gender/m,t/ethnicity/latinas,black/languages/thai HTTP/1.1" 200 19453 "-" "Mozilla/5.0 AppleWebKit/537.36 (KHTML, like Gecko; compatible; ClaudeBot/1.0; +claudebot@anthropic.com)"
144.76.32.187 - - [04/Apr/2026:01:35:30 -0400] "GET /gender/f,c,m/sites/1 HTTP/1.1" 200 17729 "-" "Mozilla/5.0 (compatible; SERankingBacklinksBot/1.0; +https://seranking.com/backlinks-crawler)"
216.73.216.135 - - [04/Apr/2026:01:35:30 -0400] "GET /status/offline/gender/c,f/age/40-49/ethnicity/black,islander/languages/Lithuanian HTTP/1.1" 200 20297 "-" "Mozilla/5.0 AppleWebKit/537.36 (KHTML, like Gecko; compatible; ClaudeBot/1.0; +claudebot@anthropic.com)"
74.7.241.25 - - [04/Apr/2026:01:35:24 -0400] "GET /core/ajax.loadModels.php?age%5B0%5D=50-59&age%5B1%5D=30-39&controller=router&ethnicity%5B0%5D=black&ethnicity%5B1%5D=other&ethnicity%5B2%5D=white&ethnicity%5B3%5D=latinas&ethnicity%5B4%5D=asian&sortOrder=recent HTTP/1.1" 200 182 "https://www.camjab.com/age/50-59,30-39/ethnicity/black,other,white,latinas,asian?sortOrder=recent" "Mozilla/5.0 AppleWebKit/537.36 (KHTML, like Gecko; compatible; GPTBot/1.3; +https://openai.com/gptbot)"
216.73.216.135 - - [04/Apr/2026:01:35:30 -0400] "GET /gender/f,t/ethnicity/black,white/sites/1?sortOrder=youngest HTTP/1.1" 200 18600 "-" "Mozilla/5.0 AppleWebKit/537.36 (KHTML, like Gecko; compatible; ClaudeBot/1.0; +claudebot@anthropic.com)"
74.7.241.1 - - [04/Apr/2026:01:35:30 -0400] "GET /age/18-19/ethnicity/latest-news.php,islander,asian,other,black,east-indian,white HTTP/1.1" 200 20790 "https://camjab.com/age/18-19/ethnicity/latest-news.php,islander,asian,other,black,east-indian" "Mozilla/5.0 AppleWebKit/537.36 (KHTML, like Gecko; compatible; GPTBot/1.3; +https://openai.com/gptbot)"
216.73.216.135 - - [04/Apr/2026:01:35:30 -0400] "GET /gender/m,c/ethnicity/latinas,native/languages/Hindi?sortOrder=youngest HTTP/1.1" 200 18919 "-" "Mozilla/5.0 AppleWebKit/537.36 (KHTML, like Gecko; compatible; ClaudeBot/1.0; +claudebot@anthropic.com)"
216.73.216.135 - - [04/Apr/2026:01:35:30 -0400] "GET /gender/t,c/age/60-100/ethnicity/black/languages/Albanian?sortOrder=leastViewed HTTP/1.1" 200 19062 "-" "Mozilla/5.0 AppleWebKit/537.36 (KHTML, like Gecko; compatible; ClaudeBot/1.0; +claudebot@anthropic.com)"
216.73.216.135 - - [04/Apr/2026:01:35:30 -0400] "GET /gender/c,m/ethnicity/other,white,native,islander/languages/Hebrew HTTP/1.1" 200 19764 "-" "Mozilla/5.0 AppleWebKit/537.36 (KHTML, like Gecko; compatible; ClaudeBot/1.0; +claudebot@anthropic.com)"
216.73.216.135 - - [04/Apr/2026:01:35:30 -0400] "GET /gender/f,t/age/18-19,40-49/ethnicity/islander/languages/English?sortOrder=leastViewed HTTP/1.1" 200 19536 "-" "Mozilla/5.0 AppleWebKit/537.36 (KHTML, like Gecko; compatible; ClaudeBot/1.0; +claudebot@anthropic.com)"
216.73.216.135 - - [04/Apr/2026:01:35:30 -0400] "GET /gender/f,t/age/30-39,40-49/ethnicity/islander/languages/catalan?sortOrder=leastViewed HTTP/1.1" 200 19536 "-" "Mozilla/5.0 AppleWebKit/537.36 (KHTML, like Gecko; compatible; ClaudeBot/1.0; +claudebot@anthropic.com)"
216.73.216.135 - - [04/Apr/2026:01:35:30 -0400] "GET /gender/f,t/ethnicity/native,asian/languages/Portuguese?sortOrder=oldest HTTP/1.1" 200 19016 "-" "Mozilla/5.0 AppleWebKit/537.36 (KHTML, like Gecko; compatible; ClaudeBot/1.0; +claudebot@anthropic.com)"
216.73.216.135 - - [04/Apr/2026:01:35:31 -0400] "GET /status/online,offline/gender/c/ethnicity/native/languages/Belarusian?sortOrder=youngest HTTP/1.1" 200 19434 "-" "Mozilla/5.0 AppleWebKit/537.36 (KHTML, like Gecko; compatible; ClaudeBot/1.0; +claudebot@anthropic.com)"
216.73.216.135 - - [04/Apr/2026:01:35:31 -0400] "GET /gender/f,c/age/20-29/ethnicity/white,other,native/languages/Hebrew HTTP/1.1" 200 19787 "-" "Mozilla/5.0 AppleWebKit/537.36 (KHTML, like Gecko; compatible; ClaudeBot/1.0; +claudebot@anthropic.com)"
98.83.72.38 - - [04/Apr/2026:01:35:31 -0400] "GET /status/offline/gender/m,f,c,t/age/60-100,18-19,50-59/ethnicity/native,asian,islander,white,east-indian/sites/11 HTTP/1.1" 200 23667 "-" "Mozilla/5.0 AppleWebKit/537.36 (KHTML, like Gecko; compatible; Amazonbot/0.1; +https://developer.amazon.com/support/amazonbot) Chrome/119.0.6045.214 Safari/537.36"
216.73.216.135 - - [04/Apr/2026:01:35:31 -0400] "GET /status/online,offline/gender/f,m/age/20-29/languages/Kashmiri HTTP/1.1" 200 19432 "-" "Mozilla/5.0 AppleWebKit/537.36 (KHTML, like Gecko; compatible; ClaudeBot/1.0; +claudebot@anthropic.com)"
216.73.216.135 - - [04/Apr/2026:01:35:31 -0400] "GET /status/offline/gender/m,f/ethnicity/latinas,white/languages/Icelandic HTTP/1.1" 200 19633 "-" "Mozilla/5.0 AppleWebKit/537.36 (KHTML, like Gecko; compatible; ClaudeBot/1.0; +claudebot@anthropic.com)"
216.73.216.135 - - [04/Apr/2026:01:35:31 -0400] "GET /status/offline/gender/f,t,m/age/50-59,30-39/languages/Italian HTTP/1.1" 200 19658 "-" "Mozilla/5.0 AppleWebKit/537.36 (KHTML, like Gecko; compatible; ClaudeBot/1.0; +claudebot@anthropic.com)"
74.7.241.1 - - [04/Apr/2026:01:35:31 -0400] "GET /age/18-19/ethnicity/latest-news.php,islander,east-indian,latinas,black,other HTTP/1.1" 200 20398 "https://camjab.com/age/18-19/ethnicity/latest-news.php,islander,east-indian,latinas,black,native,other" "Mozilla/5.0 AppleWebKit/537.36 (KHTML, like Gecko; compatible; GPTBot/1.3; +https://openai.com/gptbot)"
216.73.216.135 - - [04/Apr/2026:01:35:31 -0400] "GET /gender/c,m/age/40-49/ethnicity/black,native/languages/danish?sortOrder=timeOnline HTTP/1.1" 200 19438 "-" "Mozilla/5.0 AppleWebKit/537.36 (KHTML, like Gecko; compatible; ClaudeBot/1.0; +claudebot@anthropic.com)"
74.7.241.25 - - [04/Apr/2026:01:35:31 -0400] "GET /age/40-49/ethnicity/black,asian,white,east-indian,native HTTP/1.1" 200 19647 "https://www.camjab.com/age/40-49/ethnicity/islander,black,asian,white,east-indian,native" "Mozilla/5.0 AppleWebKit/537.36 (KHTML, like Gecko; compatible; GPTBot/1.3; +https://openai.com/gptbot)"
216.73.216.135 - - [04/Apr/2026:01:35:31 -0400] "GET /status/offline/gender/m,c/age/60-100,20-29,40-49/languages/Swedish HTTP/1.1" 200 19827 "-" "Mozilla/5.0 AppleWebKit/537.36 (KHTML, like Gecko; compatible; ClaudeBot/1.0; +claudebot@anthropic.com)"
216.73.216.135 - - [04/Apr/2026:01:35:31 -0400] "GET /gender/m,t,f/age/40-49,30-39/languages/Georgian?sortOrder=leastViewed HTTP/1.1" 200 19081 "-" "Mozilla/5.0 AppleWebKit/537.36 (KHTML, like Gecko; compatible; ClaudeBot/1.0; +claudebot@anthropic.com)"
216.73.216.135 - - [04/Apr/2026:01:35:31 -0400] "GET /status/online/gender/f,c/ethnicity/native,islander/languages/Estonian?sortOrder=recent HTTP/1.1" 200 19738 "-" "Mozilla/5.0 AppleWebKit/537.36 (KHTML, like Gecko; compatible; ClaudeBot/1.0; +claudebot@anthropic.com)"
216.73.216.135 - - [04/Apr/2026:01:35:31 -0400] "GET /gender/f,m/ethnicity/black,islander,other,native/languages/Hebrew HTTP/1.1" 200 19764 "-" "Mozilla/5.0 AppleWebKit/537.36 (KHTML, like Gecko; compatible; ClaudeBot/1.0; +claudebot@anthropic.com)"
216.73.216.135 - - [04/Apr/2026:01:35:31 -0400] "GET /status/offline/gender/f,c/age/40-49,30-39/ethnicity/islander/languages/Spanish HTTP/1.1" 200 20170 "-" "Mozilla/5.0 AppleWebKit/537.36 (KHTML, like Gecko; compatible; ClaudeBot/1.0; +claudebot@anthropic.com)"
216.73.216.135 - - [04/Apr/2026:01:35:32 -0400] "GET /status/offline,online/gender/f/age/20-29,60-100/languages/Polish?sortOrder=leastViewed HTTP/1.1" 200 19633 "-" "Mozilla/5.0 AppleWebKit/537.36 (KHTML, like Gecko; compatible; ClaudeBot/1.0; +claudebot@anthropic.com)"
216.73.216.135 - - [04/Apr/2026:01:35:32 -0400] "GET /gender/m,c,t/ethnicity/native,asian/languages/Norwegian?sortOrder=leastViewed HTTP/1.1" 200 19289 "-" "Mozilla/5.0 AppleWebKit/537.36 (KHTML, like Gecko; compatible; ClaudeBot/1.0; +claudebot@anthropic.com)"
216.73.216.135 - - [04/Apr/2026:01:35:32 -0400] "GET /status/offline/gender/c,t/ethnicity/native,white,other/sites/1 HTTP/1.1" 200 19677 "-" "Mozilla/5.0 AppleWebKit/537.36 (KHTML, like Gecko; compatible; ClaudeBot/1.0; +claudebot@anthropic.com)"
54.91.122.193 - - [04/Apr/2026:01:35:32 -0400] "GET /status/offline,online/gender/t,f/age/20-29/ethnicity/islander/languages/catalan HTTP/1.1" 200 20422 "-" "Mozilla/5.0 AppleWebKit/537.36 (KHTML, like Gecko; compatible; Amazonbot/0.1; +https://developer.amazon.com/support/amazonbot) Chrome/119.0.6045.214 Safari/537.36"
216.73.216.135 - - [04/Apr/2026:01:35:32 -0400] "GET /gender/c,f/age/50-59,40-49/ethnicity/white/languages/catalan?sortOrder=leastViewed HTTP/1.1" 200 19430 "-" "Mozilla/5.0 AppleWebKit/537.36 (KHTML, like Gecko; compatible; ClaudeBot/1.0; +claudebot@anthropic.com)"
216.73.216.135 - - [04/Apr/2026:01:35:32 -0400] "GET /status/offline,online/age/30-39/ethnicity/white,asian/languages/Hindi?sortOrder=leastViewed HTTP/1.1" 200 19750 "-" "Mozilla/5.0 AppleWebKit/537.36 (KHTML, like Gecko; compatible; ClaudeBot/1.0; +claudebot@anthropic.com)"
74.7.241.1 - - [04/Apr/2026:01:35:32 -0400] "GET /age/20-29/ethnicity/latest-news.php,islander,black,native,latinas,other HTTP/1.1" 200 20203 "https://camjab.com/age/20-29/ethnicity/latest-news.php,islander,black,native,east-indian,latinas,other" "Mozilla/5.0 AppleWebKit/537.36 (KHTML, like Gecko; compatible; GPTBot/1.3; +https://openai.com/gptbot)"
216.73.216.135 - - [04/Apr/2026:01:35:32 -0400] "GET /gender/c,t,m/age/50-59,40-49/languages/turkish HTTP/1.1" 200 18938 "-" "Mozilla/5.0 AppleWebKit/537.36 (KHTML, like Gecko; compatible; ClaudeBot/1.0; +claudebot@anthropic.com)"
74.7.241.25 - - [04/Apr/2026:01:35:32 -0400] "GET /age/18-19/ethnicity/east-indian,other,white,native,black HTTP/1.1" 200 19647 "https://www.camjab.com/age/18-19/ethnicity/east-indian,other,white,islander,native,black" "Mozilla/5.0 AppleWebKit/537.36 (KHTML, like Gecko; compatible; GPTBot/1.3; +https://openai.com/gptbot)"
216.73.216.135 - - [04/Apr/2026:01:35:32 -0400] "GET /status/offline/gender/m,c,f/ethnicity/black,native,islander/languages/English HTTP/1.1" 200 20418 "-" "Mozilla/5.0 AppleWebKit/537.36 (KHTML, like Gecko; compatible; ClaudeBot/1.0; +claudebot@anthropic.com)"
216.73.216.135 - - [04/Apr/2026:01:35:32 -0400] "GET /status/online/gender/m,t/age/18-19,40-49/languages/danish?sortOrder=leastViewed HTTP/1.1" 200 19384 "-" "Mozilla/5.0 AppleWebKit/537.36 (KHTML, like Gecko; compatible; ClaudeBot/1.0; +claudebot@anthropic.com)"
66.249.66.77 - - [04/Apr/2026:01:35:32 -0400] "GET /age/30-39,60-100/ethnicity/black,native,latinas,other,islander,east-indian,asian,white HTTP/1.1" 200 21481 "-" "Mozilla/5.0 (Linux; Android 6.0.1; Nexus 5X Build/MMB29P) AppleWebKit/537.36 (KHTML, like Gecko) Chrome/146.0.7680.177 Mobile Safari/537.36 (compatible; Googlebot/2.1; +http://www.google.com/bot.html)"
216.73.216.135 - - [04/Apr/2026:01:35:32 -0400] "GET /status/offline/gender/t,f,c/ethnicity/native,black/languages/chinese HTTP/1.1" 200 19848 "-" "Mozilla/5.0 AppleWebKit/537.36 (KHTML, like Gecko; compatible; ClaudeBot/1.0; +claudebot@anthropic.com)"
216.73.216.135 - - [04/Apr/2026:01:35:32 -0400] "GET /status/offline/gender/m,c/age/40-49,50-59/languages/turkish?sortOrder=name HTTP/1.1" 200 19440 "-" "Mozilla/5.0 AppleWebKit/537.36 (KHTML, like Gecko; compatible; ClaudeBot/1.0; +claudebot@anthropic.com)"
216.73.216.135 - - [04/Apr/2026:01:35:32 -0400] "GET /gender/f,m/age/60-100/ethnicity/native,other/languages/hindi?sortOrder=leastViewed HTTP/1.1" 200 19443 "-" "Mozilla/5.0 AppleWebKit/537.36 (KHTML, like Gecko; compatible; ClaudeBot/1.0; +claudebot@anthropic.com)"
216.73.216.135 - - [04/Apr/2026:01:35:33 -0400] "GET /status/offline,online/gender/c/age/20-29/ethnicity/black/languages/french HTTP/1.1" 200 19727 "-" "Mozilla/5.0 AppleWebKit/537.36 (KHTML, like Gecko; compatible; ClaudeBot/1.0; +claudebot@anthropic.com)"
216.73.216.135 - - [04/Apr/2026:01:35:33 -0400] "GET /status/online,offline/age/18-19/ethnicity/native,islander/languages/Croatian?sortOrder=leastViewed HTTP/1.1" 200 20003 "-" "Mozilla/5.0 AppleWebKit/537.36 (KHTML, like Gecko; compatible; ClaudeBot/1.0; +claudebot@anthropic.com)"
216.73.216.135 - - [04/Apr/2026:01:35:33 -0400] "GET /status/online/gender/m,c/age/30-39,50-59/languages/catalan?sortOrder=leastViewed HTTP/1.1" 200 19424 "-" "Mozilla/5.0 AppleWebKit/537.36 (KHTML, like Gecko; compatible; ClaudeBot/1.0; +claudebot@anthropic.com)"
216.73.216.135 - - [04/Apr/2026:01:35:33 -0400] "GET /gender/f,m,c/age/60-100,40-49/languages/Spanish?sortOrder=timeOnline HTTP/1.1" 200 19085 "-" "Mozilla/5.0 AppleWebKit/537.36 (KHTML, like Gecko; compatible; ClaudeBot/1.0; +claudebot@anthropic.com)"
216.73.216.135 - - [04/Apr/2026:01:35:33 -0400] "GET /status/online/gender/c,m/ethnicity/white,other/languages/Romanian HTTP/1.1" 200 19487 "-" "Mozilla/5.0 AppleWebKit/537.36 (KHTML, like Gecko; compatible; ClaudeBot/1.0; +claudebot@anthropic.com)"
74.7.241.1 - - [04/Apr/2026:01:35:33 -0400] "GET /age/50-59/ethnicity/latest-news.php,black,asian,other,islander,native,east-indian HTTP/1.1" 200 20830 "https://camjab.com/age/50-59/ethnicity/latest-news.php,black,asian,other,islander,native,east-indian,white" "Mozilla/5.0 AppleWebKit/537.36 (KHTML, like Gecko; compatible; GPTBot/1.3; +https://openai.com/gptbot)"
216.73.216.135 - - [04/Apr/2026:01:35:33 -0400] "GET /gender/m,t/age/60-100,20-29/ethnicity/native/languages/Swedish?sortOrder=leastViewed HTTP/1.1" 200 19489 "-" "Mozilla/5.0 AppleWebKit/537.36 (KHTML, like Gecko; compatible; ClaudeBot/1.0; +claudebot@anthropic.com)"
216.73.216.135 - - [04/Apr/2026:01:35:33 -0400] "GET /gender/m,c/ethnicity/black,white,islander/languages/Fiji?sortOrder=leastViewed HTTP/1.1" 200 19322 "-" "Mozilla/5.0 AppleWebKit/537.36 (KHTML, like Gecko; compatible; ClaudeBot/1.0; +claudebot@anthropic.com)"
74.7.241.25 - - [04/Apr/2026:01:35:33 -0400] "GET /age/30-39/ethnicity/other,black,east-indian,native,asian HTTP/1.1" 200 19647 "https://www.camjab.com/age/30-39/ethnicity/other,black,east-indian,native,asian,latinas" "Mozilla/5.0 AppleWebKit/537.36 (KHTML, like Gecko; compatible; GPTBot/1.3; +https://openai.com/gptbot)"
216.73.216.135 - - [04/Apr/2026:01:35:33 -0400] "GET /status/offline/gender/t,f/age/18-19,50-59/languages/Ukrainian HTTP/1.1" 200 19428 "-" "Mozilla/5.0 AppleWebKit/537.36 (KHTML, like Gecko; compatible; ClaudeBot/1.0; +claudebot@anthropic.com)"
216.73.216.135 - - [04/Apr/2026:01:35:33 -0400] "GET /gender/m,c,f/age/40-49/ethnicity/other/languages/English?sortOrder=oldest HTTP/1.1" 200 19275 "-" "Mozilla/5.0 AppleWebKit/537.36 (KHTML, like Gecko; compatible; ClaudeBot/1.0; +claudebot@anthropic.com)"
216.73.216.135 - - [04/Apr/2026:01:35:33 -0400] "GET /status/online,offline/gender/f/age/30-39,18-19/languages/Italian HTTP/1.1" 200 19523 "-" "Mozilla/5.0 AppleWebKit/537.36 (KHTML, like Gecko; compatible; ClaudeBot/1.0; +claudebot@anthropic.com)"
216.73.216.135 - - [04/Apr/2026:01:35:33 -0400] "GET /status/offline/gender/t,f/age/20-29/ethnicity/latinas/languages/czech HTTP/1.1" 200 19601 "-" "Mozilla/5.0 AppleWebKit/537.36 (KHTML, like Gecko; compatible; ClaudeBot/1.0; +claudebot@anthropic.com)"
34.199.252.22 - - [04/Apr/2026:01:35:33 -0400] "GET /status/offline,online/gender/m,c,t,f/age/60-100,18-19/ethnicity/east-indian,asian,native,white,islander HTTP/1.1" 200 23006 "-" "Mozilla/5.0 AppleWebKit/537.36 (KHTML, like Gecko; compatible; Amazonbot/0.1; +https://developer.amazon.com/support/amazonbot) Chrome/119.0.6045.214 Safari/537.36"
216.73.216.135 - - [04/Apr/2026:01:35:34 -0400] "GET /status/offline/gender/t,f/ethnicity/other,native,white/languages/faeroese HTTP/1.1" 200 20017 "-" "Mozilla/5.0 AppleWebKit/537.36 (KHTML, like Gecko; compatible; ClaudeBot/1.0; +claudebot@anthropic.com)"
23.20.178.124 - - [04/Apr/2026:01:35:34 -0400] "GET /status/offline,online/gender/t,m/age/40-49,20-29/ethnicity/latinas,east-indian,white,asian/languages/hindi HTTP/1.1" 200 22527 "-" "Mozilla/5.0 AppleWebKit/537.36 (KHTML, like Gecko; compatible; Amazonbot/0.1; +https://developer.amazon.com/support/amazonbot) Chrome/119.0.6045.214 Safari/537.36"
216.73.216.135 - - [04/Apr/2026:01:35:34 -0400] "GET /status/offline/gender/c,f,m/age/20-29,18-19/languages/serbian HTTP/1.1" 200 19663 "-" "Mozilla/5.0 AppleWebKit/537.36 (KHTML, like Gecko; compatible; ClaudeBot/1.0; +claudebot@anthropic.com)"
216.73.216.135 - - [04/Apr/2026:01:35:34 -0400] "GET /gender/f,c/age/50-59,30-39/ethnicity/islander/languages/German HTTP/1.1" 200 19398 "-" "Mozilla/5.0 AppleWebKit/537.36 (KHTML, like Gecko; compatible; ClaudeBot/1.0; +claudebot@anthropic.com)"
216.73.216.135 - - [04/Apr/2026:01:35:34 -0400] "GET /gender/f,c/age/50-59/ethnicity/asian/languages/Norwegian?sortOrder=recent HTTP/1.1" 200 19050 "-" "Mozilla/5.0 AppleWebKit/537.36 (KHTML, like Gecko; compatible; ClaudeBot/1.0; +claudebot@anthropic.com)"
216.73.216.135 - - [04/Apr/2026:01:35:34 -0400] "GET /status/offline/gender/t,m/age/30-39,60-100/languages/afrikaans HTTP/1.1" 200 19455 "-" "Mozilla/5.0 AppleWebKit/537.36 (KHTML, like Gecko; compatible; ClaudeBot/1.0; +claudebot@anthropic.com)"
216.73.216.135 - - [04/Apr/2026:01:35:34 -0400] "GET /gender/f,c,t/ethnicity/white,other/languages/spanish?sortOrder=leastViewed HTTP/1.1" 200 19192 "-" "Mozilla/5.0 AppleWebKit/537.36 (KHTML, like Gecko; compatible; ClaudeBot/1.0; +claudebot@anthropic.com)"
74.7.241.1 - - [04/Apr/2026:01:35:34 -0400] "GET /age/18-19/ethnicity/latest-news.php,asian,native,other,islander,east-indian,black HTTP/1.1" 200 20830 "https://camjab.com/age/18-19/ethnicity/latest-news.php,asian,native,other,islander,east-indian,latinas,black" "Mozilla/5.0 AppleWebKit/537.36 (KHTML, like Gecko; compatible; GPTBot/1.3; +https://openai.com/gptbot)"
216.73.216.135 - - [04/Apr/2026:01:35:34 -0400] "GET /gender/t,m,c/age/60-100/ethnicity/white/languages/Irish?sortOrder=leastViewed HTTP/1.1" 200 19252 "-" "Mozilla/5.0 AppleWebKit/537.36 (KHTML, like Gecko; compatible; ClaudeBot/1.0; +claudebot@anthropic.com)"
216.73.216.135 - - [04/Apr/2026:01:35:34 -0400] "GET /gender/m,t/age/40-49/ethnicity/white,other/languages/malay?sortOrder=leastViewed HTTP/1.1" 200 19364 "-" "Mozilla/5.0 AppleWebKit/537.36 (KHTML, like Gecko; compatible; ClaudeBot/1.0; +claudebot@anthropic.com)"
74.7.241.25 - - [04/Apr/2026:01:35:34 -0400] "GET /age/30-39/ethnicity/black,east-indian,other,asian,native HTTP/1.1" 200 19647 "https://www.camjab.com/age/30-39/ethnicity/black,latinas,east-indian,other,asian,native" "Mozilla/5.0 AppleWebKit/537.36 (KHTML, like Gecko; compatible; GPTBot/1.3; +https://openai.com/gptbot)"
144.76.32.187 - - [04/Apr/2026:01:35:34 -0400] "GET /gender/f,m,t/sites/1 HTTP/1.1" 200 17724 "-" "Mozilla/5.0 (compatible; SERankingBacklinksBot/1.0; +https://seranking.com/backlinks-crawler)"
216.73.216.135 - - [04/Apr/2026:01:35:34 -0400] "GET /status/offline,online/age/50-59/ethnicity/islander/languages/maltese?sortOrder=youngest HTTP/1.1" 200 19456 "-" "Mozilla/5.0 AppleWebKit/537.36 (KHTML, like Gecko; compatible; ClaudeBot/1.0; +claudebot@anthropic.com)"
216.73.216.135 - - [04/Apr/2026:01:35:34 -0400] "GET /gender/m,t,f/ethnicity/islander,white/languages/Portuguese HTTP/1.1" 200 19290 "-" "Mozilla/5.0 AppleWebKit/537.36 (KHTML, like Gecko; compatible; ClaudeBot/1.0; +claudebot@anthropic.com)"
216.73.216.135 - - [04/Apr/2026:01:35:34 -0400] "GET /status/offline/gender/t,f/age/30-39/ethnicity/asian/languages/Bulgarian HTTP/1.1" 200 19667 "-" "Mozilla/5.0 AppleWebKit/537.36 (KHTML, like Gecko; compatible; ClaudeBot/1.0; +claudebot@anthropic.com)"
216.73.216.135 - - [04/Apr/2026:01:35:35 -0400] "GET /status/offline/gender/f,m/ethnicity/latinas,other/languages/maltese HTTP/1.1" 200 19563 "-" "Mozilla/5.0 AppleWebKit/537.36 (KHTML, like Gecko; compatible; ClaudeBot/1.0; +claudebot@anthropic.com)"
216.73.216.135 - - [04/Apr/2026:01:35:35 -0400] "GET /status/offline/gender/m,f/ethnicity/white,black,other/languages/german HTTP/1.1" 200 19902 "-" "Mozilla/5.0 AppleWebKit/537.36 (KHTML, like Gecko; compatible; ClaudeBot/1.0; +claudebot@anthropic.com)"
216.73.216.135 - - [04/Apr/2026:01:35:35 -0400] "GET /status/offline/gender/m,t/age/18-19,50-59/languages/Faeroese HTTP/1.1" 200 19383 "-" "Mozilla/5.0 AppleWebKit/537.36 (KHTML, like Gecko; compatible; ClaudeBot/1.0; +claudebot@anthropic.com)"
100.24.167.60 - - [04/Apr/2026:01:35:35 -0400] "GET /status/offline,online/gender/f,c/age/30-39,50-59,60-100/ethnicity/black,east-indian,native,white,latinas/languages/hindi HTTP/1.1" 200 23683 "-" "Mozilla/5.0 AppleWebKit/537.36 (KHTML, like Gecko; compatible; Amazonbot/0.1; +https://developer.amazon.com/support/amazonbot) Chrome/119.0.6045.214 Safari/537.36"
216.73.216.135 - - [04/Apr/2026:01:35:35 -0400] "GET /gender/f,m,t/age/18-19,30-39/sites/11 HTTP/1.1" 200 18703 "-" "Mozilla/5.0 AppleWebKit/537.36 (KHTML, like Gecko; compatible; ClaudeBot/1.0; +claudebot@anthropic.com)"
216.73.216.135 - - [04/Apr/2026:01:35:35 -0400] "GET /status/offline/gender/f,c,t/age/20-29,50-59/languages/thai HTTP/1.1" 200 19560 "-" "Mozilla/5.0 AppleWebKit/537.36 (KHTML, like Gecko; compatible; ClaudeBot/1.0; +claudebot@anthropic.com)"
216.73.216.135 - - [04/Apr/2026:01:35:35 -0400] "GET /status/offline/gender/c,t,f/ethnicity/native,white/languages/bulgarian HTTP/1.1" 200 19920 "-" "Mozilla/5.0 AppleWebKit/537.36 (KHTML, like Gecko; compatible; ClaudeBot/1.0; +claudebot@anthropic.com)"
216.73.216.135 - - [04/Apr/2026:01:35:35 -0400] "GET /status/offline/gender/m,t/age/60-100,50-59/languages/Bulgarian?sortOrder=leastViewed HTTP/1.1" 200 19563 "-" "Mozilla/5.0 AppleWebKit/537.36 (KHTML, like Gecko; compatible; ClaudeBot/1.0; +claudebot@anthropic.com)"
74.7.241.1 - - [04/Apr/2026:01:35:35 -0400] "GET /age/18-19/ethnicity/latest-news.php,islander,white,black,asian,other,latinas HTTP/1.1" 200 20630 "https://camjab.com/age/18-19/ethnicity/latest-news.php,islander,east-indian,white,black,asian,other,latinas" "Mozilla/5.0 AppleWebKit/537.36 (KHTML, like Gecko; compatible; GPTBot/1.3; +https://openai.com/gptbot)"
216.73.216.135 - - [04/Apr/2026:01:35:35 -0400] "GET /status/offline/gender/m,f/ethnicity/white,latinas,native/languages/polish HTTP/1.1" 200 20016 "-" "Mozilla/5.0 AppleWebKit/537.36 (KHTML, like Gecko; compatible; ClaudeBot/1.0; +claudebot@anthropic.com)"
74.7.241.25 - - [04/Apr/2026:01:35:35 -0400] "GET /age/20-29/ethnicity/other,white,native,east-indian,black HTTP/1.1" 200 19647 "https://www.camjab.com/age/20-29/ethnicity/other,white,native,latinas,east-indian,black" "Mozilla/5.0 AppleWebKit/537.36 (KHTML, like Gecko; compatible; GPTBot/1.3; +https://openai.com/gptbot)"
216.73.216.135 - - [04/Apr/2026:01:35:35 -0400] "GET /gender/c/age/40-49/ethnicity/native,black,latinas?sortOrder=timeOnline HTTP/1.1" 200 19028 "-" "Mozilla/5.0 AppleWebKit/537.36 (KHTML, like Gecko; compatible; ClaudeBot/1.0; +claudebot@anthropic.com)"
216.73.216.135 - - [04/Apr/2026:01:35:35 -0400] "GET /status/offline,online/age/60-100/ethnicity/latinas,native/languages/lithuanian HTTP/1.1" 200 19965 "-" "Mozilla/5.0 AppleWebKit/537.36 (KHTML, like Gecko; compatible; ClaudeBot/1.0; +claudebot@anthropic.com)"
216.73.216.135 - - [04/Apr/2026:01:35:35 -0400] "GET /gender/m,t,c,f/age/30-39/languages/Polish?sortOrder=oldest HTTP/1.1" 200 18866 "-" "Mozilla/5.0 AppleWebKit/537.36 (KHTML, like Gecko; compatible; ClaudeBot/1.0; +claudebot@anthropic.com)"
217.113.194.17 - - [04/Apr/2026:01:35:35 -0400] "GET /status/online,offline/gender/f,t,c/age/18-19,40-49/ethnicity/native,islander,asian HTTP/1.1" 200 21338 "-" "Mozilla/5.0 (compatible; Barkrowler/0.9; +https://babbar.tech/crawler)"
216.73.216.135 - - [04/Apr/2026:01:35:36 -0400] "GET /status/offline/gender/c,f/ethnicity/white,black/languages/belarusian?sortOrder=oldest HTTP/1.1" 200 19697 "-" "Mozilla/5.0 AppleWebKit/537.36 (KHTML, like Gecko; compatible; ClaudeBot/1.0; +claudebot@anthropic.com)"
216.73.216.135 - - [04/Apr/2026:01:35:36 -0400] "GET /gender/c,m,t/age/30-39,50-59/languages/catalan?sortOrder=leastViewed HTTP/1.1" 200 19046 "-" "Mozilla/5.0 AppleWebKit/537.36 (KHTML, like Gecko; compatible; ClaudeBot/1.0; +claudebot@anthropic.com)"
216.73.216.135 - - [04/Apr/2026:01:35:36 -0400] "GET /gender/m,f/age/20-29,40-49/ethnicity/other/languages/scots?sortOrder=leastViewed HTTP/1.1" 200 19350 "-" "Mozilla/5.0 AppleWebKit/537.36 (KHTML, like Gecko; compatible; ClaudeBot/1.0; +claudebot@anthropic.com)"
216.73.216.135 - - [04/Apr/2026:01:35:36 -0400] "GET /status/offline/gender/m,t,f/age/18-19/languages/Cambodian?sortOrder=name HTTP/1.1" 200 19375 "-" "Mozilla/5.0 AppleWebKit/537.36 (KHTML, like Gecko; compatible; ClaudeBot/1.0; +claudebot@anthropic.com)"
216.73.216.135 - - [04/Apr/2026:01:35:36 -0400] "GET /status/offline/gender/t,c,m/ethnicity/native/languages/Armenian?sortOrder=youngest HTTP/1.1" 200 19506 "-" "Mozilla/5.0 AppleWebKit/537.36 (KHTML, like Gecko; compatible; ClaudeBot/1.0; +claudebot@anthropic.com)"
44.206.65.8 - - [04/Apr/2026:01:35:36 -0400] "GET /status/offline/gender/f,t/age/60-100,30-39,50-59/ethnicity/black,native,white,east-indian/languages/hindi HTTP/1.1" 200 22480 "-" "Mozilla/5.0 AppleWebKit/537.36 (KHTML, like Gecko; compatible; Amazonbot/0.1; +https://developer.amazon.com/support/amazonbot) Chrome/119.0.6045.214 Safari/537.36"
216.73.216.135 - - [04/Apr/2026:01:35:36 -0400] "GET /status/offline/gender/t,m/age/60-100,20-29/languages/icelandic HTTP/1.1" 200 19455 "-" "Mozilla/5.0 AppleWebKit/537.36 (KHTML, like Gecko; compatible; ClaudeBot/1.0; +claudebot@anthropic.com)"
17.22.237.175 - - [04/Apr/2026:01:35:36 -0400] "GET /core/ajax.loadModels.php?controller=router&gender%5B0%5D=m&age%5B0%5D=60-100&ethnicity%5B0%5D=islander&ethnicity%5B1%5D=other&languages%5B0%5D=chinese HTTP/1.1" 200 182 "https://www.camjab.com/gender/m/age/60-100/ethnicity/islander,other/languages/chinese" "Mozilla/5.0 (Macintosh; Intel Mac OS X 10_15_7) AppleWebKit/605.1.15 (KHTML, like Gecko) Version/17.4 Safari/605.1.15 (Applebot/0.1; +http://www.apple.com/go/applebot)"
216.73.216.135 - - [04/Apr/2026:01:35:36 -0400] "GET /gender/f,t,c/ethnicity/black,other/languages/Danish HTTP/1.1" 200 19049 "-" "Mozilla/5.0 AppleWebKit/537.36 (KHTML, like Gecko; compatible; ClaudeBot/1.0; +claudebot@anthropic.com)"
17.241.75.129 - - [04/Apr/2026:01:35:36 -0400] "GET /gender/f,t/age/60-100/ethnicity/native,other/languages/english HTTP/1.1" 200 19410 "-" "Mozilla/5.0 (Macintosh; Intel Mac OS X 10_15_7) AppleWebKit/605.1.15 (KHTML, like Gecko) Version/17.4 Safari/605.1.15 (Applebot/0.1; +http://www.apple.com/go/applebot)"
74.7.241.1 - - [04/Apr/2026:01:35:36 -0400] "GET /age/18-19/ethnicity/latest-news.php,white,islander,latinas,asian,black,other HTTP/1.1" 200 20630 "https://camjab.com/age/18-19/ethnicity/latest-news.php,white,islander,latinas,native,asian,black,other" "Mozilla/5.0 AppleWebKit/537.36 (KHTML, like Gecko; compatible; GPTBot/1.3; +https://openai.com/gptbot)"
216.73.216.135 - - [04/Apr/2026:01:35:36 -0400] "GET /gender/t,f/ethnicity/other,latinas/languages/belarusian?sortOrder=leastViewed HTTP/1.1" 200 19067 "-" "Mozilla/5.0 AppleWebKit/537.36 (KHTML, like Gecko; compatible; ClaudeBot/1.0; +claudebot@anthropic.com)"
216.73.216.135 - - [04/Apr/2026:01:35:36 -0400] "GET /status/offline,online/age/20-29/ethnicity/asian/languages/Romanian?sortOrder=timeOnline HTTP/1.1" 200 19388 "-" "Mozilla/5.0 AppleWebKit/537.36 (KHTML, like Gecko; compatible; ClaudeBot/1.0; +claudebot@anthropic.com)"
74.7.241.25 - - [04/Apr/2026:01:35:36 -0400] "GET /age/20-29/ethnicity/asian,native,east-indian,white,black HTTP/1.1" 200 19647 "https://www.camjab.com/age/20-29,30-39/ethnicity/asian,native,east-indian,white,black" "Mozilla/5.0 AppleWebKit/537.36 (KHTML, like Gecko; compatible; GPTBot/1.3; +https://openai.com/gptbot)"
216.73.216.135 - - [04/Apr/2026:01:35:36 -0400] "GET /gender/c,m,t/ethnicity/other,black/languages/hebrew HTTP/1.1" 200 19039 "-" "Mozilla/5.0 AppleWebKit/537.36 (KHTML, like Gecko; compatible; ClaudeBot/1.0; +claudebot@anthropic.com)"
216.73.216.135 - - [04/Apr/2026:01:35:36 -0400] "GET /gender/t,c/ethnicity/latinas,black/languages/korean HTTP/1.1" 200 18823 "-" "Mozilla/5.0 AppleWebKit/537.36 (KHTML, like Gecko; compatible; ClaudeBot/1.0; +claudebot@anthropic.com)"
216.73.216.135 - - [04/Apr/2026:01:35:37 -0400] "GET /status/online/gender/f,c/ethnicity/latinas/languages/german?sortOrder=timeOnline HTTP/1.1" 200 19149 "-" "Mozilla/5.0 AppleWebKit/537.36 (KHTML, like Gecko; compatible; ClaudeBot/1.0; +claudebot@anthropic.com)"
216.73.216.135 - - [04/Apr/2026:01:35:37 -0400] "GET /gender/f,m,t/age/40-49/ethnicity/latinas/languages/german HTTP/1.1" 200 19216 "-" "Mozilla/5.0 AppleWebKit/537.36 (KHTML, like Gecko; compatible; ClaudeBot/1.0; +claudebot@anthropic.com)"
216.73.216.135 - - [04/Apr/2026:01:35:37 -0400] "GET /gender/m,t/age/18-19/ethnicity/islander/languages/Azerbaijani?sortOrder=leastViewed HTTP/1.1" 200 19226 "-" "Mozilla/5.0 AppleWebKit/537.36 (KHTML, like Gecko; compatible; ClaudeBot/1.0; +claudebot@anthropic.com)"
216.73.216.135 - - [04/Apr/2026:01:35:37 -0400] "GET /status/offline/gender/c,t/age/18-19/ethnicity/islander,native/languages/spanish HTTP/1.1" 200 20222 "-" "Mozilla/5.0 AppleWebKit/537.36 (KHTML, like Gecko; compatible; ClaudeBot/1.0; +claudebot@anthropic.com)"
216.73.216.135 - - [04/Apr/2026:01:35:37 -0400] "GET /gender/c,f/ethnicity/native,islander,other/languages/Kurdish?sortOrder=name HTTP/1.1" 200 19453 "-" "Mozilla/5.0 AppleWebKit/537.36 (KHTML, like Gecko; compatible; ClaudeBot/1.0; +claudebot@anthropic.com)"
216.73.216.135 - - [04/Apr/2026:01:35:37 -0400] "GET /gender/f,m/ethnicity/white,islander,black/languages/turkish?sortOrder=leastViewed HTTP/1.1" 200 19427 "-" "Mozilla/5.0 AppleWebKit/537.36 (KHTML, like Gecko; compatible; ClaudeBot/1.0; +claudebot@anthropic.com)"
216.73.216.135 - - [04/Apr/2026:01:35:37 -0400] "GET /gender/f,m/age/20-29/ethnicity/other/languages/czech?sortOrder=timeOnline HTTP/1.1" 200 18916 "-" "Mozilla/5.0 AppleWebKit/537.36 (KHTML, like Gecko; compatible; ClaudeBot/1.0; +claudebot@anthropic.com)"
216.73.216.135 - - [04/Apr/2026:01:35:37 -0400] "GET /status/offline/gender/f,c/ethnicity/black,white,islander/languages/polish HTTP/1.1" 200 20026 "-" "Mozilla/5.0 AppleWebKit/537.36 (KHTML, like Gecko; compatible; ClaudeBot/1.0; +claudebot@anthropic.com)"
74.7.241.1 - - [04/Apr/2026:01:35:37 -0400] "GET /age/18-19/ethnicity/latest-news.php,latinas,native,black,islander,other,asian HTTP/1.1" 200 20670 "https://camjab.com/age/18-19/ethnicity/latest-news.php,latinas,white,native,black,islander,other,asian" "Mozilla/5.0 AppleWebKit/537.36 (KHTML, like Gecko; compatible; GPTBot/1.3; +https://openai.com/gptbot)"
216.73.216.135 - - [04/Apr/2026:01:35:37 -0400] "GET /status/offline,online/age/18-19/ethnicity/white,islander/languages/hungarian?sortOrder=leastViewed HTTP/1.1" 200 20001 "-" "Mozilla/5.0 AppleWebKit/537.36 (KHTML, like Gecko; compatible; ClaudeBot/1.0; +claudebot@anthropic.com)"
216.73.216.135 - - [04/Apr/2026:01:35:37 -0400] "GET /status/offline/gender/t,c,m/ethnicity/islander,white,native/languages/Scots HTTP/1.1" 200 20339 "-" "Mozilla/5.0 AppleWebKit/537.36 (KHTML, like Gecko; compatible; ClaudeBot/1.0; +claudebot@anthropic.com)"
74.7.241.25 - - [04/Apr/2026:01:35:37 -0400] "GET /age/20-29,30-39/ethnicity/other,white,east-indian,black,native HTTP/1.1" 200 20098 "https://www.camjab.com/age/20-29/ethnicity/other,white,east-indian,black,native" "Mozilla/5.0 AppleWebKit/537.36 (KHTML, like Gecko; compatible; GPTBot/1.3; +https://openai.com/gptbot)"
216.73.216.135 - - [04/Apr/2026:01:35:37 -0400] "GET /status/offline/gender/f,c/age/50-59/ethnicity/native,white/languages/kurdish HTTP/1.1" 200 20113 "-" "Mozilla/5.0 AppleWebKit/537.36 (KHTML, like Gecko; compatible; ClaudeBot/1.0; +claudebot@anthropic.com)"
216.73.216.135 - - [04/Apr/2026:01:35:38 -0400] "GET /gender/c,f/age/50-59/ethnicity/native,black/languages/belarusian HTTP/1.1" 200 19483 "-" "Mozilla/5.0 AppleWebKit/537.36 (KHTML, like Gecko; compatible; ClaudeBot/1.0; +claudebot@anthropic.com)"
17.241.227.193 - - [04/Apr/2026:01:35:38 -0400] "GET /gender/t,m,f/age/50-59/languages/serbian?sortOrder=timeOnline HTTP/1.1" 200 18624 "-" "Mozilla/5.0 (Macintosh; Intel Mac OS X 10_15_7) AppleWebKit/605.1.15 (KHTML, like Gecko) Version/17.4 Safari/605.1.15 (Applebot/0.1; +http://www.apple.com/go/applebot)"
216.73.216.135 - - [04/Apr/2026:01:35:38 -0400] "GET /status/online/gender/t,f,m/age/30-39/languages/Afrikaans HTTP/1.1" 200 19251 "-" "Mozilla/5.0 AppleWebKit/537.36 (KHTML, like Gecko; compatible; ClaudeBot/1.0; +claudebot@anthropic.com)"
107.23.62.75 - - [04/Apr/2026:01:35:38 -0400] "GET /status/offline,online/gender/m,f,t/age/40-49/ethnicity/islander,east-indian,white,latinas,asian,native/languages/hindi HTTP/1.1" 200 23605 "-" "Mozilla/5.0 AppleWebKit/537.36 (KHTML, like Gecko; compatible; Amazonbot/0.1; +https://developer.amazon.com/support/amazonbot) Chrome/119.0.6045.214 Safari/537.36"
3.216.13.10 - - [04/Apr/2026:01:35:38 -0400] "GET /status/offline/gender/f,t,c,m/age/50-59/ethnicity/native,east-indian,white,islander,black/languages/english HTTP/1.1" 200 22629 "-" "Mozilla/5.0 AppleWebKit/537.36 (KHTML, like Gecko; compatible; Amazonbot/0.1; +https://developer.amazon.com/support/amazonbot) Chrome/119.0.6045.214 Safari/537.36"
216.73.216.135 - - [04/Apr/2026:01:35:38 -0400] "GET /status/online/gender/c,f/ethnicity/latinas,islander/languages/catalan HTTP/1.1" 200 19647 "-" "Mozilla/5.0 AppleWebKit/537.36 (KHTML, like Gecko; compatible; ClaudeBot/1.0; +claudebot@anthropic.com)"
216.73.216.135 - - [04/Apr/2026:01:35:38 -0400] "GET /gender/t,f,m/ethnicity/other/languages/fiji?sortOrder=timeOnline HTTP/1.1" 200 18633 "-" "Mozilla/5.0 AppleWebKit/537.36 (KHTML, like Gecko; compatible; ClaudeBot/1.0; +claudebot@anthropic.com)"
216.73.216.135 - - [04/Apr/2026:01:35:38 -0400] "GET /gender/f,t/age/30-39,40-49/languages/indonesian?sortOrder=oldest HTTP/1.1" 200 18850 "-" "Mozilla/5.0 AppleWebKit/537.36 (KHTML, like Gecko; compatible; ClaudeBot/1.0; +claudebot@anthropic.com)"
216.73.216.135 - - [04/Apr/2026:01:35:38 -0400] "GET /gender/t,m/age/60-100/ethnicity/native,white/languages/Danish?sortOrder=leastViewed HTTP/1.1" 200 19473 "-" "Mozilla/5.0 AppleWebKit/537.36 (KHTML, like Gecko; compatible; ClaudeBot/1.0; +claudebot@anthropic.com)"
216.73.216.135 - - [04/Apr/2026:01:35:38 -0400] "GET /status/offline,online/age/18-19/ethnicity/black/languages/Catalan?sortOrder=youngest HTTP/1.1" 200 19348 "-" "Mozilla/5.0 AppleWebKit/537.36 (KHTML, like Gecko; compatible; ClaudeBot/1.0; +claudebot@anthropic.com)"
216.73.216.135 - - [04/Apr/2026:01:35:38 -0400] "GET /status/offline/gender/c,t/ethnicity/black,native,islander/languages/Lithuanian HTTP/1.1" 200 20203 "-" "Mozilla/5.0 AppleWebKit/537.36 (KHTML, like Gecko; compatible; ClaudeBot/1.0; +claudebot@anthropic.com)"
216.73.216.135 - - [04/Apr/2026:01:35:38 -0400] "GET /gender/m,t/age/60-100/ethnicity/native/sites/11?sortOrder=youngest HTTP/1.1" 200 18819 "-" "Mozilla/5.0 AppleWebKit/537.36 (KHTML, like Gecko; compatible; ClaudeBot/1.0; +claudebot@anthropic.com)"
74.7.241.1 - - [04/Apr/2026:01:35:38 -0400] "GET /age/50-59/ethnicity/latest-news.php,latinas,native,islander,other,black,white HTTP/1.1" 200 20670 "https://camjab.com/age/50-59/ethnicity/latest-news.php,latinas,native,islander,other,black,white,east-indian" "Mozilla/5.0 AppleWebKit/537.36 (KHTML, like Gecko; compatible; GPTBot/1.3; +https://openai.com/gptbot)"
216.73.216.135 - - [04/Apr/2026:01:35:38 -0400] "GET /status/online/gender/t,f,m/age/30-39/languages/Kazakh HTTP/1.1" 200 19146 "-" "Mozilla/5.0 AppleWebKit/537.36 (KHTML, like Gecko; compatible; ClaudeBot/1.0; +claudebot@anthropic.com)"
216.73.216.135 - - [04/Apr/2026:01:35:38 -0400] "GET /status/offline/gender/c,m/ethnicity/other,asian/languages/hindi?sortOrder=leastViewed HTTP/1.1" 200 19527 "-" "Mozilla/5.0 AppleWebKit/537.36 (KHTML, like Gecko; compatible; ClaudeBot/1.0; +claudebot@anthropic.com)"
74.7.241.25 - - [04/Apr/2026:01:35:38 -0400] "GET /age/20-29,40-49/ethnicity/other,white,east-indian,black,native HTTP/1.1" 200 20098 "https://www.camjab.com/age/20-29/ethnicity/other,white,east-indian,black,native" "Mozilla/5.0 AppleWebKit/537.36 (KHTML, like Gecko; compatible; GPTBot/1.3; +https://openai.com/gptbot)"
216.73.216.135 - - [04/Apr/2026:01:35:39 -0400] "GET /gender/c,f,t/age/30-39,40-49/languages/estonian?sortOrder=leastViewed HTTP/1.1" 200 19091 "-" "Mozilla/5.0 AppleWebKit/537.36 (KHTML, like Gecko; compatible; ClaudeBot/1.0; +claudebot@anthropic.com)"
217.113.194.15 - - [04/Apr/2026:01:35:39 -0400] "GET /status/offline,online/gender/f,m/age/20-29/ethnicity/native,latino,black HTTP/1.1" 200 20610 "-" "Mozilla/5.0 (compatible; Barkrowler/0.9; +https://babbar.tech/crawler)"
216.73.216.135 - - [04/Apr/2026:01:35:39 -0400] "GET /gender/f,c/age/60-100,50-59/ethnicity/islander/languages/Scots?sortOrder=leastViewed HTTP/1.1" 200 19508 "-" "Mozilla/5.0 AppleWebKit/537.36 (KHTML, like Gecko; compatible; ClaudeBot/1.0; +claudebot@anthropic.com)"
216.73.216.135 - - [04/Apr/2026:01:35:39 -0400] "GET /gender/c,t,m/age/18-19/ethnicity/white/languages/german?sortOrder=leastViewed HTTP/1.1" 200 19250 "-" "Mozilla/5.0 AppleWebKit/537.36 (KHTML, like Gecko; compatible; ClaudeBot/1.0; +claudebot@anthropic.com)"
52.7.13.143 - - [04/Apr/2026:01:35:39 -0400] "GET /status/offline,online/gender/c,m,f,t/age/20-29/ethnicity/islander,white,other/languages/greek HTTP/1.1" 200 22018 "-" "Mozilla/5.0 AppleWebKit/537.36 (KHTML, like Gecko; compatible; Amazonbot/0.1; +https://developer.amazon.com/support/amazonbot) Chrome/119.0.6045.214 Safari/537.36"
216.73.216.135 - - [04/Apr/2026:01:35:39 -0400] "GET /gender/f,c,m/age/40-49,50-59/sites/11?sortOrder=leastViewed HTTP/1.1" 200 18816 "-" "Mozilla/5.0 AppleWebKit/537.36 (KHTML, like Gecko; compatible; ClaudeBot/1.0; +claudebot@anthropic.com)"
216.73.216.135 - - [04/Apr/2026:01:35:39 -0400] "GET /gender/m,t/ethnicity/islander,native/languages/Azerbaijani?sortOrder=youngest HTTP/1.1" 200 19154 "-" "Mozilla/5.0 AppleWebKit/537.36 (KHTML, like Gecko; compatible; ClaudeBot/1.0; +claudebot@anthropic.com)"
216.73.216.135 - - [04/Apr/2026:01:35:39 -0400] "GET /status/offline/gender/t,c,m/ethnicity/native,white/languages/Cambodian HTTP/1.1" 200 19910 "-" "Mozilla/5.0 AppleWebKit/537.36 (KHTML, like Gecko; compatible; ClaudeBot/1.0; +claudebot@anthropic.com)"
17.241.75.183 - - [04/Apr/2026:01:35:39 -0400] "GET /gender/f,m/age/50-59/ethnicity/native/languages/dutch HTTP/1.1" 200 18847 "-" "Mozilla/5.0 (Macintosh; Intel Mac OS X 10_15_7) AppleWebKit/605.1.15 (KHTML, like Gecko) Version/17.4 Safari/605.1.15 (Applebot/0.1; +http://www.apple.com/go/applebot)"
