95.217.114.145 - - [04/Apr/2026:13:41:30 -0400] "GET /robots.txt HTTP/1.1" 200 29 "-" "Mozilla/5.0 (compatible; SERankingBacklinksBot/1.0; +https://seranking.com/backlinks-crawler)"
95.217.114.145 - - [04/Apr/2026:13:41:30 -0400] "GET /robots.txt HTTP/1.1" 200 29 "-" "Mozilla/5.0 (compatible; SERankingBacklinksBot/1.0; +https://seranking.com/backlinks-crawler)"
95.217.114.145 - - [04/Apr/2026:13:41:30 -0400] "GET /index.php/boy-porn/vodka-casino-%D0%B7%D0%B0%D0%BF%D1%83%D1%81%D0%BA%D0%B0%D0%B5%D1%82-%D1%83%D0%BD%D0%B8%D0%BA%D0%B0%D0%BB%D1%8C%D0%BD%D0%BE%D0%B5-%D0%BE%D0%BD%D0%BB%D0%B0%D0%B9%D0%BD-%D0%BA%D0%B0%D0%B7%D0%B8%D0%BD.html HTTP/1.1" 404 9020 "-" "Mozilla/5.0 (compatible; SERankingBacklinksBot/1.0; +https://seranking.com/backlinks-crawler)"
145.239.194.219 - - [04/Apr/2026:13:41:41 -0400] "GET /wp-login.php HTTP/1.1" 200 2973 "-" "Mozilla/5.0 (Windows NT 6.1; Trident/7.0; SLCC2; .NET CLR 2.0.50727; .NET CLR 3.5.30729; .NET CLR 3.0.30729; Media Center PC 6.0; InfoPath.2; .NET4.0C; rv:11.0) like Gecko"
145.239.194.219 - - [04/Apr/2026:13:41:42 -0400] "POST /wp-login.php HTTP/1.1" 200 3998 "http://www.sexboytube.com/wp-login.php" "Mozilla/5.0 (Windows NT 6.1; Trident/7.0; SLCC2; .NET CLR 2.0.50727; .NET CLR 3.5.30729; .NET CLR 3.0.30729; Media Center PC 6.0; InfoPath.2; .NET4.0C; rv:11.0) like Gecko"
74.206.190.82 - - [04/Apr/2026:13:45:31 -0400] "GET / HTTP/1.1" 200 23677 "-" "curl/7.29.0"
69.167.171.193 - - [04/Apr/2026:13:45:33 -0400] "GET /wp-login.php HTTP/1.1" 200 2973 "-" "Mozilla/5.0 (Windows NT 6.3; WOW64) AppleWebKit/537.36 (KHTML, like Gecko) Chrome/66.0.3359.139 Safari/537.36"
69.167.171.193 - - [04/Apr/2026:13:45:34 -0400] "POST /wp-login.php HTTP/1.1" 200 3994 "http://www.sexboytube.com/wp-login.php" "Mozilla/5.0 (Windows NT 6.3; WOW64) AppleWebKit/537.36 (KHTML, like Gecko) Chrome/66.0.3359.139 Safari/537.36"
200.137.65.73 - - [04/Apr/2026:13:46:51 -0400] "GET /wp-login.php HTTP/1.1" 200 2973 "-" "Mozilla/5.0 (Windows NT 6.3; Win64; x64; Trident/7.0; Touch; LCJB; rv:11.0) like Gecko"
200.137.65.73 - - [04/Apr/2026:13:46:52 -0400] "POST /wp-login.php HTTP/1.1" 200 3984 "http://www.sexboytube.com/wp-login.php" "Mozilla/5.0 (Windows NT 6.3; Win64; x64; Trident/7.0; Touch; LCJB; rv:11.0) like Gecko"
117.33.163.216 - - [04/Apr/2026:13:48:44 -0400] "GET / HTTP/1.1" 200 23677 "-" "Mozilla/5.0 (iPhone; CPU iPhone OS 13_2_3 like Mac OS X) AppleWebKit/605.1.15 (KHTML, like Gecko) Version/13.0.3 Mobile/15E148 Safari/604.1"
74.206.190.82 - - [04/Apr/2026:13:50:28 -0400] "GET / HTTP/1.1" 200 23677 "-" "curl/7.29.0"
74.206.190.82 - - [04/Apr/2026:13:52:37 -0400] "POST /wp-cron.php?doing_wp_cron=1775325157.6237580776214599609375 HTTP/1.1" 200 - "http://www.sexboytube.com/wp-cron.php?doing_wp_cron=1775325157.6237580776214599609375" "WordPress/5.1.8; http://www.sexboytube.com"
160.238.242.2 - - [04/Apr/2026:13:52:37 -0400] "GET /wp-login.php HTTP/1.1" 200 2973 "-" "Mozilla/5.0 (Windows NT 6.1) AppleWebKit/537.36 (KHTML, like Gecko) Chrome/67.0.3396.79 Safari/537.36"
160.238.242.2 - - [04/Apr/2026:13:52:38 -0400] "POST /wp-login.php HTTP/1.1" 200 3998 "http://www.sexboytube.com/wp-login.php" "Mozilla/5.0 (Windows NT 6.1) AppleWebKit/537.36 (KHTML, like Gecko) Chrome/67.0.3396.79 Safari/537.36"
209.141.49.119 - - [04/Apr/2026:13:54:44 -0400] "GET /wp-login.php HTTP/1.1" 200 2973 "-" "Mozilla/5.0 (Windows NT 10.0; Win64; x64) AppleWebKit/537.36 (KHTML, like Gecko) Chrome/134.0.0.0 Safari/537.36"
209.141.49.119 - - [04/Apr/2026:13:54:44 -0400] "POST /wp-login.php HTTP/1.1" 200 3994 "http://www.sexboytube.com/wp-admin/" "Mozilla/5.0 (Windows NT 10.0; Win64; x64) AppleWebKit/537.36 (KHTML, like Gecko) Chrome/134.0.0.0 Safari/537.36"
74.206.190.82 - - [04/Apr/2026:13:55:30 -0400] "GET / HTTP/1.1" 200 23677 "-" "curl/7.29.0"
200.137.65.73 - - [04/Apr/2026:13:57:05 -0400] "GET /wp-login.php HTTP/1.1" 200 2973 "-" "Mozilla/5.0 (Macintosh; Intel Mac OS X 10_11_6) AppleWebKit/537.36 (KHTML, like Gecko) Chrome/66.0.3359.117 Safari/537.36"
200.137.65.73 - - [04/Apr/2026:13:57:06 -0400] "POST /wp-login.php HTTP/1.1" 200 3994 "http://www.sexboytube.com/wp-login.php" "Mozilla/5.0 (Macintosh; Intel Mac OS X 10_11_6) AppleWebKit/537.36 (KHTML, like Gecko) Chrome/66.0.3359.117 Safari/537.36"
162.214.173.88 - - [04/Apr/2026:13:58:16 -0400] "GET /wp-login.php HTTP/1.1" 200 2973 "-" "Mozilla/4.0 (compatible; MSIE 7.0; Windows NT 6.1; WOW64; Trident/7.0; SLCC2; .NET CLR 2.0.50727; .NET CLR 3.5.30729; .NET CLR 3.0.30729; Media Center PC 6.0; .NET4.0C; .NET4.0E; MS-RTC LM 8)"
162.214.173.88 - - [04/Apr/2026:13:58:17 -0400] "POST /wp-login.php HTTP/1.1" 200 3984 "http://www.sexboytube.com/wp-login.php" "Mozilla/4.0 (compatible; MSIE 7.0; Windows NT 6.1; WOW64; Trident/7.0; SLCC2; .NET CLR 2.0.50727; .NET CLR 3.5.30729; .NET CLR 3.0.30729; Media Center PC 6.0; .NET4.0C; .NET4.0E; MS-RTC LM 8)"
209.141.43.172 - - [04/Apr/2026:14:00:49 -0400] "GET /wp-login.php HTTP/1.1" 200 2973 "-" "Mozilla/5.0 (Windows NT 10.0; Win64; x64) AppleWebKit/537.36 (KHTML, like Gecko) Chrome/134.0.0.0 Safari/537.36"
209.141.43.172 - - [04/Apr/2026:14:00:50 -0400] "POST /wp-login.php HTTP/1.1" 200 3994 "http://www.sexboytube.com/wp-admin/" "Mozilla/5.0 (Windows NT 10.0; Win64; x64) AppleWebKit/537.36 (KHTML, like Gecko) Chrome/134.0.0.0 Safari/537.36"
74.206.190.82 - - [04/Apr/2026:14:00:53 -0400] "GET / HTTP/1.1" 200 23677 "-" "curl/7.29.0"
54.39.17.116 - - [04/Apr/2026:14:03:40 -0400] "GET /wp-login.php HTTP/1.1" 200 2973 "-" "Mozilla/5.0 (Macintosh; Intel Mac OS X 10_12_6) AppleWebKit/537.36 (KHTML, like Gecko) Chrome/66.0.3359.181 Safari/537.36"
54.39.17.116 - - [04/Apr/2026:14:03:41 -0400] "POST /wp-login.php HTTP/1.1" 200 3998 "http://www.sexboytube.com/wp-login.php" "Mozilla/5.0 (Macintosh; Intel Mac OS X 10_12_6) AppleWebKit/537.36 (KHTML, like Gecko) Chrome/66.0.3359.181 Safari/537.36"
209.141.43.172 - - [04/Apr/2026:14:04:10 -0400] "GET /wp-login.php HTTP/1.1" 200 2973 "-" "Mozilla/5.0 (Windows NT 10.0; Win64; x64) AppleWebKit/537.36 (KHTML, like Gecko) Chrome/134.0.0.0 Safari/537.36"
209.141.43.172 - - [04/Apr/2026:14:04:11 -0400] "POST /wp-login.php HTTP/1.1" 200 3990 "http://www.sexboytube.com/wp-admin/" "Mozilla/5.0 (Windows NT 10.0; Win64; x64) AppleWebKit/537.36 (KHTML, like Gecko) Chrome/134.0.0.0 Safari/537.36"
209.141.49.119 - - [04/Apr/2026:14:04:59 -0400] "GET /wp-login.php HTTP/1.1" 200 2973 "-" "Mozilla/5.0 (Windows NT 10.0; Win64; x64) AppleWebKit/537.36 (KHTML, like Gecko) Chrome/134.0.0.0 Safari/537.36"
209.141.49.119 - - [04/Apr/2026:14:04:59 -0400] "POST /wp-login.php HTTP/1.1" 200 3984 "http://www.sexboytube.com/wp-admin/" "Mozilla/5.0 (Windows NT 10.0; Win64; x64) AppleWebKit/537.36 (KHTML, like Gecko) Chrome/134.0.0.0 Safari/537.36"
74.206.190.82 - - [04/Apr/2026:14:05:28 -0400] "GET / HTTP/1.1" 200 23677 "-" "curl/7.29.0"
40.77.167.52 - - [04/Apr/2026:14:07:40 -0400] "GET /index.php/boy-porn/the-tried-and-true-method-for-top-10-casino-en-ligne-francais-in-step-by-step-detail.html HTTP/1.1" 200 29221 "-" "Mozilla/5.0 AppleWebKit/537.36 (KHTML, like Gecko; compatible; bingbot/2.0; +http://www.bing.com/bingbot.htm) Chrome/116.0.1938.76 Safari/537.36"
60.199.230.59 - - [04/Apr/2026:14:08:43 -0400] "GET /wp-login.php HTTP/1.1" 200 2973 "-" "Mozilla/5.0 (Macintosh; Intel Mac OS X 10_13_5) AppleWebKit/537.36 (KHTML, like Gecko) Chrome/67.0.3396.87 Safari/537.36"
60.199.230.59 - - [04/Apr/2026:14:08:47 -0400] "POST /wp-login.php HTTP/1.1" 200 3994 "http://www.sexboytube.com/wp-login.php" "Mozilla/5.0 (Macintosh; Intel Mac OS X 10_13_5) AppleWebKit/537.36 (KHTML, like Gecko) Chrome/67.0.3396.87 Safari/537.36"
209.141.49.119 - - [04/Apr/2026:14:09:04 -0400] "GET /wp-login.php HTTP/1.1" 200 2973 "-" "Mozilla/5.0 (Windows NT 10.0; Win64; x64) AppleWebKit/537.36 (KHTML, like Gecko) Chrome/134.0.0.0 Safari/537.36"
209.141.49.119 - - [04/Apr/2026:14:09:04 -0400] "POST /wp-login.php HTTP/1.1" 200 3990 "http://www.sexboytube.com/wp-admin/" "Mozilla/5.0 (Windows NT 10.0; Win64; x64) AppleWebKit/537.36 (KHTML, like Gecko) Chrome/134.0.0.0 Safari/537.36"
139.59.3.17 - - [04/Apr/2026:14:09:37 -0400] "GET /wp-login.php HTTP/1.1" 200 2973 "-" "Mozilla/4.0 (compatible; MSIE 7.0; Windows NT 6.1; Trident/7.0; SLCC2; .NET CLR 2.0.50727; .NET CLR 3.5.30729; .NET CLR 3.0.30729; Media Center PC 6.0; .NET4.0C; .NET4.0E; Tablet PC 2.0; .NET CLR 1.1.4322; Alexa Toolbar)"
139.59.3.17 - - [04/Apr/2026:14:09:38 -0400] "POST /wp-login.php HTTP/1.1" 200 3984 "http://www.sexboytube.com/wp-login.php" "Mozilla/4.0 (compatible; MSIE 7.0; Windows NT 6.1; Trident/7.0; SLCC2; .NET CLR 2.0.50727; .NET CLR 3.5.30729; .NET CLR 3.0.30729; Media Center PC 6.0; .NET4.0C; .NET4.0E; Tablet PC 2.0; .NET CLR 1.1.4322; Alexa Toolbar)"
74.206.190.82 - - [04/Apr/2026:14:10:28 -0400] "GET / HTTP/1.1" 200 23677 "-" "curl/7.29.0"
209.141.49.119 - - [04/Apr/2026:14:10:55 -0400] "GET /wp-login.php HTTP/1.1" 200 2973 "-" "Mozilla/5.0 (Windows NT 10.0; Win64; x64) AppleWebKit/537.36 (KHTML, like Gecko) Chrome/134.0.0.0 Safari/537.36"
209.141.49.119 - - [04/Apr/2026:14:10:55 -0400] "POST /wp-login.php HTTP/1.1" 200 3998 "http://www.sexboytube.com/wp-admin/" "Mozilla/5.0 (Windows NT 10.0; Win64; x64) AppleWebKit/537.36 (KHTML, like Gecko) Chrome/134.0.0.0 Safari/537.36"
107.189.7.189 - - [04/Apr/2026:14:11:01 -0400] "GET /wp-login.php HTTP/1.1" 200 2973 "-" "Mozilla/5.0 (Windows NT 10.0; Win64; x64) AppleWebKit/537.36 (KHTML, like Gecko) Chrome/134.0.0.0 Safari/537.36"
107.189.7.189 - - [04/Apr/2026:14:11:01 -0400] "POST /wp-login.php HTTP/1.1" 200 3984 "http://www.sexboytube.com/wp-admin/" "Mozilla/5.0 (Windows NT 10.0; Win64; x64) AppleWebKit/537.36 (KHTML, like Gecko) Chrome/134.0.0.0 Safari/537.36"
88.198.64.173 - - [04/Apr/2026:14:14:25 -0400] "GET /wp-login.php HTTP/1.1" 200 2973 "-" "Mozilla/5.0 (Windows NT 6.0; Win64; x64) AppleWebKit/537.36 (KHTML, like Gecko) Chrome/58.0.3029.110 Safari/537.36 Edge/16.16299"
88.198.64.173 - - [04/Apr/2026:14:14:26 -0400] "POST /wp-login.php HTTP/1.1" 200 3998 "http://www.sexboytube.com/wp-login.php" "Mozilla/5.0 (Windows NT 6.0; Win64; x64) AppleWebKit/537.36 (KHTML, like Gecko) Chrome/58.0.3029.110 Safari/537.36 Edge/16.16299"
209.141.43.172 - - [04/Apr/2026:14:14:33 -0400] "GET /wp-login.php HTTP/1.1" 200 2973 "-" "Mozilla/5.0 (Windows NT 10.0; Win64; x64) AppleWebKit/537.36 (KHTML, like Gecko) Chrome/134.0.0.0 Safari/537.36"
209.141.43.172 - - [04/Apr/2026:14:14:33 -0400] "POST /wp-login.php HTTP/1.1" 200 3994 "http://www.sexboytube.com/wp-admin/" "Mozilla/5.0 (Windows NT 10.0; Win64; x64) AppleWebKit/537.36 (KHTML, like Gecko) Chrome/134.0.0.0 Safari/537.36"
74.206.190.82 - - [04/Apr/2026:14:15:28 -0400] "GET / HTTP/1.1" 200 23677 "-" "curl/7.29.0"
209.141.43.172 - - [04/Apr/2026:14:19:28 -0400] "GET /wp-login.php HTTP/1.1" 200 2973 "-" "Mozilla/5.0 (Windows NT 10.0; Win64; x64) AppleWebKit/537.36 (KHTML, like Gecko) Chrome/134.0.0.0 Safari/537.36"
209.141.43.172 - - [04/Apr/2026:14:19:30 -0400] "POST /wp-login.php HTTP/1.1" 200 3984 "http://www.sexboytube.com/wp-admin/" "Mozilla/5.0 (Windows NT 10.0; Win64; x64) AppleWebKit/537.36 (KHTML, like Gecko) Chrome/134.0.0.0 Safari/537.36"
45.61.184.165 - - [04/Apr/2026:14:20:00 -0400] "GET /wp-login.php HTTP/1.1" 200 2973 "-" "Mozilla/5.0 (Windows NT 10.0; Win64; x64) AppleWebKit/537.36 (KHTML, like Gecko) Chrome/134.0.0.0 Safari/537.36"
45.61.184.165 - - [04/Apr/2026:14:20:00 -0400] "POST /wp-login.php HTTP/1.1" 200 3998 "http://www.sexboytube.com/wp-admin/" "Mozilla/5.0 (Windows NT 10.0; Win64; x64) AppleWebKit/537.36 (KHTML, like Gecko) Chrome/134.0.0.0 Safari/537.36"
208.115.200.114 - - [04/Apr/2026:14:20:09 -0400] "GET /wp-login.php HTTP/1.1" 200 2973 "-" "Mozilla/5.0 (compatible; MSIE 9.0; Windows NT 10.0; WOW64; Trident/7.0)"
208.115.200.114 - - [04/Apr/2026:14:20:11 -0400] "POST /wp-login.php HTTP/1.1" 200 3994 "http://www.sexboytube.com/wp-login.php" "Mozilla/5.0 (compatible; MSIE 9.0; Windows NT 10.0; WOW64; Trident/7.0)"
74.206.190.82 - - [04/Apr/2026:14:20:53 -0400] "GET / HTTP/1.1" 200 23677 "-" "curl/7.29.0"
209.74.65.46 - - [04/Apr/2026:14:21:12 -0400] "GET /wp-login.php HTTP/1.1" 200 2973 "-" "Mozilla/4.0 (compatible; MSIE 7.0; Windows NT 6.1; WOW64; Trident/7.0; SLCC2; .NET CLR 2.0.50727; .NET4.0C; .NET4.0E)"
209.74.65.46 - - [04/Apr/2026:14:21:12 -0400] "POST /wp-login.php HTTP/1.1" 200 3984 "http://www.sexboytube.com/wp-login.php" "Mozilla/4.0 (compatible; MSIE 7.0; Windows NT 6.1; WOW64; Trident/7.0; SLCC2; .NET CLR 2.0.50727; .NET4.0C; .NET4.0E)"
74.206.190.82 - - [04/Apr/2026:14:25:35 -0400] "GET / HTTP/1.1" 200 23677 "-" "curl/7.29.0"
52.9.100.119 - - [04/Apr/2026:14:25:40 -0400] "GET /wp-login.php HTTP/1.1" 200 2973 "-" "Mozilla/5.0 (Windows NT 10.0; Win64; x64; rv:62.0) Gecko/20100101 Firefox/62.0"
52.9.100.119 - - [04/Apr/2026:14:25:40 -0400] "POST /wp-login.php HTTP/1.1" 200 3998 "http://www.sexboytube.com/wp-login.php" "Mozilla/5.0 (Windows NT 10.0; Win64; x64; rv:62.0) Gecko/20100101 Firefox/62.0"
114.119.153.122 - - [04/Apr/2026:14:26:48 -0400] "GET /index.php/boy-porn/latin-boy-sex-tube.html HTTP/1.1" 200 24503 "http://www.sexboytube.com/index.php/category/boy-porn/page/6" "Mozilla/5.0 (Linux; Android 7.0;) AppleWebKit/537.36 (KHTML, like Gecko) Mobile Safari/537.36 (compatible; PetalBot;+https://webmaster.petalsearch.com/site/petalbot)"
209.141.33.127 - - [04/Apr/2026:14:27:38 -0400] "GET /wp-login.php HTTP/1.1" 200 2973 "-" "Mozilla/5.0 (Windows NT 10.0; Win64; x64) AppleWebKit/537.36 (KHTML, like Gecko) Chrome/134.0.0.0 Safari/537.36"
209.141.33.127 - - [04/Apr/2026:14:27:38 -0400] "POST /wp-login.php HTTP/1.1" 200 3984 "http://www.sexboytube.com/wp-admin/" "Mozilla/5.0 (Windows NT 10.0; Win64; x64) AppleWebKit/537.36 (KHTML, like Gecko) Chrome/134.0.0.0 Safari/537.36"
74.206.190.82 - - [04/Apr/2026:14:31:11 -0400] "POST /wp-cron.php?doing_wp_cron=1775327471.9304370880126953125000 HTTP/1.1" 200 - "http://www.sexboytube.com/wp-cron.php?doing_wp_cron=1775327471.9304370880126953125000" "WordPress/5.1.8; http://www.sexboytube.com"
74.206.190.82 - - [04/Apr/2026:14:31:11 -0400] "GET / HTTP/1.1" 200 23677 "-" "curl/7.29.0"
194.32.155.65 - - [04/Apr/2026:14:32:42 -0400] "GET /wp-login.php HTTP/1.1" 200 2973 "-" "Mozilla/5.0 (Macintosh; Intel Mac OS X 10_11_6) AppleWebKit/537.36 (KHTML, like Gecko) Chrome/66.0.3359.181 Safari/537.36"
194.32.155.65 - - [04/Apr/2026:14:32:43 -0400] "POST /wp-login.php HTTP/1.1" 200 3984 "http://www.sexboytube.com/wp-login.php" "Mozilla/5.0 (Macintosh; Intel Mac OS X 10_11_6) AppleWebKit/537.36 (KHTML, like Gecko) Chrome/66.0.3359.181 Safari/537.36"
74.206.190.82 - - [04/Apr/2026:14:35:42 -0400] "GET / HTTP/1.1" 200 23677 "-" "curl/7.29.0"
74.206.190.82 - - [04/Apr/2026:14:40:58 -0400] "GET / HTTP/1.1" 200 23677 "-" "curl/7.29.0"
160.238.242.2 - - [04/Apr/2026:14:43:12 -0400] "GET /wp-login.php HTTP/1.1" 200 2973 "-" "Mozilla/5.0 (Windows NT 10.0; WOW64; Trident/7.0; Touch; MALNJS; rv:11.0) like Gecko"
160.238.242.2 - - [04/Apr/2026:14:43:21 -0400] "POST /wp-login.php HTTP/1.1" 200 3994 "http://www.sexboytube.com/wp-login.php" "Mozilla/5.0 (Windows NT 10.0; WOW64; Trident/7.0; Touch; MALNJS; rv:11.0) like Gecko"
104.131.188.75 - - [04/Apr/2026:14:44:02 -0400] "GET /wp-login.php HTTP/1.1" 200 2973 "-" "Mozilla/5.0 (Windows NT 10.0; Win64; x64; WebView/3.0) AppleWebKit/537.36 (KHTML, like Gecko) Chrome/52.0.2743.116 Safari/537.36 Edge/15.15063"
104.131.188.75 - - [04/Apr/2026:14:44:04 -0400] "POST /wp-login.php HTTP/1.1" 200 3984 "http://www.sexboytube.com/wp-login.php" "Mozilla/5.0 (Windows NT 10.0; Win64; x64; WebView/3.0) AppleWebKit/537.36 (KHTML, like Gecko) Chrome/52.0.2743.116 Safari/537.36 Edge/15.15063"
74.206.190.82 - - [04/Apr/2026:14:45:47 -0400] "GET / HTTP/1.1" 200 23677 "-" "curl/7.29.0"
50.6.229.148 - - [04/Apr/2026:14:47:42 -0400] "GET /wp-login.php HTTP/1.1" 200 2973 "-" "Mozilla/5.0 (Windows NT 10.0; Win64; x64) AppleWebKit/537.36 (KHTML, like Gecko) Chrome/66.0.3359.117 Safari/537.36"
50.6.229.148 - - [04/Apr/2026:14:47:43 -0400] "POST /wp-login.php HTTP/1.1" 200 3998 "http://www.sexboytube.com/wp-login.php" "Mozilla/5.0 (Windows NT 10.0; Win64; x64) AppleWebKit/537.36 (KHTML, like Gecko) Chrome/66.0.3359.117 Safari/537.36"
74.206.190.82 - - [04/Apr/2026:14:50:43 -0400] "GET / HTTP/1.1" 200 23677 "-" "curl/7.29.0"
74.206.190.82 - - [04/Apr/2026:14:53:44 -0400] "POST /wp-cron.php?doing_wp_cron=1775328824.2369859218597412109375 HTTP/1.1" 200 - "http://www.sexboytube.com/wp-cron.php?doing_wp_cron=1775328824.2369859218597412109375" "WordPress/5.1.8; http://www.sexboytube.com"
157.55.39.49 - - [04/Apr/2026:14:53:44 -0400] "GET /index.php/boy-porn/3-amazing-tricks-to-get-the-most-out-of-your-shining-crown-gratis.html HTTP/1.1" 200 28981 "-" "Mozilla/5.0 AppleWebKit/537.36 (KHTML, like Gecko; compatible; bingbot/2.0; +http://www.bing.com/bingbot.htm) Chrome/116.0.1938.76 Safari/537.36"
3.229.248.49 - - [04/Apr/2026:14:53:57 -0400] "GET /wp-login.php HTTP/1.1" 200 2973 "-" "Mozilla/4.0 (compatible; MSIE 7.0; Windows NT 6.2; WOW64; Trident/7.0; .NET4.0C; .NET4.0E; .NET CLR 2.0.50727; .NET CLR 3.0.30729; .NET CLR 3.5.30729)"
3.229.248.49 - - [04/Apr/2026:14:53:58 -0400] "POST /wp-login.php HTTP/1.1" 200 3994 "http://www.sexboytube.com/wp-login.php" "Mozilla/4.0 (compatible; MSIE 7.0; Windows NT 6.2; WOW64; Trident/7.0; .NET4.0C; .NET4.0E; .NET CLR 2.0.50727; .NET CLR 3.0.30729; .NET CLR 3.5.30729)"
45.13.190.27 - - [04/Apr/2026:14:54:53 -0400] "GET /wp-login.php HTTP/1.1" 200 2973 "-" "Mozilla/5.0 (Windows NT 6.1; Win64; x64) AppleWebKit/537.36 (KHTML, like Gecko) Chrome/66.0.3359.170 Safari/537.36 OPR/53.0.2907.99"
45.13.190.27 - - [04/Apr/2026:14:54:53 -0400] "POST /wp-login.php HTTP/1.1" 200 3984 "http://www.sexboytube.com/wp-login.php" "Mozilla/5.0 (Windows NT 6.1; Win64; x64) AppleWebKit/537.36 (KHTML, like Gecko) Chrome/66.0.3359.170 Safari/537.36 OPR/53.0.2907.99"
74.206.190.82 - - [04/Apr/2026:14:55:32 -0400] "GET / HTTP/1.1" 200 23677 "-" "curl/7.29.0"
209.141.43.172 - - [04/Apr/2026:14:56:31 -0400] "GET /wp-login.php HTTP/1.1" 200 2973 "-" "Mozilla/5.0 (Windows NT 10.0; Win64; x64) AppleWebKit/537.36 (KHTML, like Gecko) Chrome/134.0.0.0 Safari/537.36"
209.141.43.172 - - [04/Apr/2026:14:56:31 -0400] "POST /wp-login.php HTTP/1.1" 200 3994 "http://www.sexboytube.com/wp-admin/" "Mozilla/5.0 (Windows NT 10.0; Win64; x64) AppleWebKit/537.36 (KHTML, like Gecko) Chrome/134.0.0.0 Safari/537.36"
72.52.157.23 - - [04/Apr/2026:14:58:44 -0400] "GET /wp-login.php HTTP/1.1" 200 2973 "-" "Mozilla/5.0 (X11; CrOS x86_64 10575.55.0) AppleWebKit/537.36 (KHTML, like Gecko) Chrome/67.0.3396.87 Safari/537.36"
72.52.157.23 - - [04/Apr/2026:14:58:46 -0400] "POST /wp-login.php HTTP/1.1" 200 3998 "http://www.sexboytube.com/wp-login.php" "Mozilla/5.0 (X11; CrOS x86_64 10575.55.0) AppleWebKit/537.36 (KHTML, like Gecko) Chrome/67.0.3396.87 Safari/537.36"
157.55.39.200 - - [04/Apr/2026:14:59:45 -0400] "GET /index.php/boy-porn/nine-simple-facts-about-tower-rush-explained.html HTTP/1.1" 200 28850 "-" "Mozilla/5.0 AppleWebKit/537.36 (KHTML, like Gecko; compatible; bingbot/2.0; +http://www.bing.com/bingbot.htm) Chrome/116.0.1938.76 Safari/537.36"
74.206.190.82 - - [04/Apr/2026:15:00:47 -0400] "GET / HTTP/1.1" 200 23677 "-" "curl/7.29.0"
209.141.43.172 - - [04/Apr/2026:15:03:38 -0400] "GET /wp-login.php HTTP/1.1" 200 2973 "-" "Mozilla/5.0 (Windows NT 10.0; Win64; x64) AppleWebKit/537.36 (KHTML, like Gecko) Chrome/134.0.0.0 Safari/537.36"
209.141.43.172 - - [04/Apr/2026:15:03:38 -0400] "POST /wp-login.php HTTP/1.1" 200 3994 "http://www.sexboytube.com/wp-admin/" "Mozilla/5.0 (Windows NT 10.0; Win64; x64) AppleWebKit/537.36 (KHTML, like Gecko) Chrome/134.0.0.0 Safari/537.36"
66.42.100.241 - - [04/Apr/2026:15:05:15 -0400] "GET /wp-login.php HTTP/1.1" 200 2973 "-" "Mozilla/5.0 (Windows NT 6.1; WOW64; Trident/7.0; EIE10;ENUSMCM; rv:11.0) like Gecko"
66.42.100.241 - - [04/Apr/2026:15:05:16 -0400] "POST /wp-login.php HTTP/1.1" 200 3994 "http://www.sexboytube.com/wp-login.php" "Mozilla/5.0 (Windows NT 6.1; WOW64; Trident/7.0; EIE10;ENUSMCM; rv:11.0) like Gecko"
74.206.190.82 - - [04/Apr/2026:15:05:46 -0400] "GET / HTTP/1.1" 200 23677 "-" "curl/7.29.0"
209.141.52.183 - - [04/Apr/2026:15:06:07 -0400] "GET /wp-login.php HTTP/1.1" 200 2973 "-" "Mozilla/5.0 (Windows NT 10.0; Win64; x64) AppleWebKit/537.36 (KHTML, like Gecko) Chrome/134.0.0.0 Safari/537.36"
209.141.52.183 - - [04/Apr/2026:15:06:07 -0400] "POST /wp-login.php HTTP/1.1" 200 3994 "http://www.sexboytube.com/wp-admin/" "Mozilla/5.0 (Windows NT 10.0; Win64; x64) AppleWebKit/537.36 (KHTML, like Gecko) Chrome/134.0.0.0 Safari/537.36"
103.122.221.145 - - [04/Apr/2026:15:06:23 -0400] "GET /wp-login.php HTTP/1.1" 200 2973 "-" "Mozilla/5.0 (Windows NT 6.3; WOW64; Trident/7.0; rv:11.0; i-Macros-Web-Automation) like Gecko"
103.122.221.145 - - [04/Apr/2026:15:06:24 -0400] "POST /wp-login.php HTTP/1.1" 200 3984 "http://www.sexboytube.com/wp-login.php" "Mozilla/5.0 (Windows NT 6.3; WOW64; Trident/7.0; rv:11.0; i-Macros-Web-Automation) like Gecko"
209.141.49.119 - - [04/Apr/2026:15:06:26 -0400] "GET /wp-login.php HTTP/1.1" 200 2973 "-" "Mozilla/5.0 (Windows NT 10.0; Win64; x64) AppleWebKit/537.36 (KHTML, like Gecko) Chrome/134.0.0.0 Safari/537.36"
209.141.49.119 - - [04/Apr/2026:15:06:26 -0400] "POST /wp-login.php HTTP/1.1" 200 3994 "http://www.sexboytube.com/wp-admin/" "Mozilla/5.0 (Windows NT 10.0; Win64; x64) AppleWebKit/537.36 (KHTML, like Gecko) Chrome/134.0.0.0 Safari/537.36"
5.180.41.96 - - [04/Apr/2026:15:08:39 -0400] "GET / HTTP/1.1" 200 23677 "-" "Mozilla/5.0 (Macintosh; Intel Mac OS X 10_15_7) AppleWebKit/537.36 (KHTML, like Gecko) Chrome/120.0.0.0 Safari/537.36"
81.29.32.213 - - [04/Apr/2026:15:10:10 -0400] "GET /wp-login.php HTTP/1.1" 200 2973 "-" "Mozilla/5.0 (Windows NT 6.3; Win64; x64) AppleWebKit/537.36 (KHTML, like Gecko) Chrome/67.0.3396.87 Safari/537.36"
81.29.32.213 - - [04/Apr/2026:15:10:17 -0400] "POST /wp-login.php HTTP/1.1" 200 3998 "http://www.sexboytube.com/wp-login.php" "Mozilla/5.0 (Windows NT 6.3; Win64; x64) AppleWebKit/537.36 (KHTML, like Gecko) Chrome/67.0.3396.87 Safari/537.36"
74.206.190.82 - - [04/Apr/2026:15:10:29 -0400] "GET / HTTP/1.1" 200 23677 "-" "curl/7.29.0"
141.94.194.132 - - [04/Apr/2026:15:14:04 -0400] "GET /index.php/category/boy-porn/feed HTTP/1.1" 200 187022 "-" "Mozilla/5.0 (X11; Linux i686) AppleWebKit/537.36 (KHTML, like Gecko) Chrome/30.0.1599.66 Safari/537.36"
74.206.190.82 - - [04/Apr/2026:15:15:32 -0400] "GET / HTTP/1.1" 200 23677 "-" "curl/7.29.0"
116.118.2.113 - - [04/Apr/2026:15:16:34 -0400] "GET /wp-login.php HTTP/1.1" 200 2973 "-" "Mozilla/5.0 (Windows NT 6.0; Win64; x64) AppleWebKit/537.36 (KHTML, like Gecko) Chrome/52.0.2743.116 Safari/537.36 Edge/15.15063"
116.118.2.113 - - [04/Apr/2026:15:16:34 -0400] "POST /wp-login.php HTTP/1.1" 200 3994 "http://www.sexboytube.com/wp-login.php" "Mozilla/5.0 (Windows NT 6.0; Win64; x64) AppleWebKit/537.36 (KHTML, like Gecko) Chrome/52.0.2743.116 Safari/537.36 Edge/15.15063"
18.205.231.47 - - [04/Apr/2026:15:17:49 -0400] "GET /wp-login.php HTTP/1.1" 200 2973 "-" "Mozilla/5.0 (Windows NT 10.0; WOW64; rv:60.0) Gecko/20100101 Firefox/60.0"
18.205.231.47 - - [04/Apr/2026:15:17:50 -0400] "POST /wp-login.php HTTP/1.1" 200 3984 "http://www.sexboytube.com/wp-login.php" "Mozilla/5.0 (Windows NT 10.0; WOW64; rv:60.0) Gecko/20100101 Firefox/60.0"
209.141.49.119 - - [04/Apr/2026:15:18:08 -0400] "GET /wp-login.php HTTP/1.1" 200 2973 "-" "Mozilla/5.0 (Windows NT 10.0; Win64; x64) AppleWebKit/537.36 (KHTML, like Gecko) Chrome/134.0.0.0 Safari/537.36"
209.141.49.119 - - [04/Apr/2026:15:18:08 -0400] "POST /wp-login.php HTTP/1.1" 200 3990 "http://www.sexboytube.com/wp-admin/" "Mozilla/5.0 (Windows NT 10.0; Win64; x64) AppleWebKit/537.36 (KHTML, like Gecko) Chrome/134.0.0.0 Safari/537.36"
74.206.190.82 - - [04/Apr/2026:15:21:21 -0400] "GET / HTTP/1.1" 200 23677 "-" "curl/7.29.0"
95.217.114.145 - - [04/Apr/2026:15:24:21 -0400] "GET /robots.txt HTTP/1.1" 200 29 "-" "Mozilla/5.0 (compatible; SERankingBacklinksBot/1.0; +https://seranking.com/backlinks-crawler)"
95.217.114.145 - - [04/Apr/2026:15:24:22 -0400] "GET /index.php/2010/01 HTTP/1.1" 200 11562 "-" "Mozilla/5.0 (compatible; SERankingBacklinksBot/1.0; +https://seranking.com/backlinks-crawler)"
95.217.114.145 - - [04/Apr/2026:15:24:32 -0400] "GET /robots.txt HTTP/1.1" 200 29 "-" "Mozilla/5.0 (compatible; SERankingBacklinksBot/1.0; +https://seranking.com/backlinks-crawler)"
95.217.114.145 - - [04/Apr/2026:15:24:32 -0400] "GET /robots.txt HTTP/1.1" 200 29 "-" "Mozilla/5.0 (compatible; SERankingBacklinksBot/1.0; +https://seranking.com/backlinks-crawler)"
95.217.114.145 - - [04/Apr/2026:15:24:32 -0400] "GET /robots.txt HTTP/1.1" 200 29 "-" "Mozilla/5.0 (compatible; SERankingBacklinksBot/1.0; +https://seranking.com/backlinks-crawler)"
95.217.114.145 - - [04/Apr/2026:15:24:32 -0400] "GET /robots.txt HTTP/1.1" 200 29 "-" "Mozilla/5.0 (compatible; SERankingBacklinksBot/1.0; +https://seranking.com/backlinks-crawler)"
95.217.114.145 - - [04/Apr/2026:15:24:32 -0400] "GET /robots.txt HTTP/1.1" 200 29 "-" "Mozilla/5.0 (compatible; SERankingBacklinksBot/1.0; +https://seranking.com/backlinks-crawler)"
95.217.114.145 - - [04/Apr/2026:15:24:33 -0400] "GET /index.php/boy-porn/%D0%B2%D0%BE%D0%B4%D0%BA%D0%B0-%D0%BA%D0%B0%D0%B7%D0%B8%D0%BD%D0%BE-%D0%B2-%D1%86%D0%B5%D0%BD%D1%82%D1%80%D0%B5-%D0%B2%D0%BD%D0%B8%D0%BC%D0%B0%D0%BD%D0%B8%D1%8F-%D1%8D%D0%BA%D1%81%D0%BA%D0%BB%D1%8E.html HTTP/1.1" 404 9020 "-" "Mozilla/5.0 (compatible; SERankingBacklinksBot/1.0; +https://seranking.com/backlinks-crawler)"
74.206.190.82 - - [04/Apr/2026:15:25:48 -0400] "GET / HTTP/1.1" 200 23677 "-" "curl/7.29.0"
162.214.173.88 - - [04/Apr/2026:15:27:44 -0400] "GET /wp-login.php HTTP/1.1" 200 2973 "-" "Mozilla/5.0 (Macintosh; Intel Mac OS X 10_11_6) AppleWebKit/603.2.5 (KHTML, like Gecko) Version/10.1.1 Safari/603.2.5"
162.214.173.88 - - [04/Apr/2026:15:27:45 -0400] "POST /wp-login.php HTTP/1.1" 200 3994 "http://www.sexboytube.com/wp-login.php" "Mozilla/5.0 (Macintosh; Intel Mac OS X 10_11_6) AppleWebKit/603.2.5 (KHTML, like Gecko) Version/10.1.1 Safari/603.2.5"
103.154.63.3 - - [04/Apr/2026:15:29:11 -0400] "GET /wp-login.php HTTP/1.1" 200 2973 "-" "Mozilla/5.0 (Windows NT 6.1; WOW64; Trident/7.0; apetito Gruppe; rv:11.0) like Gecko"
103.154.63.3 - - [04/Apr/2026:15:29:14 -0400] "POST /wp-login.php HTTP/1.1" 200 3984 "http://www.sexboytube.com/wp-login.php" "Mozilla/5.0 (Windows NT 6.1; WOW64; Trident/7.0; apetito Gruppe; rv:11.0) like Gecko"
207.46.13.83 - - [04/Apr/2026:15:30:28 -0400] "GET /index.php/boy-porn/the-single-best-strategy-to-use-for-https-slotoro-pl-com-revealed.html HTTP/1.1" 200 28482 "-" "Mozilla/5.0 AppleWebKit/537.36 (KHTML, like Gecko; compatible; bingbot/2.0; +http://www.bing.com/bingbot.htm) Chrome/116.0.1938.76 Safari/537.36"
74.206.190.82 - - [04/Apr/2026:15:30:33 -0400] "GET / HTTP/1.1" 200 23677 "-" "curl/7.29.0"
74.206.190.82 - - [04/Apr/2026:15:31:33 -0400] "POST /wp-cron.php?doing_wp_cron=1775331093.6677858829498291015625 HTTP/1.1" 200 - "http://www.sexboytube.com/wp-cron.php?doing_wp_cron=1775331093.6677858829498291015625" "WordPress/5.1.8; http://www.sexboytube.com"
209.141.43.172 - - [04/Apr/2026:15:31:33 -0400] "GET /wp-login.php HTTP/1.1" 200 2973 "-" "Mozilla/5.0 (Windows NT 10.0; Win64; x64) AppleWebKit/537.36 (KHTML, like Gecko) Chrome/134.0.0.0 Safari/537.36"
209.141.43.172 - - [04/Apr/2026:15:31:33 -0400] "POST /wp-login.php HTTP/1.1" 200 3990 "http://www.sexboytube.com/wp-admin/" "Mozilla/5.0 (Windows NT 10.0; Win64; x64) AppleWebKit/537.36 (KHTML, like Gecko) Chrome/134.0.0.0 Safari/537.36"
45.13.190.27 - - [04/Apr/2026:15:32:55 -0400] "GET /wp-login.php HTTP/1.1" 200 2973 "-" "Mozilla/5.0 (Windows NT 10.0; Win64; x64) AppleWebKit/537.36 (KHTML, like Gecko) Chrome/65.0.3325.146 Safari/537.36"
45.13.190.27 - - [04/Apr/2026:15:32:56 -0400] "POST /wp-login.php HTTP/1.1" 200 3998 "http://www.sexboytube.com/wp-login.php" "Mozilla/5.0 (Windows NT 10.0; Win64; x64) AppleWebKit/537.36 (KHTML, like Gecko) Chrome/65.0.3325.146 Safari/537.36"
49.51.178.45 - - [04/Apr/2026:15:35:31 -0400] "GET / HTTP/1.1" 200 23677 "-" "Mozilla/5.0 (iPhone; CPU iPhone OS 13_2_3 like Mac OS X) AppleWebKit/605.1.15 (KHTML, like Gecko) Version/13.0.3 Mobile/15E148 Safari/604.1"
74.206.190.82 - - [04/Apr/2026:15:35:52 -0400] "GET / HTTP/1.1" 200 23677 "-" "curl/7.29.0"
74.206.190.82 - - [04/Apr/2026:15:40:37 -0400] "GET / HTTP/1.1" 200 23677 "-" "curl/7.29.0"
81.29.32.213 - - [04/Apr/2026:15:40:41 -0400] "GET /wp-login.php HTTP/1.1" 200 2973 "-" "Mozilla/4.0 (compatible; MSIE 7.0; Windows NT 6.1; WOW64; Trident/7.0; SLCC2; .NET CLR 2.0.50727; .NET CLR 3.5.30729; .NET CLR 3.0.30729; Media Center PC 6.0; .NET4.0C; .NET4.0E; ms-office)"
81.29.32.213 - - [04/Apr/2026:15:40:45 -0400] "POST /wp-login.php HTTP/1.1" 200 3984 "http://www.sexboytube.com/wp-login.php" "Mozilla/4.0 (compatible; MSIE 7.0; Windows NT 6.1; WOW64; Trident/7.0; SLCC2; .NET CLR 2.0.50727; .NET CLR 3.5.30729; .NET CLR 3.0.30729; Media Center PC 6.0; .NET4.0C; .NET4.0E; ms-office)"
45.61.184.165 - - [04/Apr/2026:15:42:31 -0400] "GET /wp-login.php HTTP/1.1" 200 2973 "-" "Mozilla/5.0 (Windows NT 10.0; Win64; x64) AppleWebKit/537.36 (KHTML, like Gecko) Chrome/134.0.0.0 Safari/537.36"
45.61.184.165 - - [04/Apr/2026:15:42:31 -0400] "POST /wp-login.php HTTP/1.1" 200 3990 "http://www.sexboytube.com/wp-admin/" "Mozilla/5.0 (Windows NT 10.0; Win64; x64) AppleWebKit/537.36 (KHTML, like Gecko) Chrome/134.0.0.0 Safari/537.36"
45.61.184.165 - - [04/Apr/2026:15:45:27 -0400] "GET /wp-login.php HTTP/1.1" 200 2973 "-" "Mozilla/5.0 (Windows NT 10.0; Win64; x64) AppleWebKit/537.36 (KHTML, like Gecko) Chrome/134.0.0.0 Safari/537.36"
45.61.184.165 - - [04/Apr/2026:15:45:27 -0400] "POST /wp-login.php HTTP/1.1" 200 3994 "http://www.sexboytube.com/wp-admin/" "Mozilla/5.0 (Windows NT 10.0; Win64; x64) AppleWebKit/537.36 (KHTML, like Gecko) Chrome/134.0.0.0 Safari/537.36"
74.206.190.82 - - [04/Apr/2026:15:45:30 -0400] "GET / HTTP/1.1" 200 23677 "-" "curl/7.29.0"
209.141.43.172 - - [04/Apr/2026:15:46:16 -0400] "GET /wp-login.php HTTP/1.1" 200 2973 "-" "Mozilla/5.0 (Windows NT 10.0; Win64; x64) AppleWebKit/537.36 (KHTML, like Gecko) Chrome/134.0.0.0 Safari/537.36"
209.141.43.172 - - [04/Apr/2026:15:46:16 -0400] "POST /wp-login.php HTTP/1.1" 200 3998 "http://www.sexboytube.com/wp-admin/" "Mozilla/5.0 (Windows NT 10.0; Win64; x64) AppleWebKit/537.36 (KHTML, like Gecko) Chrome/134.0.0.0 Safari/537.36"
45.61.184.165 - - [04/Apr/2026:15:47:38 -0400] "GET /wp-login.php HTTP/1.1" 200 2973 "-" "Mozilla/5.0 (Windows NT 10.0; Win64; x64) AppleWebKit/537.36 (KHTML, like Gecko) Chrome/134.0.0.0 Safari/537.36"
45.61.184.165 - - [04/Apr/2026:15:47:38 -0400] "POST /wp-login.php HTTP/1.1" 200 3994 "http://www.sexboytube.com/wp-admin/" "Mozilla/5.0 (Windows NT 10.0; Win64; x64) AppleWebKit/537.36 (KHTML, like Gecko) Chrome/134.0.0.0 Safari/537.36"
74.206.190.82 - - [04/Apr/2026:15:50:29 -0400] "GET / HTTP/1.1" 200 23677 "-" "curl/7.29.0"
66.116.226.103 - - [04/Apr/2026:15:50:55 -0400] "GET /wp-login.php HTTP/1.1" 200 2973 "-" "Mozilla/5.0 (Macintosh; Intel Mac OS X 10_11_6) AppleWebKit/602.2.14 (KHTML, like Gecko) Version/10.0.1 Safari/602.2.14"
66.116.226.103 - - [04/Apr/2026:15:51:02 -0400] "POST /wp-login.php HTTP/1.1" 200 3994 "http://www.sexboytube.com/wp-login.php" "Mozilla/5.0 (Macintosh; Intel Mac OS X 10_11_6) AppleWebKit/602.2.14 (KHTML, like Gecko) Version/10.0.1 Safari/602.2.14"
74.206.190.82 - - [04/Apr/2026:15:51:35 -0400] "POST /wp-cron.php?doing_wp_cron=1775332295.6736888885498046875000 HTTP/1.1" 200 - "http://www.sexboytube.com/wp-cron.php?doing_wp_cron=1775332295.6736888885498046875000" "WordPress/5.1.8; http://www.sexboytube.com"
45.61.184.165 - - [04/Apr/2026:15:51:35 -0400] "GET /wp-login.php HTTP/1.1" 200 2973 "-" "Mozilla/5.0 (Windows NT 10.0; Win64; x64) AppleWebKit/537.36 (KHTML, like Gecko) Chrome/134.0.0.0 Safari/537.36"
45.61.184.165 - - [04/Apr/2026:15:51:35 -0400] "POST /wp-login.php HTTP/1.1" 200 3990 "http://www.sexboytube.com/wp-admin/" "Mozilla/5.0 (Windows NT 10.0; Win64; x64) AppleWebKit/537.36 (KHTML, like Gecko) Chrome/134.0.0.0 Safari/537.36"
117.53.155.42 - - [04/Apr/2026:15:52:32 -0400] "GET /wp-login.php HTTP/1.1" 200 2973 "-" "Mozilla/5.0 (Windows NT 10.0; Win64; x64) AppleWebKit/537.36 (KHTML, like Gecko) Chrome/66.0.3359.181 Safari/537.36"
117.53.155.42 - - [04/Apr/2026:15:52:33 -0400] "POST /wp-login.php HTTP/1.1" 200 3984 "http://www.sexboytube.com/wp-login.php" "Mozilla/5.0 (Windows NT 10.0; Win64; x64) AppleWebKit/537.36 (KHTML, like Gecko) Chrome/66.0.3359.181 Safari/537.36"
74.206.190.82 - - [04/Apr/2026:15:55:31 -0400] "GET / HTTP/1.1" 200 23677 "-" "curl/7.29.0"
34.75.167.170 - - [04/Apr/2026:15:55:32 -0400] "GET /wp-login.php HTTP/1.1" 200 2973 "-" "Mozilla/5.0 (Windows NT 6.3; WOW64; Trident/7.0; Touch; MALNJS; rv:11.0) like Gecko"
34.75.167.170 - - [04/Apr/2026:15:55:40 -0400] "POST /wp-login.php HTTP/1.1" 200 3998 "http://www.sexboytube.com/wp-login.php" "Mozilla/5.0 (Windows NT 6.3; WOW64; Trident/7.0; Touch; MALNJS; rv:11.0) like Gecko"
107.189.10.248 - - [04/Apr/2026:15:57:09 -0400] "GET /wp-login.php HTTP/1.1" 200 2973 "-" "Mozilla/5.0 (Windows NT 10.0; Win64; x64) AppleWebKit/537.36"
107.189.10.248 - - [04/Apr/2026:15:57:11 -0400] "GET /wp-json/wp/v2/users HTTP/1.1" 404 285 "-" "python-requests/2.33.0"
107.189.10.248 - - [04/Apr/2026:15:57:12 -0400] "GET /?author=1 HTTP/1.1" 301 - "-" "python-requests/2.33.0"
107.189.10.248 - - [04/Apr/2026:15:57:12 -0400] "GET /?author=2 HTTP/1.1" 200 9455 "-" "python-requests/2.33.0"
107.189.10.248 - - [04/Apr/2026:15:57:13 -0400] "GET /?author=3 HTTP/1.1" 200 9461 "-" "python-requests/2.33.0"
43.155.157.239 - - [04/Apr/2026:15:58:52 -0400] "GET /index.php/page/4 HTTP/1.1" 200 24843 "-" "Mozilla/5.0 (iPhone; CPU iPhone OS 13_2_3 like Mac OS X) AppleWebKit/605.1.15 (KHTML, like Gecko) Version/13.0.3 Mobile/15E148 Safari/604.1"
45.61.184.165 - - [04/Apr/2026:15:59:53 -0400] "GET /wp-login.php HTTP/1.1" 200 2973 "-" "Mozilla/5.0 (Windows NT 10.0; Win64; x64) AppleWebKit/537.36 (KHTML, like Gecko) Chrome/134.0.0.0 Safari/537.36"
45.61.184.165 - - [04/Apr/2026:15:59:53 -0400] "POST /wp-login.php HTTP/1.1" 200 3994 "http://www.sexboytube.com/wp-admin/" "Mozilla/5.0 (Windows NT 10.0; Win64; x64) AppleWebKit/537.36 (KHTML, like Gecko) Chrome/134.0.0.0 Safari/537.36"
45.61.184.165 - - [04/Apr/2026:16:00:35 -0400] "GET /wp-login.php HTTP/1.1" 200 2973 "-" "Mozilla/5.0 (Windows NT 10.0; Win64; x64) AppleWebKit/537.36 (KHTML, like Gecko) Chrome/134.0.0.0 Safari/537.36"
45.61.184.165 - - [04/Apr/2026:16:00:35 -0400] "POST /wp-login.php HTTP/1.1" 200 3994 "http://www.sexboytube.com/wp-admin/" "Mozilla/5.0 (Windows NT 10.0; Win64; x64) AppleWebKit/537.36 (KHTML, like Gecko) Chrome/134.0.0.0 Safari/537.36"
74.206.190.82 - - [04/Apr/2026:16:00:50 -0400] "GET / HTTP/1.1" 200 23677 "-" "curl/7.29.0"
185.140.224.3 - - [04/Apr/2026:16:05:00 -0400] "GET /wp-login.php HTTP/1.1" 200 2973 "-" "Mozilla/5.0 (Windows NT 10.0; WOW64) AppleWebKit/537.36 (KHTML, like Gecko) Chrome/63.0.3239.132 Safari/537.36 OPR/50.0.2762.67"
185.140.224.3 - - [04/Apr/2026:16:05:01 -0400] "POST /wp-login.php HTTP/1.1" 200 3984 "http://www.sexboytube.com/wp-login.php" "Mozilla/5.0 (Windows NT 10.0; WOW64) AppleWebKit/537.36 (KHTML, like Gecko) Chrome/63.0.3239.132 Safari/537.36 OPR/50.0.2762.67"
74.206.190.82 - - [04/Apr/2026:16:05:36 -0400] "GET / HTTP/1.1" 200 23677 "-" "curl/7.29.0"
18.205.231.47 - - [04/Apr/2026:16:07:29 -0400] "GET /wp-login.php HTTP/1.1" 200 2973 "-" "Mozilla/5.0 (Macintosh; Intel Mac OS X 10.13; rv:61.0) Gecko/20100101 Firefox/61.0"
18.205.231.47 - - [04/Apr/2026:16:07:30 -0400] "POST /wp-login.php HTTP/1.1" 200 3998 "http://www.sexboytube.com/wp-login.php" "Mozilla/5.0 (Macintosh; Intel Mac OS X 10.13; rv:61.0) Gecko/20100101 Firefox/61.0"
209.141.46.13 - - [04/Apr/2026:16:08:02 -0400] "GET /wp-login.php HTTP/1.1" 200 2973 "-" "Mozilla/5.0 (Windows NT 10.0; Win64; x64) AppleWebKit/537.36 (KHTML, like Gecko) Chrome/134.0.0.0 Safari/537.36"
209.141.46.13 - - [04/Apr/2026:16:08:02 -0400] "POST /wp-login.php HTTP/1.1" 200 3990 "http://www.sexboytube.com/wp-admin/" "Mozilla/5.0 (Windows NT 10.0; Win64; x64) AppleWebKit/537.36 (KHTML, like Gecko) Chrome/134.0.0.0 Safari/537.36"
74.206.190.82 - - [04/Apr/2026:16:10:36 -0400] "GET / HTTP/1.1" 200 23677 "-" "curl/7.29.0"
209.141.61.34 - - [04/Apr/2026:16:10:44 -0400] "GET /wp-login.php HTTP/1.1" 200 2973 "-" "Mozilla/5.0 (Windows NT 10.0; Win64; x64) AppleWebKit/537.36 (KHTML, like Gecko) Chrome/134.0.0.0 Safari/537.36"
209.141.61.34 - - [04/Apr/2026:16:10:45 -0400] "POST /wp-login.php HTTP/1.1" 200 3994 "http://www.sexboytube.com/wp-admin/" "Mozilla/5.0 (Windows NT 10.0; Win64; x64) AppleWebKit/537.36 (KHTML, like Gecko) Chrome/134.0.0.0 Safari/537.36"
205.185.118.173 - - [04/Apr/2026:16:10:50 -0400] "GET /wp-login.php HTTP/1.1" 200 2973 "-" "Mozilla/5.0 (Windows NT 10.0; Win64; x64) AppleWebKit/537.36 (KHTML, like Gecko) Chrome/134.0.0.0 Safari/537.36"
205.185.118.173 - - [04/Apr/2026:16:10:50 -0400] "POST /wp-login.php HTTP/1.1" 200 3994 "http://www.sexboytube.com/wp-admin/" "Mozilla/5.0 (Windows NT 10.0; Win64; x64) AppleWebKit/537.36 (KHTML, like Gecko) Chrome/134.0.0.0 Safari/537.36"
114.119.153.72 - - [04/Apr/2026:16:12:29 -0400] "GET /index.php/boy-porn/laki-world-%D0%BE%D1%84%D0%B8%D1%86%D0%B8%D0%B0%D0%BB%D1%8C%D0%BD%D1%8B%D0%B9-%D1%81%D0%B0%D0%B9%D1%82-%D0%B0%D0%BA%D1%82%D1%83%D0%B0%D0%BB%D1%8C%D0%BD%D0%B0%D1%8F-%D0%B8%D0%BD%D1%84%D0%BE.html HTTP/1.1" 404 9020 "http://www.sexboytube.com/index.php/boy-porn/it-has-a-learning-curve-and-if-youre-impatient-you-wont.html" "Mozilla/5.0 (Linux; Android 7.0;) AppleWebKit/537.36 (KHTML, like Gecko) Mobile Safari/537.36 (compatible; PetalBot;+https://webmaster.petalsearch.com/site/petalbot)"
216.73.216.165 - - [04/Apr/2026:16:13:17 -0400] "GET /robots.txt HTTP/1.1" 200 29 "-" "Mozilla/5.0 AppleWebKit/537.36 (KHTML, like Gecko; compatible; ClaudeBot/1.0; +claudebot@anthropic.com)"
209.141.46.13 - - [04/Apr/2026:16:13:52 -0400] "GET /wp-login.php HTTP/1.1" 200 2973 "-" "Mozilla/5.0 (Windows NT 10.0; Win64; x64) AppleWebKit/537.36 (KHTML, like Gecko) Chrome/134.0.0.0 Safari/537.36"
209.141.46.13 - - [04/Apr/2026:16:13:52 -0400] "POST /wp-login.php HTTP/1.1" 200 3994 "http://www.sexboytube.com/wp-admin/" "Mozilla/5.0 (Windows NT 10.0; Win64; x64) AppleWebKit/537.36 (KHTML, like Gecko) Chrome/134.0.0.0 Safari/537.36"
69.63.184.2 - - [04/Apr/2026:16:14:55 -0400] "GET /robots.txt HTTP/1.1" 206 29 "-" "facebookexternalhit/1.1 (+http://www.facebook.com/externalhit_uatext.php)"
74.206.190.82 - - [04/Apr/2026:16:15:35 -0400] "GET / HTTP/1.1" 200 23677 "-" "curl/7.29.0"
89.188.72.141 - - [04/Apr/2026:16:16:27 -0400] "GET /wp-login.php HTTP/1.1" 200 2973 "-" "Mozilla/5.0 (Windows NT 6.1; Win64; x64) AppleWebKit/537.36 (KHTML, like Gecko) Chrome/66.0.3359.170 Safari/537.36 OPR/53.0.2907.68"
89.188.72.141 - - [04/Apr/2026:16:16:27 -0400] "POST /wp-login.php HTTP/1.1" 200 3984 "http://www.sexboytube.com/wp-login.php" "Mozilla/5.0 (Windows NT 6.1; Win64; x64) AppleWebKit/537.36 (KHTML, like Gecko) Chrome/66.0.3359.170 Safari/537.36 OPR/53.0.2907.68"
40.82.133.107 - - [04/Apr/2026:16:16:57 -0400] "GET /wp-admin/css/ HTTP/1.1" 403 283 "binance.com" "Mozilla/5.0 (Windows NT 10.0; Win64; x64) AppleWebKit/537.36 (KHTML, like Gecko) Chrome/90.0.4430.85 Safari/537.36"
88.198.64.173 - - [04/Apr/2026:16:18:35 -0400] "GET /wp-login.php HTTP/1.1" 200 2973 "-" "Mozilla/5.0 (Windows NT 10.0) AppleWebKit/537.36 (KHTML, like Gecko) Chrome/66.0.3359.181 Safari/537.36"
88.198.64.173 - - [04/Apr/2026:16:18:35 -0400] "POST /wp-login.php HTTP/1.1" 200 3998 "http://www.sexboytube.com/wp-login.php" "Mozilla/5.0 (Windows NT 10.0) AppleWebKit/537.36 (KHTML, like Gecko) Chrome/66.0.3359.181 Safari/537.36"
74.206.190.82 - - [04/Apr/2026:16:20:47 -0400] "GET / HTTP/1.1" 200 23677 "-" "curl/7.29.0"
209.141.44.76 - - [04/Apr/2026:16:22:16 -0400] "GET /wp-login.php HTTP/1.1" 200 2973 "-" "Mozilla/5.0 (Windows NT 10.0; Win64; x64) AppleWebKit/537.36 (KHTML, like Gecko) Chrome/134.0.0.0 Safari/537.36"
209.141.44.76 - - [04/Apr/2026:16:22:16 -0400] "POST /wp-login.php HTTP/1.1" 200 3998 "http://www.sexboytube.com/wp-admin/" "Mozilla/5.0 (Windows NT 10.0; Win64; x64) AppleWebKit/537.36 (KHTML, like Gecko) Chrome/134.0.0.0 Safari/537.36"
43.157.153.236 - - [04/Apr/2026:16:22:20 -0400] "GET /index.php/page/1 HTTP/1.1" 200 23677 "-" "Mozilla/5.0 (iPhone; CPU iPhone OS 13_2_3 like Mac OS X) AppleWebKit/605.1.15 (KHTML, like Gecko) Version/13.0.3 Mobile/15E148 Safari/604.1"
68.221.137.197 - - [04/Apr/2026:16:24:16 -0400] "GET /wp-content/plugins/hellopress/wp_filemanager.php HTTP/1.1" 404 310 "-" "-"
68.221.137.197 - - [04/Apr/2026:16:24:16 -0400] "GET /prosell2.php HTTP/1.1" 404 274 "-" "-"
74.206.190.82 - - [04/Apr/2026:16:25:32 -0400] "GET / HTTP/1.1" 200 23677 "-" "curl/7.29.0"
41.76.215.184 - - [04/Apr/2026:16:26:27 -0400] "GET /wp-login.php HTTP/1.1" 200 2973 "-" "Mozilla/5.0 (Macintosh; Intel Mac OS X 10_10_5) AppleWebKit/537.36 (KHTML, like Gecko) Chrome/66.0.3359.139 Safari/537.36"
41.76.215.184 - - [04/Apr/2026:16:26:28 -0400] "POST /wp-login.php HTTP/1.1" 200 3994 "http://www.sexboytube.com/wp-login.php" "Mozilla/5.0 (Macintosh; Intel Mac OS X 10_10_5) AppleWebKit/537.36 (KHTML, like Gecko) Chrome/66.0.3359.139 Safari/537.36"
222.165.190.235 - - [04/Apr/2026:16:27:59 -0400] "GET /wp-login.php HTTP/1.1" 200 2973 "-" "Mozilla/4.0 (compatible; MSIE 7.0; Windows NT 6.1; WOW64; Trident/7.0; SLCC2; .NET CLR 2.0.50727; .NET4.0C; .NET4.0E; .NET CLR 3.5.30729; .NET CLR 3.0.30729)"
222.165.190.235 - - [04/Apr/2026:16:28:00 -0400] "POST /wp-login.php HTTP/1.1" 200 3984 "http://www.sexboytube.com/wp-login.php" "Mozilla/4.0 (compatible; MSIE 7.0; Windows NT 6.1; WOW64; Trident/7.0; SLCC2; .NET CLR 2.0.50727; .NET4.0C; .NET4.0E; .NET CLR 3.5.30729; .NET CLR 3.0.30729)"
141.94.194.132 - - [04/Apr/2026:16:29:12 -0400] "GET /index.php/boy-porn/modelos-gay-desnudos.html/feed HTTP/1.1" 200 853 "-" "Mozilla/5.0 (X11; Linux i686) AppleWebKit/537.36 (KHTML, like Gecko) Chrome/30.0.1599.66 Safari/537.36"
50.6.231.18 - - [04/Apr/2026:16:29:58 -0400] "GET /wp-login.php HTTP/1.1" 200 2973 "-" "Mozilla/5.0 (Windows NT 10.0; WOW64) AppleWebKit/537.36 (KHTML, like Gecko) Chrome/66.0.3359.181 Safari/537.36"
50.6.231.18 - - [04/Apr/2026:16:29:59 -0400] "POST /wp-login.php HTTP/1.1" 200 3998 "http://www.sexboytube.com/wp-login.php" "Mozilla/5.0 (Windows NT 10.0; WOW64) AppleWebKit/537.36 (KHTML, like Gecko) Chrome/66.0.3359.181 Safari/537.36"
74.206.190.82 - - [04/Apr/2026:16:30:35 -0400] "GET / HTTP/1.1" 200 23677 "-" "curl/7.29.0"
74.206.190.82 - - [04/Apr/2026:16:33:35 -0400] "POST /wp-cron.php?doing_wp_cron=1775334815.5463941097259521484375 HTTP/1.1" 200 - "http://www.sexboytube.com/wp-cron.php?doing_wp_cron=1775334815.5463941097259521484375" "WordPress/5.1.8; http://www.sexboytube.com"
209.141.33.127 - - [04/Apr/2026:16:33:35 -0400] "GET /wp-login.php HTTP/1.1" 200 2973 "-" "Mozilla/5.0 (Windows NT 10.0; Win64; x64) AppleWebKit/537.36 (KHTML, like Gecko) Chrome/134.0.0.0 Safari/537.36"
209.141.33.127 - - [04/Apr/2026:16:33:35 -0400] "POST /wp-login.php HTTP/1.1" 200 3990 "http://www.sexboytube.com/wp-admin/" "Mozilla/5.0 (Windows NT 10.0; Win64; x64) AppleWebKit/537.36 (KHTML, like Gecko) Chrome/134.0.0.0 Safari/537.36"
74.206.190.82 - - [04/Apr/2026:16:35:34 -0400] "GET / HTTP/1.1" 200 23677 "-" "curl/7.29.0"
88.198.64.173 - - [04/Apr/2026:16:37:48 -0400] "GET /wp-login.php HTTP/1.1" 200 2973 "-" "Mozilla/5.0 (Windows NT 6.3; WOW64; Trident/7.0; Touch; TNJB; rv:11.0) like Gecko"
88.198.64.173 - - [04/Apr/2026:16:37:48 -0400] "POST /wp-login.php HTTP/1.1" 200 3994 "http://www.sexboytube.com/wp-login.php" "Mozilla/5.0 (Windows NT 6.3; WOW64; Trident/7.0; Touch; TNJB; rv:11.0) like Gecko"
103.121.89.157 - - [04/Apr/2026:16:39:22 -0400] "GET /wp-login.php HTTP/1.1" 200 2973 "-" "Mozilla/5.0 (Windows NT 6.1; Win64; x64; Trident/7.0; managedpc; rv:11.0) like Gecko"
103.121.89.157 - - [04/Apr/2026:16:39:23 -0400] "POST /wp-login.php HTTP/1.1" 200 3984 "http://www.sexboytube.com/wp-login.php" "Mozilla/5.0 (Windows NT 6.1; Win64; x64; Trident/7.0; managedpc; rv:11.0) like Gecko"
74.206.190.82 - - [04/Apr/2026:16:40:41 -0400] "GET / HTTP/1.1" 200 23677 "-" "curl/7.29.0"
68.178.173.85 - - [04/Apr/2026:16:40:57 -0400] "GET /wp-login.php HTTP/1.1" 200 2973 "-" "Mozilla/5.0 (Windows NT 6.3; WOW64; Trident/7.0; MASEJS; rv:11.0) like Gecko"
68.178.173.85 - - [04/Apr/2026:16:40:57 -0400] "POST /wp-login.php HTTP/1.1" 200 3998 "http://www.sexboytube.com/wp-login.php" "Mozilla/5.0 (Windows NT 6.3; WOW64; Trident/7.0; MASEJS; rv:11.0) like Gecko"
95.217.114.145 - - [04/Apr/2026:16:45:28 -0400] "GET /robots.txt HTTP/1.1" 200 29 "-" "Mozilla/5.0 (compatible; SERankingBacklinksBot/1.0; +https://seranking.com/backlinks-crawler)"
95.217.114.145 - - [04/Apr/2026:16:45:28 -0400] "GET /index.php/2010/02 HTTP/1.1" 200 11562 "-" "Mozilla/5.0 (compatible; SERankingBacklinksBot/1.0; +https://seranking.com/backlinks-crawler)"
74.206.190.82 - - [04/Apr/2026:16:45:30 -0400] "GET / HTTP/1.1" 200 23677 "-" "curl/7.29.0"
72.52.157.23 - - [04/Apr/2026:16:49:28 -0400] "GET /wp-login.php HTTP/1.1" 200 2973 "-" "Mozilla/5.0 (Windows NT 6.3; Win64; x64) AppleWebKit/537.36 (KHTML, like Gecko) Chrome/66.0.3359.139 Safari/537.36"
72.52.157.23 - - [04/Apr/2026:16:49:29 -0400] "POST /wp-login.php HTTP/1.1" 200 3994 "http://www.sexboytube.com/wp-login.php" "Mozilla/5.0 (Windows NT 6.3; Win64; x64) AppleWebKit/537.36 (KHTML, like Gecko) Chrome/66.0.3359.139 Safari/537.36"
74.206.190.82 - - [04/Apr/2026:16:50:30 -0400] "GET / HTTP/1.1" 200 23677 "-" "curl/7.29.0"
208.115.200.114 - - [04/Apr/2026:16:51:10 -0400] "GET /wp-login.php HTTP/1.1" 200 2973 "-" "Mozilla/5.0 (Windows NT 6.3; Win64; x64) AppleWebKit/537.36 (KHTML, like Gecko) Chrome/65.0.3325.146 Safari/537.36"
208.115.200.114 - - [04/Apr/2026:16:51:12 -0400] "POST /wp-login.php HTTP/1.1" 200 3984 "http://www.sexboytube.com/wp-login.php" "Mozilla/5.0 (Windows NT 6.3; Win64; x64) AppleWebKit/537.36 (KHTML, like Gecko) Chrome/65.0.3325.146 Safari/537.36"
74.206.190.82 - - [04/Apr/2026:16:52:09 -0400] "POST /wp-cron.php?doing_wp_cron=1775335929.5292730331420898437500 HTTP/1.1" 200 - "http://www.sexboytube.com/wp-cron.php?doing_wp_cron=1775335929.5292730331420898437500" "WordPress/5.1.8; http://www.sexboytube.com"
208.109.188.137 - - [04/Apr/2026:16:52:09 -0400] "GET /wp-login.php HTTP/1.1" 200 2973 "-" "Mozilla/5.0 (Windows NT 6.3; Win64; x64; Trident/7.0; Touch; MASMJS; rv:11.0) like Gecko"
208.109.188.137 - - [04/Apr/2026:16:52:10 -0400] "POST /wp-login.php HTTP/1.1" 200 3998 "http://www.sexboytube.com/wp-login.php" "Mozilla/5.0 (Windows NT 6.3; Win64; x64; Trident/7.0; Touch; MASMJS; rv:11.0) like Gecko"
49.51.73.183 - - [04/Apr/2026:16:53:16 -0400] "GET /index.php/boy-porn/dubai-escorts-market-sees-surge-in-vip-and-luxury-services-in-2024.html HTTP/1.1" 200 29661 "-" "Mozilla/5.0 (iPhone; CPU iPhone OS 13_2_3 like Mac OS X) AppleWebKit/605.1.15 (KHTML, like Gecko) Version/13.0.3 Mobile/15E148 Safari/604.1"
74.206.190.82 - - [04/Apr/2026:16:55:29 -0400] "GET / HTTP/1.1" 200 23677 "-" "curl/7.29.0"
209.141.44.76 - - [04/Apr/2026:16:55:44 -0400] "GET /wp-login.php HTTP/1.1" 200 2973 "-" "Mozilla/5.0 (Windows NT 10.0; Win64; x64) AppleWebKit/537.36 (KHTML, like Gecko) Chrome/134.0.0.0 Safari/537.36"
209.141.44.76 - - [04/Apr/2026:16:55:44 -0400] "POST /wp-login.php HTTP/1.1" 200 3994 "http://www.sexboytube.com/wp-admin/" "Mozilla/5.0 (Windows NT 10.0; Win64; x64) AppleWebKit/537.36 (KHTML, like Gecko) Chrome/134.0.0.0 Safari/537.36"
95.217.114.145 - - [04/Apr/2026:16:59:04 -0400] "GET /robots.txt HTTP/1.1" 200 29 "-" "Mozilla/5.0 (compatible; SERankingBacklinksBot/1.0; +https://seranking.com/backlinks-crawler)"
95.217.114.145 - - [04/Apr/2026:16:59:05 -0400] "GET /robots.txt HTTP/1.1" 200 29 "-" "Mozilla/5.0 (compatible; SERankingBacklinksBot/1.0; +https://seranking.com/backlinks-crawler)"
95.217.114.145 - - [04/Apr/2026:16:59:05 -0400] "GET /robots.txt HTTP/1.1" 200 29 "-" "Mozilla/5.0 (compatible; SERankingBacklinksBot/1.0; +https://seranking.com/backlinks-crawler)"
95.217.114.145 - - [04/Apr/2026:16:59:05 -0400] "GET /robots.txt HTTP/1.1" 200 29 "-" "Mozilla/5.0 (compatible; SERankingBacklinksBot/1.0; +https://seranking.com/backlinks-crawler)"
95.217.114.145 - - [04/Apr/2026:16:59:05 -0400] "GET /robots.txt HTTP/1.1" 200 29 "-" "Mozilla/5.0 (compatible; SERankingBacklinksBot/1.0; +https://seranking.com/backlinks-crawler)"
95.217.114.145 - - [04/Apr/2026:16:59:05 -0400] "GET /index.php/boy-porn/%D0%B2%D0%BE%D0%B4%D0%BA%D0%B0-%D0%BA%D0%B0%D0%B7%D0%B8%D0%BD%D0%BE-%D0%BD%D0%BE%D0%B2%D1%8B%D0%B9-%D1%82%D1%80%D0%B5%D0%BD%D0%B4-%D1%81%D1%80%D0%B5%D0%B4%D0%B8-%D0%BE%D0%BD%D0%BB%D0%B0%D0%B9%D0%BD.html HTTP/1.1" 404 9020 "-" "Mozilla/5.0 (compatible; SERankingBacklinksBot/1.0; +https://seranking.com/backlinks-crawler)"
209.141.33.127 - - [04/Apr/2026:16:59:15 -0400] "GET /wp-login.php HTTP/1.1" 200 2973 "-" "Mozilla/5.0 (Windows NT 10.0; Win64; x64) AppleWebKit/537.36 (KHTML, like Gecko) Chrome/134.0.0.0 Safari/537.36"
209.141.33.127 - - [04/Apr/2026:16:59:15 -0400] "POST /wp-login.php HTTP/1.1" 200 3984 "http://www.sexboytube.com/wp-admin/" "Mozilla/5.0 (Windows NT 10.0; Win64; x64) AppleWebKit/537.36 (KHTML, like Gecko) Chrome/134.0.0.0 Safari/537.36"
222.165.190.235 - - [04/Apr/2026:17:00:38 -0400] "GET /wp-login.php HTTP/1.1" 200 2973 "-" "Mozilla/5.0 (Windows NT 6.1; WOW64; Trident/7.0; MALCJS; rv:11.0) like Gecko"
222.165.190.235 - - [04/Apr/2026:17:00:39 -0400] "POST /wp-login.php HTTP/1.1" 200 3994 "http://www.sexboytube.com/wp-login.php" "Mozilla/5.0 (Windows NT 6.1; WOW64; Trident/7.0; MALCJS; rv:11.0) like Gecko"
74.206.190.82 - - [04/Apr/2026:17:00:42 -0400] "GET / HTTP/1.1" 200 23677 "-" "curl/7.29.0"
