216.73.216.38 - - [04/Apr/2026:01:32:06 -0400] "GET /status/online/gender/f/age/40-49,20-29/hair/red/ethnicity/other HTTP/1.1" 200 17762 "-" "Mozilla/5.0 AppleWebKit/537.36 (KHTML, like Gecko; compatible; ClaudeBot/1.0; +claudebot@anthropic.com)"
216.73.216.38 - - [04/Apr/2026:01:32:06 -0400] "GET /age/60-100,20-29/hair/white,blonde/ethnicity/other,white HTTP/1.1" 200 17606 "-" "Mozilla/5.0 AppleWebKit/537.36 (KHTML, like Gecko; compatible; ClaudeBot/1.0; +claudebot@anthropic.com)"
216.73.216.38 - - [04/Apr/2026:01:32:06 -0400] "GET /status/offline/age/60-100,20-29/hair/grey,black,white/ethnicity/black HTTP/1.1" 200 18184 "-" "Mozilla/5.0 AppleWebKit/537.36 (KHTML, like Gecko; compatible; ClaudeBot/1.0; +claudebot@anthropic.com)"
216.73.216.38 - - [04/Apr/2026:01:32:06 -0400] "GET /status/offline/age/30-39,40-49/hair/brown,auburn,grey,white HTTP/1.1" 200 17926 "-" "Mozilla/5.0 AppleWebKit/537.36 (KHTML, like Gecko; compatible; ClaudeBot/1.0; +claudebot@anthropic.com)"
74.7.227.30 - - [04/Apr/2026:01:32:06 -0400] "GET /age/20-29,50-59/ethnicity/asian,white,latino,islander,black,other,east-indian,native HTTP/1.1" 200 19155 "https://nudcam.com/age/20-29/ethnicity/asian,white,latino,islander,black,other,east-indian,native" "Mozilla/5.0 AppleWebKit/537.36 (KHTML, like Gecko; compatible; GPTBot/1.3; +https://openai.com/gptbot)"
216.73.216.38 - - [04/Apr/2026:01:32:06 -0400] "GET /gender/c/age/50-59/hair/red,brown/ethnicity/native,black HTTP/1.1" 200 17576 "-" "Mozilla/5.0 AppleWebKit/537.36 (KHTML, like Gecko; compatible; ClaudeBot/1.0; +claudebot@anthropic.com)"
216.73.216.38 - - [04/Apr/2026:01:32:06 -0400] "GET /status/offline/hair/auburn,black/ethnicity/islander,native,black,white HTTP/1.1" 200 18266 "-" "Mozilla/5.0 AppleWebKit/537.36 (KHTML, like Gecko; compatible; ClaudeBot/1.0; +claudebot@anthropic.com)"
216.73.216.38 - - [04/Apr/2026:01:32:06 -0400] "GET /gender/c/age/20-29,40-49/hair/red/ethnicity/black,islander HTTP/1.1" 200 17637 "-" "Mozilla/5.0 AppleWebKit/537.36 (KHTML, like Gecko; compatible; ClaudeBot/1.0; +claudebot@anthropic.com)"
216.73.216.38 - - [04/Apr/2026:01:32:07 -0400] "GET /gender/f,m/hair/white/ethnicity/native,other,latino HTTP/1.1" 200 17441 "-" "Mozilla/5.0 AppleWebKit/537.36 (KHTML, like Gecko; compatible; ClaudeBot/1.0; +claudebot@anthropic.com)"
216.73.216.38 - - [04/Apr/2026:01:32:07 -0400] "GET /status/offline/age/18-19/hair/blonde,grey/ethnicity/native,islander,white HTTP/1.1" 200 18343 "-" "Mozilla/5.0 AppleWebKit/537.36 (KHTML, like Gecko; compatible; ClaudeBot/1.0; +claudebot@anthropic.com)"
216.73.216.38 - - [04/Apr/2026:01:32:07 -0400] "GET /status/online/age/40-49,30-39/ethnicity/native,islander,other,asian HTTP/1.1" 200 18169 "-" "Mozilla/5.0 AppleWebKit/537.36 (KHTML, like Gecko; compatible; ClaudeBot/1.0; +claudebot@anthropic.com)"
74.7.227.134 - - [04/Apr/2026:01:32:07 -0400] "GET /age/18-19,50-59/ethnicity/news-leonardo-faz-homenagem-apos-morte-de-assessora-cuidou-de-mim-como-filho,islander,native,white,asian,east-indian,black,other HTTP/1.1" 200 22106 "https://www.nudcam.com/age/18-19,50-59/ethnicity/news-leonardo-faz-homenagem-apos-morte-de-assessora-cuidou-de-mim-como-filho,islander,native,white,asian,east-indian,latino,black,other" "Mozilla/5.0 AppleWebKit/537.36 (KHTML, like Gecko; compatible; GPTBot/1.3; +https://openai.com/gptbot)"
216.73.216.38 - - [04/Apr/2026:01:32:07 -0400] "GET /status/online,offline/age/60-100/hair/grey/ethnicity/native,white,other HTTP/1.1" 200 18277 "-" "Mozilla/5.0 AppleWebKit/537.36 (KHTML, like Gecko; compatible; ClaudeBot/1.0; +claudebot@anthropic.com)"
216.73.216.38 - - [04/Apr/2026:01:32:07 -0400] "GET /status/online/age/60-100/hair/red/ethnicity/black,native,white,other HTTP/1.1" 200 18167 "-" "Mozilla/5.0 AppleWebKit/537.36 (KHTML, like Gecko; compatible; ClaudeBot/1.0; +claudebot@anthropic.com)"
185.191.171.3 - - [04/Apr/2026:01:32:07 -0400] "GET /age/18-19,50-59,40-49,60-100,30-39/ethnicity/other,east-indian,white,native,latino HTTP/1.1" 403 - "-" "Mozilla/5.0 (compatible; SemrushBot/7~bl; +http://www.semrush.com/bot.html)"
216.73.216.38 - - [04/Apr/2026:01:32:07 -0400] "GET /status/offline/age/40-49,60-100/ethnicity/asian,islander,other HTTP/1.1" 200 17813 "-" "Mozilla/5.0 AppleWebKit/537.36 (KHTML, like Gecko; compatible; ClaudeBot/1.0; +claudebot@anthropic.com)"
216.73.216.38 - - [04/Apr/2026:01:32:07 -0400] "GET /gender/f,c/age/40-49/hair/black,grey/ethnicity/black,native HTTP/1.1" 200 17871 "-" "Mozilla/5.0 AppleWebKit/537.36 (KHTML, like Gecko; compatible; ClaudeBot/1.0; +claudebot@anthropic.com)"
17.241.75.244 - - [04/Apr/2026:01:32:07 -0400] "GET /status/offline/age/40-49,30-39/hair/red/ethnicity/native/languages/greek HTTP/1.1" 200 17722 "-" "Mozilla/5.0 (Macintosh; Intel Mac OS X 10_15_7) AppleWebKit/605.1.15 (KHTML, like Gecko) Version/17.4 Safari/605.1.15 (Applebot/0.1; +http://www.apple.com/go/applebot)"
216.73.216.38 - - [04/Apr/2026:01:32:07 -0400] "GET /status/online/gender/c,t/hair/grey,white/ethnicity/white,native HTTP/1.1" 200 18011 "-" "Mozilla/5.0 AppleWebKit/537.36 (KHTML, like Gecko; compatible; ClaudeBot/1.0; +claudebot@anthropic.com)"
216.73.216.38 - - [04/Apr/2026:01:32:07 -0400] "GET /status/offline/age/20-29/hair/black,grey,brown/ethnicity/other,white HTTP/1.1" 200 18169 "-" "Mozilla/5.0 AppleWebKit/537.36 (KHTML, like Gecko; compatible; ClaudeBot/1.0; +claudebot@anthropic.com)"
74.7.227.30 - - [04/Apr/2026:01:32:07 -0400] "GET /age/20-29,40-49/ethnicity/asian,white,latino,islander,black,other,east-indian,native HTTP/1.1" 200 19155 "https://nudcam.com/age/20-29/ethnicity/asian,white,latino,islander,black,other,east-indian,native" "Mozilla/5.0 AppleWebKit/537.36 (KHTML, like Gecko; compatible; GPTBot/1.3; +https://openai.com/gptbot)"
216.73.216.38 - - [04/Apr/2026:01:32:07 -0400] "GET /age/20-29/hair/white,auburn/ethnicity/white,other,asian HTTP/1.1" 200 17572 "-" "Mozilla/5.0 AppleWebKit/537.36 (KHTML, like Gecko; compatible; ClaudeBot/1.0; +claudebot@anthropic.com)"
216.73.216.38 - - [04/Apr/2026:01:32:07 -0400] "GET /status/online/age/40-49/hair/white,black,auburn/ethnicity/islander,native HTTP/1.1" 200 18339 "-" "Mozilla/5.0 AppleWebKit/537.36 (KHTML, like Gecko; compatible; ClaudeBot/1.0; +claudebot@anthropic.com)"
216.73.216.38 - - [04/Apr/2026:01:32:08 -0400] "GET /gender/f/age/18-19,60-100,40-49/hair/brown,grey HTTP/1.1" 200 17339 "-" "Mozilla/5.0 AppleWebKit/537.36 (KHTML, like Gecko; compatible; ClaudeBot/1.0; +claudebot@anthropic.com)"
216.73.216.38 - - [04/Apr/2026:01:32:08 -0400] "GET /age/18-19,30-39/hair/auburn/ethnicity/native,other,black HTTP/1.1" 200 17600 "-" "Mozilla/5.0 AppleWebKit/537.36 (KHTML, like Gecko; compatible; ClaudeBot/1.0; +claudebot@anthropic.com)"
44.218.6.93 - - [04/Apr/2026:01:32:08 -0400] "GET /status/offline,online/gender/f/hair/red/ethnicity/latino,islander,east-indian,black/languages/vietnamese HTTP/1.1" 200 19679 "-" "Mozilla/5.0 AppleWebKit/537.36 (KHTML, like Gecko; compatible; Amazonbot/0.1; +https://developer.amazon.com/support/amazonbot) Chrome/119.0.6045.214 Safari/537.36"
216.73.216.38 - - [04/Apr/2026:01:32:08 -0400] "GET /status/offline/age/60-100,30-39/hair/grey,auburn/ethnicity/other,native HTTP/1.1" 200 18276 "-" "Mozilla/5.0 AppleWebKit/537.36 (KHTML, like Gecko; compatible; ClaudeBot/1.0; +claudebot@anthropic.com)"
216.73.216.38 - - [04/Apr/2026:01:32:08 -0400] "GET /status/offline/gender/c,m/age/18-19,40-49/ethnicity/native,other,white HTTP/1.1" 200 18447 "-" "Mozilla/5.0 AppleWebKit/537.36 (KHTML, like Gecko; compatible; ClaudeBot/1.0; +claudebot@anthropic.com)"
74.7.227.134 - - [04/Apr/2026:01:32:08 -0400] "GET /age/50-59,18-19/ethnicity/news-leonardo-faz-homenagem-apos-morte-de-assessora-cuidou-de-mim-como-filho,other,black,asian,native,white,east-indian,latino,islander HTTP/1.1" 200 22650 "https://www.nudcam.com/age/50-59,18-19/ethnicity/news-leonardo-faz-homenagem-apos-morte-de-assessora-cuidou-de-mim-como-filho,other,black,asian,native,white,east-indian,latino" "Mozilla/5.0 AppleWebKit/537.36 (KHTML, like Gecko; compatible; GPTBot/1.3; +https://openai.com/gptbot)"
17.246.19.5 - - [04/Apr/2026:01:32:08 -0400] "GET /gender/t/age/40-49/hair/white/ethnicity/other,east-indian/languages/hebrew HTTP/1.1" 200 18013 "-" "Mozilla/5.0 (Macintosh; Intel Mac OS X 10_15_7) AppleWebKit/605.1.15 (KHTML, like Gecko) Version/17.4 Safari/605.1.15 (Applebot/0.1; +http://www.apple.com/go/applebot)"
216.73.216.38 - - [04/Apr/2026:01:32:08 -0400] "GET /status/online/gender/f,c,m/age/40-49/ethnicity/latino,other HTTP/1.1" 200 17877 "-" "Mozilla/5.0 AppleWebKit/537.36 (KHTML, like Gecko; compatible; ClaudeBot/1.0; +claudebot@anthropic.com)"
216.73.216.38 - - [04/Apr/2026:01:32:08 -0400] "GET /status/offline/age/30-39,50-59,40-49/hair/grey,white,red HTTP/1.1" 200 17821 "-" "Mozilla/5.0 AppleWebKit/537.36 (KHTML, like Gecko; compatible; ClaudeBot/1.0; +claudebot@anthropic.com)"
216.73.216.38 - - [04/Apr/2026:01:32:08 -0400] "GET /status/online/gender/c/age/40-49/ethnicity/other,black,white,asian HTTP/1.1" 200 18105 "-" "Mozilla/5.0 AppleWebKit/537.36 (KHTML, like Gecko; compatible; ClaudeBot/1.0; +claudebot@anthropic.com)"
216.73.216.38 - - [04/Apr/2026:01:32:08 -0400] "GET /status/offline/gender/f/age/40-49,18-19,60-100/ethnicity/islander,white HTTP/1.1" 200 18269 "-" "Mozilla/5.0 AppleWebKit/537.36 (KHTML, like Gecko; compatible; ClaudeBot/1.0; +claudebot@anthropic.com)"
216.73.216.38 - - [04/Apr/2026:01:32:08 -0400] "GET /age/30-39,60-100,18-19/ethnicity/white,other,native,islander HTTP/1.1" 200 17944 "-" "Mozilla/5.0 AppleWebKit/537.36 (KHTML, like Gecko; compatible; ClaudeBot/1.0; +claudebot@anthropic.com)"
216.73.216.38 - - [04/Apr/2026:01:32:08 -0400] "GET /age/18-19/hair/brown,auburn,blonde/ethnicity/native,white HTTP/1.1" 200 17634 "-" "Mozilla/5.0 AppleWebKit/537.36 (KHTML, like Gecko; compatible; ClaudeBot/1.0; +claudebot@anthropic.com)"
74.7.227.30 - - [04/Apr/2026:01:32:08 -0400] "GET /age/20-29,30-39/ethnicity/asian,white,latino,islander,black,other,east-indian,native HTTP/1.1" 200 19155 "https://nudcam.com/age/20-29/ethnicity/asian,white,latino,islander,black,other,east-indian,native" "Mozilla/5.0 AppleWebKit/537.36 (KHTML, like Gecko; compatible; GPTBot/1.3; +https://openai.com/gptbot)"
17.241.75.232 - - [04/Apr/2026:01:32:08 -0400] "GET /status/offline/gender/m,f/age/30-39/ethnicity/native,asian/sites/1 HTTP/1.1" 200 17956 "-" "Mozilla/5.0 (Macintosh; Intel Mac OS X 10_15_7) AppleWebKit/605.1.15 (KHTML, like Gecko) Version/17.4 Safari/605.1.15 (Applebot/0.1; +http://www.apple.com/go/applebot)"
216.73.216.38 - - [04/Apr/2026:01:32:08 -0400] "GET /status/online/age/60-100/ethnicity/other,black,islander,native,latino HTTP/1.1" 200 18236 "-" "Mozilla/5.0 AppleWebKit/537.36 (KHTML, like Gecko; compatible; ClaudeBot/1.0; +claudebot@anthropic.com)"
216.73.216.38 - - [04/Apr/2026:01:32:09 -0400] "GET /status/online/gender/m,f/hair/white,black/ethnicity/white,native HTTP/1.1" 200 18044 "-" "Mozilla/5.0 AppleWebKit/537.36 (KHTML, like Gecko; compatible; ClaudeBot/1.0; +claudebot@anthropic.com)"
66.249.66.192 - - [04/Apr/2026:01:32:09 -0400] "GET /ethnicity/white,other,islander,east-indian,latino,black,asian HTTP/1.1" 200 17785 "-" "Mozilla/5.0 (Linux; Android 6.0.1; Nexus 5X Build/MMB29P) AppleWebKit/537.36 (KHTML, like Gecko) Chrome/146.0.7680.177 Mobile Safari/537.36 (compatible; Googlebot/2.1; +http://www.google.com/bot.html)"
216.73.216.38 - - [04/Apr/2026:01:32:09 -0400] "GET /gender/f/hair/blonde,red,brown/ethnicity/black,native HTTP/1.1" 200 17498 "-" "Mozilla/5.0 AppleWebKit/537.36 (KHTML, like Gecko; compatible; ClaudeBot/1.0; +claudebot@anthropic.com)"
216.73.216.38 - - [04/Apr/2026:01:32:09 -0400] "GET /hair/blonde,brown,grey/ethnicity/white,other,islander HTTP/1.1" 200 17527 "-" "Mozilla/5.0 AppleWebKit/537.36 (KHTML, like Gecko; compatible; ClaudeBot/1.0; +claudebot@anthropic.com)"
216.73.216.38 - - [04/Apr/2026:01:32:09 -0400] "GET /status/offline,online/age/40-49,60-100/hair/white,grey/ethnicity/native HTTP/1.1" 200 18264 "-" "Mozilla/5.0 AppleWebKit/537.36 (KHTML, like Gecko; compatible; ClaudeBot/1.0; +claudebot@anthropic.com)"
74.7.227.134 - - [04/Apr/2026:01:32:09 -0400] "GET /age/30-39,20-29,40-49/ethnicity/news-leonardo-faz-homenagem-apos-morte-de-assessora-cuidou-de-mim-como-filho,asian,other,white,native,latino,east-indian,islander,black HTTP/1.1" 200 23162 "https://www.nudcam.com/age/30-39,20-29/ethnicity/news-leonardo-faz-homenagem-apos-morte-de-assessora-cuidou-de-mim-como-filho,asian,other,white,native,latino,east-indian,islander,black" "Mozilla/5.0 AppleWebKit/537.36 (KHTML, like Gecko; compatible; GPTBot/1.3; +https://openai.com/gptbot)"
216.73.216.38 - - [04/Apr/2026:01:32:09 -0400] "GET /gender/f/age/30-39,60-100,40-49/ethnicity/latino,other HTTP/1.1" 200 17533 "-" "Mozilla/5.0 AppleWebKit/537.36 (KHTML, like Gecko; compatible; ClaudeBot/1.0; +claudebot@anthropic.com)"
216.73.216.38 - - [04/Apr/2026:01:32:09 -0400] "GET /gender/m/age/50-59/hair/white,black,grey/ethnicity/black HTTP/1.1" 200 17550 "-" "Mozilla/5.0 AppleWebKit/537.36 (KHTML, like Gecko; compatible; ClaudeBot/1.0; +claudebot@anthropic.com)"
216.73.216.38 - - [04/Apr/2026:01:32:09 -0400] "GET /age/20-29/hair/brown,white,grey/ethnicity/islander,native,white HTTP/1.1" 200 18019 "-" "Mozilla/5.0 AppleWebKit/537.36 (KHTML, like Gecko; compatible; ClaudeBot/1.0; +claudebot@anthropic.com)"
216.73.216.38 - - [04/Apr/2026:01:32:09 -0400] "GET /status/online/age/40-49/hair/black,white,brown,auburn/ethnicity/native HTTP/1.1" 200 18213 "-" "Mozilla/5.0 AppleWebKit/537.36 (KHTML, like Gecko; compatible; ClaudeBot/1.0; +claudebot@anthropic.com)"
216.73.216.38 - - [04/Apr/2026:01:32:09 -0400] "GET /status/online/gender/c/age/40-49/hair/red/ethnicity/black,white,native HTTP/1.1" 200 18206 "-" "Mozilla/5.0 AppleWebKit/537.36 (KHTML, like Gecko; compatible; ClaudeBot/1.0; +claudebot@anthropic.com)"
216.73.216.38 - - [04/Apr/2026:01:32:09 -0400] "GET /gender/c,t/age/60-100,40-49,30-39/ethnicity/asian HTTP/1.1" 200 17360 "-" "Mozilla/5.0 AppleWebKit/537.36 (KHTML, like Gecko; compatible; ClaudeBot/1.0; +claudebot@anthropic.com)"
74.7.227.30 - - [04/Apr/2026:01:32:09 -0400] "GET /age/30-39,20-29/ethnicity/east-indian,other,latino,native,islander,black,asian,white HTTP/1.1" 200 19155 "https://nudcam.com/age/30-39/ethnicity/east-indian,other,latino,native,islander,black,asian,white" "Mozilla/5.0 AppleWebKit/537.36 (KHTML, like Gecko; compatible; GPTBot/1.3; +https://openai.com/gptbot)"
216.73.216.38 - - [04/Apr/2026:01:32:09 -0400] "GET /gender/t/hair/auburn,grey/ethnicity/native,islander,black HTTP/1.1" 200 17633 "-" "Mozilla/5.0 AppleWebKit/537.36 (KHTML, like Gecko; compatible; ClaudeBot/1.0; +claudebot@anthropic.com)"
216.73.216.38 - - [04/Apr/2026:01:32:10 -0400] "GET /gender/f/age/20-29,30-39,40-49/ethnicity/other,native,islander HTTP/1.1" 200 17983 "-" "Mozilla/5.0 AppleWebKit/537.36 (KHTML, like Gecko; compatible; ClaudeBot/1.0; +claudebot@anthropic.com)"
144.76.32.236 - - [04/Apr/2026:01:32:10 -0400] "GET /gender/c,m,t/hair/red,grey,blonde/sites/11 HTTP/1.1" 200 17022 "-" "Mozilla/5.0 (compatible; SERankingBacklinksBot/1.0; +https://seranking.com/backlinks-crawler)"
216.73.216.38 - - [04/Apr/2026:01:32:10 -0400] "GET /status/offline/gender/f/hair/brown,white/ethnicity/latino,islander HTTP/1.1" 200 17911 "-" "Mozilla/5.0 AppleWebKit/537.36 (KHTML, like Gecko; compatible; ClaudeBot/1.0; +claudebot@anthropic.com)"
17.241.219.177 - - [04/Apr/2026:01:32:10 -0400] "GET /status/offline/age/30-39/hair/black,white,grey HTTP/1.1" 200 17147 "-" "Mozilla/5.0 (Macintosh; Intel Mac OS X 10_15_7) AppleWebKit/605.1.15 (KHTML, like Gecko) Version/17.4 Safari/605.1.15 (Applebot/0.1; +http://www.apple.com/go/applebot)"
216.73.216.38 - - [04/Apr/2026:01:32:10 -0400] "GET /status/offline/gender/t,f,m/age/30-39,40-49/hair/grey HTTP/1.1" 200 17704 "-" "Mozilla/5.0 AppleWebKit/537.36 (KHTML, like Gecko; compatible; ClaudeBot/1.0; +claudebot@anthropic.com)"
216.73.216.38 - - [04/Apr/2026:01:32:10 -0400] "GET /gender/t,c/age/18-19/hair/red,brown,white HTTP/1.1" 200 17155 "-" "Mozilla/5.0 AppleWebKit/537.36 (KHTML, like Gecko; compatible; ClaudeBot/1.0; +claudebot@anthropic.com)"
74.7.227.134 - - [04/Apr/2026:01:32:10 -0400] "GET /age/40-49,50-59/ethnicity/news-leonardo-faz-homenagem-apos-morte-de-assessora-cuidou-de-mim-como-filho,latino,asian,native,islander,white,east-indian,other HTTP/1.1" 200 22143 "https://www.nudcam.com/age/40-49,50-59/ethnicity/news-leonardo-faz-homenagem-apos-morte-de-assessora-cuidou-de-mim-como-filho,latino,asian,native,black,islander,white,east-indian,other" "Mozilla/5.0 AppleWebKit/537.36 (KHTML, like Gecko; compatible; GPTBot/1.3; +https://openai.com/gptbot)"
216.73.216.38 - - [04/Apr/2026:01:32:10 -0400] "GET /status/offline/age/60-100/hair/red,grey/ethnicity/black,east-indian HTTP/1.1" 200 17948 "-" "Mozilla/5.0 AppleWebKit/537.36 (KHTML, like Gecko; compatible; ClaudeBot/1.0; +claudebot@anthropic.com)"
216.73.216.38 - - [04/Apr/2026:01:32:10 -0400] "GET /gender/m/age/20-29,40-49/hair/white/ethnicity/black,other HTTP/1.1" 200 17602 "-" "Mozilla/5.0 AppleWebKit/537.36 (KHTML, like Gecko; compatible; ClaudeBot/1.0; +claudebot@anthropic.com)"
216.73.216.38 - - [04/Apr/2026:01:32:10 -0400] "GET /gender/m/age/20-29/ethnicity/black,east-indian,white HTTP/1.1" 200 17295 "-" "Mozilla/5.0 AppleWebKit/537.36 (KHTML, like Gecko; compatible; ClaudeBot/1.0; +claudebot@anthropic.com)"
216.73.216.38 - - [04/Apr/2026:01:32:10 -0400] "GET /status/online/gender/c/age/60-100/ethnicity/black,islander,native,asian HTTP/1.1" 200 18275 "-" "Mozilla/5.0 AppleWebKit/537.36 (KHTML, like Gecko; compatible; ClaudeBot/1.0; +claudebot@anthropic.com)"
216.73.216.38 - - [04/Apr/2026:01:32:10 -0400] "GET /status/offline/gender/c,m,f/hair/grey/ethnicity/black,other HTTP/1.1" 200 17867 "-" "Mozilla/5.0 AppleWebKit/537.36 (KHTML, like Gecko; compatible; ClaudeBot/1.0; +claudebot@anthropic.com)"
216.73.216.38 - - [04/Apr/2026:01:32:10 -0400] "GET /status/online/gender/c/age/60-100/ethnicity/black,native,islander,asian HTTP/1.1" 200 18275 "-" "Mozilla/5.0 AppleWebKit/537.36 (KHTML, like Gecko; compatible; ClaudeBot/1.0; +claudebot@anthropic.com)"
216.73.216.38 - - [04/Apr/2026:01:32:10 -0400] "GET /age/40-49,20-29/hair/grey,blonde,white,brown HTTP/1.1" 200 17268 "-" "Mozilla/5.0 AppleWebKit/537.36 (KHTML, like Gecko; compatible; ClaudeBot/1.0; +claudebot@anthropic.com)"
17.246.15.107 - - [04/Apr/2026:01:32:10 -0400] "GET /status/offline/gender/t,m/age/60-100/hair/brown/ethnicity/native/languages/french HTTP/1.1" 200 18413 "-" "Mozilla/5.0 (Macintosh; Intel Mac OS X 10_15_7) AppleWebKit/605.1.15 (KHTML, like Gecko) Version/17.4 Safari/605.1.15 (Applebot/0.1; +http://www.apple.com/go/applebot)"
216.73.216.38 - - [04/Apr/2026:01:32:11 -0400] "GET /age/20-29/hair/auburn,brown,grey/ethnicity/native,latino HTTP/1.1" 200 17601 "-" "Mozilla/5.0 AppleWebKit/537.36 (KHTML, like Gecko; compatible; ClaudeBot/1.0; +claudebot@anthropic.com)"
74.7.227.30 - - [04/Apr/2026:01:32:11 -0400] "GET /age/30-39,40-49/ethnicity/east-indian,other,latino,native,islander,black,asian,white HTTP/1.1" 200 19155 "https://nudcam.com/age/30-39/ethnicity/east-indian,other,latino,native,islander,black,asian,white" "Mozilla/5.0 AppleWebKit/537.36 (KHTML, like Gecko; compatible; GPTBot/1.3; +https://openai.com/gptbot)"
216.73.216.38 - - [04/Apr/2026:01:32:11 -0400] "GET /status/online/gender/f/age/50-59/hair/white,brown/ethnicity/other HTTP/1.1" 200 17833 "-" "Mozilla/5.0 AppleWebKit/537.36 (KHTML, like Gecko; compatible; ClaudeBot/1.0; +claudebot@anthropic.com)"
216.73.216.38 - - [04/Apr/2026:01:32:11 -0400] "GET /status/offline/gender/m,t/age/60-100/hair/white,red/ethnicity/native HTTP/1.1" 200 18134 "-" "Mozilla/5.0 AppleWebKit/537.36 (KHTML, like Gecko; compatible; ClaudeBot/1.0; +claudebot@anthropic.com)"
216.73.216.38 - - [04/Apr/2026:01:32:11 -0400] "GET /status/offline,online/age/30-39/hair/black/ethnicity/native,white,black HTTP/1.1" 200 18277 "-" "Mozilla/5.0 AppleWebKit/537.36 (KHTML, like Gecko; compatible; ClaudeBot/1.0; +claudebot@anthropic.com)"
74.7.227.134 - - [04/Apr/2026:01:32:11 -0400] "GET /age/40-49,50-59,18-19/ethnicity/news-leonardo-faz-homenagem-apos-morte-de-assessora-cuidou-de-mim-como-filho,latino,asian,native,black,islander,white,east-indian,other HTTP/1.1" 200 23162 "https://www.nudcam.com/age/40-49,50-59/ethnicity/news-leonardo-faz-homenagem-apos-morte-de-assessora-cuidou-de-mim-como-filho,latino,asian,native,black,islander,white,east-indian,other" "Mozilla/5.0 AppleWebKit/537.36 (KHTML, like Gecko; compatible; GPTBot/1.3; +https://openai.com/gptbot)"
216.73.216.38 - - [04/Apr/2026:01:32:11 -0400] "GET /gender/t,f/age/40-49/hair/grey,red,white/ethnicity/native HTTP/1.1" 200 17778 "-" "Mozilla/5.0 AppleWebKit/537.36 (KHTML, like Gecko; compatible; ClaudeBot/1.0; +claudebot@anthropic.com)"
216.73.216.38 - - [04/Apr/2026:01:32:11 -0400] "GET /status/offline/gender/f,c,m/age/60-100,50-59,30-39/ethnicity/native HTTP/1.1" 200 18314 "-" "Mozilla/5.0 AppleWebKit/537.36 (KHTML, like Gecko; compatible; ClaudeBot/1.0; +claudebot@anthropic.com)"
216.73.216.38 - - [04/Apr/2026:01:32:11 -0400] "GET /gender/t/hair/auburn,brown/ethnicity/latino,white HTTP/1.1" 200 17196 "-" "Mozilla/5.0 AppleWebKit/537.36 (KHTML, like Gecko; compatible; ClaudeBot/1.0; +claudebot@anthropic.com)"
216.73.216.38 - - [04/Apr/2026:01:32:11 -0400] "GET /gender/c,m/age/30-39,40-49/ethnicity/white,other,islander HTTP/1.1" 200 17831 "-" "Mozilla/5.0 AppleWebKit/537.36 (KHTML, like Gecko; compatible; ClaudeBot/1.0; +claudebot@anthropic.com)"
216.73.216.38 - - [04/Apr/2026:01:32:11 -0400] "GET /gender/t/hair/black,brown/ethnicity/native,other,white HTTP/1.1" 200 17534 "-" "Mozilla/5.0 AppleWebKit/537.36 (KHTML, like Gecko; compatible; ClaudeBot/1.0; +claudebot@anthropic.com)"
216.73.216.38 - - [04/Apr/2026:01:32:11 -0400] "GET /gender/c/hair/red,white,black/ethnicity/islander,black HTTP/1.1" 200 17531 "-" "Mozilla/5.0 AppleWebKit/537.36 (KHTML, like Gecko; compatible; ClaudeBot/1.0; +claudebot@anthropic.com)"
216.73.216.38 - - [04/Apr/2026:01:32:11 -0400] "GET /status/online/age/20-29,18-19/hair/blonde,red/ethnicity/white HTTP/1.1" 200 17731 "-" "Mozilla/5.0 AppleWebKit/537.36 (KHTML, like Gecko; compatible; ClaudeBot/1.0; +claudebot@anthropic.com)"
74.7.227.30 - - [04/Apr/2026:01:32:12 -0400] "GET /age/50-59/ethnicity/black,latino,asian,native,east-indian,islander,other,white HTTP/1.1" 200 18734 "https://nudcam.com/ethnicity/black,latino,asian,native,east-indian,islander,other,white" "Mozilla/5.0 AppleWebKit/537.36 (KHTML, like Gecko; compatible; GPTBot/1.3; +https://openai.com/gptbot)"
216.73.216.38 - - [04/Apr/2026:01:32:12 -0400] "GET /age/30-39/hair/auburn,blonde/ethnicity/islander,native,black HTTP/1.1" 200 17737 "-" "Mozilla/5.0 AppleWebKit/537.36 (KHTML, like Gecko; compatible; ClaudeBot/1.0; +claudebot@anthropic.com)"
52.4.238.8 - - [04/Apr/2026:01:32:12 -0400] "GET /status/offline,online/gender/t,c/age/60-100/hair/red,brown/ethnicity/latino,native/languages/thai HTTP/1.1" 200 19404 "-" "Mozilla/5.0 AppleWebKit/537.36 (KHTML, like Gecko; compatible; Amazonbot/0.1; +https://developer.amazon.com/support/amazonbot) Chrome/119.0.6045.214 Safari/537.36"
216.73.216.38 - - [04/Apr/2026:01:32:12 -0400] "GET /gender/c,t,f/ethnicity/other,latino,asian HTTP/1.1" 200 17146 "-" "Mozilla/5.0 AppleWebKit/537.36 (KHTML, like Gecko; compatible; ClaudeBot/1.0; +claudebot@anthropic.com)"
216.73.216.38 - - [04/Apr/2026:01:32:12 -0400] "GET /status/offline/gender/m/ethnicity/latino,other,native,islander,black HTTP/1.1" 200 18196 "-" "Mozilla/5.0 AppleWebKit/537.36 (KHTML, like Gecko; compatible; ClaudeBot/1.0; +claudebot@anthropic.com)"
216.73.216.38 - - [04/Apr/2026:01:32:12 -0400] "GET /status/online/gender/c,m/age/50-59/ethnicity/islander,white,black HTTP/1.1" 200 18082 "-" "Mozilla/5.0 AppleWebKit/537.36 (KHTML, like Gecko; compatible; ClaudeBot/1.0; +claudebot@anthropic.com)"
216.73.216.38 - - [04/Apr/2026:01:32:12 -0400] "GET /status/offline/gender/c/hair/brown,black,grey/ethnicity/islander,native HTTP/1.1" 200 18267 "-" "Mozilla/5.0 AppleWebKit/537.36 (KHTML, like Gecko; compatible; ClaudeBot/1.0; +claudebot@anthropic.com)"
74.7.227.134 - - [04/Apr/2026:01:32:12 -0400] "GET /age/18-19,50-59/ethnicity/news-leonardo-faz-homenagem-apos-morte-de-assessora-cuidou-de-mim-como-filho,islander,native,white,asian,east-indian,latino,other HTTP/1.1" 200 22143 "https://www.nudcam.com/age/18-19,50-59/ethnicity/news-leonardo-faz-homenagem-apos-morte-de-assessora-cuidou-de-mim-como-filho,islander,native,white,asian,east-indian,latino,black,other" "Mozilla/5.0 AppleWebKit/537.36 (KHTML, like Gecko; compatible; GPTBot/1.3; +https://openai.com/gptbot)"
216.73.216.38 - - [04/Apr/2026:01:32:12 -0400] "GET /status/online/age/40-49,20-29/hair/blonde,grey/ethnicity/other HTTP/1.1" 200 17764 "-" "Mozilla/5.0 AppleWebKit/537.36 (KHTML, like Gecko; compatible; ClaudeBot/1.0; +claudebot@anthropic.com)"
216.73.216.38 - - [04/Apr/2026:01:32:12 -0400] "GET /age/20-29/hair/white,auburn/ethnicity/native,latino,islander HTTP/1.1" 200 17737 "-" "Mozilla/5.0 AppleWebKit/537.36 (KHTML, like Gecko; compatible; ClaudeBot/1.0; +claudebot@anthropic.com)"
216.73.216.38 - - [04/Apr/2026:01:32:12 -0400] "GET /hair/blonde,black/ethnicity/native,black,other,islander HTTP/1.1" 200 17597 "-" "Mozilla/5.0 AppleWebKit/537.36 (KHTML, like Gecko; compatible; ClaudeBot/1.0; +claudebot@anthropic.com)"
216.73.216.38 - - [04/Apr/2026:01:32:12 -0400] "GET /status/online/hair/brown,red,white/ethnicity/islander,latino HTTP/1.1" 200 17738 "-" "Mozilla/5.0 AppleWebKit/537.36 (KHTML, like Gecko; compatible; ClaudeBot/1.0; +claudebot@anthropic.com)"
216.73.216.38 - - [04/Apr/2026:01:32:12 -0400] "GET /status/offline/gender/t,m,f/age/40-49,20-29/ethnicity/asian HTTP/1.1" 200 17857 "-" "Mozilla/5.0 AppleWebKit/537.36 (KHTML, like Gecko; compatible; ClaudeBot/1.0; +claudebot@anthropic.com)"
216.73.216.38 - - [04/Apr/2026:01:32:12 -0400] "GET /hair/blonde,auburn,red,white,black/ethnicity/white HTTP/1.1" 200 17400 "-" "Mozilla/5.0 AppleWebKit/537.36 (KHTML, like Gecko; compatible; ClaudeBot/1.0; +claudebot@anthropic.com)"
216.73.216.38 - - [04/Apr/2026:01:32:13 -0400] "GET /age/60-100,40-49,20-29/hair/blonde,white/ethnicity/native HTTP/1.1" 200 17612 "-" "Mozilla/5.0 AppleWebKit/537.36 (KHTML, like Gecko; compatible; ClaudeBot/1.0; +claudebot@anthropic.com)"
74.7.227.30 - - [04/Apr/2026:01:32:13 -0400] "GET /age/50-59,30-39/hair/black,red/ethnicity/east-indian,other,islander,white,latino,asian,black,native HTTP/1.1" 200 20119 "https://nudcam.com/age/50-59,30-39/hair/black/ethnicity/east-indian,other,islander,white,latino,asian,black,native" "Mozilla/5.0 AppleWebKit/537.36 (KHTML, like Gecko; compatible; GPTBot/1.3; +https://openai.com/gptbot)"
216.73.216.38 - - [04/Apr/2026:01:32:13 -0400] "GET /status/offline/age/40-49/hair/brown,red/ethnicity/native,other,asian HTTP/1.1" 200 18173 "-" "Mozilla/5.0 AppleWebKit/537.36 (KHTML, like Gecko; compatible; ClaudeBot/1.0; +claudebot@anthropic.com)"
216.73.216.38 - - [04/Apr/2026:01:32:13 -0400] "GET /age/30-39/hair/white,auburn/ethnicity/latino,black,native HTTP/1.1" 200 17638 "-" "Mozilla/5.0 AppleWebKit/537.36 (KHTML, like Gecko; compatible; ClaudeBot/1.0; +claudebot@anthropic.com)"
216.73.216.38 - - [04/Apr/2026:01:32:13 -0400] "GET /gender/t/age/18-19,40-49/ethnicity/native,white,islander,black HTTP/1.1" 200 17989 "-" "Mozilla/5.0 AppleWebKit/537.36 (KHTML, like Gecko; compatible; ClaudeBot/1.0; +claudebot@anthropic.com)"
216.73.216.38 - - [04/Apr/2026:01:32:13 -0400] "GET /status/offline/hair/white/ethnicity/other,asian,black,native HTTP/1.1" 200 17736 "-" "Mozilla/5.0 AppleWebKit/537.36 (KHTML, like Gecko; compatible; ClaudeBot/1.0; +claudebot@anthropic.com)"
216.73.216.38 - - [04/Apr/2026:01:32:13 -0400] "GET /status/online/gender/m/age/30-39,20-29/ethnicity/black,native,other HTTP/1.1" 200 18138 "-" "Mozilla/5.0 AppleWebKit/537.36 (KHTML, like Gecko; compatible; ClaudeBot/1.0; +claudebot@anthropic.com)"
74.7.227.134 - - [04/Apr/2026:01:32:13 -0400] "GET /gender/t/age/18-19,30-39,40-49/ethnicity/news-leonardo-faz-homenagem-apos-morte-de-assessora-cuidou-de-mim-como-filho,islander,white,black,native,asian,latino HTTP/1.1" 200 22499 "https://www.nudcam.com/gender/c,t/age/18-19,30-39,40-49/ethnicity/news-leonardo-faz-homenagem-apos-morte-de-assessora-cuidou-de-mim-como-filho,islander,white,black,native,asian,latino" "Mozilla/5.0 AppleWebKit/537.36 (KHTML, like Gecko; compatible; GPTBot/1.3; +https://openai.com/gptbot)"
216.73.216.38 - - [04/Apr/2026:01:32:13 -0400] "GET /status/online/gender/c,m/age/18-19/hair/red,blonde HTTP/1.1" 200 17435 "-" "Mozilla/5.0 AppleWebKit/537.36 (KHTML, like Gecko; compatible; ClaudeBot/1.0; +claudebot@anthropic.com)"
17.246.19.77 - - [04/Apr/2026:01:32:13 -0400] "GET /status/offline/gender/t/age/20-29/hair/auburn,black/ethnicity/native/sites/1 HTTP/1.1" 200 18225 "-" "Mozilla/5.0 (Macintosh; Intel Mac OS X 10_15_7) AppleWebKit/605.1.15 (KHTML, like Gecko) Version/17.4 Safari/605.1.15 (Applebot/0.1; +http://www.apple.com/go/applebot)"
216.73.216.38 - - [04/Apr/2026:01:32:13 -0400] "GET /status/online/gender/c,m/age/30-39,60-100/ethnicity/islander,white HTTP/1.1" 200 18117 "-" "Mozilla/5.0 AppleWebKit/537.36 (KHTML, like Gecko; compatible; ClaudeBot/1.0; +claudebot@anthropic.com)"
216.73.216.38 - - [04/Apr/2026:01:32:13 -0400] "GET /status/online/gender/t/age/30-39/ethnicity/islander,native,other,black HTTP/1.1" 200 18240 "-" "Mozilla/5.0 AppleWebKit/537.36 (KHTML, like Gecko; compatible; ClaudeBot/1.0; +claudebot@anthropic.com)"
216.73.216.38 - - [04/Apr/2026:01:32:13 -0400] "GET /age/50-59,40-49/hair/white,black,brown/ethnicity/islander HTTP/1.1" 200 17615 "-" "Mozilla/5.0 AppleWebKit/537.36 (KHTML, like Gecko; compatible; ClaudeBot/1.0; +claudebot@anthropic.com)"
216.73.216.38 - - [04/Apr/2026:01:32:13 -0400] "GET /status/offline/gender/m/age/20-29,30-39/ethnicity/islander,native,latino HTTP/1.1" 200 18308 "-" "Mozilla/5.0 AppleWebKit/537.36 (KHTML, like Gecko; compatible; ClaudeBot/1.0; +claudebot@anthropic.com)"
216.73.216.38 - - [04/Apr/2026:01:32:14 -0400] "GET /age/60-100,20-29,40-49,18-19/hair/white,grey HTTP/1.1" 200 17262 "-" "Mozilla/5.0 AppleWebKit/537.36 (KHTML, like Gecko; compatible; ClaudeBot/1.0; +claudebot@anthropic.com)"
216.73.216.38 - - [04/Apr/2026:01:32:14 -0400] "GET /gender/c/age/30-39/hair/brown,grey,auburn/ethnicity/white HTTP/1.1" 200 17585 "-" "Mozilla/5.0 AppleWebKit/537.36 (KHTML, like Gecko; compatible; ClaudeBot/1.0; +claudebot@anthropic.com)"
74.7.227.30 - - [04/Apr/2026:01:32:14 -0400] "GET /gender/f/age/50-59,30-39/hair/black/ethnicity/east-indian,other,islander,white,latino,asian,black,native HTTP/1.1" 200 20279 "https://nudcam.com/age/50-59,30-39/hair/black/ethnicity/east-indian,other,islander,white,latino,asian,black,native" "Mozilla/5.0 AppleWebKit/537.36 (KHTML, like Gecko; compatible; GPTBot/1.3; +https://openai.com/gptbot)"
216.73.216.38 - - [04/Apr/2026:01:32:14 -0400] "GET /age/18-19,30-39/ethnicity/white,black,latino,asian HTTP/1.1" 200 17437 "-" "Mozilla/5.0 AppleWebKit/537.36 (KHTML, like Gecko; compatible; ClaudeBot/1.0; +claudebot@anthropic.com)"
216.73.216.38 - - [04/Apr/2026:01:32:14 -0400] "GET /status/offline/gender/m,f/age/18-19/hair/black,red,grey HTTP/1.1" 200 17775 "-" "Mozilla/5.0 AppleWebKit/537.36 (KHTML, like Gecko; compatible; ClaudeBot/1.0; +claudebot@anthropic.com)"
216.73.216.38 - - [04/Apr/2026:01:32:14 -0400] "GET /gender/f,t,c/ethnicity/black,islander,other,white HTTP/1.1" 200 17583 "-" "Mozilla/5.0 AppleWebKit/537.36 (KHTML, like Gecko; compatible; ClaudeBot/1.0; +claudebot@anthropic.com)"
216.73.216.38 - - [04/Apr/2026:01:32:14 -0400] "GET /status/offline/age/60-100,50-59,18-19/ethnicity/white,native,latino HTTP/1.1" 200 18162 "-" "Mozilla/5.0 AppleWebKit/537.36 (KHTML, like Gecko; compatible; ClaudeBot/1.0; +claudebot@anthropic.com)"
74.7.227.134 - - [04/Apr/2026:01:32:14 -0400] "GET /age/40-49,30-39/ethnicity/news-leonardo-faz-homenagem-apos-morte-de-assessora-cuidou-de-mim-como-filho,latino,asian,native,black,islander,white,other HTTP/1.1" 200 21921 "https://www.nudcam.com/age/40-49,30-39/ethnicity/news-leonardo-faz-homenagem-apos-morte-de-assessora-cuidou-de-mim-como-filho,latino,asian,native,black,islander,white,east-indian,other" "Mozilla/5.0 AppleWebKit/537.36 (KHTML, like Gecko; compatible; GPTBot/1.3; +https://openai.com/gptbot)"
216.73.216.38 - - [04/Apr/2026:01:32:14 -0400] "GET /status/offline/gender/f/age/50-59/hair/grey/ethnicity/white,native,islander HTTP/1.1" 200 18376 "-" "Mozilla/5.0 AppleWebKit/537.36 (KHTML, like Gecko; compatible; ClaudeBot/1.0; +claudebot@anthropic.com)"
74.7.227.30 - - [04/Apr/2026:01:32:15 -0400] "GET /age/40-49/ethnicity/native,other,white,black,islander,east-indian,latino,asian HTTP/1.1" 200 18734 "https://nudcam.com/ethnicity/native,other,white,black,islander,east-indian,latino,asian" "Mozilla/5.0 AppleWebKit/537.36 (KHTML, like Gecko; compatible; GPTBot/1.3; +https://openai.com/gptbot)"
216.73.216.38 - - [04/Apr/2026:01:32:15 -0400] "GET /status/online/gender/c,m,t/age/50-59/hair/brown HTTP/1.1" 200 17328 "-" "Mozilla/5.0 AppleWebKit/537.36 (KHTML, like Gecko; compatible; ClaudeBot/1.0; +claudebot@anthropic.com)"
216.73.216.38 - - [04/Apr/2026:01:32:15 -0400] "GET /hair/red,black,white,brown,blonde/ethnicity/black HTTP/1.1" 200 17367 "-" "Mozilla/5.0 AppleWebKit/537.36 (KHTML, like Gecko; compatible; ClaudeBot/1.0; +claudebot@anthropic.com)"
216.73.216.38 - - [04/Apr/2026:01:32:15 -0400] "GET /status/offline/gender/c,t/age/20-29/hair/grey/ethnicity/latino HTTP/1.1" 200 17740 "-" "Mozilla/5.0 AppleWebKit/537.36 (KHTML, like Gecko; compatible; ClaudeBot/1.0; +claudebot@anthropic.com)"
216.73.216.38 - - [04/Apr/2026:01:32:15 -0400] "GET /status/online/age/50-59,18-19,60-100,40-49/ethnicity/black,native HTTP/1.1" 200 18087 "-" "Mozilla/5.0 AppleWebKit/537.36 (KHTML, like Gecko; compatible; ClaudeBot/1.0; +claudebot@anthropic.com)"
216.73.216.38 - - [04/Apr/2026:01:32:15 -0400] "GET /status/offline/hair/red,blonde,black,grey,brown/ethnicity/native HTTP/1.1" 200 18030 "-" "Mozilla/5.0 AppleWebKit/537.36 (KHTML, like Gecko; compatible; ClaudeBot/1.0; +claudebot@anthropic.com)"
216.73.216.38 - - [04/Apr/2026:01:32:15 -0400] "GET /age/40-49,18-19/hair/black,auburn/ethnicity/other,native HTTP/1.1" 200 17606 "-" "Mozilla/5.0 AppleWebKit/537.36 (KHTML, like Gecko; compatible; ClaudeBot/1.0; +claudebot@anthropic.com)"
144.76.32.236 - - [04/Apr/2026:01:32:15 -0400] "GET /gender/c,m,f/hair/red,grey,blonde/sites/11 HTTP/1.1" 200 17023 "-" "Mozilla/5.0 (compatible; SERankingBacklinksBot/1.0; +https://seranking.com/backlinks-crawler)"
216.73.216.38 - - [04/Apr/2026:01:32:15 -0400] "GET /status/online/gender/t,f,m,c/age/50-59/ethnicity/other HTTP/1.1" 200 17685 "-" "Mozilla/5.0 AppleWebKit/537.36 (KHTML, like Gecko; compatible; ClaudeBot/1.0; +claudebot@anthropic.com)"
74.7.227.134 - - [04/Apr/2026:01:32:15 -0400] "GET /age/40-49,30-39/hair/white/ethnicity/news-leonardo-faz-homenagem-apos-morte-de-assessora-cuidou-de-mim-como-filho,latino,asian,native,black,islander,white,east-indian,other HTTP/1.1" 200 23329 "https://www.nudcam.com/age/40-49,30-39/ethnicity/news-leonardo-faz-homenagem-apos-morte-de-assessora-cuidou-de-mim-como-filho,latino,asian,native,black,islander,white,east-indian,other" "Mozilla/5.0 AppleWebKit/537.36 (KHTML, like Gecko; compatible; GPTBot/1.3; +https://openai.com/gptbot)"
216.73.216.38 - - [04/Apr/2026:01:32:15 -0400] "GET /age/30-39,50-59,40-49,60-100/ethnicity/latino,native HTTP/1.1" 200 17489 "-" "Mozilla/5.0 AppleWebKit/537.36 (KHTML, like Gecko; compatible; ClaudeBot/1.0; +claudebot@anthropic.com)"
216.73.216.38 - - [04/Apr/2026:01:32:15 -0400] "GET /status/offline/gender/m,f/age/40-49,30-39/ethnicity/white,other,native HTTP/1.1" 200 18447 "-" "Mozilla/5.0 AppleWebKit/537.36 (KHTML, like Gecko; compatible; ClaudeBot/1.0; +claudebot@anthropic.com)"
66.249.66.192 - - [04/Apr/2026:01:32:15 -0400] "GET /ethnicity/native,white,asian,other,east-indian,latino,black HTTP/1.1" 200 17717 "-" "Mozilla/5.0 (Linux; Android 6.0.1; Nexus 5X Build/MMB29P) AppleWebKit/537.36 (KHTML, like Gecko) Chrome/146.0.7680.177 Mobile Safari/537.36 (compatible; Googlebot/2.1; +http://www.google.com/bot.html)"
216.73.216.38 - - [04/Apr/2026:01:32:15 -0400] "GET /status/online/gender/m,t,c/age/40-49/hair/white/ethnicity/native HTTP/1.1" 200 17991 "-" "Mozilla/5.0 AppleWebKit/537.36 (KHTML, like Gecko; compatible; ClaudeBot/1.0; +claudebot@anthropic.com)"
216.73.216.38 - - [04/Apr/2026:01:32:15 -0400] "GET /status/online,offline/gender/c,m/age/40-49/hair/grey/ethnicity/native HTTP/1.1" 200 18171 "-" "Mozilla/5.0 AppleWebKit/537.36 (KHTML, like Gecko; compatible; ClaudeBot/1.0; +claudebot@anthropic.com)"
216.73.216.38 - - [04/Apr/2026:01:32:15 -0400] "GET /status/offline/gender/t,m,c,f/age/20-29/hair/brown HTTP/1.1" 200 17600 "-" "Mozilla/5.0 AppleWebKit/537.36 (KHTML, like Gecko; compatible; ClaudeBot/1.0; +claudebot@anthropic.com)"
216.73.216.38 - - [04/Apr/2026:01:32:16 -0400] "GET /status/online/gender/m,f/age/18-19/hair/blonde/ethnicity/white HTTP/1.1" 200 17739 "-" "Mozilla/5.0 AppleWebKit/537.36 (KHTML, like Gecko; compatible; ClaudeBot/1.0; +claudebot@anthropic.com)"
52.202.52.82 - - [04/Apr/2026:01:32:16 -0400] "GET /status/offline,online/gender/c,f/hair/black,red,white/ethnicity/east-indian,asian,islander,native,black,white/languages/hindi HTTP/1.1" 200 21664 "-" "Mozilla/5.0 AppleWebKit/537.36 (KHTML, like Gecko; compatible; Amazonbot/0.1; +https://developer.amazon.com/support/amazonbot) Chrome/119.0.6045.214 Safari/537.36"
216.73.216.38 - - [04/Apr/2026:01:32:16 -0400] "GET /status/online,offline/gender/t,f/hair/red/ethnicity/islander HTTP/1.1" 200 17707 "-" "Mozilla/5.0 AppleWebKit/537.36 (KHTML, like Gecko; compatible; ClaudeBot/1.0; +claudebot@anthropic.com)"
216.73.216.38 - - [04/Apr/2026:01:32:16 -0400] "GET /status/online/gender/c,f,t,m/age/40-49/ethnicity/latino HTTP/1.1" 200 17719 "-" "Mozilla/5.0 AppleWebKit/537.36 (KHTML, like Gecko; compatible; ClaudeBot/1.0; +claudebot@anthropic.com)"
74.7.227.30 - - [04/Apr/2026:01:32:16 -0400] "GET /age/30-39/ethnicity/asian,white,native,other,latino,black,east-indian,islander HTTP/1.1" 200 18734 "https://nudcam.com/ethnicity/asian,white,native,other,latino,black,east-indian,islander" "Mozilla/5.0 AppleWebKit/537.36 (KHTML, like Gecko; compatible; GPTBot/1.3; +https://openai.com/gptbot)"
17.246.19.95 - - [04/Apr/2026:01:32:16 -0400] "GET /gender/c/hair/blonde,auburn,white/languages/hebrew HTTP/1.1" 200 17165 "-" "Mozilla/5.0 (Macintosh; Intel Mac OS X 10_15_7) AppleWebKit/605.1.15 (KHTML, like Gecko) Version/17.4 Safari/605.1.15 (Applebot/0.1; +http://www.apple.com/go/applebot)"
216.73.216.38 - - [04/Apr/2026:01:32:16 -0400] "GET /status/online/gender/c,t,f,m/age/40-49/ethnicity/latino HTTP/1.1" 200 17719 "-" "Mozilla/5.0 AppleWebKit/537.36 (KHTML, like Gecko; compatible; ClaudeBot/1.0; +claudebot@anthropic.com)"
216.73.216.38 - - [04/Apr/2026:01:32:16 -0400] "GET /status/online/gender/c,m,f/age/18-19/hair/white/ethnicity/native HTTP/1.1" 200 17992 "-" "Mozilla/5.0 AppleWebKit/537.36 (KHTML, like Gecko; compatible; ClaudeBot/1.0; +claudebot@anthropic.com)"
216.73.216.38 - - [04/Apr/2026:01:32:16 -0400] "GET /age/20-29,40-49,30-39/hair/auburn/ethnicity/latino HTTP/1.1" 200 17201 "-" "Mozilla/5.0 AppleWebKit/537.36 (KHTML, like Gecko; compatible; ClaudeBot/1.0; +claudebot@anthropic.com)"
216.73.216.38 - - [04/Apr/2026:01:32:16 -0400] "GET /status/online/gender/f,c,t,m/age/40-49/ethnicity/latino HTTP/1.1" 200 17719 "-" "Mozilla/5.0 AppleWebKit/537.36 (KHTML, like Gecko; compatible; ClaudeBot/1.0; +claudebot@anthropic.com)"
74.7.227.134 - - [04/Apr/2026:01:32:16 -0400] "GET /age/30-39,40-49/ethnicity/news-leonardo-faz-homenagem-apos-morte-de-assessora-cuidou-de-mim-como-filho,native,other,black,asian,islander,latino,white HTTP/1.1" 200 21921 "https://www.nudcam.com/age/30-39,40-49/ethnicity/news-leonardo-faz-homenagem-apos-morte-de-assessora-cuidou-de-mim-como-filho,native,other,black,asian,islander,latino,white,east-indian" "Mozilla/5.0 AppleWebKit/537.36 (KHTML, like Gecko; compatible; GPTBot/1.3; +https://openai.com/gptbot)"
216.73.216.38 - - [04/Apr/2026:01:32:16 -0400] "GET /status/online/gender/m,t/age/18-19/hair/white/ethnicity/islander HTTP/1.1" 200 17804 "-" "Mozilla/5.0 AppleWebKit/537.36 (KHTML, like Gecko; compatible; ClaudeBot/1.0; +claudebot@anthropic.com)"
216.73.216.38 - - [04/Apr/2026:01:32:16 -0400] "GET /status/offline/gender/f,m,c,t/age/40-49/ethnicity/east-indian HTTP/1.1" 200 17923 "-" "Mozilla/5.0 AppleWebKit/537.36 (KHTML, like Gecko; compatible; ClaudeBot/1.0; +claudebot@anthropic.com)"
216.73.216.38 - - [04/Apr/2026:01:32:16 -0400] "GET /status/offline/gender/f,c,m,t/age/40-49/ethnicity/east-indian HTTP/1.1" 200 17923 "-" "Mozilla/5.0 AppleWebKit/537.36 (KHTML, like Gecko; compatible; ClaudeBot/1.0; +claudebot@anthropic.com)"
216.73.216.38 - - [04/Apr/2026:01:32:17 -0400] "GET /status/offline/gender/t,m,f/age/40-49/hair/grey/ethnicity/other HTTP/1.1" 200 17957 "-" "Mozilla/5.0 AppleWebKit/537.36 (KHTML, like Gecko; compatible; ClaudeBot/1.0; +claudebot@anthropic.com)"
216.73.216.38 - - [04/Apr/2026:01:32:17 -0400] "GET /age/40-49,20-29,50-59,30-39/hair/grey/ethnicity/native HTTP/1.1" 200 17500 "-" "Mozilla/5.0 AppleWebKit/537.36 (KHTML, like Gecko; compatible; ClaudeBot/1.0; +claudebot@anthropic.com)"
216.73.216.38 - - [04/Apr/2026:01:32:17 -0400] "GET /status/online,offline/gender/t,f,c/age/30-39/ethnicity/other HTTP/1.1" 200 17900 "-" "Mozilla/5.0 AppleWebKit/537.36 (KHTML, like Gecko; compatible; ClaudeBot/1.0; +claudebot@anthropic.com)"
216.73.216.38 - - [04/Apr/2026:01:32:17 -0400] "GET /status/offline/gender/c,t,m,f/age/40-49/ethnicity/east-indian HTTP/1.1" 200 17923 "-" "Mozilla/5.0 AppleWebKit/537.36 (KHTML, like Gecko; compatible; ClaudeBot/1.0; +claudebot@anthropic.com)"
74.7.227.30 - - [04/Apr/2026:01:32:17 -0400] "GET /age/50-59/ethnicity/islander,native,east-indian,latino,white,black,asian,other HTTP/1.1" 200 18734 "https://nudcam.com/ethnicity/islander,native,east-indian,latino,white,black,asian,other" "Mozilla/5.0 AppleWebKit/537.36 (KHTML, like Gecko; compatible; GPTBot/1.3; +https://openai.com/gptbot)"
216.73.216.38 - - [04/Apr/2026:01:32:17 -0400] "GET /status/offline/gender/m,t,c,f/age/20-29/hair/brown HTTP/1.1" 200 17600 "-" "Mozilla/5.0 AppleWebKit/537.36 (KHTML, like Gecko; compatible; ClaudeBot/1.0; +claudebot@anthropic.com)"
216.73.216.38 - - [04/Apr/2026:01:32:17 -0400] "GET /gender/t,f/hair/white,brown,red,auburn HTTP/1.1" 200 17077 "-" "Mozilla/5.0 AppleWebKit/537.36 (KHTML, like Gecko; compatible; ClaudeBot/1.0; +claudebot@anthropic.com)"
216.73.216.38 - - [04/Apr/2026:01:32:17 -0400] "GET /status/online/gender/f/age/18-19/hair/brown/ethnicity/east-indian HTTP/1.1" 200 17638 "-" "Mozilla/5.0 AppleWebKit/537.36 (KHTML, like Gecko; compatible; ClaudeBot/1.0; +claudebot@anthropic.com)"
216.73.216.38 - - [04/Apr/2026:01:32:17 -0400] "GET /age/30-39,60-100,40-49/hair/white,auburn/ethnicity/other HTTP/1.1" 200 17579 "-" "Mozilla/5.0 AppleWebKit/537.36 (KHTML, like Gecko; compatible; ClaudeBot/1.0; +claudebot@anthropic.com)"
216.73.216.38 - - [04/Apr/2026:01:32:17 -0400] "GET /status/offline/age/20-29,50-59,40-49/ethnicity/native,black,white,islander HTTP/1.1" 200 18598 "-" "Mozilla/5.0 AppleWebKit/537.36 (KHTML, like Gecko; compatible; ClaudeBot/1.0; +claudebot@anthropic.com)"
74.7.227.134 - - [04/Apr/2026:01:32:17 -0400] "GET /age/40-49,30-39,50-59/ethnicity/news-leonardo-faz-homenagem-apos-morte-de-assessora-cuidou-de-mim-como-filho,latino,asian,native,black,islander,white,east-indian,other HTTP/1.1" 200 23162 "https://www.nudcam.com/age/40-49,30-39/ethnicity/news-leonardo-faz-homenagem-apos-morte-de-assessora-cuidou-de-mim-como-filho,latino,asian,native,black,islander,white,east-indian,other" "Mozilla/5.0 AppleWebKit/537.36 (KHTML, like Gecko; compatible; GPTBot/1.3; +https://openai.com/gptbot)"
216.73.216.38 - - [04/Apr/2026:01:32:17 -0400] "GET /status/offline/gender/m,c,t,f/age/40-49/ethnicity/east-indian HTTP/1.1" 200 17923 "-" "Mozilla/5.0 AppleWebKit/537.36 (KHTML, like Gecko; compatible; ClaudeBot/1.0; +claudebot@anthropic.com)"
66.249.66.43 - - [04/Apr/2026:01:32:17 -0400] "GET /ethnicity/islander,asian,other,east-indian,latino,black,white,native HTTP/1.1" 200 18211 "-" "Mozilla/5.0 (Linux; Android 6.0.1; Nexus 5X Build/MMB29P) AppleWebKit/537.36 (KHTML, like Gecko) Chrome/146.0.7680.177 Mobile Safari/537.36 (compatible; Googlebot/2.1; +http://www.google.com/bot.html)"
216.73.216.38 - - [04/Apr/2026:01:32:18 -0400] "GET /status/online/age/18-19,20-29,30-39,60-100/hair/grey HTTP/1.1" 200 17500 "-" "Mozilla/5.0 AppleWebKit/537.36 (KHTML, like Gecko; compatible; ClaudeBot/1.0; +claudebot@anthropic.com)"
216.73.216.38 - - [04/Apr/2026:01:32:18 -0400] "GET /gender/t,c,f/age/20-29/hair/black/ethnicity/other HTTP/1.1" 200 17330 "-" "Mozilla/5.0 AppleWebKit/537.36 (KHTML, like Gecko; compatible; ClaudeBot/1.0; +claudebot@anthropic.com)"
216.73.216.38 - - [04/Apr/2026:01:32:18 -0400] "GET /age/18-19,20-29,60-100/hair/brown,grey/ethnicity/white HTTP/1.1" 200 17513 "-" "Mozilla/5.0 AppleWebKit/537.36 (KHTML, like Gecko; compatible; ClaudeBot/1.0; +claudebot@anthropic.com)"
216.73.216.38 - - [04/Apr/2026:01:32:18 -0400] "GET /status/online/gender/c,f,m,t/age/40-49/ethnicity/latino HTTP/1.1" 200 17719 "-" "Mozilla/5.0 AppleWebKit/537.36 (KHTML, like Gecko; compatible; ClaudeBot/1.0; +claudebot@anthropic.com)"
216.73.216.38 - - [04/Apr/2026:01:32:18 -0400] "GET /status/offline/gender/m,t,c/age/40-49/hair/grey/ethnicity/islander HTTP/1.1" 200 18059 "-" "Mozilla/5.0 AppleWebKit/537.36 (KHTML, like Gecko; compatible; ClaudeBot/1.0; +claudebot@anthropic.com)"
216.73.216.38 - - [04/Apr/2026:01:32:18 -0400] "GET /status/online/gender/t,m,c,f/age/40-49/ethnicity/latino HTTP/1.1" 200 17719 "-" "Mozilla/5.0 AppleWebKit/537.36 (KHTML, like Gecko; compatible; ClaudeBot/1.0; +claudebot@anthropic.com)"
74.7.227.30 - - [04/Apr/2026:01:32:18 -0400] "GET /age/50-59/ethnicity/asian,east-indian,latino,islander,black,native,other,white HTTP/1.1" 200 18734 "https://nudcam.com/ethnicity/asian,east-indian,latino,islander,black,native,other,white" "Mozilla/5.0 AppleWebKit/537.36 (KHTML, like Gecko; compatible; GPTBot/1.3; +https://openai.com/gptbot)"
216.73.216.38 - - [04/Apr/2026:01:32:18 -0400] "GET /status/offline/gender/t,f,c/age/40-49/hair/white/ethnicity/other HTTP/1.1" 200 17993 "-" "Mozilla/5.0 AppleWebKit/537.36 (KHTML, like Gecko; compatible; ClaudeBot/1.0; +claudebot@anthropic.com)"
216.73.216.38 - - [04/Apr/2026:01:32:18 -0400] "GET /status/online,offline/gender/t/hair/blonde/ethnicity/asian HTTP/1.1" 200 17446 "-" "Mozilla/5.0 AppleWebKit/537.36 (KHTML, like Gecko; compatible; ClaudeBot/1.0; +claudebot@anthropic.com)"
216.73.216.38 - - [04/Apr/2026:01:32:18 -0400] "GET /age/20-29,40-49,30-39,50-59,60-100/ethnicity/black HTTP/1.1" 200 17396 "-" "Mozilla/5.0 AppleWebKit/537.36 (KHTML, like Gecko; compatible; ClaudeBot/1.0; +claudebot@anthropic.com)"
216.73.216.38 - - [04/Apr/2026:01:32:18 -0400] "GET /gender/t,c,f/age/20-29/hair/brown/ethnicity/islander HTTP/1.1" 200 17429 "-" "Mozilla/5.0 AppleWebKit/537.36 (KHTML, like Gecko; compatible; ClaudeBot/1.0; +claudebot@anthropic.com)"
74.7.227.134 - - [04/Apr/2026:01:32:18 -0400] "GET /age/40-49,50-59,20-29/ethnicity/news-leonardo-faz-homenagem-apos-morte-de-assessora-cuidou-de-mim-como-filho,latino,asian,native,black,islander,white,east-indian,other HTTP/1.1" 200 23162 "https://www.nudcam.com/age/40-49,50-59/ethnicity/news-leonardo-faz-homenagem-apos-morte-de-assessora-cuidou-de-mim-como-filho,latino,asian,native,black,islander,white,east-indian,other" "Mozilla/5.0 AppleWebKit/537.36 (KHTML, like Gecko; compatible; GPTBot/1.3; +https://openai.com/gptbot)"
216.73.216.38 - - [04/Apr/2026:01:32:18 -0400] "GET /status/online/gender/c/age/30-39,40-49,60-100/ethnicity/white,native HTTP/1.1" 200 18167 "-" "Mozilla/5.0 AppleWebKit/537.36 (KHTML, like Gecko; compatible; ClaudeBot/1.0; +claudebot@anthropic.com)"
17.246.23.16 - - [04/Apr/2026:01:32:18 -0400] "GET /status/online/gender/t/ethnicity/black,native,white/languages/italian HTTP/1.1" 200 17895 "-" "Mozilla/5.0 (Macintosh; Intel Mac OS X 10_15_7) AppleWebKit/605.1.15 (KHTML, like Gecko) Version/17.4 Safari/605.1.15 (Applebot/0.1; +http://www.apple.com/go/applebot)"
216.73.216.38 - - [04/Apr/2026:01:32:18 -0400] "GET /age/50-59,30-39,18-19/hair/black/ethnicity/asian HTTP/1.1" 200 17137 "-" "Mozilla/5.0 AppleWebKit/537.36 (KHTML, like Gecko; compatible; ClaudeBot/1.0; +claudebot@anthropic.com)"
216.73.216.38 - - [04/Apr/2026:01:32:19 -0400] "GET /status/online,offline/gender/c,f/age/40-49/hair/red/ethnicity/native HTTP/1.1" 200 18139 "-" "Mozilla/5.0 AppleWebKit/537.36 (KHTML, like Gecko; compatible; ClaudeBot/1.0; +claudebot@anthropic.com)"
216.73.216.38 - - [04/Apr/2026:01:32:19 -0400] "GET /status/offline/gender/m,t,f/age/40-49/hair/grey/ethnicity/other HTTP/1.1" 200 17957 "-" "Mozilla/5.0 AppleWebKit/537.36 (KHTML, like Gecko; compatible; ClaudeBot/1.0; +claudebot@anthropic.com)"
216.73.216.38 - - [04/Apr/2026:01:32:19 -0400] "GET /age/30-39,60-100,40-49,50-59/hair/grey/ethnicity/native HTTP/1.1" 200 17533 "-" "Mozilla/5.0 AppleWebKit/537.36 (KHTML, like Gecko; compatible; ClaudeBot/1.0; +claudebot@anthropic.com)"
216.73.216.38 - - [04/Apr/2026:01:32:19 -0400] "GET /status/online/gender/t,f/age/18-19/hair/blonde/ethnicity/native HTTP/1.1" 200 17773 "-" "Mozilla/5.0 AppleWebKit/537.36 (KHTML, like Gecko; compatible; ClaudeBot/1.0; +claudebot@anthropic.com)"
