216.73.216.38 - - [04/Apr/2026:01:37:32 -0400] "GET /status/offline/age/50-59,40-49/ethnicity/other,white,islander,native/languages/vietnamese HTTP/1.1" 200 18973 "-" "Mozilla/5.0 AppleWebKit/537.36 (KHTML, like Gecko; compatible; ClaudeBot/1.0; +claudebot@anthropic.com)"
74.7.227.134 - - [04/Apr/2026:01:37:33 -0400] "GET /age/40-49,18-19/ethnicity/news-leonardo-faz-homenagem-apos-morte-de-assessora-cuidou-de-mim-como-filho,native,white,east-indian,other,latino,asian,black HTTP/1.1" 200 22032 "https://www.nudcam.com/age/40-49,18-19/ethnicity/news-leonardo-faz-homenagem-apos-morte-de-assessora-cuidou-de-mim-como-filho,native,white,east-indian,other,latino,islander,asian,black" "Mozilla/5.0 AppleWebKit/537.36 (KHTML, like Gecko; compatible; GPTBot/1.3; +https://openai.com/gptbot)"
216.73.216.38 - - [04/Apr/2026:01:37:33 -0400] "GET /status/offline/gender/c/age/40-49/hair/white/ethnicity/native,white/languages/georgian HTTP/1.1" 200 18592 "-" "Mozilla/5.0 AppleWebKit/537.36 (KHTML, like Gecko; compatible; ClaudeBot/1.0; +claudebot@anthropic.com)"
52.167.144.191 - - [04/Apr/2026:01:37:33 -0400] "GET /age/40-49,60-100,50-59,18-19,20-29/ethnicity/black,east-indian,asian HTTP/1.1" 200 18394 "-" "Mozilla/5.0 AppleWebKit/537.36 (KHTML, like Gecko; compatible; bingbot/2.0; +http://www.bing.com/bingbot.htm) Chrome/116.0.1938.76 Safari/537.36"
17.246.15.98 - - [04/Apr/2026:01:37:33 -0400] "GET /gender/f/age/18-19,30-39/languages/french HTTP/1.1" 200 16730 "-" "Mozilla/5.0 (Macintosh; Intel Mac OS X 10_15_7) AppleWebKit/605.1.15 (KHTML, like Gecko) Version/17.4 Safari/605.1.15 (Applebot/0.1; +http://www.apple.com/go/applebot)"
216.73.216.38 - - [04/Apr/2026:01:37:33 -0400] "GET /status/offline/age/60-100/hair/grey/ethnicity/islander,other,white/languages/belarusian HTTP/1.1" 200 18658 "-" "Mozilla/5.0 AppleWebKit/537.36 (KHTML, like Gecko; compatible; ClaudeBot/1.0; +claudebot@anthropic.com)"
216.73.216.38 - - [04/Apr/2026:01:37:33 -0400] "GET /age/40-49,18-19,60-100/ethnicity/black,native,white/languages/fiji HTTP/1.1" 200 18002 "-" "Mozilla/5.0 AppleWebKit/537.36 (KHTML, like Gecko; compatible; ClaudeBot/1.0; +claudebot@anthropic.com)"
216.73.216.38 - - [04/Apr/2026:01:37:33 -0400] "GET /gender/m/age/30-39,18-19,20-29,50-59/languages/kurdish HTTP/1.1" 200 17462 "-" "Mozilla/5.0 AppleWebKit/537.36 (KHTML, like Gecko; compatible; ClaudeBot/1.0; +claudebot@anthropic.com)"
216.73.216.38 - - [04/Apr/2026:01:37:33 -0400] "GET /hair/blonde,grey,red,brown,black/languages/vietnamese HTTP/1.1" 200 17464 "-" "Mozilla/5.0 AppleWebKit/537.36 (KHTML, like Gecko; compatible; ClaudeBot/1.0; +claudebot@anthropic.com)"
17.241.219.172 - - [04/Apr/2026:01:37:33 -0400] "GET /age/18-19/hair/auburn,white/ethnicity/native,black,white/languages/spanish HTTP/1.1" 200 18029 "-" "Mozilla/5.0 (Macintosh; Intel Mac OS X 10_15_7) AppleWebKit/605.1.15 (KHTML, like Gecko) Version/17.4 Safari/605.1.15 (Applebot/0.1; +http://www.apple.com/go/applebot)"
216.73.216.38 - - [04/Apr/2026:01:37:33 -0400] "GET /status/offline/gender/c,t/age/60-100/ethnicity/islander,asian/languages/dutch HTTP/1.1" 200 18336 "-" "Mozilla/5.0 AppleWebKit/537.36 (KHTML, like Gecko; compatible; ClaudeBot/1.0; +claudebot@anthropic.com)"
216.73.216.38 - - [04/Apr/2026:01:37:33 -0400] "GET /gender/c/age/50-59,18-19/ethnicity/white,asian/languages/serbian HTTP/1.1" 200 17732 "-" "Mozilla/5.0 AppleWebKit/537.36 (KHTML, like Gecko; compatible; ClaudeBot/1.0; +claudebot@anthropic.com)"
66.249.66.43 - - [04/Apr/2026:01:37:33 -0400] "GET /ethnicity/white,latino,black,native,islander,other,east-indian,asian HTTP/1.1" 200 18211 "-" "Mozilla/5.0 (Linux; Android 6.0.1; Nexus 5X Build/MMB29P) AppleWebKit/537.36 (KHTML, like Gecko) Chrome/146.0.7680.177 Mobile Safari/537.36 (compatible; Googlebot/2.1; +http://www.google.com/bot.html)"
216.73.216.38 - - [04/Apr/2026:01:37:33 -0400] "GET /gender/c,f/age/60-100,40-49/hair/auburn/languages/lithuanian HTTP/1.1" 200 17654 "-" "Mozilla/5.0 AppleWebKit/537.36 (KHTML, like Gecko; compatible; ClaudeBot/1.0; +claudebot@anthropic.com)"
216.73.216.38 - - [04/Apr/2026:01:37:33 -0400] "GET /gender/c/age/30-39,40-49,60-100/ethnicity/asian/languages/finnish HTTP/1.1" 200 17737 "-" "Mozilla/5.0 AppleWebKit/537.36 (KHTML, like Gecko; compatible; ClaudeBot/1.0; +claudebot@anthropic.com)"
216.73.216.38 - - [04/Apr/2026:01:37:33 -0400] "GET /age/40-49/hair/auburn/ethnicity/black,islander,asian/languages/turkish HTTP/1.1" 200 17917 "-" "Mozilla/5.0 AppleWebKit/537.36 (KHTML, like Gecko; compatible; ClaudeBot/1.0; +claudebot@anthropic.com)"
74.7.227.134 - - [04/Apr/2026:01:37:33 -0400] "GET /age/18-19,30-39,50-59/ethnicity/news-leonardo-faz-homenagem-apos-morte-de-assessora-cuidou-de-mim-como-filho,asian,islander,latino,black,native,east-indian,white,other HTTP/1.1" 200 23162 "https://www.nudcam.com/age/18-19,30-39/ethnicity/news-leonardo-faz-homenagem-apos-morte-de-assessora-cuidou-de-mim-como-filho,asian,islander,latino,black,native,east-indian,white,other" "Mozilla/5.0 AppleWebKit/537.36 (KHTML, like Gecko; compatible; GPTBot/1.3; +https://openai.com/gptbot)"
216.73.216.38 - - [04/Apr/2026:01:37:33 -0400] "GET /status/online/age/50-59,18-19/ethnicity/white,latino/languages/estonian HTTP/1.1" 200 17967 "-" "Mozilla/5.0 AppleWebKit/537.36 (KHTML, like Gecko; compatible; ClaudeBot/1.0; +claudebot@anthropic.com)"
216.73.216.38 - - [04/Apr/2026:01:37:34 -0400] "GET /age/40-49,18-19/hair/white,brown/ethnicity/native/languages/hungarian HTTP/1.1" 200 17876 "-" "Mozilla/5.0 AppleWebKit/537.36 (KHTML, like Gecko; compatible; ClaudeBot/1.0; +claudebot@anthropic.com)"
216.73.216.38 - - [04/Apr/2026:01:37:34 -0400] "GET /age/20-29,50-59,18-19/hair/grey,brown/languages/hebrew HTTP/1.1" 200 17469 "-" "Mozilla/5.0 AppleWebKit/537.36 (KHTML, like Gecko; compatible; ClaudeBot/1.0; +claudebot@anthropic.com)"
85.208.96.200 - - [04/Apr/2026:01:37:34 -0400] "GET /ethnicity/latino,asian/languages/azerbaijani HTTP/1.1" 403 - "-" "Mozilla/5.0 (compatible; SemrushBot/7~bl; +http://www.semrush.com/bot.html)"
216.73.216.38 - - [04/Apr/2026:01:37:34 -0400] "GET /status/offline/gender/c/age/18-19,30-39/hair/red/ethnicity/native/languages/malay HTTP/1.1" 200 18402 "-" "Mozilla/5.0 AppleWebKit/537.36 (KHTML, like Gecko; compatible; ClaudeBot/1.0; +claudebot@anthropic.com)"
216.73.216.38 - - [04/Apr/2026:01:37:34 -0400] "GET /age/40-49/hair/white,black,grey,brown/ethnicity/black/languages/danish HTTP/1.1" 200 18087 "-" "Mozilla/5.0 AppleWebKit/537.36 (KHTML, like Gecko; compatible; ClaudeBot/1.0; +claudebot@anthropic.com)"
216.73.216.38 - - [04/Apr/2026:01:37:34 -0400] "GET /gender/t,f/ethnicity/black,white,asian/languages/english HTTP/1.1" 200 17512 "-" "Mozilla/5.0 AppleWebKit/537.36 (KHTML, like Gecko; compatible; ClaudeBot/1.0; +claudebot@anthropic.com)"
216.73.216.38 - - [04/Apr/2026:01:37:34 -0400] "GET /status/offline/gender/f/age/18-19/ethnicity/islander,other,white,native/languages/kurdish HTTP/1.1" 200 18937 "-" "Mozilla/5.0 AppleWebKit/537.36 (KHTML, like Gecko; compatible; ClaudeBot/1.0; +claudebot@anthropic.com)"
216.73.216.38 - - [04/Apr/2026:01:37:34 -0400] "GET /gender/m/age/20-29,60-100/ethnicity/native,other,white/languages/czech HTTP/1.1" 200 18112 "-" "Mozilla/5.0 AppleWebKit/537.36 (KHTML, like Gecko; compatible; ClaudeBot/1.0; +claudebot@anthropic.com)"
216.73.216.38 - - [04/Apr/2026:01:37:34 -0400] "GET /age/60-100,40-49/hair/blonde,grey/ethnicity/white/languages/lithuanian HTTP/1.1" 200 17910 "-" "Mozilla/5.0 AppleWebKit/537.36 (KHTML, like Gecko; compatible; ClaudeBot/1.0; +claudebot@anthropic.com)"
216.73.216.38 - - [04/Apr/2026:01:37:34 -0400] "GET /gender/m,c,t/ethnicity/white,native,other/languages/icelandic HTTP/1.1" 200 17858 "-" "Mozilla/5.0 AppleWebKit/537.36 (KHTML, like Gecko; compatible; ClaudeBot/1.0; +claudebot@anthropic.com)"
17.241.75.143 - - [04/Apr/2026:01:37:34 -0400] "GET /status/offline,online/gender/c,f,m/languages/romanian HTTP/1.1" 200 17470 "-" "Mozilla/5.0 (Macintosh; Intel Mac OS X 10_15_7) AppleWebKit/605.1.15 (KHTML, like Gecko) Version/17.4 Safari/605.1.15 (Applebot/0.1; +http://www.apple.com/go/applebot)"
74.7.227.134 - - [04/Apr/2026:01:37:34 -0400] "GET /age/40-49,18-19/ethnicity/news-leonardo-faz-homenagem-apos-morte-de-assessora-cuidou-de-mim-como-filho,native,white,other,latino,islander,asian,black,east-indian HTTP/1.1" 200 22650 "https://www.nudcam.com/age/40-49,18-19/ethnicity/news-leonardo-faz-homenagem-apos-morte-de-assessora-cuidou-de-mim-como-filho,native,white,other,latino,islander,asian,black" "Mozilla/5.0 AppleWebKit/537.36 (KHTML, like Gecko; compatible; GPTBot/1.3; +https://openai.com/gptbot)"
216.73.216.38 - - [04/Apr/2026:01:37:34 -0400] "GET /status/offline,online/age/40-49/hair/red,auburn,black/languages/scots HTTP/1.1" 200 18130 "-" "Mozilla/5.0 AppleWebKit/537.36 (KHTML, like Gecko; compatible; ClaudeBot/1.0; +claudebot@anthropic.com)"
216.73.216.38 - - [04/Apr/2026:01:37:34 -0400] "GET /status/offline/hair/white,black,red,grey,blonde/languages/russian HTTP/1.1" 200 18011 "-" "Mozilla/5.0 AppleWebKit/537.36 (KHTML, like Gecko; compatible; ClaudeBot/1.0; +claudebot@anthropic.com)"
216.73.216.38 - - [04/Apr/2026:01:37:35 -0400] "GET /gender/c/age/30-39/hair/red,auburn,white/languages/swedish HTTP/1.1" 200 17572 "-" "Mozilla/5.0 AppleWebKit/537.36 (KHTML, like Gecko; compatible; ClaudeBot/1.0; +claudebot@anthropic.com)"
216.73.216.38 - - [04/Apr/2026:01:37:35 -0400] "GET /gender/m/age/50-59/hair/red,brown/ethnicity/native/languages/irish HTTP/1.1" 200 17740 "-" "Mozilla/5.0 AppleWebKit/537.36 (KHTML, like Gecko; compatible; ClaudeBot/1.0; +claudebot@anthropic.com)"
216.73.216.38 - - [04/Apr/2026:01:37:35 -0400] "GET /status/online/age/60-100,40-49,30-39,20-29/ethnicity/white/languages/spanish HTTP/1.1" 200 18291 "-" "Mozilla/5.0 AppleWebKit/537.36 (KHTML, like Gecko; compatible; ClaudeBot/1.0; +claudebot@anthropic.com)"
216.73.216.38 - - [04/Apr/2026:01:37:35 -0400] "GET /gender/m/age/30-39,50-59,40-49,18-19/languages/russian HTTP/1.1" 200 17462 "-" "Mozilla/5.0 AppleWebKit/537.36 (KHTML, like Gecko; compatible; ClaudeBot/1.0; +claudebot@anthropic.com)"
216.73.216.38 - - [04/Apr/2026:01:37:35 -0400] "GET /status/offline/gender/f/age/50-59,40-49/ethnicity/white,black/languages/cambodian HTTP/1.1" 200 18465 "-" "Mozilla/5.0 AppleWebKit/537.36 (KHTML, like Gecko; compatible; ClaudeBot/1.0; +claudebot@anthropic.com)"
216.73.216.38 - - [04/Apr/2026:01:37:35 -0400] "GET /status/offline/age/20-29/hair/grey/ethnicity/native,latino,islander/languages/catalan HTTP/1.1" 200 18586 "-" "Mozilla/5.0 AppleWebKit/537.36 (KHTML, like Gecko; compatible; ClaudeBot/1.0; +claudebot@anthropic.com)"
17.246.19.137 - - [04/Apr/2026:01:37:35 -0400] "GET /status/online/age/20-29/hair/black,auburn,brown/languages/vietnamese HTTP/1.1" 200 17907 "-" "Mozilla/5.0 (Macintosh; Intel Mac OS X 10_15_7) AppleWebKit/605.1.15 (KHTML, like Gecko) Version/17.4 Safari/605.1.15 (Applebot/0.1; +http://www.apple.com/go/applebot)"
216.73.216.38 - - [04/Apr/2026:01:37:35 -0400] "GET /age/40-49/hair/auburn/ethnicity/black,white,other/languages/greek HTTP/1.1" 200 17753 "-" "Mozilla/5.0 AppleWebKit/537.36 (KHTML, like Gecko; compatible; ClaudeBot/1.0; +claudebot@anthropic.com)"
216.73.216.38 - - [04/Apr/2026:01:37:35 -0400] "GET /gender/m,f/age/18-19/ethnicity/native,islander,asian/languages/dutch HTTP/1.1" 200 18058 "-" "Mozilla/5.0 AppleWebKit/537.36 (KHTML, like Gecko; compatible; ClaudeBot/1.0; +claudebot@anthropic.com)"
216.73.216.38 - - [04/Apr/2026:01:37:35 -0400] "GET /status/online,offline/gender/c,f/ethnicity/east-indian/languages/polish HTTP/1.1" 200 17959 "-" "Mozilla/5.0 AppleWebKit/537.36 (KHTML, like Gecko; compatible; ClaudeBot/1.0; +claudebot@anthropic.com)"
74.7.227.134 - - [04/Apr/2026:01:37:35 -0400] "GET /age/50-59,40-49/ethnicity/news-leonardo-faz-homenagem-apos-morte-de-assessora-cuidou-de-mim-como-filho,asian,white,latino,black,east-indian,other,islander HTTP/1.1" 200 22106 "https://www.nudcam.com/age/50-59,40-49/ethnicity/news-leonardo-faz-homenagem-apos-morte-de-assessora-cuidou-de-mim-como-filho,asian,white,latino,black,east-indian,native,other,islander" "Mozilla/5.0 AppleWebKit/537.36 (KHTML, like Gecko; compatible; GPTBot/1.3; +https://openai.com/gptbot)"
216.73.216.38 - - [04/Apr/2026:01:37:35 -0400] "GET /status/offline/gender/m,t/age/18-19/ethnicity/white,native,black/languages/scots HTTP/1.1" 200 18637 "-" "Mozilla/5.0 AppleWebKit/537.36 (KHTML, like Gecko; compatible; ClaudeBot/1.0; +claudebot@anthropic.com)"
216.73.216.38 - - [04/Apr/2026:01:37:35 -0400] "GET /gender/m/age/50-59,40-49/ethnicity/native,black,white/languages/vietnamese HTTP/1.1" 200 18254 "-" "Mozilla/5.0 AppleWebKit/537.36 (KHTML, like Gecko; compatible; ClaudeBot/1.0; +claudebot@anthropic.com)"
34.205.163.103 - - [04/Apr/2026:01:37:36 -0400] "GET /status/offline,online/gender/t,c/age/60-100/hair/white,red/ethnicity/latino,islander,east-indian/languages/hindi HTTP/1.1" 200 20414 "-" "Mozilla/5.0 AppleWebKit/537.36 (KHTML, like Gecko; compatible; Amazonbot/0.1; +https://developer.amazon.com/support/amazonbot) Chrome/119.0.6045.214 Safari/537.36"
216.73.216.38 - - [04/Apr/2026:01:37:36 -0400] "GET /gender/m/age/30-39/ethnicity/white,latino,islander,native/languages/catalan HTTP/1.1" 200 18280 "-" "Mozilla/5.0 AppleWebKit/537.36 (KHTML, like Gecko; compatible; ClaudeBot/1.0; +claudebot@anthropic.com)"
216.73.216.38 - - [04/Apr/2026:01:37:36 -0400] "GET /gender/m,t/hair/red/ethnicity/asian/languages/georgian HTTP/1.1" 200 17215 "-" "Mozilla/5.0 AppleWebKit/537.36 (KHTML, like Gecko; compatible; ClaudeBot/1.0; +claudebot@anthropic.com)"
74.7.227.30 - - [04/Apr/2026:01:37:36 -0400] "GET /age/40-49,50-59/ethnicity/other,white,asian,islander,latino,native,black,east-indian HTTP/1.1" 200 19155 "https://nudcam.com/age/40-49/ethnicity/other,white,asian,islander,latino,native,black,east-indian" "Mozilla/5.0 AppleWebKit/537.36 (KHTML, like Gecko; compatible; GPTBot/1.3; +https://openai.com/gptbot)"
216.73.216.38 - - [04/Apr/2026:01:37:36 -0400] "GET /age/18-19,20-29,30-39/ethnicity/latino,white/languages/swedish HTTP/1.1" 200 17690 "-" "Mozilla/5.0 AppleWebKit/537.36 (KHTML, like Gecko; compatible; ClaudeBot/1.0; +claudebot@anthropic.com)"
216.73.216.38 - - [04/Apr/2026:01:37:36 -0400] "GET /age/30-39/hair/red/ethnicity/white,black,other/languages/ukrainian HTTP/1.1" 200 17793 "-" "Mozilla/5.0 AppleWebKit/537.36 (KHTML, like Gecko; compatible; ClaudeBot/1.0; +claudebot@anthropic.com)"
216.73.216.38 - - [04/Apr/2026:01:37:36 -0400] "GET /status/offline/hair/grey,black,auburn/ethnicity/native,white/languages/cambodian HTTP/1.1" 200 18452 "-" "Mozilla/5.0 AppleWebKit/537.36 (KHTML, like Gecko; compatible; ClaudeBot/1.0; +claudebot@anthropic.com)"
216.73.216.38 - - [04/Apr/2026:01:37:36 -0400] "GET /status/online/gender/m,t/age/40-49,18-19/ethnicity/white/languages/danish HTTP/1.1" 200 18185 "-" "Mozilla/5.0 AppleWebKit/537.36 (KHTML, like Gecko; compatible; ClaudeBot/1.0; +claudebot@anthropic.com)"
216.73.216.38 - - [04/Apr/2026:01:37:36 -0400] "GET /age/50-59,30-39,60-100/ethnicity/other,islander/languages/chinese HTTP/1.1" 200 17786 "-" "Mozilla/5.0 AppleWebKit/537.36 (KHTML, like Gecko; compatible; ClaudeBot/1.0; +claudebot@anthropic.com)"
216.73.216.38 - - [04/Apr/2026:01:37:36 -0400] "GET /gender/c/ethnicity/native,islander,white,black,asian/languages/kurdish HTTP/1.1" 200 18142 "-" "Mozilla/5.0 AppleWebKit/537.36 (KHTML, like Gecko; compatible; ClaudeBot/1.0; +claudebot@anthropic.com)"
216.73.216.38 - - [04/Apr/2026:01:37:36 -0400] "GET /hair/red/ethnicity/asian,white,other/languages/swedish HTTP/1.1" 200 17252 "-" "Mozilla/5.0 AppleWebKit/537.36 (KHTML, like Gecko; compatible; ClaudeBot/1.0; +claudebot@anthropic.com)"
216.73.216.38 - - [04/Apr/2026:01:37:36 -0400] "GET /gender/c/age/20-29/ethnicity/native,islander,black,other/languages/swedish HTTP/1.1" 200 18249 "-" "Mozilla/5.0 AppleWebKit/537.36 (KHTML, like Gecko; compatible; ClaudeBot/1.0; +claudebot@anthropic.com)"
74.7.227.134 - - [04/Apr/2026:01:37:36 -0400] "GET /age/18-19,30-39/ethnicity/news-leonardo-faz-homenagem-apos-morte-de-assessora-cuidou-de-mim-como-filho,islander,latino,black,native,east-indian,white,other HTTP/1.1" 200 22143 "https://www.nudcam.com/age/18-19,30-39/ethnicity/news-leonardo-faz-homenagem-apos-morte-de-assessora-cuidou-de-mim-como-filho,asian,islander,latino,black,native,east-indian,white,other" "Mozilla/5.0 AppleWebKit/537.36 (KHTML, like Gecko; compatible; GPTBot/1.3; +https://openai.com/gptbot)"
144.76.32.236 - - [04/Apr/2026:01:37:36 -0400] "GET /gender/c,m,f/hair/red,grey/languages/malay HTTP/1.1" 200 16879 "-" "Mozilla/5.0 (compatible; SERankingBacklinksBot/1.0; +https://seranking.com/backlinks-crawler)"
216.73.216.38 - - [04/Apr/2026:01:37:36 -0400] "GET /age/30-39/hair/white,grey,brown/ethnicity/other/languages/slovak HTTP/1.1" 200 17705 "-" "Mozilla/5.0 AppleWebKit/537.36 (KHTML, like Gecko; compatible; ClaudeBot/1.0; +claudebot@anthropic.com)"
216.73.216.38 - - [04/Apr/2026:01:37:37 -0400] "GET /status/offline/gender/f,m/age/20-29,18-19,50-59/languages/estonian HTTP/1.1" 200 18038 "-" "Mozilla/5.0 AppleWebKit/537.36 (KHTML, like Gecko; compatible; ClaudeBot/1.0; +claudebot@anthropic.com)"
216.73.216.38 - - [04/Apr/2026:01:37:37 -0400] "GET /status/online/age/18-19/hair/auburn/ethnicity/white,other/languages/chinese HTTP/1.1" 200 18057 "-" "Mozilla/5.0 AppleWebKit/537.36 (KHTML, like Gecko; compatible; ClaudeBot/1.0; +claudebot@anthropic.com)"
216.73.216.38 - - [04/Apr/2026:01:37:37 -0400] "GET /status/online,offline/gender/m/hair/white/ethnicity/native/languages/slovak HTTP/1.1" 200 18037 "-" "Mozilla/5.0 AppleWebKit/537.36 (KHTML, like Gecko; compatible; ClaudeBot/1.0; +claudebot@anthropic.com)"
216.73.216.38 - - [04/Apr/2026:01:37:37 -0400] "GET /gender/t,m,f/hair/red,grey/languages/croatian HTTP/1.1" 200 17196 "-" "Mozilla/5.0 AppleWebKit/537.36 (KHTML, like Gecko; compatible; ClaudeBot/1.0; +claudebot@anthropic.com)"
216.73.216.38 - - [04/Apr/2026:01:37:37 -0400] "GET /status/online/age/18-19/hair/black,grey/ethnicity/native,black/languages/hebrew HTTP/1.1" 200 18392 "-" "Mozilla/5.0 AppleWebKit/537.36 (KHTML, like Gecko; compatible; ClaudeBot/1.0; +claudebot@anthropic.com)"
216.73.216.38 - - [04/Apr/2026:01:37:37 -0400] "GET /status/offline/gender/f,c/age/60-100,20-29/ethnicity/native,black/languages/arabic HTTP/1.1" 200 18711 "-" "Mozilla/5.0 AppleWebKit/537.36 (KHTML, like Gecko; compatible; ClaudeBot/1.0; +claudebot@anthropic.com)"
216.73.216.38 - - [04/Apr/2026:01:37:37 -0400] "GET /hair/black,grey,red/ethnicity/white,black/languages/armenian HTTP/1.1" 200 17626 "-" "Mozilla/5.0 AppleWebKit/537.36 (KHTML, like Gecko; compatible; ClaudeBot/1.0; +claudebot@anthropic.com)"
216.73.216.38 - - [04/Apr/2026:01:37:37 -0400] "GET /gender/c,t/age/20-29,50-59/ethnicity/islander,native/languages/russian HTTP/1.1" 200 18130 "-" "Mozilla/5.0 AppleWebKit/537.36 (KHTML, like Gecko; compatible; ClaudeBot/1.0; +claudebot@anthropic.com)"
216.73.216.38 - - [04/Apr/2026:01:37:37 -0400] "GET /gender/c/age/18-19,40-49,50-59/ethnicity/islander/languages/hindi HTTP/1.1" 200 17733 "-" "Mozilla/5.0 AppleWebKit/537.36 (KHTML, like Gecko; compatible; ClaudeBot/1.0; +claudebot@anthropic.com)"
216.73.216.38 - - [04/Apr/2026:01:37:37 -0400] "GET /status/offline/age/18-19,40-49/ethnicity/islander,latino,native/languages/kazakh HTTP/1.1" 200 18455 "-" "Mozilla/5.0 AppleWebKit/537.36 (KHTML, like Gecko; compatible; ClaudeBot/1.0; +claudebot@anthropic.com)"
74.7.227.134 - - [04/Apr/2026:01:37:37 -0400] "GET /age/40-49,20-29/ethnicity/news-leonardo-faz-homenagem-apos-morte-de-assessora-cuidou-de-mim-como-filho,native,white,east-indian,other,latino,asian,black,islander HTTP/1.1" 200 22650 "https://www.nudcam.com/age/50-59,40-49,20-29/ethnicity/news-leonardo-faz-homenagem-apos-morte-de-assessora-cuidou-de-mim-como-filho,native,white,east-indian,other,latino,asian,black,islander" "Mozilla/5.0 AppleWebKit/537.36 (KHTML, like Gecko; compatible; GPTBot/1.3; +https://openai.com/gptbot)"
216.73.216.38 - - [04/Apr/2026:01:37:37 -0400] "GET /status/offline/hair/brown/ethnicity/white,native,islander,other/languages/korean HTTP/1.1" 200 18444 "-" "Mozilla/5.0 AppleWebKit/537.36 (KHTML, like Gecko; compatible; ClaudeBot/1.0; +claudebot@anthropic.com)"
17.241.219.240 - - [04/Apr/2026:01:37:38 -0400] "GET /age/50-59/hair/red/ethnicity/other,native,latino,black/languages/irish HTTP/1.1" 200 17887 "-" "Mozilla/5.0 (Macintosh; Intel Mac OS X 10_15_7) AppleWebKit/605.1.15 (KHTML, like Gecko) Version/17.4 Safari/605.1.15 (Applebot/0.1; +http://www.apple.com/go/applebot)"
216.73.216.38 - - [04/Apr/2026:01:37:38 -0400] "GET /gender/c/hair/brown,black/ethnicity/white,other/languages/spanish HTTP/1.1" 200 17759 "-" "Mozilla/5.0 AppleWebKit/537.36 (KHTML, like Gecko; compatible; ClaudeBot/1.0; +claudebot@anthropic.com)"
17.246.19.9 - - [04/Apr/2026:01:37:38 -0400] "GET /gender/c,f,t/age/50-59,30-39/languages/cambodian HTTP/1.1" 200 17085 "-" "Mozilla/5.0 (Macintosh; Intel Mac OS X 10_15_7) AppleWebKit/605.1.15 (KHTML, like Gecko) Version/17.4 Safari/605.1.15 (Applebot/0.1; +http://www.apple.com/go/applebot)"
216.73.216.38 - - [04/Apr/2026:01:37:38 -0400] "GET /status/offline/age/30-39,40-49,60-100/ethnicity/white,asian/languages/belarusian HTTP/1.1" 200 18456 "-" "Mozilla/5.0 AppleWebKit/537.36 (KHTML, like Gecko; compatible; ClaudeBot/1.0; +claudebot@anthropic.com)"
216.73.216.38 - - [04/Apr/2026:01:37:38 -0400] "GET /gender/m,c/age/60-100/hair/black/ethnicity/native/languages/bulgarian HTTP/1.1" 200 17851 "-" "Mozilla/5.0 AppleWebKit/537.36 (KHTML, like Gecko; compatible; ClaudeBot/1.0; +claudebot@anthropic.com)"
216.73.216.38 - - [04/Apr/2026:01:37:38 -0400] "GET /status/online/gender/f/age/20-29,18-19/ethnicity/native,other/languages/vietnamese HTTP/1.1" 200 18500 "-" "Mozilla/5.0 AppleWebKit/537.36 (KHTML, like Gecko; compatible; ClaudeBot/1.0; +claudebot@anthropic.com)"
216.73.216.38 - - [04/Apr/2026:01:37:38 -0400] "GET /status/online/hair/grey/ethnicity/other,native,white,asian/languages/thai HTTP/1.1" 200 18209 "-" "Mozilla/5.0 AppleWebKit/537.36 (KHTML, like Gecko; compatible; ClaudeBot/1.0; +claudebot@anthropic.com)"
216.73.216.38 - - [04/Apr/2026:01:37:38 -0400] "GET /status/offline/gender/t,f,m/ethnicity/white,islander,other/languages/scots HTTP/1.1" 200 18457 "-" "Mozilla/5.0 AppleWebKit/537.36 (KHTML, like Gecko; compatible; ClaudeBot/1.0; +claudebot@anthropic.com)"
216.73.216.38 - - [04/Apr/2026:01:37:38 -0400] "GET /status/offline/gender/c,f/age/20-29/ethnicity/white,native,latino/languages/german HTTP/1.1" 200 18710 "-" "Mozilla/5.0 AppleWebKit/537.36 (KHTML, like Gecko; compatible; ClaudeBot/1.0; +claudebot@anthropic.com)"
216.73.216.38 - - [04/Apr/2026:01:37:38 -0400] "GET /status/online/age/20-29,60-100,40-49/ethnicity/black,islander/languages/korean HTTP/1.1" 200 18382 "-" "Mozilla/5.0 AppleWebKit/537.36 (KHTML, like Gecko; compatible; ClaudeBot/1.0; +claudebot@anthropic.com)"
216.73.216.38 - - [04/Apr/2026:01:37:38 -0400] "GET /status/online/age/60-100/hair/white,brown/ethnicity/white,native/languages/czech HTTP/1.1" 200 18423 "-" "Mozilla/5.0 AppleWebKit/537.36 (KHTML, like Gecko; compatible; ClaudeBot/1.0; +claudebot@anthropic.com)"
216.73.216.38 - - [04/Apr/2026:01:37:38 -0400] "GET /status/offline/age/40-49,60-100,50-59/ethnicity/white,islander,native/languages/finnish HTTP/1.1" 200 18892 "-" "Mozilla/5.0 AppleWebKit/537.36 (KHTML, like Gecko; compatible; ClaudeBot/1.0; +claudebot@anthropic.com)"
74.7.227.134 - - [04/Apr/2026:01:37:38 -0400] "GET /age/50-59,20-29/ethnicity/news-leonardo-faz-homenagem-apos-morte-de-assessora-cuidou-de-mim-como-filho,black,islander,east-indian,native,asian,white,other HTTP/1.1" 200 22106 "https://www.nudcam.com/age/50-59,20-29/ethnicity/news-leonardo-faz-homenagem-apos-morte-de-assessora-cuidou-de-mim-como-filho,black,islander,east-indian,native,asian,white" "Mozilla/5.0 AppleWebKit/537.36 (KHTML, like Gecko; compatible; GPTBot/1.3; +https://openai.com/gptbot)"
216.73.216.38 - - [04/Apr/2026:01:37:38 -0400] "GET /status/online/gender/c,f/age/20-29/hair/auburn/languages/icelandic HTTP/1.1" 200 17823 "-" "Mozilla/5.0 AppleWebKit/537.36 (KHTML, like Gecko; compatible; ClaudeBot/1.0; +claudebot@anthropic.com)"
216.73.216.38 - - [04/Apr/2026:01:37:39 -0400] "GET /status/offline/gender/c,f/age/50-59,30-39/ethnicity/islander/languages/bulgarian HTTP/1.1" 200 18425 "-" "Mozilla/5.0 AppleWebKit/537.36 (KHTML, like Gecko; compatible; ClaudeBot/1.0; +claudebot@anthropic.com)"
216.73.216.38 - - [04/Apr/2026:01:37:39 -0400] "GET /hair/white,black,auburn,brown/ethnicity/native/languages/slovak HTTP/1.1" 200 17694 "-" "Mozilla/5.0 AppleWebKit/537.36 (KHTML, like Gecko; compatible; ClaudeBot/1.0; +claudebot@anthropic.com)"
216.73.216.38 - - [04/Apr/2026:01:37:39 -0400] "GET /status/online/age/30-39,50-59/ethnicity/native,black,islander/languages/estonian HTTP/1.1" 200 18459 "-" "Mozilla/5.0 AppleWebKit/537.36 (KHTML, like Gecko; compatible; ClaudeBot/1.0; +claudebot@anthropic.com)"
216.73.216.38 - - [04/Apr/2026:01:37:39 -0400] "GET /age/20-29/hair/white,blonde/ethnicity/white,asian/languages/hebrew HTTP/1.1" 200 17793 "-" "Mozilla/5.0 AppleWebKit/537.36 (KHTML, like Gecko; compatible; ClaudeBot/1.0; +claudebot@anthropic.com)"
216.73.216.38 - - [04/Apr/2026:01:37:39 -0400] "GET /gender/m/hair/black,grey,brown/ethnicity/white/languages/hindi HTTP/1.1" 200 17633 "-" "Mozilla/5.0 AppleWebKit/537.36 (KHTML, like Gecko; compatible; ClaudeBot/1.0; +claudebot@anthropic.com)"
216.73.216.38 - - [04/Apr/2026:01:37:39 -0400] "GET /age/50-59,60-100/ethnicity/black,white,native,islander/languages/hindi HTTP/1.1" 200 18143 "-" "Mozilla/5.0 AppleWebKit/537.36 (KHTML, like Gecko; compatible; ClaudeBot/1.0; +claudebot@anthropic.com)"
216.73.216.38 - - [04/Apr/2026:01:37:39 -0400] "GET /age/18-19/hair/white,auburn,grey,red/ethnicity/native/languages/danish HTTP/1.1" 200 18087 "-" "Mozilla/5.0 AppleWebKit/537.36 (KHTML, like Gecko; compatible; ClaudeBot/1.0; +claudebot@anthropic.com)"
216.73.216.38 - - [04/Apr/2026:01:37:39 -0400] "GET /age/50-59/hair/grey,black/ethnicity/islander,other/languages/turkish HTTP/1.1" 200 17859 "-" "Mozilla/5.0 AppleWebKit/537.36 (KHTML, like Gecko; compatible; ClaudeBot/1.0; +claudebot@anthropic.com)"
216.73.216.38 - - [04/Apr/2026:01:37:39 -0400] "GET /gender/f/hair/black,white,auburn/ethnicity/black/languages/malay HTTP/1.1" 200 17699 "-" "Mozilla/5.0 AppleWebKit/537.36 (KHTML, like Gecko; compatible; ClaudeBot/1.0; +claudebot@anthropic.com)"
74.7.227.134 - - [04/Apr/2026:01:37:39 -0400] "GET /age/40-49,30-39/ethnicity/news-leonardo-faz-homenagem-apos-morte-de-assessora-cuidou-de-mim-como-filho,latino,black,white,native,islander,asian,east-indian HTTP/1.1" 200 22143 "https://www.nudcam.com/age/40-49,60-100,30-39/ethnicity/news-leonardo-faz-homenagem-apos-morte-de-assessora-cuidou-de-mim-como-filho,latino,black,white,native,islander,asian,east-indian" "Mozilla/5.0 AppleWebKit/537.36 (KHTML, like Gecko; compatible; GPTBot/1.3; +https://openai.com/gptbot)"
216.73.216.38 - - [04/Apr/2026:01:37:39 -0400] "GET /status/online/age/60-100,18-19/hair/grey,brown/languages/slovak HTTP/1.1" 200 17744 "-" "Mozilla/5.0 AppleWebKit/537.36 (KHTML, like Gecko; compatible; ClaudeBot/1.0; +claudebot@anthropic.com)"
216.73.216.38 - - [04/Apr/2026:01:37:40 -0400] "GET /gender/t,f/age/40-49/ethnicity/white,other,native/languages/italian HTTP/1.1" 200 18030 "-" "Mozilla/5.0 AppleWebKit/537.36 (KHTML, like Gecko; compatible; ClaudeBot/1.0; +claudebot@anthropic.com)"
216.73.216.38 - - [04/Apr/2026:01:37:40 -0400] "GET /gender/f,t/hair/red,white/ethnicity/other/languages/persian HTTP/1.1" 200 17559 "-" "Mozilla/5.0 AppleWebKit/537.36 (KHTML, like Gecko; compatible; ClaudeBot/1.0; +claudebot@anthropic.com)"
216.73.216.38 - - [04/Apr/2026:01:37:40 -0400] "GET /status/offline/age/20-29,50-59/hair/grey,red,white/languages/dutch HTTP/1.1" 200 18024 "-" "Mozilla/5.0 AppleWebKit/537.36 (KHTML, like Gecko; compatible; ClaudeBot/1.0; +claudebot@anthropic.com)"
54.235.172.96 - - [04/Apr/2026:01:37:40 -0400] "GET /status/offline,online/gender/t/age/50-59,30-39,20-29/hair/black,white/ethnicity/black/languages/hindi HTTP/1.1" 200 19743 "-" "Mozilla/5.0 AppleWebKit/537.36 (KHTML, like Gecko; compatible; Amazonbot/0.1; +https://developer.amazon.com/support/amazonbot) Chrome/119.0.6045.214 Safari/537.36"
216.73.216.38 - - [04/Apr/2026:01:37:40 -0400] "GET /hair/brown/ethnicity/islander,asian,black/languages/german HTTP/1.1" 200 17374 "-" "Mozilla/5.0 AppleWebKit/537.36 (KHTML, like Gecko; compatible; ClaudeBot/1.0; +claudebot@anthropic.com)"
216.73.216.38 - - [04/Apr/2026:01:37:40 -0400] "GET /age/50-59/ethnicity/black,latino,other,native/languages/slovak HTTP/1.1" 200 17694 "-" "Mozilla/5.0 AppleWebKit/537.36 (KHTML, like Gecko; compatible; ClaudeBot/1.0; +claudebot@anthropic.com)"
216.73.216.38 - - [04/Apr/2026:01:37:40 -0400] "GET /status/online/age/20-29,60-100,50-59/ethnicity/asian/languages/italian HTTP/1.1" 200 17906 "-" "Mozilla/5.0 AppleWebKit/537.36 (KHTML, like Gecko; compatible; ClaudeBot/1.0; +claudebot@anthropic.com)"
216.73.216.38 - - [04/Apr/2026:01:37:40 -0400] "GET /gender/f,t,c/age/30-39/ethnicity/latino/languages/greek HTTP/1.1" 200 17430 "-" "Mozilla/5.0 AppleWebKit/537.36 (KHTML, like Gecko; compatible; ClaudeBot/1.0; +claudebot@anthropic.com)"
17.246.19.43 - - [04/Apr/2026:01:37:40 -0400] "GET /status/offline/age/18-19/ethnicity/latino,islander/languages/serbian HTTP/1.1" 200 17676 "-" "Mozilla/5.0 (Macintosh; Intel Mac OS X 10_15_7) AppleWebKit/605.1.15 (KHTML, like Gecko) Version/17.4 Safari/605.1.15 (Applebot/0.1; +http://www.apple.com/go/applebot)"
216.73.216.38 - - [04/Apr/2026:01:37:40 -0400] "GET /status/online/gender/f,c/age/40-49,18-19,50-59/languages/scots HTTP/1.1" 200 17902 "-" "Mozilla/5.0 AppleWebKit/537.36 (KHTML, like Gecko; compatible; ClaudeBot/1.0; +claudebot@anthropic.com)"
216.73.216.38 - - [04/Apr/2026:01:37:40 -0400] "GET /age/60-100/hair/red,grey,white/ethnicity/islander,white/languages/german HTTP/1.1" 200 18177 "-" "Mozilla/5.0 AppleWebKit/537.36 (KHTML, like Gecko; compatible; ClaudeBot/1.0; +claudebot@anthropic.com)"
216.73.216.38 - - [04/Apr/2026:01:37:40 -0400] "GET /gender/f,c/age/40-49,20-29,50-59/languages/albanian HTTP/1.1" 200 17390 "-" "Mozilla/5.0 AppleWebKit/537.36 (KHTML, like Gecko; compatible; ClaudeBot/1.0; +claudebot@anthropic.com)"
216.73.216.38 - - [04/Apr/2026:01:37:40 -0400] "GET /status/offline,online/gender/c/age/18-19,40-49/ethnicity/other/languages/faeroese HTTP/1.1" 200 18451 "-" "Mozilla/5.0 AppleWebKit/537.36 (KHTML, like Gecko; compatible; ClaudeBot/1.0; +claudebot@anthropic.com)"
74.7.227.134 - - [04/Apr/2026:01:37:40 -0400] "GET /age/40-49,18-19,50-59/ethnicity/news-leonardo-faz-homenagem-apos-morte-de-assessora-cuidou-de-mim-como-filho,native,white,other,latino,islander,asian,black,east-indian HTTP/1.1" 200 23162 "https://www.nudcam.com/age/40-49,18-19/ethnicity/news-leonardo-faz-homenagem-apos-morte-de-assessora-cuidou-de-mim-como-filho,native,white,other,latino,islander,asian,black,east-indian" "Mozilla/5.0 AppleWebKit/537.36 (KHTML, like Gecko; compatible; GPTBot/1.3; +https://openai.com/gptbot)"
216.73.216.38 - - [04/Apr/2026:01:37:41 -0400] "GET /status/offline/age/40-49,60-100/hair/black,brown/ethnicity/native/languages/malay HTTP/1.1" 200 18437 "-" "Mozilla/5.0 AppleWebKit/537.36 (KHTML, like Gecko; compatible; ClaudeBot/1.0; +claudebot@anthropic.com)"
216.73.216.38 - - [04/Apr/2026:01:37:41 -0400] "GET /status/offline/hair/auburn,white/ethnicity/black,native,other/languages/fiji HTTP/1.1" 200 18314 "-" "Mozilla/5.0 AppleWebKit/537.36 (KHTML, like Gecko; compatible; ClaudeBot/1.0; +claudebot@anthropic.com)"
216.73.216.38 - - [04/Apr/2026:01:37:41 -0400] "GET /gender/m/age/20-29/hair/red,black/ethnicity/white/languages/kurdish HTTP/1.1" 200 17776 "-" "Mozilla/5.0 AppleWebKit/537.36 (KHTML, like Gecko; compatible; ClaudeBot/1.0; +claudebot@anthropic.com)"
216.73.216.38 - - [04/Apr/2026:01:37:41 -0400] "GET /status/online/gender/t/age/50-59/hair/brown,grey/languages/hebrew HTTP/1.1" 200 17777 "-" "Mozilla/5.0 AppleWebKit/537.36 (KHTML, like Gecko; compatible; ClaudeBot/1.0; +claudebot@anthropic.com)"
144.76.32.236 - - [04/Apr/2026:01:37:41 -0400] "GET /gender/c,t,f/age/50-59,40-49,20-29/sites/1 HTTP/1.1" 200 17024 "-" "Mozilla/5.0 (compatible; SERankingBacklinksBot/1.0; +https://seranking.com/backlinks-crawler)"
216.73.216.38 - - [04/Apr/2026:01:37:41 -0400] "GET /age/40-49,20-29/hair/auburn/ethnicity/native,other/languages/persian HTTP/1.1" 200 17854 "-" "Mozilla/5.0 AppleWebKit/537.36 (KHTML, like Gecko; compatible; ClaudeBot/1.0; +claudebot@anthropic.com)"
216.73.216.38 - - [04/Apr/2026:01:37:41 -0400] "GET /status/offline/age/20-29,60-100/ethnicity/native,black,white,islander/languages/persian HTTP/1.1" 200 18899 "-" "Mozilla/5.0 AppleWebKit/537.36 (KHTML, like Gecko; compatible; ClaudeBot/1.0; +claudebot@anthropic.com)"
216.73.216.38 - - [04/Apr/2026:01:37:41 -0400] "GET /status/online/gender/c,m/age/60-100/hair/white/languages/kazakh HTTP/1.1" 200 17719 "-" "Mozilla/5.0 AppleWebKit/537.36 (KHTML, like Gecko; compatible; ClaudeBot/1.0; +claudebot@anthropic.com)"
216.73.216.38 - - [04/Apr/2026:01:37:41 -0400] "GET /gender/t/age/20-29,60-100,40-49/ethnicity/islander/languages/slovak HTTP/1.1" 200 17798 "-" "Mozilla/5.0 AppleWebKit/537.36 (KHTML, like Gecko; compatible; ClaudeBot/1.0; +claudebot@anthropic.com)"
216.73.216.38 - - [04/Apr/2026:01:37:41 -0400] "GET /status/offline/age/20-29,60-100,30-39/hair/black,red/languages/danish HTTP/1.1" 200 18122 "-" "Mozilla/5.0 AppleWebKit/537.36 (KHTML, like Gecko; compatible; ClaudeBot/1.0; +claudebot@anthropic.com)"
216.73.216.38 - - [04/Apr/2026:01:37:41 -0400] "GET /age/18-19/hair/red,black/ethnicity/east-indian/languages/persian HTTP/1.1" 200 17523 "-" "Mozilla/5.0 AppleWebKit/537.36 (KHTML, like Gecko; compatible; ClaudeBot/1.0; +claudebot@anthropic.com)"
216.73.216.38 - - [04/Apr/2026:01:37:41 -0400] "GET /status/offline/age/40-49/ethnicity/other,native,latino,white,islander/languages/finnish HTTP/1.1" 200 18898 "-" "Mozilla/5.0 AppleWebKit/537.36 (KHTML, like Gecko; compatible; ClaudeBot/1.0; +claudebot@anthropic.com)"
74.7.227.134 - - [04/Apr/2026:01:37:41 -0400] "GET /age/50-59,30-39/ethnicity/news-leonardo-faz-homenagem-apos-morte-de-assessora-cuidou-de-mim-como-filho,latino,white,native,other,asian,islander,black,east-indian HTTP/1.1" 200 22650 "https://www.nudcam.com/age/50-59,30-39/ethnicity/news-leonardo-faz-homenagem-apos-morte-de-assessora-cuidou-de-mim-como-filho,latino,white,native,other,asian,islander,black" "Mozilla/5.0 AppleWebKit/537.36 (KHTML, like Gecko; compatible; GPTBot/1.3; +https://openai.com/gptbot)"
216.73.216.38 - - [04/Apr/2026:01:37:42 -0400] "GET /status/online/gender/t,f/age/20-29/ethnicity/black,asian/languages/danish HTTP/1.1" 200 18206 "-" "Mozilla/5.0 AppleWebKit/537.36 (KHTML, like Gecko; compatible; ClaudeBot/1.0; +claudebot@anthropic.com)"
216.73.216.38 - - [04/Apr/2026:01:37:42 -0400] "GET /status/offline/age/18-19/ethnicity/latino,other,islander,white/languages/serbian HTTP/1.1" 200 18456 "-" "Mozilla/5.0 AppleWebKit/537.36 (KHTML, like Gecko; compatible; ClaudeBot/1.0; +claudebot@anthropic.com)"
216.73.216.38 - - [04/Apr/2026:01:37:42 -0400] "GET /status/online/gender/t,f/ethnicity/white,islander,native/languages/armenian HTTP/1.1" 200 18301 "-" "Mozilla/5.0 AppleWebKit/537.36 (KHTML, like Gecko; compatible; ClaudeBot/1.0; +claudebot@anthropic.com)"
216.73.216.38 - - [04/Apr/2026:01:37:42 -0400] "GET /age/18-19,40-49/ethnicity/native,asian,black/languages/persian HTTP/1.1" 200 17697 "-" "Mozilla/5.0 AppleWebKit/537.36 (KHTML, like Gecko; compatible; ClaudeBot/1.0; +claudebot@anthropic.com)"
216.73.216.38 - - [04/Apr/2026:01:37:42 -0400] "GET /status/offline,online/age/30-39/ethnicity/native,black,white,other/languages/arabic HTTP/1.1" 200 18768 "-" "Mozilla/5.0 AppleWebKit/537.36 (KHTML, like Gecko; compatible; ClaudeBot/1.0; +claudebot@anthropic.com)"
216.73.216.38 - - [04/Apr/2026:01:37:42 -0400] "GET /status/online/gender/c/hair/red,auburn,grey/languages/cambodian HTTP/1.1" 200 17741 "-" "Mozilla/5.0 AppleWebKit/537.36 (KHTML, like Gecko; compatible; ClaudeBot/1.0; +claudebot@anthropic.com)"
216.73.216.38 - - [04/Apr/2026:01:37:42 -0400] "GET /status/online/hair/auburn/ethnicity/latino,other,white/languages/romanian HTTP/1.1" 200 18020 "-" "Mozilla/5.0 AppleWebKit/537.36 (KHTML, like Gecko; compatible; ClaudeBot/1.0; +claudebot@anthropic.com)"
216.73.216.38 - - [04/Apr/2026:01:37:42 -0400] "GET /status/online/gender/c/hair/white/ethnicity/white,islander/languages/indonesian HTTP/1.1" 200 18187 "-" "Mozilla/5.0 AppleWebKit/537.36 (KHTML, like Gecko; compatible; ClaudeBot/1.0; +claudebot@anthropic.com)"
216.73.216.38 - - [04/Apr/2026:01:37:42 -0400] "GET /age/18-19/hair/white,red,grey/ethnicity/white,islander/languages/danish HTTP/1.1" 200 18144 "-" "Mozilla/5.0 AppleWebKit/537.36 (KHTML, like Gecko; compatible; ClaudeBot/1.0; +claudebot@anthropic.com)"
216.73.216.38 - - [04/Apr/2026:01:37:42 -0400] "GET /age/18-19,60-100,50-59/hair/red/ethnicity/native/languages/kurdish HTTP/1.1" 200 17763 "-" "Mozilla/5.0 AppleWebKit/537.36 (KHTML, like Gecko; compatible; ClaudeBot/1.0; +claudebot@anthropic.com)"
74.7.227.134 - - [04/Apr/2026:01:37:42 -0400] "GET /age/30-39,18-19/ethnicity/news-leonardo-faz-homenagem-apos-morte-de-assessora-cuidou-de-mim-como-filho,black,native,islander,latino,asian,east-indian,white,other HTTP/1.1" 200 22650 "https://www.nudcam.com/age/50-59,30-39,18-19/ethnicity/news-leonardo-faz-homenagem-apos-morte-de-assessora-cuidou-de-mim-como-filho,black,native,islander,latino,asian,east-indian,white,other" "Mozilla/5.0 AppleWebKit/537.36 (KHTML, like Gecko; compatible; GPTBot/1.3; +https://openai.com/gptbot)"
216.73.216.38 - - [04/Apr/2026:01:37:42 -0400] "GET /status/offline/hair/white,black,grey,red,blonde/languages/russian HTTP/1.1" 200 18011 "-" "Mozilla/5.0 AppleWebKit/537.36 (KHTML, like Gecko; compatible; ClaudeBot/1.0; +claudebot@anthropic.com)"
216.73.216.38 - - [04/Apr/2026:01:37:43 -0400] "GET /age/60-100,50-59/ethnicity/black,white,other,islander/languages/romanian HTTP/1.1" 200 18215 "-" "Mozilla/5.0 AppleWebKit/537.36 (KHTML, like Gecko; compatible; ClaudeBot/1.0; +claudebot@anthropic.com)"
216.73.216.38 - - [04/Apr/2026:01:37:43 -0400] "GET /status/offline/age/30-39,50-59,40-49/ethnicity/native,white,other/languages/spanish HTTP/1.1" 200 18756 "-" "Mozilla/5.0 AppleWebKit/537.36 (KHTML, like Gecko; compatible; ClaudeBot/1.0; +claudebot@anthropic.com)"
17.246.19.24 - - [04/Apr/2026:01:37:43 -0400] "GET /age/30-39/hair/white/ethnicity/asian/languages/romanian HTTP/1.1" 200 17061 "-" "Mozilla/5.0 (Macintosh; Intel Mac OS X 10_15_7) AppleWebKit/605.1.15 (KHTML, like Gecko) Version/17.4 Safari/605.1.15 (Applebot/0.1; +http://www.apple.com/go/applebot)"
66.249.66.192 - - [04/Apr/2026:01:37:43 -0400] "GET /hair/white,grey,red,blonde,black,auburn/ethnicity/islander,latino,asian,other HTTP/1.1" 200 18875 "-" "Mozilla/5.0 (Linux; Android 6.0.1; Nexus 5X Build/MMB29P) AppleWebKit/537.36 (KHTML, like Gecko) Chrome/146.0.7680.177 Mobile Safari/537.36 (compatible; Googlebot/2.1; +http://www.google.com/bot.html)"
216.73.216.38 - - [04/Apr/2026:01:37:43 -0400] "GET /status/offline/hair/white,red,black,grey,blonde/languages/russian HTTP/1.1" 200 18011 "-" "Mozilla/5.0 AppleWebKit/537.36 (KHTML, like Gecko; compatible; ClaudeBot/1.0; +claudebot@anthropic.com)"
216.73.216.38 - - [04/Apr/2026:01:37:43 -0400] "GET /gender/m/age/30-39/hair/brown,white/ethnicity/white/languages/polish HTTP/1.1" 200 17806 "-" "Mozilla/5.0 AppleWebKit/537.36 (KHTML, like Gecko; compatible; ClaudeBot/1.0; +claudebot@anthropic.com)"
216.73.216.38 - - [04/Apr/2026:01:37:43 -0400] "GET /age/20-29,40-49/hair/white/ethnicity/islander,other/languages/hungarian HTTP/1.1" 200 17954 "-" "Mozilla/5.0 AppleWebKit/537.36 (KHTML, like Gecko; compatible; ClaudeBot/1.0; +claudebot@anthropic.com)"
216.73.216.38 - - [04/Apr/2026:01:37:43 -0400] "GET /status/offline/gender/c,f/age/20-29/hair/black,red/languages/hindi HTTP/1.1" 200 18011 "-" "Mozilla/5.0 AppleWebKit/537.36 (KHTML, like Gecko; compatible; ClaudeBot/1.0; +claudebot@anthropic.com)"
216.73.216.38 - - [04/Apr/2026:01:37:43 -0400] "GET /gender/m/age/20-29/ethnicity/native,islander,latino/languages/kazakh HTTP/1.1" 200 17855 "-" "Mozilla/5.0 AppleWebKit/537.36 (KHTML, like Gecko; compatible; ClaudeBot/1.0; +claudebot@anthropic.com)"
216.73.216.38 - - [04/Apr/2026:01:37:43 -0400] "GET /age/20-29/hair/red,white/ethnicity/native,white,black/languages/belarusian HTTP/1.1" 200 18255 "-" "Mozilla/5.0 AppleWebKit/537.36 (KHTML, like Gecko; compatible; ClaudeBot/1.0; +claudebot@anthropic.com)"
216.73.216.38 - - [04/Apr/2026:01:37:43 -0400] "GET /status/online/gender/f,c/age/18-19,20-29,50-59/languages/thai HTTP/1.1" 200 17867 "-" "Mozilla/5.0 AppleWebKit/537.36 (KHTML, like Gecko; compatible; ClaudeBot/1.0; +claudebot@anthropic.com)"
216.73.216.38 - - [04/Apr/2026:01:37:43 -0400] "GET /hair/brown,black/ethnicity/other,native,asian/languages/norwegian HTTP/1.1" 200 17792 "-" "Mozilla/5.0 AppleWebKit/537.36 (KHTML, like Gecko; compatible; ClaudeBot/1.0; +claudebot@anthropic.com)"
74.7.227.134 - - [04/Apr/2026:01:37:43 -0400] "GET /age/40-49,50-59/ethnicity/news-leonardo-faz-homenagem-apos-morte-de-assessora-cuidou-de-mim-como-filho,black,east-indian,latino,islander,other,white,native HTTP/1.1" 200 22143 "https://www.nudcam.com/age/40-49,50-59/ethnicity/news-leonardo-faz-homenagem-apos-morte-de-assessora-cuidou-de-mim-como-filho,black,asian,east-indian,latino,islander,other,white,native" "Mozilla/5.0 AppleWebKit/537.36 (KHTML, like Gecko; compatible; GPTBot/1.3; +https://openai.com/gptbot)"
216.73.216.38 - - [04/Apr/2026:01:37:43 -0400] "GET /status/online/gender/f,t,c/age/50-59/ethnicity/other/languages/malay HTTP/1.1" 200 18018 "-" "Mozilla/5.0 AppleWebKit/537.36 (KHTML, like Gecko; compatible; ClaudeBot/1.0; +claudebot@anthropic.com)"
216.73.216.38 - - [04/Apr/2026:01:37:44 -0400] "GET /status/offline/gender/m/age/50-59,30-39/ethnicity/black,white/languages/persian HTTP/1.1" 200 18393 "-" "Mozilla/5.0 AppleWebKit/537.36 (KHTML, like Gecko; compatible; ClaudeBot/1.0; +claudebot@anthropic.com)"
216.73.216.38 - - [04/Apr/2026:01:37:44 -0400] "GET /age/60-100,18-19/ethnicity/native,black,white,asian/languages/dutch HTTP/1.1" 200 18044 "-" "Mozilla/5.0 AppleWebKit/537.36 (KHTML, like Gecko; compatible; ClaudeBot/1.0; +claudebot@anthropic.com)"
216.73.216.38 - - [04/Apr/2026:01:37:44 -0400] "GET /age/60-100,40-49/hair/black,white/ethnicity/other,native/languages/german HTTP/1.1" 200 18215 "-" "Mozilla/5.0 AppleWebKit/537.36 (KHTML, like Gecko; compatible; ClaudeBot/1.0; +claudebot@anthropic.com)"
216.73.216.38 - - [04/Apr/2026:01:37:44 -0400] "GET /status/online/hair/grey/ethnicity/other,white,native,asian/languages/thai HTTP/1.1" 200 18209 "-" "Mozilla/5.0 AppleWebKit/537.36 (KHTML, like Gecko; compatible; ClaudeBot/1.0; +claudebot@anthropic.com)"
216.73.216.38 - - [04/Apr/2026:01:37:44 -0400] "GET /gender/f,c,t/age/40-49/ethnicity/native,islander,other/languages/catalan HTTP/1.1" 200 18390 "-" "Mozilla/5.0 AppleWebKit/537.36 (KHTML, like Gecko; compatible; ClaudeBot/1.0; +claudebot@anthropic.com)"
44.195.145.102 - - [04/Apr/2026:01:37:44 -0400] "GET /status/offline,online/gender/c,f,m,t/hair/white/ethnicity/latino,islander,east-indian,asian/languages/chinese HTTP/1.1" 200 20555 "-" "Mozilla/5.0 AppleWebKit/537.36 (KHTML, like Gecko; compatible; Amazonbot/0.1; +https://developer.amazon.com/support/amazonbot) Chrome/119.0.6045.214 Safari/537.36"
216.73.216.38 - - [04/Apr/2026:01:37:44 -0400] "GET /hair/black,red/ethnicity/white,other,latino/languages/romanian HTTP/1.1" 200 17694 "-" "Mozilla/5.0 AppleWebKit/537.36 (KHTML, like Gecko; compatible; ClaudeBot/1.0; +claudebot@anthropic.com)"
216.73.216.38 - - [04/Apr/2026:01:37:44 -0400] "GET /hair/auburn,brown,white/ethnicity/black,white/languages/estonian HTTP/1.1" 200 17754 "-" "Mozilla/5.0 AppleWebKit/537.36 (KHTML, like Gecko; compatible; ClaudeBot/1.0; +claudebot@anthropic.com)"
216.73.216.38 - - [04/Apr/2026:01:37:44 -0400] "GET /gender/m/age/30-39/hair/grey,auburn/ethnicity/islander/languages/romanian HTTP/1.1" 200 17970 "-" "Mozilla/5.0 AppleWebKit/537.36 (KHTML, like Gecko; compatible; ClaudeBot/1.0; +claudebot@anthropic.com)"
216.73.216.38 - - [04/Apr/2026:01:37:44 -0400] "GET /hair/red,brown,black/ethnicity/islander,black/languages/serbian HTTP/1.1" 200 17720 "-" "Mozilla/5.0 AppleWebKit/537.36 (KHTML, like Gecko; compatible; ClaudeBot/1.0; +claudebot@anthropic.com)"
216.73.216.38 - - [04/Apr/2026:01:37:44 -0400] "GET /age/60-100/hair/grey,white/ethnicity/other,asian/languages/korean HTTP/1.1" 200 17761 "-" "Mozilla/5.0 AppleWebKit/537.36 (KHTML, like Gecko; compatible; ClaudeBot/1.0; +claudebot@anthropic.com)"
74.7.227.134 - - [04/Apr/2026:01:37:44 -0400] "GET /age/40-49,18-19/ethnicity/news-leonardo-faz-homenagem-apos-morte-de-assessora-cuidou-de-mim-como-filho,native,white,other,latino,islander,asian,east-indian HTTP/1.1" 200 22143 "https://www.nudcam.com/age/40-49,18-19/ethnicity/news-leonardo-faz-homenagem-apos-morte-de-assessora-cuidou-de-mim-como-filho,native,white,other,latino,islander,asian,black,east-indian" "Mozilla/5.0 AppleWebKit/537.36 (KHTML, like Gecko; compatible; GPTBot/1.3; +https://openai.com/gptbot)"
216.73.216.38 - - [04/Apr/2026:01:37:44 -0400] "GET /status/offline/hair/red,grey,brown/ethnicity/native,black/languages/estonian HTTP/1.1" 200 18318 "-" "Mozilla/5.0 AppleWebKit/537.36 (KHTML, like Gecko; compatible; ClaudeBot/1.0; +claudebot@anthropic.com)"
216.73.216.38 - - [04/Apr/2026:01:37:45 -0400] "GET /status/online/gender/f/age/40-49/hair/grey/ethnicity/black,white/languages/spanish HTTP/1.1" 200 18458 "-" "Mozilla/5.0 AppleWebKit/537.36 (KHTML, like Gecko; compatible; ClaudeBot/1.0; +claudebot@anthropic.com)"
216.73.216.38 - - [04/Apr/2026:01:37:45 -0400] "GET /status/offline/hair/black,grey,white/ethnicity/black,native/languages/croatian HTTP/1.1" 200 18384 "-" "Mozilla/5.0 AppleWebKit/537.36 (KHTML, like Gecko; compatible; ClaudeBot/1.0; +claudebot@anthropic.com)"
216.73.216.38 - - [04/Apr/2026:01:37:45 -0400] "GET /status/offline/hair/red,blonde/ethnicity/black,native,islander/languages/french HTTP/1.1" 200 18417 "-" "Mozilla/5.0 AppleWebKit/537.36 (KHTML, like Gecko; compatible; ClaudeBot/1.0; +claudebot@anthropic.com)"
216.73.216.38 - - [04/Apr/2026:01:37:45 -0400] "GET /status/online/gender/m/age/40-49/ethnicity/native,islander,other/languages/italian HTTP/1.1" 200 18491 "-" "Mozilla/5.0 AppleWebKit/537.36 (KHTML, like Gecko; compatible; ClaudeBot/1.0; +claudebot@anthropic.com)"
216.73.216.38 - - [04/Apr/2026:01:37:45 -0400] "GET /status/online/age/60-100,40-49/hair/grey/ethnicity/islander,native/languages/kurdish HTTP/1.1" 200 18554 "-" "Mozilla/5.0 AppleWebKit/537.36 (KHTML, like Gecko; compatible; ClaudeBot/1.0; +claudebot@anthropic.com)"
216.73.216.38 - - [04/Apr/2026:01:37:45 -0400] "GET /age/60-100,50-59/ethnicity/black,other,white,islander/languages/romanian HTTP/1.1" 200 18215 "-" "Mozilla/5.0 AppleWebKit/537.36 (KHTML, like Gecko; compatible; ClaudeBot/1.0; +claudebot@anthropic.com)"
216.73.216.38 - - [04/Apr/2026:01:37:45 -0400] "GET /status/online/age/20-29,18-19,30-39/ethnicity/white,islander/languages/belarusian HTTP/1.1" 200 18489 "-" "Mozilla/5.0 AppleWebKit/537.36 (KHTML, like Gecko; compatible; ClaudeBot/1.0; +claudebot@anthropic.com)"
17.246.15.151 - - [04/Apr/2026:01:37:45 -0400] "GET /age/20-29/hair/brown/ethnicity/other,asian/languages/lithuanian HTTP/1.1" 200 17300 "-" "Mozilla/5.0 (Macintosh; Intel Mac OS X 10_15_7) AppleWebKit/605.1.15 (KHTML, like Gecko) Version/17.4 Safari/605.1.15 (Applebot/0.1; +http://www.apple.com/go/applebot)"
216.73.216.38 - - [04/Apr/2026:01:37:45 -0400] "GET /status/online/gender/c/ethnicity/latino,other,black/languages/korean HTTP/1.1" 200 17862 "-" "Mozilla/5.0 AppleWebKit/537.36 (KHTML, like Gecko; compatible; ClaudeBot/1.0; +claudebot@anthropic.com)"
216.73.216.38 - - [04/Apr/2026:01:37:45 -0400] "GET /status/online/gender/m,f/age/30-39,18-19,50-59/languages/danish HTTP/1.1" 200 17935 "-" "Mozilla/5.0 AppleWebKit/537.36 (KHTML, like Gecko; compatible; ClaudeBot/1.0; +claudebot@anthropic.com)"
144.76.32.236 - - [04/Apr/2026:01:37:45 -0400] "GET /gender/c,f,m/hair/black,white,brown,auburn HTTP/1.1" 200 17149 "-" "Mozilla/5.0 (compatible; SERankingBacklinksBot/1.0; +https://seranking.com/backlinks-crawler)"
74.7.227.134 - - [04/Apr/2026:01:37:45 -0400] "GET /age/40-49,20-29,50-59/ethnicity/news-leonardo-faz-homenagem-apos-morte-de-assessora-cuidou-de-mim-como-filho,native,white,east-indian,other,latino,asian,black,islander HTTP/1.1" 200 23162 "https://www.nudcam.com/age/40-49,20-29/ethnicity/news-leonardo-faz-homenagem-apos-morte-de-assessora-cuidou-de-mim-como-filho,native,white,east-indian,other,latino,asian,black,islander" "Mozilla/5.0 AppleWebKit/537.36 (KHTML, like Gecko; compatible; GPTBot/1.3; +https://openai.com/gptbot)"
216.73.216.38 - - [04/Apr/2026:01:37:45 -0400] "GET /status/offline/gender/m,f/hair/white,auburn/ethnicity/white/languages/spanish HTTP/1.1" 200 18315 "-" "Mozilla/5.0 AppleWebKit/537.36 (KHTML, like Gecko; compatible; ClaudeBot/1.0; +claudebot@anthropic.com)"
216.73.216.38 - - [04/Apr/2026:01:37:45 -0400] "GET /status/offline/gender/m,t,f,c/age/18-19/ethnicity/white/languages/romanian HTTP/1.1" 200 18417 "-" "Mozilla/5.0 AppleWebKit/537.36 (KHTML, like Gecko; compatible; ClaudeBot/1.0; +claudebot@anthropic.com)"
216.73.216.38 - - [04/Apr/2026:01:37:46 -0400] "GET /age/20-29,30-39,40-49/ethnicity/black,white,islander/languages/dutch HTTP/1.1" 200 18070 "-" "Mozilla/5.0 AppleWebKit/537.36 (KHTML, like Gecko; compatible; ClaudeBot/1.0; +claudebot@anthropic.com)"
