74.7.227.134 - - [04/Apr/2026:01:36:55 -0400] "GET /age/50-59,30-39/ethnicity/news-leonardo-faz-homenagem-apos-morte-de-assessora-cuidou-de-mim-como-filho,white,native,latino,other,asian,east-indian,islander,black HTTP/1.1" 200 22650 "https://www.nudcam.com/age/50-59,20-29,30-39/ethnicity/news-leonardo-faz-homenagem-apos-morte-de-assessora-cuidou-de-mim-como-filho,white,native,latino,other,asian,east-indian,islander,black" "Mozilla/5.0 AppleWebKit/537.36 (KHTML, like Gecko; compatible; GPTBot/1.3; +https://openai.com/gptbot)"
216.73.216.38 - - [04/Apr/2026:01:36:55 -0400] "GET /gender/f,t,m/age/20-29,40-49/ethnicity/other/languages/belarusian HTTP/1.1" 200 17948 "-" "Mozilla/5.0 AppleWebKit/537.36 (KHTML, like Gecko; compatible; ClaudeBot/1.0; +claudebot@anthropic.com)"
17.22.237.64 - - [04/Apr/2026:01:36:55 -0400] "GET /status/online/gender/c,t/age/18-19,30-39/hair/brown HTTP/1.1" 200 17244 "-" "Mozilla/5.0 (Macintosh; Intel Mac OS X 10_15_7) AppleWebKit/605.1.15 (KHTML, like Gecko) Version/17.4 Safari/605.1.15 (Applebot/0.1; +http://www.apple.com/go/applebot)"
216.73.216.38 - - [04/Apr/2026:01:36:55 -0400] "GET /gender/c,f,m/ethnicity/other,white,black,native/languages/catalan HTTP/1.1" 200 18176 "-" "Mozilla/5.0 AppleWebKit/537.36 (KHTML, like Gecko; compatible; ClaudeBot/1.0; +claudebot@anthropic.com)"
17.241.227.83 - - [04/Apr/2026:01:36:55 -0400] "GET /age/40-49,20-29/hair/auburn/ethnicity/asian/languages/danish HTTP/1.1" 200 17392 "-" "Mozilla/5.0 (Macintosh; Intel Mac OS X 10_15_7) AppleWebKit/605.1.15 (KHTML, like Gecko) Version/17.4 Safari/605.1.15 (Applebot/0.1; +http://www.apple.com/go/applebot)"
216.73.216.38 - - [04/Apr/2026:01:36:55 -0400] "GET /gender/f,t/age/30-39,18-19,50-59/languages/estonian HTTP/1.1" 200 17389 "-" "Mozilla/5.0 AppleWebKit/537.36 (KHTML, like Gecko; compatible; ClaudeBot/1.0; +claudebot@anthropic.com)"
216.73.216.38 - - [04/Apr/2026:01:36:55 -0400] "GET /status/offline/gender/t,f/ethnicity/islander,black,other,native/languages/serbian HTTP/1.1" 200 18702 "-" "Mozilla/5.0 AppleWebKit/537.36 (KHTML, like Gecko; compatible; ClaudeBot/1.0; +claudebot@anthropic.com)"
216.73.216.38 - - [04/Apr/2026:01:36:55 -0400] "GET /age/18-19/ethnicity/latino,other,islander,asian/languages/finnish HTTP/1.1" 200 17792 "-" "Mozilla/5.0 AppleWebKit/537.36 (KHTML, like Gecko; compatible; ClaudeBot/1.0; +claudebot@anthropic.com)"
216.73.216.38 - - [04/Apr/2026:01:36:55 -0400] "GET /gender/c,m/hair/blonde,black/ethnicity/native/languages/russian HTTP/1.1" 200 17686 "-" "Mozilla/5.0 AppleWebKit/537.36 (KHTML, like Gecko; compatible; ClaudeBot/1.0; +claudebot@anthropic.com)"
216.73.216.38 - - [04/Apr/2026:01:36:55 -0400] "GET /status/online,offline/gender/m,t/ethnicity/native,black/languages/polish HTTP/1.1" 200 18204 "-" "Mozilla/5.0 AppleWebKit/537.36 (KHTML, like Gecko; compatible; ClaudeBot/1.0; +claudebot@anthropic.com)"
216.73.216.38 - - [04/Apr/2026:01:36:55 -0400] "GET /status/online/gender/m/ethnicity/latino,islander,white/languages/italian HTTP/1.1" 200 17990 "-" "Mozilla/5.0 AppleWebKit/537.36 (KHTML, like Gecko; compatible; ClaudeBot/1.0; +claudebot@anthropic.com)"
216.73.216.38 - - [04/Apr/2026:01:36:55 -0400] "GET /status/offline/age/20-29,60-100/hair/white,grey/ethnicity/white/languages/fiji HTTP/1.1" 200 18336 "-" "Mozilla/5.0 AppleWebKit/537.36 (KHTML, like Gecko; compatible; ClaudeBot/1.0; +claudebot@anthropic.com)"
216.73.216.38 - - [04/Apr/2026:01:36:55 -0400] "GET /status/offline/gender/t,f/age/40-49/ethnicity/other,white,islander/languages/finnish HTTP/1.1" 200 18779 "-" "Mozilla/5.0 AppleWebKit/537.36 (KHTML, like Gecko; compatible; ClaudeBot/1.0; +claudebot@anthropic.com)"
66.249.66.43 - - [04/Apr/2026:01:36:55 -0400] "GET /hair/auburn,grey,brown,red,blonde,white,black HTTP/1.1" 200 17258 "-" "Mozilla/5.0 (Linux; Android 6.0.1; Nexus 5X Build/MMB29P) AppleWebKit/537.36 (KHTML, like Gecko) Chrome/146.0.7680.177 Mobile Safari/537.36 (compatible; Googlebot/2.1; +http://www.google.com/bot.html)"
216.73.216.38 - - [04/Apr/2026:01:36:55 -0400] "GET /status/offline/age/60-100/hair/black,brown,auburn/ethnicity/native/languages/finnish HTTP/1.1" 200 18535 "-" "Mozilla/5.0 AppleWebKit/537.36 (KHTML, like Gecko; compatible; ClaudeBot/1.0; +claudebot@anthropic.com)"
216.73.216.38 - - [04/Apr/2026:01:36:56 -0400] "GET /gender/f/hair/blonde,red,white/ethnicity/white/languages/czech HTTP/1.1" 200 17635 "-" "Mozilla/5.0 AppleWebKit/537.36 (KHTML, like Gecko; compatible; ClaudeBot/1.0; +claudebot@anthropic.com)"
74.7.227.134 - - [04/Apr/2026:01:36:56 -0400] "GET /age/40-49,50-59/ethnicity/news-leonardo-faz-homenagem-apos-morte-de-assessora-cuidou-de-mim-como-filho,latino,east-indian,native,black,islander,other,asian,white HTTP/1.1" 200 22650 "https://www.nudcam.com/age/30-39,40-49,50-59/ethnicity/news-leonardo-faz-homenagem-apos-morte-de-assessora-cuidou-de-mim-como-filho,latino,east-indian,native,black,islander,other,asian,white" "Mozilla/5.0 AppleWebKit/537.36 (KHTML, like Gecko; compatible; GPTBot/1.3; +https://openai.com/gptbot)"
17.241.227.45 - - [04/Apr/2026:01:36:56 -0400] "GET /age/40-49/hair/red,blonde/ethnicity/native/sites/1 HTTP/1.1" 200 17069 "-" "Mozilla/5.0 (Macintosh; Intel Mac OS X 10_15_7) AppleWebKit/605.1.15 (KHTML, like Gecko) Version/17.4 Safari/605.1.15 (Applebot/0.1; +http://www.apple.com/go/applebot)"
216.73.216.38 - - [04/Apr/2026:01:36:56 -0400] "GET /status/offline/gender/c,f,m/ethnicity/latino,islander,native/languages/finnish HTTP/1.1" 200 18598 "-" "Mozilla/5.0 AppleWebKit/537.36 (KHTML, like Gecko; compatible; ClaudeBot/1.0; +claudebot@anthropic.com)"
34.203.111.15 - - [04/Apr/2026:01:36:56 -0400] "GET /status/offline,online/gender/t,c,f/age/60-100,40-49/hair/red,grey/ethnicity/islander,asian,native,east-indian/languages/hebrew HTTP/1.1" 200 21684 "-" "Mozilla/5.0 AppleWebKit/537.36 (KHTML, like Gecko; compatible; Amazonbot/0.1; +https://developer.amazon.com/support/amazonbot) Chrome/119.0.6045.214 Safari/537.36"
216.73.216.38 - - [04/Apr/2026:01:36:56 -0400] "GET /status/offline/gender/t,m,f/age/18-19/ethnicity/native,white/languages/korean HTTP/1.1" 200 18536 "-" "Mozilla/5.0 AppleWebKit/537.36 (KHTML, like Gecko; compatible; ClaudeBot/1.0; +claudebot@anthropic.com)"
216.73.216.38 - - [04/Apr/2026:01:36:56 -0400] "GET /age/20-29/ethnicity/latino,islander,native,white,other/languages/irish HTTP/1.1" 200 18142 "-" "Mozilla/5.0 AppleWebKit/537.36 (KHTML, like Gecko; compatible; ClaudeBot/1.0; +claudebot@anthropic.com)"
216.73.216.38 - - [04/Apr/2026:01:36:56 -0400] "GET /age/20-29,60-100/ethnicity/black,latino,native,white/languages/hebrew HTTP/1.1" 200 18112 "-" "Mozilla/5.0 AppleWebKit/537.36 (KHTML, like Gecko; compatible; ClaudeBot/1.0; +claudebot@anthropic.com)"
216.73.216.38 - - [04/Apr/2026:01:36:56 -0400] "GET /status/offline/gender/c,m/age/40-49/hair/grey/ethnicity/native/languages/japanese HTTP/1.1" 200 18418 "-" "Mozilla/5.0 AppleWebKit/537.36 (KHTML, like Gecko; compatible; ClaudeBot/1.0; +claudebot@anthropic.com)"
144.76.32.236 - - [04/Apr/2026:01:36:56 -0400] "GET /gender/f,m,c,t/age/20-29/hair/blonde,brown HTTP/1.1" 200 17130 "-" "Mozilla/5.0 (compatible; SERankingBacklinksBot/1.0; +https://seranking.com/backlinks-crawler)"
216.73.216.38 - - [04/Apr/2026:01:36:56 -0400] "GET /status/online,offline/ethnicity/white,black,latino,native/languages/fiji HTTP/1.1" 200 18219 "-" "Mozilla/5.0 AppleWebKit/537.36 (KHTML, like Gecko; compatible; ClaudeBot/1.0; +claudebot@anthropic.com)"
216.73.216.38 - - [04/Apr/2026:01:36:56 -0400] "GET /status/offline/age/40-49/hair/white/ethnicity/native,islander,asian/languages/estonian HTTP/1.1" 200 18621 "-" "Mozilla/5.0 AppleWebKit/537.36 (KHTML, like Gecko; compatible; ClaudeBot/1.0; +claudebot@anthropic.com)"
216.73.216.38 - - [04/Apr/2026:01:36:56 -0400] "GET /status/online/age/40-49,50-59/hair/black/ethnicity/asian/languages/danish HTTP/1.1" 200 17972 "-" "Mozilla/5.0 AppleWebKit/537.36 (KHTML, like Gecko; compatible; ClaudeBot/1.0; +claudebot@anthropic.com)"
17.22.245.250 - - [04/Apr/2026:01:36:56 -0400] "GET /gender/m,c,t/age/40-49/hair/white,black/languages/hindi HTTP/1.1" 200 17444 "-" "Mozilla/5.0 (Macintosh; Intel Mac OS X 10_15_7) AppleWebKit/605.1.15 (KHTML, like Gecko) Version/17.4 Safari/605.1.15 (Applebot/0.1; +http://www.apple.com/go/applebot)"
216.73.216.38 - - [04/Apr/2026:01:36:56 -0400] "GET /gender/t,m,c/age/60-100,20-29/ethnicity/white/languages/finnish HTTP/1.1" 200 17876 "-" "Mozilla/5.0 AppleWebKit/537.36 (KHTML, like Gecko; compatible; ClaudeBot/1.0; +claudebot@anthropic.com)"
216.73.216.38 - - [04/Apr/2026:01:36:56 -0400] "GET /status/offline/age/60-100/hair/red,black,white/ethnicity/other/languages/turkish HTTP/1.1" 200 18403 "-" "Mozilla/5.0 AppleWebKit/537.36 (KHTML, like Gecko; compatible; ClaudeBot/1.0; +claudebot@anthropic.com)"
74.7.227.134 - - [04/Apr/2026:01:36:57 -0400] "GET /gender/c/age/50-59,20-29,40-49/ethnicity/news-leonardo-faz-homenagem-apos-morte-de-assessora-cuidou-de-mim-como-filho,white,native,latino,other,asian,east-indian,islander,black HTTP/1.1" 200 23784 "https://www.nudcam.com/age/50-59,20-29,40-49/ethnicity/news-leonardo-faz-homenagem-apos-morte-de-assessora-cuidou-de-mim-como-filho,white,native,latino,other,asian,east-indian,islander,black" "Mozilla/5.0 AppleWebKit/537.36 (KHTML, like Gecko; compatible; GPTBot/1.3; +https://openai.com/gptbot)"
216.73.216.38 - - [04/Apr/2026:01:36:57 -0400] "GET /status/offline/age/50-59/hair/white,black,red,grey/languages/fiji HTTP/1.1" 200 17984 "-" "Mozilla/5.0 AppleWebKit/537.36 (KHTML, like Gecko; compatible; ClaudeBot/1.0; +claudebot@anthropic.com)"
216.73.216.38 - - [04/Apr/2026:01:36:57 -0400] "GET /status/online/gender/t/age/40-49/hair/blonde,red/languages/irish HTTP/1.1" 200 17743 "-" "Mozilla/5.0 AppleWebKit/537.36 (KHTML, like Gecko; compatible; ClaudeBot/1.0; +claudebot@anthropic.com)"
216.73.216.38 - - [04/Apr/2026:01:36:57 -0400] "GET /status/offline/age/50-59/hair/white,red,black,grey/languages/fiji HTTP/1.1" 200 17984 "-" "Mozilla/5.0 AppleWebKit/537.36 (KHTML, like Gecko; compatible; ClaudeBot/1.0; +claudebot@anthropic.com)"
216.73.216.38 - - [04/Apr/2026:01:36:57 -0400] "GET /gender/t,c,m/ethnicity/white,black,other/languages/irish HTTP/1.1" 200 17685 "-" "Mozilla/5.0 AppleWebKit/537.36 (KHTML, like Gecko; compatible; ClaudeBot/1.0; +claudebot@anthropic.com)"
216.73.216.38 - - [04/Apr/2026:01:36:57 -0400] "GET /age/30-39/ethnicity/black,other,islander,native,asian/languages/norwegian HTTP/1.1" 200 18249 "-" "Mozilla/5.0 AppleWebKit/537.36 (KHTML, like Gecko; compatible; ClaudeBot/1.0; +claudebot@anthropic.com)"
216.73.216.38 - - [04/Apr/2026:01:36:57 -0400] "GET /gender/m/age/50-59/hair/grey,red/ethnicity/white/languages/faeroese HTTP/1.1" 200 17778 "-" "Mozilla/5.0 AppleWebKit/537.36 (KHTML, like Gecko; compatible; ClaudeBot/1.0; +claudebot@anthropic.com)"
216.73.216.38 - - [04/Apr/2026:01:36:57 -0400] "GET /status/offline/age/60-100,40-49,18-19/ethnicity/black,white/languages/afrikaans HTTP/1.1" 200 18421 "-" "Mozilla/5.0 AppleWebKit/537.36 (KHTML, like Gecko; compatible; ClaudeBot/1.0; +claudebot@anthropic.com)"
216.73.216.38 - - [04/Apr/2026:01:36:57 -0400] "GET /gender/t/age/40-49/ethnicity/white,native,islander,asian/languages/persian HTTP/1.1" 200 18248 "-" "Mozilla/5.0 AppleWebKit/537.36 (KHTML, like Gecko; compatible; ClaudeBot/1.0; +claudebot@anthropic.com)"
17.241.219.13 - - [04/Apr/2026:01:36:57 -0400] "GET /age/30-39/hair/black,white,red/ethnicity/asian/languages/cambodian HTTP/1.1" 200 17559 "-" "Mozilla/5.0 (Macintosh; Intel Mac OS X 10_15_7) AppleWebKit/605.1.15 (KHTML, like Gecko) Version/17.4 Safari/605.1.15 (Applebot/0.1; +http://www.apple.com/go/applebot)"
216.73.216.38 - - [04/Apr/2026:01:36:57 -0400] "GET /age/18-19,30-39/hair/black/ethnicity/east-indian/languages/catalan HTTP/1.1" 200 17580 "-" "Mozilla/5.0 AppleWebKit/537.36 (KHTML, like Gecko; compatible; ClaudeBot/1.0; +claudebot@anthropic.com)"
216.73.216.38 - - [04/Apr/2026:01:36:57 -0400] "GET /status/offline/age/30-39/hair/black,grey/ethnicity/islander,other/languages/spanish HTTP/1.1" 200 18526 "-" "Mozilla/5.0 AppleWebKit/537.36 (KHTML, like Gecko; compatible; ClaudeBot/1.0; +claudebot@anthropic.com)"
216.73.216.38 - - [04/Apr/2026:01:36:57 -0400] "GET /gender/f/age/30-39,18-19/ethnicity/islander,black,native/languages/arabic HTTP/1.1" 200 18215 "-" "Mozilla/5.0 AppleWebKit/537.36 (KHTML, like Gecko; compatible; ClaudeBot/1.0; +claudebot@anthropic.com)"
74.7.227.134 - - [04/Apr/2026:01:36:58 -0400] "GET /age/50-59,40-49/ethnicity/news-leonardo-faz-homenagem-apos-morte-de-assessora-cuidou-de-mim-como-filho,native,white,east-indian,other,latino,asian,black,islander HTTP/1.1" 200 22650 "https://www.nudcam.com/age/50-59,40-49/ethnicity/news-leonardo-faz-homenagem-apos-morte-de-assessora-cuidou-de-mim-como-filho,native,white,east-indian,other,latino,asian,black" "Mozilla/5.0 AppleWebKit/537.36 (KHTML, like Gecko; compatible; GPTBot/1.3; +https://openai.com/gptbot)"
216.73.216.38 - - [04/Apr/2026:01:36:58 -0400] "GET /gender/t,c/ethnicity/black,white,islander,native/languages/cambodian HTTP/1.1" 200 18092 "-" "Mozilla/5.0 AppleWebKit/537.36 (KHTML, like Gecko; compatible; ClaudeBot/1.0; +claudebot@anthropic.com)"
216.73.216.38 - - [04/Apr/2026:01:36:58 -0400] "GET /gender/f/age/30-39/hair/black,red,auburn/languages/fiji HTTP/1.1" 200 17470 "-" "Mozilla/5.0 AppleWebKit/537.36 (KHTML, like Gecko; compatible; ClaudeBot/1.0; +claudebot@anthropic.com)"
216.73.216.38 - - [04/Apr/2026:01:36:58 -0400] "GET /status/offline/gender/f,m/age/40-49/ethnicity/black,islander,white,native/languages/hebrew HTTP/1.1" 200 19194 "-" "Mozilla/5.0 AppleWebKit/537.36 (KHTML, like Gecko; compatible; ClaudeBot/1.0; +claudebot@anthropic.com)"
216.73.216.38 - - [04/Apr/2026:01:36:58 -0400] "GET /status/offline/gender/m,t,c/ethnicity/black,other,native/languages/turkish HTTP/1.1" 200 18461 "-" "Mozilla/5.0 AppleWebKit/537.36 (KHTML, like Gecko; compatible; ClaudeBot/1.0; +claudebot@anthropic.com)"
216.73.216.38 - - [04/Apr/2026:01:36:58 -0400] "GET /status/online/hair/blonde,black,auburn/ethnicity/islander/languages/thai HTTP/1.1" 200 17962 "-" "Mozilla/5.0 AppleWebKit/537.36 (KHTML, like Gecko; compatible; ClaudeBot/1.0; +claudebot@anthropic.com)"
17.241.227.45 - - [04/Apr/2026:01:36:58 -0400] "GET /status/online,offline/gender/c,t/age/40-49/hair/grey,auburn HTTP/1.1" 200 17924 "-" "Mozilla/5.0 (Macintosh; Intel Mac OS X 10_15_7) AppleWebKit/605.1.15 (KHTML, like Gecko) Version/17.4 Safari/605.1.15 (Applebot/0.1; +http://www.apple.com/go/applebot)"
216.73.216.38 - - [04/Apr/2026:01:36:58 -0400] "GET /gender/f,t,c,m/ethnicity/islander,asian/languages/spanish HTTP/1.1" 200 17721 "-" "Mozilla/5.0 AppleWebKit/537.36 (KHTML, like Gecko; compatible; ClaudeBot/1.0; +claudebot@anthropic.com)"
216.73.216.38 - - [04/Apr/2026:01:36:58 -0400] "GET /age/18-19,30-39,40-49/ethnicity/islander,black,native/languages/kashmiri HTTP/1.1" 200 18208 "-" "Mozilla/5.0 AppleWebKit/537.36 (KHTML, like Gecko; compatible; ClaudeBot/1.0; +claudebot@anthropic.com)"
74.7.227.30 - - [04/Apr/2026:01:36:58 -0400] "GET /age/50-59/ethnicity/black,islander,other,white,east-indian,latino,asian,native HTTP/1.1" 200 18734 "https://nudcam.com/ethnicity/black,islander,other,white,east-indian,latino,asian,native" "Mozilla/5.0 AppleWebKit/537.36 (KHTML, like Gecko; compatible; GPTBot/1.3; +https://openai.com/gptbot)"
216.73.216.38 - - [04/Apr/2026:01:36:58 -0400] "GET /age/60-100/hair/grey,blonde,white/ethnicity/other/languages/swedish HTTP/1.1" 200 17803 "-" "Mozilla/5.0 AppleWebKit/537.36 (KHTML, like Gecko; compatible; ClaudeBot/1.0; +claudebot@anthropic.com)"
216.73.216.38 - - [04/Apr/2026:01:36:58 -0400] "GET /gender/t,f/age/50-59,60-100/ethnicity/native,white/languages/malay HTTP/1.1" 200 17994 "-" "Mozilla/5.0 AppleWebKit/537.36 (KHTML, like Gecko; compatible; ClaudeBot/1.0; +claudebot@anthropic.com)"
216.73.216.38 - - [04/Apr/2026:01:36:58 -0400] "GET /status/offline/hair/brown,auburn/ethnicity/other,native,black/languages/scots HTTP/1.1" 200 18349 "-" "Mozilla/5.0 AppleWebKit/537.36 (KHTML, like Gecko; compatible; ClaudeBot/1.0; +claudebot@anthropic.com)"
216.73.216.38 - - [04/Apr/2026:01:36:58 -0400] "GET /age/50-59/hair/black,brown,blonde,red/languages/danish HTTP/1.1" 200 17467 "-" "Mozilla/5.0 AppleWebKit/537.36 (KHTML, like Gecko; compatible; ClaudeBot/1.0; +claudebot@anthropic.com)"
216.73.216.38 - - [04/Apr/2026:01:36:59 -0400] "GET /status/offline/gender/f/age/40-49/hair/grey/ethnicity/other,native/languages/bulgarian HTTP/1.1" 200 18594 "-" "Mozilla/5.0 AppleWebKit/537.36 (KHTML, like Gecko; compatible; ClaudeBot/1.0; +claudebot@anthropic.com)"
74.7.227.134 - - [04/Apr/2026:01:36:59 -0400] "GET /age/18-19,30-39/ethnicity/news-leonardo-faz-homenagem-apos-morte-de-assessora-cuidou-de-mim-como-filho,islander,other,latino,east-indian,black,white,asian,native HTTP/1.1" 200 22650 "https://www.nudcam.com/age/18-19,30-39/ethnicity/news-leonardo-faz-homenagem-apos-morte-de-assessora-cuidou-de-mim-como-filho,islander,other,latino,east-indian,black,white,asian" "Mozilla/5.0 AppleWebKit/537.36 (KHTML, like Gecko; compatible; GPTBot/1.3; +https://openai.com/gptbot)"
216.73.216.38 - - [04/Apr/2026:01:36:59 -0400] "GET /gender/m,f/hair/grey/ethnicity/islander,white/languages/slovak HTTP/1.1" 200 17666 "-" "Mozilla/5.0 AppleWebKit/537.36 (KHTML, like Gecko; compatible; ClaudeBot/1.0; +claudebot@anthropic.com)"
216.73.216.38 - - [04/Apr/2026:01:36:59 -0400] "GET /age/20-29/hair/grey,white/ethnicity/white,native,islander/languages/polish HTTP/1.1" 200 18247 "-" "Mozilla/5.0 AppleWebKit/537.36 (KHTML, like Gecko; compatible; ClaudeBot/1.0; +claudebot@anthropic.com)"
216.73.216.38 - - [04/Apr/2026:01:36:59 -0400] "GET /status/offline/gender/c/age/60-100/hair/white/ethnicity/black,native/languages/belarusian HTTP/1.1" 200 18695 "-" "Mozilla/5.0 AppleWebKit/537.36 (KHTML, like Gecko; compatible; ClaudeBot/1.0; +claudebot@anthropic.com)"
216.73.216.38 - - [04/Apr/2026:01:36:59 -0400] "GET /status/offline/age/20-29,18-19/hair/grey/ethnicity/native,other/languages/belarusian HTTP/1.1" 200 18560 "-" "Mozilla/5.0 AppleWebKit/537.36 (KHTML, like Gecko; compatible; ClaudeBot/1.0; +claudebot@anthropic.com)"
216.73.216.38 - - [04/Apr/2026:01:36:59 -0400] "GET /gender/t/ethnicity/white,latino,islander,native/languages/greek HTTP/1.1" 200 17719 "-" "Mozilla/5.0 AppleWebKit/537.36 (KHTML, like Gecko; compatible; ClaudeBot/1.0; +claudebot@anthropic.com)"
216.73.216.38 - - [04/Apr/2026:01:36:59 -0400] "GET /status/offline/gender/t,f/ethnicity/islander,other,black,native/languages/serbian HTTP/1.1" 200 18702 "-" "Mozilla/5.0 AppleWebKit/537.36 (KHTML, like Gecko; compatible; ClaudeBot/1.0; +claudebot@anthropic.com)"
216.73.216.38 - - [04/Apr/2026:01:36:59 -0400] "GET /status/offline/gender/f/age/50-59,40-49/hair/red,white/languages/scots HTTP/1.1" 200 18131 "-" "Mozilla/5.0 AppleWebKit/537.36 (KHTML, like Gecko; compatible; ClaudeBot/1.0; +claudebot@anthropic.com)"
216.73.216.38 - - [04/Apr/2026:01:36:59 -0400] "GET /status/online/age/40-49/hair/grey,brown/ethnicity/east-indian/languages/spanish HTTP/1.1" 200 18171 "-" "Mozilla/5.0 AppleWebKit/537.36 (KHTML, like Gecko; compatible; ClaudeBot/1.0; +claudebot@anthropic.com)"
216.73.216.38 - - [04/Apr/2026:01:36:59 -0400] "GET /status/offline,online/age/18-19,30-39,20-29/ethnicity/white/languages/kurdish HTTP/1.1" 200 18339 "-" "Mozilla/5.0 AppleWebKit/537.36 (KHTML, like Gecko; compatible; ClaudeBot/1.0; +claudebot@anthropic.com)"
216.73.216.38 - - [04/Apr/2026:01:36:59 -0400] "GET /gender/f/age/40-49,20-29/hair/white,grey/languages/korean HTTP/1.1" 200 17543 "-" "Mozilla/5.0 AppleWebKit/537.36 (KHTML, like Gecko; compatible; ClaudeBot/1.0; +claudebot@anthropic.com)"
74.7.227.134 - - [04/Apr/2026:01:37:00 -0400] "GET /gender/t/age/50-59,40-49/ethnicity/news-leonardo-faz-homenagem-apos-morte-de-assessora-cuidou-de-mim-como-filho,native,white,east-indian,other,latino,asian,black HTTP/1.1" 200 22620 "https://www.nudcam.com/age/50-59,40-49/ethnicity/news-leonardo-faz-homenagem-apos-morte-de-assessora-cuidou-de-mim-como-filho,native,white,east-indian,other,latino,asian,black" "Mozilla/5.0 AppleWebKit/537.36 (KHTML, like Gecko; compatible; GPTBot/1.3; +https://openai.com/gptbot)"
216.73.216.38 - - [04/Apr/2026:01:37:00 -0400] "GET /gender/f,t/hair/red,brown,auburn/languages/finnish HTTP/1.1" 200 17353 "-" "Mozilla/5.0 AppleWebKit/537.36 (KHTML, like Gecko; compatible; ClaudeBot/1.0; +claudebot@anthropic.com)"
216.73.216.38 - - [04/Apr/2026:01:37:00 -0400] "GET /gender/c/hair/white,auburn,black/ethnicity/native/languages/swedish HTTP/1.1" 200 17799 "-" "Mozilla/5.0 AppleWebKit/537.36 (KHTML, like Gecko; compatible; ClaudeBot/1.0; +claudebot@anthropic.com)"
17.241.75.72 - - [04/Apr/2026:01:37:00 -0400] "GET /status/online/age/50-59,18-19/ethnicity/native,asian/languages/hebrew HTTP/1.1" 200 17899 "-" "Mozilla/5.0 (Macintosh; Intel Mac OS X 10_15_7) AppleWebKit/605.1.15 (KHTML, like Gecko) Version/17.4 Safari/605.1.15 (Applebot/0.1; +http://www.apple.com/go/applebot)"
216.73.216.38 - - [04/Apr/2026:01:37:00 -0400] "GET /age/18-19/hair/brown,red,grey/ethnicity/white,native/languages/scots HTTP/1.1" 200 18043 "-" "Mozilla/5.0 AppleWebKit/537.36 (KHTML, like Gecko; compatible; ClaudeBot/1.0; +claudebot@anthropic.com)"
34.206.193.60 - - [04/Apr/2026:01:37:00 -0400] "GET /status/offline,online/gender/m,c/age/40-49/hair/red,grey/ethnicity/native,asian,east-indian/sites/1 HTTP/1.1" 200 19680 "-" "Mozilla/5.0 AppleWebKit/537.36 (KHTML, like Gecko; compatible; Amazonbot/0.1; +https://developer.amazon.com/support/amazonbot) Chrome/119.0.6045.214 Safari/537.36"
216.73.216.38 - - [04/Apr/2026:01:37:00 -0400] "GET /status/offline/hair/white,grey/ethnicity/other,islander,native/languages/slovak HTTP/1.1" 200 18417 "-" "Mozilla/5.0 AppleWebKit/537.36 (KHTML, like Gecko; compatible; ClaudeBot/1.0; +claudebot@anthropic.com)"
216.73.216.38 - - [04/Apr/2026:01:37:00 -0400] "GET /age/18-19/hair/brown,white,grey/ethnicity/white,native/languages/malay HTTP/1.1" 200 18109 "-" "Mozilla/5.0 AppleWebKit/537.36 (KHTML, like Gecko; compatible; ClaudeBot/1.0; +claudebot@anthropic.com)"
216.73.216.38 - - [04/Apr/2026:01:37:00 -0400] "GET /hair/blonde,red,brown,grey,black/languages/vietnamese HTTP/1.1" 200 17464 "-" "Mozilla/5.0 AppleWebKit/537.36 (KHTML, like Gecko; compatible; ClaudeBot/1.0; +claudebot@anthropic.com)"
216.73.216.38 - - [04/Apr/2026:01:37:00 -0400] "GET /age/20-29,60-100/ethnicity/black,native,latino,white/languages/hebrew HTTP/1.1" 200 18112 "-" "Mozilla/5.0 AppleWebKit/537.36 (KHTML, like Gecko; compatible; ClaudeBot/1.0; +claudebot@anthropic.com)"
216.73.216.38 - - [04/Apr/2026:01:37:00 -0400] "GET /gender/m/hair/blonde,red,brown/ethnicity/native/languages/spanish HTTP/1.1" 200 17733 "-" "Mozilla/5.0 AppleWebKit/537.36 (KHTML, like Gecko; compatible; ClaudeBot/1.0; +claudebot@anthropic.com)"
216.73.216.38 - - [04/Apr/2026:01:37:00 -0400] "GET /status/offline/gender/c,f,m/age/20-29,40-49/ethnicity/native/languages/italian HTTP/1.1" 200 18554 "-" "Mozilla/5.0 AppleWebKit/537.36 (KHTML, like Gecko; compatible; ClaudeBot/1.0; +claudebot@anthropic.com)"
216.73.216.38 - - [04/Apr/2026:01:37:00 -0400] "GET /age/30-39/hair/red,black/ethnicity/other,asian/languages/hebrew HTTP/1.1" 200 17697 "-" "Mozilla/5.0 AppleWebKit/537.36 (KHTML, like Gecko; compatible; ClaudeBot/1.0; +claudebot@anthropic.com)"
216.73.216.38 - - [04/Apr/2026:01:37:00 -0400] "GET /status/offline/gender/m/age/30-39/hair/auburn,black/languages/icelandic HTTP/1.1" 200 17974 "-" "Mozilla/5.0 AppleWebKit/537.36 (KHTML, like Gecko; compatible; ClaudeBot/1.0; +claudebot@anthropic.com)"
74.7.227.134 - - [04/Apr/2026:01:37:01 -0400] "GET /gender/t/age/18-19,20-29,30-39,60-100/ethnicity/news-leonardo-faz-homenagem-apos-morte-de-assessora-cuidou-de-mim-como-filho,asian,islander,latino,black,native,east-indian,white,other HTTP/1.1" 200 24363 "https://www.nudcam.com/age/18-19,20-29,30-39,60-100/ethnicity/news-leonardo-faz-homenagem-apos-morte-de-assessora-cuidou-de-mim-como-filho,asian,islander,latino,black,native,east-indian,white,other" "Mozilla/5.0 AppleWebKit/537.36 (KHTML, like Gecko; compatible; GPTBot/1.3; +https://openai.com/gptbot)"
216.73.216.38 - - [04/Apr/2026:01:37:01 -0400] "GET /gender/c/age/60-100,50-59,40-49/ethnicity/white,islander/languages/german HTTP/1.1" 200 18208 "-" "Mozilla/5.0 AppleWebKit/537.36 (KHTML, like Gecko; compatible; ClaudeBot/1.0; +claudebot@anthropic.com)"
144.76.32.236 - - [04/Apr/2026:01:37:01 -0400] "GET /gender/c,m,t/hair/red,grey/languages/irish HTTP/1.1" 200 16878 "-" "Mozilla/5.0 (compatible; SERankingBacklinksBot/1.0; +https://seranking.com/backlinks-crawler)"
216.73.216.38 - - [04/Apr/2026:01:37:01 -0400] "GET /gender/f,m,c/hair/white,blonde/languages/lithuanian HTTP/1.1" 200 17393 "-" "Mozilla/5.0 AppleWebKit/537.36 (KHTML, like Gecko; compatible; ClaudeBot/1.0; +claudebot@anthropic.com)"
216.73.216.38 - - [04/Apr/2026:01:37:01 -0400] "GET /status/online/age/20-29,18-19,30-39/hair/white/languages/korean HTTP/1.1" 200 17731 "-" "Mozilla/5.0 AppleWebKit/537.36 (KHTML, like Gecko; compatible; ClaudeBot/1.0; +claudebot@anthropic.com)"
17.241.227.84 - - [04/Apr/2026:01:37:01 -0400] "GET /status/online/gender/c,f/age/60-100/ethnicity/other,asian/languages/irish HTTP/1.1" 200 17985 "-" "Mozilla/5.0 (Macintosh; Intel Mac OS X 10_15_7) AppleWebKit/605.1.15 (KHTML, like Gecko) Version/17.4 Safari/605.1.15 (Applebot/0.1; +http://www.apple.com/go/applebot)"
216.73.216.38 - - [04/Apr/2026:01:37:01 -0400] "GET /status/offline,online/gender/m,f/hair/grey/ethnicity/white/languages/thai HTTP/1.1" 200 18179 "-" "Mozilla/5.0 AppleWebKit/537.36 (KHTML, like Gecko; compatible; ClaudeBot/1.0; +claudebot@anthropic.com)"
216.73.216.38 - - [04/Apr/2026:01:37:01 -0400] "GET /gender/f,c/age/60-100/hair/blonde,red/languages/serbian HTTP/1.1" 200 17493 "-" "Mozilla/5.0 AppleWebKit/537.36 (KHTML, like Gecko; compatible; ClaudeBot/1.0; +claudebot@anthropic.com)"
216.73.216.38 - - [04/Apr/2026:01:37:01 -0400] "GET /status/online/gender/f,c/age/20-29/ethnicity/white,asian/languages/polish HTTP/1.1" 200 18207 "-" "Mozilla/5.0 AppleWebKit/537.36 (KHTML, like Gecko; compatible; ClaudeBot/1.0; +claudebot@anthropic.com)"
216.73.216.38 - - [04/Apr/2026:01:37:01 -0400] "GET /gender/t/age/40-49/hair/grey,white/ethnicity/other/languages/kashmiri HTTP/1.1" 200 17843 "-" "Mozilla/5.0 AppleWebKit/537.36 (KHTML, like Gecko; compatible; ClaudeBot/1.0; +claudebot@anthropic.com)"
216.73.216.38 - - [04/Apr/2026:01:37:01 -0400] "GET /age/18-19,30-39/hair/blonde,black,white/languages/hebrew HTTP/1.1" 200 17536 "-" "Mozilla/5.0 AppleWebKit/537.36 (KHTML, like Gecko; compatible; ClaudeBot/1.0; +claudebot@anthropic.com)"
216.73.216.38 - - [04/Apr/2026:01:37:01 -0400] "GET /status/offline/hair/white,grey,red,brown/ethnicity/other/languages/norwegian HTTP/1.1" 200 18296 "-" "Mozilla/5.0 AppleWebKit/537.36 (KHTML, like Gecko; compatible; ClaudeBot/1.0; +claudebot@anthropic.com)"
216.73.216.38 - - [04/Apr/2026:01:37:01 -0400] "GET /age/20-29/hair/brown,grey/ethnicity/other,black/languages/chinese HTTP/1.1" 200 17763 "-" "Mozilla/5.0 AppleWebKit/537.36 (KHTML, like Gecko; compatible; ClaudeBot/1.0; +claudebot@anthropic.com)"
216.73.216.38 - - [04/Apr/2026:01:37:01 -0400] "GET /status/offline/age/18-19/hair/white,grey,black,auburn/languages/belarusian HTTP/1.1" 200 18293 "-" "Mozilla/5.0 AppleWebKit/537.36 (KHTML, like Gecko; compatible; ClaudeBot/1.0; +claudebot@anthropic.com)"
74.7.227.134 - - [04/Apr/2026:01:37:02 -0400] "GET /age/50-59,40-49,18-19/ethnicity/news-leonardo-faz-homenagem-apos-morte-de-assessora-cuidou-de-mim-como-filho,asian,white,latino,black,east-indian,native,other,islander HTTP/1.1" 200 23162 "https://www.nudcam.com/age/50-59,40-49/ethnicity/news-leonardo-faz-homenagem-apos-morte-de-assessora-cuidou-de-mim-como-filho,asian,white,latino,black,east-indian,native,other,islander" "Mozilla/5.0 AppleWebKit/537.36 (KHTML, like Gecko; compatible; GPTBot/1.3; +https://openai.com/gptbot)"
17.246.19.155 - - [04/Apr/2026:01:37:02 -0400] "GET /ethnicity/black,white,latino/languages/estonian HTTP/1.1" 200 16901 "-" "Mozilla/5.0 (Macintosh; Intel Mac OS X 10_15_7) AppleWebKit/605.1.15 (KHTML, like Gecko) Version/17.4 Safari/605.1.15 (Applebot/0.1; +http://www.apple.com/go/applebot)"
216.73.216.38 - - [04/Apr/2026:01:37:02 -0400] "GET /status/online/age/40-49/hair/red,brown,auburn,white/languages/hebrew HTTP/1.1" 200 18087 "-" "Mozilla/5.0 AppleWebKit/537.36 (KHTML, like Gecko; compatible; ClaudeBot/1.0; +claudebot@anthropic.com)"
216.73.216.38 - - [04/Apr/2026:01:37:02 -0400] "GET /status/offline/age/18-19,50-59/hair/grey,black/ethnicity/native/languages/malay HTTP/1.1" 200 18371 "-" "Mozilla/5.0 AppleWebKit/537.36 (KHTML, like Gecko; compatible; ClaudeBot/1.0; +claudebot@anthropic.com)"
216.73.216.38 - - [04/Apr/2026:01:37:02 -0400] "GET /ethnicity/native,latino,islander,black,east-indian/languages/scots HTTP/1.1" 200 17845 "-" "Mozilla/5.0 AppleWebKit/537.36 (KHTML, like Gecko; compatible; ClaudeBot/1.0; +claudebot@anthropic.com)"
216.73.216.38 - - [04/Apr/2026:01:37:02 -0400] "GET /gender/f/age/30-39,20-29/hair/black/ethnicity/white/languages/spanish HTTP/1.1" 200 17837 "-" "Mozilla/5.0 AppleWebKit/537.36 (KHTML, like Gecko; compatible; ClaudeBot/1.0; +claudebot@anthropic.com)"
216.73.216.38 - - [04/Apr/2026:01:37:02 -0400] "GET /status/offline/age/30-39,40-49/ethnicity/other,white,native,islander/languages/estonian HTTP/1.1" 200 18901 "-" "Mozilla/5.0 AppleWebKit/537.36 (KHTML, like Gecko; compatible; ClaudeBot/1.0; +claudebot@anthropic.com)"
216.73.216.38 - - [04/Apr/2026:01:37:02 -0400] "GET /gender/t/hair/white/ethnicity/islander,white,black/languages/scots HTTP/1.1" 200 17780 "-" "Mozilla/5.0 AppleWebKit/537.36 (KHTML, like Gecko; compatible; ClaudeBot/1.0; +claudebot@anthropic.com)"
216.73.216.38 - - [04/Apr/2026:01:37:02 -0400] "GET /status/online/gender/t,m/ethnicity/black,islander,native/languages/estonian HTTP/1.1" 200 18299 "-" "Mozilla/5.0 AppleWebKit/537.36 (KHTML, like Gecko; compatible; ClaudeBot/1.0; +claudebot@anthropic.com)"
216.73.216.38 - - [04/Apr/2026:01:37:02 -0400] "GET /status/online/age/50-59/hair/red,black,brown/languages/lithuanian HTTP/1.1" 200 17811 "-" "Mozilla/5.0 AppleWebKit/537.36 (KHTML, like Gecko; compatible; ClaudeBot/1.0; +claudebot@anthropic.com)"
17.241.227.192 - - [04/Apr/2026:01:37:02 -0400] "GET /age/30-39/hair/brown/ethnicity/native,other/languages/arabic HTTP/1.1" 200 17199 "-" "Mozilla/5.0 (Macintosh; Intel Mac OS X 10_15_7) AppleWebKit/605.1.15 (KHTML, like Gecko) Version/17.4 Safari/605.1.15 (Applebot/0.1; +http://www.apple.com/go/applebot)"
216.73.216.38 - - [04/Apr/2026:01:37:02 -0400] "GET /gender/m/age/20-29,30-39/ethnicity/white,black,islander/languages/german HTTP/1.1" 200 18180 "-" "Mozilla/5.0 AppleWebKit/537.36 (KHTML, like Gecko; compatible; ClaudeBot/1.0; +claudebot@anthropic.com)"
216.73.216.38 - - [04/Apr/2026:01:37:02 -0400] "GET /gender/m/age/40-49/hair/grey,white/ethnicity/black/languages/indonesian HTTP/1.1" 200 17910 "-" "Mozilla/5.0 AppleWebKit/537.36 (KHTML, like Gecko; compatible; ClaudeBot/1.0; +claudebot@anthropic.com)"
216.73.216.38 - - [04/Apr/2026:01:37:02 -0400] "GET /status/online/age/18-19,20-29,40-49/ethnicity/latino,native/languages/scots HTTP/1.1" 200 18281 "-" "Mozilla/5.0 AppleWebKit/537.36 (KHTML, like Gecko; compatible; ClaudeBot/1.0; +claudebot@anthropic.com)"
74.7.227.134 - - [04/Apr/2026:01:37:03 -0400] "GET /age/50-59,40-49/ethnicity/news-leonardo-faz-homenagem-apos-morte-de-assessora-cuidou-de-mim-como-filho,asian,white,latino,black,native,other,islander HTTP/1.1" 200 21921 "https://www.nudcam.com/age/50-59,40-49/ethnicity/news-leonardo-faz-homenagem-apos-morte-de-assessora-cuidou-de-mim-como-filho,asian,white,latino,black,east-indian,native,other,islander" "Mozilla/5.0 AppleWebKit/537.36 (KHTML, like Gecko; compatible; GPTBot/1.3; +https://openai.com/gptbot)"
216.73.216.38 - - [04/Apr/2026:01:37:03 -0400] "GET /status/offline/gender/f/age/20-29,50-59,60-100,30-39/languages/norwegian HTTP/1.1" 200 18220 "-" "Mozilla/5.0 AppleWebKit/537.36 (KHTML, like Gecko; compatible; ClaudeBot/1.0; +claudebot@anthropic.com)"
216.73.216.38 - - [04/Apr/2026:01:37:03 -0400] "GET /status/offline/gender/c,t/age/50-59/ethnicity/native,other/languages/georgian HTTP/1.1" 200 18342 "-" "Mozilla/5.0 AppleWebKit/537.36 (KHTML, like Gecko; compatible; ClaudeBot/1.0; +claudebot@anthropic.com)"
216.73.216.38 - - [04/Apr/2026:01:37:03 -0400] "GET /status/offline/gender/m,c/hair/brown,grey,red/languages/polish HTTP/1.1" 200 17900 "-" "Mozilla/5.0 AppleWebKit/537.36 (KHTML, like Gecko; compatible; ClaudeBot/1.0; +claudebot@anthropic.com)"
216.73.216.38 - - [04/Apr/2026:01:37:03 -0400] "GET /status/offline/ethnicity/native,latino,islander,other,white/languages/japanese HTTP/1.1" 200 18417 "-" "Mozilla/5.0 AppleWebKit/537.36 (KHTML, like Gecko; compatible; ClaudeBot/1.0; +claudebot@anthropic.com)"
216.73.216.38 - - [04/Apr/2026:01:37:03 -0400] "GET /status/offline/hair/black,grey/ethnicity/other,islander,white/languages/faeroese HTTP/1.1" 200 18454 "-" "Mozilla/5.0 AppleWebKit/537.36 (KHTML, like Gecko; compatible; ClaudeBot/1.0; +claudebot@anthropic.com)"
216.73.216.38 - - [04/Apr/2026:01:37:03 -0400] "GET /status/online/gender/m/age/20-29/hair/red/ethnicity/white/languages/ukrainian HTTP/1.1" 200 18074 "-" "Mozilla/5.0 AppleWebKit/537.36 (KHTML, like Gecko; compatible; ClaudeBot/1.0; +claudebot@anthropic.com)"
216.73.216.38 - - [04/Apr/2026:01:37:03 -0400] "GET /age/18-19/hair/brown,white,auburn,black/languages/fiji HTTP/1.1" 200 17463 "-" "Mozilla/5.0 AppleWebKit/537.36 (KHTML, like Gecko; compatible; ClaudeBot/1.0; +claudebot@anthropic.com)"
216.73.216.38 - - [04/Apr/2026:01:37:03 -0400] "GET /status/offline/age/30-39/hair/red,black/ethnicity/black/languages/portuguese HTTP/1.1" 200 18081 "-" "Mozilla/5.0 AppleWebKit/537.36 (KHTML, like Gecko; compatible; ClaudeBot/1.0; +claudebot@anthropic.com)"
216.73.216.38 - - [04/Apr/2026:01:37:03 -0400] "GET /status/offline/gender/c/age/20-29,50-59,60-100/ethnicity/islander/languages/finnish HTTP/1.1" 200 18500 "-" "Mozilla/5.0 AppleWebKit/537.36 (KHTML, like Gecko; compatible; ClaudeBot/1.0; +claudebot@anthropic.com)"
216.73.216.38 - - [04/Apr/2026:01:37:03 -0400] "GET /status/offline/gender/c,f/age/60-100,40-49/ethnicity/native,black/languages/hungarian HTTP/1.1" 200 18819 "-" "Mozilla/5.0 AppleWebKit/537.36 (KHTML, like Gecko; compatible; ClaudeBot/1.0; +claudebot@anthropic.com)"
216.73.216.38 - - [04/Apr/2026:01:37:03 -0400] "GET /gender/c/hair/white/ethnicity/islander,white,other/languages/norwegian HTTP/1.1" 200 17917 "-" "Mozilla/5.0 AppleWebKit/537.36 (KHTML, like Gecko; compatible; ClaudeBot/1.0; +claudebot@anthropic.com)"
74.7.227.134 - - [04/Apr/2026:01:37:04 -0400] "GET /age/40-49,18-19/ethnicity/news-leonardo-faz-homenagem-apos-morte-de-assessora-cuidou-de-mim-como-filho,native,white,other,latino,islander,asian,black HTTP/1.1" 200 21921 "https://www.nudcam.com/age/40-49,18-19/ethnicity/news-leonardo-faz-homenagem-apos-morte-de-assessora-cuidou-de-mim-como-filho,native,white,east-indian,other,latino,islander,asian,black" "Mozilla/5.0 AppleWebKit/537.36 (KHTML, like Gecko; compatible; GPTBot/1.3; +https://openai.com/gptbot)"
216.73.216.38 - - [04/Apr/2026:01:37:04 -0400] "GET /age/30-39,60-100,20-29/hair/auburn/ethnicity/white/languages/thai HTTP/1.1" 200 17725 "-" "Mozilla/5.0 AppleWebKit/537.36 (KHTML, like Gecko; compatible; ClaudeBot/1.0; +claudebot@anthropic.com)"
50.19.102.70 - - [04/Apr/2026:01:37:04 -0400] "GET /status/online,offline/gender/t,c,f/age/50-59/hair/grey/ethnicity/islander,latino/languages/armenian HTTP/1.1" 200 19477 "-" "Mozilla/5.0 AppleWebKit/537.36 (KHTML, like Gecko; compatible; Amazonbot/0.1; +https://developer.amazon.com/support/amazonbot) Chrome/119.0.6045.214 Safari/537.36"
216.73.216.38 - - [04/Apr/2026:01:37:04 -0400] "GET /status/online/hair/auburn,red/ethnicity/native,white,black/languages/thai HTTP/1.1" 200 18215 "-" "Mozilla/5.0 AppleWebKit/537.36 (KHTML, like Gecko; compatible; ClaudeBot/1.0; +claudebot@anthropic.com)"
216.73.216.38 - - [04/Apr/2026:01:37:04 -0400] "GET /status/offline/gender/c/age/30-39/hair/black,brown/ethnicity/native/languages/romanian HTTP/1.1" 200 18578 "-" "Mozilla/5.0 AppleWebKit/537.36 (KHTML, like Gecko; compatible; ClaudeBot/1.0; +claudebot@anthropic.com)"
17.241.227.145 - - [04/Apr/2026:01:37:04 -0400] "GET /status/offline/age/60-100/ethnicity/asian,white/languages/vietnamese HTTP/1.1" 200 17470 "-" "Mozilla/5.0 (Macintosh; Intel Mac OS X 10_15_7) AppleWebKit/605.1.15 (KHTML, like Gecko) Version/17.4 Safari/605.1.15 (Applebot/0.1; +http://www.apple.com/go/applebot)"
216.73.216.38 - - [04/Apr/2026:01:37:04 -0400] "GET /gender/m,f/hair/brown,white/ethnicity/native,white/languages/catalan HTTP/1.1" 200 18058 "-" "Mozilla/5.0 AppleWebKit/537.36 (KHTML, like Gecko; compatible; ClaudeBot/1.0; +claudebot@anthropic.com)"
216.73.216.38 - - [04/Apr/2026:01:37:04 -0400] "GET /status/offline/age/40-49,18-19,50-59,20-29/ethnicity/white/languages/french HTTP/1.1" 200 18256 "-" "Mozilla/5.0 AppleWebKit/537.36 (KHTML, like Gecko; compatible; ClaudeBot/1.0; +claudebot@anthropic.com)"
216.73.216.38 - - [04/Apr/2026:01:37:04 -0400] "GET /age/18-19,40-49,30-39/ethnicity/other,latino/languages/malay HTTP/1.1" 200 17622 "-" "Mozilla/5.0 AppleWebKit/537.36 (KHTML, like Gecko; compatible; ClaudeBot/1.0; +claudebot@anthropic.com)"
17.246.23.86 - - [04/Apr/2026:01:37:04 -0400] "GET /gender/c,f/age/30-39/hair/black,blonde HTTP/1.1" 200 16899 "-" "Mozilla/5.0 (Macintosh; Intel Mac OS X 10_15_7) AppleWebKit/605.1.15 (KHTML, like Gecko) Version/17.4 Safari/605.1.15 (Applebot/0.1; +http://www.apple.com/go/applebot)"
216.73.216.38 - - [04/Apr/2026:01:37:04 -0400] "GET /age/18-19,60-100,50-59,30-39/ethnicity/islander,native/languages/thai HTTP/1.1" 200 18094 "-" "Mozilla/5.0 AppleWebKit/537.36 (KHTML, like Gecko; compatible; ClaudeBot/1.0; +claudebot@anthropic.com)"
216.73.216.38 - - [04/Apr/2026:01:37:04 -0400] "GET /age/60-100/hair/brown,black,grey/ethnicity/white,native/languages/catalan HTTP/1.1" 200 18212 "-" "Mozilla/5.0 AppleWebKit/537.36 (KHTML, like Gecko; compatible; ClaudeBot/1.0; +claudebot@anthropic.com)"
216.73.216.38 - - [04/Apr/2026:01:37:04 -0400] "GET /status/offline/gender/t/age/30-39/ethnicity/white,islander,black,native/languages/turkish HTTP/1.1" 200 18936 "-" "Mozilla/5.0 AppleWebKit/537.36 (KHTML, like Gecko; compatible; ClaudeBot/1.0; +claudebot@anthropic.com)"
74.7.227.134 - - [04/Apr/2026:01:37:04 -0400] "GET /gender/m/age/18-19,30-39/ethnicity/news-leonardo-faz-homenagem-apos-morte-de-assessora-cuidou-de-mim-como-filho,asian,islander,latino,black,native,east-indian,white,other HTTP/1.1" 200 23255 "https://www.nudcam.com/age/18-19,30-39/ethnicity/news-leonardo-faz-homenagem-apos-morte-de-assessora-cuidou-de-mim-como-filho,asian,islander,latino,black,native,east-indian,white,other" "Mozilla/5.0 AppleWebKit/537.36 (KHTML, like Gecko; compatible; GPTBot/1.3; +https://openai.com/gptbot)"
216.73.216.38 - - [04/Apr/2026:01:37:04 -0400] "GET /status/offline/hair/white,grey,auburn/ethnicity/other,white/languages/kurdish HTTP/1.1" 200 18349 "-" "Mozilla/5.0 AppleWebKit/537.36 (KHTML, like Gecko; compatible; ClaudeBot/1.0; +claudebot@anthropic.com)"
216.73.216.38 - - [04/Apr/2026:01:37:05 -0400] "GET /gender/m,f,t/age/18-19/ethnicity/other,black/languages/danish HTTP/1.1" 200 17827 "-" "Mozilla/5.0 AppleWebKit/537.36 (KHTML, like Gecko; compatible; ClaudeBot/1.0; +claudebot@anthropic.com)"
216.73.216.38 - - [04/Apr/2026:01:37:05 -0400] "GET /gender/c/age/40-49/ethnicity/black,native,white,latino/languages/russian HTTP/1.1" 200 18183 "-" "Mozilla/5.0 AppleWebKit/537.36 (KHTML, like Gecko; compatible; ClaudeBot/1.0; +claudebot@anthropic.com)"
216.73.216.38 - - [04/Apr/2026:01:37:05 -0400] "GET /gender/f/age/50-59,20-29/ethnicity/native,white,black/languages/romanian HTTP/1.1" 200 18186 "-" "Mozilla/5.0 AppleWebKit/537.36 (KHTML, like Gecko; compatible; ClaudeBot/1.0; +claudebot@anthropic.com)"
216.73.216.38 - - [04/Apr/2026:01:37:05 -0400] "GET /gender/c/age/30-39,50-59/ethnicity/native,black/languages/portuguese HTTP/1.1" 200 17866 "-" "Mozilla/5.0 AppleWebKit/537.36 (KHTML, like Gecko; compatible; ClaudeBot/1.0; +claudebot@anthropic.com)"
216.73.216.38 - - [04/Apr/2026:01:37:05 -0400] "GET /status/offline/gender/m,f,t/age/40-49/ethnicity/islander,native,white/languages/german HTTP/1.1" 200 19052 "-" "Mozilla/5.0 AppleWebKit/537.36 (KHTML, like Gecko; compatible; ClaudeBot/1.0; +claudebot@anthropic.com)"
216.73.216.38 - - [04/Apr/2026:01:37:05 -0400] "GET /status/online/age/20-29,60-100/hair/black,grey/languages/english HTTP/1.1" 200 17778 "-" "Mozilla/5.0 AppleWebKit/537.36 (KHTML, like Gecko; compatible; ClaudeBot/1.0; +claudebot@anthropic.com)"
216.73.216.38 - - [04/Apr/2026:01:37:05 -0400] "GET /gender/f,m,t/age/40-49,60-100/ethnicity/white/languages/malay HTTP/1.1" 200 17806 "-" "Mozilla/5.0 AppleWebKit/537.36 (KHTML, like Gecko; compatible; ClaudeBot/1.0; +claudebot@anthropic.com)"
216.73.216.38 - - [04/Apr/2026:01:37:05 -0400] "GET /hair/blonde,auburn,red,grey,black/languages/arabic HTTP/1.1" 200 17360 "-" "Mozilla/5.0 AppleWebKit/537.36 (KHTML, like Gecko; compatible; ClaudeBot/1.0; +claudebot@anthropic.com)"
216.73.216.38 - - [04/Apr/2026:01:37:05 -0400] "GET /status/offline/age/60-100,18-19/hair/white/ethnicity/other,native/languages/belarusian HTTP/1.1" 200 18626 "-" "Mozilla/5.0 AppleWebKit/537.36 (KHTML, like Gecko; compatible; ClaudeBot/1.0; +claudebot@anthropic.com)"
216.73.216.38 - - [04/Apr/2026:01:37:05 -0400] "GET /status/online/gender/t/age/60-100,20-29/ethnicity/native,black/languages/finnish HTTP/1.1" 200 18427 "-" "Mozilla/5.0 AppleWebKit/537.36 (KHTML, like Gecko; compatible; ClaudeBot/1.0; +claudebot@anthropic.com)"
17.241.227.4 - - [04/Apr/2026:01:37:05 -0400] "GET /status/online,offline/age/20-29/ethnicity/native,asian,islander/languages/croatian HTTP/1.1" 200 18312 "-" "Mozilla/5.0 (Macintosh; Intel Mac OS X 10_15_7) AppleWebKit/605.1.15 (KHTML, like Gecko) Version/17.4 Safari/605.1.15 (Applebot/0.1; +http://www.apple.com/go/applebot)"
216.73.216.38 - - [04/Apr/2026:01:37:05 -0400] "GET /status/offline/gender/c/age/20-29,40-49,30-39/ethnicity/black/languages/french HTTP/1.1" 200 18333 "-" "Mozilla/5.0 AppleWebKit/537.36 (KHTML, like Gecko; compatible; ClaudeBot/1.0; +claudebot@anthropic.com)"
74.7.227.134 - - [04/Apr/2026:01:37:05 -0400] "GET /gender/c/age/50-59,20-29,40-49/ethnicity/news-leonardo-faz-homenagem-apos-morte-de-assessora-cuidou-de-mim-como-filho,white,native,latino,other,asian,islander,black HTTP/1.1" 200 23016 "https://www.nudcam.com/gender/c/age/50-59,20-29,40-49/ethnicity/news-leonardo-faz-homenagem-apos-morte-de-assessora-cuidou-de-mim-como-filho,white,native,latino,other,asian,east-indian,islander,black" "Mozilla/5.0 AppleWebKit/537.36 (KHTML, like Gecko; compatible; GPTBot/1.3; +https://openai.com/gptbot)"
216.73.216.38 - - [04/Apr/2026:01:37:05 -0400] "GET /status/offline/gender/f,m/age/40-49/ethnicity/black,white,islander,native/languages/hebrew HTTP/1.1" 200 19194 "-" "Mozilla/5.0 AppleWebKit/537.36 (KHTML, like Gecko; compatible; ClaudeBot/1.0; +claudebot@anthropic.com)"
216.73.216.38 - - [04/Apr/2026:01:37:06 -0400] "GET /gender/f,c/hair/red,grey/ethnicity/white/languages/english HTTP/1.1" 200 17528 "-" "Mozilla/5.0 AppleWebKit/537.36 (KHTML, like Gecko; compatible; ClaudeBot/1.0; +claudebot@anthropic.com)"
216.73.216.38 - - [04/Apr/2026:01:37:06 -0400] "GET /hair/blonde,red,auburn,grey,black/languages/arabic HTTP/1.1" 200 17360 "-" "Mozilla/5.0 AppleWebKit/537.36 (KHTML, like Gecko; compatible; ClaudeBot/1.0; +claudebot@anthropic.com)"
66.249.66.43 - - [04/Apr/2026:01:37:06 -0400] "GET /hair/red,grey,black,auburn,blonde HTTP/1.1" 200 16552 "-" "Mozilla/5.0 (Linux; Android 6.0.1; Nexus 5X Build/MMB29P) AppleWebKit/537.36 (KHTML, like Gecko) Chrome/146.0.7680.177 Mobile Safari/537.36 (compatible; Googlebot/2.1; +http://www.google.com/bot.html)"
216.73.216.38 - - [04/Apr/2026:01:37:06 -0400] "GET /status/offline/age/60-100/hair/black,white/ethnicity/native,other/languages/korean HTTP/1.1" 200 18491 "-" "Mozilla/5.0 AppleWebKit/537.36 (KHTML, like Gecko; compatible; ClaudeBot/1.0; +claudebot@anthropic.com)"
216.73.216.38 - - [04/Apr/2026:01:37:06 -0400] "GET /status/offline/age/60-100,50-59,20-29/hair/red/ethnicity/native/languages/thai HTTP/1.1" 200 18323 "-" "Mozilla/5.0 AppleWebKit/537.36 (KHTML, like Gecko; compatible; ClaudeBot/1.0; +claudebot@anthropic.com)"
216.73.216.38 - - [04/Apr/2026:01:37:06 -0400] "GET /status/offline,online/age/40-49/hair/red/ethnicity/white,black/languages/turkish HTTP/1.1" 200 18429 "-" "Mozilla/5.0 AppleWebKit/537.36 (KHTML, like Gecko; compatible; ClaudeBot/1.0; +claudebot@anthropic.com)"
216.73.216.38 - - [04/Apr/2026:01:37:06 -0400] "GET /age/60-100,30-39,20-29,50-59/ethnicity/native,islander/languages/scots HTTP/1.1" 200 18129 "-" "Mozilla/5.0 AppleWebKit/537.36 (KHTML, like Gecko; compatible; ClaudeBot/1.0; +claudebot@anthropic.com)"
216.73.216.38 - - [04/Apr/2026:01:37:06 -0400] "GET /hair/brown,blonde/ethnicity/black,other,white/languages/thai HTTP/1.1" 200 17622 "-" "Mozilla/5.0 AppleWebKit/537.36 (KHTML, like Gecko; compatible; ClaudeBot/1.0; +claudebot@anthropic.com)"
216.73.216.38 - - [04/Apr/2026:01:37:06 -0400] "GET /age/30-39,60-100,40-49/hair/brown/ethnicity/other/languages/turkish HTTP/1.1" 200 17795 "-" "Mozilla/5.0 AppleWebKit/537.36 (KHTML, like Gecko; compatible; ClaudeBot/1.0; +claudebot@anthropic.com)"
216.73.216.38 - - [04/Apr/2026:01:37:06 -0400] "GET /age/60-100,18-19,20-29/ethnicity/native,islander,black/languages/arabic HTTP/1.1" 200 18171 "-" "Mozilla/5.0 AppleWebKit/537.36 (KHTML, like Gecko; compatible; ClaudeBot/1.0; +claudebot@anthropic.com)"
216.73.216.38 - - [04/Apr/2026:01:37:06 -0400] "GET /status/offline/gender/f/hair/auburn,white,brown,grey/languages/malay HTTP/1.1" 200 18081 "-" "Mozilla/5.0 AppleWebKit/537.36 (KHTML, like Gecko; compatible; ClaudeBot/1.0; +claudebot@anthropic.com)"
74.7.227.134 - - [04/Apr/2026:01:37:06 -0400] "GET /gender/c/age/50-59,20-29,40-49/ethnicity/news-leonardo-faz-homenagem-apos-morte-de-assessora-cuidou-de-mim-como-filho,white,native,latino,asian,east-indian,islander,black HTTP/1.1" 200 23250 "https://www.nudcam.com/gender/c/age/50-59,20-29,40-49/ethnicity/news-leonardo-faz-homenagem-apos-morte-de-assessora-cuidou-de-mim-como-filho,white,native,latino,other,asian,east-indian,islander,black" "Mozilla/5.0 AppleWebKit/537.36 (KHTML, like Gecko; compatible; GPTBot/1.3; +https://openai.com/gptbot)"
216.73.216.38 - - [04/Apr/2026:01:37:06 -0400] "GET /status/online/hair/black,grey,white,auburn/ethnicity/native/languages/irish HTTP/1.1" 200 18255 "-" "Mozilla/5.0 AppleWebKit/537.36 (KHTML, like Gecko; compatible; ClaudeBot/1.0; +claudebot@anthropic.com)"
17.246.19.47 - - [04/Apr/2026:01:37:07 -0400] "GET /gender/c,t/age/50-59/ethnicity/islander/languages/fiji HTTP/1.1" 200 17219 "-" "Mozilla/5.0 (Macintosh; Intel Mac OS X 10_15_7) AppleWebKit/605.1.15 (KHTML, like Gecko) Version/17.4 Safari/605.1.15 (Applebot/0.1; +http://www.apple.com/go/applebot)"
216.73.216.38 - - [04/Apr/2026:01:37:07 -0400] "GET /status/online/age/40-49,18-19/ethnicity/other,islander,native/languages/chinese HTTP/1.1" 200 18424 "-" "Mozilla/5.0 AppleWebKit/537.36 (KHTML, like Gecko; compatible; ClaudeBot/1.0; +claudebot@anthropic.com)"
216.73.216.38 - - [04/Apr/2026:01:37:07 -0400] "GET /hair/black,white,red/ethnicity/latino,white/languages/fiji HTTP/1.1" 200 17554 "-" "Mozilla/5.0 AppleWebKit/537.36 (KHTML, like Gecko; compatible; ClaudeBot/1.0; +claudebot@anthropic.com)"
216.73.216.38 - - [04/Apr/2026:01:37:07 -0400] "GET /age/20-29,50-59/ethnicity/black,latino,native/languages/georgian HTTP/1.1" 200 17763 "-" "Mozilla/5.0 AppleWebKit/537.36 (KHTML, like Gecko; compatible; ClaudeBot/1.0; +claudebot@anthropic.com)"
17.241.75.6 - - [04/Apr/2026:01:37:07 -0400] "GET /status/offline/age/50-59/ethnicity/other/sites/1 HTTP/1.1" 200 16636 "-" "Mozilla/5.0 (Macintosh; Intel Mac OS X 10_15_7) AppleWebKit/605.1.15 (KHTML, like Gecko) Version/17.4 Safari/605.1.15 (Applebot/0.1; +http://www.apple.com/go/applebot)"
216.73.216.38 - - [04/Apr/2026:01:37:07 -0400] "GET /age/50-59,30-39/ethnicity/black,white,other/languages/albanian HTTP/1.1" 200 17699 "-" "Mozilla/5.0 AppleWebKit/537.36 (KHTML, like Gecko; compatible; ClaudeBot/1.0; +claudebot@anthropic.com)"
144.76.32.236 - - [04/Apr/2026:01:37:07 -0400] "GET /gender/c,m,f/hair/red,grey/languages/irish HTTP/1.1" 200 16879 "-" "Mozilla/5.0 (compatible; SERankingBacklinksBot/1.0; +https://seranking.com/backlinks-crawler)"
216.73.216.38 - - [04/Apr/2026:01:37:07 -0400] "GET /status/offline/age/18-19,40-49,60-100/ethnicity/white,islander,native/languages/danish HTTP/1.1" 200 18856 "-" "Mozilla/5.0 AppleWebKit/537.36 (KHTML, like Gecko; compatible; ClaudeBot/1.0; +claudebot@anthropic.com)"
216.73.216.38 - - [04/Apr/2026:01:37:07 -0400] "GET /gender/m/age/20-29/hair/black,blonde,grey/languages/hebrew HTTP/1.1" 200 17568 "-" "Mozilla/5.0 AppleWebKit/537.36 (KHTML, like Gecko; compatible; ClaudeBot/1.0; +claudebot@anthropic.com)"
66.249.66.67 - - [04/Apr/2026:01:37:07 -0400] "GET /hair/red/ethnicity/white,asian,other,latino,black,islander,native HTTP/1.1" 200 18071 "-" "Mozilla/5.0 (Linux; Android 6.0.1; Nexus 5X Build/MMB29P) AppleWebKit/537.36 (KHTML, like Gecko) Chrome/146.0.7680.177 Mobile Safari/537.36 (compatible; Googlebot/2.1; +http://www.google.com/bot.html)"
216.73.216.38 - - [04/Apr/2026:01:37:07 -0400] "GET /status/offline/gender/m/ethnicity/latino,black,native,other/languages/faeroese HTTP/1.1" 200 18386 "-" "Mozilla/5.0 AppleWebKit/537.36 (KHTML, like Gecko; compatible; ClaudeBot/1.0; +claudebot@anthropic.com)"
