216.73.216.38 - - [04/Apr/2026:01:35:18 -0400] "GET /age/40-49,30-39,18-19/ethnicity/other,latino/languages/spanish HTTP/1.1" 200 17690 "-" "Mozilla/5.0 AppleWebKit/537.36 (KHTML, like Gecko; compatible; ClaudeBot/1.0; +claudebot@anthropic.com)"
74.7.227.134 - - [04/Apr/2026:01:35:18 -0400] "GET /age/30-39,18-19,40-49/ethnicity/news-leonardo-faz-homenagem-apos-morte-de-assessora-cuidou-de-mim-como-filho,asian,east-indian,other,latino,islander,black,native,white HTTP/1.1" 200 23162 "https://www.nudcam.com/age/30-39,18-19/ethnicity/news-leonardo-faz-homenagem-apos-morte-de-assessora-cuidou-de-mim-como-filho,asian,east-indian,other,latino,islander,black,native,white" "Mozilla/5.0 AppleWebKit/537.36 (KHTML, like Gecko; compatible; GPTBot/1.3; +https://openai.com/gptbot)"
216.73.216.38 - - [04/Apr/2026:01:35:18 -0400] "GET /gender/c/age/30-39,40-49/hair/grey,red/languages/bulgarian HTTP/1.1" 200 17581 "-" "Mozilla/5.0 AppleWebKit/537.36 (KHTML, like Gecko; compatible; ClaudeBot/1.0; +claudebot@anthropic.com)"
74.7.227.30 - - [04/Apr/2026:01:35:18 -0400] "GET /age/30-39,40-49/ethnicity/latino,black,white,other,east-indian,islander,native,asian HTTP/1.1" 200 19155 "https://nudcam.com/age/30-39/ethnicity/latino,black,white,other,east-indian,islander,native,asian" "Mozilla/5.0 AppleWebKit/537.36 (KHTML, like Gecko; compatible; GPTBot/1.3; +https://openai.com/gptbot)"
216.73.216.38 - - [04/Apr/2026:01:35:18 -0400] "GET /gender/m,f,t/ethnicity/other,east-indian/languages/spanish HTTP/1.1" 200 17573 "-" "Mozilla/5.0 AppleWebKit/537.36 (KHTML, like Gecko; compatible; ClaudeBot/1.0; +claudebot@anthropic.com)"
216.73.216.38 - - [04/Apr/2026:01:35:18 -0400] "GET /gender/c,t,f/age/20-29,50-59/ethnicity/white/languages/spanish HTTP/1.1" 200 17845 "-" "Mozilla/5.0 AppleWebKit/537.36 (KHTML, like Gecko; compatible; ClaudeBot/1.0; +claudebot@anthropic.com)"
216.73.216.38 - - [04/Apr/2026:01:35:18 -0400] "GET /age/30-39/hair/grey,red,auburn,blonde/languages/maltese HTTP/1.1" 200 17501 "-" "Mozilla/5.0 AppleWebKit/537.36 (KHTML, like Gecko; compatible; ClaudeBot/1.0; +claudebot@anthropic.com)"
216.73.216.38 - - [04/Apr/2026:01:35:18 -0400] "GET /status/offline/age/40-49/hair/grey,red/ethnicity/black,white,native/languages/spanish HTTP/1.1" 200 18801 "-" "Mozilla/5.0 AppleWebKit/537.36 (KHTML, like Gecko; compatible; ClaudeBot/1.0; +claudebot@anthropic.com)"
216.73.216.38 - - [04/Apr/2026:01:35:18 -0400] "GET /gender/c/hair/blonde,black,white/ethnicity/white/languages/spanish HTTP/1.1" 200 17767 "-" "Mozilla/5.0 AppleWebKit/537.36 (KHTML, like Gecko; compatible; ClaudeBot/1.0; +claudebot@anthropic.com)"
216.73.216.38 - - [04/Apr/2026:01:35:18 -0400] "GET /status/online/gender/f/age/50-59/ethnicity/white,other,islander/languages/spanish HTTP/1.1" 200 18460 "-" "Mozilla/5.0 AppleWebKit/537.36 (KHTML, like Gecko; compatible; ClaudeBot/1.0; +claudebot@anthropic.com)"
216.73.216.38 - - [04/Apr/2026:01:35:19 -0400] "GET /status/offline/gender/f/age/40-49,30-39,20-29,18-19/languages/czech HTTP/1.1" 200 18047 "-" "Mozilla/5.0 AppleWebKit/537.36 (KHTML, like Gecko; compatible; ClaudeBot/1.0; +claudebot@anthropic.com)"
17.246.23.111 - - [04/Apr/2026:01:35:19 -0400] "GET /gender/t/age/30-39/hair/blonde,black/sites/1 HTTP/1.1" 200 16939 "-" "Mozilla/5.0 (Macintosh; Intel Mac OS X 10_15_7) AppleWebKit/605.1.15 (KHTML, like Gecko) Version/17.4 Safari/605.1.15 (Applebot/0.1; +http://www.apple.com/go/applebot)"
216.73.216.38 - - [04/Apr/2026:01:35:19 -0400] "GET /status/online,offline/age/30-39,60-100,18-19/ethnicity/white/languages/hebrew HTTP/1.1" 200 18337 "-" "Mozilla/5.0 AppleWebKit/537.36 (KHTML, like Gecko; compatible; ClaudeBot/1.0; +claudebot@anthropic.com)"
216.73.216.38 - - [04/Apr/2026:01:35:19 -0400] "GET /status/offline/gender/f,t/age/40-49/hair/red,auburn/languages/romanian HTTP/1.1" 200 18148 "-" "Mozilla/5.0 AppleWebKit/537.36 (KHTML, like Gecko; compatible; ClaudeBot/1.0; +claudebot@anthropic.com)"
216.73.216.38 - - [04/Apr/2026:01:35:19 -0400] "GET /ethnicity/east-indian,white,other,black/languages/hindi HTTP/1.1" 200 17314 "-" "Mozilla/5.0 AppleWebKit/537.36 (KHTML, like Gecko; compatible; ClaudeBot/1.0; +claudebot@anthropic.com)"
74.7.227.134 - - [04/Apr/2026:01:35:19 -0400] "GET /age/30-39,18-19/hair/auburn/ethnicity/news-leonardo-faz-homenagem-apos-morte-de-assessora-cuidou-de-mim-como-filho,asian,east-indian,other,latino,islander,black,native,white HTTP/1.1" 200 23368 "https://www.nudcam.com/age/30-39,18-19/ethnicity/news-leonardo-faz-homenagem-apos-morte-de-assessora-cuidou-de-mim-como-filho,asian,east-indian,other,latino,islander,black,native,white" "Mozilla/5.0 AppleWebKit/537.36 (KHTML, like Gecko; compatible; GPTBot/1.3; +https://openai.com/gptbot)"
216.73.216.38 - - [04/Apr/2026:01:35:19 -0400] "GET /gender/f,t/age/50-59,40-49/hair/red/languages/finnish HTTP/1.1" 200 17423 "-" "Mozilla/5.0 AppleWebKit/537.36 (KHTML, like Gecko; compatible; ClaudeBot/1.0; +claudebot@anthropic.com)"
74.7.227.30 - - [04/Apr/2026:01:35:19 -0400] "GET /age/20-29,30-39/ethnicity/latino,east-indian,islander,asian,other,black,white,native HTTP/1.1" 200 19155 "https://nudcam.com/age/20-29/ethnicity/latino,east-indian,islander,asian,other,black,white,native" "Mozilla/5.0 AppleWebKit/537.36 (KHTML, like Gecko; compatible; GPTBot/1.3; +https://openai.com/gptbot)"
216.73.216.38 - - [04/Apr/2026:01:35:19 -0400] "GET /gender/c,m,f/age/20-29/ethnicity/other,native,white/languages/hebrew HTTP/1.1" 200 18251 "-" "Mozilla/5.0 AppleWebKit/537.36 (KHTML, like Gecko; compatible; ClaudeBot/1.0; +claudebot@anthropic.com)"
216.73.216.38 - - [04/Apr/2026:01:35:19 -0400] "GET /gender/m/hair/auburn,blonde,grey,white/languages/catalan HTTP/1.1" 200 17527 "-" "Mozilla/5.0 AppleWebKit/537.36 (KHTML, like Gecko; compatible; ClaudeBot/1.0; +claudebot@anthropic.com)"
216.73.216.38 - - [04/Apr/2026:01:35:19 -0400] "GET /age/40-49,30-39/hair/black,brown/ethnicity/black/languages/scots HTTP/1.1" 200 17708 "-" "Mozilla/5.0 AppleWebKit/537.36 (KHTML, like Gecko; compatible; ClaudeBot/1.0; +claudebot@anthropic.com)"
216.73.216.38 - - [04/Apr/2026:01:35:19 -0400] "GET /hair/blonde,black,red/ethnicity/other,islander/languages/scots HTTP/1.1" 200 17684 "-" "Mozilla/5.0 AppleWebKit/537.36 (KHTML, like Gecko; compatible; ClaudeBot/1.0; +claudebot@anthropic.com)"
216.73.216.38 - - [04/Apr/2026:01:35:19 -0400] "GET /status/offline,online/gender/m/age/40-49/ethnicity/native,white,other/languages/finnish HTTP/1.1" 200 18875 "-" "Mozilla/5.0 AppleWebKit/537.36 (KHTML, like Gecko; compatible; ClaudeBot/1.0; +claudebot@anthropic.com)"
216.73.216.38 - - [04/Apr/2026:01:35:19 -0400] "GET /gender/m/age/18-19,30-39/ethnicity/latino,islander/languages/malay HTTP/1.1" 200 17790 "-" "Mozilla/5.0 AppleWebKit/537.36 (KHTML, like Gecko; compatible; ClaudeBot/1.0; +claudebot@anthropic.com)"
216.73.216.38 - - [04/Apr/2026:01:35:20 -0400] "GET /status/offline/age/60-100/hair/grey,red/ethnicity/native,asian/languages/polish HTTP/1.1" 200 18392 "-" "Mozilla/5.0 AppleWebKit/537.36 (KHTML, like Gecko; compatible; ClaudeBot/1.0; +claudebot@anthropic.com)"
216.73.216.38 - - [04/Apr/2026:01:35:20 -0400] "GET /hair/grey/ethnicity/islander,other,white,black/languages/ukrainian HTTP/1.1" 200 17818 "-" "Mozilla/5.0 AppleWebKit/537.36 (KHTML, like Gecko; compatible; ClaudeBot/1.0; +claudebot@anthropic.com)"
54.159.18.27 - - [04/Apr/2026:01:35:20 -0400] "GET /status/offline,online/gender/c,m,t/age/18-19/ethnicity/latino,asian,east-indian/languages/fiji HTTP/1.1" 200 19554 "-" "Mozilla/5.0 AppleWebKit/537.36 (KHTML, like Gecko; compatible; Amazonbot/0.1; +https://developer.amazon.com/support/amazonbot) Chrome/119.0.6045.214 Safari/537.36"
216.73.216.38 - - [04/Apr/2026:01:35:20 -0400] "GET /age/50-59/hair/grey,black/ethnicity/other,islander/languages/czech HTTP/1.1" 200 17791 "-" "Mozilla/5.0 AppleWebKit/537.36 (KHTML, like Gecko; compatible; ClaudeBot/1.0; +claudebot@anthropic.com)"
74.7.227.134 - - [04/Apr/2026:01:35:20 -0400] "GET /age/30-39,18-19/ethnicity/news-leonardo-faz-homenagem-apos-morte-de-assessora-cuidou-de-mim-como-filho,asian,east-indian,other,latino,islander,native,white HTTP/1.1" 200 22143 "https://www.nudcam.com/age/30-39,18-19/ethnicity/news-leonardo-faz-homenagem-apos-morte-de-assessora-cuidou-de-mim-como-filho,asian,east-indian,other,latino,islander,black,native,white" "Mozilla/5.0 AppleWebKit/537.36 (KHTML, like Gecko; compatible; GPTBot/1.3; +https://openai.com/gptbot)"
216.73.216.38 - - [04/Apr/2026:01:35:20 -0400] "GET /status/offline/gender/f/hair/brown,blonde/ethnicity/black/languages/dutch HTTP/1.1" 200 17971 "-" "Mozilla/5.0 AppleWebKit/537.36 (KHTML, like Gecko; compatible; ClaudeBot/1.0; +claudebot@anthropic.com)"
216.73.216.38 - - [04/Apr/2026:01:35:20 -0400] "GET /status/online/age/40-49/hair/black/ethnicity/native,other,black/languages/scots HTTP/1.1" 200 18384 "-" "Mozilla/5.0 AppleWebKit/537.36 (KHTML, like Gecko; compatible; ClaudeBot/1.0; +claudebot@anthropic.com)"
74.7.227.30 - - [04/Apr/2026:01:35:20 -0400] "GET /age/30-39,20-29/ethnicity/latino,black,white,other,east-indian,islander,native,asian HTTP/1.1" 200 19155 "https://nudcam.com/age/30-39/ethnicity/latino,black,white,other,east-indian,islander,native,asian" "Mozilla/5.0 AppleWebKit/537.36 (KHTML, like Gecko; compatible; GPTBot/1.3; +https://openai.com/gptbot)"
216.73.216.38 - - [04/Apr/2026:01:35:20 -0400] "GET /status/online/ethnicity/other,latino,native,east-indian/languages/serbian HTTP/1.1" 200 18053 "-" "Mozilla/5.0 AppleWebKit/537.36 (KHTML, like Gecko; compatible; ClaudeBot/1.0; +claudebot@anthropic.com)"
216.73.216.38 - - [04/Apr/2026:01:35:20 -0400] "GET /status/offline/gender/c,m/age/40-49/hair/grey,brown/languages/hungarian HTTP/1.1" 200 18182 "-" "Mozilla/5.0 AppleWebKit/537.36 (KHTML, like Gecko; compatible; ClaudeBot/1.0; +claudebot@anthropic.com)"
216.73.216.38 - - [04/Apr/2026:01:35:20 -0400] "GET /status/offline/gender/f,m/age/60-100,50-59,40-49/ethnicity/native/languages/polish HTTP/1.1" 200 18682 "-" "Mozilla/5.0 AppleWebKit/537.36 (KHTML, like Gecko; compatible; ClaudeBot/1.0; +claudebot@anthropic.com)"
216.73.216.38 - - [04/Apr/2026:01:35:20 -0400] "GET /gender/c,t/age/50-59/ethnicity/latino,other/languages/german HTTP/1.1" 200 17613 "-" "Mozilla/5.0 AppleWebKit/537.36 (KHTML, like Gecko; compatible; ClaudeBot/1.0; +claudebot@anthropic.com)"
216.73.216.38 - - [04/Apr/2026:01:35:20 -0400] "GET /gender/m/age/20-29/hair/black,white,grey/languages/greek HTTP/1.1" 200 17502 "-" "Mozilla/5.0 AppleWebKit/537.36 (KHTML, like Gecko; compatible; ClaudeBot/1.0; +claudebot@anthropic.com)"
216.73.216.38 - - [04/Apr/2026:01:35:20 -0400] "GET /status/offline/hair/auburn,white/ethnicity/black,other,white/languages/scots HTTP/1.1" 200 18316 "-" "Mozilla/5.0 AppleWebKit/537.36 (KHTML, like Gecko; compatible; ClaudeBot/1.0; +claudebot@anthropic.com)"
216.73.216.38 - - [04/Apr/2026:01:35:21 -0400] "GET /age/20-29,50-59/ethnicity/islander,other,black,native/languages/faeroese HTTP/1.1" 200 18215 "-" "Mozilla/5.0 AppleWebKit/537.36 (KHTML, like Gecko; compatible; ClaudeBot/1.0; +claudebot@anthropic.com)"
216.73.216.38 - - [04/Apr/2026:01:35:21 -0400] "GET /status/offline/gender/t,f,m/ethnicity/islander,native,black/languages/korean HTTP/1.1" 200 18527 "-" "Mozilla/5.0 AppleWebKit/537.36 (KHTML, like Gecko; compatible; ClaudeBot/1.0; +claudebot@anthropic.com)"
216.73.216.38 - - [04/Apr/2026:01:35:21 -0400] "GET /age/60-100,50-59/hair/red/ethnicity/native,latino/languages/spanish HTTP/1.1" 200 17822 "-" "Mozilla/5.0 AppleWebKit/537.36 (KHTML, like Gecko; compatible; ClaudeBot/1.0; +claudebot@anthropic.com)"
74.7.227.134 - - [04/Apr/2026:01:35:21 -0400] "GET /age/30-39,40-49,20-29/ethnicity/news-leonardo-faz-homenagem-apos-morte-de-assessora-cuidou-de-mim-como-filho,native,other,asian,east-indian,islander,latino,white,black HTTP/1.1" 200 23162 "https://www.nudcam.com/age/30-39,40-49/ethnicity/news-leonardo-faz-homenagem-apos-morte-de-assessora-cuidou-de-mim-como-filho,native,other,asian,east-indian,islander,latino,white,black" "Mozilla/5.0 AppleWebKit/537.36 (KHTML, like Gecko; compatible; GPTBot/1.3; +https://openai.com/gptbot)"
216.73.216.38 - - [04/Apr/2026:01:35:21 -0400] "GET /gender/f/ethnicity/black,islander,native,other,white/languages/ukrainian HTTP/1.1" 200 18212 "-" "Mozilla/5.0 AppleWebKit/537.36 (KHTML, like Gecko; compatible; ClaudeBot/1.0; +claudebot@anthropic.com)"
216.73.216.38 - - [04/Apr/2026:01:35:21 -0400] "GET /status/offline/gender/m/age/60-100,20-29/ethnicity/islander,white/languages/icelandic HTTP/1.1" 200 18595 "-" "Mozilla/5.0 AppleWebKit/537.36 (KHTML, like Gecko; compatible; ClaudeBot/1.0; +claudebot@anthropic.com)"
216.73.216.38 - - [04/Apr/2026:01:35:21 -0400] "GET /gender/c,t/ethnicity/asian,native,other/languages/catalan HTTP/1.1" 200 17544 "-" "Mozilla/5.0 AppleWebKit/537.36 (KHTML, like Gecko; compatible; ClaudeBot/1.0; +claudebot@anthropic.com)"
216.73.216.38 - - [04/Apr/2026:01:35:21 -0400] "GET /status/online/gender/c/age/40-49/hair/white,grey,red/languages/turkish HTTP/1.1" 200 18130 "-" "Mozilla/5.0 AppleWebKit/537.36 (KHTML, like Gecko; compatible; ClaudeBot/1.0; +claudebot@anthropic.com)"
74.7.227.30 - - [04/Apr/2026:01:35:21 -0400] "GET /age/40-49,50-59/ethnicity/other,white,latino,islander,native,east-indian,black,asian HTTP/1.1" 200 19155 "https://nudcam.com/age/40-49/ethnicity/other,white,latino,islander,native,east-indian,black,asian" "Mozilla/5.0 AppleWebKit/537.36 (KHTML, like Gecko; compatible; GPTBot/1.3; +https://openai.com/gptbot)"
216.73.216.38 - - [04/Apr/2026:01:35:21 -0400] "GET /age/20-29/hair/black,auburn/ethnicity/white,black/languages/swedish HTTP/1.1" 200 17827 "-" "Mozilla/5.0 AppleWebKit/537.36 (KHTML, like Gecko; compatible; ClaudeBot/1.0; +claudebot@anthropic.com)"
216.73.216.38 - - [04/Apr/2026:01:35:21 -0400] "GET /gender/t,c/age/60-100/hair/grey/ethnicity/black/languages/belarusian HTTP/1.1" 200 17822 "-" "Mozilla/5.0 AppleWebKit/537.36 (KHTML, like Gecko; compatible; ClaudeBot/1.0; +claudebot@anthropic.com)"
17.246.15.232 - - [04/Apr/2026:01:35:21 -0400] "GET /gender/t/age/60-100/ethnicity/native,black,other/languages/danish HTTP/1.1" 200 17760 "-" "Mozilla/5.0 (Macintosh; Intel Mac OS X 10_15_7) AppleWebKit/605.1.15 (KHTML, like Gecko) Version/17.4 Safari/605.1.15 (Applebot/0.1; +http://www.apple.com/go/applebot)"
216.73.216.38 - - [04/Apr/2026:01:35:21 -0400] "GET /gender/f,c/hair/black,brown/ethnicity/black/languages/serbian HTTP/1.1" 200 17624 "-" "Mozilla/5.0 AppleWebKit/537.36 (KHTML, like Gecko; compatible; ClaudeBot/1.0; +claudebot@anthropic.com)"
216.73.216.38 - - [04/Apr/2026:01:35:21 -0400] "GET /age/60-100,50-59,30-39/hair/auburn,white/languages/romanian HTTP/1.1" 200 17633 "-" "Mozilla/5.0 AppleWebKit/537.36 (KHTML, like Gecko; compatible; ClaudeBot/1.0; +claudebot@anthropic.com)"
216.73.216.38 - - [04/Apr/2026:01:35:22 -0400] "GET /age/18-19,20-29/ethnicity/asian,islander/languages/italian HTTP/1.1" 200 17387 "-" "Mozilla/5.0 AppleWebKit/537.36 (KHTML, like Gecko; compatible; ClaudeBot/1.0; +claudebot@anthropic.com)"
216.73.216.38 - - [04/Apr/2026:01:35:22 -0400] "GET /age/20-29,40-49/hair/auburn,red/ethnicity/islander/languages/swedish HTTP/1.1" 200 17840 "-" "Mozilla/5.0 AppleWebKit/537.36 (KHTML, like Gecko; compatible; ClaudeBot/1.0; +claudebot@anthropic.com)"
216.73.216.38 - - [04/Apr/2026:01:35:22 -0400] "GET /status/offline/gender/c,m/ethnicity/asian,white,native/languages/romanian HTTP/1.1" 200 18234 "-" "Mozilla/5.0 AppleWebKit/537.36 (KHTML, like Gecko; compatible; ClaudeBot/1.0; +claudebot@anthropic.com)"
74.7.227.134 - - [04/Apr/2026:01:35:22 -0400] "GET /age/30-39,20-29,50-59/ethnicity/news-leonardo-faz-homenagem-apos-morte-de-assessora-cuidou-de-mim-como-filho,black,east-indian,latino,native,islander,other,asian,white HTTP/1.1" 200 23162 "https://www.nudcam.com/age/30-39,20-29/ethnicity/news-leonardo-faz-homenagem-apos-morte-de-assessora-cuidou-de-mim-como-filho,black,east-indian,latino,native,islander,other,asian,white" "Mozilla/5.0 AppleWebKit/537.36 (KHTML, like Gecko; compatible; GPTBot/1.3; +https://openai.com/gptbot)"
216.73.216.38 - - [04/Apr/2026:01:35:22 -0400] "GET /gender/m/age/60-100/hair/white,red,grey/languages/indonesian HTTP/1.1" 200 17640 "-" "Mozilla/5.0 AppleWebKit/537.36 (KHTML, like Gecko; compatible; ClaudeBot/1.0; +claudebot@anthropic.com)"
216.73.216.38 - - [04/Apr/2026:01:35:22 -0400] "GET /status/online,offline/gender/c,f/ethnicity/white,islander,native/languages/malay HTTP/1.1" 200 18673 "-" "Mozilla/5.0 AppleWebKit/537.36 (KHTML, like Gecko; compatible; ClaudeBot/1.0; +claudebot@anthropic.com)"
216.73.216.38 - - [04/Apr/2026:01:35:22 -0400] "GET /gender/m,c/age/40-49,60-100/ethnicity/black/languages/armenian HTTP/1.1" 200 17661 "-" "Mozilla/5.0 AppleWebKit/537.36 (KHTML, like Gecko; compatible; ClaudeBot/1.0; +claudebot@anthropic.com)"
216.73.216.38 - - [04/Apr/2026:01:35:22 -0400] "GET /status/offline/age/20-29,40-49,60-100/ethnicity/latino/languages/armenian HTTP/1.1" 200 18004 "-" "Mozilla/5.0 AppleWebKit/537.36 (KHTML, like Gecko; compatible; ClaudeBot/1.0; +claudebot@anthropic.com)"
216.73.216.38 - - [04/Apr/2026:01:35:22 -0400] "GET /status/online/gender/f,t/age/40-49/ethnicity/native,white,black/languages/catalan HTTP/1.1" 200 18677 "-" "Mozilla/5.0 AppleWebKit/537.36 (KHTML, like Gecko; compatible; ClaudeBot/1.0; +claudebot@anthropic.com)"
74.7.227.30 - - [04/Apr/2026:01:35:22 -0400] "GET /age/30-39,50-59/ethnicity/latino,black,white,other,east-indian,islander,native,asian HTTP/1.1" 200 19155 "https://nudcam.com/age/30-39/ethnicity/latino,black,white,other,east-indian,islander,native,asian" "Mozilla/5.0 AppleWebKit/537.36 (KHTML, like Gecko; compatible; GPTBot/1.3; +https://openai.com/gptbot)"
216.73.216.38 - - [04/Apr/2026:01:35:22 -0400] "GET /status/offline/gender/c,t,m/age/50-59,20-29/languages/ukrainian HTTP/1.1" 200 17946 "-" "Mozilla/5.0 AppleWebKit/537.36 (KHTML, like Gecko; compatible; ClaudeBot/1.0; +claudebot@anthropic.com)"
216.73.216.38 - - [04/Apr/2026:01:35:22 -0400] "GET /status/offline,online/age/40-49/ethnicity/islander,native,east-indian/languages/norwegian HTTP/1.1" 200 18765 "-" "Mozilla/5.0 AppleWebKit/537.36 (KHTML, like Gecko; compatible; ClaudeBot/1.0; +claudebot@anthropic.com)"
216.73.216.38 - - [04/Apr/2026:01:35:22 -0400] "GET /status/online/gender/c/hair/blonde,black,white/languages/serbian HTTP/1.1" 200 17769 "-" "Mozilla/5.0 AppleWebKit/537.36 (KHTML, like Gecko; compatible; ClaudeBot/1.0; +claudebot@anthropic.com)"
216.73.216.38 - - [04/Apr/2026:01:35:23 -0400] "GET /status/offline/gender/m/age/20-29,40-49/ethnicity/islander,asian/languages/korean HTTP/1.1" 200 18457 "-" "Mozilla/5.0 AppleWebKit/537.36 (KHTML, like Gecko; compatible; ClaudeBot/1.0; +claudebot@anthropic.com)"
216.73.216.38 - - [04/Apr/2026:01:35:23 -0400] "GET /status/offline/hair/auburn,white/ethnicity/latino,other/languages/fiji HTTP/1.1" 200 17922 "-" "Mozilla/5.0 AppleWebKit/537.36 (KHTML, like Gecko; compatible; ClaudeBot/1.0; +claudebot@anthropic.com)"
216.73.216.38 - - [04/Apr/2026:01:35:23 -0400] "GET /age/18-19,50-59,40-49/hair/brown/ethnicity/native/languages/maltese HTTP/1.1" 200 17795 "-" "Mozilla/5.0 AppleWebKit/537.36 (KHTML, like Gecko; compatible; ClaudeBot/1.0; +claudebot@anthropic.com)"
216.73.216.38 - - [04/Apr/2026:01:35:23 -0400] "GET /gender/f/age/18-19,50-59/ethnicity/black,other/languages/estonian HTTP/1.1" 200 17766 "-" "Mozilla/5.0 AppleWebKit/537.36 (KHTML, like Gecko; compatible; ClaudeBot/1.0; +claudebot@anthropic.com)"
74.7.227.134 - - [04/Apr/2026:01:35:23 -0400] "GET /age/50-59,40-49,20-29/ethnicity/news-leonardo-faz-homenagem-apos-morte-de-assessora-cuidou-de-mim-como-filho,white,east-indian,latino,other,asian,native,black,islander HTTP/1.1" 200 23162 "https://www.nudcam.com/age/50-59,40-49/ethnicity/news-leonardo-faz-homenagem-apos-morte-de-assessora-cuidou-de-mim-como-filho,white,east-indian,latino,other,asian,native,black,islander" "Mozilla/5.0 AppleWebKit/537.36 (KHTML, like Gecko; compatible; GPTBot/1.3; +https://openai.com/gptbot)"
216.73.216.38 - - [04/Apr/2026:01:35:23 -0400] "GET /status/online,offline/age/40-49/ethnicity/islander,white,native,other/languages/finnish HTTP/1.1" 200 18906 "-" "Mozilla/5.0 AppleWebKit/537.36 (KHTML, like Gecko; compatible; ClaudeBot/1.0; +claudebot@anthropic.com)"
216.73.216.38 - - [04/Apr/2026:01:35:23 -0400] "GET /age/30-39/hair/brown,grey/ethnicity/native,other,white/languages/catalan HTTP/1.1" 200 18183 "-" "Mozilla/5.0 AppleWebKit/537.36 (KHTML, like Gecko; compatible; ClaudeBot/1.0; +claudebot@anthropic.com)"
216.73.216.38 - - [04/Apr/2026:01:35:23 -0400] "GET /status/online/hair/grey,white,black/ethnicity/latino/languages/korean HTTP/1.1" 200 17870 "-" "Mozilla/5.0 AppleWebKit/537.36 (KHTML, like Gecko; compatible; ClaudeBot/1.0; +claudebot@anthropic.com)"
66.249.66.67 - - [04/Apr/2026:01:35:23 -0400] "GET /hair/auburn,black,brown/ethnicity/white,native,black,east-indian HTTP/1.1" 200 17854 "-" "Mozilla/5.0 (Linux; Android 6.0.1; Nexus 5X Build/MMB29P) AppleWebKit/537.36 (KHTML, like Gecko) Chrome/146.0.7680.177 Mobile Safari/537.36 (compatible; Googlebot/2.1; +http://www.google.com/bot.html)"
216.73.216.38 - - [04/Apr/2026:01:35:23 -0400] "GET /status/offline/age/60-100/hair/grey,brown/ethnicity/native,black/languages/kashmiri HTTP/1.1" 200 18528 "-" "Mozilla/5.0 AppleWebKit/537.36 (KHTML, like Gecko; compatible; ClaudeBot/1.0; +claudebot@anthropic.com)"
216.73.216.38 - - [04/Apr/2026:01:35:23 -0400] "GET /status/online/age/20-29,18-19/hair/brown/ethnicity/white/languages/korean HTTP/1.1" 200 17972 "-" "Mozilla/5.0 AppleWebKit/537.36 (KHTML, like Gecko; compatible; ClaudeBot/1.0; +claudebot@anthropic.com)"
74.7.227.30 - - [04/Apr/2026:01:35:23 -0400] "GET /age/30-39/ethnicity/latino,other,islander,white,native,black,east-indian,asian HTTP/1.1" 200 18734 "https://nudcam.com/ethnicity/latino,other,islander,white,native,black,east-indian,asian" "Mozilla/5.0 AppleWebKit/537.36 (KHTML, like Gecko; compatible; GPTBot/1.3; +https://openai.com/gptbot)"
216.73.216.38 - - [04/Apr/2026:01:35:23 -0400] "GET /status/offline/age/60-100,30-39/ethnicity/other,native,black,islander/languages/belarusian HTTP/1.1" 200 19007 "-" "Mozilla/5.0 AppleWebKit/537.36 (KHTML, like Gecko; compatible; ClaudeBot/1.0; +claudebot@anthropic.com)"
216.73.216.38 - - [04/Apr/2026:01:35:23 -0400] "GET /status/offline/age/60-100/hair/white,red,brown/ethnicity/native/languages/afrikaans HTTP/1.1" 200 18506 "-" "Mozilla/5.0 AppleWebKit/537.36 (KHTML, like Gecko; compatible; ClaudeBot/1.0; +claudebot@anthropic.com)"
216.73.216.38 - - [04/Apr/2026:01:35:24 -0400] "GET /status/online/age/50-59/ethnicity/islander,black,white,other/languages/faeroese HTTP/1.1" 200 18425 "-" "Mozilla/5.0 AppleWebKit/537.36 (KHTML, like Gecko; compatible; ClaudeBot/1.0; +claudebot@anthropic.com)"
144.76.32.236 - - [04/Apr/2026:01:35:24 -0400] "GET /gender/c,m,t/hair/red,grey/languages/dutch HTTP/1.1" 200 16878 "-" "Mozilla/5.0 (compatible; SERankingBacklinksBot/1.0; +https://seranking.com/backlinks-crawler)"
216.73.216.38 - - [04/Apr/2026:01:35:24 -0400] "GET /age/60-100/hair/auburn,grey/ethnicity/native,latino/languages/russian HTTP/1.1" 200 17891 "-" "Mozilla/5.0 AppleWebKit/537.36 (KHTML, like Gecko; compatible; ClaudeBot/1.0; +claudebot@anthropic.com)"
100.29.107.38 - - [04/Apr/2026:01:35:24 -0400] "GET /status/offline,online/gender/f,t,m,c/age/50-59,18-19/hair/white/ethnicity/latino,native,islander,asian/languages/norwegian HTTP/1.1" 200 21273 "-" "Mozilla/5.0 AppleWebKit/537.36 (KHTML, like Gecko; compatible; Amazonbot/0.1; +https://developer.amazon.com/support/amazonbot) Chrome/119.0.6045.214 Safari/537.36"
216.73.216.38 - - [04/Apr/2026:01:35:24 -0400] "GET /status/online/gender/f/hair/red,blonde/ethnicity/white/languages/kurdish HTTP/1.1" 200 17943 "-" "Mozilla/5.0 AppleWebKit/537.36 (KHTML, like Gecko; compatible; ClaudeBot/1.0; +claudebot@anthropic.com)"
216.73.216.38 - - [04/Apr/2026:01:35:24 -0400] "GET /gender/m,f/ethnicity/asian,black,islander/languages/german HTTP/1.1" 200 17573 "-" "Mozilla/5.0 AppleWebKit/537.36 (KHTML, like Gecko; compatible; ClaudeBot/1.0; +claudebot@anthropic.com)"
216.73.216.38 - - [04/Apr/2026:01:35:24 -0400] "GET /gender/f/ethnicity/black,islander,other,native,white/languages/ukrainian HTTP/1.1" 200 18212 "-" "Mozilla/5.0 AppleWebKit/537.36 (KHTML, like Gecko; compatible; ClaudeBot/1.0; +claudebot@anthropic.com)"
74.7.227.134 - - [04/Apr/2026:01:35:24 -0400] "GET /age/30-39,18-19,20-29/ethnicity/news-leonardo-faz-homenagem-apos-morte-de-assessora-cuidou-de-mim-como-filho,asian,east-indian,other,latino,islander,black,native,white HTTP/1.1" 200 23162 "https://www.nudcam.com/age/30-39,18-19/ethnicity/news-leonardo-faz-homenagem-apos-morte-de-assessora-cuidou-de-mim-como-filho,asian,east-indian,other,latino,islander,black,native,white" "Mozilla/5.0 AppleWebKit/537.36 (KHTML, like Gecko; compatible; GPTBot/1.3; +https://openai.com/gptbot)"
17.246.19.76 - - [04/Apr/2026:01:35:24 -0400] "GET /status/offline/gender/f/age/40-49/hair/brown,red/languages/hebrew HTTP/1.1" 200 17778 "-" "Mozilla/5.0 (Macintosh; Intel Mac OS X 10_15_7) AppleWebKit/605.1.15 (KHTML, like Gecko) Version/17.4 Safari/605.1.15 (Applebot/0.1; +http://www.apple.com/go/applebot)"
216.73.216.38 - - [04/Apr/2026:01:35:24 -0400] "GET /gender/c,m,f/age/18-19/ethnicity/white,other/languages/korean HTTP/1.1" 200 17828 "-" "Mozilla/5.0 AppleWebKit/537.36 (KHTML, like Gecko; compatible; ClaudeBot/1.0; +claudebot@anthropic.com)"
216.73.216.38 - - [04/Apr/2026:01:35:24 -0400] "GET /status/offline/gender/t,f/hair/grey,auburn/ethnicity/native/languages/irish HTTP/1.1" 200 18246 "-" "Mozilla/5.0 AppleWebKit/537.36 (KHTML, like Gecko; compatible; ClaudeBot/1.0; +claudebot@anthropic.com)"
216.73.216.38 - - [04/Apr/2026:01:35:24 -0400] "GET /gender/t,f,c/age/20-29,40-49/ethnicity/other/languages/kurdish HTTP/1.1" 200 17845 "-" "Mozilla/5.0 AppleWebKit/537.36 (KHTML, like Gecko; compatible; ClaudeBot/1.0; +claudebot@anthropic.com)"
17.241.75.13 - - [04/Apr/2026:01:35:24 -0400] "GET /gender/t/age/20-29,30-39/hair/white,grey/ethnicity/native/languages/french HTTP/1.1" 200 18198 "-" "Mozilla/5.0 (Macintosh; Intel Mac OS X 10_15_7) AppleWebKit/605.1.15 (KHTML, like Gecko) Version/17.4 Safari/605.1.15 (Applebot/0.1; +http://www.apple.com/go/applebot)"
216.73.216.38 - - [04/Apr/2026:01:35:24 -0400] "GET /status/offline/age/50-59,18-19/ethnicity/white,native,latino/languages/dutch HTTP/1.1" 200 18321 "-" "Mozilla/5.0 AppleWebKit/537.36 (KHTML, like Gecko; compatible; ClaudeBot/1.0; +claudebot@anthropic.com)"
216.73.216.38 - - [04/Apr/2026:01:35:24 -0400] "GET /status/offline/gender/c,m/hair/black,red/ethnicity/islander/languages/hebrew HTTP/1.1" 200 18280 "-" "Mozilla/5.0 AppleWebKit/537.36 (KHTML, like Gecko; compatible; ClaudeBot/1.0; +claudebot@anthropic.com)"
74.7.227.30 - - [04/Apr/2026:01:35:24 -0400] "GET /age/20-29/ethnicity/east-indian,latino,black,asian,other,islander,native,white HTTP/1.1" 200 18734 "https://nudcam.com/ethnicity/east-indian,latino,black,asian,other,islander,native,white" "Mozilla/5.0 AppleWebKit/537.36 (KHTML, like Gecko; compatible; GPTBot/1.3; +https://openai.com/gptbot)"
216.73.216.38 - - [04/Apr/2026:01:35:24 -0400] "GET /age/18-19,50-59/hair/white/ethnicity/black,native/languages/chinese HTTP/1.1" 200 17822 "-" "Mozilla/5.0 AppleWebKit/537.36 (KHTML, like Gecko; compatible; ClaudeBot/1.0; +claudebot@anthropic.com)"
216.73.216.38 - - [04/Apr/2026:01:35:25 -0400] "GET /age/20-29,30-39,60-100/ethnicity/white,native,black/languages/persian HTTP/1.1" 200 18107 "-" "Mozilla/5.0 AppleWebKit/537.36 (KHTML, like Gecko; compatible; ClaudeBot/1.0; +claudebot@anthropic.com)"
216.73.216.38 - - [04/Apr/2026:01:35:25 -0400] "GET /status/offline,online/hair/black,white,grey,red/languages/maltese HTTP/1.1" 200 18023 "-" "Mozilla/5.0 AppleWebKit/537.36 (KHTML, like Gecko; compatible; ClaudeBot/1.0; +claudebot@anthropic.com)"
216.73.216.38 - - [04/Apr/2026:01:35:25 -0400] "GET /age/60-100,20-29/ethnicity/white,islander,latino,native/languages/spanish HTTP/1.1" 200 18246 "-" "Mozilla/5.0 AppleWebKit/537.36 (KHTML, like Gecko; compatible; ClaudeBot/1.0; +claudebot@anthropic.com)"
216.73.216.38 - - [04/Apr/2026:01:35:25 -0400] "GET /age/60-100,40-49/hair/red/ethnicity/native,latino/languages/kashmiri HTTP/1.1" 200 17856 "-" "Mozilla/5.0 AppleWebKit/537.36 (KHTML, like Gecko; compatible; ClaudeBot/1.0; +claudebot@anthropic.com)"
216.73.216.38 - - [04/Apr/2026:01:35:25 -0400] "GET /status/online/gender/m/age/40-49/ethnicity/islander,native,asian/languages/estonian HTTP/1.1" 200 18526 "-" "Mozilla/5.0 AppleWebKit/537.36 (KHTML, like Gecko; compatible; ClaudeBot/1.0; +claudebot@anthropic.com)"
216.73.216.38 - - [04/Apr/2026:01:35:25 -0400] "GET /status/offline/gender/t/age/40-49/hair/white/ethnicity/black,native/languages/polish HTTP/1.1" 200 18521 "-" "Mozilla/5.0 AppleWebKit/537.36 (KHTML, like Gecko; compatible; ClaudeBot/1.0; +claudebot@anthropic.com)"
74.7.227.134 - - [04/Apr/2026:01:35:25 -0400] "GET /age/50-59,30-39,20-29/ethnicity/news-leonardo-faz-homenagem-apos-morte-de-assessora-cuidou-de-mim-como-filho,white,east-indian,latino,other,asian,native,black,islander HTTP/1.1" 200 23162 "https://www.nudcam.com/age/50-59,30-39/ethnicity/news-leonardo-faz-homenagem-apos-morte-de-assessora-cuidou-de-mim-como-filho,white,east-indian,latino,other,asian,native,black,islander" "Mozilla/5.0 AppleWebKit/537.36 (KHTML, like Gecko; compatible; GPTBot/1.3; +https://openai.com/gptbot)"
216.73.216.38 - - [04/Apr/2026:01:35:25 -0400] "GET /status/online/hair/red/ethnicity/latino,native,other/languages/korean HTTP/1.1" 200 17888 "-" "Mozilla/5.0 AppleWebKit/537.36 (KHTML, like Gecko; compatible; ClaudeBot/1.0; +claudebot@anthropic.com)"
216.73.216.38 - - [04/Apr/2026:01:35:25 -0400] "GET /hair/auburn,black,white,red/ethnicity/native,white/languages/scots HTTP/1.1" 200 17998 "-" "Mozilla/5.0 AppleWebKit/537.36 (KHTML, like Gecko; compatible; ClaudeBot/1.0; +claudebot@anthropic.com)"
216.73.216.38 - - [04/Apr/2026:01:35:25 -0400] "GET /status/offline/age/20-29/hair/black,white,grey,auburn/languages/polish HTTP/1.1" 200 18153 "-" "Mozilla/5.0 AppleWebKit/537.36 (KHTML, like Gecko; compatible; ClaudeBot/1.0; +claudebot@anthropic.com)"
216.73.216.38 - - [04/Apr/2026:01:35:25 -0400] "GET /gender/c,m,t/age/40-49,18-19/ethnicity/native/languages/fiji HTTP/1.1" 200 17771 "-" "Mozilla/5.0 AppleWebKit/537.36 (KHTML, like Gecko; compatible; ClaudeBot/1.0; +claudebot@anthropic.com)"
74.7.227.30 - - [04/Apr/2026:01:35:25 -0400] "GET /age/50-59/ethnicity/islander,latino,white,east-indian,black,native,other,asian HTTP/1.1" 200 18734 "https://nudcam.com/ethnicity/islander,latino,white,east-indian,black,native,other,asian" "Mozilla/5.0 AppleWebKit/537.36 (KHTML, like Gecko; compatible; GPTBot/1.3; +https://openai.com/gptbot)"
216.73.216.38 - - [04/Apr/2026:01:35:25 -0400] "GET /gender/m,f/age/30-39/ethnicity/native,east-indian/languages/greek HTTP/1.1" 200 17770 "-" "Mozilla/5.0 AppleWebKit/537.36 (KHTML, like Gecko; compatible; ClaudeBot/1.0; +claudebot@anthropic.com)"
17.241.75.231 - - [04/Apr/2026:01:35:26 -0400] "GET /age/60-100/hair/white/ethnicity/native,latino,islander/languages/polish HTTP/1.1" 200 17731 "-" "Mozilla/5.0 (Macintosh; Intel Mac OS X 10_15_7) AppleWebKit/605.1.15 (KHTML, like Gecko) Version/17.4 Safari/605.1.15 (Applebot/0.1; +http://www.apple.com/go/applebot)"
216.73.216.38 - - [04/Apr/2026:01:35:26 -0400] "GET /status/offline/gender/m,f/age/50-59/hair/grey/ethnicity/white/languages/catalan HTTP/1.1" 200 18350 "-" "Mozilla/5.0 AppleWebKit/537.36 (KHTML, like Gecko; compatible; ClaudeBot/1.0; +claudebot@anthropic.com)"
216.73.216.38 - - [04/Apr/2026:01:35:26 -0400] "GET /gender/f,m/age/30-39,50-59/ethnicity/native,black/languages/serbian HTTP/1.1" 200 18030 "-" "Mozilla/5.0 AppleWebKit/537.36 (KHTML, like Gecko; compatible; ClaudeBot/1.0; +claudebot@anthropic.com)"
216.73.216.38 - - [04/Apr/2026:01:35:26 -0400] "GET /age/60-100/hair/red,white/ethnicity/black,native,white/languages/czech HTTP/1.1" 200 18113 "-" "Mozilla/5.0 AppleWebKit/537.36 (KHTML, like Gecko; compatible; ClaudeBot/1.0; +claudebot@anthropic.com)"
216.73.216.38 - - [04/Apr/2026:01:35:26 -0400] "GET /status/offline/gender/t,f/ethnicity/black,other,asian/languages/serbian HTTP/1.1" 200 18167 "-" "Mozilla/5.0 AppleWebKit/537.36 (KHTML, like Gecko; compatible; ClaudeBot/1.0; +claudebot@anthropic.com)"
216.73.216.38 - - [04/Apr/2026:01:35:26 -0400] "GET /gender/c/age/60-100/ethnicity/white,islander,black,native/languages/estonian HTTP/1.1" 200 18317 "-" "Mozilla/5.0 AppleWebKit/537.36 (KHTML, like Gecko; compatible; ClaudeBot/1.0; +claudebot@anthropic.com)"
216.73.216.38 - - [04/Apr/2026:01:35:26 -0400] "GET /age/60-100/hair/brown,black/ethnicity/other,native/languages/estonian HTTP/1.1" 200 17893 "-" "Mozilla/5.0 AppleWebKit/537.36 (KHTML, like Gecko; compatible; ClaudeBot/1.0; +claudebot@anthropic.com)"
74.7.227.134 - - [04/Apr/2026:01:35:26 -0400] "GET /age/30-39,40-49,18-19/ethnicity/news-leonardo-faz-homenagem-apos-morte-de-assessora-cuidou-de-mim-como-filho,native,other,asian,east-indian,islander,latino,white,black HTTP/1.1" 200 23162 "https://www.nudcam.com/age/30-39,40-49/ethnicity/news-leonardo-faz-homenagem-apos-morte-de-assessora-cuidou-de-mim-como-filho,native,other,asian,east-indian,islander,latino,white,black" "Mozilla/5.0 AppleWebKit/537.36 (KHTML, like Gecko; compatible; GPTBot/1.3; +https://openai.com/gptbot)"
216.73.216.38 - - [04/Apr/2026:01:35:26 -0400] "GET /age/50-59,20-29,60-100/ethnicity/islander,native,white/languages/finnish HTTP/1.1" 200 18206 "-" "Mozilla/5.0 AppleWebKit/537.36 (KHTML, like Gecko; compatible; ClaudeBot/1.0; +claudebot@anthropic.com)"
216.73.216.38 - - [04/Apr/2026:01:35:26 -0400] "GET /age/60-100,18-19,40-49,30-39/ethnicity/native,white/languages/belarusian HTTP/1.1" 200 18205 "-" "Mozilla/5.0 AppleWebKit/537.36 (KHTML, like Gecko; compatible; ClaudeBot/1.0; +claudebot@anthropic.com)"
216.73.216.38 - - [04/Apr/2026:01:35:26 -0400] "GET /gender/f,c/age/60-100,40-49/ethnicity/native,latino/languages/french HTTP/1.1" 200 18063 "-" "Mozilla/5.0 AppleWebKit/537.36 (KHTML, like Gecko; compatible; ClaudeBot/1.0; +claudebot@anthropic.com)"
216.73.216.38 - - [04/Apr/2026:01:35:26 -0400] "GET /status/online/age/60-100,40-49/ethnicity/asian,black/languages/vietnamese HTTP/1.1" 200 18035 "-" "Mozilla/5.0 AppleWebKit/537.36 (KHTML, like Gecko; compatible; ClaudeBot/1.0; +claudebot@anthropic.com)"
74.7.227.30 - - [04/Apr/2026:01:35:26 -0400] "GET /age/20-29,40-49/hair/blonde/ethnicity/latino,east-indian,islander,asian,other,black,white,native HTTP/1.1" 200 19780 "https://nudcam.com/age/20-29,40-49/ethnicity/latino,east-indian,islander,asian,other,black,white,native" "Mozilla/5.0 AppleWebKit/537.36 (KHTML, like Gecko; compatible; GPTBot/1.3; +https://openai.com/gptbot)"
216.73.216.38 - - [04/Apr/2026:01:35:27 -0400] "GET /status/offline/age/60-100,40-49/hair/grey/ethnicity/islander,black/languages/czech HTTP/1.1" 200 18484 "-" "Mozilla/5.0 AppleWebKit/537.36 (KHTML, like Gecko; compatible; ClaudeBot/1.0; +claudebot@anthropic.com)"
216.73.216.38 - - [04/Apr/2026:01:35:27 -0400] "GET /gender/m/age/50-59,30-39,60-100/ethnicity/other/languages/finnish HTTP/1.1" 200 17735 "-" "Mozilla/5.0 AppleWebKit/537.36 (KHTML, like Gecko; compatible; ClaudeBot/1.0; +claudebot@anthropic.com)"
17.246.19.158 - - [04/Apr/2026:01:35:27 -0400] "GET /gender/m,f/age/20-29,18-19/hair/white,blonde/languages/hindi HTTP/1.1" 200 17612 "-" "Mozilla/5.0 (Macintosh; Intel Mac OS X 10_15_7) AppleWebKit/605.1.15 (KHTML, like Gecko) Version/17.4 Safari/605.1.15 (Applebot/0.1; +http://www.apple.com/go/applebot)"
216.73.216.38 - - [04/Apr/2026:01:35:27 -0400] "GET /status/offline/gender/c,f,m/ethnicity/native,islander,black/languages/icelandic HTTP/1.1" 200 18636 "-" "Mozilla/5.0 AppleWebKit/537.36 (KHTML, like Gecko; compatible; ClaudeBot/1.0; +claudebot@anthropic.com)"
216.73.216.38 - - [04/Apr/2026:01:35:27 -0400] "GET /age/40-49/hair/grey,red,white,blonde/ethnicity/white/languages/danish HTTP/1.1" 200 18054 "-" "Mozilla/5.0 AppleWebKit/537.36 (KHTML, like Gecko; compatible; ClaudeBot/1.0; +claudebot@anthropic.com)"
216.73.216.38 - - [04/Apr/2026:01:35:27 -0400] "GET /status/offline/age/40-49/hair/grey,auburn,white/ethnicity/native,white/languages/scots HTTP/1.1" 200 18827 "-" "Mozilla/5.0 AppleWebKit/537.36 (KHTML, like Gecko; compatible; ClaudeBot/1.0; +claudebot@anthropic.com)"
216.73.216.38 - - [04/Apr/2026:01:35:27 -0400] "GET /status/offline/age/20-29/hair/white,grey,auburn,red/languages/korean HTTP/1.1" 200 18087 "-" "Mozilla/5.0 AppleWebKit/537.36 (KHTML, like Gecko; compatible; ClaudeBot/1.0; +claudebot@anthropic.com)"
74.7.227.134 - - [04/Apr/2026:01:35:27 -0400] "GET /age/50-59,30-39,40-49/ethnicity/news-leonardo-faz-homenagem-apos-morte-de-assessora-cuidou-de-mim-como-filho,white,east-indian,latino,other,asian,native,black,islander HTTP/1.1" 200 23162 "https://www.nudcam.com/age/50-59,30-39/ethnicity/news-leonardo-faz-homenagem-apos-morte-de-assessora-cuidou-de-mim-como-filho,white,east-indian,latino,other,asian,native,black,islander" "Mozilla/5.0 AppleWebKit/537.36 (KHTML, like Gecko; compatible; GPTBot/1.3; +https://openai.com/gptbot)"
216.73.216.38 - - [04/Apr/2026:01:35:27 -0400] "GET /hair/blonde,red,white,grey,auburn/languages/korean HTTP/1.1" 200 17360 "-" "Mozilla/5.0 AppleWebKit/537.36 (KHTML, like Gecko; compatible; ClaudeBot/1.0; +claudebot@anthropic.com)"
216.73.216.38 - - [04/Apr/2026:01:35:27 -0400] "GET /status/offline/gender/t,c/age/40-49/hair/white,blonde/languages/german HTTP/1.1" 200 18144 "-" "Mozilla/5.0 AppleWebKit/537.36 (KHTML, like Gecko; compatible; ClaudeBot/1.0; +claudebot@anthropic.com)"
17.241.219.240 - - [04/Apr/2026:01:35:27 -0400] "GET /status/offline/age/30-39/hair/auburn,black,blonde/languages/hindi HTTP/1.1" 200 17585 "-" "Mozilla/5.0 (Macintosh; Intel Mac OS X 10_15_7) AppleWebKit/605.1.15 (KHTML, like Gecko) Version/17.4 Safari/605.1.15 (Applebot/0.1; +http://www.apple.com/go/applebot)"
216.73.216.38 - - [04/Apr/2026:01:35:27 -0400] "GET /hair/grey/ethnicity/islander,white,other,black/languages/ukrainian HTTP/1.1" 200 17818 "-" "Mozilla/5.0 AppleWebKit/537.36 (KHTML, like Gecko; compatible; ClaudeBot/1.0; +claudebot@anthropic.com)"
216.73.216.38 - - [04/Apr/2026:01:35:27 -0400] "GET /gender/f,m/hair/white,red/ethnicity/other/languages/estonian HTTP/1.1" 200 17592 "-" "Mozilla/5.0 AppleWebKit/537.36 (KHTML, like Gecko; compatible; ClaudeBot/1.0; +claudebot@anthropic.com)"
216.73.216.38 - - [04/Apr/2026:01:35:27 -0400] "GET /status/online/gender/t/age/30-39/ethnicity/native,islander,white/languages/bulgarian HTTP/1.1" 200 18562 "-" "Mozilla/5.0 AppleWebKit/537.36 (KHTML, like Gecko; compatible; ClaudeBot/1.0; +claudebot@anthropic.com)"
216.73.216.38 - - [04/Apr/2026:01:35:28 -0400] "GET /status/offline/gender/t/age/20-29,18-19/ethnicity/white,islander/languages/faeroese HTTP/1.1" 200 18528 "-" "Mozilla/5.0 AppleWebKit/537.36 (KHTML, like Gecko; compatible; ClaudeBot/1.0; +claudebot@anthropic.com)"
74.7.227.30 - - [04/Apr/2026:01:35:28 -0400] "GET /age/20-29,40-49,60-100/ethnicity/latino,east-indian,islander,asian,other,black,white,native HTTP/1.1" 200 19618 "https://nudcam.com/age/20-29,40-49/ethnicity/latino,east-indian,islander,asian,other,black,white,native" "Mozilla/5.0 AppleWebKit/537.36 (KHTML, like Gecko; compatible; GPTBot/1.3; +https://openai.com/gptbot)"
216.73.216.38 - - [04/Apr/2026:01:35:28 -0400] "GET /age/30-39,20-29,60-100/hair/red/ethnicity/black/languages/german HTTP/1.1" 200 17697 "-" "Mozilla/5.0 AppleWebKit/537.36 (KHTML, like Gecko; compatible; ClaudeBot/1.0; +claudebot@anthropic.com)"
216.73.216.38 - - [04/Apr/2026:01:35:28 -0400] "GET /hair/blonde,red,grey,white,auburn/languages/korean HTTP/1.1" 200 17360 "-" "Mozilla/5.0 AppleWebKit/537.36 (KHTML, like Gecko; compatible; ClaudeBot/1.0; +claudebot@anthropic.com)"
216.73.216.38 - - [04/Apr/2026:01:35:28 -0400] "GET /age/50-59/hair/black,brown,auburn,grey/languages/serbian HTTP/1.1" 200 17533 "-" "Mozilla/5.0 AppleWebKit/537.36 (KHTML, like Gecko; compatible; ClaudeBot/1.0; +claudebot@anthropic.com)"
54.162.69.192 - - [04/Apr/2026:01:35:28 -0400] "GET /status/online,offline/gender/f/hair/black,red/ethnicity/east-indian,native,latino,islander/languages/hindi HTTP/1.1" 200 19743 "-" "Mozilla/5.0 AppleWebKit/537.36 (KHTML, like Gecko; compatible; Amazonbot/0.1; +https://developer.amazon.com/support/amazonbot) Chrome/119.0.6045.214 Safari/537.36"
216.73.216.38 - - [04/Apr/2026:01:35:28 -0400] "GET /age/20-29,50-59/ethnicity/islander,black,other,native/languages/faeroese HTTP/1.1" 200 18215 "-" "Mozilla/5.0 AppleWebKit/537.36 (KHTML, like Gecko; compatible; ClaudeBot/1.0; +claudebot@anthropic.com)"
216.73.216.38 - - [04/Apr/2026:01:35:28 -0400] "GET /status/offline/gender/f,m,t,c/ethnicity/asian/languages/kazakh HTTP/1.1" 200 17844 "-" "Mozilla/5.0 AppleWebKit/537.36 (KHTML, like Gecko; compatible; ClaudeBot/1.0; +claudebot@anthropic.com)"
216.73.216.38 - - [04/Apr/2026:01:35:28 -0400] "GET /status/online,offline/age/30-39/hair/grey/ethnicity/native,black/languages/thai HTTP/1.1" 200 18390 "-" "Mozilla/5.0 AppleWebKit/537.36 (KHTML, like Gecko; compatible; ClaudeBot/1.0; +claudebot@anthropic.com)"
74.7.227.134 - - [04/Apr/2026:01:35:28 -0400] "GET /age/18-19,50-59,40-49/ethnicity/news-leonardo-faz-homenagem-apos-morte-de-assessora-cuidou-de-mim-como-filho,black,white,asian,latino,other,native,east-indian,islander HTTP/1.1" 200 23162 "https://www.nudcam.com/age/18-19,50-59/ethnicity/news-leonardo-faz-homenagem-apos-morte-de-assessora-cuidou-de-mim-como-filho,black,white,asian,latino,other,native,east-indian,islander" "Mozilla/5.0 AppleWebKit/537.36 (KHTML, like Gecko; compatible; GPTBot/1.3; +https://openai.com/gptbot)"
216.73.216.38 - - [04/Apr/2026:01:35:28 -0400] "GET /gender/t/age/30-39,60-100,18-19/ethnicity/islander/languages/french HTTP/1.1" 200 17798 "-" "Mozilla/5.0 AppleWebKit/537.36 (KHTML, like Gecko; compatible; ClaudeBot/1.0; +claudebot@anthropic.com)"
216.73.216.38 - - [04/Apr/2026:01:35:28 -0400] "GET /status/offline/hair/grey,blonde/ethnicity/black,latino/languages/czech HTTP/1.1" 200 17924 "-" "Mozilla/5.0 AppleWebKit/537.36 (KHTML, like Gecko; compatible; ClaudeBot/1.0; +claudebot@anthropic.com)"
216.73.216.38 - - [04/Apr/2026:01:35:28 -0400] "GET /hair/grey,red,black,brown/ethnicity/white/languages/kazakh HTTP/1.1" 200 17534 "-" "Mozilla/5.0 AppleWebKit/537.36 (KHTML, like Gecko; compatible; ClaudeBot/1.0; +claudebot@anthropic.com)"
216.73.216.38 - - [04/Apr/2026:01:35:28 -0400] "GET /age/18-19,50-59,60-100,40-49/ethnicity/native,black/languages/romanian HTTP/1.1" 200 18135 "-" "Mozilla/5.0 AppleWebKit/537.36 (KHTML, like Gecko; compatible; ClaudeBot/1.0; +claudebot@anthropic.com)"
216.73.216.38 - - [04/Apr/2026:01:35:29 -0400] "GET /status/offline/hair/white,auburn,black/ethnicity/native,islander/languages/norwegian HTTP/1.1" 200 18584 "-" "Mozilla/5.0 AppleWebKit/537.36 (KHTML, like Gecko; compatible; ClaudeBot/1.0; +claudebot@anthropic.com)"
74.7.227.30 - - [04/Apr/2026:01:35:29 -0400] "GET /age/30-39/ethnicity/latino,asian,other,islander,white,black,native,east-indian HTTP/1.1" 200 18734 "https://nudcam.com/ethnicity/latino,asian,other,islander,white,black,native,east-indian" "Mozilla/5.0 AppleWebKit/537.36 (KHTML, like Gecko; compatible; GPTBot/1.3; +https://openai.com/gptbot)"
216.73.216.38 - - [04/Apr/2026:01:35:29 -0400] "GET /gender/t/age/60-100,50-59,20-29/ethnicity/native/languages/greek HTTP/1.1" 200 17700 "-" "Mozilla/5.0 AppleWebKit/537.36 (KHTML, like Gecko; compatible; ClaudeBot/1.0; +claudebot@anthropic.com)"
216.73.216.38 - - [04/Apr/2026:01:35:29 -0400] "GET /gender/t,c/age/40-49/hair/black,auburn/languages/dutch HTTP/1.1" 200 17456 "-" "Mozilla/5.0 AppleWebKit/537.36 (KHTML, like Gecko; compatible; ClaudeBot/1.0; +claudebot@anthropic.com)"
216.73.216.38 - - [04/Apr/2026:01:35:29 -0400] "GET /status/offline/hair/grey,brown/ethnicity/white,other,native/languages/ukrainian HTTP/1.1" 200 18423 "-" "Mozilla/5.0 AppleWebKit/537.36 (KHTML, like Gecko; compatible; ClaudeBot/1.0; +claudebot@anthropic.com)"
17.241.227.109 - - [04/Apr/2026:01:35:29 -0400] "GET /status/online/age/60-100/hair/black/ethnicity/black,native,asian/languages/italian HTTP/1.1" 200 18487 "-" "Mozilla/5.0 (Macintosh; Intel Mac OS X 10_15_7) AppleWebKit/605.1.15 (KHTML, like Gecko) Version/17.4 Safari/605.1.15 (Applebot/0.1; +http://www.apple.com/go/applebot)"
216.73.216.38 - - [04/Apr/2026:01:35:29 -0400] "GET /gender/f,t,c/age/40-49/ethnicity/other,black/languages/swedish HTTP/1.1" 200 17864 "-" "Mozilla/5.0 AppleWebKit/537.36 (KHTML, like Gecko; compatible; ClaudeBot/1.0; +claudebot@anthropic.com)"
144.76.32.236 - - [04/Apr/2026:01:35:29 -0400] "GET /gender/c,m,f/hair/red,grey/languages/dutch HTTP/1.1" 200 16879 "-" "Mozilla/5.0 (compatible; SERankingBacklinksBot/1.0; +https://seranking.com/backlinks-crawler)"
216.73.216.38 - - [04/Apr/2026:01:35:29 -0400] "GET /age/30-39,60-100/hair/blonde,red,black/languages/danish HTTP/1.1" 200 17504 "-" "Mozilla/5.0 AppleWebKit/537.36 (KHTML, like Gecko; compatible; ClaudeBot/1.0; +claudebot@anthropic.com)"
74.7.227.134 - - [04/Apr/2026:01:35:29 -0400] "GET /age/30-39,20-29,18-19/ethnicity/news-leonardo-faz-homenagem-apos-morte-de-assessora-cuidou-de-mim-como-filho,black,east-indian,latino,native,islander,other,asian,white HTTP/1.1" 200 23162 "https://www.nudcam.com/age/30-39,20-29/ethnicity/news-leonardo-faz-homenagem-apos-morte-de-assessora-cuidou-de-mim-como-filho,black,east-indian,latino,native,islander,other,asian,white" "Mozilla/5.0 AppleWebKit/537.36 (KHTML, like Gecko; compatible; GPTBot/1.3; +https://openai.com/gptbot)"
216.73.216.38 - - [04/Apr/2026:01:35:29 -0400] "GET /age/40-49/hair/grey,red,brown/ethnicity/black,white/languages/romanian HTTP/1.1" 200 18115 "-" "Mozilla/5.0 AppleWebKit/537.36 (KHTML, like Gecko; compatible; ClaudeBot/1.0; +claudebot@anthropic.com)"
216.73.216.38 - - [04/Apr/2026:01:35:29 -0400] "GET /hair/white,auburn,red/ethnicity/native,black/languages/azerbaijani HTTP/1.1" 200 17824 "-" "Mozilla/5.0 AppleWebKit/537.36 (KHTML, like Gecko; compatible; ClaudeBot/1.0; +claudebot@anthropic.com)"
216.73.216.38 - - [04/Apr/2026:01:35:29 -0400] "GET /hair/auburn,brown,red/ethnicity/native,white/languages/armenian HTTP/1.1" 200 17722 "-" "Mozilla/5.0 AppleWebKit/537.36 (KHTML, like Gecko; compatible; ClaudeBot/1.0; +claudebot@anthropic.com)"
216.73.216.38 - - [04/Apr/2026:01:35:29 -0400] "GET /status/offline/gender/f/ethnicity/white,other,latino,black/languages/thai HTTP/1.1" 200 18215 "-" "Mozilla/5.0 AppleWebKit/537.36 (KHTML, like Gecko; compatible; ClaudeBot/1.0; +claudebot@anthropic.com)"
66.249.66.67 - - [04/Apr/2026:01:35:29 -0400] "GET /hair/red,blonde,grey,brown,auburn,black,white HTTP/1.1" 200 17258 "-" "Mozilla/5.0 (Linux; Android 6.0.1; Nexus 5X Build/MMB29P) AppleWebKit/537.36 (KHTML, like Gecko) Chrome/146.0.7680.177 Mobile Safari/537.36 (compatible; Googlebot/2.1; +http://www.google.com/bot.html)"
216.73.216.38 - - [04/Apr/2026:01:35:29 -0400] "GET /status/offline/age/30-39/hair/red,white/ethnicity/other,islander/languages/serbian HTTP/1.1" 200 18493 "-" "Mozilla/5.0 AppleWebKit/537.36 (KHTML, like Gecko; compatible; ClaudeBot/1.0; +claudebot@anthropic.com)"
74.7.227.30 - - [04/Apr/2026:01:35:29 -0400] "GET /age/18-19/ethnicity/native,islander,east-indian,asian,white,black,other,latino HTTP/1.1" 200 18734 "https://nudcam.com/ethnicity/native,islander,east-indian,asian,white,black,other,latino" "Mozilla/5.0 AppleWebKit/537.36 (KHTML, like Gecko; compatible; GPTBot/1.3; +https://openai.com/gptbot)"
216.73.216.38 - - [04/Apr/2026:01:35:30 -0400] "GET /gender/f/ethnicity/black,other,islander,native,white/languages/ukrainian HTTP/1.1" 200 18212 "-" "Mozilla/5.0 AppleWebKit/537.36 (KHTML, like Gecko; compatible; ClaudeBot/1.0; +claudebot@anthropic.com)"
216.73.216.38 - - [04/Apr/2026:01:35:30 -0400] "GET /gender/c,f/hair/grey/ethnicity/islander,white,native/languages/romanian HTTP/1.1" 200 18155 "-" "Mozilla/5.0 AppleWebKit/537.36 (KHTML, like Gecko; compatible; ClaudeBot/1.0; +claudebot@anthropic.com)"
216.73.216.38 - - [04/Apr/2026:01:35:30 -0400] "GET /gender/f/hair/red,grey,white/ethnicity/white/languages/kazakh HTTP/1.1" 200 17605 "-" "Mozilla/5.0 AppleWebKit/537.36 (KHTML, like Gecko; compatible; ClaudeBot/1.0; +claudebot@anthropic.com)"
216.73.216.38 - - [04/Apr/2026:01:35:30 -0400] "GET /status/online/gender/m/age/20-29/ethnicity/latino,islander/languages/afrikaans HTTP/1.1" 200 18161 "-" "Mozilla/5.0 AppleWebKit/537.36 (KHTML, like Gecko; compatible; ClaudeBot/1.0; +claudebot@anthropic.com)"
17.241.227.109 - - [04/Apr/2026:01:35:30 -0400] "GET /age/30-39/hair/red,blonde/ethnicity/islander,native,asian/languages/french HTTP/1.1" 200 18247 "-" "Mozilla/5.0 (Macintosh; Intel Mac OS X 10_15_7) AppleWebKit/605.1.15 (KHTML, like Gecko) Version/17.4 Safari/605.1.15 (Applebot/0.1; +http://www.apple.com/go/applebot)"
216.73.216.38 - - [04/Apr/2026:01:35:30 -0400] "GET /status/offline/gender/f,t/age/60-100,40-49/hair/black/languages/danish HTTP/1.1" 200 18139 "-" "Mozilla/5.0 AppleWebKit/537.36 (KHTML, like Gecko; compatible; ClaudeBot/1.0; +claudebot@anthropic.com)"
216.73.216.38 - - [04/Apr/2026:01:35:30 -0400] "GET /hair/auburn,white,blonde/ethnicity/black,white/languages/arabic HTTP/1.1" 200 17718 "-" "Mozilla/5.0 AppleWebKit/537.36 (KHTML, like Gecko; compatible; ClaudeBot/1.0; +claudebot@anthropic.com)"
