74.7.227.30 - - [04/Apr/2026:01:35:42 -0400] "GET /age/30-39,50-59/ethnicity/latino,asian,other,islander,white,black,native,east-indian HTTP/1.1" 200 19155 "https://nudcam.com/age/30-39/ethnicity/latino,asian,other,islander,white,black,native,east-indian" "Mozilla/5.0 AppleWebKit/537.36 (KHTML, like Gecko; compatible; GPTBot/1.3; +https://openai.com/gptbot)"
216.73.216.38 - - [04/Apr/2026:01:35:42 -0400] "GET /status/offline/age/30-39/hair/red/ethnicity/other,asian/languages/croatian HTTP/1.1" 200 18027 "-" "Mozilla/5.0 AppleWebKit/537.36 (KHTML, like Gecko; compatible; ClaudeBot/1.0; +claudebot@anthropic.com)"
216.73.216.38 - - [04/Apr/2026:01:35:42 -0400] "GET /age/40-49,30-39,60-100/ethnicity/other,native,black/languages/scots HTTP/1.1" 200 18037 "-" "Mozilla/5.0 AppleWebKit/537.36 (KHTML, like Gecko; compatible; ClaudeBot/1.0; +claudebot@anthropic.com)"
216.73.216.38 - - [04/Apr/2026:01:35:43 -0400] "GET /status/online/age/40-49/hair/white,auburn/ethnicity/native,white/languages/korean HTTP/1.1" 200 18458 "-" "Mozilla/5.0 AppleWebKit/537.36 (KHTML, like Gecko; compatible; ClaudeBot/1.0; +claudebot@anthropic.com)"
216.73.216.38 - - [04/Apr/2026:01:35:43 -0400] "GET /gender/c/hair/auburn,white,grey,blonde/languages/hebrew HTTP/1.1" 200 17495 "-" "Mozilla/5.0 AppleWebKit/537.36 (KHTML, like Gecko; compatible; ClaudeBot/1.0; +claudebot@anthropic.com)"
144.76.32.236 - - [04/Apr/2026:01:35:43 -0400] "GET /gender/c,t,f,m/age/20-29/hair/black,blonde HTTP/1.1" 200 17130 "-" "Mozilla/5.0 (compatible; SERankingBacklinksBot/1.0; +https://seranking.com/backlinks-crawler)"
216.73.216.38 - - [04/Apr/2026:01:35:43 -0400] "GET /status/offline,online/hair/white,grey/ethnicity/native,islander/languages/lithuanian HTTP/1.1" 200 18598 "-" "Mozilla/5.0 AppleWebKit/537.36 (KHTML, like Gecko; compatible; ClaudeBot/1.0; +claudebot@anthropic.com)"
74.7.227.134 - - [04/Apr/2026:01:35:43 -0400] "GET /age/18-19,50-59/ethnicity/news-leonardo-faz-homenagem-apos-morte-de-assessora-cuidou-de-mim-como-filho,black,asian,latino,other,native,east-indian,islander HTTP/1.1" 200 22143 "https://www.nudcam.com/age/18-19,50-59/ethnicity/news-leonardo-faz-homenagem-apos-morte-de-assessora-cuidou-de-mim-como-filho,black,white,asian,latino,other,native,east-indian,islander" "Mozilla/5.0 AppleWebKit/537.36 (KHTML, like Gecko; compatible; GPTBot/1.3; +https://openai.com/gptbot)"
216.73.216.38 - - [04/Apr/2026:01:35:43 -0400] "GET /gender/c,f/age/18-19/ethnicity/islander,black,white/languages/swedish HTTP/1.1" 200 18097 "-" "Mozilla/5.0 AppleWebKit/537.36 (KHTML, like Gecko; compatible; ClaudeBot/1.0; +claudebot@anthropic.com)"
216.73.216.38 - - [04/Apr/2026:01:35:43 -0400] "GET /gender/c/age/50-59,60-100/ethnicity/native,asian/languages/ukrainian HTTP/1.1" 200 17864 "-" "Mozilla/5.0 AppleWebKit/537.36 (KHTML, like Gecko; compatible; ClaudeBot/1.0; +claudebot@anthropic.com)"
216.73.216.38 - - [04/Apr/2026:01:35:43 -0400] "GET /hair/grey,auburn/ethnicity/white,native,black,islander/languages/german HTTP/1.1" 200 18173 "-" "Mozilla/5.0 AppleWebKit/537.36 (KHTML, like Gecko; compatible; ClaudeBot/1.0; +claudebot@anthropic.com)"
216.73.216.38 - - [04/Apr/2026:01:35:43 -0400] "GET /status/offline/age/40-49,30-39/hair/grey/ethnicity/asian/languages/indonesian HTTP/1.1" 200 18108 "-" "Mozilla/5.0 AppleWebKit/537.36 (KHTML, like Gecko; compatible; ClaudeBot/1.0; +claudebot@anthropic.com)"
216.73.216.38 - - [04/Apr/2026:01:35:43 -0400] "GET /status/offline/age/30-39/hair/white/ethnicity/islander,native,other/languages/afrikaans HTTP/1.1" 200 18656 "-" "Mozilla/5.0 AppleWebKit/537.36 (KHTML, like Gecko; compatible; ClaudeBot/1.0; +claudebot@anthropic.com)"
17.241.219.173 - - [04/Apr/2026:01:35:43 -0400] "GET /age/40-49/hair/grey,red/ethnicity/white,other,native/languages/hindi HTTP/1.1" 200 17827 "-" "Mozilla/5.0 (Macintosh; Intel Mac OS X 10_15_7) AppleWebKit/605.1.15 (KHTML, like Gecko) Version/17.4 Safari/605.1.15 (Applebot/0.1; +http://www.apple.com/go/applebot)"
216.73.216.38 - - [04/Apr/2026:01:35:43 -0400] "GET /age/60-100,20-29,50-59,30-39/ethnicity/white,native/languages/serbian HTTP/1.1" 200 18100 "-" "Mozilla/5.0 AppleWebKit/537.36 (KHTML, like Gecko; compatible; ClaudeBot/1.0; +claudebot@anthropic.com)"
216.73.216.38 - - [04/Apr/2026:01:35:43 -0400] "GET /gender/f/ethnicity/native,latino,other,asian/languages/korean HTTP/1.1" 200 17658 "-" "Mozilla/5.0 AppleWebKit/537.36 (KHTML, like Gecko; compatible; ClaudeBot/1.0; +claudebot@anthropic.com)"
74.7.227.30 - - [04/Apr/2026:01:35:43 -0400] "GET /age/30-39,20-29/ethnicity/latino,asian,other,islander,white,black,native,east-indian HTTP/1.1" 200 19155 "https://nudcam.com/age/30-39/ethnicity/latino,asian,other,islander,white,black,native,east-indian" "Mozilla/5.0 AppleWebKit/537.36 (KHTML, like Gecko; compatible; GPTBot/1.3; +https://openai.com/gptbot)"
216.73.216.38 - - [04/Apr/2026:01:35:43 -0400] "GET /age/40-49/hair/black/ethnicity/latino,islander,native/languages/polish HTTP/1.1" 200 17915 "-" "Mozilla/5.0 AppleWebKit/537.36 (KHTML, like Gecko; compatible; ClaudeBot/1.0; +claudebot@anthropic.com)"
216.73.216.38 - - [04/Apr/2026:01:35:44 -0400] "GET /age/20-29,40-49/hair/auburn,grey/ethnicity/other/languages/chinese HTTP/1.1" 200 17776 "-" "Mozilla/5.0 AppleWebKit/537.36 (KHTML, like Gecko; compatible; ClaudeBot/1.0; +claudebot@anthropic.com)"
3.94.199.128 - - [04/Apr/2026:01:35:44 -0400] "GET /status/offline/gender/f,t,m/age/30-39/ethnicity/islander,latino,white/languages/chinese HTTP/1.1" 200 19089 "-" "Mozilla/5.0 AppleWebKit/537.36 (KHTML, like Gecko; compatible; Amazonbot/0.1; +https://developer.amazon.com/support/amazonbot) Chrome/119.0.6045.214 Safari/537.36"
216.73.216.38 - - [04/Apr/2026:01:35:44 -0400] "GET /status/offline/hair/red,grey,white/ethnicity/other,islander/languages/swedish HTTP/1.1" 200 18349 "-" "Mozilla/5.0 AppleWebKit/537.36 (KHTML, like Gecko; compatible; ClaudeBot/1.0; +claudebot@anthropic.com)"
216.73.216.38 - - [04/Apr/2026:01:35:44 -0400] "GET /status/online/age/20-29/hair/grey,black/ethnicity/native,islander/languages/belarusian HTTP/1.1" 200 18631 "-" "Mozilla/5.0 AppleWebKit/537.36 (KHTML, like Gecko; compatible; ClaudeBot/1.0; +claudebot@anthropic.com)"
74.7.227.134 - - [04/Apr/2026:01:35:44 -0400] "GET /age/40-49,18-19/ethnicity/news-leonardo-faz-homenagem-apos-morte-de-assessora-cuidou-de-mim-como-filho,black,east-indian,latino,native,other,white,islander,asian HTTP/1.1" 200 22650 "https://www.nudcam.com/age/40-49,30-39,18-19/ethnicity/news-leonardo-faz-homenagem-apos-morte-de-assessora-cuidou-de-mim-como-filho,black,east-indian,latino,native,other,white,islander,asian" "Mozilla/5.0 AppleWebKit/537.36 (KHTML, like Gecko; compatible; GPTBot/1.3; +https://openai.com/gptbot)"
216.73.216.38 - - [04/Apr/2026:01:35:44 -0400] "GET /status/offline,online/ethnicity/native,asian,islander/languages/armenian HTTP/1.1" 200 18031 "-" "Mozilla/5.0 AppleWebKit/537.36 (KHTML, like Gecko; compatible; ClaudeBot/1.0; +claudebot@anthropic.com)"
216.73.216.38 - - [04/Apr/2026:01:35:44 -0400] "GET /status/offline/age/30-39,20-29,60-100/ethnicity/islander,black/languages/swedish HTTP/1.1" 200 18450 "-" "Mozilla/5.0 AppleWebKit/537.36 (KHTML, like Gecko; compatible; ClaudeBot/1.0; +claudebot@anthropic.com)"
216.73.216.38 - - [04/Apr/2026:01:35:44 -0400] "GET /gender/c,m/age/50-59/hair/black,white/languages/maltese HTTP/1.1" 200 17491 "-" "Mozilla/5.0 AppleWebKit/537.36 (KHTML, like Gecko; compatible; ClaudeBot/1.0; +claudebot@anthropic.com)"
216.73.216.38 - - [04/Apr/2026:01:35:44 -0400] "GET /status/online/age/40-49/hair/black/ethnicity/black,islander/languages/armenian HTTP/1.1" 200 18155 "-" "Mozilla/5.0 AppleWebKit/537.36 (KHTML, like Gecko; compatible; ClaudeBot/1.0; +claudebot@anthropic.com)"
216.73.216.38 - - [04/Apr/2026:01:35:44 -0400] "GET /gender/f/hair/black,grey,white/ethnicity/white,native/languages/hebrew HTTP/1.1" 200 18107 "-" "Mozilla/5.0 AppleWebKit/537.36 (KHTML, like Gecko; compatible; ClaudeBot/1.0; +claudebot@anthropic.com)"
216.73.216.38 - - [04/Apr/2026:01:35:44 -0400] "GET /age/18-19/hair/grey,auburn,red/ethnicity/native,white/languages/german HTTP/1.1" 200 18111 "-" "Mozilla/5.0 AppleWebKit/537.36 (KHTML, like Gecko; compatible; ClaudeBot/1.0; +claudebot@anthropic.com)"
216.73.216.38 - - [04/Apr/2026:01:35:44 -0400] "GET /age/18-19,20-29/hair/black,red,grey/languages/estonian HTTP/1.1" 200 17476 "-" "Mozilla/5.0 AppleWebKit/537.36 (KHTML, like Gecko; compatible; ClaudeBot/1.0; +claudebot@anthropic.com)"
17.241.227.176 - - [04/Apr/2026:01:35:44 -0400] "GET /age/40-49/hair/auburn,white/languages/icelandic HTTP/1.1" 200 16707 "-" "Mozilla/5.0 (Macintosh; Intel Mac OS X 10_15_7) AppleWebKit/605.1.15 (KHTML, like Gecko) Version/17.4 Safari/605.1.15 (Applebot/0.1; +http://www.apple.com/go/applebot)"
74.7.227.30 - - [04/Apr/2026:01:35:44 -0400] "GET /age/30-39,40-49/ethnicity/latino,asian,other,islander,white,black,native,east-indian HTTP/1.1" 200 19155 "https://nudcam.com/age/30-39/ethnicity/latino,asian,other,islander,white,black,native,east-indian" "Mozilla/5.0 AppleWebKit/537.36 (KHTML, like Gecko; compatible; GPTBot/1.3; +https://openai.com/gptbot)"
216.73.216.38 - - [04/Apr/2026:01:35:45 -0400] "GET /status/online/gender/c,f/ethnicity/islander,native,white,other/languages/scots HTTP/1.1" 200 18597 "-" "Mozilla/5.0 AppleWebKit/537.36 (KHTML, like Gecko; compatible; ClaudeBot/1.0; +claudebot@anthropic.com)"
216.73.216.38 - - [04/Apr/2026:01:35:45 -0400] "GET /status/online/gender/c/age/50-59,30-39/ethnicity/white/languages/albanian HTTP/1.1" 200 17982 "-" "Mozilla/5.0 AppleWebKit/537.36 (KHTML, like Gecko; compatible; ClaudeBot/1.0; +claudebot@anthropic.com)"
216.73.216.38 - - [04/Apr/2026:01:35:45 -0400] "GET /gender/m,c,f/age/50-59/ethnicity/other,white/languages/fiji HTTP/1.1" 200 17758 "-" "Mozilla/5.0 AppleWebKit/537.36 (KHTML, like Gecko; compatible; ClaudeBot/1.0; +claudebot@anthropic.com)"
216.73.216.38 - - [04/Apr/2026:01:35:45 -0400] "GET /status/online/age/60-100/ethnicity/islander,black,east-indian/languages/kashmiri HTTP/1.1" 200 18254 "-" "Mozilla/5.0 AppleWebKit/537.36 (KHTML, like Gecko; compatible; ClaudeBot/1.0; +claudebot@anthropic.com)"
216.73.216.38 - - [04/Apr/2026:01:35:45 -0400] "GET /gender/c/age/18-19/ethnicity/asian,native,white/languages/belarusian HTTP/1.1" 200 17865 "-" "Mozilla/5.0 AppleWebKit/537.36 (KHTML, like Gecko; compatible; ClaudeBot/1.0; +claudebot@anthropic.com)"
74.7.227.134 - - [04/Apr/2026:01:35:45 -0400] "GET /age/30-39,18-19/ethnicity/news-leonardo-faz-homenagem-apos-morte-de-assessora-cuidou-de-mim-como-filho,asian,east-indian,latino,islander,native,white,other HTTP/1.1" 200 22143 "https://www.nudcam.com/age/30-39,18-19/ethnicity/news-leonardo-faz-homenagem-apos-morte-de-assessora-cuidou-de-mim-como-filho,asian,east-indian,latino,islander,native,white" "Mozilla/5.0 AppleWebKit/537.36 (KHTML, like Gecko; compatible; GPTBot/1.3; +https://openai.com/gptbot)"
216.73.216.38 - - [04/Apr/2026:01:35:45 -0400] "GET /status/offline,online/gender/c/ethnicity/asian,white/languages/serbian HTTP/1.1" 200 17936 "-" "Mozilla/5.0 AppleWebKit/537.36 (KHTML, like Gecko; compatible; ClaudeBot/1.0; +claudebot@anthropic.com)"
216.73.216.38 - - [04/Apr/2026:01:35:45 -0400] "GET /status/online/age/20-29/ethnicity/native,other,latino,black/languages/belarusian HTTP/1.1" 200 18462 "-" "Mozilla/5.0 AppleWebKit/537.36 (KHTML, like Gecko; compatible; ClaudeBot/1.0; +claudebot@anthropic.com)"
216.73.216.38 - - [04/Apr/2026:01:35:45 -0400] "GET /status/online/gender/f,c/age/50-59/ethnicity/other,black/languages/romanian HTTP/1.1" 200 18277 "-" "Mozilla/5.0 AppleWebKit/537.36 (KHTML, like Gecko; compatible; ClaudeBot/1.0; +claudebot@anthropic.com)"
216.73.216.38 - - [04/Apr/2026:01:35:45 -0400] "GET /age/50-59/hair/white,red,grey/ethnicity/native,white/languages/turkish HTTP/1.1" 200 18113 "-" "Mozilla/5.0 AppleWebKit/537.36 (KHTML, like Gecko; compatible; ClaudeBot/1.0; +claudebot@anthropic.com)"
216.73.216.38 - - [04/Apr/2026:01:35:45 -0400] "GET /status/offline,online/age/50-59/ethnicity/white,other,islander/languages/korean HTTP/1.1" 200 18429 "-" "Mozilla/5.0 AppleWebKit/537.36 (KHTML, like Gecko; compatible; ClaudeBot/1.0; +claudebot@anthropic.com)"
216.73.216.38 - - [04/Apr/2026:01:35:45 -0400] "GET /status/offline/gender/c/age/18-19/ethnicity/white,islander,black/languages/icelandic HTTP/1.1" 200 18563 "-" "Mozilla/5.0 AppleWebKit/537.36 (KHTML, like Gecko; compatible; ClaudeBot/1.0; +claudebot@anthropic.com)"
216.73.216.38 - - [04/Apr/2026:01:35:46 -0400] "GET /gender/f/age/18-19,20-29/ethnicity/east-indian/languages/japanese HTTP/1.1" 200 17557 "-" "Mozilla/5.0 AppleWebKit/537.36 (KHTML, like Gecko; compatible; ClaudeBot/1.0; +claudebot@anthropic.com)"
216.73.216.38 - - [04/Apr/2026:01:35:46 -0400] "GET /age/60-100/ethnicity/native,other,white,black,latino/languages/finnish HTTP/1.1" 200 18146 "-" "Mozilla/5.0 AppleWebKit/537.36 (KHTML, like Gecko; compatible; ClaudeBot/1.0; +claudebot@anthropic.com)"
74.7.227.30 - - [04/Apr/2026:01:35:46 -0400] "GET /status/online/age/18-19/ethnicity/white,other,east-indian,latino,asian,native,islander HTTP/1.1" 200 19002 "https://nudcam.com/age/18-19/ethnicity/white,other,east-indian,latino,asian,native,islander" "Mozilla/5.0 AppleWebKit/537.36 (KHTML, like Gecko; compatible; GPTBot/1.3; +https://openai.com/gptbot)"
216.73.216.38 - - [04/Apr/2026:01:35:46 -0400] "GET /status/offline/gender/m,t/hair/white,grey,red/languages/french HTTP/1.1" 200 17899 "-" "Mozilla/5.0 AppleWebKit/537.36 (KHTML, like Gecko; compatible; ClaudeBot/1.0; +claudebot@anthropic.com)"
17.241.75.84 - - [04/Apr/2026:01:35:46 -0400] "GET /hair/auburn/ethnicity/white,black/languages/thai HTTP/1.1" 200 16680 "-" "Mozilla/5.0 (Macintosh; Intel Mac OS X 10_15_7) AppleWebKit/605.1.15 (KHTML, like Gecko) Version/17.4 Safari/605.1.15 (Applebot/0.1; +http://www.apple.com/go/applebot)"
216.73.216.38 - - [04/Apr/2026:01:35:46 -0400] "GET /status/offline/gender/f,t/age/20-29,40-49/ethnicity/native,other/languages/russian HTTP/1.1" 200 18712 "-" "Mozilla/5.0 AppleWebKit/537.36 (KHTML, like Gecko; compatible; ClaudeBot/1.0; +claudebot@anthropic.com)"
216.73.216.38 - - [04/Apr/2026:01:35:46 -0400] "GET /status/offline/gender/f/hair/grey,auburn,white,red/languages/belarusian HTTP/1.1" 200 18190 "-" "Mozilla/5.0 AppleWebKit/537.36 (KHTML, like Gecko; compatible; ClaudeBot/1.0; +claudebot@anthropic.com)"
74.7.227.134 - - [04/Apr/2026:01:35:46 -0400] "GET /age/18-19,50-59/ethnicity/news-leonardo-faz-homenagem-apos-morte-de-assessora-cuidou-de-mim-como-filho,other,white,asian,east-indian,islander,latino,native,black HTTP/1.1" 200 22650 "https://www.nudcam.com/age/18-19,30-39,50-59/ethnicity/news-leonardo-faz-homenagem-apos-morte-de-assessora-cuidou-de-mim-como-filho,other,white,asian,east-indian,islander,latino,native,black" "Mozilla/5.0 AppleWebKit/537.36 (KHTML, like Gecko; compatible; GPTBot/1.3; +https://openai.com/gptbot)"
216.73.216.38 - - [04/Apr/2026:01:35:46 -0400] "GET /hair/auburn,black,red,grey/ethnicity/white,native/languages/catalan HTTP/1.1" 200 18035 "-" "Mozilla/5.0 AppleWebKit/537.36 (KHTML, like Gecko; compatible; ClaudeBot/1.0; +claudebot@anthropic.com)"
216.73.216.38 - - [04/Apr/2026:01:35:46 -0400] "GET /gender/m,t/age/20-29,18-19/hair/grey/languages/hebrew HTTP/1.1" 200 17419 "-" "Mozilla/5.0 AppleWebKit/537.36 (KHTML, like Gecko; compatible; ClaudeBot/1.0; +claudebot@anthropic.com)"
216.73.216.38 - - [04/Apr/2026:01:35:46 -0400] "GET /status/offline/gender/f/hair/red/ethnicity/black,native,other/languages/arabic HTTP/1.1" 200 18349 "-" "Mozilla/5.0 AppleWebKit/537.36 (KHTML, like Gecko; compatible; ClaudeBot/1.0; +claudebot@anthropic.com)"
216.73.216.38 - - [04/Apr/2026:01:35:46 -0400] "GET /gender/f/ethnicity/native,other,latino,asian/languages/korean HTTP/1.1" 200 17658 "-" "Mozilla/5.0 AppleWebKit/537.36 (KHTML, like Gecko; compatible; ClaudeBot/1.0; +claudebot@anthropic.com)"
216.73.216.38 - - [04/Apr/2026:01:35:46 -0400] "GET /age/50-59,40-49/hair/white,auburn,black/languages/serbian HTTP/1.1" 200 17570 "-" "Mozilla/5.0 AppleWebKit/537.36 (KHTML, like Gecko; compatible; ClaudeBot/1.0; +claudebot@anthropic.com)"
216.73.216.38 - - [04/Apr/2026:01:35:46 -0400] "GET /status/online/hair/black,white/ethnicity/white,islander,native/languages/fiji HTTP/1.1" 200 18347 "-" "Mozilla/5.0 AppleWebKit/537.36 (KHTML, like Gecko; compatible; ClaudeBot/1.0; +claudebot@anthropic.com)"
216.73.216.38 - - [04/Apr/2026:01:35:47 -0400] "GET /status/offline/gender/c,f/hair/auburn,blonde/ethnicity/native/languages/scots HTTP/1.1" 200 18313 "-" "Mozilla/5.0 AppleWebKit/537.36 (KHTML, like Gecko; compatible; ClaudeBot/1.0; +claudebot@anthropic.com)"
216.73.216.38 - - [04/Apr/2026:01:35:47 -0400] "GET /gender/c/age/30-39,40-49/ethnicity/latino,white,native/languages/danish HTTP/1.1" 200 18149 "-" "Mozilla/5.0 AppleWebKit/537.36 (KHTML, like Gecko; compatible; ClaudeBot/1.0; +claudebot@anthropic.com)"
74.7.227.30 - - [04/Apr/2026:01:35:47 -0400] "GET /age/50-59,30-39/ethnicity/islander,latino,white,east-indian,black,native,other,asian HTTP/1.1" 200 19155 "https://nudcam.com/age/50-59/ethnicity/islander,latino,white,east-indian,black,native,other,asian" "Mozilla/5.0 AppleWebKit/537.36 (KHTML, like Gecko; compatible; GPTBot/1.3; +https://openai.com/gptbot)"
216.73.216.38 - - [04/Apr/2026:01:35:47 -0400] "GET /status/online/gender/t/age/30-39,40-49/ethnicity/other,white/languages/hebrew HTTP/1.1" 200 18326 "-" "Mozilla/5.0 AppleWebKit/537.36 (KHTML, like Gecko; compatible; ClaudeBot/1.0; +claudebot@anthropic.com)"
216.73.216.38 - - [04/Apr/2026:01:35:47 -0400] "GET /gender/c,f,m/age/40-49/ethnicity/native,other,islander/languages/russian HTTP/1.1" 200 18389 "-" "Mozilla/5.0 AppleWebKit/537.36 (KHTML, like Gecko; compatible; ClaudeBot/1.0; +claudebot@anthropic.com)"
144.76.32.236 - - [04/Apr/2026:01:35:47 -0400] "GET /gender/f,m,c,t/age/20-29/hair/black,blonde HTTP/1.1" 200 17130 "-" "Mozilla/5.0 (compatible; SERankingBacklinksBot/1.0; +https://seranking.com/backlinks-crawler)"
52.167.144.136 - - [04/Apr/2026:01:35:47 -0400] "GET /gender/age,f/hair/white,blonde,black,grey HTTP/1.1" 200 17148 "-" "Mozilla/5.0 AppleWebKit/537.36 (KHTML, like Gecko; compatible; bingbot/2.0; +http://www.bing.com/bingbot.htm) Chrome/116.0.1938.76 Safari/537.36"
216.73.216.38 - - [04/Apr/2026:01:35:47 -0400] "GET /status/offline/age/60-100/hair/grey,black,brown/ethnicity/other/languages/thai HTTP/1.1" 200 18331 "-" "Mozilla/5.0 AppleWebKit/537.36 (KHTML, like Gecko; compatible; ClaudeBot/1.0; +claudebot@anthropic.com)"
216.73.216.38 - - [04/Apr/2026:01:35:47 -0400] "GET /status/offline/hair/grey,red,auburn/ethnicity/other,native/languages/korean HTTP/1.1" 200 18281 "-" "Mozilla/5.0 AppleWebKit/537.36 (KHTML, like Gecko; compatible; ClaudeBot/1.0; +claudebot@anthropic.com)"
216.73.216.38 - - [04/Apr/2026:01:35:47 -0400] "GET /status/offline/hair/auburn/ethnicity/islander,native,other,white/languages/fiji HTTP/1.1" 200 18407 "-" "Mozilla/5.0 AppleWebKit/537.36 (KHTML, like Gecko; compatible; ClaudeBot/1.0; +claudebot@anthropic.com)"
74.7.227.134 - - [04/Apr/2026:01:35:47 -0400] "GET /age/30-39,20-29,40-49,60-100/ethnicity/news-leonardo-faz-homenagem-apos-morte-de-assessora-cuidou-de-mim-como-filho,black,east-indian,latino,native,islander,other,asian,white HTTP/1.1" 200 23726 "https://www.nudcam.com/age/30-39,20-29,40-49/ethnicity/news-leonardo-faz-homenagem-apos-morte-de-assessora-cuidou-de-mim-como-filho,black,east-indian,latino,native,islander,other,asian,white" "Mozilla/5.0 AppleWebKit/537.36 (KHTML, like Gecko; compatible; GPTBot/1.3; +https://openai.com/gptbot)"
216.73.216.38 - - [04/Apr/2026:01:35:47 -0400] "GET /gender/c,t,f/hair/black,brown/languages/kashmiri HTTP/1.1" 200 17294 "-" "Mozilla/5.0 AppleWebKit/537.36 (KHTML, like Gecko; compatible; ClaudeBot/1.0; +claudebot@anthropic.com)"
216.73.216.38 - - [04/Apr/2026:01:35:47 -0400] "GET /hair/grey,auburn/ethnicity/white,black,native,islander/languages/german HTTP/1.1" 200 18173 "-" "Mozilla/5.0 AppleWebKit/537.36 (KHTML, like Gecko; compatible; ClaudeBot/1.0; +claudebot@anthropic.com)"
17.241.219.131 - - [04/Apr/2026:01:35:47 -0400] "GET /gender/t,m/ethnicity/other,asian,islander,black/languages/irish HTTP/1.1" 200 17917 "-" "Mozilla/5.0 (Macintosh; Intel Mac OS X 10_15_7) AppleWebKit/605.1.15 (KHTML, like Gecko) Version/17.4 Safari/605.1.15 (Applebot/0.1; +http://www.apple.com/go/applebot)"
216.73.216.38 - - [04/Apr/2026:01:35:47 -0400] "GET /gender/m/age/30-39/ethnicity/asian,native,islander/languages/irish HTTP/1.1" 200 17789 "-" "Mozilla/5.0 AppleWebKit/537.36 (KHTML, like Gecko; compatible; ClaudeBot/1.0; +claudebot@anthropic.com)"
216.73.216.38 - - [04/Apr/2026:01:35:47 -0400] "GET /gender/f/age/50-59,20-29/ethnicity/islander,native,white/languages/czech HTTP/1.1" 200 18180 "-" "Mozilla/5.0 AppleWebKit/537.36 (KHTML, like Gecko; compatible; ClaudeBot/1.0; +claudebot@anthropic.com)"
216.73.216.38 - - [04/Apr/2026:01:35:48 -0400] "GET /gender/m,t/age/18-19,60-100/ethnicity/native/languages/portuguese HTTP/1.1" 200 17760 "-" "Mozilla/5.0 AppleWebKit/537.36 (KHTML, like Gecko; compatible; ClaudeBot/1.0; +claudebot@anthropic.com)"
216.73.216.38 - - [04/Apr/2026:01:35:48 -0400] "GET /gender/m,c/age/30-39,60-100/ethnicity/other,native/languages/belarusian HTTP/1.1" 200 18168 "-" "Mozilla/5.0 AppleWebKit/537.36 (KHTML, like Gecko; compatible; ClaudeBot/1.0; +claudebot@anthropic.com)"
54.147.80.137 - - [04/Apr/2026:01:35:48 -0400] "GET /status/offline,online/gender/m/age/50-59,60-100/hair/red,grey,white/ethnicity/islander,east-indian/languages/hindi HTTP/1.1" 200 20471 "-" "Mozilla/5.0 AppleWebKit/537.36 (KHTML, like Gecko; compatible; Amazonbot/0.1; +https://developer.amazon.com/support/amazonbot) Chrome/119.0.6045.214 Safari/537.36"
216.73.216.38 - - [04/Apr/2026:01:35:48 -0400] "GET /status/offline/hair/white,auburn/ethnicity/islander,black,white/languages/romanian HTTP/1.1" 200 18520 "-" "Mozilla/5.0 AppleWebKit/537.36 (KHTML, like Gecko; compatible; ClaudeBot/1.0; +claudebot@anthropic.com)"
216.73.216.38 - - [04/Apr/2026:01:35:48 -0400] "GET /gender/m,f,c/age/30-39/hair/grey/ethnicity/native/languages/turkish HTTP/1.1" 200 17973 "-" "Mozilla/5.0 AppleWebKit/537.36 (KHTML, like Gecko; compatible; ClaudeBot/1.0; +claudebot@anthropic.com)"
74.7.227.30 - - [04/Apr/2026:01:35:48 -0400] "GET /age/18-19,50-59/ethnicity/white,other,east-indian,latino,asian,native,islander HTTP/1.1" 200 18735 "https://nudcam.com/age/18-19/ethnicity/white,other,east-indian,latino,asian,native,islander" "Mozilla/5.0 AppleWebKit/537.36 (KHTML, like Gecko; compatible; GPTBot/1.3; +https://openai.com/gptbot)"
216.73.216.38 - - [04/Apr/2026:01:35:48 -0400] "GET /age/60-100,40-49/hair/white,brown/ethnicity/native,islander/languages/scots HTTP/1.1" 200 18279 "-" "Mozilla/5.0 AppleWebKit/537.36 (KHTML, like Gecko; compatible; ClaudeBot/1.0; +claudebot@anthropic.com)"
216.73.216.38 - - [04/Apr/2026:01:35:48 -0400] "GET /status/online/age/40-49,60-100,30-39,20-29/ethnicity/white/languages/spanish HTTP/1.1" 200 18291 "-" "Mozilla/5.0 AppleWebKit/537.36 (KHTML, like Gecko; compatible; ClaudeBot/1.0; +claudebot@anthropic.com)"
74.7.227.134 - - [04/Apr/2026:01:35:48 -0400] "GET /age/50-59,30-39/ethnicity/news-leonardo-faz-homenagem-apos-morte-de-assessora-cuidou-de-mim-como-filho,native,white,east-indian,other,latino,islander,asian,black HTTP/1.1" 200 22650 "https://www.nudcam.com/age/50-59,30-39/ethnicity/news-leonardo-faz-homenagem-apos-morte-de-assessora-cuidou-de-mim-como-filho,native,white,east-indian,other,latino,islander,asian" "Mozilla/5.0 AppleWebKit/537.36 (KHTML, like Gecko; compatible; GPTBot/1.3; +https://openai.com/gptbot)"
216.73.216.38 - - [04/Apr/2026:01:35:48 -0400] "GET /age/20-29/ethnicity/black,east-indian,other/languages/fiji HTTP/1.1" 200 17380 "-" "Mozilla/5.0 AppleWebKit/537.36 (KHTML, like Gecko; compatible; ClaudeBot/1.0; +claudebot@anthropic.com)"
216.73.216.38 - - [04/Apr/2026:01:35:48 -0400] "GET /gender/t,f/hair/red,brown/ethnicity/other/languages/romanian HTTP/1.1" 200 17593 "-" "Mozilla/5.0 AppleWebKit/537.36 (KHTML, like Gecko; compatible; ClaudeBot/1.0; +claudebot@anthropic.com)"
216.73.216.38 - - [04/Apr/2026:01:35:48 -0400] "GET /status/online/gender/m/hair/red/ethnicity/east-indian/languages/swedish HTTP/1.1" 200 17708 "-" "Mozilla/5.0 AppleWebKit/537.36 (KHTML, like Gecko; compatible; ClaudeBot/1.0; +claudebot@anthropic.com)"
216.73.216.38 - - [04/Apr/2026:01:35:48 -0400] "GET /status/online,offline/gender/m/age/50-59/ethnicity/islander,native/languages/irish HTTP/1.1" 200 18495 "-" "Mozilla/5.0 AppleWebKit/537.36 (KHTML, like Gecko; compatible; ClaudeBot/1.0; +claudebot@anthropic.com)"
216.73.216.38 - - [04/Apr/2026:01:35:48 -0400] "GET /gender/c,f/age/40-49/ethnicity/latino,native,black/languages/vietnamese HTTP/1.1" 200 18169 "-" "Mozilla/5.0 AppleWebKit/537.36 (KHTML, like Gecko; compatible; ClaudeBot/1.0; +claudebot@anthropic.com)"
17.241.219.235 - - [04/Apr/2026:01:35:48 -0400] "GET /gender/c,m/ethnicity/native,black/languages/arabic HTTP/1.1" 200 16931 "-" "Mozilla/5.0 (Macintosh; Intel Mac OS X 10_15_7) AppleWebKit/605.1.15 (KHTML, like Gecko) Version/17.4 Safari/605.1.15 (Applebot/0.1; +http://www.apple.com/go/applebot)"
216.73.216.38 - - [04/Apr/2026:01:35:49 -0400] "GET /hair/white,blonde,black/ethnicity/native,other/languages/kashmiri HTTP/1.1" 200 17786 "-" "Mozilla/5.0 AppleWebKit/537.36 (KHTML, like Gecko; compatible; ClaudeBot/1.0; +claudebot@anthropic.com)"
216.73.216.38 - - [04/Apr/2026:01:35:49 -0400] "GET /age/30-39,50-59/ethnicity/black,islander,white,other/languages/german HTTP/1.1" 200 18112 "-" "Mozilla/5.0 AppleWebKit/537.36 (KHTML, like Gecko; compatible; ClaudeBot/1.0; +claudebot@anthropic.com)"
216.73.216.38 - - [04/Apr/2026:01:35:49 -0400] "GET /gender/c/hair/red,blonde/ethnicity/native,black/languages/finnish HTTP/1.1" 200 17759 "-" "Mozilla/5.0 AppleWebKit/537.36 (KHTML, like Gecko; compatible; ClaudeBot/1.0; +claudebot@anthropic.com)"
66.249.66.43 - - [04/Apr/2026:01:35:49 -0400] "GET /ethnicity/latino,east-indian,other,white,black,asian,islander HTTP/1.1" 200 17785 "-" "Mozilla/5.0 (Linux; Android 6.0.1; Nexus 5X Build/MMB29P) AppleWebKit/537.36 (KHTML, like Gecko) Chrome/146.0.7680.177 Mobile Safari/537.36 (compatible; Googlebot/2.1; +http://www.google.com/bot.html)"
216.73.216.38 - - [04/Apr/2026:01:35:49 -0400] "GET /age/60-100,40-49/hair/white/ethnicity/latino,other/languages/romanian HTTP/1.1" 200 17888 "-" "Mozilla/5.0 AppleWebKit/537.36 (KHTML, like Gecko; compatible; ClaudeBot/1.0; +claudebot@anthropic.com)"
216.73.216.38 - - [04/Apr/2026:01:35:49 -0400] "GET /hair/brown,red/ethnicity/black,east-indian/languages/kashmiri HTTP/1.1" 200 17477 "-" "Mozilla/5.0 AppleWebKit/537.36 (KHTML, like Gecko; compatible; ClaudeBot/1.0; +claudebot@anthropic.com)"
74.7.227.30 - - [04/Apr/2026:01:35:49 -0400] "GET /age/18-19,30-39/ethnicity/white,other,east-indian,latino,asian,native,islander HTTP/1.1" 200 18735 "https://nudcam.com/age/18-19/ethnicity/white,other,east-indian,latino,asian,native,islander" "Mozilla/5.0 AppleWebKit/537.36 (KHTML, like Gecko; compatible; GPTBot/1.3; +https://openai.com/gptbot)"
216.73.216.38 - - [04/Apr/2026:01:35:49 -0400] "GET /gender/f/hair/grey,white,black,brown/languages/greek HTTP/1.1" 200 17397 "-" "Mozilla/5.0 AppleWebKit/537.36 (KHTML, like Gecko; compatible; ClaudeBot/1.0; +claudebot@anthropic.com)"
216.73.216.38 - - [04/Apr/2026:01:35:49 -0400] "GET /gender/t,f,c/age/60-100,18-19,40-49/languages/faeroese HTTP/1.1" 200 17662 "-" "Mozilla/5.0 AppleWebKit/537.36 (KHTML, like Gecko; compatible; ClaudeBot/1.0; +claudebot@anthropic.com)"
74.7.227.134 - - [04/Apr/2026:01:35:49 -0400] "GET /age/40-49,30-39/ethnicity/news-leonardo-faz-homenagem-apos-morte-de-assessora-cuidou-de-mim-como-filho,black,white,other,latino,east-indian,islander,native HTTP/1.1" 200 22143 "https://www.nudcam.com/age/40-49,30-39/ethnicity/news-leonardo-faz-homenagem-apos-morte-de-assessora-cuidou-de-mim-como-filho,black,white,other,latino,east-indian,islander" "Mozilla/5.0 AppleWebKit/537.36 (KHTML, like Gecko; compatible; GPTBot/1.3; +https://openai.com/gptbot)"
216.73.216.38 - - [04/Apr/2026:01:35:49 -0400] "GET /age/18-19,50-59/hair/blonde,brown/languages/slovak HTTP/1.1" 200 17174 "-" "Mozilla/5.0 AppleWebKit/537.36 (KHTML, like Gecko; compatible; ClaudeBot/1.0; +claudebot@anthropic.com)"
216.73.216.38 - - [04/Apr/2026:01:35:49 -0400] "GET /status/offline/age/20-29,30-39,50-59,60-100/ethnicity/other/languages/thai HTTP/1.1" 200 18219 "-" "Mozilla/5.0 AppleWebKit/537.36 (KHTML, like Gecko; compatible; ClaudeBot/1.0; +claudebot@anthropic.com)"
216.73.216.38 - - [04/Apr/2026:01:35:49 -0400] "GET /status/offline/age/20-29,50-59,30-39/ethnicity/native,latino/languages/faeroese HTTP/1.1" 200 18419 "-" "Mozilla/5.0 AppleWebKit/537.36 (KHTML, like Gecko; compatible; ClaudeBot/1.0; +claudebot@anthropic.com)"
216.73.216.38 - - [04/Apr/2026:01:35:49 -0400] "GET /status/online,offline/hair/red/ethnicity/native,white,other/languages/romanian HTTP/1.1" 200 18390 "-" "Mozilla/5.0 AppleWebKit/537.36 (KHTML, like Gecko; compatible; ClaudeBot/1.0; +claudebot@anthropic.com)"
216.73.216.38 - - [04/Apr/2026:01:35:50 -0400] "GET /status/online/gender/t,f/age/60-100,30-39/ethnicity/white/languages/faeroese HTTP/1.1" 200 18290 "-" "Mozilla/5.0 AppleWebKit/537.36 (KHTML, like Gecko; compatible; ClaudeBot/1.0; +claudebot@anthropic.com)"
216.73.216.38 - - [04/Apr/2026:01:35:50 -0400] "GET /gender/c/age/50-59/hair/red,white/ethnicity/islander/languages/hebrew HTTP/1.1" 200 17840 "-" "Mozilla/5.0 AppleWebKit/537.36 (KHTML, like Gecko; compatible; ClaudeBot/1.0; +claudebot@anthropic.com)"
216.73.216.38 - - [04/Apr/2026:01:35:50 -0400] "GET /status/online/age/20-29,30-39/hair/blonde/ethnicity/islander/languages/hebrew HTTP/1.1" 200 18100 "-" "Mozilla/5.0 AppleWebKit/537.36 (KHTML, like Gecko; compatible; ClaudeBot/1.0; +claudebot@anthropic.com)"
216.73.216.38 - - [04/Apr/2026:01:35:50 -0400] "GET /status/online/age/50-59/hair/red,grey,brown,white/languages/danish HTTP/1.1" 200 18021 "-" "Mozilla/5.0 AppleWebKit/537.36 (KHTML, like Gecko; compatible; ClaudeBot/1.0; +claudebot@anthropic.com)"
17.241.219.248 - - [04/Apr/2026:01:35:50 -0400] "GET /status/offline/age/50-59/ethnicity/latino,asian/languages/hindi HTTP/1.1" 200 17305 "-" "Mozilla/5.0 (Macintosh; Intel Mac OS X 10_15_7) AppleWebKit/605.1.15 (KHTML, like Gecko) Version/17.4 Safari/605.1.15 (Applebot/0.1; +http://www.apple.com/go/applebot)"
216.73.216.38 - - [04/Apr/2026:01:35:50 -0400] "GET /gender/m/hair/grey/ethnicity/other,white,islander/languages/hindi HTTP/1.1" 200 17747 "-" "Mozilla/5.0 AppleWebKit/537.36 (KHTML, like Gecko; compatible; ClaudeBot/1.0; +claudebot@anthropic.com)"
216.73.216.38 - - [04/Apr/2026:01:35:50 -0400] "GET /status/offline/age/40-49/hair/grey/ethnicity/latino,black,native/languages/czech HTTP/1.1" 200 18417 "-" "Mozilla/5.0 AppleWebKit/537.36 (KHTML, like Gecko; compatible; ClaudeBot/1.0; +claudebot@anthropic.com)"
74.7.227.30 - - [04/Apr/2026:01:35:50 -0400] "GET /age/18-19,20-29/ethnicity/white,other,east-indian,latino,asian,native,islander HTTP/1.1" 200 18735 "https://nudcam.com/age/18-19/ethnicity/white,other,east-indian,latino,asian,native,islander" "Mozilla/5.0 AppleWebKit/537.36 (KHTML, like Gecko; compatible; GPTBot/1.3; +https://openai.com/gptbot)"
216.73.216.38 - - [04/Apr/2026:01:35:50 -0400] "GET /status/offline/age/60-100/hair/brown,black,red,white/languages/persian HTTP/1.1" 200 18155 "-" "Mozilla/5.0 AppleWebKit/537.36 (KHTML, like Gecko; compatible; ClaudeBot/1.0; +claudebot@anthropic.com)"
74.7.227.134 - - [04/Apr/2026:01:35:50 -0400] "GET /age/40-49,20-29/ethnicity/news-leonardo-faz-homenagem-apos-morte-de-assessora-cuidou-de-mim-como-filho,asian,islander,other,latino,white,black,east-indian,native HTTP/1.1" 200 22650 "https://www.nudcam.com/age/40-49,30-39,20-29/ethnicity/news-leonardo-faz-homenagem-apos-morte-de-assessora-cuidou-de-mim-como-filho,asian,islander,other,latino,white,black,east-indian,native" "Mozilla/5.0 AppleWebKit/537.36 (KHTML, like Gecko; compatible; GPTBot/1.3; +https://openai.com/gptbot)"
216.73.216.38 - - [04/Apr/2026:01:35:50 -0400] "GET /status/online,offline/age/20-29/hair/grey,brown/languages/azerbaijani HTTP/1.1" 200 17953 "-" "Mozilla/5.0 AppleWebKit/537.36 (KHTML, like Gecko; compatible; ClaudeBot/1.0; +claudebot@anthropic.com)"
216.73.216.38 - - [04/Apr/2026:01:35:50 -0400] "GET /hair/auburn,grey,black,white/ethnicity/white/languages/azerbaijani HTTP/1.1" 200 17800 "-" "Mozilla/5.0 AppleWebKit/537.36 (KHTML, like Gecko; compatible; ClaudeBot/1.0; +claudebot@anthropic.com)"
216.73.216.38 - - [04/Apr/2026:01:35:50 -0400] "GET /status/offline/gender/f/age/60-100/hair/black,white/ethnicity/white/languages/spanish HTTP/1.1" 200 18543 "-" "Mozilla/5.0 AppleWebKit/537.36 (KHTML, like Gecko; compatible; ClaudeBot/1.0; +claudebot@anthropic.com)"
216.73.216.38 - - [04/Apr/2026:01:35:50 -0400] "GET /age/60-100/ethnicity/other,latino,white,native,black/languages/malay HTTP/1.1" 200 18076 "-" "Mozilla/5.0 AppleWebKit/537.36 (KHTML, like Gecko; compatible; ClaudeBot/1.0; +claudebot@anthropic.com)"
216.73.216.38 - - [04/Apr/2026:01:35:51 -0400] "GET /status/offline/age/40-49,18-19/ethnicity/white,black,islander,native/languages/belarusian HTTP/1.1" 200 18973 "-" "Mozilla/5.0 AppleWebKit/537.36 (KHTML, like Gecko; compatible; ClaudeBot/1.0; +claudebot@anthropic.com)"
216.73.216.38 - - [04/Apr/2026:01:35:51 -0400] "GET /status/online/gender/c,m,f/age/40-49,30-39/ethnicity/native/languages/catalan HTTP/1.1" 200 18520 "-" "Mozilla/5.0 AppleWebKit/537.36 (KHTML, like Gecko; compatible; ClaudeBot/1.0; +claudebot@anthropic.com)"
216.73.216.38 - - [04/Apr/2026:01:35:51 -0400] "GET /gender/m,f,c,t/age/30-39/ethnicity/white/languages/slovak HTTP/1.1" 200 17674 "-" "Mozilla/5.0 AppleWebKit/537.36 (KHTML, like Gecko; compatible; ClaudeBot/1.0; +claudebot@anthropic.com)"
216.73.216.38 - - [04/Apr/2026:01:35:51 -0400] "GET /gender/c/hair/brown,grey,black/ethnicity/native/languages/hungarian HTTP/1.1" 200 17803 "-" "Mozilla/5.0 AppleWebKit/537.36 (KHTML, like Gecko; compatible; ClaudeBot/1.0; +claudebot@anthropic.com)"
216.73.216.38 - - [04/Apr/2026:01:35:51 -0400] "GET /status/offline/gender/f/age/18-19,40-49,30-39/ethnicity/other/languages/czech HTTP/1.1" 200 18298 "-" "Mozilla/5.0 AppleWebKit/537.36 (KHTML, like Gecko; compatible; ClaudeBot/1.0; +claudebot@anthropic.com)"
216.73.216.38 - - [04/Apr/2026:01:35:51 -0400] "GET /age/18-19,60-100,40-49/ethnicity/islander,white,native/languages/georgian HTTP/1.1" 200 18241 "-" "Mozilla/5.0 AppleWebKit/537.36 (KHTML, like Gecko; compatible; ClaudeBot/1.0; +claudebot@anthropic.com)"
74.7.227.30 - - [04/Apr/2026:01:35:51 -0400] "GET /age/30-39,40-49/ethnicity/latino,other,islander,white,native,east-indian,asian HTTP/1.1" 200 18735 "https://nudcam.com/age/30-39,40-49/ethnicity/latino,other,islander,white,native,black,east-indian,asian" "Mozilla/5.0 AppleWebKit/537.36 (KHTML, like Gecko; compatible; GPTBot/1.3; +https://openai.com/gptbot)"
216.73.216.38 - - [04/Apr/2026:01:35:51 -0400] "GET /status/offline/gender/m,f,c/age/60-100,20-29/ethnicity/native/languages/afrikaans HTTP/1.1" 200 18660 "-" "Mozilla/5.0 AppleWebKit/537.36 (KHTML, like Gecko; compatible; ClaudeBot/1.0; +claudebot@anthropic.com)"
216.73.216.38 - - [04/Apr/2026:01:35:51 -0400] "GET /gender/f,m/age/60-100/hair/brown,white/languages/cambodian HTTP/1.1" 200 17591 "-" "Mozilla/5.0 AppleWebKit/537.36 (KHTML, like Gecko; compatible; ClaudeBot/1.0; +claudebot@anthropic.com)"
17.241.227.151 - - [04/Apr/2026:01:35:51 -0400] "GET /age/20-29,50-59/hair/red/ethnicity/black/sites/1 HTTP/1.1" 200 16790 "-" "Mozilla/5.0 (Macintosh; Intel Mac OS X 10_15_7) AppleWebKit/605.1.15 (KHTML, like Gecko) Version/17.4 Safari/605.1.15 (Applebot/0.1; +http://www.apple.com/go/applebot)"
216.73.216.38 - - [04/Apr/2026:01:35:51 -0400] "GET /gender/m,t,f/hair/brown,auburn/languages/belarusian HTTP/1.1" 200 17392 "-" "Mozilla/5.0 AppleWebKit/537.36 (KHTML, like Gecko; compatible; ClaudeBot/1.0; +claudebot@anthropic.com)"
74.7.227.134 - - [04/Apr/2026:01:35:51 -0400] "GET /age/50-59,30-39/ethnicity/news-leonardo-faz-homenagem-apos-morte-de-assessora-cuidou-de-mim-como-filho,other,black,native,east-indian,asian,white,islander,latino HTTP/1.1" 200 22650 "https://www.nudcam.com/age/50-59,30-39/ethnicity/news-leonardo-faz-homenagem-apos-morte-de-assessora-cuidou-de-mim-como-filho,other,black,native,east-indian,asian,white,islander" "Mozilla/5.0 AppleWebKit/537.36 (KHTML, like Gecko; compatible; GPTBot/1.3; +https://openai.com/gptbot)"
216.73.216.38 - - [04/Apr/2026:01:35:51 -0400] "GET /status/offline/age/40-49,18-19/ethnicity/white,islander,black,native/languages/belarusian HTTP/1.1" 200 18973 "-" "Mozilla/5.0 AppleWebKit/537.36 (KHTML, like Gecko; compatible; ClaudeBot/1.0; +claudebot@anthropic.com)"
216.73.216.38 - - [04/Apr/2026:01:35:51 -0400] "GET /status/offline/hair/grey,white,blonde/ethnicity/native,islander/languages/korean HTTP/1.1" 200 18446 "-" "Mozilla/5.0 AppleWebKit/537.36 (KHTML, like Gecko; compatible; ClaudeBot/1.0; +claudebot@anthropic.com)"
216.73.216.38 - - [04/Apr/2026:01:35:52 -0400] "GET /age/40-49/hair/red,grey,black,white,brown/languages/irish HTTP/1.1" 200 17738 "-" "Mozilla/5.0 AppleWebKit/537.36 (KHTML, like Gecko; compatible; ClaudeBot/1.0; +claudebot@anthropic.com)"
23.21.175.228 - - [04/Apr/2026:01:35:52 -0400] "GET /status/offline,online/gender/t,f/age/18-19/hair/red,black/languages/slovak HTTP/1.1" 200 18258 "-" "Mozilla/5.0 AppleWebKit/537.36 (KHTML, like Gecko; compatible; Amazonbot/0.1; +https://developer.amazon.com/support/amazonbot) Chrome/119.0.6045.214 Safari/537.36"
216.73.216.38 - - [04/Apr/2026:01:35:52 -0400] "GET /status/offline/age/60-100/hair/white,red,brown/ethnicity/white/languages/persian HTTP/1.1" 200 18403 "-" "Mozilla/5.0 AppleWebKit/537.36 (KHTML, like Gecko; compatible; ClaudeBot/1.0; +claudebot@anthropic.com)"
216.73.216.38 - - [04/Apr/2026:01:35:52 -0400] "GET /age/40-49,20-29/ethnicity/white,latino,black,native/languages/german HTTP/1.1" 200 18079 "-" "Mozilla/5.0 AppleWebKit/537.36 (KHTML, like Gecko; compatible; ClaudeBot/1.0; +claudebot@anthropic.com)"
17.22.237.30 - - [04/Apr/2026:01:35:52 -0400] "GET /ethnicity/islander,native,asian,white,other,east-indian HTTP/1.1" 200 17626 "-" "Mozilla/5.0 (Macintosh; Intel Mac OS X 10_15_7) AppleWebKit/605.1.15 (KHTML, like Gecko) Version/17.4 Safari/605.1.15 (Applebot/0.1; +http://www.apple.com/go/applebot)"
216.73.216.38 - - [04/Apr/2026:01:35:52 -0400] "GET /age/20-29,50-59/ethnicity/islander,black,asian/languages/icelandic HTTP/1.1" 200 17829 "-" "Mozilla/5.0 AppleWebKit/537.36 (KHTML, like Gecko; compatible; ClaudeBot/1.0; +claudebot@anthropic.com)"
216.73.216.38 - - [04/Apr/2026:01:35:52 -0400] "GET /gender/f/hair/grey/ethnicity/white,native,latino/languages/polish HTTP/1.1" 200 17751 "-" "Mozilla/5.0 AppleWebKit/537.36 (KHTML, like Gecko; compatible; ClaudeBot/1.0; +claudebot@anthropic.com)"
216.73.216.38 - - [04/Apr/2026:01:35:52 -0400] "GET /status/offline/age/60-100/hair/brown/ethnicity/native,black,other/languages/arabic HTTP/1.1" 200 18485 "-" "Mozilla/5.0 AppleWebKit/537.36 (KHTML, like Gecko; compatible; ClaudeBot/1.0; +claudebot@anthropic.com)"
216.73.216.38 - - [04/Apr/2026:01:35:52 -0400] "GET /status/offline/gender/f/age/20-29/hair/grey/ethnicity/native,black/languages/norwegian HTTP/1.1" 200 18594 "-" "Mozilla/5.0 AppleWebKit/537.36 (KHTML, like Gecko; compatible; ClaudeBot/1.0; +claudebot@anthropic.com)"
74.7.227.30 - - [04/Apr/2026:01:35:52 -0400] "GET /age/30-39,50-59/ethnicity/latino,other,islander,white,native,east-indian,asian HTTP/1.1" 200 18735 "https://nudcam.com/age/30-39,50-59/ethnicity/latino,other,islander,white,native,black,east-indian,asian" "Mozilla/5.0 AppleWebKit/537.36 (KHTML, like Gecko; compatible; GPTBot/1.3; +https://openai.com/gptbot)"
216.73.216.38 - - [04/Apr/2026:01:35:52 -0400] "GET /age/20-29/hair/white,grey,red,auburn/ethnicity/white/languages/danish HTTP/1.1" 200 18054 "-" "Mozilla/5.0 AppleWebKit/537.36 (KHTML, like Gecko; compatible; ClaudeBot/1.0; +claudebot@anthropic.com)"
144.76.32.236 - - [04/Apr/2026:01:35:52 -0400] "GET /gender/c,m,t/hair/red,grey/languages/greek HTTP/1.1" 200 16878 "-" "Mozilla/5.0 (compatible; SERankingBacklinksBot/1.0; +https://seranking.com/backlinks-crawler)"
74.7.227.134 - - [04/Apr/2026:01:35:52 -0400] "GET /age/40-49,18-19,50-59/ethnicity/news-leonardo-faz-homenagem-apos-morte-de-assessora-cuidou-de-mim-como-filho,black,east-indian,latino,native,other,white,islander,asian HTTP/1.1" 200 23162 "https://www.nudcam.com/age/40-49,18-19/ethnicity/news-leonardo-faz-homenagem-apos-morte-de-assessora-cuidou-de-mim-como-filho,black,east-indian,latino,native,other,white,islander,asian" "Mozilla/5.0 AppleWebKit/537.36 (KHTML, like Gecko; compatible; GPTBot/1.3; +https://openai.com/gptbot)"
216.73.216.38 - - [04/Apr/2026:01:35:52 -0400] "GET /hair/blonde/ethnicity/native,other,islander,white/languages/chinese HTTP/1.1" 200 17846 "-" "Mozilla/5.0 AppleWebKit/537.36 (KHTML, like Gecko; compatible; ClaudeBot/1.0; +claudebot@anthropic.com)"
216.73.216.38 - - [04/Apr/2026:01:35:52 -0400] "GET /status/online/gender/c,f/age/60-100,30-39/ethnicity/native,white/languages/catalan HTTP/1.1" 200 18713 "-" "Mozilla/5.0 AppleWebKit/537.36 (KHTML, like Gecko; compatible; ClaudeBot/1.0; +claudebot@anthropic.com)"
216.73.216.38 - - [04/Apr/2026:01:35:52 -0400] "GET /gender/m/age/18-19/ethnicity/black,other,islander,native/languages/irish HTTP/1.1" 200 18177 "-" "Mozilla/5.0 AppleWebKit/537.36 (KHTML, like Gecko; compatible; ClaudeBot/1.0; +claudebot@anthropic.com)"
17.241.75.253 - - [04/Apr/2026:01:35:52 -0400] "GET /age/20-29/hair/red/ethnicity/white,black/languages/dutch HTTP/1.1" 200 17073 "-" "Mozilla/5.0 (Macintosh; Intel Mac OS X 10_15_7) AppleWebKit/605.1.15 (KHTML, like Gecko) Version/17.4 Safari/605.1.15 (Applebot/0.1; +http://www.apple.com/go/applebot)"
216.73.216.38 - - [04/Apr/2026:01:35:53 -0400] "GET /age/50-59,60-100,30-39,18-19,20-29/languages/faeroese HTTP/1.1" 200 17456 "-" "Mozilla/5.0 AppleWebKit/537.36 (KHTML, like Gecko; compatible; ClaudeBot/1.0; +claudebot@anthropic.com)"
66.249.66.43 - - [04/Apr/2026:01:35:53 -0400] "GET /ethnicity/white,asian,other,islander,east-indian,black,latino HTTP/1.1" 200 17785 "-" "Mozilla/5.0 (Linux; Android 6.0.1; Nexus 5X Build/MMB29P) AppleWebKit/537.36 (KHTML, like Gecko) Chrome/146.0.7680.177 Mobile Safari/537.36 (compatible; Googlebot/2.1; +http://www.google.com/bot.html)"
216.73.216.38 - - [04/Apr/2026:01:35:53 -0400] "GET /gender/c,f,m/age/30-39,18-19,20-29/languages/romanian HTTP/1.1" 200 17628 "-" "Mozilla/5.0 AppleWebKit/537.36 (KHTML, like Gecko; compatible; ClaudeBot/1.0; +claudebot@anthropic.com)"
216.73.216.38 - - [04/Apr/2026:01:35:53 -0400] "GET /status/online/age/18-19/hair/grey/ethnicity/white,islander,native/languages/czech HTTP/1.1" 200 18450 "-" "Mozilla/5.0 AppleWebKit/537.36 (KHTML, like Gecko; compatible; ClaudeBot/1.0; +claudebot@anthropic.com)"
216.73.216.38 - - [04/Apr/2026:01:35:53 -0400] "GET /gender/t/age/20-29,50-59,18-19/ethnicity/islander/languages/spanish HTTP/1.1" 200 17800 "-" "Mozilla/5.0 AppleWebKit/537.36 (KHTML, like Gecko; compatible; ClaudeBot/1.0; +claudebot@anthropic.com)"
216.73.216.38 - - [04/Apr/2026:01:35:53 -0400] "GET /gender/t,c,f/hair/red,blonde/languages/kurdish HTTP/1.1" 200 17228 "-" "Mozilla/5.0 AppleWebKit/537.36 (KHTML, like Gecko; compatible; ClaudeBot/1.0; +claudebot@anthropic.com)"
17.22.237.115 - - [04/Apr/2026:01:35:53 -0400] "GET /hair/grey/ethnicity/white,latino/languages/hebrew HTTP/1.1" 200 16922 "-" "Mozilla/5.0 (Macintosh; Intel Mac OS X 10_15_7) AppleWebKit/605.1.15 (KHTML, like Gecko) Version/17.4 Safari/605.1.15 (Applebot/0.1; +http://www.apple.com/go/applebot)"
216.73.216.38 - - [04/Apr/2026:01:35:53 -0400] "GET /status/online/gender/c,m/hair/grey/ethnicity/white,native/languages/czech HTTP/1.1" 200 18193 "-" "Mozilla/5.0 AppleWebKit/537.36 (KHTML, like Gecko; compatible; ClaudeBot/1.0; +claudebot@anthropic.com)"
216.73.216.38 - - [04/Apr/2026:01:35:53 -0400] "GET /gender/t/age/20-29,50-59/hair/blonde/languages/fiji HTTP/1.1" 200 17165 "-" "Mozilla/5.0 AppleWebKit/537.36 (KHTML, like Gecko; compatible; ClaudeBot/1.0; +claudebot@anthropic.com)"
74.7.227.30 - - [04/Apr/2026:01:35:53 -0400] "GET /age/18-19,40-49/ethnicity/white,other,east-indian,latino,asian,native,islander HTTP/1.1" 200 18735 "https://nudcam.com/age/18-19/ethnicity/white,other,east-indian,latino,asian,native,islander" "Mozilla/5.0 AppleWebKit/537.36 (KHTML, like Gecko; compatible; GPTBot/1.3; +https://openai.com/gptbot)"
216.73.216.38 - - [04/Apr/2026:01:35:53 -0400] "GET /status/offline/gender/t,c/age/60-100,20-29/ethnicity/asian/languages/spanish HTTP/1.1" 200 18288 "-" "Mozilla/5.0 AppleWebKit/537.36 (KHTML, like Gecko; compatible; ClaudeBot/1.0; +claudebot@anthropic.com)"
216.73.216.38 - - [04/Apr/2026:01:35:53 -0400] "GET /age/18-19,30-39/hair/brown,blonde,grey/languages/scots HTTP/1.1" 200 17470 "-" "Mozilla/5.0 AppleWebKit/537.36 (KHTML, like Gecko; compatible; ClaudeBot/1.0; +claudebot@anthropic.com)"
74.7.227.134 - - [04/Apr/2026:01:35:53 -0400] "GET /age/40-49,18-19,30-39/ethnicity/news-leonardo-faz-homenagem-apos-morte-de-assessora-cuidou-de-mim-como-filho,black,east-indian,latino,native,other,white,islander,asian HTTP/1.1" 200 23162 "https://www.nudcam.com/age/40-49,18-19/ethnicity/news-leonardo-faz-homenagem-apos-morte-de-assessora-cuidou-de-mim-como-filho,black,east-indian,latino,native,other,white,islander,asian" "Mozilla/5.0 AppleWebKit/537.36 (KHTML, like Gecko; compatible; GPTBot/1.3; +https://openai.com/gptbot)"
216.73.216.38 - - [04/Apr/2026:01:35:53 -0400] "GET /status/offline/age/30-39/ethnicity/black,islander,native,latino,white/languages/catalan HTTP/1.1" 200 18898 "-" "Mozilla/5.0 AppleWebKit/537.36 (KHTML, like Gecko; compatible; ClaudeBot/1.0; +claudebot@anthropic.com)"
216.73.216.38 - - [04/Apr/2026:01:35:53 -0400] "GET /status/offline/age/40-49/hair/red,auburn,grey/ethnicity/black/languages/fiji HTTP/1.1" 200 18265 "-" "Mozilla/5.0 AppleWebKit/537.36 (KHTML, like Gecko; compatible; ClaudeBot/1.0; +claudebot@anthropic.com)"
216.73.216.38 - - [04/Apr/2026:01:35:54 -0400] "GET /status/offline/gender/f,t/age/18-19,30-39,40-49/ethnicity/native/languages/hebrew HTTP/1.1" 200 18649 "-" "Mozilla/5.0 AppleWebKit/537.36 (KHTML, like Gecko; compatible; ClaudeBot/1.0; +claudebot@anthropic.com)"
216.73.216.38 - - [04/Apr/2026:01:35:54 -0400] "GET /age/50-59,60-100/ethnicity/black,other,native,islander/languages/romanian HTTP/1.1" 200 18248 "-" "Mozilla/5.0 AppleWebKit/537.36 (KHTML, like Gecko; compatible; ClaudeBot/1.0; +claudebot@anthropic.com)"
216.73.216.38 - - [04/Apr/2026:01:35:54 -0400] "GET /hair/auburn,black,brown/ethnicity/white,native/languages/slovak HTTP/1.1" 200 17718 "-" "Mozilla/5.0 AppleWebKit/537.36 (KHTML, like Gecko; compatible; ClaudeBot/1.0; +claudebot@anthropic.com)"
216.73.216.38 - - [04/Apr/2026:01:35:54 -0400] "GET /status/offline/gender/t/age/30-39,40-49/ethnicity/other,white,native/languages/scots HTTP/1.1" 200 18763 "-" "Mozilla/5.0 AppleWebKit/537.36 (KHTML, like Gecko; compatible; ClaudeBot/1.0; +claudebot@anthropic.com)"
216.73.216.38 - - [04/Apr/2026:01:35:54 -0400] "GET /gender/f,t/hair/red/ethnicity/white,black/languages/dutch HTTP/1.1" 200 17505 "-" "Mozilla/5.0 AppleWebKit/537.36 (KHTML, like Gecko; compatible; ClaudeBot/1.0; +claudebot@anthropic.com)"
216.73.216.38 - - [04/Apr/2026:01:35:54 -0400] "GET /age/40-49/hair/red,black,grey,white,brown/languages/irish HTTP/1.1" 200 17738 "-" "Mozilla/5.0 AppleWebKit/537.36 (KHTML, like Gecko; compatible; ClaudeBot/1.0; +claudebot@anthropic.com)"
216.73.216.38 - - [04/Apr/2026:01:35:54 -0400] "GET /gender/m/hair/blonde/ethnicity/islander,black/languages/cambodian HTTP/1.1" 200 17566 "-" "Mozilla/5.0 AppleWebKit/537.36 (KHTML, like Gecko; compatible; ClaudeBot/1.0; +claudebot@anthropic.com)"
17.22.245.159 - - [04/Apr/2026:01:35:54 -0400] "GET /status/online/age/20-29,50-59/hair/red/languages/irish HTTP/1.1" 200 17058 "-" "Mozilla/5.0 (Macintosh; Intel Mac OS X 10_15_7) AppleWebKit/605.1.15 (KHTML, like Gecko) Version/17.4 Safari/605.1.15 (Applebot/0.1; +http://www.apple.com/go/applebot)"
17.241.219.80 - - [04/Apr/2026:01:35:54 -0400] "GET /status/online/age/40-49/hair/auburn/ethnicity/other/languages/fiji HTTP/1.1" 200 17341 "-" "Mozilla/5.0 (Macintosh; Intel Mac OS X 10_15_7) AppleWebKit/605.1.15 (KHTML, like Gecko) Version/17.4 Safari/605.1.15 (Applebot/0.1; +http://www.apple.com/go/applebot)"
216.73.216.38 - - [04/Apr/2026:01:35:54 -0400] "GET /age/18-19/hair/auburn/ethnicity/islander,native,asian/languages/turkish HTTP/1.1" 200 17949 "-" "Mozilla/5.0 AppleWebKit/537.36 (KHTML, like Gecko; compatible; ClaudeBot/1.0; +claudebot@anthropic.com)"
74.7.227.30 - - [04/Apr/2026:01:35:54 -0400] "GET /age/30-39,20-29/ethnicity/latino,other,islander,white,native,east-indian,asian HTTP/1.1" 200 18735 "https://nudcam.com/age/30-39,20-29/ethnicity/latino,other,islander,white,native,black,east-indian,asian" "Mozilla/5.0 AppleWebKit/537.36 (KHTML, like Gecko; compatible; GPTBot/1.3; +https://openai.com/gptbot)"
216.73.216.38 - - [04/Apr/2026:01:35:54 -0400] "GET /status/offline/age/60-100/hair/white,auburn,black/ethnicity/white/languages/scots HTTP/1.1" 200 18432 "-" "Mozilla/5.0 AppleWebKit/537.36 (KHTML, like Gecko; compatible; ClaudeBot/1.0; +claudebot@anthropic.com)"
