17.22.237.152 - - [04/Apr/2026:01:36:31 -0400] "GET /hair/red,white/ethnicity/native/languages/irish HTTP/1.1" 200 16638 "-" "Mozilla/5.0 (Macintosh; Intel Mac OS X 10_15_7) AppleWebKit/605.1.15 (KHTML, like Gecko) Version/17.4 Safari/605.1.15 (Applebot/0.1; +http://www.apple.com/go/applebot)"
216.73.216.38 - - [04/Apr/2026:01:36:31 -0400] "GET /age/50-59,30-39/hair/auburn,red/ethnicity/white/languages/catalan HTTP/1.1" 200 17744 "-" "Mozilla/5.0 AppleWebKit/537.36 (KHTML, like Gecko; compatible; ClaudeBot/1.0; +claudebot@anthropic.com)"
216.73.216.38 - - [04/Apr/2026:01:36:31 -0400] "GET /status/online/age/40-49/hair/grey/ethnicity/black,latino/languages/cambodian HTTP/1.1" 200 18093 "-" "Mozilla/5.0 AppleWebKit/537.36 (KHTML, like Gecko; compatible; ClaudeBot/1.0; +claudebot@anthropic.com)"
144.76.32.236 - - [04/Apr/2026:01:36:31 -0400] "GET /gender/c,m,f/hair/red,grey/languages/hindi HTTP/1.1" 200 16879 "-" "Mozilla/5.0 (compatible; SERankingBacklinksBot/1.0; +https://seranking.com/backlinks-crawler)"
216.73.216.38 - - [04/Apr/2026:01:36:31 -0400] "GET /status/online/gender/f/ethnicity/islander,native,east-indian/languages/indonesian HTTP/1.1" 200 18286 "-" "Mozilla/5.0 AppleWebKit/537.36 (KHTML, like Gecko; compatible; ClaudeBot/1.0; +claudebot@anthropic.com)"
216.73.216.38 - - [04/Apr/2026:01:36:31 -0400] "GET /age/18-19,60-100/ethnicity/native,other,white,islander/languages/kashmiri HTTP/1.1" 200 18248 "-" "Mozilla/5.0 AppleWebKit/537.36 (KHTML, like Gecko; compatible; ClaudeBot/1.0; +claudebot@anthropic.com)"
216.73.216.38 - - [04/Apr/2026:01:36:31 -0400] "GET /gender/t,m,c/age/18-19,20-29/ethnicity/native/languages/fiji HTTP/1.1" 200 17771 "-" "Mozilla/5.0 AppleWebKit/537.36 (KHTML, like Gecko; compatible; ClaudeBot/1.0; +claudebot@anthropic.com)"
216.73.216.38 - - [04/Apr/2026:01:36:31 -0400] "GET /hair/grey,blonde,white,black/ethnicity/islander/languages/norwegian HTTP/1.1" 200 17828 "-" "Mozilla/5.0 AppleWebKit/537.36 (KHTML, like Gecko; compatible; ClaudeBot/1.0; +claudebot@anthropic.com)"
216.73.216.38 - - [04/Apr/2026:01:36:31 -0400] "GET /status/offline/gender/t,m/hair/black/ethnicity/native,white/languages/spanish HTTP/1.1" 200 18328 "-" "Mozilla/5.0 AppleWebKit/537.36 (KHTML, like Gecko; compatible; ClaudeBot/1.0; +claudebot@anthropic.com)"
216.73.216.38 - - [04/Apr/2026:01:36:31 -0400] "GET /gender/t,c/ethnicity/latino,white,asian/languages/turkish HTTP/1.1" 200 17544 "-" "Mozilla/5.0 AppleWebKit/537.36 (KHTML, like Gecko; compatible; ClaudeBot/1.0; +claudebot@anthropic.com)"
74.7.227.134 - - [04/Apr/2026:01:36:31 -0400] "GET /age/40-49,18-19/ethnicity/news-leonardo-faz-homenagem-apos-morte-de-assessora-cuidou-de-mim-como-filho,east-indian,asian,native,other,white,islander,latino HTTP/1.1" 200 22143 "https://www.nudcam.com/age/40-49,18-19/ethnicity/news-leonardo-faz-homenagem-apos-morte-de-assessora-cuidou-de-mim-como-filho,east-indian,black,asian,native,other,white,islander,latino" "Mozilla/5.0 AppleWebKit/537.36 (KHTML, like Gecko; compatible; GPTBot/1.3; +https://openai.com/gptbot)"
216.73.216.38 - - [04/Apr/2026:01:36:31 -0400] "GET /status/offline/gender/f,c/age/40-49/ethnicity/white,black,other/languages/dutch HTTP/1.1" 200 18606 "-" "Mozilla/5.0 AppleWebKit/537.36 (KHTML, like Gecko; compatible; ClaudeBot/1.0; +claudebot@anthropic.com)"
216.73.216.38 - - [04/Apr/2026:01:36:32 -0400] "GET /status/offline/gender/t/age/18-19,30-39/ethnicity/asian/languages/italian HTTP/1.1" 200 17979 "-" "Mozilla/5.0 AppleWebKit/537.36 (KHTML, like Gecko; compatible; ClaudeBot/1.0; +claudebot@anthropic.com)"
17.241.219.128 - - [04/Apr/2026:01:36:32 -0400] "GET /age/30-39/hair/brown/ethnicity/native,latino,white/languages/danish HTTP/1.1" 200 17819 "-" "Mozilla/5.0 (Macintosh; Intel Mac OS X 10_15_7) AppleWebKit/605.1.15 (KHTML, like Gecko) Version/17.4 Safari/605.1.15 (Applebot/0.1; +http://www.apple.com/go/applebot)"
216.73.216.38 - - [04/Apr/2026:01:36:32 -0400] "GET /gender/m,c,f/ethnicity/other,latino/languages/azerbaijani HTTP/1.1" 200 17550 "-" "Mozilla/5.0 AppleWebKit/537.36 (KHTML, like Gecko; compatible; ClaudeBot/1.0; +claudebot@anthropic.com)"
216.73.216.38 - - [04/Apr/2026:01:36:32 -0400] "GET /status/offline/ethnicity/latino,white,other,east-indian/languages/norwegian HTTP/1.1" 200 18121 "-" "Mozilla/5.0 AppleWebKit/537.36 (KHTML, like Gecko; compatible; ClaudeBot/1.0; +claudebot@anthropic.com)"
216.73.216.38 - - [04/Apr/2026:01:36:32 -0400] "GET /gender/m,c,f,t/ethnicity/white,islander,native/languages/czech HTTP/1.1" 200 18068 "-" "Mozilla/5.0 AppleWebKit/537.36 (KHTML, like Gecko; compatible; ClaudeBot/1.0; +claudebot@anthropic.com)"
3.213.213.161 - - [04/Apr/2026:01:36:32 -0400] "GET /status/online,offline/gender/t,m,f/age/20-29/hair/brown/ethnicity/latino,islander,east-indian,black HTTP/1.1" 200 20101 "-" "Mozilla/5.0 AppleWebKit/537.36 (KHTML, like Gecko; compatible; Amazonbot/0.1; +https://developer.amazon.com/support/amazonbot) Chrome/119.0.6045.214 Safari/537.36"
216.73.216.38 - - [04/Apr/2026:01:36:32 -0400] "GET /age/30-39,40-49/hair/brown,white/ethnicity/white,native/languages/thai HTTP/1.1" 200 18112 "-" "Mozilla/5.0 AppleWebKit/537.36 (KHTML, like Gecko; compatible; ClaudeBot/1.0; +claudebot@anthropic.com)"
17.22.245.184 - - [04/Apr/2026:01:36:32 -0400] "GET /age/50-59/hair/grey/ethnicity/east-indian,white/languages/hindi HTTP/1.1" 200 17290 "-" "Mozilla/5.0 (Macintosh; Intel Mac OS X 10_15_7) AppleWebKit/605.1.15 (KHTML, like Gecko) Version/17.4 Safari/605.1.15 (Applebot/0.1; +http://www.apple.com/go/applebot)"
216.73.216.38 - - [04/Apr/2026:01:36:32 -0400] "GET /status/offline/hair/brown,white,grey/ethnicity/native,latino/languages/romanian HTTP/1.1" 200 18417 "-" "Mozilla/5.0 AppleWebKit/537.36 (KHTML, like Gecko; compatible; ClaudeBot/1.0; +claudebot@anthropic.com)"
216.73.216.38 - - [04/Apr/2026:01:36:32 -0400] "GET /status/offline/age/50-59,40-49/ethnicity/white,native,latino/languages/slovak HTTP/1.1" 200 18356 "-" "Mozilla/5.0 AppleWebKit/537.36 (KHTML, like Gecko; compatible; ClaudeBot/1.0; +claudebot@anthropic.com)"
216.73.216.38 - - [04/Apr/2026:01:36:32 -0400] "GET /status/online/gender/m,c,t/age/20-29/ethnicity/black/languages/fiji HTTP/1.1" 200 17981 "-" "Mozilla/5.0 AppleWebKit/537.36 (KHTML, like Gecko; compatible; ClaudeBot/1.0; +claudebot@anthropic.com)"
216.73.216.38 - - [04/Apr/2026:01:36:32 -0400] "GET /gender/t,m,f/ethnicity/white,black,asian/languages/catalan HTTP/1.1" 200 17755 "-" "Mozilla/5.0 AppleWebKit/537.36 (KHTML, like Gecko; compatible; ClaudeBot/1.0; +claudebot@anthropic.com)"
74.7.227.134 - - [04/Apr/2026:01:36:32 -0400] "GET /age/40-49,18-19,20-29/ethnicity/news-leonardo-faz-homenagem-apos-morte-de-assessora-cuidou-de-mim-como-filho,east-indian,black,asian,native,other,white,islander,latino HTTP/1.1" 200 23162 "https://www.nudcam.com/age/40-49,18-19/ethnicity/news-leonardo-faz-homenagem-apos-morte-de-assessora-cuidou-de-mim-como-filho,east-indian,black,asian,native,other,white,islander,latino" "Mozilla/5.0 AppleWebKit/537.36 (KHTML, like Gecko; compatible; GPTBot/1.3; +https://openai.com/gptbot)"
216.73.216.38 - - [04/Apr/2026:01:36:32 -0400] "GET /age/20-29,60-100,30-39,50-59/ethnicity/native/languages/portuguese HTTP/1.1" 200 17797 "-" "Mozilla/5.0 AppleWebKit/537.36 (KHTML, like Gecko; compatible; ClaudeBot/1.0; +claudebot@anthropic.com)"
216.73.216.38 - - [04/Apr/2026:01:36:32 -0400] "GET /status/offline/gender/m/hair/black,grey/ethnicity/islander/languages/armenian HTTP/1.1" 200 18103 "-" "Mozilla/5.0 AppleWebKit/537.36 (KHTML, like Gecko; compatible; ClaudeBot/1.0; +claudebot@anthropic.com)"
216.73.216.38 - - [04/Apr/2026:01:36:33 -0400] "GET /status/offline/gender/m,f,c/age/40-49,30-39/ethnicity/white/languages/czech HTTP/1.1" 200 18448 "-" "Mozilla/5.0 AppleWebKit/537.36 (KHTML, like Gecko; compatible; ClaudeBot/1.0; +claudebot@anthropic.com)"
216.73.216.38 - - [04/Apr/2026:01:36:33 -0400] "GET /status/online/gender/f/age/18-19/ethnicity/white,black,native/languages/croatian HTTP/1.1" 200 18429 "-" "Mozilla/5.0 AppleWebKit/537.36 (KHTML, like Gecko; compatible; ClaudeBot/1.0; +claudebot@anthropic.com)"
17.241.219.133 - - [04/Apr/2026:01:36:33 -0400] "GET /gender/t,c/age/18-19,60-100/ethnicity/native/languages/thai HTTP/1.1" 200 17342 "-" "Mozilla/5.0 (Macintosh; Intel Mac OS X 10_15_7) AppleWebKit/605.1.15 (KHTML, like Gecko) Version/17.4 Safari/605.1.15 (Applebot/0.1; +http://www.apple.com/go/applebot)"
216.73.216.38 - - [04/Apr/2026:01:36:33 -0400] "GET /gender/f/age/18-19/ethnicity/white,islander,native,asian/languages/kurdish HTTP/1.1" 200 18249 "-" "Mozilla/5.0 AppleWebKit/537.36 (KHTML, like Gecko; compatible; ClaudeBot/1.0; +claudebot@anthropic.com)"
216.73.216.38 - - [04/Apr/2026:01:36:33 -0400] "GET /status/offline/age/40-49,50-59/ethnicity/latino,native,black/languages/faeroese HTTP/1.1" 200 18426 "-" "Mozilla/5.0 AppleWebKit/537.36 (KHTML, like Gecko; compatible; ClaudeBot/1.0; +claudebot@anthropic.com)"
216.73.216.38 - - [04/Apr/2026:01:36:33 -0400] "GET /status/offline/age/40-49/hair/black,auburn/ethnicity/asian/languages/japanese HTTP/1.1" 200 18109 "-" "Mozilla/5.0 AppleWebKit/537.36 (KHTML, like Gecko; compatible; ClaudeBot/1.0; +claudebot@anthropic.com)"
17.246.15.155 - - [04/Apr/2026:01:36:33 -0400] "GET /age/40-49/hair/brown,auburn,black/languages/french HTTP/1.1" 200 17169 "-" "Mozilla/5.0 (Macintosh; Intel Mac OS X 10_15_7) AppleWebKit/605.1.15 (KHTML, like Gecko) Version/17.4 Safari/605.1.15 (Applebot/0.1; +http://www.apple.com/go/applebot)"
216.73.216.38 - - [04/Apr/2026:01:36:33 -0400] "GET /gender/c,m/hair/grey,auburn/ethnicity/black/languages/faeroese HTTP/1.1" 200 17656 "-" "Mozilla/5.0 AppleWebKit/537.36 (KHTML, like Gecko; compatible; ClaudeBot/1.0; +claudebot@anthropic.com)"
216.73.216.38 - - [04/Apr/2026:01:36:33 -0400] "GET /status/offline/gender/t,c,f/ethnicity/native,islander,asian/languages/romanian HTTP/1.1" 200 18601 "-" "Mozilla/5.0 AppleWebKit/537.36 (KHTML, like Gecko; compatible; ClaudeBot/1.0; +claudebot@anthropic.com)"
216.73.216.38 - - [04/Apr/2026:01:36:33 -0400] "GET /status/online/gender/c/age/20-29/hair/auburn,black/languages/serbian HTTP/1.1" 200 17876 "-" "Mozilla/5.0 AppleWebKit/537.36 (KHTML, like Gecko; compatible; ClaudeBot/1.0; +claudebot@anthropic.com)"
216.73.216.38 - - [04/Apr/2026:01:36:33 -0400] "GET /status/online/gender/m,f/age/60-100/ethnicity/latino,native/languages/belarusian HTTP/1.1" 200 18444 "-" "Mozilla/5.0 AppleWebKit/537.36 (KHTML, like Gecko; compatible; ClaudeBot/1.0; +claudebot@anthropic.com)"
74.7.227.134 - - [04/Apr/2026:01:36:33 -0400] "GET /age/30-39,40-49/ethnicity/news-leonardo-faz-homenagem-apos-morte-de-assessora-cuidou-de-mim-como-filho,latino,native,black,islander,other,asian,white HTTP/1.1" 200 21921 "https://www.nudcam.com/age/30-39,40-49/ethnicity/news-leonardo-faz-homenagem-apos-morte-de-assessora-cuidou-de-mim-como-filho,latino,east-indian,native,black,islander,other,asian,white" "Mozilla/5.0 AppleWebKit/537.36 (KHTML, like Gecko; compatible; GPTBot/1.3; +https://openai.com/gptbot)"
216.73.216.38 - - [04/Apr/2026:01:36:33 -0400] "GET /status/online,offline/gender/c/ethnicity/other,black/languages/portuguese HTTP/1.1" 200 18038 "-" "Mozilla/5.0 AppleWebKit/537.36 (KHTML, like Gecko; compatible; ClaudeBot/1.0; +claudebot@anthropic.com)"
85.208.96.197 - - [04/Apr/2026:01:36:33 -0400] "GET /age/30-39,40-49,20-29/ethnicity/asian,white,black HTTP/1.1" 403 - "-" "Mozilla/5.0 (compatible; SemrushBot/7~bl; +http://www.semrush.com/bot.html)"
216.73.216.38 - - [04/Apr/2026:01:36:33 -0400] "GET /status/offline/gender/f,m,c/age/18-19,50-59/ethnicity/native/languages/belarusian HTTP/1.1" 200 18662 "-" "Mozilla/5.0 AppleWebKit/537.36 (KHTML, like Gecko; compatible; ClaudeBot/1.0; +claudebot@anthropic.com)"
216.73.216.38 - - [04/Apr/2026:01:36:34 -0400] "GET /age/18-19/hair/brown,black/ethnicity/white,black/languages/russian HTTP/1.1" 200 17795 "-" "Mozilla/5.0 AppleWebKit/537.36 (KHTML, like Gecko; compatible; ClaudeBot/1.0; +claudebot@anthropic.com)"
216.73.216.38 - - [04/Apr/2026:01:36:34 -0400] "GET /age/18-19/hair/grey,blonde/ethnicity/native,black/languages/korean HTTP/1.1" 200 17793 "-" "Mozilla/5.0 AppleWebKit/537.36 (KHTML, like Gecko; compatible; ClaudeBot/1.0; +claudebot@anthropic.com)"
216.73.216.38 - - [04/Apr/2026:01:36:34 -0400] "GET /status/offline/age/20-29/hair/red/ethnicity/islander,black,white/languages/serbian HTTP/1.1" 200 18487 "-" "Mozilla/5.0 AppleWebKit/537.36 (KHTML, like Gecko; compatible; ClaudeBot/1.0; +claudebot@anthropic.com)"
216.73.216.38 - - [04/Apr/2026:01:36:34 -0400] "GET /status/online/age/40-49/hair/blonde,white,red/languages/albanian HTTP/1.1" 200 17775 "-" "Mozilla/5.0 AppleWebKit/537.36 (KHTML, like Gecko; compatible; ClaudeBot/1.0; +claudebot@anthropic.com)"
216.73.216.38 - - [04/Apr/2026:01:36:34 -0400] "GET /gender/c,f/age/18-19/hair/black/ethnicity/islander/languages/belarusian HTTP/1.1" 200 17919 "-" "Mozilla/5.0 AppleWebKit/537.36 (KHTML, like Gecko; compatible; ClaudeBot/1.0; +claudebot@anthropic.com)"
216.73.216.38 - - [04/Apr/2026:01:36:34 -0400] "GET /status/online/gender/f/age/30-39,20-29,18-19,40-49/languages/german HTTP/1.1" 200 18049 "-" "Mozilla/5.0 AppleWebKit/537.36 (KHTML, like Gecko; compatible; ClaudeBot/1.0; +claudebot@anthropic.com)"
17.241.227.7 - - [04/Apr/2026:01:36:34 -0400] "GET /status/online,offline/hair/black,auburn,brown/languages/german HTTP/1.1" 200 17740 "-" "Mozilla/5.0 (Macintosh; Intel Mac OS X 10_15_7) AppleWebKit/605.1.15 (KHTML, like Gecko) Version/17.4 Safari/605.1.15 (Applebot/0.1; +http://www.apple.com/go/applebot)"
216.73.216.38 - - [04/Apr/2026:01:36:34 -0400] "GET /status/online/hair/red/ethnicity/white,black,native,islander/languages/russian HTTP/1.1" 200 18380 "-" "Mozilla/5.0 AppleWebKit/537.36 (KHTML, like Gecko; compatible; ClaudeBot/1.0; +claudebot@anthropic.com)"
216.73.216.38 - - [04/Apr/2026:01:36:34 -0400] "GET /age/40-49/hair/blonde,red/ethnicity/white,islander/languages/bulgarian HTTP/1.1" 200 17927 "-" "Mozilla/5.0 AppleWebKit/537.36 (KHTML, like Gecko; compatible; ClaudeBot/1.0; +claudebot@anthropic.com)"
216.73.216.38 - - [04/Apr/2026:01:36:34 -0400] "GET /age/60-100,50-59,20-29/ethnicity/white,asian/languages/slovak HTTP/1.1" 200 17656 "-" "Mozilla/5.0 AppleWebKit/537.36 (KHTML, like Gecko; compatible; ClaudeBot/1.0; +claudebot@anthropic.com)"
74.7.227.134 - - [04/Apr/2026:01:36:34 -0400] "GET /age/50-59,20-29/ethnicity/news-leonardo-faz-homenagem-apos-morte-de-assessora-cuidou-de-mim-como-filho,native,white,east-indian,other,latino,islander,asian HTTP/1.1" 200 22143 "https://www.nudcam.com/age/50-59,20-29/ethnicity/news-leonardo-faz-homenagem-apos-morte-de-assessora-cuidou-de-mim-como-filho,native,white,east-indian,other,latino,islander,asian,black" "Mozilla/5.0 AppleWebKit/537.36 (KHTML, like Gecko; compatible; GPTBot/1.3; +https://openai.com/gptbot)"
17.22.245.106 - - [04/Apr/2026:01:36:34 -0400] "GET /status/online/age/18-19/hair/brown,auburn/ethnicity/other/languages/hebrew HTTP/1.1" 200 18009 "-" "Mozilla/5.0 (Macintosh; Intel Mac OS X 10_15_7) AppleWebKit/605.1.15 (KHTML, like Gecko) Version/17.4 Safari/605.1.15 (Applebot/0.1; +http://www.apple.com/go/applebot)"
216.73.216.38 - - [04/Apr/2026:01:36:34 -0400] "GET /age/18-19,20-29/hair/brown,auburn/ethnicity/native/languages/serbian HTTP/1.1" 200 17840 "-" "Mozilla/5.0 AppleWebKit/537.36 (KHTML, like Gecko; compatible; ClaudeBot/1.0; +claudebot@anthropic.com)"
216.73.216.38 - - [04/Apr/2026:01:36:34 -0400] "GET /age/50-59,18-19/hair/blonde,black/languages/lithuanian HTTP/1.1" 200 17306 "-" "Mozilla/5.0 AppleWebKit/537.36 (KHTML, like Gecko; compatible; ClaudeBot/1.0; +claudebot@anthropic.com)"
17.246.19.60 - - [04/Apr/2026:01:36:34 -0400] "GET /gender/m,f/age/50-59/hair/black,red/languages/spanish HTTP/1.1" 200 17211 "-" "Mozilla/5.0 (Macintosh; Intel Mac OS X 10_15_7) AppleWebKit/605.1.15 (KHTML, like Gecko) Version/17.4 Safari/605.1.15 (Applebot/0.1; +http://www.apple.com/go/applebot)"
216.73.216.38 - - [04/Apr/2026:01:36:35 -0400] "GET /gender/f,m/hair/auburn,grey/ethnicity/asian/languages/scots HTTP/1.1" 200 17554 "-" "Mozilla/5.0 AppleWebKit/537.36 (KHTML, like Gecko; compatible; ClaudeBot/1.0; +claudebot@anthropic.com)"
216.73.216.38 - - [04/Apr/2026:01:36:35 -0400] "GET /status/offline/gender/f,t,c/ethnicity/white,native,black/languages/lithuanian HTTP/1.1" 200 18571 "-" "Mozilla/5.0 AppleWebKit/537.36 (KHTML, like Gecko; compatible; ClaudeBot/1.0; +claudebot@anthropic.com)"
216.73.216.38 - - [04/Apr/2026:01:36:35 -0400] "GET /age/18-19/hair/grey,white/ethnicity/white,latino/languages/maltese HTTP/1.1" 200 17795 "-" "Mozilla/5.0 AppleWebKit/537.36 (KHTML, like Gecko; compatible; ClaudeBot/1.0; +claudebot@anthropic.com)"
216.73.216.38 - - [04/Apr/2026:01:36:35 -0400] "GET /gender/m,c/age/50-59,20-29/hair/red/languages/scots HTTP/1.1" 200 17354 "-" "Mozilla/5.0 AppleWebKit/537.36 (KHTML, like Gecko; compatible; ClaudeBot/1.0; +claudebot@anthropic.com)"
216.73.216.38 - - [04/Apr/2026:01:36:35 -0400] "GET /status/offline/gender/f/hair/blonde,grey/ethnicity/black,native/languages/malay HTTP/1.1" 200 18386 "-" "Mozilla/5.0 AppleWebKit/537.36 (KHTML, like Gecko; compatible; ClaudeBot/1.0; +claudebot@anthropic.com)"
216.73.216.38 - - [04/Apr/2026:01:36:35 -0400] "GET /hair/auburn,red,white,blonde/ethnicity/black/languages/scots HTTP/1.1" 200 17596 "-" "Mozilla/5.0 AppleWebKit/537.36 (KHTML, like Gecko; compatible; ClaudeBot/1.0; +claudebot@anthropic.com)"
216.73.216.38 - - [04/Apr/2026:01:36:35 -0400] "GET /gender/f,t,m/hair/blonde,white/languages/serbian HTTP/1.1" 200 17290 "-" "Mozilla/5.0 AppleWebKit/537.36 (KHTML, like Gecko; compatible; ClaudeBot/1.0; +claudebot@anthropic.com)"
216.73.216.38 - - [04/Apr/2026:01:36:35 -0400] "GET /status/offline/gender/t/age/50-59,60-100/ethnicity/native,white/languages/korean HTTP/1.1" 200 18425 "-" "Mozilla/5.0 AppleWebKit/537.36 (KHTML, like Gecko; compatible; ClaudeBot/1.0; +claudebot@anthropic.com)"
17.241.75.250 - - [04/Apr/2026:01:36:35 -0400] "GET /hair/auburn,black,white/ethnicity/native,asian/languages/estonian HTTP/1.1" 200 17570 "-" "Mozilla/5.0 (Macintosh; Intel Mac OS X 10_15_7) AppleWebKit/605.1.15 (KHTML, like Gecko) Version/17.4 Safari/605.1.15 (Applebot/0.1; +http://www.apple.com/go/applebot)"
216.73.216.38 - - [04/Apr/2026:01:36:35 -0400] "GET /ethnicity/native,black,white,islander,other,latino/languages/finnish HTTP/1.1" 200 18105 "-" "Mozilla/5.0 AppleWebKit/537.36 (KHTML, like Gecko; compatible; ClaudeBot/1.0; +claudebot@anthropic.com)"
74.7.227.134 - - [04/Apr/2026:01:36:35 -0400] "GET /age/40-49,18-19,50-59/ethnicity/news-leonardo-faz-homenagem-apos-morte-de-assessora-cuidou-de-mim-como-filho,east-indian,black,asian,native,other,white,islander,latino HTTP/1.1" 200 23162 "https://www.nudcam.com/age/40-49,18-19/ethnicity/news-leonardo-faz-homenagem-apos-morte-de-assessora-cuidou-de-mim-como-filho,east-indian,black,asian,native,other,white,islander,latino" "Mozilla/5.0 AppleWebKit/537.36 (KHTML, like Gecko; compatible; GPTBot/1.3; +https://openai.com/gptbot)"
216.73.216.38 - - [04/Apr/2026:01:36:35 -0400] "GET /gender/c/hair/red/ethnicity/other,white,islander/languages/dutch HTTP/1.1" 200 17717 "-" "Mozilla/5.0 AppleWebKit/537.36 (KHTML, like Gecko; compatible; ClaudeBot/1.0; +claudebot@anthropic.com)"
216.73.216.38 - - [04/Apr/2026:01:36:35 -0400] "GET /status/online/gender/f,c,t/age/60-100,30-39/languages/afrikaans HTTP/1.1" 200 17948 "-" "Mozilla/5.0 AppleWebKit/537.36 (KHTML, like Gecko; compatible; ClaudeBot/1.0; +claudebot@anthropic.com)"
216.73.216.38 - - [04/Apr/2026:01:36:36 -0400] "GET /status/offline/gender/c,f/hair/red,auburn/ethnicity/islander/languages/catalan HTTP/1.1" 200 18350 "-" "Mozilla/5.0 AppleWebKit/537.36 (KHTML, like Gecko; compatible; ClaudeBot/1.0; +claudebot@anthropic.com)"
216.73.216.38 - - [04/Apr/2026:01:36:36 -0400] "GET /ethnicity/native,white,black,islander,other,latino/languages/finnish HTTP/1.1" 200 18105 "-" "Mozilla/5.0 AppleWebKit/537.36 (KHTML, like Gecko; compatible; ClaudeBot/1.0; +claudebot@anthropic.com)"
216.73.216.38 - - [04/Apr/2026:01:36:36 -0400] "GET /gender/t,m,c/age/18-19/ethnicity/white,islander/languages/czech HTTP/1.1" 200 17891 "-" "Mozilla/5.0 AppleWebKit/537.36 (KHTML, like Gecko; compatible; ClaudeBot/1.0; +claudebot@anthropic.com)"
18.215.77.19 - - [04/Apr/2026:01:36:36 -0400] "GET /status/online,offline/gender/c,t/age/18-19,30-39/ethnicity/black,east-indian/languages/hindi HTTP/1.1" 200 19272 "-" "Mozilla/5.0 AppleWebKit/537.36 (KHTML, like Gecko; compatible; Amazonbot/0.1; +https://developer.amazon.com/support/amazonbot) Chrome/119.0.6045.214 Safari/537.36"
216.73.216.38 - - [04/Apr/2026:01:36:36 -0400] "GET /status/offline/ethnicity/native,latino,other,islander,white/languages/italian HTTP/1.1" 200 18382 "-" "Mozilla/5.0 AppleWebKit/537.36 (KHTML, like Gecko; compatible; ClaudeBot/1.0; +claudebot@anthropic.com)"
216.73.216.38 - - [04/Apr/2026:01:36:36 -0400] "GET /age/18-19,30-39/hair/brown,black,red/languages/dutch HTTP/1.1" 200 17406 "-" "Mozilla/5.0 AppleWebKit/537.36 (KHTML, like Gecko; compatible; ClaudeBot/1.0; +claudebot@anthropic.com)"
17.246.23.47 - - [04/Apr/2026:01:36:36 -0400] "GET /status/offline,online/hair/white/ethnicity/native/languages/spanish HTTP/1.1" 200 17411 "-" "Mozilla/5.0 (Macintosh; Intel Mac OS X 10_15_7) AppleWebKit/605.1.15 (KHTML, like Gecko) Version/17.4 Safari/605.1.15 (Applebot/0.1; +http://www.apple.com/go/applebot)"
216.73.216.38 - - [04/Apr/2026:01:36:36 -0400] "GET /age/30-39,40-49/hair/white/ethnicity/white,native,other/languages/thai HTTP/1.1" 200 18106 "-" "Mozilla/5.0 AppleWebKit/537.36 (KHTML, like Gecko; compatible; ClaudeBot/1.0; +claudebot@anthropic.com)"
216.73.216.38 - - [04/Apr/2026:01:36:36 -0400] "GET /age/60-100,18-19/ethnicity/islander,latino,other/languages/maltese HTTP/1.1" 200 17825 "-" "Mozilla/5.0 AppleWebKit/537.36 (KHTML, like Gecko; compatible; ClaudeBot/1.0; +claudebot@anthropic.com)"
216.73.216.38 - - [04/Apr/2026:01:36:36 -0400] "GET /age/30-39,18-19/hair/brown,auburn,red/languages/hebrew HTTP/1.1" 200 17472 "-" "Mozilla/5.0 AppleWebKit/537.36 (KHTML, like Gecko; compatible; ClaudeBot/1.0; +claudebot@anthropic.com)"
74.7.227.134 - - [04/Apr/2026:01:36:36 -0400] "GET /age/30-39,40-49,18-19/ethnicity/news-leonardo-faz-homenagem-apos-morte-de-assessora-cuidou-de-mim-como-filho,latino,east-indian,native,black,islander,other,asian,white HTTP/1.1" 200 23162 "https://www.nudcam.com/age/30-39,40-49/ethnicity/news-leonardo-faz-homenagem-apos-morte-de-assessora-cuidou-de-mim-como-filho,latino,east-indian,native,black,islander,other,asian,white" "Mozilla/5.0 AppleWebKit/537.36 (KHTML, like Gecko; compatible; GPTBot/1.3; +https://openai.com/gptbot)"
216.73.216.38 - - [04/Apr/2026:01:36:36 -0400] "GET /gender/c,m/ethnicity/islander,black,native,white/languages/kazakh HTTP/1.1" 200 17986 "-" "Mozilla/5.0 AppleWebKit/537.36 (KHTML, like Gecko; compatible; ClaudeBot/1.0; +claudebot@anthropic.com)"
216.73.216.38 - - [04/Apr/2026:01:36:36 -0400] "GET /status/offline/gender/m,t,c/hair/red,grey/languages/vietnamese HTTP/1.1" 200 17910 "-" "Mozilla/5.0 AppleWebKit/537.36 (KHTML, like Gecko; compatible; ClaudeBot/1.0; +claudebot@anthropic.com)"
17.241.227.62 - - [04/Apr/2026:01:36:36 -0400] "GET /status/offline/hair/auburn,brown/ethnicity/native,latino,other/sites/1 HTTP/1.1" 200 18102 "-" "Mozilla/5.0 (Macintosh; Intel Mac OS X 10_15_7) AppleWebKit/605.1.15 (KHTML, like Gecko) Version/17.4 Safari/605.1.15 (Applebot/0.1; +http://www.apple.com/go/applebot)"
216.73.216.38 - - [04/Apr/2026:01:36:36 -0400] "GET /gender/f,t,c/age/20-29,50-59,30-39/languages/thai HTTP/1.1" 200 17489 "-" "Mozilla/5.0 AppleWebKit/537.36 (KHTML, like Gecko; compatible; ClaudeBot/1.0; +claudebot@anthropic.com)"
216.73.216.38 - - [04/Apr/2026:01:36:37 -0400] "GET /gender/m,c/age/20-29/ethnicity/latino,native/languages/portuguese HTTP/1.1" 200 17780 "-" "Mozilla/5.0 AppleWebKit/537.36 (KHTML, like Gecko; compatible; ClaudeBot/1.0; +claudebot@anthropic.com)"
216.73.216.38 - - [04/Apr/2026:01:36:37 -0400] "GET /status/offline/gender/m,f,t/age/30-39/ethnicity/other,white/languages/thai HTTP/1.1" 200 18430 "-" "Mozilla/5.0 AppleWebKit/537.36 (KHTML, like Gecko; compatible; ClaudeBot/1.0; +claudebot@anthropic.com)"
216.73.216.38 - - [04/Apr/2026:01:36:37 -0400] "GET /gender/c/age/40-49,30-39,50-59/ethnicity/native,white/languages/german HTTP/1.1" 200 18109 "-" "Mozilla/5.0 AppleWebKit/537.36 (KHTML, like Gecko; compatible; ClaudeBot/1.0; +claudebot@anthropic.com)"
216.73.216.38 - - [04/Apr/2026:01:36:37 -0400] "GET /age/40-49,18-19/hair/white/ethnicity/other,islander/languages/finnish HTTP/1.1" 200 17886 "-" "Mozilla/5.0 AppleWebKit/537.36 (KHTML, like Gecko; compatible; ClaudeBot/1.0; +claudebot@anthropic.com)"
216.73.216.38 - - [04/Apr/2026:01:36:37 -0400] "GET /gender/m/age/60-100,40-49,30-39/hair/grey/languages/thai HTTP/1.1" 200 17492 "-" "Mozilla/5.0 AppleWebKit/537.36 (KHTML, like Gecko; compatible; ClaudeBot/1.0; +claudebot@anthropic.com)"
216.73.216.38 - - [04/Apr/2026:01:36:37 -0400] "GET /age/50-59,40-49/hair/auburn,black,brown/languages/romanian HTTP/1.1" 200 17604 "-" "Mozilla/5.0 AppleWebKit/537.36 (KHTML, like Gecko; compatible; ClaudeBot/1.0; +claudebot@anthropic.com)"
17.22.245.114 - - [04/Apr/2026:01:36:37 -0400] "GET /status/online/gender/m,t/age/18-19/hair/auburn,white HTTP/1.1" 200 17500 "-" "Mozilla/5.0 (Macintosh; Intel Mac OS X 10_15_7) AppleWebKit/605.1.15 (KHTML, like Gecko) Version/17.4 Safari/605.1.15 (Applebot/0.1; +http://www.apple.com/go/applebot)"
216.73.216.38 - - [04/Apr/2026:01:36:37 -0400] "GET /status/online/hair/grey,white,black,red/ethnicity/islander/languages/scots HTTP/1.1" 200 18222 "-" "Mozilla/5.0 AppleWebKit/537.36 (KHTML, like Gecko; compatible; ClaudeBot/1.0; +claudebot@anthropic.com)"
216.73.216.38 - - [04/Apr/2026:01:36:37 -0400] "GET /age/50-59/hair/auburn,black/ethnicity/black,islander/languages/danish HTTP/1.1" 200 17889 "-" "Mozilla/5.0 AppleWebKit/537.36 (KHTML, like Gecko; compatible; ClaudeBot/1.0; +claudebot@anthropic.com)"
74.7.227.134 - - [04/Apr/2026:01:36:37 -0400] "GET /age/30-39,40-49,20-29/ethnicity/news-leonardo-faz-homenagem-apos-morte-de-assessora-cuidou-de-mim-como-filho,latino,east-indian,native,black,islander,other,asian,white HTTP/1.1" 200 23162 "https://www.nudcam.com/age/30-39,40-49/ethnicity/news-leonardo-faz-homenagem-apos-morte-de-assessora-cuidou-de-mim-como-filho,latino,east-indian,native,black,islander,other,asian,white" "Mozilla/5.0 AppleWebKit/537.36 (KHTML, like Gecko; compatible; GPTBot/1.3; +https://openai.com/gptbot)"
216.73.216.38 - - [04/Apr/2026:01:36:37 -0400] "GET /status/offline/gender/c,m/age/20-29,18-19,30-39/ethnicity/native/languages/hebrew HTTP/1.1" 200 18648 "-" "Mozilla/5.0 AppleWebKit/537.36 (KHTML, like Gecko; compatible; ClaudeBot/1.0; +claudebot@anthropic.com)"
216.73.216.38 - - [04/Apr/2026:01:36:37 -0400] "GET /status/offline/gender/t,m/hair/brown,white/ethnicity/native/languages/romanian HTTP/1.1" 200 18349 "-" "Mozilla/5.0 AppleWebKit/537.36 (KHTML, like Gecko; compatible; ClaudeBot/1.0; +claudebot@anthropic.com)"
17.246.19.172 - - [04/Apr/2026:01:36:37 -0400] "GET /gender/t/age/20-29/ethnicity/other,native,east-indian/languages/thai HTTP/1.1" 200 17636 "-" "Mozilla/5.0 (Macintosh; Intel Mac OS X 10_15_7) AppleWebKit/605.1.15 (KHTML, like Gecko) Version/17.4 Safari/605.1.15 (Applebot/0.1; +http://www.apple.com/go/applebot)"
216.73.216.38 - - [04/Apr/2026:01:36:37 -0400] "GET /gender/f/ethnicity/black,latino,other,asian/languages/scots HTTP/1.1" 200 17592 "-" "Mozilla/5.0 AppleWebKit/537.36 (KHTML, like Gecko; compatible; ClaudeBot/1.0; +claudebot@anthropic.com)"
216.73.216.38 - - [04/Apr/2026:01:36:38 -0400] "GET /status/offline,online/gender/c,f/age/60-100/ethnicity/white,native/languages/dutch HTTP/1.1" 200 18716 "-" "Mozilla/5.0 AppleWebKit/537.36 (KHTML, like Gecko; compatible; ClaudeBot/1.0; +claudebot@anthropic.com)"
216.73.216.38 - - [04/Apr/2026:01:36:38 -0400] "GET /status/offline/gender/f,c,t/age/40-49/ethnicity/islander,native,white/languages/danish HTTP/1.1" 200 19054 "-" "Mozilla/5.0 AppleWebKit/537.36 (KHTML, like Gecko; compatible; ClaudeBot/1.0; +claudebot@anthropic.com)"
17.22.253.158 - - [04/Apr/2026:01:36:38 -0400] "GET /status/offline/age/50-59/hair/auburn,red/ethnicity/native/languages/fiji HTTP/1.1" 200 17941 "-" "Mozilla/5.0 (Macintosh; Intel Mac OS X 10_15_7) AppleWebKit/605.1.15 (KHTML, like Gecko) Version/17.4 Safari/605.1.15 (Applebot/0.1; +http://www.apple.com/go/applebot)"
216.73.216.38 - - [04/Apr/2026:01:36:38 -0400] "GET /status/online/hair/white,red,auburn/ethnicity/asian/languages/kashmiri HTTP/1.1" 200 17906 "-" "Mozilla/5.0 AppleWebKit/537.36 (KHTML, like Gecko; compatible; ClaudeBot/1.0; +claudebot@anthropic.com)"
216.73.216.38 - - [04/Apr/2026:01:36:38 -0400] "GET /status/offline,online/age/50-59,60-100/hair/brown/languages/persian HTTP/1.1" 200 17876 "-" "Mozilla/5.0 AppleWebKit/537.36 (KHTML, like Gecko; compatible; ClaudeBot/1.0; +claudebot@anthropic.com)"
216.73.216.38 - - [04/Apr/2026:01:36:38 -0400] "GET /age/40-49/hair/auburn,black/ethnicity/islander,native/languages/japanese HTTP/1.1" 200 17989 "-" "Mozilla/5.0 AppleWebKit/537.36 (KHTML, like Gecko; compatible; ClaudeBot/1.0; +claudebot@anthropic.com)"
216.73.216.38 - - [04/Apr/2026:01:36:38 -0400] "GET /status/offline/gender/m/age/18-19/ethnicity/asian,islander/languages/belarusian HTTP/1.1" 200 18195 "-" "Mozilla/5.0 AppleWebKit/537.36 (KHTML, like Gecko; compatible; ClaudeBot/1.0; +claudebot@anthropic.com)"
17.241.219.245 - - [04/Apr/2026:01:36:38 -0400] "GET /gender/c,f/age/60-100/hair/auburn,red/languages/cambodian HTTP/1.1" 200 17345 "-" "Mozilla/5.0 (Macintosh; Intel Mac OS X 10_15_7) AppleWebKit/605.1.15 (KHTML, like Gecko) Version/17.4 Safari/605.1.15 (Applebot/0.1; +http://www.apple.com/go/applebot)"
216.73.216.38 - - [04/Apr/2026:01:36:38 -0400] "GET /age/20-29,40-49,18-19/ethnicity/black,native,white/languages/maltese HTTP/1.1" 200 18074 "-" "Mozilla/5.0 AppleWebKit/537.36 (KHTML, like Gecko; compatible; ClaudeBot/1.0; +claudebot@anthropic.com)"
216.73.216.38 - - [04/Apr/2026:01:36:38 -0400] "GET /age/50-59/ethnicity/white,black,other,latino/languages/lithuanian HTTP/1.1" 200 17798 "-" "Mozilla/5.0 AppleWebKit/537.36 (KHTML, like Gecko; compatible; ClaudeBot/1.0; +claudebot@anthropic.com)"
74.7.227.134 - - [04/Apr/2026:01:36:38 -0400] "GET /age/50-59,20-29,18-19/ethnicity/news-leonardo-faz-homenagem-apos-morte-de-assessora-cuidou-de-mim-como-filho,native,white,east-indian,other,latino,islander,asian,black HTTP/1.1" 200 23162 "https://www.nudcam.com/age/50-59,20-29/ethnicity/news-leonardo-faz-homenagem-apos-morte-de-assessora-cuidou-de-mim-como-filho,native,white,east-indian,other,latino,islander,asian,black" "Mozilla/5.0 AppleWebKit/537.36 (KHTML, like Gecko; compatible; GPTBot/1.3; +https://openai.com/gptbot)"
216.73.216.38 - - [04/Apr/2026:01:36:38 -0400] "GET /gender/c,t,f,m/ethnicity/black,native,islander/languages/catalan HTTP/1.1" 200 18140 "-" "Mozilla/5.0 AppleWebKit/537.36 (KHTML, like Gecko; compatible; ClaudeBot/1.0; +claudebot@anthropic.com)"
216.73.216.38 - - [04/Apr/2026:01:36:38 -0400] "GET /age/60-100,20-29,50-59,40-49/ethnicity/other,native/languages/belarusian HTTP/1.1" 200 18205 "-" "Mozilla/5.0 AppleWebKit/537.36 (KHTML, like Gecko; compatible; ClaudeBot/1.0; +claudebot@anthropic.com)"
216.73.216.38 - - [04/Apr/2026:01:36:38 -0400] "GET /status/online/gender/t,m,f/age/18-19/ethnicity/native/languages/croatian HTTP/1.1" 200 18154 "-" "Mozilla/5.0 AppleWebKit/537.36 (KHTML, like Gecko; compatible; ClaudeBot/1.0; +claudebot@anthropic.com)"
144.76.32.236 - - [04/Apr/2026:01:36:38 -0400] "GET /gender/c,t,f/age/50-59,30-39/hair/red,grey HTTP/1.1" 200 17134 "-" "Mozilla/5.0 (compatible; SERankingBacklinksBot/1.0; +https://seranking.com/backlinks-crawler)"
216.73.216.38 - - [04/Apr/2026:01:36:39 -0400] "GET /gender/c,f,t,m/ethnicity/black,native,islander/languages/catalan HTTP/1.1" 200 18140 "-" "Mozilla/5.0 AppleWebKit/537.36 (KHTML, like Gecko; compatible; ClaudeBot/1.0; +claudebot@anthropic.com)"
216.73.216.38 - - [04/Apr/2026:01:36:39 -0400] "GET /gender/t/age/60-100,20-29,30-39/ethnicity/islander/languages/kashmiri HTTP/1.1" 200 17866 "-" "Mozilla/5.0 AppleWebKit/537.36 (KHTML, like Gecko; compatible; ClaudeBot/1.0; +claudebot@anthropic.com)"
216.73.216.38 - - [04/Apr/2026:01:36:39 -0400] "GET /hair/white,grey/ethnicity/islander,latino,native/languages/chinese HTTP/1.1" 200 17820 "-" "Mozilla/5.0 AppleWebKit/537.36 (KHTML, like Gecko; compatible; ClaudeBot/1.0; +claudebot@anthropic.com)"
216.73.216.38 - - [04/Apr/2026:01:36:39 -0400] "GET /gender/f,c,t/age/30-39/ethnicity/islander,black/languages/dutch HTTP/1.1" 200 17893 "-" "Mozilla/5.0 AppleWebKit/537.36 (KHTML, like Gecko; compatible; ClaudeBot/1.0; +claudebot@anthropic.com)"
17.246.23.59 - - [04/Apr/2026:01:36:39 -0400] "GET /gender/m/age/40-49/hair/red/ethnicity/native/languages/fiji HTTP/1.1" 200 17325 "-" "Mozilla/5.0 (Macintosh; Intel Mac OS X 10_15_7) AppleWebKit/605.1.15 (KHTML, like Gecko) Version/17.4 Safari/605.1.15 (Applebot/0.1; +http://www.apple.com/go/applebot)"
216.73.216.38 - - [04/Apr/2026:01:36:39 -0400] "GET /status/offline/gender/t,f,m/age/60-100/ethnicity/black,native/languages/maltese HTTP/1.1" 200 18606 "-" "Mozilla/5.0 AppleWebKit/537.36 (KHTML, like Gecko; compatible; ClaudeBot/1.0; +claudebot@anthropic.com)"
17.22.253.8 - - [04/Apr/2026:01:36:39 -0400] "GET /gender/t/age/30-39/hair/brown,red/languages/hebrew HTTP/1.1" 200 17143 "-" "Mozilla/5.0 (Macintosh; Intel Mac OS X 10_15_7) AppleWebKit/605.1.15 (KHTML, like Gecko) Version/17.4 Safari/605.1.15 (Applebot/0.1; +http://www.apple.com/go/applebot)"
216.73.216.38 - - [04/Apr/2026:01:36:39 -0400] "GET /status/online/hair/black,auburn,red/ethnicity/other/languages/estonian HTTP/1.1" 200 17906 "-" "Mozilla/5.0 AppleWebKit/537.36 (KHTML, like Gecko; compatible; ClaudeBot/1.0; +claudebot@anthropic.com)"
74.7.227.30 - - [04/Apr/2026:01:36:39 -0400] "GET /age/20-29/ethnicity/other,asian,latino,islander,native,east-indian,black,white HTTP/1.1" 200 18734 "https://nudcam.com/ethnicity/other,asian,latino,islander,native,east-indian,black,white" "Mozilla/5.0 AppleWebKit/537.36 (KHTML, like Gecko; compatible; GPTBot/1.3; +https://openai.com/gptbot)"
216.73.216.38 - - [04/Apr/2026:01:36:39 -0400] "GET /age/20-29/hair/auburn,blonde/ethnicity/latino/languages/vietnamese HTTP/1.1" 200 17591 "-" "Mozilla/5.0 AppleWebKit/537.36 (KHTML, like Gecko; compatible; ClaudeBot/1.0; +claudebot@anthropic.com)"
216.73.216.38 - - [04/Apr/2026:01:36:39 -0400] "GET /age/40-49/ethnicity/islander,latino,other,black,white/languages/german HTTP/1.1" 200 18144 "-" "Mozilla/5.0 AppleWebKit/537.36 (KHTML, like Gecko; compatible; ClaudeBot/1.0; +claudebot@anthropic.com)"
17.241.227.120 - - [04/Apr/2026:01:36:39 -0400] "GET /gender/f,t,c/age/30-39/languages/vietnamese HTTP/1.1" 200 16763 "-" "Mozilla/5.0 (Macintosh; Intel Mac OS X 10_15_7) AppleWebKit/605.1.15 (KHTML, like Gecko) Version/17.4 Safari/605.1.15 (Applebot/0.1; +http://www.apple.com/go/applebot)"
74.7.227.134 - - [04/Apr/2026:01:36:39 -0400] "GET /age/40-49,18-19,30-39/ethnicity/news-leonardo-faz-homenagem-apos-morte-de-assessora-cuidou-de-mim-como-filho,east-indian,black,asian,native,other,white,islander,latino HTTP/1.1" 200 23162 "https://www.nudcam.com/age/40-49,18-19/ethnicity/news-leonardo-faz-homenagem-apos-morte-de-assessora-cuidou-de-mim-como-filho,east-indian,black,asian,native,other,white,islander,latino" "Mozilla/5.0 AppleWebKit/537.36 (KHTML, like Gecko; compatible; GPTBot/1.3; +https://openai.com/gptbot)"
216.73.216.38 - - [04/Apr/2026:01:36:39 -0400] "GET /status/offline/age/30-39/ethnicity/other,latino,black,islander/languages/faeroese HTTP/1.1" 200 18491 "-" "Mozilla/5.0 AppleWebKit/537.36 (KHTML, like Gecko; compatible; ClaudeBot/1.0; +claudebot@anthropic.com)"
216.73.216.38 - - [04/Apr/2026:01:36:39 -0400] "GET /status/offline,online/age/50-59/hair/brown,white/languages/croatian HTTP/1.1" 200 17883 "-" "Mozilla/5.0 AppleWebKit/537.36 (KHTML, like Gecko; compatible; ClaudeBot/1.0; +claudebot@anthropic.com)"
66.249.66.67 - - [04/Apr/2026:01:36:39 -0400] "GET /hair/grey,red,white,brown,black HTTP/1.1" 200 16488 "-" "Mozilla/5.0 (Linux; Android 6.0.1; Nexus 5X Build/MMB29P) AppleWebKit/537.36 (KHTML, like Gecko) Chrome/146.0.7680.177 Mobile Safari/537.36 (compatible; Googlebot/2.1; +http://www.google.com/bot.html)"
216.73.216.38 - - [04/Apr/2026:01:36:39 -0400] "GET /status/offline/age/50-59,40-49/hair/grey,black,white/languages/faeroese HTTP/1.1" 200 18195 "-" "Mozilla/5.0 AppleWebKit/537.36 (KHTML, like Gecko; compatible; ClaudeBot/1.0; +claudebot@anthropic.com)"
216.73.216.38 - - [04/Apr/2026:01:36:40 -0400] "GET /status/offline/gender/m/age/18-19/hair/black,brown/languages/slovak HTTP/1.1" 200 17840 "-" "Mozilla/5.0 AppleWebKit/537.36 (KHTML, like Gecko; compatible; ClaudeBot/1.0; +claudebot@anthropic.com)"
216.73.216.38 - - [04/Apr/2026:01:36:40 -0400] "GET /gender/f/ethnicity/latino,native,white,black,islander/languages/hebrew HTTP/1.1" 200 18140 "-" "Mozilla/5.0 AppleWebKit/537.36 (KHTML, like Gecko; compatible; ClaudeBot/1.0; +claudebot@anthropic.com)"
54.198.33.233 - - [04/Apr/2026:01:36:40 -0400] "GET /status/offline,online/gender/c,m/age/50-59/hair/grey,red/ethnicity/islander,east-indian,white,other/sites/1 HTTP/1.1" 200 20203 "-" "Mozilla/5.0 AppleWebKit/537.36 (KHTML, like Gecko; compatible; Amazonbot/0.1; +https://developer.amazon.com/support/amazonbot) Chrome/119.0.6045.214 Safari/537.36"
216.73.216.38 - - [04/Apr/2026:01:36:40 -0400] "GET /status/online,offline/age/30-39,60-100/ethnicity/islander,white/languages/russian HTTP/1.1" 200 18498 "-" "Mozilla/5.0 AppleWebKit/537.36 (KHTML, like Gecko; compatible; ClaudeBot/1.0; +claudebot@anthropic.com)"
216.73.216.38 - - [04/Apr/2026:01:36:40 -0400] "GET /ethnicity/islander,asian,other,black,white/languages/romanian HTTP/1.1" 200 17691 "-" "Mozilla/5.0 AppleWebKit/537.36 (KHTML, like Gecko; compatible; ClaudeBot/1.0; +claudebot@anthropic.com)"
216.73.216.38 - - [04/Apr/2026:01:36:40 -0400] "GET /age/30-39,20-29/hair/grey/ethnicity/native,latino/languages/arabic HTTP/1.1" 200 17788 "-" "Mozilla/5.0 AppleWebKit/537.36 (KHTML, like Gecko; compatible; ClaudeBot/1.0; +claudebot@anthropic.com)"
216.73.216.38 - - [04/Apr/2026:01:36:40 -0400] "GET /status/offline/hair/red/ethnicity/black,native,east-indian/languages/korean HTTP/1.1" 200 18080 "-" "Mozilla/5.0 AppleWebKit/537.36 (KHTML, like Gecko; compatible; ClaudeBot/1.0; +claudebot@anthropic.com)"
216.73.216.38 - - [04/Apr/2026:01:36:40 -0400] "GET /age/40-49,20-29/hair/red,brown/ethnicity/native/languages/ukrainian HTTP/1.1" 200 17812 "-" "Mozilla/5.0 AppleWebKit/537.36 (KHTML, like Gecko; compatible; ClaudeBot/1.0; +claudebot@anthropic.com)"
74.7.227.30 - - [04/Apr/2026:01:36:40 -0400] "GET /age/40-49/ethnicity/asian,white,latino,other,native,black,east-indian,islander HTTP/1.1" 200 18734 "https://nudcam.com/ethnicity/asian,white,latino,other,native,black,east-indian,islander" "Mozilla/5.0 AppleWebKit/537.36 (KHTML, like Gecko; compatible; GPTBot/1.3; +https://openai.com/gptbot)"
216.73.216.38 - - [04/Apr/2026:01:36:40 -0400] "GET /status/offline,online/age/60-100,20-29/ethnicity/islander,asian/languages/czech HTTP/1.1" 200 18428 "-" "Mozilla/5.0 AppleWebKit/537.36 (KHTML, like Gecko; compatible; ClaudeBot/1.0; +claudebot@anthropic.com)"
17.22.237.126 - - [04/Apr/2026:01:36:40 -0400] "GET /age/50-59/ethnicity/other,asian,latino/languages/hebrew HTTP/1.1" 200 17291 "-" "Mozilla/5.0 (Macintosh; Intel Mac OS X 10_15_7) AppleWebKit/605.1.15 (KHTML, like Gecko) Version/17.4 Safari/605.1.15 (Applebot/0.1; +http://www.apple.com/go/applebot)"
74.7.227.134 - - [04/Apr/2026:01:36:40 -0400] "GET /age/18-19,20-29,30-39/ethnicity/news-leonardo-faz-homenagem-apos-morte-de-assessora-cuidou-de-mim-como-filho,asian,islander,latino,black,native,east-indian,white,other HTTP/1.1" 200 23162 "https://www.nudcam.com/age/18-19,20-29/ethnicity/news-leonardo-faz-homenagem-apos-morte-de-assessora-cuidou-de-mim-como-filho,asian,islander,latino,black,native,east-indian,white,other" "Mozilla/5.0 AppleWebKit/537.36 (KHTML, like Gecko; compatible; GPTBot/1.3; +https://openai.com/gptbot)"
216.73.216.38 - - [04/Apr/2026:01:36:40 -0400] "GET /status/offline/gender/t/age/40-49/hair/brown/ethnicity/white/languages/kazakh HTTP/1.1" 200 18069 "-" "Mozilla/5.0 AppleWebKit/537.36 (KHTML, like Gecko; compatible; ClaudeBot/1.0; +claudebot@anthropic.com)"
17.246.15.207 - - [04/Apr/2026:01:36:40 -0400] "GET /age/20-29/ethnicity/black,islander,white,native/languages/irish HTTP/1.1" 200 17724 "-" "Mozilla/5.0 (Macintosh; Intel Mac OS X 10_15_7) AppleWebKit/605.1.15 (KHTML, like Gecko) Version/17.4 Safari/605.1.15 (Applebot/0.1; +http://www.apple.com/go/applebot)"
216.73.216.38 - - [04/Apr/2026:01:36:40 -0400] "GET /gender/c/age/50-59,20-29/hair/red,grey/languages/spanish HTTP/1.1" 200 17513 "-" "Mozilla/5.0 AppleWebKit/537.36 (KHTML, like Gecko; compatible; ClaudeBot/1.0; +claudebot@anthropic.com)"
216.73.216.38 - - [04/Apr/2026:01:36:40 -0400] "GET /status/offline/gender/c,f,t/ethnicity/native,islander,asian/languages/serbian HTTP/1.1" 200 18565 "-" "Mozilla/5.0 AppleWebKit/537.36 (KHTML, like Gecko; compatible; ClaudeBot/1.0; +claudebot@anthropic.com)"
216.73.216.38 - - [04/Apr/2026:01:36:41 -0400] "GET /status/offline/gender/f/age/30-39/hair/blonde/ethnicity/islander/languages/afrikaans HTTP/1.1" 200 18300 "-" "Mozilla/5.0 AppleWebKit/537.36 (KHTML, like Gecko; compatible; ClaudeBot/1.0; +claudebot@anthropic.com)"
216.73.216.38 - - [04/Apr/2026:01:36:41 -0400] "GET /status/offline/hair/brown,white,grey,black/ethnicity/islander/languages/irish HTTP/1.1" 200 18321 "-" "Mozilla/5.0 AppleWebKit/537.36 (KHTML, like Gecko; compatible; ClaudeBot/1.0; +claudebot@anthropic.com)"
216.73.216.38 - - [04/Apr/2026:01:36:41 -0400] "GET /status/offline/gender/f,m/hair/grey,black/ethnicity/black/languages/german HTTP/1.1" 200 18214 "-" "Mozilla/5.0 AppleWebKit/537.36 (KHTML, like Gecko; compatible; ClaudeBot/1.0; +claudebot@anthropic.com)"
216.73.216.38 - - [04/Apr/2026:01:36:41 -0400] "GET /status/online/hair/grey/ethnicity/latino,black,islander/languages/russian HTTP/1.1" 200 18018 "-" "Mozilla/5.0 AppleWebKit/537.36 (KHTML, like Gecko; compatible; ClaudeBot/1.0; +claudebot@anthropic.com)"
216.73.216.38 - - [04/Apr/2026:01:36:41 -0400] "GET /age/40-49/hair/blonde,white/ethnicity/black,other/languages/swedish HTTP/1.1" 200 17827 "-" "Mozilla/5.0 AppleWebKit/537.36 (KHTML, like Gecko; compatible; ClaudeBot/1.0; +claudebot@anthropic.com)"
216.73.216.38 - - [04/Apr/2026:01:36:41 -0400] "GET /gender/c/hair/brown,white/ethnicity/white,other/languages/norwegian HTTP/1.1" 200 17827 "-" "Mozilla/5.0 AppleWebKit/537.36 (KHTML, like Gecko; compatible; ClaudeBot/1.0; +claudebot@anthropic.com)"
17.241.227.176 - - [04/Apr/2026:01:36:41 -0400] "GET /age/20-29/hair/red/ethnicity/other,native,islander,asian,black/languages/hindi HTTP/1.1" 200 18349 "-" "Mozilla/5.0 (Macintosh; Intel Mac OS X 10_15_7) AppleWebKit/605.1.15 (KHTML, like Gecko) Version/17.4 Safari/605.1.15 (Applebot/0.1; +http://www.apple.com/go/applebot)"
216.73.216.38 - - [04/Apr/2026:01:36:41 -0400] "GET /status/offline,online/ethnicity/islander,white,latino,native/languages/indonesian HTTP/1.1" 200 18528 "-" "Mozilla/5.0 AppleWebKit/537.36 (KHTML, like Gecko; compatible; ClaudeBot/1.0; +claudebot@anthropic.com)"
216.73.216.38 - - [04/Apr/2026:01:36:41 -0400] "GET /status/online/age/18-19/hair/brown,white,red,grey/languages/scots HTTP/1.1" 200 17986 "-" "Mozilla/5.0 AppleWebKit/537.36 (KHTML, like Gecko; compatible; ClaudeBot/1.0; +claudebot@anthropic.com)"
74.7.227.30 - - [04/Apr/2026:01:36:41 -0400] "GET /age/18-19/ethnicity/east-indian,black,other,islander,asian,latino,white,native HTTP/1.1" 200 18734 "https://nudcam.com/ethnicity/east-indian,black,other,islander,asian,latino,white,native" "Mozilla/5.0 AppleWebKit/537.36 (KHTML, like Gecko; compatible; GPTBot/1.3; +https://openai.com/gptbot)"
216.73.216.38 - - [04/Apr/2026:01:36:41 -0400] "GET /gender/f/age/40-49,18-19/ethnicity/white,black/languages/azerbaijani HTTP/1.1" 200 17868 "-" "Mozilla/5.0 AppleWebKit/537.36 (KHTML, like Gecko; compatible; ClaudeBot/1.0; +claudebot@anthropic.com)"
74.7.227.134 - - [04/Apr/2026:01:36:41 -0400] "GET /age/50-59,20-29,30-39/ethnicity/news-leonardo-faz-homenagem-apos-morte-de-assessora-cuidou-de-mim-como-filho,white,native,latino,other,asian,east-indian,islander,black HTTP/1.1" 200 23162 "https://www.nudcam.com/age/50-59,20-29/ethnicity/news-leonardo-faz-homenagem-apos-morte-de-assessora-cuidou-de-mim-como-filho,white,native,latino,other,asian,east-indian,islander,black" "Mozilla/5.0 AppleWebKit/537.36 (KHTML, like Gecko; compatible; GPTBot/1.3; +https://openai.com/gptbot)"
17.22.237.124 - - [04/Apr/2026:01:36:41 -0400] "GET /gender/c,t/age/50-59,20-29/hair/grey HTTP/1.1" 200 16613 "-" "Mozilla/5.0 (Macintosh; Intel Mac OS X 10_15_7) AppleWebKit/605.1.15 (KHTML, like Gecko) Version/17.4 Safari/605.1.15 (Applebot/0.1; +http://www.apple.com/go/applebot)"
216.73.216.38 - - [04/Apr/2026:01:36:41 -0400] "GET /status/online,offline/hair/grey/ethnicity/native,white,islander/languages/russian HTTP/1.1" 200 18487 "-" "Mozilla/5.0 AppleWebKit/537.36 (KHTML, like Gecko; compatible; ClaudeBot/1.0; +claudebot@anthropic.com)"
216.73.216.38 - - [04/Apr/2026:01:36:41 -0400] "GET /age/20-29/hair/blonde,black,grey,brown/languages/persian HTTP/1.1" 200 17533 "-" "Mozilla/5.0 AppleWebKit/537.36 (KHTML, like Gecko; compatible; ClaudeBot/1.0; +claudebot@anthropic.com)"
216.73.216.38 - - [04/Apr/2026:01:36:42 -0400] "GET /gender/f/hair/blonde,grey/ethnicity/black,native/languages/swedish HTTP/1.1" 200 17791 "-" "Mozilla/5.0 AppleWebKit/537.36 (KHTML, like Gecko; compatible; ClaudeBot/1.0; +claudebot@anthropic.com)"
216.73.216.38 - - [04/Apr/2026:01:36:42 -0400] "GET /hair/brown,red,black,blonde/ethnicity/white/languages/arabic HTTP/1.1" 200 17598 "-" "Mozilla/5.0 AppleWebKit/537.36 (KHTML, like Gecko; compatible; ClaudeBot/1.0; +claudebot@anthropic.com)"
216.73.216.38 - - [04/Apr/2026:01:36:42 -0400] "GET /status/offline/gender/m,c/age/20-29/ethnicity/islander,native,black/languages/hindi HTTP/1.1" 200 18740 "-" "Mozilla/5.0 AppleWebKit/537.36 (KHTML, like Gecko; compatible; ClaudeBot/1.0; +claudebot@anthropic.com)"
17.246.19.202 - - [04/Apr/2026:01:36:42 -0400] "GET /gender/m,f/hair/black/languages/italian HTTP/1.1" 200 16672 "-" "Mozilla/5.0 (Macintosh; Intel Mac OS X 10_15_7) AppleWebKit/605.1.15 (KHTML, like Gecko) Version/17.4 Safari/605.1.15 (Applebot/0.1; +http://www.apple.com/go/applebot)"
216.73.216.38 - - [04/Apr/2026:01:36:42 -0400] "GET /status/offline/gender/c/age/20-29/ethnicity/asian,black/languages/faeroese HTTP/1.1" 200 18033 "-" "Mozilla/5.0 AppleWebKit/537.36 (KHTML, like Gecko; compatible; ClaudeBot/1.0; +claudebot@anthropic.com)"
216.73.216.38 - - [04/Apr/2026:01:36:42 -0400] "GET /gender/m,f/hair/white,auburn/ethnicity/black/languages/dutch HTTP/1.1" 200 17586 "-" "Mozilla/5.0 AppleWebKit/537.36 (KHTML, like Gecko; compatible; ClaudeBot/1.0; +claudebot@anthropic.com)"
216.73.216.38 - - [04/Apr/2026:01:36:42 -0400] "GET /status/offline/ethnicity/native,black,other,latino,asian/languages/kurdish HTTP/1.1" 200 18283 "-" "Mozilla/5.0 AppleWebKit/537.36 (KHTML, like Gecko; compatible; ClaudeBot/1.0; +claudebot@anthropic.com)"
216.73.216.38 - - [04/Apr/2026:01:36:42 -0400] "GET /status/online/age/20-29/hair/black,red,grey/ethnicity/white/languages/turkish HTTP/1.1" 200 18304 "-" "Mozilla/5.0 AppleWebKit/537.36 (KHTML, like Gecko; compatible; ClaudeBot/1.0; +claudebot@anthropic.com)"
216.73.216.38 - - [04/Apr/2026:01:36:42 -0400] "GET /age/50-59/ethnicity/black,native,other,islander,white/languages/chinese HTTP/1.1" 200 18179 "-" "Mozilla/5.0 AppleWebKit/537.36 (KHTML, like Gecko; compatible; ClaudeBot/1.0; +claudebot@anthropic.com)"
216.73.216.38 - - [04/Apr/2026:01:36:42 -0400] "GET /status/offline/gender/c,f/age/40-49/hair/white/ethnicity/islander/languages/chinese HTTP/1.1" 200 18484 "-" "Mozilla/5.0 AppleWebKit/537.36 (KHTML, like Gecko; compatible; ClaudeBot/1.0; +claudebot@anthropic.com)"
74.7.227.30 - - [04/Apr/2026:01:36:42 -0400] "GET /status/online/age/40-49,30-39/ethnicity/white,other,asian,latino,islander,black,east-indian,native HTTP/1.1" 200 19871 "https://nudcam.com/age/40-49,30-39/ethnicity/white,other,asian,latino,islander,black,east-indian,native" "Mozilla/5.0 AppleWebKit/537.36 (KHTML, like Gecko; compatible; GPTBot/1.3; +https://openai.com/gptbot)"
17.241.219.250 - - [04/Apr/2026:01:36:42 -0400] "GET /ethnicity/native,other,islander,asian/languages/croatian HTTP/1.1" 200 17139 "-" "Mozilla/5.0 (Macintosh; Intel Mac OS X 10_15_7) AppleWebKit/605.1.15 (KHTML, like Gecko) Version/17.4 Safari/605.1.15 (Applebot/0.1; +http://www.apple.com/go/applebot)"
216.73.216.38 - - [04/Apr/2026:01:36:42 -0400] "GET /age/40-49,50-59/hair/white,black/ethnicity/white/languages/fiji HTTP/1.1" 200 17674 "-" "Mozilla/5.0 AppleWebKit/537.36 (KHTML, like Gecko; compatible; ClaudeBot/1.0; +claudebot@anthropic.com)"
74.7.227.134 - - [04/Apr/2026:01:36:42 -0400] "GET /age/30-39,40-49,50-59/ethnicity/news-leonardo-faz-homenagem-apos-morte-de-assessora-cuidou-de-mim-como-filho,latino,east-indian,native,black,islander,other,asian,white HTTP/1.1" 200 23162 "https://www.nudcam.com/age/30-39,40-49/ethnicity/news-leonardo-faz-homenagem-apos-morte-de-assessora-cuidou-de-mim-como-filho,latino,east-indian,native,black,islander,other,asian,white" "Mozilla/5.0 AppleWebKit/537.36 (KHTML, like Gecko; compatible; GPTBot/1.3; +https://openai.com/gptbot)"
