216.73.216.38 - - [04/Apr/2026:01:33:23 -0400] "GET /status/offline/age/20-29,30-39/hair/brown,grey,black,white HTTP/1.1" 200 17892 "-" "Mozilla/5.0 AppleWebKit/537.36 (KHTML, like Gecko; compatible; ClaudeBot/1.0; +claudebot@anthropic.com)"
216.73.216.38 - - [04/Apr/2026:01:33:23 -0400] "GET /gender/m/age/40-49/hair/white/ethnicity/latino,native,other HTTP/1.1" 200 17667 "-" "Mozilla/5.0 AppleWebKit/537.36 (KHTML, like Gecko; compatible; ClaudeBot/1.0; +claudebot@anthropic.com)"
74.7.227.30 - - [04/Apr/2026:01:33:23 -0400] "GET /age/30-39/hair/auburn/ethnicity/latino,white,islander,native,asian,other,black,east-indian HTTP/1.1" 200 19341 "https://nudcam.com/age/30-39/ethnicity/latino,white,islander,native,asian,other,black,east-indian" "Mozilla/5.0 AppleWebKit/537.36 (KHTML, like Gecko; compatible; GPTBot/1.3; +https://openai.com/gptbot)"
216.73.216.38 - - [04/Apr/2026:01:33:24 -0400] "GET /age/40-49/hair/brown,red/ethnicity/black,native,islander,white HTTP/1.1" 200 17989 "-" "Mozilla/5.0 AppleWebKit/537.36 (KHTML, like Gecko; compatible; ClaudeBot/1.0; +claudebot@anthropic.com)"
216.73.216.38 - - [04/Apr/2026:01:33:24 -0400] "GET /age/40-49/hair/brown,red/ethnicity/black,islander,native,white HTTP/1.1" 200 17989 "-" "Mozilla/5.0 AppleWebKit/537.36 (KHTML, like Gecko; compatible; ClaudeBot/1.0; +claudebot@anthropic.com)"
17.22.245.101 - - [04/Apr/2026:01:33:24 -0400] "GET /gender/m,f/age/30-39/ethnicity/white/languages/albanian HTTP/1.1" 200 17045 "-" "Mozilla/5.0 (Macintosh; Intel Mac OS X 10_15_7) AppleWebKit/605.1.15 (KHTML, like Gecko) Version/17.4 Safari/605.1.15 (Applebot/0.1; +http://www.apple.com/go/applebot)"
216.73.216.38 - - [04/Apr/2026:01:33:24 -0400] "GET /status/offline,online/gender/c/age/20-29,40-49/ethnicity/white,asian HTTP/1.1" 200 18182 "-" "Mozilla/5.0 AppleWebKit/537.36 (KHTML, like Gecko; compatible; ClaudeBot/1.0; +claudebot@anthropic.com)"
54.84.102.81 - - [04/Apr/2026:01:33:24 -0400] "GET /status/offline,online/gender/f,t,m,c/age/50-59,18-19/hair/black,red/sites/1 HTTP/1.1" 200 19092 "-" "Mozilla/5.0 AppleWebKit/537.36 (KHTML, like Gecko; compatible; Amazonbot/0.1; +https://developer.amazon.com/support/amazonbot) Chrome/119.0.6045.214 Safari/537.36"
144.76.32.236 - - [04/Apr/2026:01:33:24 -0400] "GET /gender/c,f,m/hair/black,red,auburn/sites/1 HTTP/1.1" 200 17021 "-" "Mozilla/5.0 (compatible; SERankingBacklinksBot/1.0; +https://seranking.com/backlinks-crawler)"
74.7.227.134 - - [04/Apr/2026:01:33:24 -0400] "GET /age/30-39,40-49,18-19/ethnicity/news-leonardo-faz-homenagem-apos-morte-de-assessora-cuidou-de-mim-como-filho,islander,native,white,asian,east-indian,latino,black,other HTTP/1.1" 200 23162 "https://www.nudcam.com/age/30-39,40-49/ethnicity/news-leonardo-faz-homenagem-apos-morte-de-assessora-cuidou-de-mim-como-filho,islander,native,white,asian,east-indian,latino,black,other" "Mozilla/5.0 AppleWebKit/537.36 (KHTML, like Gecko; compatible; GPTBot/1.3; +https://openai.com/gptbot)"
216.73.216.38 - - [04/Apr/2026:01:33:24 -0400] "GET /gender/t,m/age/40-49/hair/blonde,black/ethnicity/native HTTP/1.1" 200 17533 "-" "Mozilla/5.0 AppleWebKit/537.36 (KHTML, like Gecko; compatible; ClaudeBot/1.0; +claudebot@anthropic.com)"
216.73.216.38 - - [04/Apr/2026:01:33:24 -0400] "GET /status/online/age/50-59/hair/red,grey/ethnicity/native,white,islander HTTP/1.1" 200 18207 "-" "Mozilla/5.0 AppleWebKit/537.36 (KHTML, like Gecko; compatible; ClaudeBot/1.0; +claudebot@anthropic.com)"
216.73.216.38 - - [04/Apr/2026:01:33:24 -0400] "GET /gender/f/age/40-49,50-59/hair/red,white/ethnicity/white HTTP/1.1" 200 17524 "-" "Mozilla/5.0 AppleWebKit/537.36 (KHTML, like Gecko; compatible; ClaudeBot/1.0; +claudebot@anthropic.com)"
216.73.216.38 - - [04/Apr/2026:01:33:24 -0400] "GET /age/18-19/hair/grey,white/ethnicity/other,native,black,white HTTP/1.1" 200 17921 "-" "Mozilla/5.0 AppleWebKit/537.36 (KHTML, like Gecko; compatible; ClaudeBot/1.0; +claudebot@anthropic.com)"
216.73.216.38 - - [04/Apr/2026:01:33:24 -0400] "GET /status/online/age/20-29/hair/auburn,white,grey/ethnicity/islander,native HTTP/1.1" 200 18305 "-" "Mozilla/5.0 AppleWebKit/537.36 (KHTML, like Gecko; compatible; ClaudeBot/1.0; +claudebot@anthropic.com)"
216.73.216.38 - - [04/Apr/2026:01:33:24 -0400] "GET /status/offline/gender/f,t/ethnicity/other,islander,black,white,native HTTP/1.1" 200 18437 "-" "Mozilla/5.0 AppleWebKit/537.36 (KHTML, like Gecko; compatible; ClaudeBot/1.0; +claudebot@anthropic.com)"
216.73.216.38 - - [04/Apr/2026:01:33:24 -0400] "GET /status/online,offline/hair/blonde,auburn,grey/ethnicity/black HTTP/1.1" 200 17759 "-" "Mozilla/5.0 AppleWebKit/537.36 (KHTML, like Gecko; compatible; ClaudeBot/1.0; +claudebot@anthropic.com)"
216.73.216.38 - - [04/Apr/2026:01:33:24 -0400] "GET /status/online/age/60-100/hair/red/ethnicity/islander,native,black,white HTTP/1.1" 200 18269 "-" "Mozilla/5.0 AppleWebKit/537.36 (KHTML, like Gecko; compatible; ClaudeBot/1.0; +claudebot@anthropic.com)"
216.73.216.38 - - [04/Apr/2026:01:33:25 -0400] "GET /hair/brown,white,grey/ethnicity/islander,white,native,black HTTP/1.1" 200 17908 "-" "Mozilla/5.0 AppleWebKit/537.36 (KHTML, like Gecko; compatible; ClaudeBot/1.0; +claudebot@anthropic.com)"
216.73.216.38 - - [04/Apr/2026:01:33:25 -0400] "GET /gender/m/age/30-39,60-100/ethnicity/white,native,islander,black HTTP/1.1" 200 18022 "-" "Mozilla/5.0 AppleWebKit/537.36 (KHTML, like Gecko; compatible; ClaudeBot/1.0; +claudebot@anthropic.com)"
74.7.227.30 - - [04/Apr/2026:01:33:25 -0400] "GET /age/50-59,20-29/hair/brown,black/ethnicity/latino,asian,black,native,other,islander,white,east-indian HTTP/1.1" 200 20197 "https://nudcam.com/age/50-59,20-29/hair/brown/ethnicity/latino,asian,black,native,other,islander,white,east-indian" "Mozilla/5.0 AppleWebKit/537.36 (KHTML, like Gecko; compatible; GPTBot/1.3; +https://openai.com/gptbot)"
216.73.216.38 - - [04/Apr/2026:01:33:25 -0400] "GET /status/online/hair/white,auburn,red,brown/ethnicity/native,white HTTP/1.1" 200 18054 "-" "Mozilla/5.0 AppleWebKit/537.36 (KHTML, like Gecko; compatible; ClaudeBot/1.0; +claudebot@anthropic.com)"
17.22.245.231 - - [04/Apr/2026:01:33:25 -0400] "GET /gender/m/age/20-29/hair/brown,black,red/languages/hindi HTTP/1.1" 200 17254 "-" "Mozilla/5.0 (Macintosh; Intel Mac OS X 10_15_7) AppleWebKit/605.1.15 (KHTML, like Gecko) Version/17.4 Safari/605.1.15 (Applebot/0.1; +http://www.apple.com/go/applebot)"
216.73.216.38 - - [04/Apr/2026:01:33:25 -0400] "GET /gender/f,m,c/hair/red,black,grey/ethnicity/native HTTP/1.1" 200 17529 "-" "Mozilla/5.0 AppleWebKit/537.36 (KHTML, like Gecko; compatible; ClaudeBot/1.0; +claudebot@anthropic.com)"
74.7.227.134 - - [04/Apr/2026:01:33:25 -0400] "GET /age/50-59,30-39/ethnicity/news-leonardo-faz-homenagem-apos-morte-de-assessora-cuidou-de-mim-como-filho,islander,native,white,asian,east-indian,other,latino HTTP/1.1" 200 22143 "https://www.nudcam.com/age/50-59,30-39/ethnicity/news-leonardo-faz-homenagem-apos-morte-de-assessora-cuidou-de-mim-como-filho,islander,native,white,asian,east-indian,black,other,latino" "Mozilla/5.0 AppleWebKit/537.36 (KHTML, like Gecko; compatible; GPTBot/1.3; +https://openai.com/gptbot)"
216.73.216.38 - - [04/Apr/2026:01:33:25 -0400] "GET /age/20-29/hair/white,black,red/ethnicity/native,white,islander HTTP/1.1" 200 17985 "-" "Mozilla/5.0 AppleWebKit/537.36 (KHTML, like Gecko; compatible; ClaudeBot/1.0; +claudebot@anthropic.com)"
216.73.216.38 - - [04/Apr/2026:01:33:25 -0400] "GET /status/offline/gender/m/age/20-29/hair/white,red,black,grey HTTP/1.1" 200 17894 "-" "Mozilla/5.0 AppleWebKit/537.36 (KHTML, like Gecko; compatible; ClaudeBot/1.0; +claudebot@anthropic.com)"
216.73.216.38 - - [04/Apr/2026:01:33:25 -0400] "GET /status/offline,online/gender/f,t,c/ethnicity/black,asian HTTP/1.1" 200 17809 "-" "Mozilla/5.0 AppleWebKit/537.36 (KHTML, like Gecko; compatible; ClaudeBot/1.0; +claudebot@anthropic.com)"
216.73.216.38 - - [04/Apr/2026:01:33:25 -0400] "GET /age/40-49/hair/grey/ethnicity/white,asian,black,native HTTP/1.1" 200 17533 "-" "Mozilla/5.0 AppleWebKit/537.36 (KHTML, like Gecko; compatible; ClaudeBot/1.0; +claudebot@anthropic.com)"
216.73.216.38 - - [04/Apr/2026:01:33:25 -0400] "GET /age/18-19/hair/black/ethnicity/asian,islander,white HTTP/1.1" 200 17259 "-" "Mozilla/5.0 AppleWebKit/537.36 (KHTML, like Gecko; compatible; ClaudeBot/1.0; +claudebot@anthropic.com)"
216.73.216.38 - - [04/Apr/2026:01:33:25 -0400] "GET /age/50-59,40-49,20-29/hair/white,black,grey HTTP/1.1" 200 17232 "-" "Mozilla/5.0 AppleWebKit/537.36 (KHTML, like Gecko; compatible; ClaudeBot/1.0; +claudebot@anthropic.com)"
216.73.216.38 - - [04/Apr/2026:01:33:25 -0400] "GET /status/offline/gender/f/age/30-39/hair/black,brown,grey,white HTTP/1.1" 200 17964 "-" "Mozilla/5.0 AppleWebKit/537.36 (KHTML, like Gecko; compatible; ClaudeBot/1.0; +claudebot@anthropic.com)"
216.73.216.38 - - [04/Apr/2026:01:33:26 -0400] "GET /status/offline/age/50-59,30-39/ethnicity/native,black,islander,latino HTTP/1.1" 200 18237 "-" "Mozilla/5.0 AppleWebKit/537.36 (KHTML, like Gecko; compatible; ClaudeBot/1.0; +claudebot@anthropic.com)"
216.73.216.38 - - [04/Apr/2026:01:33:26 -0400] "GET /status/offline/gender/c,t/age/40-49/hair/auburn,white,grey HTTP/1.1" 200 17878 "-" "Mozilla/5.0 AppleWebKit/537.36 (KHTML, like Gecko; compatible; ClaudeBot/1.0; +claudebot@anthropic.com)"
74.7.227.30 - - [04/Apr/2026:01:33:26 -0400] "GET /age/30-39,40-49/ethnicity/latino,white,islander,native,asian,other,black,east-indian HTTP/1.1" 200 19155 "https://nudcam.com/age/30-39/ethnicity/latino,white,islander,native,asian,other,black,east-indian" "Mozilla/5.0 AppleWebKit/537.36 (KHTML, like Gecko; compatible; GPTBot/1.3; +https://openai.com/gptbot)"
216.73.216.38 - - [04/Apr/2026:01:33:26 -0400] "GET /gender/c,f/age/40-49/hair/red,grey,black,white HTTP/1.1" 200 17487 "-" "Mozilla/5.0 AppleWebKit/537.36 (KHTML, like Gecko; compatible; ClaudeBot/1.0; +claudebot@anthropic.com)"
216.73.216.38 - - [04/Apr/2026:01:33:26 -0400] "GET /status/offline/hair/brown/ethnicity/islander,native,black,east-indian HTTP/1.1" 200 18033 "-" "Mozilla/5.0 AppleWebKit/537.36 (KHTML, like Gecko; compatible; ClaudeBot/1.0; +claudebot@anthropic.com)"
74.7.227.134 - - [04/Apr/2026:01:33:26 -0400] "GET /age/30-39,40-49,50-59/ethnicity/news-leonardo-faz-homenagem-apos-morte-de-assessora-cuidou-de-mim-como-filho,islander,native,white,asian,east-indian,latino,black,other HTTP/1.1" 200 23162 "https://www.nudcam.com/age/30-39,40-49/ethnicity/news-leonardo-faz-homenagem-apos-morte-de-assessora-cuidou-de-mim-como-filho,islander,native,white,asian,east-indian,latino,black,other" "Mozilla/5.0 AppleWebKit/537.36 (KHTML, like Gecko; compatible; GPTBot/1.3; +https://openai.com/gptbot)"
216.73.216.38 - - [04/Apr/2026:01:33:26 -0400] "GET /status/online/age/60-100,20-29/hair/auburn/ethnicity/latino,native HTTP/1.1" 200 17910 "-" "Mozilla/5.0 AppleWebKit/537.36 (KHTML, like Gecko; compatible; ClaudeBot/1.0; +claudebot@anthropic.com)"
17.22.245.110 - - [04/Apr/2026:01:33:26 -0400] "GET /gender/c,f/age/50-59,18-19/hair/auburn/languages/swedish HTTP/1.1" 200 17304 "-" "Mozilla/5.0 (Macintosh; Intel Mac OS X 10_15_7) AppleWebKit/605.1.15 (KHTML, like Gecko) Version/17.4 Safari/605.1.15 (Applebot/0.1; +http://www.apple.com/go/applebot)"
216.73.216.38 - - [04/Apr/2026:01:33:26 -0400] "GET /gender/c,f/age/60-100,20-29,50-59/ethnicity/native,black HTTP/1.1" 200 17792 "-" "Mozilla/5.0 AppleWebKit/537.36 (KHTML, like Gecko; compatible; ClaudeBot/1.0; +claudebot@anthropic.com)"
216.73.216.38 - - [04/Apr/2026:01:33:26 -0400] "GET /status/online/age/30-39/hair/white,grey,red/ethnicity/white,other HTTP/1.1" 200 18067 "-" "Mozilla/5.0 AppleWebKit/537.36 (KHTML, like Gecko; compatible; ClaudeBot/1.0; +claudebot@anthropic.com)"
216.73.216.38 - - [04/Apr/2026:01:33:26 -0400] "GET /age/18-19/hair/grey,white/ethnicity/latino,native,asian HTTP/1.1" 200 17572 "-" "Mozilla/5.0 AppleWebKit/537.36 (KHTML, like Gecko; compatible; ClaudeBot/1.0; +claudebot@anthropic.com)"
216.73.216.38 - - [04/Apr/2026:01:33:26 -0400] "GET /age/50-59/ethnicity/white,asian,other,native,islander HTTP/1.1" 200 17535 "-" "Mozilla/5.0 AppleWebKit/537.36 (KHTML, like Gecko; compatible; ClaudeBot/1.0; +claudebot@anthropic.com)"
216.73.216.38 - - [04/Apr/2026:01:33:26 -0400] "GET /status/offline/age/40-49,30-39/hair/red/ethnicity/black,latino HTTP/1.1" 200 17778 "-" "Mozilla/5.0 AppleWebKit/537.36 (KHTML, like Gecko; compatible; ClaudeBot/1.0; +claudebot@anthropic.com)"
216.73.216.38 - - [04/Apr/2026:01:33:26 -0400] "GET /gender/t,m,c/age/40-49/hair/blonde,black HTTP/1.1" 200 17123 "-" "Mozilla/5.0 AppleWebKit/537.36 (KHTML, like Gecko; compatible; ClaudeBot/1.0; +claudebot@anthropic.com)"
216.73.216.38 - - [04/Apr/2026:01:33:27 -0400] "GET /status/online,offline/gender/m/age/50-59/hair/white,black HTTP/1.1" 200 17661 "-" "Mozilla/5.0 AppleWebKit/537.36 (KHTML, like Gecko; compatible; ClaudeBot/1.0; +claudebot@anthropic.com)"
216.73.216.38 - - [04/Apr/2026:01:33:27 -0400] "GET /status/online/gender/f/ethnicity/white,islander,latino,native,black HTTP/1.1" 200 18164 "-" "Mozilla/5.0 AppleWebKit/537.36 (KHTML, like Gecko; compatible; ClaudeBot/1.0; +claudebot@anthropic.com)"
74.7.227.30 - - [04/Apr/2026:01:33:27 -0400] "GET /age/30-39,20-29/ethnicity/latino,white,islander,native,asian,other,black,east-indian HTTP/1.1" 200 19155 "https://nudcam.com/age/30-39/ethnicity/latino,white,islander,native,asian,other,black,east-indian" "Mozilla/5.0 AppleWebKit/537.36 (KHTML, like Gecko; compatible; GPTBot/1.3; +https://openai.com/gptbot)"
216.73.216.38 - - [04/Apr/2026:01:33:27 -0400] "GET /status/online/gender/f/ethnicity/white,native,latino,islander,black HTTP/1.1" 200 18164 "-" "Mozilla/5.0 AppleWebKit/537.36 (KHTML, like Gecko; compatible; ClaudeBot/1.0; +claudebot@anthropic.com)"
216.73.216.38 - - [04/Apr/2026:01:33:27 -0400] "GET /age/30-39/hair/white,grey/ethnicity/native,islander,other,white HTTP/1.1" 200 18023 "-" "Mozilla/5.0 AppleWebKit/537.36 (KHTML, like Gecko; compatible; ClaudeBot/1.0; +claudebot@anthropic.com)"
216.73.216.38 - - [04/Apr/2026:01:33:27 -0400] "GET /age/30-39,40-49,60-100,20-29/ethnicity/islander,white,native HTTP/1.1" 200 17937 "-" "Mozilla/5.0 AppleWebKit/537.36 (KHTML, like Gecko; compatible; ClaudeBot/1.0; +claudebot@anthropic.com)"
216.73.216.38 - - [04/Apr/2026:01:33:27 -0400] "GET /status/online/gender/f,m/hair/grey,red/ethnicity/islander,native HTTP/1.1" 200 18044 "-" "Mozilla/5.0 AppleWebKit/537.36 (KHTML, like Gecko; compatible; ClaudeBot/1.0; +claudebot@anthropic.com)"
74.7.227.134 - - [04/Apr/2026:01:33:27 -0400] "GET /age/40-49,50-59/ethnicity/news-leonardo-faz-homenagem-apos-morte-de-assessora-cuidou-de-mim-como-filho,other,white,east-indian,islander,black,native HTTP/1.1" 200 21612 "https://www.nudcam.com/age/40-49,50-59/ethnicity/news-leonardo-faz-homenagem-apos-morte-de-assessora-cuidou-de-mim-como-filho,asian,other,white,east-indian,islander,black,native" "Mozilla/5.0 AppleWebKit/537.36 (KHTML, like Gecko; compatible; GPTBot/1.3; +https://openai.com/gptbot)"
216.73.216.38 - - [04/Apr/2026:01:33:27 -0400] "GET /status/offline/age/40-49/hair/red,black/ethnicity/white,latino,native HTTP/1.1" 200 18207 "-" "Mozilla/5.0 AppleWebKit/537.36 (KHTML, like Gecko; compatible; ClaudeBot/1.0; +claudebot@anthropic.com)"
17.22.237.218 - - [04/Apr/2026:01:33:27 -0400] "GET /gender/c,t/age/20-29/hair/brown,white/ethnicity/native/languages/irish HTTP/1.1" 200 18076 "-" "Mozilla/5.0 (Macintosh; Intel Mac OS X 10_15_7) AppleWebKit/605.1.15 (KHTML, like Gecko) Version/17.4 Safari/605.1.15 (Applebot/0.1; +http://www.apple.com/go/applebot)"
216.73.216.38 - - [04/Apr/2026:01:33:27 -0400] "GET /age/30-39/hair/black,red,white/ethnicity/white,native,islander HTTP/1.1" 200 17985 "-" "Mozilla/5.0 AppleWebKit/537.36 (KHTML, like Gecko; compatible; ClaudeBot/1.0; +claudebot@anthropic.com)"
216.73.216.38 - - [04/Apr/2026:01:33:27 -0400] "GET /gender/c,t/age/20-29,40-49,18-19,50-59 HTTP/1.1" 200 17076 "-" "Mozilla/5.0 AppleWebKit/537.36 (KHTML, like Gecko; compatible; ClaudeBot/1.0; +claudebot@anthropic.com)"
216.73.216.38 - - [04/Apr/2026:01:33:27 -0400] "GET /gender/f,m/age/30-39/ethnicity/latino,black,white,native HTTP/1.1" 200 17796 "-" "Mozilla/5.0 AppleWebKit/537.36 (KHTML, like Gecko; compatible; ClaudeBot/1.0; +claudebot@anthropic.com)"
216.73.216.38 - - [04/Apr/2026:01:33:27 -0400] "GET /gender/f,m,c/age/18-19/hair/auburn/ethnicity/other HTTP/1.1" 200 17362 "-" "Mozilla/5.0 AppleWebKit/537.36 (KHTML, like Gecko; compatible; ClaudeBot/1.0; +claudebot@anthropic.com)"
216.73.216.38 - - [04/Apr/2026:01:33:28 -0400] "GET /gender/t,f/age/60-100/hair/grey,blonde,white HTTP/1.1" 200 17254 "-" "Mozilla/5.0 AppleWebKit/537.36 (KHTML, like Gecko; compatible; ClaudeBot/1.0; +claudebot@anthropic.com)"
216.73.216.38 - - [04/Apr/2026:01:33:28 -0400] "GET /status/online/gender/m,c/hair/white,grey/ethnicity/other,native HTTP/1.1" 200 18010 "-" "Mozilla/5.0 AppleWebKit/537.36 (KHTML, like Gecko; compatible; ClaudeBot/1.0; +claudebot@anthropic.com)"
34.194.14.255 - - [04/Apr/2026:01:33:28 -0400] "GET /status/online,offline/gender/f,c,m/age/18-19,40-49,30-39/ethnicity/east-indian/languages/armenian HTTP/1.1" 200 19413 "-" "Mozilla/5.0 AppleWebKit/537.36 (KHTML, like Gecko; compatible; Amazonbot/0.1; +https://developer.amazon.com/support/amazonbot) Chrome/119.0.6045.214 Safari/537.36"
216.73.216.38 - - [04/Apr/2026:01:33:28 -0400] "GET /status/online/gender/t,f,c,m/ethnicity/islander,white,native HTTP/1.1" 200 18118 "-" "Mozilla/5.0 AppleWebKit/537.36 (KHTML, like Gecko; compatible; ClaudeBot/1.0; +claudebot@anthropic.com)"
74.7.227.30 - - [04/Apr/2026:01:33:28 -0400] "GET /age/30-39,50-59/ethnicity/latino,white,islander,native,asian,other,black,east-indian HTTP/1.1" 200 19155 "https://nudcam.com/age/30-39/ethnicity/latino,white,islander,native,asian,other,black,east-indian" "Mozilla/5.0 AppleWebKit/537.36 (KHTML, like Gecko; compatible; GPTBot/1.3; +https://openai.com/gptbot)"
216.73.216.38 - - [04/Apr/2026:01:33:28 -0400] "GET /status/offline/age/40-49,18-19/ethnicity/black,latino,native,other HTTP/1.1" 200 18135 "-" "Mozilla/5.0 AppleWebKit/537.36 (KHTML, like Gecko; compatible; ClaudeBot/1.0; +claudebot@anthropic.com)"
216.73.216.38 - - [04/Apr/2026:01:33:28 -0400] "GET /age/60-100/hair/grey,red,black/ethnicity/black,native,white HTTP/1.1" 200 17883 "-" "Mozilla/5.0 AppleWebKit/537.36 (KHTML, like Gecko; compatible; ClaudeBot/1.0; +claudebot@anthropic.com)"
144.76.32.236 - - [04/Apr/2026:01:33:28 -0400] "GET /gender/c,t,f,m/age/20-29/hair/auburn,black HTTP/1.1" 200 17130 "-" "Mozilla/5.0 (compatible; SERankingBacklinksBot/1.0; +https://seranking.com/backlinks-crawler)"
216.73.216.38 - - [04/Apr/2026:01:33:28 -0400] "GET /status/online/gender/m,c/age/30-39,50-59,20-29/ethnicity/native HTTP/1.1" 200 17988 "-" "Mozilla/5.0 AppleWebKit/537.36 (KHTML, like Gecko; compatible; ClaudeBot/1.0; +claudebot@anthropic.com)"
74.7.227.134 - - [04/Apr/2026:01:33:28 -0400] "GET /age/40-49,30-39,20-29/ethnicity/news-leonardo-faz-homenagem-apos-morte-de-assessora-cuidou-de-mim-como-filho,white,black,east-indian,latino,native,islander,other,asian HTTP/1.1" 200 23162 "https://www.nudcam.com/age/40-49,30-39/ethnicity/news-leonardo-faz-homenagem-apos-morte-de-assessora-cuidou-de-mim-como-filho,white,black,east-indian,latino,native,islander,other,asian" "Mozilla/5.0 AppleWebKit/537.36 (KHTML, like Gecko; compatible; GPTBot/1.3; +https://openai.com/gptbot)"
216.73.216.38 - - [04/Apr/2026:01:33:28 -0400] "GET /status/online,offline/ethnicity/islander,other,white,latino,native HTTP/1.1" 200 18167 "-" "Mozilla/5.0 AppleWebKit/537.36 (KHTML, like Gecko; compatible; ClaudeBot/1.0; +claudebot@anthropic.com)"
216.73.216.38 - - [04/Apr/2026:01:33:28 -0400] "GET /status/online/gender/m,f/ethnicity/islander,latino,black,native HTTP/1.1" 200 18039 "-" "Mozilla/5.0 AppleWebKit/537.36 (KHTML, like Gecko; compatible; ClaudeBot/1.0; +claudebot@anthropic.com)"
216.73.216.38 - - [04/Apr/2026:01:33:28 -0400] "GET /gender/t,f,c,m/age/40-49/ethnicity/islander,black,native HTTP/1.1" 200 17973 "-" "Mozilla/5.0 AppleWebKit/537.36 (KHTML, like Gecko; compatible; ClaudeBot/1.0; +claudebot@anthropic.com)"
17.22.237.78 - - [04/Apr/2026:01:33:28 -0400] "GET /age/18-19/hair/white/ethnicity/native,latino,east-indian/languages/albanian HTTP/1.1" 200 17863 "-" "Mozilla/5.0 (Macintosh; Intel Mac OS X 10_15_7) AppleWebKit/605.1.15 (KHTML, like Gecko) Version/17.4 Safari/605.1.15 (Applebot/0.1; +http://www.apple.com/go/applebot)"
216.73.216.38 - - [04/Apr/2026:01:33:28 -0400] "GET /age/30-39,40-49/hair/auburn,brown,red/ethnicity/islander HTTP/1.1" 200 17582 "-" "Mozilla/5.0 AppleWebKit/537.36 (KHTML, like Gecko; compatible; ClaudeBot/1.0; +claudebot@anthropic.com)"
216.73.216.38 - - [04/Apr/2026:01:33:28 -0400] "GET /status/online/gender/c,f,m/age/60-100,40-49/ethnicity/native,islander HTTP/1.1" 200 18411 "-" "Mozilla/5.0 AppleWebKit/537.36 (KHTML, like Gecko; compatible; ClaudeBot/1.0; +claudebot@anthropic.com)"
216.73.216.38 - - [04/Apr/2026:01:33:29 -0400] "GET /gender/m,t,c/hair/auburn,white/ethnicity/black HTTP/1.1" 200 17260 "-" "Mozilla/5.0 AppleWebKit/537.36 (KHTML, like Gecko; compatible; ClaudeBot/1.0; +claudebot@anthropic.com)"
216.73.216.38 - - [04/Apr/2026:01:33:29 -0400] "GET /status/offline/gender/t/hair/black,grey/ethnicity/islander,asian HTTP/1.1" 200 17844 "-" "Mozilla/5.0 AppleWebKit/537.36 (KHTML, like Gecko; compatible; ClaudeBot/1.0; +claudebot@anthropic.com)"
216.73.216.38 - - [04/Apr/2026:01:33:29 -0400] "GET /hair/brown,grey,white/ethnicity/native,other,white,black HTTP/1.1" 200 17806 "-" "Mozilla/5.0 AppleWebKit/537.36 (KHTML, like Gecko; compatible; ClaudeBot/1.0; +claudebot@anthropic.com)"
216.73.216.38 - - [04/Apr/2026:01:33:29 -0400] "GET /gender/f,m/age/18-19,40-49/ethnicity/white,other,black HTTP/1.1" 200 17729 "-" "Mozilla/5.0 AppleWebKit/537.36 (KHTML, like Gecko; compatible; ClaudeBot/1.0; +claudebot@anthropic.com)"
74.7.227.30 - - [04/Apr/2026:01:33:29 -0400] "GET /age/30-39,18-19/ethnicity/latino,white,islander,native,asian,other,black,east-indian HTTP/1.1" 200 19155 "https://nudcam.com/age/30-39/ethnicity/latino,white,islander,native,asian,other,black,east-indian" "Mozilla/5.0 AppleWebKit/537.36 (KHTML, like Gecko; compatible; GPTBot/1.3; +https://openai.com/gptbot)"
216.73.216.38 - - [04/Apr/2026:01:33:29 -0400] "GET /age/40-49/hair/grey,blonde,black,white/ethnicity/white,native HTTP/1.1" 200 17947 "-" "Mozilla/5.0 AppleWebKit/537.36 (KHTML, like Gecko; compatible; ClaudeBot/1.0; +claudebot@anthropic.com)"
216.73.216.38 - - [04/Apr/2026:01:33:29 -0400] "GET /status/offline/gender/m,c,t/hair/red,grey/ethnicity/white HTTP/1.1" 200 17784 "-" "Mozilla/5.0 AppleWebKit/537.36 (KHTML, like Gecko; compatible; ClaudeBot/1.0; +claudebot@anthropic.com)"
74.7.227.134 - - [04/Apr/2026:01:33:29 -0400] "GET /age/40-49,30-39,18-19/ethnicity/news-leonardo-faz-homenagem-apos-morte-de-assessora-cuidou-de-mim-como-filho,white,black,east-indian,latino,native,islander,other,asian HTTP/1.1" 200 23162 "https://www.nudcam.com/age/40-49,30-39/ethnicity/news-leonardo-faz-homenagem-apos-morte-de-assessora-cuidou-de-mim-como-filho,white,black,east-indian,latino,native,islander,other,asian" "Mozilla/5.0 AppleWebKit/537.36 (KHTML, like Gecko; compatible; GPTBot/1.3; +https://openai.com/gptbot)"
216.73.216.38 - - [04/Apr/2026:01:33:29 -0400] "GET /gender/c,m,t/age/20-29/ethnicity/islander,native,asian HTTP/1.1" 200 17726 "-" "Mozilla/5.0 AppleWebKit/537.36 (KHTML, like Gecko; compatible; ClaudeBot/1.0; +claudebot@anthropic.com)"
216.73.216.38 - - [04/Apr/2026:01:33:29 -0400] "GET /status/offline/gender/t,m/age/50-59,60-100,18-19/ethnicity/native HTTP/1.1" 200 18055 "-" "Mozilla/5.0 AppleWebKit/537.36 (KHTML, like Gecko; compatible; ClaudeBot/1.0; +claudebot@anthropic.com)"
216.73.216.38 - - [04/Apr/2026:01:33:29 -0400] "GET /status/offline/age/50-59,20-29/hair/red,grey/ethnicity/latino HTTP/1.1" 200 17731 "-" "Mozilla/5.0 AppleWebKit/537.36 (KHTML, like Gecko; compatible; ClaudeBot/1.0; +claudebot@anthropic.com)"
216.73.216.38 - - [04/Apr/2026:01:33:29 -0400] "GET /status/online/gender/m/age/18-19,60-100/hair/white,brown HTTP/1.1" 200 17621 "-" "Mozilla/5.0 AppleWebKit/537.36 (KHTML, like Gecko; compatible; ClaudeBot/1.0; +claudebot@anthropic.com)"
216.73.216.38 - - [04/Apr/2026:01:33:29 -0400] "GET /gender/c,m/age/40-49/hair/blonde,auburn,red HTTP/1.1" 200 17220 "-" "Mozilla/5.0 AppleWebKit/537.36 (KHTML, like Gecko; compatible; ClaudeBot/1.0; +claudebot@anthropic.com)"
17.22.245.251 - - [04/Apr/2026:01:33:30 -0400] "GET /status/offline,online/age/50-59/hair/blonde/languages/hindi HTTP/1.1" 200 17220 "-" "Mozilla/5.0 (Macintosh; Intel Mac OS X 10_15_7) AppleWebKit/605.1.15 (KHTML, like Gecko) Version/17.4 Safari/605.1.15 (Applebot/0.1; +http://www.apple.com/go/applebot)"
216.73.216.38 - - [04/Apr/2026:01:33:30 -0400] "GET /status/online/hair/red/ethnicity/other,white,native,black,islander HTTP/1.1" 200 18124 "-" "Mozilla/5.0 AppleWebKit/537.36 (KHTML, like Gecko; compatible; ClaudeBot/1.0; +claudebot@anthropic.com)"
216.73.216.38 - - [04/Apr/2026:01:33:30 -0400] "GET /age/40-49/hair/white,brown/ethnicity/latino,east-indian HTTP/1.1" 200 17393 "-" "Mozilla/5.0 AppleWebKit/537.36 (KHTML, like Gecko; compatible; ClaudeBot/1.0; +claudebot@anthropic.com)"
216.73.216.38 - - [04/Apr/2026:01:33:30 -0400] "GET /age/40-49/hair/grey,blonde/ethnicity/latino,native,other HTTP/1.1" 200 17605 "-" "Mozilla/5.0 AppleWebKit/537.36 (KHTML, like Gecko; compatible; ClaudeBot/1.0; +claudebot@anthropic.com)"
216.73.216.38 - - [04/Apr/2026:01:33:30 -0400] "GET /status/online/age/40-49,50-59,30-39/hair/auburn,grey HTTP/1.1" 200 17513 "-" "Mozilla/5.0 AppleWebKit/537.36 (KHTML, like Gecko; compatible; ClaudeBot/1.0; +claudebot@anthropic.com)"
74.7.227.30 - - [04/Apr/2026:01:33:30 -0400] "GET /age/20-29,40-49/ethnicity/islander,east-indian,white,other,latino,native,asian,black HTTP/1.1" 200 19155 "https://nudcam.com/age/20-29,40-49/ethnicity/islander,east-indian,white,other,latino,native,asian" "Mozilla/5.0 AppleWebKit/537.36 (KHTML, like Gecko; compatible; GPTBot/1.3; +https://openai.com/gptbot)"
216.73.216.38 - - [04/Apr/2026:01:33:30 -0400] "GET /age/30-39,40-49/ethnicity/latino,islander,native,black,white HTTP/1.1" 200 17951 "-" "Mozilla/5.0 AppleWebKit/537.36 (KHTML, like Gecko; compatible; ClaudeBot/1.0; +claudebot@anthropic.com)"
216.73.216.38 - - [04/Apr/2026:01:33:30 -0400] "GET /hair/white,grey,brown,black/ethnicity/white,native,black HTTP/1.1" 200 17802 "-" "Mozilla/5.0 AppleWebKit/537.36 (KHTML, like Gecko; compatible; ClaudeBot/1.0; +claudebot@anthropic.com)"
216.73.216.38 - - [04/Apr/2026:01:33:30 -0400] "GET /age/30-39/hair/grey,auburn,blonde,white/ethnicity/other HTTP/1.1" 200 17544 "-" "Mozilla/5.0 AppleWebKit/537.36 (KHTML, like Gecko; compatible; ClaudeBot/1.0; +claudebot@anthropic.com)"
74.7.227.134 - - [04/Apr/2026:01:33:30 -0400] "GET /age/40-49,30-39/ethnicity/news-leonardo-faz-homenagem-apos-morte-de-assessora-cuidou-de-mim-como-filho,white,black,east-indian,latino,native,islander,other HTTP/1.1" 200 22143 "https://www.nudcam.com/age/40-49,30-39/ethnicity/news-leonardo-faz-homenagem-apos-morte-de-assessora-cuidou-de-mim-como-filho,white,black,east-indian,latino,native,islander,other,asian" "Mozilla/5.0 AppleWebKit/537.36 (KHTML, like Gecko; compatible; GPTBot/1.3; +https://openai.com/gptbot)"
216.73.216.38 - - [04/Apr/2026:01:33:30 -0400] "GET /age/20-29/hair/grey,white,auburn,blonde/ethnicity/islander HTTP/1.1" 200 17643 "-" "Mozilla/5.0 AppleWebKit/537.36 (KHTML, like Gecko; compatible; ClaudeBot/1.0; +claudebot@anthropic.com)"
216.73.216.38 - - [04/Apr/2026:01:33:30 -0400] "GET /status/offline/gender/c/age/40-49/hair/brown/ethnicity/islander,native,other HTTP/1.1" 200 18410 "-" "Mozilla/5.0 AppleWebKit/537.36 (KHTML, like Gecko; compatible; ClaudeBot/1.0; +claudebot@anthropic.com)"
216.73.216.38 - - [04/Apr/2026:01:33:30 -0400] "GET /age/50-59/hair/auburn,grey,white/ethnicity/latino,native HTTP/1.1" 200 17601 "-" "Mozilla/5.0 AppleWebKit/537.36 (KHTML, like Gecko; compatible; ClaudeBot/1.0; +claudebot@anthropic.com)"
216.73.216.38 - - [04/Apr/2026:01:33:30 -0400] "GET /age/50-59,60-100,40-49/hair/auburn,black,grey HTTP/1.1" 200 17298 "-" "Mozilla/5.0 AppleWebKit/537.36 (KHTML, like Gecko; compatible; ClaudeBot/1.0; +claudebot@anthropic.com)"
216.73.216.38 - - [04/Apr/2026:01:33:31 -0400] "GET /age/18-19,50-59,20-29/hair/brown,white,grey HTTP/1.1" 200 17232 "-" "Mozilla/5.0 AppleWebKit/537.36 (KHTML, like Gecko; compatible; ClaudeBot/1.0; +claudebot@anthropic.com)"
216.73.216.38 - - [04/Apr/2026:01:33:31 -0400] "GET /age/18-19,30-39/hair/red/ethnicity/islander,white,other HTTP/1.1" 200 17567 "-" "Mozilla/5.0 AppleWebKit/537.36 (KHTML, like Gecko; compatible; ClaudeBot/1.0; +claudebot@anthropic.com)"
216.73.216.38 - - [04/Apr/2026:01:33:31 -0400] "GET /age/50-59,18-19,30-39/hair/red,grey,white HTTP/1.1" 200 17166 "-" "Mozilla/5.0 AppleWebKit/537.36 (KHTML, like Gecko; compatible; ClaudeBot/1.0; +claudebot@anthropic.com)"
216.73.216.38 - - [04/Apr/2026:01:33:31 -0400] "GET /status/offline/hair/brown,black/ethnicity/latino,black,islander HTTP/1.1" 200 17841 "-" "Mozilla/5.0 AppleWebKit/537.36 (KHTML, like Gecko; compatible; ClaudeBot/1.0; +claudebot@anthropic.com)"
17.22.253.192 - - [04/Apr/2026:01:33:31 -0400] "GET /age/30-39/hair/red/languages/estonian HTTP/1.1" 200 16446 "-" "Mozilla/5.0 (Macintosh; Intel Mac OS X 10_15_7) AppleWebKit/605.1.15 (KHTML, like Gecko) Version/17.4 Safari/605.1.15 (Applebot/0.1; +http://www.apple.com/go/applebot)"
74.7.227.30 - - [04/Apr/2026:01:33:31 -0400] "GET /age/18-19,50-59/ethnicity/east-indian,white,asian,other,latino,islander,native HTTP/1.1" 200 18735 "https://nudcam.com/age/18-19/ethnicity/east-indian,white,asian,other,latino,islander,native" "Mozilla/5.0 AppleWebKit/537.36 (KHTML, like Gecko; compatible; GPTBot/1.3; +https://openai.com/gptbot)"
216.73.216.38 - - [04/Apr/2026:01:33:31 -0400] "GET /status/offline/gender/t,f,c/hair/grey,auburn,white HTTP/1.1" 200 17630 "-" "Mozilla/5.0 AppleWebKit/537.36 (KHTML, like Gecko; compatible; ClaudeBot/1.0; +claudebot@anthropic.com)"
216.73.216.38 - - [04/Apr/2026:01:33:31 -0400] "GET /status/online/gender/f,m/ethnicity/latino,islander,native,black HTTP/1.1" 200 18039 "-" "Mozilla/5.0 AppleWebKit/537.36 (KHTML, like Gecko; compatible; ClaudeBot/1.0; +claudebot@anthropic.com)"
85.208.96.197 - - [04/Apr/2026:01:33:31 -0400] "GET /age/30-39/ethnicity/other,east-indian,latino HTTP/1.1" 403 - "-" "Mozilla/5.0 (compatible; SemrushBot/7~bl; +http://www.semrush.com/bot.html)"
216.73.216.38 - - [04/Apr/2026:01:33:31 -0400] "GET /age/40-49/hair/grey,black,white/ethnicity/other,white,black HTTP/1.1" 200 17883 "-" "Mozilla/5.0 AppleWebKit/537.36 (KHTML, like Gecko; compatible; ClaudeBot/1.0; +claudebot@anthropic.com)"
74.7.227.134 - - [04/Apr/2026:01:33:31 -0400] "GET /age/20-29,18-19,50-59/ethnicity/news-leonardo-faz-homenagem-apos-morte-de-assessora-cuidou-de-mim-como-filho,islander,east-indian,black,native,latino,other,asian,white HTTP/1.1" 200 23162 "https://www.nudcam.com/age/20-29,18-19/ethnicity/news-leonardo-faz-homenagem-apos-morte-de-assessora-cuidou-de-mim-como-filho,islander,east-indian,black,native,latino,other,asian,white" "Mozilla/5.0 AppleWebKit/537.36 (KHTML, like Gecko; compatible; GPTBot/1.3; +https://openai.com/gptbot)"
216.73.216.38 - - [04/Apr/2026:01:33:31 -0400] "GET /gender/c/age/18-19,30-39,40-49/ethnicity/native,black,white HTTP/1.1" 200 17881 "-" "Mozilla/5.0 AppleWebKit/537.36 (KHTML, like Gecko; compatible; ClaudeBot/1.0; +claudebot@anthropic.com)"
216.73.216.38 - - [04/Apr/2026:01:33:31 -0400] "GET /status/offline/hair/blonde,black/ethnicity/latino,native,other HTTP/1.1" 200 17808 "-" "Mozilla/5.0 AppleWebKit/537.36 (KHTML, like Gecko; compatible; ClaudeBot/1.0; +claudebot@anthropic.com)"
216.73.216.38 - - [04/Apr/2026:01:33:31 -0400] "GET /age/30-39,50-59,20-29,40-49/ethnicity/white,native,other HTTP/1.1" 200 17801 "-" "Mozilla/5.0 AppleWebKit/537.36 (KHTML, like Gecko; compatible; ClaudeBot/1.0; +claudebot@anthropic.com)"
216.73.216.38 - - [04/Apr/2026:01:33:31 -0400] "GET /status/online/hair/grey,blonde,white/ethnicity/white,black,native HTTP/1.1" 200 18092 "-" "Mozilla/5.0 AppleWebKit/537.36 (KHTML, like Gecko; compatible; ClaudeBot/1.0; +claudebot@anthropic.com)"
216.73.216.38 - - [04/Apr/2026:01:33:32 -0400] "GET /status/offline/gender/f/age/18-19/hair/red,white,grey,black HTTP/1.1" 200 17896 "-" "Mozilla/5.0 AppleWebKit/537.36 (KHTML, like Gecko; compatible; ClaudeBot/1.0; +claudebot@anthropic.com)"
216.73.216.38 - - [04/Apr/2026:01:33:32 -0400] "GET /status/offline,online/age/30-39,40-49/hair/brown/ethnicity/native,white HTTP/1.1" 200 18278 "-" "Mozilla/5.0 AppleWebKit/537.36 (KHTML, like Gecko; compatible; ClaudeBot/1.0; +claudebot@anthropic.com)"
216.73.216.38 - - [04/Apr/2026:01:33:32 -0400] "GET /gender/t,m/age/60-100/hair/black,white/ethnicity/black HTTP/1.1" 200 17500 "-" "Mozilla/5.0 AppleWebKit/537.36 (KHTML, like Gecko; compatible; ClaudeBot/1.0; +claudebot@anthropic.com)"
216.73.216.38 - - [04/Apr/2026:01:33:32 -0400] "GET /gender/t,f,m/age/30-39/hair/blonde,white HTTP/1.1" 200 17123 "-" "Mozilla/5.0 AppleWebKit/537.36 (KHTML, like Gecko; compatible; ClaudeBot/1.0; +claudebot@anthropic.com)"
52.7.33.248 - - [04/Apr/2026:01:33:32 -0400] "GET /status/offline/gender/m/age/30-39,60-100,40-49/hair/red,white/ethnicity/native,islander/languages/hindi HTTP/1.1" 200 19594 "-" "Mozilla/5.0 AppleWebKit/537.36 (KHTML, like Gecko; compatible; Amazonbot/0.1; +https://developer.amazon.com/support/amazonbot) Chrome/119.0.6045.214 Safari/537.36"
216.73.216.38 - - [04/Apr/2026:01:33:32 -0400] "GET /age/60-100,30-39/hair/white/ethnicity/other,native,latino HTTP/1.1" 200 17633 "-" "Mozilla/5.0 AppleWebKit/537.36 (KHTML, like Gecko; compatible; ClaudeBot/1.0; +claudebot@anthropic.com)"
17.22.237.246 - - [04/Apr/2026:01:33:32 -0400] "GET /gender/t,c,f/age/50-59,20-29/hair/auburn,white/languages/thai HTTP/1.1" 200 17824 "-" "Mozilla/5.0 (Macintosh; Intel Mac OS X 10_15_7) AppleWebKit/605.1.15 (KHTML, like Gecko) Version/17.4 Safari/605.1.15 (Applebot/0.1; +http://www.apple.com/go/applebot)"
74.7.227.30 - - [04/Apr/2026:01:33:32 -0400] "GET /age/20-29,30-39/hair/brown,white,blonde/ethnicity/east-indian,islander,native,white,other,latino,asian,black HTTP/1.1" 200 20694 "https://nudcam.com/age/20-29/hair/brown,white,blonde/ethnicity/east-indian,islander,native,white,other,latino,asian,black" "Mozilla/5.0 AppleWebKit/537.36 (KHTML, like Gecko; compatible; GPTBot/1.3; +https://openai.com/gptbot)"
216.73.216.38 - - [04/Apr/2026:01:33:32 -0400] "GET /gender/t,c/hair/red,grey,white,blonde HTTP/1.1" 200 17044 "-" "Mozilla/5.0 AppleWebKit/537.36 (KHTML, like Gecko; compatible; ClaudeBot/1.0; +claudebot@anthropic.com)"
216.73.216.38 - - [04/Apr/2026:01:33:32 -0400] "GET /gender/t,c,f/hair/black,grey/ethnicity/asian HTTP/1.1" 200 17196 "-" "Mozilla/5.0 AppleWebKit/537.36 (KHTML, like Gecko; compatible; ClaudeBot/1.0; +claudebot@anthropic.com)"
144.76.32.236 - - [04/Apr/2026:01:33:32 -0400] "GET /gender/f,m,c,t/age/20-29/hair/auburn,black HTTP/1.1" 200 17130 "-" "Mozilla/5.0 (compatible; SERankingBacklinksBot/1.0; +https://seranking.com/backlinks-crawler)"
216.73.216.38 - - [04/Apr/2026:01:33:32 -0400] "GET /gender/c/age/40-49/ethnicity/black,white,latino,islander,native HTTP/1.1" 200 18023 "-" "Mozilla/5.0 AppleWebKit/537.36 (KHTML, like Gecko; compatible; ClaudeBot/1.0; +claudebot@anthropic.com)"
74.7.227.134 - - [04/Apr/2026:01:33:32 -0400] "GET /age/18-19,20-29,30-39/ethnicity/news-leonardo-faz-homenagem-apos-morte-de-assessora-cuidou-de-mim-como-filho,black,other,white,east-indian,asian,islander,latino,native HTTP/1.1" 200 23162 "https://www.nudcam.com/age/18-19,20-29/ethnicity/news-leonardo-faz-homenagem-apos-morte-de-assessora-cuidou-de-mim-como-filho,black,other,white,east-indian,asian,islander,latino,native" "Mozilla/5.0 AppleWebKit/537.36 (KHTML, like Gecko; compatible; GPTBot/1.3; +https://openai.com/gptbot)"
216.73.216.38 - - [04/Apr/2026:01:33:32 -0400] "GET /gender/m,f/hair/black,blonde,brown,grey HTTP/1.1" 200 17109 "-" "Mozilla/5.0 AppleWebKit/537.36 (KHTML, like Gecko; compatible; ClaudeBot/1.0; +claudebot@anthropic.com)"
216.73.216.38 - - [04/Apr/2026:01:33:32 -0400] "GET /gender/t,c/age/40-49,60-100/ethnicity/white,latino HTTP/1.1" 200 17420 "-" "Mozilla/5.0 AppleWebKit/537.36 (KHTML, like Gecko; compatible; ClaudeBot/1.0; +claudebot@anthropic.com)"
216.73.216.38 - - [04/Apr/2026:01:33:32 -0400] "GET /gender/f,c/hair/brown,black/ethnicity/black,islander HTTP/1.1" 200 17482 "-" "Mozilla/5.0 AppleWebKit/537.36 (KHTML, like Gecko; compatible; ClaudeBot/1.0; +claudebot@anthropic.com)"
216.73.216.38 - - [04/Apr/2026:01:33:33 -0400] "GET /gender/m,c,t,f/age/40-49/ethnicity/black,islander,native HTTP/1.1" 200 17973 "-" "Mozilla/5.0 AppleWebKit/537.36 (KHTML, like Gecko; compatible; ClaudeBot/1.0; +claudebot@anthropic.com)"
216.73.216.38 - - [04/Apr/2026:01:33:33 -0400] "GET /age/60-100/hair/blonde,red/ethnicity/islander,black,white HTTP/1.1" 200 17638 "-" "Mozilla/5.0 AppleWebKit/537.36 (KHTML, like Gecko; compatible; ClaudeBot/1.0; +claudebot@anthropic.com)"
216.73.216.38 - - [04/Apr/2026:01:33:33 -0400] "GET /age/50-59/hair/red/ethnicity/black,native,other,asian HTTP/1.1" 200 17500 "-" "Mozilla/5.0 AppleWebKit/537.36 (KHTML, like Gecko; compatible; ClaudeBot/1.0; +claudebot@anthropic.com)"
216.73.216.38 - - [04/Apr/2026:01:33:33 -0400] "GET /status/offline/age/20-29/ethnicity/asian,black,white,islander,native HTTP/1.1" 200 18202 "-" "Mozilla/5.0 AppleWebKit/537.36 (KHTML, like Gecko; compatible; ClaudeBot/1.0; +claudebot@anthropic.com)"
216.73.216.38 - - [04/Apr/2026:01:33:33 -0400] "GET /status/offline/gender/m,f/age/18-19,30-39/ethnicity/islander,black,native HTTP/1.1" 200 18552 "-" "Mozilla/5.0 AppleWebKit/537.36 (KHTML, like Gecko; compatible; ClaudeBot/1.0; +claudebot@anthropic.com)"
216.73.216.38 - - [04/Apr/2026:01:33:33 -0400] "GET /status/offline/gender/f,c/age/50-59/ethnicity/black,native,islander,white HTTP/1.1" 200 18553 "-" "Mozilla/5.0 AppleWebKit/537.36 (KHTML, like Gecko; compatible; ClaudeBot/1.0; +claudebot@anthropic.com)"
74.7.227.30 - - [04/Apr/2026:01:33:33 -0400] "GET /age/20-29,50-59/ethnicity/islander,east-indian,white,other,latino,native,asian,black HTTP/1.1" 200 19155 "https://nudcam.com/age/20-29,50-59/ethnicity/islander,east-indian,white,other,latino,native,asian" "Mozilla/5.0 AppleWebKit/537.36 (KHTML, like Gecko; compatible; GPTBot/1.3; +https://openai.com/gptbot)"
216.73.216.38 - - [04/Apr/2026:01:33:33 -0400] "GET /status/online/hair/black/ethnicity/white,latino,other,black HTTP/1.1" 200 17703 "-" "Mozilla/5.0 AppleWebKit/537.36 (KHTML, like Gecko; compatible; ClaudeBot/1.0; +claudebot@anthropic.com)"
216.73.216.38 - - [04/Apr/2026:01:33:33 -0400] "GET /gender/f,m,c/ethnicity/native,islander,latino,black HTTP/1.1" 200 17650 "-" "Mozilla/5.0 AppleWebKit/537.36 (KHTML, like Gecko; compatible; ClaudeBot/1.0; +claudebot@anthropic.com)"
17.22.237.89 - - [04/Apr/2026:01:33:33 -0400] "GET /age/30-39,40-49/hair/white/ethnicity/asian/languages/estonian HTTP/1.1" 200 17215 "-" "Mozilla/5.0 (Macintosh; Intel Mac OS X 10_15_7) AppleWebKit/605.1.15 (KHTML, like Gecko) Version/17.4 Safari/605.1.15 (Applebot/0.1; +http://www.apple.com/go/applebot)"
216.73.216.38 - - [04/Apr/2026:01:33:33 -0400] "GET /gender/m,f,c/ethnicity/native,latino,islander,black HTTP/1.1" 200 17650 "-" "Mozilla/5.0 AppleWebKit/537.36 (KHTML, like Gecko; compatible; ClaudeBot/1.0; +claudebot@anthropic.com)"
185.191.171.14 - - [04/Apr/2026:01:33:33 -0400] "GET /robots.txt HTTP/1.1" 403 - "-" "Mozilla/5.0 (compatible; SemrushBot/7~bl; +http://www.semrush.com/bot.html)"
216.73.216.38 - - [04/Apr/2026:01:33:33 -0400] "GET /gender/t,f/hair/auburn,white/ethnicity/islander,white HTTP/1.1" 200 17514 "-" "Mozilla/5.0 AppleWebKit/537.36 (KHTML, like Gecko; compatible; ClaudeBot/1.0; +claudebot@anthropic.com)"
216.73.216.38 - - [04/Apr/2026:01:33:34 -0400] "GET /gender/t,f,m/age/30-39/hair/white,blonde HTTP/1.1" 200 17123 "-" "Mozilla/5.0 AppleWebKit/537.36 (KHTML, like Gecko; compatible; ClaudeBot/1.0; +claudebot@anthropic.com)"
74.7.227.134 - - [04/Apr/2026:01:33:34 -0400] "GET /age/50-59,30-39/ethnicity/news-leonardo-faz-homenagem-apos-morte-de-assessora-cuidou-de-mim-como-filho,islander,native,latino,black,other,white,asian HTTP/1.1" 200 21921 "https://www.nudcam.com/age/50-59,30-39/ethnicity/news-leonardo-faz-homenagem-apos-morte-de-assessora-cuidou-de-mim-como-filho,islander,native,latino,east-indian,black,other,white,asian" "Mozilla/5.0 AppleWebKit/537.36 (KHTML, like Gecko; compatible; GPTBot/1.3; +https://openai.com/gptbot)"
216.73.216.38 - - [04/Apr/2026:01:33:34 -0400] "GET /status/offline/gender/t,c,f/age/40-49/ethnicity/white,east-indian HTTP/1.1" 200 18082 "-" "Mozilla/5.0 AppleWebKit/537.36 (KHTML, like Gecko; compatible; ClaudeBot/1.0; +claudebot@anthropic.com)"
216.73.216.38 - - [04/Apr/2026:01:33:34 -0400] "GET /status/online/hair/white,brown,black/ethnicity/native,white,islander HTTP/1.1" 200 18194 "-" "Mozilla/5.0 AppleWebKit/537.36 (KHTML, like Gecko; compatible; ClaudeBot/1.0; +claudebot@anthropic.com)"
216.73.216.38 - - [04/Apr/2026:01:33:34 -0400] "GET /status/online/age/18-19,30-39/hair/auburn,black,brown HTTP/1.1" 200 17549 "-" "Mozilla/5.0 AppleWebKit/537.36 (KHTML, like Gecko; compatible; ClaudeBot/1.0; +claudebot@anthropic.com)"
216.73.216.38 - - [04/Apr/2026:01:33:34 -0400] "GET /status/online/gender/m,f/hair/white,brown/ethnicity/native,white HTTP/1.1" 200 18044 "-" "Mozilla/5.0 AppleWebKit/537.36 (KHTML, like Gecko; compatible; ClaudeBot/1.0; +claudebot@anthropic.com)"
216.73.216.38 - - [04/Apr/2026:01:33:34 -0400] "GET /status/offline/age/30-39,50-59,60-100/hair/blonde,red HTTP/1.1" 200 17546 "-" "Mozilla/5.0 AppleWebKit/537.36 (KHTML, like Gecko; compatible; ClaudeBot/1.0; +claudebot@anthropic.com)"
216.73.216.38 - - [04/Apr/2026:01:33:34 -0400] "GET /age/40-49/hair/grey,brown,blonde,auburn/ethnicity/other HTTP/1.1" 200 17544 "-" "Mozilla/5.0 AppleWebKit/537.36 (KHTML, like Gecko; compatible; ClaudeBot/1.0; +claudebot@anthropic.com)"
74.7.227.30 - - [04/Apr/2026:01:33:34 -0400] "GET /age/20-29,40-49/ethnicity/other,islander,black,native,latino,white,asian,east-indian HTTP/1.1" 200 19155 "https://nudcam.com/age/20-29/ethnicity/other,islander,black,native,latino,white,asian,east-indian" "Mozilla/5.0 AppleWebKit/537.36 (KHTML, like Gecko; compatible; GPTBot/1.3; +https://openai.com/gptbot)"
216.73.216.38 - - [04/Apr/2026:01:33:34 -0400] "GET /age/18-19,40-49/hair/brown,black,blonde,grey HTTP/1.1" 200 17268 "-" "Mozilla/5.0 AppleWebKit/537.36 (KHTML, like Gecko; compatible; ClaudeBot/1.0; +claudebot@anthropic.com)"
216.73.216.38 - - [04/Apr/2026:01:33:34 -0400] "GET /status/offline/age/40-49,30-39,20-29/ethnicity/white,islander,asian HTTP/1.1" 200 18162 "-" "Mozilla/5.0 AppleWebKit/537.36 (KHTML, like Gecko; compatible; ClaudeBot/1.0; +claudebot@anthropic.com)"
216.73.216.38 - - [04/Apr/2026:01:33:34 -0400] "GET /status/offline/gender/c,m/age/40-49/hair/brown,auburn,white HTTP/1.1" 200 17911 "-" "Mozilla/5.0 AppleWebKit/537.36 (KHTML, like Gecko; compatible; ClaudeBot/1.0; +claudebot@anthropic.com)"
216.73.216.38 - - [04/Apr/2026:01:33:34 -0400] "GET /age/30-39,20-29/hair/white,grey,brown,blonde HTTP/1.1" 200 17268 "-" "Mozilla/5.0 AppleWebKit/537.36 (KHTML, like Gecko; compatible; ClaudeBot/1.0; +claudebot@anthropic.com)"
216.73.216.38 - - [04/Apr/2026:01:33:34 -0400] "GET /status/offline/age/18-19,40-49,20-29,50-59,60-100/ethnicity/native HTTP/1.1" 200 18094 "-" "Mozilla/5.0 AppleWebKit/537.36 (KHTML, like Gecko; compatible; ClaudeBot/1.0; +claudebot@anthropic.com)"
74.7.227.134 - - [04/Apr/2026:01:33:34 -0400] "GET /gender/t/age/50-59,30-39,40-49/ethnicity/news-leonardo-faz-homenagem-apos-morte-de-assessora-cuidou-de-mim-como-filho,islander,native,white,asian,east-indian,black,other,latino HTTP/1.1" 200 23783 "https://www.nudcam.com/age/50-59,30-39,40-49/ethnicity/news-leonardo-faz-homenagem-apos-morte-de-assessora-cuidou-de-mim-como-filho,islander,native,white,asian,east-indian,black,other,latino" "Mozilla/5.0 AppleWebKit/537.36 (KHTML, like Gecko; compatible; GPTBot/1.3; +https://openai.com/gptbot)"
17.22.237.207 - - [04/Apr/2026:01:33:35 -0400] "GET /age/50-59/hair/white/ethnicity/islander,latino,other,white/sites/1 HTTP/1.1" 200 17959 "-" "Mozilla/5.0 (Macintosh; Intel Mac OS X 10_15_7) AppleWebKit/605.1.15 (KHTML, like Gecko) Version/17.4 Safari/605.1.15 (Applebot/0.1; +http://www.apple.com/go/applebot)"
216.73.216.38 - - [04/Apr/2026:01:33:35 -0400] "GET /gender/c,f,m/age/60-100/ethnicity/latino,native,black HTTP/1.1" 200 17693 "-" "Mozilla/5.0 AppleWebKit/537.36 (KHTML, like Gecko; compatible; ClaudeBot/1.0; +claudebot@anthropic.com)"
216.73.216.38 - - [04/Apr/2026:01:33:35 -0400] "GET /status/online/gender/f/age/20-29/hair/grey/ethnicity/black,white,native HTTP/1.1" 200 18240 "-" "Mozilla/5.0 AppleWebKit/537.36 (KHTML, like Gecko; compatible; ClaudeBot/1.0; +claudebot@anthropic.com)"
216.73.216.38 - - [04/Apr/2026:01:33:35 -0400] "GET /status/offline/hair/blonde,grey,brown,auburn/ethnicity/asian HTTP/1.1" 200 17714 "-" "Mozilla/5.0 AppleWebKit/537.36 (KHTML, like Gecko; compatible; ClaudeBot/1.0; +claudebot@anthropic.com)"
216.73.216.38 - - [04/Apr/2026:01:33:35 -0400] "GET /age/40-49/hair/red,grey/ethnicity/native,islander,other,black HTTP/1.1" 200 17955 "-" "Mozilla/5.0 AppleWebKit/537.36 (KHTML, like Gecko; compatible; ClaudeBot/1.0; +claudebot@anthropic.com)"
216.73.216.38 - - [04/Apr/2026:01:33:35 -0400] "GET /status/online/age/50-59/hair/black/ethnicity/other,white,asian HTTP/1.1" 200 17777 "-" "Mozilla/5.0 AppleWebKit/537.36 (KHTML, like Gecko; compatible; ClaudeBot/1.0; +claudebot@anthropic.com)"
216.73.216.38 - - [04/Apr/2026:01:33:35 -0400] "GET /gender/c,f,t/age/20-29,30-39/ethnicity/islander,white HTTP/1.1" 200 17695 "-" "Mozilla/5.0 AppleWebKit/537.36 (KHTML, like Gecko; compatible; ClaudeBot/1.0; +claudebot@anthropic.com)"
74.7.227.30 - - [04/Apr/2026:01:33:35 -0400] "GET /age/20-29,30-39/ethnicity/other,islander,black,native,latino,white,asian,east-indian HTTP/1.1" 200 19155 "https://nudcam.com/age/20-29/ethnicity/other,islander,black,native,latino,white,asian,east-indian" "Mozilla/5.0 AppleWebKit/537.36 (KHTML, like Gecko; compatible; GPTBot/1.3; +https://openai.com/gptbot)"
216.73.216.38 - - [04/Apr/2026:01:33:35 -0400] "GET /status/offline,online/age/40-49/hair/blonde/ethnicity/islander,white,native HTTP/1.1" 200 18413 "-" "Mozilla/5.0 AppleWebKit/537.36 (KHTML, like Gecko; compatible; ClaudeBot/1.0; +claudebot@anthropic.com)"
216.73.216.38 - - [04/Apr/2026:01:33:35 -0400] "GET /gender/m,t/age/60-100/ethnicity/black,latino,other HTTP/1.1" 200 17417 "-" "Mozilla/5.0 AppleWebKit/537.36 (KHTML, like Gecko; compatible; ClaudeBot/1.0; +claudebot@anthropic.com)"
216.73.216.38 - - [04/Apr/2026:01:33:35 -0400] "GET /age/30-39/hair/white,black,grey/ethnicity/other,latino HTTP/1.1" 200 17535 "-" "Mozilla/5.0 AppleWebKit/537.36 (KHTML, like Gecko; compatible; ClaudeBot/1.0; +claudebot@anthropic.com)"
216.73.216.38 - - [04/Apr/2026:01:33:35 -0400] "GET /gender/m/age/50-59,40-49/hair/grey,white/ethnicity/other HTTP/1.1" 200 17555 "-" "Mozilla/5.0 AppleWebKit/537.36 (KHTML, like Gecko; compatible; ClaudeBot/1.0; +claudebot@anthropic.com)"
216.73.216.38 - - [04/Apr/2026:01:33:35 -0400] "GET /status/online/age/18-19/hair/black,brown,white/ethnicity/native,white HTTP/1.1" 200 18203 "-" "Mozilla/5.0 AppleWebKit/537.36 (KHTML, like Gecko; compatible; ClaudeBot/1.0; +claudebot@anthropic.com)"
74.7.227.134 - - [04/Apr/2026:01:33:35 -0400] "GET /age/30-39,40-49,18-19/hair/black/ethnicity/news-leonardo-faz-homenagem-apos-morte-de-assessora-cuidou-de-mim-como-filho,islander,native,white,asian,east-indian,latino,black,other HTTP/1.1" 200 23858 "https://www.nudcam.com/age/30-39,40-49,18-19/ethnicity/news-leonardo-faz-homenagem-apos-morte-de-assessora-cuidou-de-mim-como-filho,islander,native,white,asian,east-indian,latino,black,other" "Mozilla/5.0 AppleWebKit/537.36 (KHTML, like Gecko; compatible; GPTBot/1.3; +https://openai.com/gptbot)"
216.73.216.38 - - [04/Apr/2026:01:33:36 -0400] "GET /age/60-100,40-49,50-59/ethnicity/white,other,native,islander HTTP/1.1" 200 17944 "-" "Mozilla/5.0 AppleWebKit/537.36 (KHTML, like Gecko; compatible; ClaudeBot/1.0; +claudebot@anthropic.com)"
216.73.216.38 - - [04/Apr/2026:01:33:36 -0400] "GET /age/20-29/hair/grey,auburn,black,white/ethnicity/native,white HTTP/1.1" 200 17947 "-" "Mozilla/5.0 AppleWebKit/537.36 (KHTML, like Gecko; compatible; ClaudeBot/1.0; +claudebot@anthropic.com)"
144.76.32.236 - - [04/Apr/2026:01:33:36 -0400] "GET /gender/c,m,t/hair/red,grey/ethnicity/other HTTP/1.1" 200 16908 "-" "Mozilla/5.0 (compatible; SERankingBacklinksBot/1.0; +https://seranking.com/backlinks-crawler)"
216.73.216.38 - - [04/Apr/2026:01:33:36 -0400] "GET /gender/c,f/age/60-100/ethnicity/white,latino,native,black HTTP/1.1" 200 17832 "-" "Mozilla/5.0 AppleWebKit/537.36 (KHTML, like Gecko; compatible; ClaudeBot/1.0; +claudebot@anthropic.com)"
17.22.245.139 - - [04/Apr/2026:01:33:36 -0400] "GET /status/offline/age/50-59,60-100/hair/auburn,white HTTP/1.1" 200 17032 "-" "Mozilla/5.0 (Macintosh; Intel Mac OS X 10_15_7) AppleWebKit/605.1.15 (KHTML, like Gecko) Version/17.4 Safari/605.1.15 (Applebot/0.1; +http://www.apple.com/go/applebot)"
216.73.216.38 - - [04/Apr/2026:01:33:36 -0400] "GET /status/offline/gender/c,t,f/age/20-29/ethnicity/native,black,other HTTP/1.1" 200 18306 "-" "Mozilla/5.0 AppleWebKit/537.36 (KHTML, like Gecko; compatible; ClaudeBot/1.0; +claudebot@anthropic.com)"
216.73.216.38 - - [04/Apr/2026:01:33:36 -0400] "GET /gender/c/hair/red,black/ethnicity/white,black,other HTTP/1.1" 200 17436 "-" "Mozilla/5.0 AppleWebKit/537.36 (KHTML, like Gecko; compatible; ClaudeBot/1.0; +claudebot@anthropic.com)"
