74.7.227.134 - - [04/Apr/2026:01:35:30 -0400] "GET /age/30-39,40-49,50-59/ethnicity/news-leonardo-faz-homenagem-apos-morte-de-assessora-cuidou-de-mim-como-filho,native,other,asian,east-indian,islander,latino,white,black HTTP/1.1" 200 23162 "https://www.nudcam.com/age/30-39,40-49/ethnicity/news-leonardo-faz-homenagem-apos-morte-de-assessora-cuidou-de-mim-como-filho,native,other,asian,east-indian,islander,latino,white,black" "Mozilla/5.0 AppleWebKit/537.36 (KHTML, like Gecko; compatible; GPTBot/1.3; +https://openai.com/gptbot)"
216.73.216.38 - - [04/Apr/2026:01:35:30 -0400] "GET /gender/t/age/60-100/hair/red,white/ethnicity/islander/languages/thai HTTP/1.1" 200 17803 "-" "Mozilla/5.0 AppleWebKit/537.36 (KHTML, like Gecko; compatible; ClaudeBot/1.0; +claudebot@anthropic.com)"
216.73.216.38 - - [04/Apr/2026:01:35:30 -0400] "GET /gender/f/age/18-19/ethnicity/other,latino,native/languages/slovak HTTP/1.1" 200 17761 "-" "Mozilla/5.0 AppleWebKit/537.36 (KHTML, like Gecko; compatible; ClaudeBot/1.0; +claudebot@anthropic.com)"
74.7.227.30 - - [04/Apr/2026:01:35:30 -0400] "GET /age/20-29,30-39,50-59/ethnicity/latino,east-indian,islander,asian,other,black,white,native HTTP/1.1" 200 19580 "https://nudcam.com/age/20-29,30-39/ethnicity/latino,east-indian,islander,asian,other,black,white,native" "Mozilla/5.0 AppleWebKit/537.36 (KHTML, like Gecko; compatible; GPTBot/1.3; +https://openai.com/gptbot)"
216.73.216.38 - - [04/Apr/2026:01:35:30 -0400] "GET /status/offline/age/30-39/hair/white,brown,black,blonde/languages/catalan HTTP/1.1" 200 18221 "-" "Mozilla/5.0 AppleWebKit/537.36 (KHTML, like Gecko; compatible; ClaudeBot/1.0; +claudebot@anthropic.com)"
216.73.216.38 - - [04/Apr/2026:01:35:31 -0400] "GET /status/offline/age/30-39,60-100,40-49/hair/white/ethnicity/islander/languages/scots HTTP/1.1" 200 18490 "-" "Mozilla/5.0 AppleWebKit/537.36 (KHTML, like Gecko; compatible; ClaudeBot/1.0; +claudebot@anthropic.com)"
216.73.216.38 - - [04/Apr/2026:01:35:31 -0400] "GET /status/offline/age/60-100/hair/white,brown,grey,auburn/languages/russian HTTP/1.1" 200 18221 "-" "Mozilla/5.0 AppleWebKit/537.36 (KHTML, like Gecko; compatible; ClaudeBot/1.0; +claudebot@anthropic.com)"
216.73.216.38 - - [04/Apr/2026:01:35:31 -0400] "GET /gender/f/age/40-49/ethnicity/white,native,islander,other/languages/english HTTP/1.1" 200 18249 "-" "Mozilla/5.0 AppleWebKit/537.36 (KHTML, like Gecko; compatible; ClaudeBot/1.0; +claudebot@anthropic.com)"
216.73.216.38 - - [04/Apr/2026:01:35:31 -0400] "GET /status/offline/gender/t,m/age/30-39/ethnicity/black,native,other/languages/thai HTTP/1.1" 200 18601 "-" "Mozilla/5.0 AppleWebKit/537.36 (KHTML, like Gecko; compatible; ClaudeBot/1.0; +claudebot@anthropic.com)"
216.73.216.38 - - [04/Apr/2026:01:35:31 -0400] "GET /age/50-59/hair/auburn,black,grey/ethnicity/other/languages/belarusian HTTP/1.1" 200 17873 "-" "Mozilla/5.0 AppleWebKit/537.36 (KHTML, like Gecko; compatible; ClaudeBot/1.0; +claudebot@anthropic.com)"
216.73.216.38 - - [04/Apr/2026:01:35:31 -0400] "GET /status/online/age/20-29,50-59/hair/grey,blonde/languages/dutch HTTP/1.1" 200 17710 "-" "Mozilla/5.0 AppleWebKit/537.36 (KHTML, like Gecko; compatible; ClaudeBot/1.0; +claudebot@anthropic.com)"
74.7.227.134 - - [04/Apr/2026:01:35:31 -0400] "GET /age/30-39,18-19/ethnicity/news-leonardo-faz-homenagem-apos-morte-de-assessora-cuidou-de-mim-como-filho,asian,east-indian,latino,islander,native,white HTTP/1.1" 200 21648 "https://www.nudcam.com/age/30-39,18-19/ethnicity/news-leonardo-faz-homenagem-apos-morte-de-assessora-cuidou-de-mim-como-filho,asian,east-indian,other,latino,islander,native,white" "Mozilla/5.0 AppleWebKit/537.36 (KHTML, like Gecko; compatible; GPTBot/1.3; +https://openai.com/gptbot)"
216.73.216.38 - - [04/Apr/2026:01:35:31 -0400] "GET /status/offline/age/30-39/hair/white/ethnicity/islander,black,white/languages/maltese HTTP/1.1" 200 18553 "-" "Mozilla/5.0 AppleWebKit/537.36 (KHTML, like Gecko; compatible; ClaudeBot/1.0; +claudebot@anthropic.com)"
216.73.216.38 - - [04/Apr/2026:01:35:31 -0400] "GET /gender/c/age/20-29,50-59,18-19/ethnicity/other/languages/norwegian HTTP/1.1" 200 17773 "-" "Mozilla/5.0 AppleWebKit/537.36 (KHTML, like Gecko; compatible; ClaudeBot/1.0; +claudebot@anthropic.com)"
216.73.216.38 - - [04/Apr/2026:01:35:31 -0400] "GET /gender/m,f,c,t/age/30-39,60-100/languages/norwegian HTTP/1.1" 200 17569 "-" "Mozilla/5.0 AppleWebKit/537.36 (KHTML, like Gecko; compatible; ClaudeBot/1.0; +claudebot@anthropic.com)"
216.73.216.38 - - [04/Apr/2026:01:35:31 -0400] "GET /status/offline/gender/f,c/age/60-100/hair/brown,black/languages/scots HTTP/1.1" 200 18110 "-" "Mozilla/5.0 AppleWebKit/537.36 (KHTML, like Gecko; compatible; ClaudeBot/1.0; +claudebot@anthropic.com)"
216.73.216.38 - - [04/Apr/2026:01:35:31 -0400] "GET /status/online/age/18-19,30-39/hair/grey,black/languages/icelandic HTTP/1.1" 200 17814 "-" "Mozilla/5.0 AppleWebKit/537.36 (KHTML, like Gecko; compatible; ClaudeBot/1.0; +claudebot@anthropic.com)"
74.7.227.30 - - [04/Apr/2026:01:35:31 -0400] "GET /age/50-59/ethnicity/white,latino,other,black,asian,native,east-indian,islander HTTP/1.1" 200 18734 "https://nudcam.com/ethnicity/white,latino,other,black,asian,native,east-indian,islander" "Mozilla/5.0 AppleWebKit/537.36 (KHTML, like Gecko; compatible; GPTBot/1.3; +https://openai.com/gptbot)"
17.241.227.164 - - [04/Apr/2026:01:35:32 -0400] "GET /status/online/gender/c/age/20-29/hair/auburn,white HTTP/1.1" 200 17034 "-" "Mozilla/5.0 (Macintosh; Intel Mac OS X 10_15_7) AppleWebKit/605.1.15 (KHTML, like Gecko) Version/17.4 Safari/605.1.15 (Applebot/0.1; +http://www.apple.com/go/applebot)"
216.73.216.38 - - [04/Apr/2026:01:35:32 -0400] "GET /status/offline/gender/c/age/30-39/hair/brown,white,black/languages/german HTTP/1.1" 200 18227 "-" "Mozilla/5.0 AppleWebKit/537.36 (KHTML, like Gecko; compatible; ClaudeBot/1.0; +claudebot@anthropic.com)"
3.232.82.72 - - [04/Apr/2026:01:35:32 -0400] "GET /status/offline,online/gender/c,m/hair/grey/ethnicity/native,islander,east-indian,white/languages/finnish HTTP/1.1" 200 19680 "-" "Mozilla/5.0 AppleWebKit/537.36 (KHTML, like Gecko; compatible; Amazonbot/0.1; +https://developer.amazon.com/support/amazonbot) Chrome/119.0.6045.214 Safari/537.36"
216.73.216.38 - - [04/Apr/2026:01:35:32 -0400] "GET /gender/f/ethnicity/black,native,other,islander,white/languages/ukrainian HTTP/1.1" 200 18212 "-" "Mozilla/5.0 AppleWebKit/537.36 (KHTML, like Gecko; compatible; ClaudeBot/1.0; +claudebot@anthropic.com)"
216.73.216.38 - - [04/Apr/2026:01:35:32 -0400] "GET /status/offline/age/20-29/hair/white,auburn/ethnicity/native,other/languages/norwegian HTTP/1.1" 200 18596 "-" "Mozilla/5.0 AppleWebKit/537.36 (KHTML, like Gecko; compatible; ClaudeBot/1.0; +claudebot@anthropic.com)"
216.73.216.38 - - [04/Apr/2026:01:35:32 -0400] "GET /status/offline/gender/t,f/age/30-39,50-59/ethnicity/white,native/languages/danish HTTP/1.1" 200 18676 "-" "Mozilla/5.0 AppleWebKit/537.36 (KHTML, like Gecko; compatible; ClaudeBot/1.0; +claudebot@anthropic.com)"
216.73.216.38 - - [04/Apr/2026:01:35:32 -0400] "GET /age/18-19,50-59/hair/white,grey/ethnicity/native/languages/slovak HTTP/1.1" 200 17742 "-" "Mozilla/5.0 AppleWebKit/537.36 (KHTML, like Gecko; compatible; ClaudeBot/1.0; +claudebot@anthropic.com)"
216.73.216.38 - - [04/Apr/2026:01:35:32 -0400] "GET /gender/f,m/ethnicity/other,white,native,black/languages/slovak HTTP/1.1" 200 17887 "-" "Mozilla/5.0 AppleWebKit/537.36 (KHTML, like Gecko; compatible; ClaudeBot/1.0; +claudebot@anthropic.com)"
216.73.216.38 - - [04/Apr/2026:01:35:32 -0400] "GET /age/50-59,60-100/ethnicity/islander,black,native,white/languages/maltese HTTP/1.1" 200 18213 "-" "Mozilla/5.0 AppleWebKit/537.36 (KHTML, like Gecko; compatible; ClaudeBot/1.0; +claudebot@anthropic.com)"
74.7.227.134 - - [04/Apr/2026:01:35:32 -0400] "GET /age/30-39,18-19,50-59/ethnicity/news-leonardo-faz-homenagem-apos-morte-de-assessora-cuidou-de-mim-como-filho,asian,east-indian,other,latino,islander,black,native,white HTTP/1.1" 200 23162 "https://www.nudcam.com/age/30-39,18-19/ethnicity/news-leonardo-faz-homenagem-apos-morte-de-assessora-cuidou-de-mim-como-filho,asian,east-indian,other,latino,islander,black,native,white" "Mozilla/5.0 AppleWebKit/537.36 (KHTML, like Gecko; compatible; GPTBot/1.3; +https://openai.com/gptbot)"
216.73.216.38 - - [04/Apr/2026:01:35:32 -0400] "GET /gender/t,f/age/20-29/hair/white,auburn/languages/faeroese HTTP/1.1" 200 17558 "-" "Mozilla/5.0 AppleWebKit/537.36 (KHTML, like Gecko; compatible; ClaudeBot/1.0; +claudebot@anthropic.com)"
216.73.216.38 - - [04/Apr/2026:01:35:32 -0400] "GET /hair/red,grey,black/ethnicity/other,black/languages/estonian HTTP/1.1" 200 17626 "-" "Mozilla/5.0 AppleWebKit/537.36 (KHTML, like Gecko; compatible; ClaudeBot/1.0; +claudebot@anthropic.com)"
216.73.216.38 - - [04/Apr/2026:01:35:32 -0400] "GET /hair/auburn,white,red/ethnicity/native,black,white/languages/scots HTTP/1.1" 200 18002 "-" "Mozilla/5.0 AppleWebKit/537.36 (KHTML, like Gecko; compatible; ClaudeBot/1.0; +claudebot@anthropic.com)"
216.73.216.38 - - [04/Apr/2026:01:35:32 -0400] "GET /gender/f/age/30-39,20-29/ethnicity/native,other,islander/languages/czech HTTP/1.1" 200 18180 "-" "Mozilla/5.0 AppleWebKit/537.36 (KHTML, like Gecko; compatible; ClaudeBot/1.0; +claudebot@anthropic.com)"
74.7.227.30 - - [04/Apr/2026:01:35:33 -0400] "GET /age/18-19/ethnicity/white,other,east-indian,latino,asian,native,islander HTTP/1.1" 200 18326 "https://nudcam.com/ethnicity/white,other,east-indian,latino,asian,native,islander" "Mozilla/5.0 AppleWebKit/537.36 (KHTML, like Gecko; compatible; GPTBot/1.3; +https://openai.com/gptbot)"
216.73.216.38 - - [04/Apr/2026:01:35:33 -0400] "GET /status/offline/gender/m/age/30-39/hair/brown/ethnicity/other,native/languages/malay HTTP/1.1" 200 18485 "-" "Mozilla/5.0 AppleWebKit/537.36 (KHTML, like Gecko; compatible; ClaudeBot/1.0; +claudebot@anthropic.com)"
17.241.227.95 - - [04/Apr/2026:01:35:33 -0400] "GET /age/50-59/hair/red,auburn,grey/ethnicity/islander/languages/fiji HTTP/1.1" 200 17701 "-" "Mozilla/5.0 (Macintosh; Intel Mac OS X 10_15_7) AppleWebKit/605.1.15 (KHTML, like Gecko) Version/17.4 Safari/605.1.15 (Applebot/0.1; +http://www.apple.com/go/applebot)"
216.73.216.38 - - [04/Apr/2026:01:35:33 -0400] "GET /gender/c,f/age/18-19/hair/black/ethnicity/other/languages/belarusian HTTP/1.1" 200 17823 "-" "Mozilla/5.0 AppleWebKit/537.36 (KHTML, like Gecko; compatible; ClaudeBot/1.0; +claudebot@anthropic.com)"
216.73.216.38 - - [04/Apr/2026:01:35:33 -0400] "GET /status/online/gender/f/age/18-19,20-29/hair/grey/languages/korean HTTP/1.1" 200 17773 "-" "Mozilla/5.0 AppleWebKit/537.36 (KHTML, like Gecko; compatible; ClaudeBot/1.0; +claudebot@anthropic.com)"
216.73.216.38 - - [04/Apr/2026:01:35:33 -0400] "GET /status/offline,online/age/40-49/ethnicity/islander,latino,black/languages/french HTTP/1.1" 200 18462 "-" "Mozilla/5.0 AppleWebKit/537.36 (KHTML, like Gecko; compatible; ClaudeBot/1.0; +claudebot@anthropic.com)"
216.73.216.38 - - [04/Apr/2026:01:35:33 -0400] "GET /age/40-49,18-19/hair/red,blonde,white/languages/spanish HTTP/1.1" 200 17506 "-" "Mozilla/5.0 AppleWebKit/537.36 (KHTML, like Gecko; compatible; ClaudeBot/1.0; +claudebot@anthropic.com)"
216.73.216.38 - - [04/Apr/2026:01:35:33 -0400] "GET /status/offline/gender/c/age/40-49/hair/black,brown,red/languages/kurdish HTTP/1.1" 200 18196 "-" "Mozilla/5.0 AppleWebKit/537.36 (KHTML, like Gecko; compatible; ClaudeBot/1.0; +claudebot@anthropic.com)"
216.73.216.38 - - [04/Apr/2026:01:35:33 -0400] "GET /gender/m/hair/brown,white/ethnicity/east-indian/languages/belarusian HTTP/1.1" 200 17647 "-" "Mozilla/5.0 AppleWebKit/537.36 (KHTML, like Gecko; compatible; ClaudeBot/1.0; +claudebot@anthropic.com)"
185.191.171.8 - - [04/Apr/2026:01:35:33 -0400] "GET /gender/f,c,m/age/60-100,20-29,30-39,40-49 HTTP/1.1" 403 - "-" "Mozilla/5.0 (compatible; SemrushBot/7~bl; +http://www.semrush.com/bot.html)"
144.76.32.236 - - [04/Apr/2026:01:35:33 -0400] "GET /gender/c,t,f/age/50-59,30-39,40-49/sites/1 HTTP/1.1" 200 17024 "-" "Mozilla/5.0 (compatible; SERankingBacklinksBot/1.0; +https://seranking.com/backlinks-crawler)"
216.73.216.38 - - [04/Apr/2026:01:35:33 -0400] "GET /status/offline/gender/f,c,m/age/50-59/ethnicity/islander,native/languages/hungarian HTTP/1.1" 200 18747 "-" "Mozilla/5.0 AppleWebKit/537.36 (KHTML, like Gecko; compatible; ClaudeBot/1.0; +claudebot@anthropic.com)"
74.7.227.134 - - [04/Apr/2026:01:35:33 -0400] "GET /age/50-59,30-39,18-19/ethnicity/news-leonardo-faz-homenagem-apos-morte-de-assessora-cuidou-de-mim-como-filho,white,east-indian,latino,other,asian,native,black,islander HTTP/1.1" 200 23162 "https://www.nudcam.com/age/50-59,30-39/ethnicity/news-leonardo-faz-homenagem-apos-morte-de-assessora-cuidou-de-mim-como-filho,white,east-indian,latino,other,asian,native,black,islander" "Mozilla/5.0 AppleWebKit/537.36 (KHTML, like Gecko; compatible; GPTBot/1.3; +https://openai.com/gptbot)"
216.73.216.38 - - [04/Apr/2026:01:35:33 -0400] "GET /age/50-59/hair/black,auburn,brown,grey/languages/serbian HTTP/1.1" 200 17533 "-" "Mozilla/5.0 AppleWebKit/537.36 (KHTML, like Gecko; compatible; ClaudeBot/1.0; +claudebot@anthropic.com)"
216.73.216.38 - - [04/Apr/2026:01:35:33 -0400] "GET /age/18-19,20-29,40-49/hair/black,blonde/languages/danish HTTP/1.1" 200 17533 "-" "Mozilla/5.0 AppleWebKit/537.36 (KHTML, like Gecko; compatible; ClaudeBot/1.0; +claudebot@anthropic.com)"
66.249.66.4 - - [04/Apr/2026:01:35:33 -0400] "GET /hair/grey,auburn,blonde,red,white,black,brown HTTP/1.1" 200 17258 "-" "Mozilla/5.0 (Linux; Android 6.0.1; Nexus 5X Build/MMB29P) AppleWebKit/537.36 (KHTML, like Gecko) Chrome/146.0.7680.177 Mobile Safari/537.36 (compatible; Googlebot/2.1; +http://www.google.com/bot.html)"
216.73.216.38 - - [04/Apr/2026:01:35:33 -0400] "GET /status/offline/gender/f,c,m,t/ethnicity/white,asian/languages/german HTTP/1.1" 200 18254 "-" "Mozilla/5.0 AppleWebKit/537.36 (KHTML, like Gecko; compatible; ClaudeBot/1.0; +claudebot@anthropic.com)"
216.73.216.38 - - [04/Apr/2026:01:35:34 -0400] "GET /status/offline/age/50-59/hair/auburn,grey/ethnicity/islander,native/languages/spanish HTTP/1.1" 200 18592 "-" "Mozilla/5.0 AppleWebKit/537.36 (KHTML, like Gecko; compatible; ClaudeBot/1.0; +claudebot@anthropic.com)"
74.7.227.30 - - [04/Apr/2026:01:35:34 -0400] "GET /age/30-39,50-59/hair/auburn/ethnicity/latino,black,white,other,east-indian,islander,native,asian HTTP/1.1" 200 19780 "https://nudcam.com/age/30-39,50-59/ethnicity/latino,black,white,other,east-indian,islander,native,asian" "Mozilla/5.0 AppleWebKit/537.36 (KHTML, like Gecko; compatible; GPTBot/1.3; +https://openai.com/gptbot)"
216.73.216.38 - - [04/Apr/2026:01:35:34 -0400] "GET /gender/t,c/age/60-100,40-49,18-19/languages/icelandic HTTP/1.1" 200 17455 "-" "Mozilla/5.0 AppleWebKit/537.36 (KHTML, like Gecko; compatible; ClaudeBot/1.0; +claudebot@anthropic.com)"
216.73.216.38 - - [04/Apr/2026:01:35:34 -0400] "GET /age/18-19,50-59/hair/grey,red,black/languages/maltese HTTP/1.1" 200 17442 "-" "Mozilla/5.0 AppleWebKit/537.36 (KHTML, like Gecko; compatible; ClaudeBot/1.0; +claudebot@anthropic.com)"
216.73.216.38 - - [04/Apr/2026:01:35:34 -0400] "GET /status/online/age/20-29,30-39,50-59/ethnicity/native,white/languages/lithuanian HTTP/1.1" 200 18423 "-" "Mozilla/5.0 AppleWebKit/537.36 (KHTML, like Gecko; compatible; ClaudeBot/1.0; +claudebot@anthropic.com)"
216.73.216.38 - - [04/Apr/2026:01:35:34 -0400] "GET /status/offline/age/30-39,20-29,60-100/ethnicity/other,asian/languages/scots HTTP/1.1" 200 18281 "-" "Mozilla/5.0 AppleWebKit/537.36 (KHTML, like Gecko; compatible; ClaudeBot/1.0; +claudebot@anthropic.com)"
216.73.216.38 - - [04/Apr/2026:01:35:34 -0400] "GET /status/online/gender/m/age/40-49,50-59/ethnicity/islander,native/languages/belarusian HTTP/1.1" 200 18597 "-" "Mozilla/5.0 AppleWebKit/537.36 (KHTML, like Gecko; compatible; ClaudeBot/1.0; +claudebot@anthropic.com)"
66.249.66.67 - - [04/Apr/2026:01:35:34 -0400] "GET /ethnicity/asian,other,islander,east-indian,black,latino,white HTTP/1.1" 200 17785 "-" "Mozilla/5.0 (Linux; Android 6.0.1; Nexus 5X Build/MMB29P) AppleWebKit/537.36 (KHTML, like Gecko) Chrome/146.0.7680.177 Mobile Safari/537.36 (compatible; Googlebot/2.1; +http://www.google.com/bot.html)"
216.73.216.38 - - [04/Apr/2026:01:35:34 -0400] "GET /status/offline/gender/f/age/18-19/ethnicity/islander,white,other,native/languages/kurdish HTTP/1.1" 200 18937 "-" "Mozilla/5.0 AppleWebKit/537.36 (KHTML, like Gecko; compatible; ClaudeBot/1.0; +claudebot@anthropic.com)"
216.73.216.38 - - [04/Apr/2026:01:35:34 -0400] "GET /status/online/gender/c/hair/black,red/ethnicity/other/languages/swedish HTTP/1.1" 200 17911 "-" "Mozilla/5.0 AppleWebKit/537.36 (KHTML, like Gecko; compatible; ClaudeBot/1.0; +claudebot@anthropic.com)"
17.241.219.254 - - [04/Apr/2026:01:35:34 -0400] "GET /status/offline/age/30-39,60-100/ethnicity/east-indian,native/languages/french HTTP/1.1" 200 18155 "-" "Mozilla/5.0 (Macintosh; Intel Mac OS X 10_15_7) AppleWebKit/605.1.15 (KHTML, like Gecko) Version/17.4 Safari/605.1.15 (Applebot/0.1; +http://www.apple.com/go/applebot)"
216.73.216.38 - - [04/Apr/2026:01:35:34 -0400] "GET /age/18-19,20-29,50-59/ethnicity/other,native,islander/languages/hebrew HTTP/1.1" 200 18138 "-" "Mozilla/5.0 AppleWebKit/537.36 (KHTML, like Gecko; compatible; ClaudeBot/1.0; +claudebot@anthropic.com)"
74.7.227.134 - - [04/Apr/2026:01:35:34 -0400] "GET /age/30-39,18-19,40-49/ethnicity/news-leonardo-faz-homenagem-apos-morte-de-assessora-cuidou-de-mim-como-filho,white,east-indian,latino,native,islander,other,asian,black HTTP/1.1" 200 23162 "https://www.nudcam.com/age/30-39,18-19/ethnicity/news-leonardo-faz-homenagem-apos-morte-de-assessora-cuidou-de-mim-como-filho,white,east-indian,latino,native,islander,other,asian,black" "Mozilla/5.0 AppleWebKit/537.36 (KHTML, like Gecko; compatible; GPTBot/1.3; +https://openai.com/gptbot)"
216.73.216.38 - - [04/Apr/2026:01:35:34 -0400] "GET /status/online/gender/t,m/ethnicity/other,islander,white/languages/arabic HTTP/1.1" 200 18196 "-" "Mozilla/5.0 AppleWebKit/537.36 (KHTML, like Gecko; compatible; ClaudeBot/1.0; +claudebot@anthropic.com)"
216.73.216.38 - - [04/Apr/2026:01:35:34 -0400] "GET /gender/m,t/age/40-49/hair/blonde/ethnicity/native/languages/polish HTTP/1.1" 200 17748 "-" "Mozilla/5.0 AppleWebKit/537.36 (KHTML, like Gecko; compatible; ClaudeBot/1.0; +claudebot@anthropic.com)"
216.73.216.38 - - [04/Apr/2026:01:35:35 -0400] "GET /age/40-49,18-19/hair/grey,red/ethnicity/islander/languages/persian HTTP/1.1" 200 17776 "-" "Mozilla/5.0 AppleWebKit/537.36 (KHTML, like Gecko; compatible; ClaudeBot/1.0; +claudebot@anthropic.com)"
216.73.216.38 - - [04/Apr/2026:01:35:35 -0400] "GET /status/online/age/60-100,30-39/ethnicity/native,islander,latino/languages/belarusian HTTP/1.1" 200 18595 "-" "Mozilla/5.0 AppleWebKit/537.36 (KHTML, like Gecko; compatible; ClaudeBot/1.0; +claudebot@anthropic.com)"
74.7.227.30 - - [04/Apr/2026:01:35:35 -0400] "GET /age/30-39,40-49/ethnicity/latino,other,islander,white,native,black,east-indian,asian HTTP/1.1" 200 19155 "https://nudcam.com/age/30-39/ethnicity/latino,other,islander,white,native,black,east-indian,asian" "Mozilla/5.0 AppleWebKit/537.36 (KHTML, like Gecko; compatible; GPTBot/1.3; +https://openai.com/gptbot)"
216.73.216.38 - - [04/Apr/2026:01:35:35 -0400] "GET /status/offline/hair/blonde,red,auburn,grey,white/languages/malay HTTP/1.1" 200 17974 "-" "Mozilla/5.0 AppleWebKit/537.36 (KHTML, like Gecko; compatible; ClaudeBot/1.0; +claudebot@anthropic.com)"
216.73.216.38 - - [04/Apr/2026:01:35:35 -0400] "GET /age/60-100/hair/black,grey/ethnicity/latino,other/languages/spanish HTTP/1.1" 200 17827 "-" "Mozilla/5.0 AppleWebKit/537.36 (KHTML, like Gecko; compatible; ClaudeBot/1.0; +claudebot@anthropic.com)"
216.73.216.38 - - [04/Apr/2026:01:35:35 -0400] "GET /age/60-100,40-49,30-39/ethnicity/white,native,islander/languages/ukrainian HTTP/1.1" 200 18276 "-" "Mozilla/5.0 AppleWebKit/537.36 (KHTML, like Gecko; compatible; ClaudeBot/1.0; +claudebot@anthropic.com)"
216.73.216.38 - - [04/Apr/2026:01:35:35 -0400] "GET /status/offline/gender/f,t/age/40-49/ethnicity/latino,other/languages/french HTTP/1.1" 200 18272 "-" "Mozilla/5.0 AppleWebKit/537.36 (KHTML, like Gecko; compatible; ClaudeBot/1.0; +claudebot@anthropic.com)"
216.73.216.38 - - [04/Apr/2026:01:35:35 -0400] "GET /hair/auburn,black,red/ethnicity/native,islander/languages/croatian HTTP/1.1" 200 17818 "-" "Mozilla/5.0 AppleWebKit/537.36 (KHTML, like Gecko; compatible; ClaudeBot/1.0; +claudebot@anthropic.com)"
216.73.216.38 - - [04/Apr/2026:01:35:35 -0400] "GET /status/online/age/20-29,18-19/hair/black/ethnicity/asian/languages/german HTTP/1.1" 200 17972 "-" "Mozilla/5.0 AppleWebKit/537.36 (KHTML, like Gecko; compatible; ClaudeBot/1.0; +claudebot@anthropic.com)"
216.73.216.38 - - [04/Apr/2026:01:35:35 -0400] "GET /gender/m,c/age/40-49,30-39/ethnicity/white,islander/languages/irish HTTP/1.1" 200 18026 "-" "Mozilla/5.0 AppleWebKit/537.36 (KHTML, like Gecko; compatible; ClaudeBot/1.0; +claudebot@anthropic.com)"
74.7.227.134 - - [04/Apr/2026:01:35:35 -0400] "GET /age/30-39,20-29,40-49/ethnicity/news-leonardo-faz-homenagem-apos-morte-de-assessora-cuidou-de-mim-como-filho,black,east-indian,latino,native,islander,other,asian,white HTTP/1.1" 200 23162 "https://www.nudcam.com/age/30-39,20-29/ethnicity/news-leonardo-faz-homenagem-apos-morte-de-assessora-cuidou-de-mim-como-filho,black,east-indian,latino,native,islander,other,asian,white" "Mozilla/5.0 AppleWebKit/537.36 (KHTML, like Gecko; compatible; GPTBot/1.3; +https://openai.com/gptbot)"
216.73.216.38 - - [04/Apr/2026:01:35:35 -0400] "GET /gender/t/age/20-29/hair/red/ethnicity/other,native/languages/serbian HTTP/1.1" 200 17823 "-" "Mozilla/5.0 AppleWebKit/537.36 (KHTML, like Gecko; compatible; ClaudeBot/1.0; +claudebot@anthropic.com)"
216.73.216.38 - - [04/Apr/2026:01:35:35 -0400] "GET /age/20-29/hair/black/ethnicity/white,black,other/languages/chinese HTTP/1.1" 200 17789 "-" "Mozilla/5.0 AppleWebKit/537.36 (KHTML, like Gecko; compatible; ClaudeBot/1.0; +claudebot@anthropic.com)"
216.73.216.38 - - [04/Apr/2026:01:35:36 -0400] "GET /status/offline/gender/f/age/60-100/hair/grey,white,brown/languages/czech HTTP/1.1" 200 18192 "-" "Mozilla/5.0 AppleWebKit/537.36 (KHTML, like Gecko; compatible; ClaudeBot/1.0; +claudebot@anthropic.com)"
216.73.216.38 - - [04/Apr/2026:01:35:36 -0400] "GET /status/offline/hair/grey,white/ethnicity/white,latino,native/languages/kurdish HTTP/1.1" 200 18386 "-" "Mozilla/5.0 AppleWebKit/537.36 (KHTML, like Gecko; compatible; ClaudeBot/1.0; +claudebot@anthropic.com)"
216.73.216.38 - - [04/Apr/2026:01:35:36 -0400] "GET /status/offline,online/hair/grey/ethnicity/latino,other/languages/russian HTTP/1.1" 200 17994 "-" "Mozilla/5.0 AppleWebKit/537.36 (KHTML, like Gecko; compatible; ClaudeBot/1.0; +claudebot@anthropic.com)"
44.223.115.10 - - [04/Apr/2026:01:35:36 -0400] "GET /status/online,offline/gender/f/hair/white,brown/ethnicity/native,east-indian,asian/languages/armenian HTTP/1.1" 200 19348 "-" "Mozilla/5.0 AppleWebKit/537.36 (KHTML, like Gecko; compatible; Amazonbot/0.1; +https://developer.amazon.com/support/amazonbot) Chrome/119.0.6045.214 Safari/537.36"
216.73.216.38 - - [04/Apr/2026:01:35:36 -0400] "GET /age/30-39,50-59/ethnicity/black,white,islander,other/languages/german HTTP/1.1" 200 18112 "-" "Mozilla/5.0 AppleWebKit/537.36 (KHTML, like Gecko; compatible; ClaudeBot/1.0; +claudebot@anthropic.com)"
74.7.227.30 - - [04/Apr/2026:01:35:36 -0400] "GET /age/30-39,50-59/ethnicity/latino,other,islander,white,native,black,east-indian,asian HTTP/1.1" 200 19155 "https://nudcam.com/age/30-39/ethnicity/latino,other,islander,white,native,black,east-indian,asian" "Mozilla/5.0 AppleWebKit/537.36 (KHTML, like Gecko; compatible; GPTBot/1.3; +https://openai.com/gptbot)"
216.73.216.38 - - [04/Apr/2026:01:35:36 -0400] "GET /status/online/gender/t,m,c,f/age/18-19/ethnicity/native/languages/danish HTTP/1.1" 200 18345 "-" "Mozilla/5.0 AppleWebKit/537.36 (KHTML, like Gecko; compatible; ClaudeBot/1.0; +claudebot@anthropic.com)"
216.73.216.38 - - [04/Apr/2026:01:35:36 -0400] "GET /age/40-49,20-29/ethnicity/white,black,latino,native/languages/german HTTP/1.1" 200 18079 "-" "Mozilla/5.0 AppleWebKit/537.36 (KHTML, like Gecko; compatible; ClaudeBot/1.0; +claudebot@anthropic.com)"
216.73.216.38 - - [04/Apr/2026:01:35:36 -0400] "GET /status/online/age/60-100/ethnicity/latino,other,black/languages/georgian HTTP/1.1" 200 17998 "-" "Mozilla/5.0 AppleWebKit/537.36 (KHTML, like Gecko; compatible; ClaudeBot/1.0; +claudebot@anthropic.com)"
216.73.216.38 - - [04/Apr/2026:01:35:36 -0400] "GET /age/60-100,40-49/hair/brown,grey/ethnicity/black/languages/icelandic HTTP/1.1" 200 17844 "-" "Mozilla/5.0 AppleWebKit/537.36 (KHTML, like Gecko; compatible; ClaudeBot/1.0; +claudebot@anthropic.com)"
216.73.216.38 - - [04/Apr/2026:01:35:36 -0400] "GET /gender/m,f/age/30-39,18-19/hair/red/languages/russian HTTP/1.1" 200 17422 "-" "Mozilla/5.0 AppleWebKit/537.36 (KHTML, like Gecko; compatible; ClaudeBot/1.0; +claudebot@anthropic.com)"
17.241.75.168 - - [04/Apr/2026:01:35:36 -0400] "GET /gender/t/age/60-100/ethnicity/white,latino,native HTTP/1.1" 200 17200 "-" "Mozilla/5.0 (Macintosh; Intel Mac OS X 10_15_7) AppleWebKit/605.1.15 (KHTML, like Gecko) Version/17.4 Safari/605.1.15 (Applebot/0.1; +http://www.apple.com/go/applebot)"
216.73.216.38 - - [04/Apr/2026:01:35:36 -0400] "GET /gender/f/hair/grey,black,white,brown/languages/greek HTTP/1.1" 200 17397 "-" "Mozilla/5.0 AppleWebKit/537.36 (KHTML, like Gecko; compatible; ClaudeBot/1.0; +claudebot@anthropic.com)"
74.7.227.134 - - [04/Apr/2026:01:35:36 -0400] "GET /age/30-39,18-19,50-59/ethnicity/news-leonardo-faz-homenagem-apos-morte-de-assessora-cuidou-de-mim-como-filho,white,east-indian,latino,native,islander,other,asian,black HTTP/1.1" 200 23162 "https://www.nudcam.com/age/30-39,18-19/ethnicity/news-leonardo-faz-homenagem-apos-morte-de-assessora-cuidou-de-mim-como-filho,white,east-indian,latino,native,islander,other,asian,black" "Mozilla/5.0 AppleWebKit/537.36 (KHTML, like Gecko; compatible; GPTBot/1.3; +https://openai.com/gptbot)"
216.73.216.38 - - [04/Apr/2026:01:35:36 -0400] "GET /hair/auburn,black/ethnicity/islander,native,black/languages/korean HTTP/1.1" 200 17818 "-" "Mozilla/5.0 AppleWebKit/537.36 (KHTML, like Gecko; compatible; ClaudeBot/1.0; +claudebot@anthropic.com)"
216.73.216.38 - - [04/Apr/2026:01:35:37 -0400] "GET /status/online/age/40-49/hair/black/ethnicity/white,native,islander/languages/swedish HTTP/1.1" 200 18553 "-" "Mozilla/5.0 AppleWebKit/537.36 (KHTML, like Gecko; compatible; ClaudeBot/1.0; +claudebot@anthropic.com)"
216.73.216.38 - - [04/Apr/2026:01:35:37 -0400] "GET /age/40-49/hair/blonde/ethnicity/black,east-indian/languages/russian HTTP/1.1" 200 17630 "-" "Mozilla/5.0 AppleWebKit/537.36 (KHTML, like Gecko; compatible; ClaudeBot/1.0; +claudebot@anthropic.com)"
216.73.216.38 - - [04/Apr/2026:01:35:37 -0400] "GET /status/offline/gender/c/age/60-100/ethnicity/other,islander,black,native/languages/thai HTTP/1.1" 200 18863 "-" "Mozilla/5.0 AppleWebKit/537.36 (KHTML, like Gecko; compatible; ClaudeBot/1.0; +claudebot@anthropic.com)"
216.73.216.38 - - [04/Apr/2026:01:35:37 -0400] "GET /status/offline/gender/m/age/40-49/hair/blonde,red/ethnicity/native/languages/russian HTTP/1.1" 200 18508 "-" "Mozilla/5.0 AppleWebKit/537.36 (KHTML, like Gecko; compatible; ClaudeBot/1.0; +claudebot@anthropic.com)"
216.73.216.38 - - [04/Apr/2026:01:35:37 -0400] "GET /status/online/gender/t/age/40-49/ethnicity/islander,east-indian/languages/finnish HTTP/1.1" 200 18254 "-" "Mozilla/5.0 AppleWebKit/537.36 (KHTML, like Gecko; compatible; ClaudeBot/1.0; +claudebot@anthropic.com)"
216.73.216.38 - - [04/Apr/2026:01:35:37 -0400] "GET /gender/f/age/60-100,18-19/ethnicity/white,native,other/languages/vietnamese HTTP/1.1" 200 18289 "-" "Mozilla/5.0 AppleWebKit/537.36 (KHTML, like Gecko; compatible; ClaudeBot/1.0; +claudebot@anthropic.com)"
74.7.227.30 - - [04/Apr/2026:01:35:37 -0400] "GET /gender/f/age/50-59/ethnicity/islander,latino,white,east-indian,black,native,other,asian HTTP/1.1" 200 19236 "https://nudcam.com/age/50-59/ethnicity/islander,latino,white,east-indian,black,native,other,asian" "Mozilla/5.0 AppleWebKit/537.36 (KHTML, like Gecko; compatible; GPTBot/1.3; +https://openai.com/gptbot)"
216.73.216.38 - - [04/Apr/2026:01:35:37 -0400] "GET /hair/black/ethnicity/native,islander,latino,black/languages/hebrew HTTP/1.1" 200 17812 "-" "Mozilla/5.0 AppleWebKit/537.36 (KHTML, like Gecko; compatible; ClaudeBot/1.0; +claudebot@anthropic.com)"
216.73.216.38 - - [04/Apr/2026:01:35:37 -0400] "GET /age/18-19,20-29/ethnicity/islander,native,white,black/languages/chinese HTTP/1.1" 200 18180 "-" "Mozilla/5.0 AppleWebKit/537.36 (KHTML, like Gecko; compatible; ClaudeBot/1.0; +claudebot@anthropic.com)"
216.73.216.38 - - [04/Apr/2026:01:35:37 -0400] "GET /age/40-49,50-59/ethnicity/islander,white,black,native/languages/hungarian HTTP/1.1" 200 18250 "-" "Mozilla/5.0 AppleWebKit/537.36 (KHTML, like Gecko; compatible; ClaudeBot/1.0; +claudebot@anthropic.com)"
216.73.216.38 - - [04/Apr/2026:01:35:37 -0400] "GET /status/offline/hair/red,auburn/ethnicity/native,other,black/languages/finnish HTTP/1.1" 200 18353 "-" "Mozilla/5.0 AppleWebKit/537.36 (KHTML, like Gecko; compatible; ClaudeBot/1.0; +claudebot@anthropic.com)"
74.7.227.134 - - [04/Apr/2026:01:35:37 -0400] "GET /age/30-39,20-29/ethnicity/news-leonardo-faz-homenagem-apos-morte-de-assessora-cuidou-de-mim-como-filho,black,east-indian,latino,native,other,asian,white HTTP/1.1" 200 22032 "https://www.nudcam.com/age/30-39,20-29/ethnicity/news-leonardo-faz-homenagem-apos-morte-de-assessora-cuidou-de-mim-como-filho,black,east-indian,latino,native,islander,other,asian,white" "Mozilla/5.0 AppleWebKit/537.36 (KHTML, like Gecko; compatible; GPTBot/1.3; +https://openai.com/gptbot)"
216.73.216.38 - - [04/Apr/2026:01:35:37 -0400] "GET /status/online/gender/m/age/60-100,18-19/ethnicity/other,white/languages/thai HTTP/1.1" 200 18288 "-" "Mozilla/5.0 AppleWebKit/537.36 (KHTML, like Gecko; compatible; ClaudeBot/1.0; +claudebot@anthropic.com)"
216.73.216.38 - - [04/Apr/2026:01:35:38 -0400] "GET /status/offline/gender/m,f/age/60-100/ethnicity/native,islander,black/languages/persian HTTP/1.1" 200 18846 "-" "Mozilla/5.0 AppleWebKit/537.36 (KHTML, like Gecko; compatible; ClaudeBot/1.0; +claudebot@anthropic.com)"
17.241.227.227 - - [04/Apr/2026:01:35:38 -0400] "GET /gender/f,c/hair/black,auburn/ethnicity/native HTTP/1.1" 200 17062 "-" "Mozilla/5.0 (Macintosh; Intel Mac OS X 10_15_7) AppleWebKit/605.1.15 (KHTML, like Gecko) Version/17.4 Safari/605.1.15 (Applebot/0.1; +http://www.apple.com/go/applebot)"
144.76.32.236 - - [04/Apr/2026:01:35:38 -0400] "GET /gender/c,f,m/hair/black,red/languages/fiji HTTP/1.1" 200 16877 "-" "Mozilla/5.0 (compatible; SERankingBacklinksBot/1.0; +https://seranking.com/backlinks-crawler)"
216.73.216.38 - - [04/Apr/2026:01:35:38 -0400] "GET /status/offline/gender/m/age/60-100,40-49,18-19/ethnicity/other/languages/thai HTTP/1.1" 200 18294 "-" "Mozilla/5.0 AppleWebKit/537.36 (KHTML, like Gecko; compatible; ClaudeBot/1.0; +claudebot@anthropic.com)"
216.73.216.38 - - [04/Apr/2026:01:35:38 -0400] "GET /status/online/age/30-39/ethnicity/white,other,black,native/languages/portuguese HTTP/1.1" 200 18429 "-" "Mozilla/5.0 AppleWebKit/537.36 (KHTML, like Gecko; compatible; ClaudeBot/1.0; +claudebot@anthropic.com)"
216.73.216.38 - - [04/Apr/2026:01:35:38 -0400] "GET /age/20-29/hair/white,grey/ethnicity/white,native,asian/languages/catalan HTTP/1.1" 200 18183 "-" "Mozilla/5.0 AppleWebKit/537.36 (KHTML, like Gecko; compatible; ClaudeBot/1.0; +claudebot@anthropic.com)"
216.73.216.38 - - [04/Apr/2026:01:35:38 -0400] "GET /gender/t,m/age/20-29/hair/grey/ethnicity/native/languages/afrikaans HTTP/1.1" 200 17786 "-" "Mozilla/5.0 AppleWebKit/537.36 (KHTML, like Gecko; compatible; ClaudeBot/1.0; +claudebot@anthropic.com)"
216.73.216.38 - - [04/Apr/2026:01:35:38 -0400] "GET /status/online/hair/white,brown,blonde/ethnicity/islander/languages/persian HTTP/1.1" 200 18032 "-" "Mozilla/5.0 AppleWebKit/537.36 (KHTML, like Gecko; compatible; ClaudeBot/1.0; +claudebot@anthropic.com)"
216.73.216.38 - - [04/Apr/2026:01:35:38 -0400] "GET /status/offline/age/40-49,18-19/hair/auburn,grey,white/languages/german HTTP/1.1" 200 18158 "-" "Mozilla/5.0 AppleWebKit/537.36 (KHTML, like Gecko; compatible; ClaudeBot/1.0; +claudebot@anthropic.com)"
74.7.227.30 - - [04/Apr/2026:01:35:38 -0400] "GET /status/offline/age/50-59/ethnicity/islander,latino,white,east-indian,black,native,other,asian HTTP/1.1" 200 19467 "https://nudcam.com/age/50-59/ethnicity/islander,latino,white,east-indian,black,native,other,asian" "Mozilla/5.0 AppleWebKit/537.36 (KHTML, like Gecko; compatible; GPTBot/1.3; +https://openai.com/gptbot)"
216.73.216.38 - - [04/Apr/2026:01:35:38 -0400] "GET /status/offline/gender/t/hair/brown/ethnicity/islander,black/languages/dutch HTTP/1.1" 200 18048 "-" "Mozilla/5.0 AppleWebKit/537.36 (KHTML, like Gecko; compatible; ClaudeBot/1.0; +claudebot@anthropic.com)"
216.73.216.38 - - [04/Apr/2026:01:35:38 -0400] "GET /gender/f/hair/black,white/ethnicity/islander,asian/languages/german HTTP/1.1" 200 17821 "-" "Mozilla/5.0 AppleWebKit/537.36 (KHTML, like Gecko; compatible; ClaudeBot/1.0; +claudebot@anthropic.com)"
216.73.216.38 - - [04/Apr/2026:01:35:38 -0400] "GET /status/offline/age/30-39,50-59,40-49/hair/grey,white/languages/czech HTTP/1.1" 200 18087 "-" "Mozilla/5.0 AppleWebKit/537.36 (KHTML, like Gecko; compatible; ClaudeBot/1.0; +claudebot@anthropic.com)"
216.73.216.38 - - [04/Apr/2026:01:35:38 -0400] "GET /age/20-29,40-49/hair/red/ethnicity/native,latino/languages/swedish HTTP/1.1" 200 17790 "-" "Mozilla/5.0 AppleWebKit/537.36 (KHTML, like Gecko; compatible; ClaudeBot/1.0; +claudebot@anthropic.com)"
66.249.66.4 - - [04/Apr/2026:01:35:38 -0400] "GET /hair/auburn,red,grey,black,blonde,brown HTTP/1.1" 200 16899 "-" "Mozilla/5.0 (Linux; Android 6.0.1; Nexus 5X Build/MMB29P) AppleWebKit/537.36 (KHTML, like Gecko) Chrome/146.0.7680.177 Mobile Safari/537.36 (compatible; Googlebot/2.1; +http://www.google.com/bot.html)"
74.7.227.134 - - [04/Apr/2026:01:35:39 -0400] "GET /age/30-39,18-19/ethnicity/news-leonardo-faz-homenagem-apos-morte-de-assessora-cuidou-de-mim-como-filho,asian,east-indian,other,latino,black,native,white HTTP/1.1" 200 22032 "https://www.nudcam.com/age/30-39,18-19/ethnicity/news-leonardo-faz-homenagem-apos-morte-de-assessora-cuidou-de-mim-como-filho,asian,east-indian,other,latino,islander,black,native,white" "Mozilla/5.0 AppleWebKit/537.36 (KHTML, like Gecko; compatible; GPTBot/1.3; +https://openai.com/gptbot)"
17.241.75.208 - - [04/Apr/2026:01:35:39 -0400] "GET /status/offline/gender/f/hair/auburn,blonde,white HTTP/1.1" 200 17207 "-" "Mozilla/5.0 (Macintosh; Intel Mac OS X 10_15_7) AppleWebKit/605.1.15 (KHTML, like Gecko) Version/17.4 Safari/605.1.15 (Applebot/0.1; +http://www.apple.com/go/applebot)"
216.73.216.38 - - [04/Apr/2026:01:35:39 -0400] "GET /status/offline/hair/grey,white,brown,black/ethnicity/white/languages/hindi HTTP/1.1" 200 18222 "-" "Mozilla/5.0 AppleWebKit/537.36 (KHTML, like Gecko; compatible; ClaudeBot/1.0; +claudebot@anthropic.com)"
216.73.216.38 - - [04/Apr/2026:01:35:39 -0400] "GET /age/30-39,50-59/hair/auburn,red/ethnicity/other/languages/danish HTTP/1.1" 200 17710 "-" "Mozilla/5.0 AppleWebKit/537.36 (KHTML, like Gecko; compatible; ClaudeBot/1.0; +claudebot@anthropic.com)"
216.73.216.38 - - [04/Apr/2026:01:35:39 -0400] "GET /gender/m,c/age/18-19,20-29/hair/red/languages/czech HTTP/1.1" 200 17354 "-" "Mozilla/5.0 AppleWebKit/537.36 (KHTML, like Gecko; compatible; ClaudeBot/1.0; +claudebot@anthropic.com)"
216.73.216.38 - - [04/Apr/2026:01:35:39 -0400] "GET /status/online/gender/f,c,m/age/20-29/ethnicity/black,native/languages/finnish HTTP/1.1" 200 18539 "-" "Mozilla/5.0 AppleWebKit/537.36 (KHTML, like Gecko; compatible; ClaudeBot/1.0; +claudebot@anthropic.com)"
216.73.216.38 - - [04/Apr/2026:01:35:39 -0400] "GET /status/offline/hair/auburn,grey,white,black/ethnicity/black/languages/catalan HTTP/1.1" 200 18325 "-" "Mozilla/5.0 AppleWebKit/537.36 (KHTML, like Gecko; compatible; ClaudeBot/1.0; +claudebot@anthropic.com)"
216.73.216.38 - - [04/Apr/2026:01:35:39 -0400] "GET /age/30-39,60-100/hair/red,auburn/ethnicity/other/languages/catalan HTTP/1.1" 200 17776 "-" "Mozilla/5.0 AppleWebKit/537.36 (KHTML, like Gecko; compatible; ClaudeBot/1.0; +claudebot@anthropic.com)"
216.73.216.38 - - [04/Apr/2026:01:35:39 -0400] "GET /gender/f/age/18-19/hair/brown,grey,white/languages/lithuanian HTTP/1.1" 200 17674 "-" "Mozilla/5.0 AppleWebKit/537.36 (KHTML, like Gecko; compatible; ClaudeBot/1.0; +claudebot@anthropic.com)"
216.73.216.38 - - [04/Apr/2026:01:35:39 -0400] "GET /gender/c,f/age/60-100/ethnicity/other,black,white/languages/swedish HTTP/1.1" 200 18031 "-" "Mozilla/5.0 AppleWebKit/537.36 (KHTML, like Gecko; compatible; ClaudeBot/1.0; +claudebot@anthropic.com)"
74.7.227.30 - - [04/Apr/2026:01:35:39 -0400] "GET /age/50-59,40-49/ethnicity/islander,latino,white,east-indian,black,native,other,asian HTTP/1.1" 200 19155 "https://nudcam.com/age/50-59/ethnicity/islander,latino,white,east-indian,black,native,other,asian" "Mozilla/5.0 AppleWebKit/537.36 (KHTML, like Gecko; compatible; GPTBot/1.3; +https://openai.com/gptbot)"
66.249.66.67 - - [04/Apr/2026:01:35:39 -0400] "GET /hair/blonde,brown/ethnicity/islander,other,white HTTP/1.1" 200 16978 "-" "Mozilla/5.0 (Linux; Android 6.0.1; Nexus 5X Build/MMB29P) AppleWebKit/537.36 (KHTML, like Gecko) Chrome/146.0.7680.177 Mobile Safari/537.36 (compatible; Googlebot/2.1; +http://www.google.com/bot.html)"
216.73.216.38 - - [04/Apr/2026:01:35:39 -0400] "GET /status/offline/age/40-49,30-39/hair/grey,white,blonde/languages/danish HTTP/1.1" 200 18158 "-" "Mozilla/5.0 AppleWebKit/537.36 (KHTML, like Gecko; compatible; ClaudeBot/1.0; +claudebot@anthropic.com)"
216.73.216.38 - - [04/Apr/2026:01:35:39 -0400] "GET /status/offline/gender/m/hair/red/ethnicity/other,latino/languages/romanian HTTP/1.1" 200 18021 "-" "Mozilla/5.0 AppleWebKit/537.36 (KHTML, like Gecko; compatible; ClaudeBot/1.0; +claudebot@anthropic.com)"
216.73.216.38 - - [04/Apr/2026:01:35:39 -0400] "GET /status/offline/gender/c/hair/brown,white/ethnicity/white,islander/languages/german HTTP/1.1" 200 18487 "-" "Mozilla/5.0 AppleWebKit/537.36 (KHTML, like Gecko; compatible; ClaudeBot/1.0; +claudebot@anthropic.com)"
216.73.216.38 - - [04/Apr/2026:01:35:40 -0400] "GET /age/18-19/hair/white,grey,red,blonde/languages/hungarian HTTP/1.1" 200 17537 "-" "Mozilla/5.0 AppleWebKit/537.36 (KHTML, like Gecko; compatible; ClaudeBot/1.0; +claudebot@anthropic.com)"
74.7.227.134 - - [04/Apr/2026:01:35:40 -0400] "GET /age/18-19,50-59/ethnicity/news-leonardo-faz-homenagem-apos-morte-de-assessora-cuidou-de-mim-como-filho,black,white,asian,latino,native,east-indian,islander HTTP/1.1" 200 22143 "https://www.nudcam.com/age/18-19,50-59/ethnicity/news-leonardo-faz-homenagem-apos-morte-de-assessora-cuidou-de-mim-como-filho,black,white,asian,latino,other,native,east-indian,islander" "Mozilla/5.0 AppleWebKit/537.36 (KHTML, like Gecko; compatible; GPTBot/1.3; +https://openai.com/gptbot)"
216.73.216.38 - - [04/Apr/2026:01:35:40 -0400] "GET /status/online/age/30-39,50-59/ethnicity/black,native,other/languages/korean HTTP/1.1" 200 18290 "-" "Mozilla/5.0 AppleWebKit/537.36 (KHTML, like Gecko; compatible; ClaudeBot/1.0; +claudebot@anthropic.com)"
216.73.216.38 - - [04/Apr/2026:01:35:40 -0400] "GET /status/online/age/20-29/ethnicity/asian,native,other/languages/afrikaans HTTP/1.1" 200 18000 "-" "Mozilla/5.0 AppleWebKit/537.36 (KHTML, like Gecko; compatible; ClaudeBot/1.0; +claudebot@anthropic.com)"
216.73.216.38 - - [04/Apr/2026:01:35:40 -0400] "GET /status/online/gender/m,f/ethnicity/white,islander,native,other/languages/danish HTTP/1.1" 200 18631 "-" "Mozilla/5.0 AppleWebKit/537.36 (KHTML, like Gecko; compatible; ClaudeBot/1.0; +claudebot@anthropic.com)"
50.19.221.48 - - [04/Apr/2026:01:35:40 -0400] "GET /status/offline,online/gender/c,f,t/age/30-39/hair/brown/ethnicity/native,asian,white,east-indian,latino HTTP/1.1" 200 20482 "-" "Mozilla/5.0 AppleWebKit/537.36 (KHTML, like Gecko; compatible; Amazonbot/0.1; +https://developer.amazon.com/support/amazonbot) Chrome/119.0.6045.214 Safari/537.36"
216.73.216.38 - - [04/Apr/2026:01:35:40 -0400] "GET /status/offline/hair/black,blonde/ethnicity/white,islander,native/languages/belarusian HTTP/1.1" 200 18623 "-" "Mozilla/5.0 AppleWebKit/537.36 (KHTML, like Gecko; compatible; ClaudeBot/1.0; +claudebot@anthropic.com)"
216.73.216.38 - - [04/Apr/2026:01:35:40 -0400] "GET /age/60-100/hair/black/ethnicity/native,other,black/languages/cambodian HTTP/1.1" 200 17921 "-" "Mozilla/5.0 AppleWebKit/537.36 (KHTML, like Gecko; compatible; ClaudeBot/1.0; +claudebot@anthropic.com)"
216.73.216.38 - - [04/Apr/2026:01:35:40 -0400] "GET /status/offline/gender/c,f/hair/blonde,grey,white/languages/czech HTTP/1.1" 200 17966 "-" "Mozilla/5.0 AppleWebKit/537.36 (KHTML, like Gecko; compatible; ClaudeBot/1.0; +claudebot@anthropic.com)"
216.73.216.38 - - [04/Apr/2026:01:35:40 -0400] "GET /age/60-100/hair/white,grey/ethnicity/native,latino/languages/afrikaans HTTP/1.1" 200 17927 "-" "Mozilla/5.0 AppleWebKit/537.36 (KHTML, like Gecko; compatible; ClaudeBot/1.0; +claudebot@anthropic.com)"
74.7.227.30 - - [04/Apr/2026:01:35:40 -0400] "GET /age/50-59,20-29/ethnicity/islander,latino,white,east-indian,black,native,other,asian HTTP/1.1" 200 19155 "https://nudcam.com/age/50-59/ethnicity/islander,latino,white,east-indian,black,native,other,asian" "Mozilla/5.0 AppleWebKit/537.36 (KHTML, like Gecko; compatible; GPTBot/1.3; +https://openai.com/gptbot)"
216.73.216.38 - - [04/Apr/2026:01:35:40 -0400] "GET /status/offline,online/age/60-100/hair/black/ethnicity/islander,native/languages/hebrew HTTP/1.1" 200 18625 "-" "Mozilla/5.0 AppleWebKit/537.36 (KHTML, like Gecko; compatible; ClaudeBot/1.0; +claudebot@anthropic.com)"
17.241.219.53 - - [04/Apr/2026:01:35:40 -0400] "GET /gender/c/age/50-59/hair/grey/ethnicity/asian/languages/serbian HTTP/1.1" 200 17426 "-" "Mozilla/5.0 (Macintosh; Intel Mac OS X 10_15_7) AppleWebKit/605.1.15 (KHTML, like Gecko) Version/17.4 Safari/605.1.15 (Applebot/0.1; +http://www.apple.com/go/applebot)"
216.73.216.38 - - [04/Apr/2026:01:35:40 -0400] "GET /status/offline/hair/grey,black/ethnicity/asian,white/languages/spanish HTTP/1.1" 200 17928 "-" "Mozilla/5.0 AppleWebKit/537.36 (KHTML, like Gecko; compatible; ClaudeBot/1.0; +claudebot@anthropic.com)"
185.170.167.18 - - [04/Apr/2026:01:35:40 -0400] "GET /gender/f,c,m/age/60-100,20-29,30-39,40-49 HTTP/1.1" 200 17114 "-" "Mozilla/5.0 (compatible; BacklinksExtendedBot)"
216.73.216.38 - - [04/Apr/2026:01:35:40 -0400] "GET /status/offline,online/age/30-39/ethnicity/latino,white,black/languages/finnish HTTP/1.1" 200 18398 "-" "Mozilla/5.0 AppleWebKit/537.36 (KHTML, like Gecko; compatible; ClaudeBot/1.0; +claudebot@anthropic.com)"
216.73.216.38 - - [04/Apr/2026:01:35:41 -0400] "GET /hair/blonde,red/ethnicity/asian,native/languages/czech HTTP/1.1" 200 17254 "-" "Mozilla/5.0 AppleWebKit/537.36 (KHTML, like Gecko; compatible; ClaudeBot/1.0; +claudebot@anthropic.com)"
216.73.216.38 - - [04/Apr/2026:01:35:41 -0400] "GET /hair/auburn,red,grey/ethnicity/white,black,native/languages/catalan HTTP/1.1" 200 18039 "-" "Mozilla/5.0 AppleWebKit/537.36 (KHTML, like Gecko; compatible; ClaudeBot/1.0; +claudebot@anthropic.com)"
74.7.227.134 - - [04/Apr/2026:01:35:41 -0400] "GET /age/30-39,18-19/ethnicity/news-leonardo-faz-homenagem-apos-morte-de-assessora-cuidou-de-mim-como-filho,east-indian,latino,native,islander,other,asian,black HTTP/1.1" 200 22143 "https://www.nudcam.com/age/30-39,18-19/ethnicity/news-leonardo-faz-homenagem-apos-morte-de-assessora-cuidou-de-mim-como-filho,white,east-indian,latino,native,islander,other,asian,black" "Mozilla/5.0 AppleWebKit/537.36 (KHTML, like Gecko; compatible; GPTBot/1.3; +https://openai.com/gptbot)"
216.73.216.38 - - [04/Apr/2026:01:35:41 -0400] "GET /age/18-19,40-49/ethnicity/latino,other,asian/languages/czech HTTP/1.1" 200 17629 "-" "Mozilla/5.0 AppleWebKit/537.36 (KHTML, like Gecko; compatible; ClaudeBot/1.0; +claudebot@anthropic.com)"
216.73.216.38 - - [04/Apr/2026:01:35:41 -0400] "GET /status/offline/gender/t,m/hair/red/ethnicity/other/languages/icelandic HTTP/1.1" 200 17887 "-" "Mozilla/5.0 AppleWebKit/537.36 (KHTML, like Gecko; compatible; ClaudeBot/1.0; +claudebot@anthropic.com)"
216.73.216.38 - - [04/Apr/2026:01:35:41 -0400] "GET /gender/m,f/age/30-39,60-100,40-49/ethnicity/white/languages/dutch HTTP/1.1" 200 17933 "-" "Mozilla/5.0 AppleWebKit/537.36 (KHTML, like Gecko; compatible; ClaudeBot/1.0; +claudebot@anthropic.com)"
216.73.216.38 - - [04/Apr/2026:01:35:41 -0400] "GET /age/60-100,30-39,40-49/hair/brown,auburn/languages/irish HTTP/1.1" 200 17531 "-" "Mozilla/5.0 AppleWebKit/537.36 (KHTML, like Gecko; compatible; ClaudeBot/1.0; +claudebot@anthropic.com)"
216.73.216.38 - - [04/Apr/2026:01:35:41 -0400] "GET /gender/t,c/age/60-100,20-29/ethnicity/islander,native/languages/persian HTTP/1.1" 200 18163 "-" "Mozilla/5.0 AppleWebKit/537.36 (KHTML, like Gecko; compatible; ClaudeBot/1.0; +claudebot@anthropic.com)"
216.73.216.38 - - [04/Apr/2026:01:35:41 -0400] "GET /status/offline/gender/f,t/ethnicity/white,native,black,other/languages/turkish HTTP/1.1" 200 18600 "-" "Mozilla/5.0 AppleWebKit/537.36 (KHTML, like Gecko; compatible; ClaudeBot/1.0; +claudebot@anthropic.com)"
216.73.216.38 - - [04/Apr/2026:01:35:41 -0400] "GET /gender/t/hair/black,blonde/ethnicity/islander/languages/kashmiri HTTP/1.1" 200 17520 "-" "Mozilla/5.0 AppleWebKit/537.36 (KHTML, like Gecko; compatible; ClaudeBot/1.0; +claudebot@anthropic.com)"
74.7.227.30 - - [04/Apr/2026:01:35:41 -0400] "GET /age/30-39,20-29/ethnicity/latino,other,islander,white,native,black,east-indian,asian HTTP/1.1" 200 19155 "https://nudcam.com/age/30-39/ethnicity/latino,other,islander,white,native,black,east-indian,asian" "Mozilla/5.0 AppleWebKit/537.36 (KHTML, like Gecko; compatible; GPTBot/1.3; +https://openai.com/gptbot)"
216.73.216.38 - - [04/Apr/2026:01:35:41 -0400] "GET /gender/f,m/hair/white,brown/ethnicity/black/languages/hindi HTTP/1.1" 200 17554 "-" "Mozilla/5.0 AppleWebKit/537.36 (KHTML, like Gecko; compatible; ClaudeBot/1.0; +claudebot@anthropic.com)"
216.73.216.38 - - [04/Apr/2026:01:35:41 -0400] "GET /status/online/gender/m/age/20-29,30-39/ethnicity/white,black/languages/romanian HTTP/1.1" 200 18395 "-" "Mozilla/5.0 AppleWebKit/537.36 (KHTML, like Gecko; compatible; ClaudeBot/1.0; +claudebot@anthropic.com)"
216.73.216.38 - - [04/Apr/2026:01:35:42 -0400] "GET /gender/m,c/age/18-19/ethnicity/white,native,asian/languages/polish HTTP/1.1" 200 17994 "-" "Mozilla/5.0 AppleWebKit/537.36 (KHTML, like Gecko; compatible; ClaudeBot/1.0; +claudebot@anthropic.com)"
216.73.216.38 - - [04/Apr/2026:01:35:42 -0400] "GET /gender/m/age/40-49,20-29/ethnicity/native,other,white/languages/czech HTTP/1.1" 200 18079 "-" "Mozilla/5.0 AppleWebKit/537.36 (KHTML, like Gecko; compatible; ClaudeBot/1.0; +claudebot@anthropic.com)"
74.7.227.134 - - [04/Apr/2026:01:35:42 -0400] "GET /age/50-59,40-49/ethnicity/news-leonardo-faz-homenagem-apos-morte-de-assessora-cuidou-de-mim-como-filho,east-indian,latino,other,asian,native,black,islander HTTP/1.1" 200 22143 "https://www.nudcam.com/age/50-59,40-49/ethnicity/news-leonardo-faz-homenagem-apos-morte-de-assessora-cuidou-de-mim-como-filho,white,east-indian,latino,other,asian,native,black,islander" "Mozilla/5.0 AppleWebKit/537.36 (KHTML, like Gecko; compatible; GPTBot/1.3; +https://openai.com/gptbot)"
216.73.216.38 - - [04/Apr/2026:01:35:42 -0400] "GET /status/offline/gender/f/hair/white,grey,red/ethnicity/other/languages/finnish HTTP/1.1" 200 18300 "-" "Mozilla/5.0 AppleWebKit/537.36 (KHTML, like Gecko; compatible; ClaudeBot/1.0; +claudebot@anthropic.com)"
216.73.216.38 - - [04/Apr/2026:01:35:42 -0400] "GET /gender/t,c,f/ethnicity/black,white,asian/languages/malay HTTP/1.1" 200 17687 "-" "Mozilla/5.0 AppleWebKit/537.36 (KHTML, like Gecko; compatible; ClaudeBot/1.0; +claudebot@anthropic.com)"
17.241.75.107 - - [04/Apr/2026:01:35:42 -0400] "GET /status/online/age/40-49,30-39/ethnicity/native,other/languages/hebrew HTTP/1.1" 200 17899 "-" "Mozilla/5.0 (Macintosh; Intel Mac OS X 10_15_7) AppleWebKit/605.1.15 (KHTML, like Gecko) Version/17.4 Safari/605.1.15 (Applebot/0.1; +http://www.apple.com/go/applebot)"
216.73.216.38 - - [04/Apr/2026:01:35:42 -0400] "GET /gender/f/age/60-100,50-59/ethnicity/native,latino/languages/icelandic HTTP/1.1" 200 17896 "-" "Mozilla/5.0 AppleWebKit/537.36 (KHTML, like Gecko; compatible; ClaudeBot/1.0; +claudebot@anthropic.com)"
216.73.216.38 - - [04/Apr/2026:01:35:42 -0400] "GET /status/online/gender/c/age/50-59,18-19/ethnicity/other/languages/ukrainian HTTP/1.1" 200 18016 "-" "Mozilla/5.0 AppleWebKit/537.36 (KHTML, like Gecko; compatible; ClaudeBot/1.0; +claudebot@anthropic.com)"
216.73.216.38 - - [04/Apr/2026:01:35:42 -0400] "GET /gender/t/age/60-100/hair/grey/ethnicity/white,asian/languages/danish HTTP/1.1" 200 17821 "-" "Mozilla/5.0 AppleWebKit/537.36 (KHTML, like Gecko; compatible; ClaudeBot/1.0; +claudebot@anthropic.com)"
216.73.216.38 - - [04/Apr/2026:01:35:42 -0400] "GET /status/offline/age/40-49/hair/red,white/ethnicity/white,native,black/languages/scots HTTP/1.1" 200 18763 "-" "Mozilla/5.0 AppleWebKit/537.36 (KHTML, like Gecko; compatible; ClaudeBot/1.0; +claudebot@anthropic.com)"
216.73.216.38 - - [04/Apr/2026:01:35:42 -0400] "GET /gender/c/age/60-100/hair/black/ethnicity/white,islander/languages/belarusian HTTP/1.1" 200 18086 "-" "Mozilla/5.0 AppleWebKit/537.36 (KHTML, like Gecko; compatible; ClaudeBot/1.0; +claudebot@anthropic.com)"
