216.73.216.38 - - [04/Apr/2026:01:36:06 -0400] "GET /gender/m/age/40-49,20-29,18-19/ethnicity/asian/languages/malay HTTP/1.1" 200 17635 "-" "Mozilla/5.0 AppleWebKit/537.36 (KHTML, like Gecko; compatible; ClaudeBot/1.0; +claudebot@anthropic.com)"
216.73.216.38 - - [04/Apr/2026:01:36:06 -0400] "GET /status/offline/age/40-49,60-100/hair/red,white/ethnicity/other/languages/danish HTTP/1.1" 200 18373 "-" "Mozilla/5.0 AppleWebKit/537.36 (KHTML, like Gecko; compatible; ClaudeBot/1.0; +claudebot@anthropic.com)"
216.73.216.38 - - [04/Apr/2026:01:36:06 -0400] "GET /status/offline/gender/m,f/age/60-100,30-39,20-29/ethnicity/native/languages/malay HTTP/1.1" 200 18646 "-" "Mozilla/5.0 AppleWebKit/537.36 (KHTML, like Gecko; compatible; ClaudeBot/1.0; +claudebot@anthropic.com)"
17.22.245.224 - - [04/Apr/2026:01:36:06 -0400] "GET /age/40-49,20-29/hair/white/ethnicity/native,black,islander/languages/thai HTTP/1.1" 200 17985 "-" "Mozilla/5.0 (Macintosh; Intel Mac OS X 10_15_7) AppleWebKit/605.1.15 (KHTML, like Gecko) Version/17.4 Safari/605.1.15 (Applebot/0.1; +http://www.apple.com/go/applebot)"
216.73.216.38 - - [04/Apr/2026:01:36:06 -0400] "GET /gender/t/ethnicity/east-indian,native,white/languages/maltese HTTP/1.1" 200 17474 "-" "Mozilla/5.0 AppleWebKit/537.36 (KHTML, like Gecko; compatible; ClaudeBot/1.0; +claudebot@anthropic.com)"
216.73.216.38 - - [04/Apr/2026:01:36:06 -0400] "GET /gender/t,c,m,f/age/60-100/ethnicity/black/languages/maltese HTTP/1.1" 200 17742 "-" "Mozilla/5.0 AppleWebKit/537.36 (KHTML, like Gecko; compatible; ClaudeBot/1.0; +claudebot@anthropic.com)"
216.73.216.38 - - [04/Apr/2026:01:36:06 -0400] "GET /gender/c/age/18-19,50-59/ethnicity/native,black,white/languages/finnish HTTP/1.1" 200 18151 "-" "Mozilla/5.0 AppleWebKit/537.36 (KHTML, like Gecko; compatible; ClaudeBot/1.0; +claudebot@anthropic.com)"
216.73.216.38 - - [04/Apr/2026:01:36:07 -0400] "GET /status/offline/age/50-59/hair/red,grey,auburn/ethnicity/white/languages/german HTTP/1.1" 200 18335 "-" "Mozilla/5.0 AppleWebKit/537.36 (KHTML, like Gecko; compatible; ClaudeBot/1.0; +claudebot@anthropic.com)"
216.73.216.38 - - [04/Apr/2026:01:36:07 -0400] "GET /status/offline/age/30-39,40-49/ethnicity/native,asian,white/languages/kurdish HTTP/1.1" 200 18358 "-" "Mozilla/5.0 AppleWebKit/537.36 (KHTML, like Gecko; compatible; ClaudeBot/1.0; +claudebot@anthropic.com)"
216.73.216.38 - - [04/Apr/2026:01:36:07 -0400] "GET /hair/grey,auburn,red/ethnicity/white,islander,native/languages/thai HTTP/1.1" 200 18033 "-" "Mozilla/5.0 AppleWebKit/537.36 (KHTML, like Gecko; compatible; ClaudeBot/1.0; +claudebot@anthropic.com)"
216.73.216.38 - - [04/Apr/2026:01:36:07 -0400] "GET /age/60-100/hair/blonde,auburn,red,white/languages/serbian HTTP/1.1" 200 17565 "-" "Mozilla/5.0 AppleWebKit/537.36 (KHTML, like Gecko; compatible; ClaudeBot/1.0; +claudebot@anthropic.com)"
74.7.227.30 - - [04/Apr/2026:01:36:07 -0400] "GET /age/40-49/hair/brown/ethnicity/white,other,asian,latino,islander,black,east-indian,native HTTP/1.1" 200 19304 "https://nudcam.com/age/40-49/ethnicity/white,other,asian,latino,islander,black,east-indian,native" "Mozilla/5.0 AppleWebKit/537.36 (KHTML, like Gecko; compatible; GPTBot/1.3; +https://openai.com/gptbot)"
216.73.216.38 - - [04/Apr/2026:01:36:07 -0400] "GET /age/20-29/ethnicity/asian,native,white,latino/languages/scots HTTP/1.1" 200 17660 "-" "Mozilla/5.0 AppleWebKit/537.36 (KHTML, like Gecko; compatible; ClaudeBot/1.0; +claudebot@anthropic.com)"
74.7.227.134 - - [04/Apr/2026:01:36:07 -0400] "GET /age/50-59,30-39,18-19/ethnicity/news-leonardo-faz-homenagem-apos-morte-de-assessora-cuidou-de-mim-como-filho,other,black,native,east-indian,asian,white,islander,latino HTTP/1.1" 200 23162 "https://www.nudcam.com/age/50-59,30-39/ethnicity/news-leonardo-faz-homenagem-apos-morte-de-assessora-cuidou-de-mim-como-filho,other,black,native,east-indian,asian,white,islander,latino" "Mozilla/5.0 AppleWebKit/537.36 (KHTML, like Gecko; compatible; GPTBot/1.3; +https://openai.com/gptbot)"
216.73.216.38 - - [04/Apr/2026:01:36:07 -0400] "GET /gender/f,c/age/40-49,50-59/hair/black/languages/spanish HTTP/1.1" 200 17488 "-" "Mozilla/5.0 AppleWebKit/537.36 (KHTML, like Gecko; compatible; ClaudeBot/1.0; +claudebot@anthropic.com)"
216.73.216.38 - - [04/Apr/2026:01:36:07 -0400] "GET /age/20-29,50-59,40-49/ethnicity/latino,islander/languages/kashmiri HTTP/1.1" 200 17820 "-" "Mozilla/5.0 AppleWebKit/537.36 (KHTML, like Gecko; compatible; ClaudeBot/1.0; +claudebot@anthropic.com)"
216.73.216.38 - - [04/Apr/2026:01:36:07 -0400] "GET /status/offline/hair/brown,red,grey/ethnicity/black,white/languages/swedish HTTP/1.1" 200 18250 "-" "Mozilla/5.0 AppleWebKit/537.36 (KHTML, like Gecko; compatible; ClaudeBot/1.0; +claudebot@anthropic.com)"
216.73.216.38 - - [04/Apr/2026:01:36:07 -0400] "GET /status/online/age/50-59/ethnicity/black,islander,native,asian/languages/norwegian HTTP/1.1" 200 18493 "-" "Mozilla/5.0 AppleWebKit/537.36 (KHTML, like Gecko; compatible; ClaudeBot/1.0; +claudebot@anthropic.com)"
216.73.216.38 - - [04/Apr/2026:01:36:07 -0400] "GET /age/60-100/hair/auburn,red,white/ethnicity/islander/languages/korean HTTP/1.1" 200 17833 "-" "Mozilla/5.0 AppleWebKit/537.36 (KHTML, like Gecko; compatible; ClaudeBot/1.0; +claudebot@anthropic.com)"
17.22.245.220 - - [04/Apr/2026:01:36:07 -0400] "GET /status/offline,online/age/20-29,18-19/ethnicity/asian,other/languages/french HTTP/1.1" 200 18331 "-" "Mozilla/5.0 (Macintosh; Intel Mac OS X 10_15_7) AppleWebKit/605.1.15 (KHTML, like Gecko) Version/17.4 Safari/605.1.15 (Applebot/0.1; +http://www.apple.com/go/applebot)"
216.73.216.38 - - [04/Apr/2026:01:36:07 -0400] "GET /status/offline/gender/m,t,c,f/ethnicity/islander,white/languages/norwegian HTTP/1.1" 200 18464 "-" "Mozilla/5.0 AppleWebKit/537.36 (KHTML, like Gecko; compatible; ClaudeBot/1.0; +claudebot@anthropic.com)"
216.73.216.38 - - [04/Apr/2026:01:36:08 -0400] "GET /gender/c,t/age/40-49/ethnicity/native,other,latino/languages/danish HTTP/1.1" 200 18028 "-" "Mozilla/5.0 AppleWebKit/537.36 (KHTML, like Gecko; compatible; ClaudeBot/1.0; +claudebot@anthropic.com)"
3.224.215.150 - - [04/Apr/2026:01:36:08 -0400] "GET /status/offline,online/gender/c,f,m/age/18-19/hair/black/ethnicity/latino,east-indian,asian,native,islander,black/languages/french HTTP/1.1" 200 21548 "-" "Mozilla/5.0 AppleWebKit/537.36 (KHTML, like Gecko; compatible; Amazonbot/0.1; +https://developer.amazon.com/support/amazonbot) Chrome/119.0.6045.214 Safari/537.36"
216.73.216.38 - - [04/Apr/2026:01:36:08 -0400] "GET /status/offline/age/30-39/hair/grey,black/ethnicity/black,other/languages/thai HTTP/1.1" 200 18322 "-" "Mozilla/5.0 AppleWebKit/537.36 (KHTML, like Gecko; compatible; ClaudeBot/1.0; +claudebot@anthropic.com)"
216.73.216.38 - - [04/Apr/2026:01:36:08 -0400] "GET /status/online/age/30-39/hair/red/ethnicity/islander,asian/languages/swedish HTTP/1.1" 200 18057 "-" "Mozilla/5.0 AppleWebKit/537.36 (KHTML, like Gecko; compatible; ClaudeBot/1.0; +claudebot@anthropic.com)"
216.73.216.38 - - [04/Apr/2026:01:36:08 -0400] "GET /status/offline/age/18-19/hair/grey,black/ethnicity/other,native/languages/vietnamese HTTP/1.1" 200 18565 "-" "Mozilla/5.0 AppleWebKit/537.36 (KHTML, like Gecko; compatible; ClaudeBot/1.0; +claudebot@anthropic.com)"
144.76.32.236 - - [04/Apr/2026:01:36:08 -0400] "GET /gender/c,f,m/hair/black,red/languages/thai HTTP/1.1" 200 16877 "-" "Mozilla/5.0 (compatible; SERankingBacklinksBot/1.0; +https://seranking.com/backlinks-crawler)"
216.73.216.38 - - [04/Apr/2026:01:36:08 -0400] "GET /status/offline/gender/m/age/50-59,20-29,40-49/ethnicity/other/languages/spanish HTTP/1.1" 200 18366 "-" "Mozilla/5.0 AppleWebKit/537.36 (KHTML, like Gecko; compatible; ClaudeBot/1.0; +claudebot@anthropic.com)"
216.73.216.38 - - [04/Apr/2026:01:36:08 -0400] "GET /age/50-59,40-49/hair/black/ethnicity/latino/languages/ukrainian HTTP/1.1" 200 17491 "-" "Mozilla/5.0 AppleWebKit/537.36 (KHTML, like Gecko; compatible; ClaudeBot/1.0; +claudebot@anthropic.com)"
74.7.227.30 - - [04/Apr/2026:01:36:08 -0400] "GET /gender/f/age/40-49/ethnicity/white,other,asian,latino,islander,black,east-indian,native HTTP/1.1" 200 19236 "https://nudcam.com/age/40-49/ethnicity/white,other,asian,latino,islander,black,east-indian,native" "Mozilla/5.0 AppleWebKit/537.36 (KHTML, like Gecko; compatible; GPTBot/1.3; +https://openai.com/gptbot)"
74.7.227.134 - - [04/Apr/2026:01:36:08 -0400] "GET /age/40-49,20-29,50-59/ethnicity/news-leonardo-faz-homenagem-apos-morte-de-assessora-cuidou-de-mim-como-filho,asian,islander,other,latino,white,black,east-indian,native HTTP/1.1" 200 23162 "https://www.nudcam.com/age/40-49,20-29/ethnicity/news-leonardo-faz-homenagem-apos-morte-de-assessora-cuidou-de-mim-como-filho,asian,islander,other,latino,white,black,east-indian,native" "Mozilla/5.0 AppleWebKit/537.36 (KHTML, like Gecko; compatible; GPTBot/1.3; +https://openai.com/gptbot)"
216.73.216.38 - - [04/Apr/2026:01:36:08 -0400] "GET /gender/c/age/60-100,30-39/ethnicity/native,east-indian/languages/kurdish HTTP/1.1" 200 17988 "-" "Mozilla/5.0 AppleWebKit/537.36 (KHTML, like Gecko; compatible; ClaudeBot/1.0; +claudebot@anthropic.com)"
216.73.216.38 - - [04/Apr/2026:01:36:08 -0400] "GET /gender/t,m,f/age/60-100,50-59,30-39/languages/hebrew HTTP/1.1" 200 17590 "-" "Mozilla/5.0 AppleWebKit/537.36 (KHTML, like Gecko; compatible; ClaudeBot/1.0; +claudebot@anthropic.com)"
216.73.216.38 - - [04/Apr/2026:01:36:08 -0400] "GET /age/60-100/hair/brown,auburn/ethnicity/black,native/languages/lithuanian HTTP/1.1" 200 17993 "-" "Mozilla/5.0 AppleWebKit/537.36 (KHTML, like Gecko; compatible; ClaudeBot/1.0; +claudebot@anthropic.com)"
216.73.216.38 - - [04/Apr/2026:01:36:08 -0400] "GET /gender/m,c/hair/black,red/ethnicity/native,white/languages/danish HTTP/1.1" 200 17957 "-" "Mozilla/5.0 AppleWebKit/537.36 (KHTML, like Gecko; compatible; ClaudeBot/1.0; +claudebot@anthropic.com)"
216.73.216.38 - - [04/Apr/2026:01:36:09 -0400] "GET /status/offline/age/18-19/hair/auburn,black,white,grey/languages/belarusian HTTP/1.1" 200 18293 "-" "Mozilla/5.0 AppleWebKit/537.36 (KHTML, like Gecko; compatible; ClaudeBot/1.0; +claudebot@anthropic.com)"
216.73.216.38 - - [04/Apr/2026:01:36:09 -0400] "GET /gender/m/age/18-19/hair/white/ethnicity/white,black/languages/czech HTTP/1.1" 200 17786 "-" "Mozilla/5.0 AppleWebKit/537.36 (KHTML, like Gecko; compatible; ClaudeBot/1.0; +claudebot@anthropic.com)"
216.73.216.38 - - [04/Apr/2026:01:36:09 -0400] "GET /hair/brown,blonde,grey,black/ethnicity/native/languages/korean HTTP/1.1" 200 17662 "-" "Mozilla/5.0 AppleWebKit/537.36 (KHTML, like Gecko; compatible; ClaudeBot/1.0; +claudebot@anthropic.com)"
17.22.253.83 - - [04/Apr/2026:01:36:09 -0400] "GET /status/offline/age/40-49,30-39/hair/brown/languages/fiji HTTP/1.1" 200 17330 "-" "Mozilla/5.0 (Macintosh; Intel Mac OS X 10_15_7) AppleWebKit/605.1.15 (KHTML, like Gecko) Version/17.4 Safari/605.1.15 (Applebot/0.1; +http://www.apple.com/go/applebot)"
216.73.216.38 - - [04/Apr/2026:01:36:09 -0400] "GET /status/offline/gender/m/age/30-39/hair/grey/ethnicity/asian/languages/bulgarian HTTP/1.1" 200 18138 "-" "Mozilla/5.0 AppleWebKit/537.36 (KHTML, like Gecko; compatible; ClaudeBot/1.0; +claudebot@anthropic.com)"
216.73.216.38 - - [04/Apr/2026:01:36:09 -0400] "GET /status/offline/gender/f,m/hair/blonde,black/ethnicity/native/languages/scots HTTP/1.1" 200 18278 "-" "Mozilla/5.0 AppleWebKit/537.36 (KHTML, like Gecko; compatible; ClaudeBot/1.0; +claudebot@anthropic.com)"
216.73.216.38 - - [04/Apr/2026:01:36:09 -0400] "GET /status/offline/hair/auburn,red,grey/ethnicity/latino/languages/hungarian HTTP/1.1" 200 17972 "-" "Mozilla/5.0 AppleWebKit/537.36 (KHTML, like Gecko; compatible; ClaudeBot/1.0; +claudebot@anthropic.com)"
216.73.216.38 - - [04/Apr/2026:01:36:09 -0400] "GET /status/offline/age/60-100,20-29/hair/auburn/ethnicity/black/languages/greek HTTP/1.1" 200 18034 "-" "Mozilla/5.0 AppleWebKit/537.36 (KHTML, like Gecko; compatible; ClaudeBot/1.0; +claudebot@anthropic.com)"
74.7.227.134 - - [04/Apr/2026:01:36:09 -0400] "GET /age/30-39,20-29,18-19/ethnicity/news-leonardo-faz-homenagem-apos-morte-de-assessora-cuidou-de-mim-como-filho,native,black,latino,asian,other,islander,white,east-indian HTTP/1.1" 200 23162 "https://www.nudcam.com/age/30-39,20-29/ethnicity/news-leonardo-faz-homenagem-apos-morte-de-assessora-cuidou-de-mim-como-filho,native,black,latino,asian,other,islander,white,east-indian" "Mozilla/5.0 AppleWebKit/537.36 (KHTML, like Gecko; compatible; GPTBot/1.3; +https://openai.com/gptbot)"
216.73.216.38 - - [04/Apr/2026:01:36:09 -0400] "GET /status/offline/age/18-19/hair/black/ethnicity/black,islander,native/languages/belarusian HTTP/1.1" 200 18691 "-" "Mozilla/5.0 AppleWebKit/537.36 (KHTML, like Gecko; compatible; ClaudeBot/1.0; +claudebot@anthropic.com)"
17.241.75.190 - - [04/Apr/2026:01:36:09 -0400] "GET /status/offline/gender/f,t/ethnicity/native,islander/sites/1 HTTP/1.1" 200 17568 "-" "Mozilla/5.0 (Macintosh; Intel Mac OS X 10_15_7) AppleWebKit/605.1.15 (KHTML, like Gecko) Version/17.4 Safari/605.1.15 (Applebot/0.1; +http://www.apple.com/go/applebot)"
216.73.216.38 - - [04/Apr/2026:01:36:09 -0400] "GET /status/offline/age/50-59,60-100/hair/grey,black,white/languages/german HTTP/1.1" 200 18158 "-" "Mozilla/5.0 AppleWebKit/537.36 (KHTML, like Gecko; compatible; ClaudeBot/1.0; +claudebot@anthropic.com)"
216.73.216.38 - - [04/Apr/2026:01:36:09 -0400] "GET /status/offline,online/age/20-29,50-59/ethnicity/other,asian/languages/danish HTTP/1.1" 200 18331 "-" "Mozilla/5.0 AppleWebKit/537.36 (KHTML, like Gecko; compatible; ClaudeBot/1.0; +claudebot@anthropic.com)"
216.73.216.38 - - [04/Apr/2026:01:36:09 -0400] "GET /age/50-59,40-49/hair/white,red/ethnicity/black/languages/hindi HTTP/1.1" 200 17644 "-" "Mozilla/5.0 AppleWebKit/537.36 (KHTML, like Gecko; compatible; ClaudeBot/1.0; +claudebot@anthropic.com)"
216.73.216.38 - - [04/Apr/2026:01:36:10 -0400] "GET /status/offline/gender/f/age/40-49/hair/black,white,brown/languages/swedish HTTP/1.1" 200 18262 "-" "Mozilla/5.0 AppleWebKit/537.36 (KHTML, like Gecko; compatible; ClaudeBot/1.0; +claudebot@anthropic.com)"
216.73.216.38 - - [04/Apr/2026:01:36:10 -0400] "GET /status/online/gender/c/hair/red,grey/ethnicity/native/languages/portuguese HTTP/1.1" 200 18013 "-" "Mozilla/5.0 AppleWebKit/537.36 (KHTML, like Gecko; compatible; ClaudeBot/1.0; +claudebot@anthropic.com)"
85.208.96.195 - - [04/Apr/2026:01:36:10 -0400] "GET /hair/grey,red,brown/ethnicity/east-indian,asian HTTP/1.1" 403 - "-" "Mozilla/5.0 (compatible; SemrushBot/7~bl; +http://www.semrush.com/bot.html)"
216.73.216.38 - - [04/Apr/2026:01:36:10 -0400] "GET /gender/f/age/40-49/ethnicity/native,other,latino,white/languages/arabic HTTP/1.1" 200 18148 "-" "Mozilla/5.0 AppleWebKit/537.36 (KHTML, like Gecko; compatible; ClaudeBot/1.0; +claudebot@anthropic.com)"
216.73.216.38 - - [04/Apr/2026:01:36:10 -0400] "GET /gender/t,m/age/60-100,50-59/hair/white/languages/scots HTTP/1.1" 200 17449 "-" "Mozilla/5.0 AppleWebKit/537.36 (KHTML, like Gecko; compatible; ClaudeBot/1.0; +claudebot@anthropic.com)"
216.73.216.38 - - [04/Apr/2026:01:36:10 -0400] "GET /gender/m/age/20-29/hair/auburn,black,white/languages/czech HTTP/1.1" 200 17566 "-" "Mozilla/5.0 AppleWebKit/537.36 (KHTML, like Gecko; compatible; ClaudeBot/1.0; +claudebot@anthropic.com)"
216.73.216.38 - - [04/Apr/2026:01:36:10 -0400] "GET /gender/m,c/age/30-39/hair/auburn,brown/languages/serbian HTTP/1.1" 200 17523 "-" "Mozilla/5.0 AppleWebKit/537.36 (KHTML, like Gecko; compatible; ClaudeBot/1.0; +claudebot@anthropic.com)"
74.7.227.134 - - [04/Apr/2026:01:36:10 -0400] "GET /age/18-19,50-59,30-39/ethnicity/news-leonardo-faz-homenagem-apos-morte-de-assessora-cuidou-de-mim-como-filho,other,white,asian,east-indian,islander,latino,native,black HTTP/1.1" 200 23162 "https://www.nudcam.com/age/18-19,50-59/ethnicity/news-leonardo-faz-homenagem-apos-morte-de-assessora-cuidou-de-mim-como-filho,other,white,asian,east-indian,islander,latino,native,black" "Mozilla/5.0 AppleWebKit/537.36 (KHTML, like Gecko; compatible; GPTBot/1.3; +https://openai.com/gptbot)"
17.22.253.18 - - [04/Apr/2026:01:36:10 -0400] "GET /status/online/gender/t,m/hair/auburn/languages/danish HTTP/1.1" 200 17246 "-" "Mozilla/5.0 (Macintosh; Intel Mac OS X 10_15_7) AppleWebKit/605.1.15 (KHTML, like Gecko) Version/17.4 Safari/605.1.15 (Applebot/0.1; +http://www.apple.com/go/applebot)"
216.73.216.38 - - [04/Apr/2026:01:36:10 -0400] "GET /status/offline/hair/red,blonde,auburn/ethnicity/black,native/languages/scots HTTP/1.1" 200 18312 "-" "Mozilla/5.0 AppleWebKit/537.36 (KHTML, like Gecko; compatible; ClaudeBot/1.0; +claudebot@anthropic.com)"
216.73.216.38 - - [04/Apr/2026:01:36:10 -0400] "GET /status/online/age/30-39,50-59,60-100,40-49/ethnicity/native/languages/kashmiri HTTP/1.1" 200 18359 "-" "Mozilla/5.0 AppleWebKit/537.36 (KHTML, like Gecko; compatible; ClaudeBot/1.0; +claudebot@anthropic.com)"
216.73.216.38 - - [04/Apr/2026:01:36:10 -0400] "GET /gender/c,m,f/age/20-29,40-49/ethnicity/native,white/languages/turkish HTTP/1.1" 200 18288 "-" "Mozilla/5.0 AppleWebKit/537.36 (KHTML, like Gecko; compatible; ClaudeBot/1.0; +claudebot@anthropic.com)"
216.73.216.38 - - [04/Apr/2026:01:36:10 -0400] "GET /age/60-100,40-49/hair/blonde,black,grey/languages/chinese HTTP/1.1" 200 17570 "-" "Mozilla/5.0 AppleWebKit/537.36 (KHTML, like Gecko; compatible; ClaudeBot/1.0; +claudebot@anthropic.com)"
216.73.216.38 - - [04/Apr/2026:01:36:10 -0400] "GET /gender/f,t/hair/red,white,black/languages/kashmiri HTTP/1.1" 200 17355 "-" "Mozilla/5.0 AppleWebKit/537.36 (KHTML, like Gecko; compatible; ClaudeBot/1.0; +claudebot@anthropic.com)"
216.73.216.38 - - [04/Apr/2026:01:36:11 -0400] "GET /hair/red,white,black,grey/ethnicity/islander/languages/english HTTP/1.1" 200 17664 "-" "Mozilla/5.0 AppleWebKit/537.36 (KHTML, like Gecko; compatible; ClaudeBot/1.0; +claudebot@anthropic.com)"
216.73.216.38 - - [04/Apr/2026:01:36:11 -0400] "GET /age/40-49/hair/grey,black,red,brown/ethnicity/white/languages/spanish HTTP/1.1" 200 18056 "-" "Mozilla/5.0 AppleWebKit/537.36 (KHTML, like Gecko; compatible; ClaudeBot/1.0; +claudebot@anthropic.com)"
66.249.66.163 - - [04/Apr/2026:01:36:11 -0400] "GET /hair/white,blonde,brown,black,auburn,red,grey HTTP/1.1" 200 17258 "-" "Mozilla/5.0 (Linux; Android 6.0.1; Nexus 5X Build/MMB29P) AppleWebKit/537.36 (KHTML, like Gecko) Chrome/146.0.7680.177 Mobile Safari/537.36 (compatible; Googlebot/2.1; +http://www.google.com/bot.html)"
216.73.216.38 - - [04/Apr/2026:01:36:11 -0400] "GET /age/18-19,40-49/hair/white/ethnicity/other,islander/languages/korean HTTP/1.1" 200 17852 "-" "Mozilla/5.0 AppleWebKit/537.36 (KHTML, like Gecko; compatible; ClaudeBot/1.0; +claudebot@anthropic.com)"
216.73.216.38 - - [04/Apr/2026:01:36:11 -0400] "GET /status/offline,online/gender/f/age/18-19,30-39/ethnicity/islander/languages/dutch HTTP/1.1" 200 18445 "-" "Mozilla/5.0 AppleWebKit/537.36 (KHTML, like Gecko; compatible; ClaudeBot/1.0; +claudebot@anthropic.com)"
216.73.216.38 - - [04/Apr/2026:01:36:11 -0400] "GET /gender/c,m,f/ethnicity/white,native,other,islander/languages/thai HTTP/1.1" 200 18170 "-" "Mozilla/5.0 AppleWebKit/537.36 (KHTML, like Gecko; compatible; ClaudeBot/1.0; +claudebot@anthropic.com)"
74.7.227.134 - - [04/Apr/2026:01:36:11 -0400] "GET /age/50-59,30-39,20-29/ethnicity/news-leonardo-faz-homenagem-apos-morte-de-assessora-cuidou-de-mim-como-filho,native,white,east-indian,latino,islander,asian,black HTTP/1.1" 200 22643 "https://www.nudcam.com/age/50-59,30-39,20-29/ethnicity/news-leonardo-faz-homenagem-apos-morte-de-assessora-cuidou-de-mim-como-filho,native,white,east-indian,other,latino,islander,asian,black" "Mozilla/5.0 AppleWebKit/537.36 (KHTML, like Gecko; compatible; GPTBot/1.3; +https://openai.com/gptbot)"
216.73.216.38 - - [04/Apr/2026:01:36:11 -0400] "GET /status/online/gender/m/hair/auburn,grey/ethnicity/white/languages/lithuanian HTTP/1.1" 200 18075 "-" "Mozilla/5.0 AppleWebKit/537.36 (KHTML, like Gecko; compatible; ClaudeBot/1.0; +claudebot@anthropic.com)"
216.73.216.38 - - [04/Apr/2026:01:36:11 -0400] "GET /status/offline/gender/f,t,c/ethnicity/native,islander,white/languages/bulgarian HTTP/1.1" 200 18637 "-" "Mozilla/5.0 AppleWebKit/537.36 (KHTML, like Gecko; compatible; ClaudeBot/1.0; +claudebot@anthropic.com)"
216.73.216.38 - - [04/Apr/2026:01:36:11 -0400] "GET /status/online/gender/t/age/30-39,18-19/ethnicity/islander/languages/cambodian HTTP/1.1" 200 18111 "-" "Mozilla/5.0 AppleWebKit/537.36 (KHTML, like Gecko; compatible; ClaudeBot/1.0; +claudebot@anthropic.com)"
17.22.237.240 - - [04/Apr/2026:01:36:11 -0400] "GET /age/18-19/ethnicity/latino/languages/vietnamese HTTP/1.1" 200 16689 "-" "Mozilla/5.0 (Macintosh; Intel Mac OS X 10_15_7) AppleWebKit/605.1.15 (KHTML, like Gecko) Version/17.4 Safari/605.1.15 (Applebot/0.1; +http://www.apple.com/go/applebot)"
216.73.216.38 - - [04/Apr/2026:01:36:11 -0400] "GET /status/offline/age/18-19,30-39/hair/auburn,white/ethnicity/native/languages/spanish HTTP/1.1" 200 18507 "-" "Mozilla/5.0 AppleWebKit/537.36 (KHTML, like Gecko; compatible; ClaudeBot/1.0; +claudebot@anthropic.com)"
216.73.216.38 - - [04/Apr/2026:01:36:11 -0400] "GET /status/online/hair/black,blonde/ethnicity/black,islander/languages/french HTTP/1.1" 200 18022 "-" "Mozilla/5.0 AppleWebKit/537.36 (KHTML, like Gecko; compatible; ClaudeBot/1.0; +claudebot@anthropic.com)"
216.73.216.38 - - [04/Apr/2026:01:36:11 -0400] "GET /status/offline,online/gender/m/age/50-59/ethnicity/native,white/languages/indonesian HTTP/1.1" 200 18571 "-" "Mozilla/5.0 AppleWebKit/537.36 (KHTML, like Gecko; compatible; ClaudeBot/1.0; +claudebot@anthropic.com)"
216.73.216.38 - - [04/Apr/2026:01:36:12 -0400] "GET /status/offline/gender/c,f/age/20-29,50-59/ethnicity/black,native/languages/romanian HTTP/1.1" 200 18749 "-" "Mozilla/5.0 AppleWebKit/537.36 (KHTML, like Gecko; compatible; ClaudeBot/1.0; +claudebot@anthropic.com)"
216.73.216.38 - - [04/Apr/2026:01:36:12 -0400] "GET /hair/grey,black/ethnicity/latino,other,black/languages/danish HTTP/1.1" 200 17658 "-" "Mozilla/5.0 AppleWebKit/537.36 (KHTML, like Gecko; compatible; ClaudeBot/1.0; +claudebot@anthropic.com)"
216.73.216.38 - - [04/Apr/2026:01:36:12 -0400] "GET /status/online/age/20-29,60-100/hair/white/ethnicity/native/languages/portuguese HTTP/1.1" 200 18172 "-" "Mozilla/5.0 AppleWebKit/537.36 (KHTML, like Gecko; compatible; ClaudeBot/1.0; +claudebot@anthropic.com)"
3.229.164.203 - - [04/Apr/2026:01:36:12 -0400] "GET /status/online,offline/gender/f,m,t/age/18-19,60-100/hair/brown/ethnicity/native,white/languages/hebrew HTTP/1.1" 200 20038 "-" "Mozilla/5.0 AppleWebKit/537.36 (KHTML, like Gecko; compatible; Amazonbot/0.1; +https://developer.amazon.com/support/amazonbot) Chrome/119.0.6045.214 Safari/537.36"
216.73.216.38 - - [04/Apr/2026:01:36:12 -0400] "GET /age/40-49,30-39,18-19,20-29/ethnicity/asian/languages/irish HTTP/1.1" 200 17563 "-" "Mozilla/5.0 AppleWebKit/537.36 (KHTML, like Gecko; compatible; ClaudeBot/1.0; +claudebot@anthropic.com)"
216.73.216.38 - - [04/Apr/2026:01:36:12 -0400] "GET /status/online/age/18-19,30-39/ethnicity/islander,white,black/languages/dutch HTTP/1.1" 200 18321 "-" "Mozilla/5.0 AppleWebKit/537.36 (KHTML, like Gecko; compatible; ClaudeBot/1.0; +claudebot@anthropic.com)"
74.7.227.134 - - [04/Apr/2026:01:36:12 -0400] "GET /age/18-19,50-59,20-29/ethnicity/news-leonardo-faz-homenagem-apos-morte-de-assessora-cuidou-de-mim-como-filho,other,white,asian,east-indian,islander,latino,native,black HTTP/1.1" 200 23162 "https://www.nudcam.com/age/18-19,50-59/ethnicity/news-leonardo-faz-homenagem-apos-morte-de-assessora-cuidou-de-mim-como-filho,other,white,asian,east-indian,islander,latino,native,black" "Mozilla/5.0 AppleWebKit/537.36 (KHTML, like Gecko; compatible; GPTBot/1.3; +https://openai.com/gptbot)"
216.73.216.38 - - [04/Apr/2026:01:36:12 -0400] "GET /age/50-59/hair/white,grey/ethnicity/white,asian/languages/hindi HTTP/1.1" 200 17695 "-" "Mozilla/5.0 AppleWebKit/537.36 (KHTML, like Gecko; compatible; ClaudeBot/1.0; +claudebot@anthropic.com)"
74.7.227.30 - - [04/Apr/2026:01:36:12 -0400] "GET /status/online/age/50-59/ethnicity/native,other,east-indian,black,islander,white,latino,asian HTTP/1.1" 200 19430 "https://nudcam.com/age/50-59/ethnicity/native,other,east-indian,black,islander,white,latino,asian" "Mozilla/5.0 AppleWebKit/537.36 (KHTML, like Gecko; compatible; GPTBot/1.3; +https://openai.com/gptbot)"
216.73.216.38 - - [04/Apr/2026:01:36:12 -0400] "GET /status/offline,online/gender/m,c/age/40-49/hair/red/languages/czech HTTP/1.1" 200 18044 "-" "Mozilla/5.0 AppleWebKit/537.36 (KHTML, like Gecko; compatible; ClaudeBot/1.0; +claudebot@anthropic.com)"
216.73.216.38 - - [04/Apr/2026:01:36:12 -0400] "GET /age/40-49,60-100/hair/black,red,grey/languages/ukrainian HTTP/1.1" 200 17542 "-" "Mozilla/5.0 AppleWebKit/537.36 (KHTML, like Gecko; compatible; ClaudeBot/1.0; +claudebot@anthropic.com)"
216.73.216.38 - - [04/Apr/2026:01:36:12 -0400] "GET /age/20-29/hair/blonde,brown,red/ethnicity/other/languages/catalan HTTP/1.1" 200 17739 "-" "Mozilla/5.0 AppleWebKit/537.36 (KHTML, like Gecko; compatible; ClaudeBot/1.0; +claudebot@anthropic.com)"
216.73.216.38 - - [04/Apr/2026:01:36:12 -0400] "GET /status/offline/gender/c,f/age/30-39/hair/red,black/languages/hindi HTTP/1.1" 200 18011 "-" "Mozilla/5.0 AppleWebKit/537.36 (KHTML, like Gecko; compatible; ClaudeBot/1.0; +claudebot@anthropic.com)"
17.22.245.27 - - [04/Apr/2026:01:36:12 -0400] "GET /hair/red,blonde,auburn/languages/hebrew HTTP/1.1" 200 16690 "-" "Mozilla/5.0 (Macintosh; Intel Mac OS X 10_15_7) AppleWebKit/605.1.15 (KHTML, like Gecko) Version/17.4 Safari/605.1.15 (Applebot/0.1; +http://www.apple.com/go/applebot)"
216.73.216.38 - - [04/Apr/2026:01:36:12 -0400] "GET /gender/c,t,m,f/age/20-29/ethnicity/native,islander/languages/danish HTTP/1.1" 200 18215 "-" "Mozilla/5.0 AppleWebKit/537.36 (KHTML, like Gecko; compatible; ClaudeBot/1.0; +claudebot@anthropic.com)"
216.73.216.38 - - [04/Apr/2026:01:36:13 -0400] "GET /gender/c,m/age/18-19/ethnicity/native,other,white/languages/bulgarian HTTP/1.1" 200 18099 "-" "Mozilla/5.0 AppleWebKit/537.36 (KHTML, like Gecko; compatible; ClaudeBot/1.0; +claudebot@anthropic.com)"
66.249.66.67 - - [04/Apr/2026:01:36:13 -0400] "GET /hair/black,grey,auburn,red,white HTTP/1.1" 200 16520 "-" "Mozilla/5.0 (Linux; Android 6.0.1; Nexus 5X Build/MMB29P) AppleWebKit/537.36 (KHTML, like Gecko) Chrome/146.0.7680.177 Mobile Safari/537.36 (compatible; Googlebot/2.1; +http://www.google.com/bot.html)"
216.73.216.38 - - [04/Apr/2026:01:36:13 -0400] "GET /age/50-59/hair/brown/ethnicity/white,islander,native/languages/cambodian HTTP/1.1" 200 17985 "-" "Mozilla/5.0 AppleWebKit/537.36 (KHTML, like Gecko; compatible; ClaudeBot/1.0; +claudebot@anthropic.com)"
216.73.216.38 - - [04/Apr/2026:01:36:13 -0400] "GET /age/30-39/hair/black,auburn/ethnicity/islander,native/languages/indonesian HTTP/1.1" 200 18057 "-" "Mozilla/5.0 AppleWebKit/537.36 (KHTML, like Gecko; compatible; ClaudeBot/1.0; +claudebot@anthropic.com)"
216.73.216.38 - - [04/Apr/2026:01:36:13 -0400] "GET /gender/t,f,m/age/18-19/ethnicity/black,native/languages/estonian HTTP/1.1" 200 17930 "-" "Mozilla/5.0 AppleWebKit/537.36 (KHTML, like Gecko; compatible; ClaudeBot/1.0; +claudebot@anthropic.com)"
216.73.216.38 - - [04/Apr/2026:01:36:13 -0400] "GET /status/offline/gender/t/ethnicity/white,native,black,asian/languages/icelandic HTTP/1.1" 200 18389 "-" "Mozilla/5.0 AppleWebKit/537.36 (KHTML, like Gecko; compatible; ClaudeBot/1.0; +claudebot@anthropic.com)"
74.7.227.134 - - [04/Apr/2026:01:36:13 -0400] "GET /age/50-59,30-39/hair/grey/ethnicity/news-leonardo-faz-homenagem-apos-morte-de-assessora-cuidou-de-mim-como-filho,native,white,other,latino,islander,asian,black HTTP/1.1" 200 22539 "https://www.nudcam.com/age/50-59,30-39/ethnicity/news-leonardo-faz-homenagem-apos-morte-de-assessora-cuidou-de-mim-como-filho,native,white,other,latino,islander,asian,black" "Mozilla/5.0 AppleWebKit/537.36 (KHTML, like Gecko; compatible; GPTBot/1.3; +https://openai.com/gptbot)"
216.73.216.38 - - [04/Apr/2026:01:36:13 -0400] "GET /age/20-29,60-100/ethnicity/latino,native,black,white/languages/spanish HTTP/1.1" 200 18147 "-" "Mozilla/5.0 AppleWebKit/537.36 (KHTML, like Gecko; compatible; ClaudeBot/1.0; +claudebot@anthropic.com)"
216.73.216.38 - - [04/Apr/2026:01:36:13 -0400] "GET /age/60-100,40-49/hair/black/ethnicity/other,native/languages/japanese HTTP/1.1" 200 17888 "-" "Mozilla/5.0 AppleWebKit/537.36 (KHTML, like Gecko; compatible; ClaudeBot/1.0; +claudebot@anthropic.com)"
216.73.216.38 - - [04/Apr/2026:01:36:13 -0400] "GET /age/20-29/hair/white/ethnicity/white,black,islander,native/languages/malay HTTP/1.1" 200 18239 "-" "Mozilla/5.0 AppleWebKit/537.36 (KHTML, like Gecko; compatible; ClaudeBot/1.0; +claudebot@anthropic.com)"
216.73.216.38 - - [04/Apr/2026:01:36:13 -0400] "GET /status/offline/age/50-59,40-49/hair/red/ethnicity/native,black/languages/czech HTTP/1.1" 200 18352 "-" "Mozilla/5.0 AppleWebKit/537.36 (KHTML, like Gecko; compatible; ClaudeBot/1.0; +claudebot@anthropic.com)"
216.73.216.38 - - [04/Apr/2026:01:36:13 -0400] "GET /status/online,offline/age/50-59,60-100/hair/red/languages/serbian HTTP/1.1" 200 17812 "-" "Mozilla/5.0 AppleWebKit/537.36 (KHTML, like Gecko; compatible; ClaudeBot/1.0; +claudebot@anthropic.com)"
216.73.216.38 - - [04/Apr/2026:01:36:13 -0400] "GET /gender/t/age/20-29/hair/brown,white,black/languages/catalan HTTP/1.1" 200 17603 "-" "Mozilla/5.0 AppleWebKit/537.36 (KHTML, like Gecko; compatible; ClaudeBot/1.0; +claudebot@anthropic.com)"
216.73.216.38 - - [04/Apr/2026:01:36:14 -0400] "GET /status/offline/hair/white,auburn/ethnicity/native,other,black/languages/belarusian HTTP/1.1" 200 18524 "-" "Mozilla/5.0 AppleWebKit/537.36 (KHTML, like Gecko; compatible; ClaudeBot/1.0; +claudebot@anthropic.com)"
216.73.216.38 - - [04/Apr/2026:01:36:14 -0400] "GET /gender/c/age/30-39/ethnicity/latino,other,islander/languages/norwegian HTTP/1.1" 200 17927 "-" "Mozilla/5.0 AppleWebKit/537.36 (KHTML, like Gecko; compatible; ClaudeBot/1.0; +claudebot@anthropic.com)"
17.22.237.97 - - [04/Apr/2026:01:36:14 -0400] "GET /gender/m,t,c/age/40-49/hair/white/languages/spanish HTTP/1.1" 200 17139 "-" "Mozilla/5.0 (Macintosh; Intel Mac OS X 10_15_7) AppleWebKit/605.1.15 (KHTML, like Gecko) Version/17.4 Safari/605.1.15 (Applebot/0.1; +http://www.apple.com/go/applebot)"
216.73.216.38 - - [04/Apr/2026:01:36:14 -0400] "GET /status/offline/age/60-100,50-59/ethnicity/islander,black,asian/languages/maltese HTTP/1.1" 200 18457 "-" "Mozilla/5.0 AppleWebKit/537.36 (KHTML, like Gecko; compatible; ClaudeBot/1.0; +claudebot@anthropic.com)"
74.7.227.30 - - [04/Apr/2026:01:36:14 -0400] "GET /age/40-49,50-59/ethnicity/white,other,asian,latino,islander,black,east-indian,native HTTP/1.1" 200 19155 "https://nudcam.com/age/40-49/ethnicity/white,other,asian,latino,islander,black,east-indian,native" "Mozilla/5.0 AppleWebKit/537.36 (KHTML, like Gecko; compatible; GPTBot/1.3; +https://openai.com/gptbot)"
216.73.216.38 - - [04/Apr/2026:01:36:14 -0400] "GET /status/online/gender/c,f,m/age/60-100/ethnicity/white,native/languages/belarusian HTTP/1.1" 200 18681 "-" "Mozilla/5.0 AppleWebKit/537.36 (KHTML, like Gecko; compatible; ClaudeBot/1.0; +claudebot@anthropic.com)"
144.76.32.236 - - [04/Apr/2026:01:36:14 -0400] "GET /gender/c,t,f,m/age/20-29/hair/blonde,black HTTP/1.1" 200 17130 "-" "Mozilla/5.0 (compatible; SERankingBacklinksBot/1.0; +https://seranking.com/backlinks-crawler)"
216.73.216.38 - - [04/Apr/2026:01:36:14 -0400] "GET /gender/m,f,c,t/age/40-49/ethnicity/native,black/languages/finnish HTTP/1.1" 200 18149 "-" "Mozilla/5.0 AppleWebKit/537.36 (KHTML, like Gecko; compatible; ClaudeBot/1.0; +claudebot@anthropic.com)"
74.7.227.134 - - [04/Apr/2026:01:36:14 -0400] "GET /gender/f/age/40-49,20-29,30-39/ethnicity/news-leonardo-faz-homenagem-apos-morte-de-assessora-cuidou-de-mim-como-filho,asian,islander,other,latino,white,black,east-indian,native HTTP/1.1" 200 23784 "https://www.nudcam.com/age/40-49,20-29,30-39/ethnicity/news-leonardo-faz-homenagem-apos-morte-de-assessora-cuidou-de-mim-como-filho,asian,islander,other,latino,white,black,east-indian,native" "Mozilla/5.0 AppleWebKit/537.36 (KHTML, like Gecko; compatible; GPTBot/1.3; +https://openai.com/gptbot)"
216.73.216.38 - - [04/Apr/2026:01:36:14 -0400] "GET /gender/f,m/age/20-29/ethnicity/black,islander,other/languages/irish HTTP/1.1" 200 18025 "-" "Mozilla/5.0 AppleWebKit/537.36 (KHTML, like Gecko; compatible; ClaudeBot/1.0; +claudebot@anthropic.com)"
216.73.216.38 - - [04/Apr/2026:01:36:14 -0400] "GET /status/offline,online/age/20-29/hair/red/ethnicity/latino/languages/russian HTTP/1.1" 200 18045 "-" "Mozilla/5.0 AppleWebKit/537.36 (KHTML, like Gecko; compatible; ClaudeBot/1.0; +claudebot@anthropic.com)"
216.73.216.38 - - [04/Apr/2026:01:36:14 -0400] "GET /age/50-59/ethnicity/asian,latino,black/languages/belarusian HTTP/1.1" 200 17423 "-" "Mozilla/5.0 AppleWebKit/537.36 (KHTML, like Gecko; compatible; ClaudeBot/1.0; +claudebot@anthropic.com)"
216.73.216.38 - - [04/Apr/2026:01:36:14 -0400] "GET /status/offline/gender/t/age/40-49,50-59/hair/brown/languages/french HTTP/1.1" 200 17836 "-" "Mozilla/5.0 AppleWebKit/537.36 (KHTML, like Gecko; compatible; ClaudeBot/1.0; +claudebot@anthropic.com)"
216.73.216.38 - - [04/Apr/2026:01:36:14 -0400] "GET /status/offline/gender/f,c/age/60-100,30-39/ethnicity/white,native/languages/cambodian HTTP/1.1" 200 18819 "-" "Mozilla/5.0 AppleWebKit/537.36 (KHTML, like Gecko; compatible; ClaudeBot/1.0; +claudebot@anthropic.com)"
216.73.216.38 - - [04/Apr/2026:01:36:14 -0400] "GET /status/offline/gender/c/age/20-29,40-49/ethnicity/islander,native,black/languages/serbian HTTP/1.1" 200 18938 "-" "Mozilla/5.0 AppleWebKit/537.36 (KHTML, like Gecko; compatible; ClaudeBot/1.0; +claudebot@anthropic.com)"
216.73.216.38 - - [04/Apr/2026:01:36:14 -0400] "GET /age/60-100,50-59/hair/red,grey/ethnicity/white/languages/afrikaans HTTP/1.1" 200 17780 "-" "Mozilla/5.0 AppleWebKit/537.36 (KHTML, like Gecko; compatible; ClaudeBot/1.0; +claudebot@anthropic.com)"
216.73.216.38 - - [04/Apr/2026:01:36:15 -0400] "GET /gender/m,t,c/age/60-100,30-39/ethnicity/other/languages/danish HTTP/1.1" 200 17841 "-" "Mozilla/5.0 AppleWebKit/537.36 (KHTML, like Gecko; compatible; ClaudeBot/1.0; +claudebot@anthropic.com)"
66.249.66.192 - - [04/Apr/2026:01:36:15 -0400] "GET /hair/grey,auburn,brown,red,blonde/ethnicity/white HTTP/1.1" 200 17147 "-" "Mozilla/5.0 (Linux; Android 6.0.1; Nexus 5X Build/MMB29P) AppleWebKit/537.36 (KHTML, like Gecko) Chrome/146.0.7680.177 Mobile Safari/537.36 (compatible; Googlebot/2.1; +http://www.google.com/bot.html)"
216.73.216.38 - - [04/Apr/2026:01:36:15 -0400] "GET /gender/f/age/50-59/ethnicity/islander,native,white,asian/languages/malay HTTP/1.1" 200 18179 "-" "Mozilla/5.0 AppleWebKit/537.36 (KHTML, like Gecko; compatible; ClaudeBot/1.0; +claudebot@anthropic.com)"
216.73.216.38 - - [04/Apr/2026:01:36:15 -0400] "GET /ethnicity/native,white,islander,black,other,latino/languages/finnish HTTP/1.1" 200 18105 "-" "Mozilla/5.0 AppleWebKit/537.36 (KHTML, like Gecko; compatible; ClaudeBot/1.0; +claudebot@anthropic.com)"
74.7.227.30 - - [04/Apr/2026:01:36:15 -0400] "GET /age/50-59/hair/red/ethnicity/islander,native,black,white,east-indian,asian,latino,other HTTP/1.1" 200 19230 "https://nudcam.com/age/50-59/ethnicity/islander,native,black,white,east-indian,asian,latino,other" "Mozilla/5.0 AppleWebKit/537.36 (KHTML, like Gecko; compatible; GPTBot/1.3; +https://openai.com/gptbot)"
17.22.253.115 - - [04/Apr/2026:01:36:15 -0400] "GET /status/online/gender/t/ethnicity/other,native/languages/german HTTP/1.1" 200 17483 "-" "Mozilla/5.0 (Macintosh; Intel Mac OS X 10_15_7) AppleWebKit/605.1.15 (KHTML, like Gecko) Version/17.4 Safari/605.1.15 (Applebot/0.1; +http://www.apple.com/go/applebot)"
216.73.216.38 - - [04/Apr/2026:01:36:15 -0400] "GET /status/online/hair/red,grey,black/ethnicity/black,white/languages/hebrew HTTP/1.1" 200 18182 "-" "Mozilla/5.0 AppleWebKit/537.36 (KHTML, like Gecko; compatible; ClaudeBot/1.0; +claudebot@anthropic.com)"
216.73.216.38 - - [04/Apr/2026:01:36:15 -0400] "GET /age/60-100,50-59,40-49/ethnicity/other,white,native/languages/bulgarian HTTP/1.1" 200 18177 "-" "Mozilla/5.0 AppleWebKit/537.36 (KHTML, like Gecko; compatible; ClaudeBot/1.0; +claudebot@anthropic.com)"
74.7.227.134 - - [04/Apr/2026:01:36:15 -0400] "GET /age/30-39,20-29,40-49/ethnicity/news-leonardo-faz-homenagem-apos-morte-de-assessora-cuidou-de-mim-como-filho,native,black,latino,asian,other,islander,white,east-indian HTTP/1.1" 200 23162 "https://www.nudcam.com/age/30-39,20-29/ethnicity/news-leonardo-faz-homenagem-apos-morte-de-assessora-cuidou-de-mim-como-filho,native,black,latino,asian,other,islander,white,east-indian" "Mozilla/5.0 AppleWebKit/537.36 (KHTML, like Gecko; compatible; GPTBot/1.3; +https://openai.com/gptbot)"
216.73.216.38 - - [04/Apr/2026:01:36:15 -0400] "GET /gender/f/ethnicity/black,other,latino,asian/languages/scots HTTP/1.1" 200 17592 "-" "Mozilla/5.0 AppleWebKit/537.36 (KHTML, like Gecko; compatible; ClaudeBot/1.0; +claudebot@anthropic.com)"
216.73.216.38 - - [04/Apr/2026:01:36:15 -0400] "GET /age/40-49/hair/brown,blonde,grey/ethnicity/other/languages/hindi HTTP/1.1" 200 17703 "-" "Mozilla/5.0 AppleWebKit/537.36 (KHTML, like Gecko; compatible; ClaudeBot/1.0; +claudebot@anthropic.com)"
216.73.216.38 - - [04/Apr/2026:01:36:15 -0400] "GET /gender/c/age/30-39,60-100,50-59/ethnicity/white/languages/greek HTTP/1.1" 200 17669 "-" "Mozilla/5.0 AppleWebKit/537.36 (KHTML, like Gecko; compatible; ClaudeBot/1.0; +claudebot@anthropic.com)"
216.73.216.38 - - [04/Apr/2026:01:36:15 -0400] "GET /age/18-19,60-100/ethnicity/native,white,other,islander/languages/kashmiri HTTP/1.1" 200 18248 "-" "Mozilla/5.0 AppleWebKit/537.36 (KHTML, like Gecko; compatible; ClaudeBot/1.0; +claudebot@anthropic.com)"
216.73.216.38 - - [04/Apr/2026:01:36:15 -0400] "GET /gender/c,f/hair/brown,grey,auburn/languages/hungarian HTTP/1.1" 200 17454 "-" "Mozilla/5.0 AppleWebKit/537.36 (KHTML, like Gecko; compatible; ClaudeBot/1.0; +claudebot@anthropic.com)"
216.73.216.38 - - [04/Apr/2026:01:36:15 -0400] "GET /status/online/gender/m,f/age/60-100/ethnicity/white,islander,native/languages/scots HTTP/1.1" 200 18740 "-" "Mozilla/5.0 AppleWebKit/537.36 (KHTML, like Gecko; compatible; ClaudeBot/1.0; +claudebot@anthropic.com)"
216.73.216.38 - - [04/Apr/2026:01:36:16 -0400] "GET /status/online/gender/m,f/age/18-19/hair/brown/languages/bulgarian HTTP/1.1" 200 17789 "-" "Mozilla/5.0 AppleWebKit/537.36 (KHTML, like Gecko; compatible; ClaudeBot/1.0; +claudebot@anthropic.com)"
216.73.216.38 - - [04/Apr/2026:01:36:16 -0400] "GET /age/60-100/hair/black,grey/ethnicity/native,black,white/languages/irish HTTP/1.1" 200 18146 "-" "Mozilla/5.0 AppleWebKit/537.36 (KHTML, like Gecko; compatible; ClaudeBot/1.0; +claudebot@anthropic.com)"
216.73.216.38 - - [04/Apr/2026:01:36:16 -0400] "GET /status/offline/gender/f,m,t/age/20-29/ethnicity/other,native/languages/swedish HTTP/1.1" 200 18572 "-" "Mozilla/5.0 AppleWebKit/537.36 (KHTML, like Gecko; compatible; ClaudeBot/1.0; +claudebot@anthropic.com)"
74.7.227.30 - - [04/Apr/2026:01:36:16 -0400] "GET /age/40-49,30-39/ethnicity/white,other,asian,latino,islander,black,east-indian,native HTTP/1.1" 200 19155 "https://nudcam.com/age/40-49/ethnicity/white,other,asian,latino,islander,black,east-indian,native" "Mozilla/5.0 AppleWebKit/537.36 (KHTML, like Gecko; compatible; GPTBot/1.3; +https://openai.com/gptbot)"
216.73.216.38 - - [04/Apr/2026:01:36:16 -0400] "GET /age/30-39,40-49/hair/grey/ethnicity/islander,white,native/languages/romanian HTTP/1.1" 200 18312 "-" "Mozilla/5.0 AppleWebKit/537.36 (KHTML, like Gecko; compatible; ClaudeBot/1.0; +claudebot@anthropic.com)"
216.73.216.38 - - [04/Apr/2026:01:36:16 -0400] "GET /gender/f,t,m/age/30-39/ethnicity/native,islander/languages/azerbaijani HTTP/1.1" 200 18134 "-" "Mozilla/5.0 AppleWebKit/537.36 (KHTML, like Gecko; compatible; ClaudeBot/1.0; +claudebot@anthropic.com)"
216.73.216.38 - - [04/Apr/2026:01:36:16 -0400] "GET /status/online/gender/c,m/age/40-49,60-100,30-39/languages/serbian HTTP/1.1" 200 18003 "-" "Mozilla/5.0 AppleWebKit/537.36 (KHTML, like Gecko; compatible; ClaudeBot/1.0; +claudebot@anthropic.com)"
17.22.237.248 - - [04/Apr/2026:01:36:16 -0400] "GET /gender/t/age/50-59/hair/black,white,brown/languages/dutch HTTP/1.1" 200 17319 "-" "Mozilla/5.0 (Macintosh; Intel Mac OS X 10_15_7) AppleWebKit/605.1.15 (KHTML, like Gecko) Version/17.4 Safari/605.1.15 (Applebot/0.1; +http://www.apple.com/go/applebot)"
74.7.227.134 - - [04/Apr/2026:01:36:16 -0400] "GET /age/40-49,20-29/ethnicity/news-leonardo-faz-homenagem-apos-morte-de-assessora-cuidou-de-mim-como-filho,asian,other,latino,white,black,east-indian,native HTTP/1.1" 200 22032 "https://www.nudcam.com/age/40-49,20-29/ethnicity/news-leonardo-faz-homenagem-apos-morte-de-assessora-cuidou-de-mim-como-filho,asian,islander,other,latino,white,black,east-indian,native" "Mozilla/5.0 AppleWebKit/537.36 (KHTML, like Gecko; compatible; GPTBot/1.3; +https://openai.com/gptbot)"
54.87.95.7 - - [04/Apr/2026:01:36:16 -0400] "GET /status/online,offline/gender/f/hair/white,red/ethnicity/native,east-indian,latino/languages/armenian HTTP/1.1" 200 19313 "-" "Mozilla/5.0 AppleWebKit/537.36 (KHTML, like Gecko; compatible; Amazonbot/0.1; +https://developer.amazon.com/support/amazonbot) Chrome/119.0.6045.214 Safari/537.36"
216.73.216.38 - - [04/Apr/2026:01:36:16 -0400] "GET /status/offline/gender/t,m,c/age/20-29/ethnicity/islander,white/languages/thai HTTP/1.1" 200 18532 "-" "Mozilla/5.0 AppleWebKit/537.36 (KHTML, like Gecko; compatible; ClaudeBot/1.0; +claudebot@anthropic.com)"
216.73.216.38 - - [04/Apr/2026:01:36:16 -0400] "GET /status/offline/gender/f/age/30-39/ethnicity/latino,east-indian/languages/malay HTTP/1.1" 200 18155 "-" "Mozilla/5.0 AppleWebKit/537.36 (KHTML, like Gecko; compatible; ClaudeBot/1.0; +claudebot@anthropic.com)"
216.73.216.38 - - [04/Apr/2026:01:36:16 -0400] "GET /status/online/age/30-39,18-19,60-100/ethnicity/native,other/languages/french HTTP/1.1" 200 18316 "-" "Mozilla/5.0 AppleWebKit/537.36 (KHTML, like Gecko; compatible; ClaudeBot/1.0; +claudebot@anthropic.com)"
216.73.216.38 - - [04/Apr/2026:01:36:16 -0400] "GET /status/offline/gender/f/age/60-100,18-19,50-59/ethnicity/white/languages/persian HTTP/1.1" 200 18401 "-" "Mozilla/5.0 AppleWebKit/537.36 (KHTML, like Gecko; compatible; ClaudeBot/1.0; +claudebot@anthropic.com)"
66.249.66.192 - - [04/Apr/2026:01:36:16 -0400] "GET /hair/grey,white,auburn,brown,red,blonde,black/ethnicity/islander HTTP/1.1" 200 18002 "-" "Mozilla/5.0 (Linux; Android 6.0.1; Nexus 5X Build/MMB29P) AppleWebKit/537.36 (KHTML, like Gecko) Chrome/146.0.7680.177 Mobile Safari/537.36 (compatible; Googlebot/2.1; +http://www.google.com/bot.html)"
216.73.216.38 - - [04/Apr/2026:01:36:17 -0400] "GET /gender/c,t/age/40-49/ethnicity/white,other,black/languages/belarusian HTTP/1.1" 200 18102 "-" "Mozilla/5.0 AppleWebKit/537.36 (KHTML, like Gecko; compatible; ClaudeBot/1.0; +claudebot@anthropic.com)"
216.73.216.38 - - [04/Apr/2026:01:36:17 -0400] "GET /age/40-49/ethnicity/islander,white,latino,black,native/languages/lithuanian HTTP/1.1" 200 18317 "-" "Mozilla/5.0 AppleWebKit/537.36 (KHTML, like Gecko; compatible; ClaudeBot/1.0; +claudebot@anthropic.com)"
216.73.216.38 - - [04/Apr/2026:01:36:17 -0400] "GET /status/offline/gender/c,f,t/age/40-49/ethnicity/islander,asian/languages/thai HTTP/1.1" 200 18534 "-" "Mozilla/5.0 AppleWebKit/537.36 (KHTML, like Gecko; compatible; ClaudeBot/1.0; +claudebot@anthropic.com)"
216.73.216.38 - - [04/Apr/2026:01:36:17 -0400] "GET /age/40-49/hair/black,brown,white/ethnicity/native,islander/languages/irish HTTP/1.1" 200 18241 "-" "Mozilla/5.0 AppleWebKit/537.36 (KHTML, like Gecko; compatible; ClaudeBot/1.0; +claudebot@anthropic.com)"
216.73.216.38 - - [04/Apr/2026:01:36:17 -0400] "GET /age/18-19,20-29,60-100/hair/black,white/languages/arabic HTTP/1.1" 200 17533 "-" "Mozilla/5.0 AppleWebKit/537.36 (KHTML, like Gecko; compatible; ClaudeBot/1.0; +claudebot@anthropic.com)"
74.7.227.30 - - [04/Apr/2026:01:36:17 -0400] "GET /age/30-39,50-59/ethnicity/latino,black,white,native,other,asian,east-indian,islander HTTP/1.1" 200 19155 "https://nudcam.com/age/30-39/ethnicity/latino,black,white,native,other,asian,east-indian,islander" "Mozilla/5.0 AppleWebKit/537.36 (KHTML, like Gecko; compatible; GPTBot/1.3; +https://openai.com/gptbot)"
216.73.216.38 - - [04/Apr/2026:01:36:17 -0400] "GET /status/offline/age/60-100/hair/grey/ethnicity/islander,latino/languages/estonian HTTP/1.1" 200 18219 "-" "Mozilla/5.0 AppleWebKit/537.36 (KHTML, like Gecko; compatible; ClaudeBot/1.0; +claudebot@anthropic.com)"
216.73.216.38 - - [04/Apr/2026:01:36:17 -0400] "GET /status/online/age/30-39,50-59,40-49/ethnicity/islander,black/languages/spanish HTTP/1.1" 200 18384 "-" "Mozilla/5.0 AppleWebKit/537.36 (KHTML, like Gecko; compatible; ClaudeBot/1.0; +claudebot@anthropic.com)"
74.7.227.134 - - [04/Apr/2026:01:36:17 -0400] "GET /age/50-59,30-39,40-49/ethnicity/news-leonardo-faz-homenagem-apos-morte-de-assessora-cuidou-de-mim-como-filho,other,black,native,east-indian,asian,white,islander,latino HTTP/1.1" 200 23162 "https://www.nudcam.com/age/50-59,30-39/ethnicity/news-leonardo-faz-homenagem-apos-morte-de-assessora-cuidou-de-mim-como-filho,other,black,native,east-indian,asian,white,islander,latino" "Mozilla/5.0 AppleWebKit/537.36 (KHTML, like Gecko; compatible; GPTBot/1.3; +https://openai.com/gptbot)"
216.73.216.38 - - [04/Apr/2026:01:36:17 -0400] "GET /hair/black,white,grey/ethnicity/islander,native,white/languages/norwegian HTTP/1.1" 200 18241 "-" "Mozilla/5.0 AppleWebKit/537.36 (KHTML, like Gecko; compatible; ClaudeBot/1.0; +claudebot@anthropic.com)"
216.73.216.38 - - [04/Apr/2026:01:36:17 -0400] "GET /age/40-49/hair/grey,red,white/ethnicity/white,native/languages/indonesian HTTP/1.1" 200 18218 "-" "Mozilla/5.0 AppleWebKit/537.36 (KHTML, like Gecko; compatible; ClaudeBot/1.0; +claudebot@anthropic.com)"
17.22.253.242 - - [04/Apr/2026:01:36:17 -0400] "GET /gender/t,c,f/age/20-29/ethnicity/native/languages/vietnamese HTTP/1.1" 200 17384 "-" "Mozilla/5.0 (Macintosh; Intel Mac OS X 10_15_7) AppleWebKit/605.1.15 (KHTML, like Gecko) Version/17.4 Safari/605.1.15 (Applebot/0.1; +http://www.apple.com/go/applebot)"
216.73.216.38 - - [04/Apr/2026:01:36:17 -0400] "GET /age/40-49/hair/grey,white,black/ethnicity/native,black/languages/norwegian HTTP/1.1" 200 18249 "-" "Mozilla/5.0 AppleWebKit/537.36 (KHTML, like Gecko; compatible; ClaudeBot/1.0; +claudebot@anthropic.com)"
216.73.216.38 - - [04/Apr/2026:01:36:17 -0400] "GET /status/online/hair/white,red,blonde/ethnicity/black/languages/korean HTTP/1.1" 200 17838 "-" "Mozilla/5.0 AppleWebKit/537.36 (KHTML, like Gecko; compatible; ClaudeBot/1.0; +claudebot@anthropic.com)"
216.73.216.38 - - [04/Apr/2026:01:36:18 -0400] "GET /gender/m,t/ethnicity/other,white,native,black/languages/maltese HTTP/1.1" 200 17921 "-" "Mozilla/5.0 AppleWebKit/537.36 (KHTML, like Gecko; compatible; ClaudeBot/1.0; +claudebot@anthropic.com)"
216.73.216.38 - - [04/Apr/2026:01:36:18 -0400] "GET /hair/blonde,white,red,auburn,grey/languages/korean HTTP/1.1" 200 17360 "-" "Mozilla/5.0 AppleWebKit/537.36 (KHTML, like Gecko; compatible; ClaudeBot/1.0; +claudebot@anthropic.com)"
216.73.216.38 - - [04/Apr/2026:01:36:18 -0400] "GET /status/offline/age/50-59/hair/brown/ethnicity/other,native,islander/languages/scots HTTP/1.1" 200 18516 "-" "Mozilla/5.0 AppleWebKit/537.36 (KHTML, like Gecko; compatible; ClaudeBot/1.0; +claudebot@anthropic.com)"
216.73.216.38 - - [04/Apr/2026:01:36:18 -0400] "GET /status/offline/age/30-39/hair/grey,black,red/ethnicity/other/languages/french HTTP/1.1" 200 18302 "-" "Mozilla/5.0 AppleWebKit/537.36 (KHTML, like Gecko; compatible; ClaudeBot/1.0; +claudebot@anthropic.com)"
216.73.216.38 - - [04/Apr/2026:01:36:18 -0400] "GET /status/online,offline/gender/m/ethnicity/black,native,white/languages/icelandic HTTP/1.1" 200 18429 "-" "Mozilla/5.0 AppleWebKit/537.36 (KHTML, like Gecko; compatible; ClaudeBot/1.0; +claudebot@anthropic.com)"
216.73.216.38 - - [04/Apr/2026:01:36:18 -0400] "GET /gender/f/age/60-100/hair/red,blonde,grey/languages/czech HTTP/1.1" 200 17504 "-" "Mozilla/5.0 AppleWebKit/537.36 (KHTML, like Gecko; compatible; ClaudeBot/1.0; +claudebot@anthropic.com)"
74.7.227.30 - - [04/Apr/2026:01:36:18 -0400] "GET /age/50-59,30-39/ethnicity/native,other,east-indian,black,islander,white,latino,asian HTTP/1.1" 200 19155 "https://nudcam.com/age/50-59/ethnicity/native,other,east-indian,black,islander,white,latino,asian" "Mozilla/5.0 AppleWebKit/537.36 (KHTML, like Gecko; compatible; GPTBot/1.3; +https://openai.com/gptbot)"
216.73.216.38 - - [04/Apr/2026:01:36:18 -0400] "GET /gender/c/ethnicity/islander,latino,east-indian/languages/vietnamese HTTP/1.1" 200 17667 "-" "Mozilla/5.0 AppleWebKit/537.36 (KHTML, like Gecko; compatible; ClaudeBot/1.0; +claudebot@anthropic.com)"
40.77.167.43 - - [04/Apr/2026:01:36:18 -0400] "GET /age/hair,30-39/hair/white,blonde,grey,black HTTP/1.1" 200 17216 "-" "Mozilla/5.0 AppleWebKit/537.36 (KHTML, like Gecko; compatible; bingbot/2.0; +http://www.bing.com/bingbot.htm) Chrome/116.0.1938.76 Safari/537.36"
144.76.32.236 - - [04/Apr/2026:01:36:18 -0400] "GET /gender/f,m,c,t/age/20-29/hair/blonde,black HTTP/1.1" 200 17130 "-" "Mozilla/5.0 (compatible; SERankingBacklinksBot/1.0; +https://seranking.com/backlinks-crawler)"
216.73.216.38 - - [04/Apr/2026:01:36:18 -0400] "GET /status/offline/hair/blonde,red/ethnicity/other,native,white/languages/serbian HTTP/1.1" 200 18353 "-" "Mozilla/5.0 AppleWebKit/537.36 (KHTML, like Gecko; compatible; ClaudeBot/1.0; +claudebot@anthropic.com)"
