216.73.216.38 - - [04/Apr/2026:01:38:40 -0400] "GET /status/offline/age/60-100/hair/red,grey/ethnicity/other,white/languages/polish HTTP/1.1" 200 18359 "-" "Mozilla/5.0 AppleWebKit/537.36 (KHTML, like Gecko; compatible; ClaudeBot/1.0; +claudebot@anthropic.com)"
74.7.227.134 - - [04/Apr/2026:01:38:40 -0400] "GET /age/40-49,50-59/ethnicity/news-leonardo-faz-homenagem-apos-morte-de-assessora-cuidou-de-mim-como-filho,east-indian,other,white,asian,islander,latino,black,native HTTP/1.1" 200 22650 "https://www.nudcam.com/age/18-19,40-49,50-59/ethnicity/news-leonardo-faz-homenagem-apos-morte-de-assessora-cuidou-de-mim-como-filho,east-indian,other,white,asian,islander,latino,black,native" "Mozilla/5.0 AppleWebKit/537.36 (KHTML, like Gecko; compatible; GPTBot/1.3; +https://openai.com/gptbot)"
216.73.216.38 - - [04/Apr/2026:01:38:40 -0400] "GET /status/offline,online/gender/m/age/50-59/hair/white/languages/korean HTTP/1.1" 200 17874 "-" "Mozilla/5.0 AppleWebKit/537.36 (KHTML, like Gecko; compatible; ClaudeBot/1.0; +claudebot@anthropic.com)"
216.73.216.38 - - [04/Apr/2026:01:38:41 -0400] "GET /status/offline/age/40-49,30-39,50-59/ethnicity/native,asian/languages/kashmiri HTTP/1.1" 200 18386 "-" "Mozilla/5.0 AppleWebKit/537.36 (KHTML, like Gecko; compatible; ClaudeBot/1.0; +claudebot@anthropic.com)"
216.73.216.38 - - [04/Apr/2026:01:38:41 -0400] "GET /age/30-39,20-29/ethnicity/islander,black,latino/languages/kashmiri HTTP/1.1" 200 17827 "-" "Mozilla/5.0 AppleWebKit/537.36 (KHTML, like Gecko; compatible; ClaudeBot/1.0; +claudebot@anthropic.com)"
216.73.216.38 - - [04/Apr/2026:01:38:41 -0400] "GET /age/60-100/hair/white,red/ethnicity/other,native,white/languages/finnish HTTP/1.1" 200 18183 "-" "Mozilla/5.0 AppleWebKit/537.36 (KHTML, like Gecko; compatible; ClaudeBot/1.0; +claudebot@anthropic.com)"
17.241.219.49 - - [04/Apr/2026:01:38:41 -0400] "GET /gender/f/age/50-59/hair/auburn/languages/vietnamese HTTP/1.1" 200 16794 "-" "Mozilla/5.0 (Macintosh; Intel Mac OS X 10_15_7) AppleWebKit/605.1.15 (KHTML, like Gecko) Version/17.4 Safari/605.1.15 (Applebot/0.1; +http://www.apple.com/go/applebot)"
216.73.216.38 - - [04/Apr/2026:01:38:41 -0400] "GET /status/online,offline/gender/m/ethnicity/black,white,islander/languages/czech HTTP/1.1" 200 18355 "-" "Mozilla/5.0 AppleWebKit/537.36 (KHTML, like Gecko; compatible; ClaudeBot/1.0; +claudebot@anthropic.com)"
216.73.216.38 - - [04/Apr/2026:01:38:41 -0400] "GET /age/18-19/hair/blonde/ethnicity/native,black,other/languages/czech HTTP/1.1" 200 17785 "-" "Mozilla/5.0 AppleWebKit/537.36 (KHTML, like Gecko; compatible; ClaudeBot/1.0; +claudebot@anthropic.com)"
216.73.216.38 - - [04/Apr/2026:01:38:41 -0400] "GET /status/offline/gender/c/age/30-39/hair/white,grey/ethnicity/other/languages/catalan HTTP/1.1" 200 18477 "-" "Mozilla/5.0 AppleWebKit/537.36 (KHTML, like Gecko; compatible; ClaudeBot/1.0; +claudebot@anthropic.com)"
216.73.216.38 - - [04/Apr/2026:01:38:41 -0400] "GET /gender/c/age/30-39,50-59/ethnicity/other,white/languages/croatian HTTP/1.1" 200 17766 "-" "Mozilla/5.0 AppleWebKit/537.36 (KHTML, like Gecko; compatible; ClaudeBot/1.0; +claudebot@anthropic.com)"
66.249.66.45 - - [04/Apr/2026:01:38:41 -0400] "GET /hair/blonde,grey,brown/ethnicity/other HTTP/1.1" 200 16476 "-" "Mozilla/5.0 (Linux; Android 6.0.1; Nexus 5X Build/MMB29P) AppleWebKit/537.36 (KHTML, like Gecko) Chrome/146.0.7680.177 Mobile Safari/537.36 (compatible; Googlebot/2.1; +http://www.google.com/bot.html)"
216.73.216.38 - - [04/Apr/2026:01:38:41 -0400] "GET /status/online/age/40-49/hair/grey,red/ethnicity/other,white/languages/vietnamese HTTP/1.1" 200 18433 "-" "Mozilla/5.0 AppleWebKit/537.36 (KHTML, like Gecko; compatible; ClaudeBot/1.0; +claudebot@anthropic.com)"
216.73.216.38 - - [04/Apr/2026:01:38:41 -0400] "GET /status/offline/gender/f,c/age/60-100/hair/blonde/languages/kazakh HTTP/1.1" 200 17785 "-" "Mozilla/5.0 AppleWebKit/537.36 (KHTML, like Gecko; compatible; ClaudeBot/1.0; +claudebot@anthropic.com)"
216.73.216.38 - - [04/Apr/2026:01:38:41 -0400] "GET /age/18-19/ethnicity/islander,white,other,native,black/languages/bulgarian HTTP/1.1" 200 18249 "-" "Mozilla/5.0 AppleWebKit/537.36 (KHTML, like Gecko; compatible; ClaudeBot/1.0; +claudebot@anthropic.com)"
74.7.227.134 - - [04/Apr/2026:01:38:41 -0400] "GET /age/18-19,40-49/ethnicity/news-leonardo-faz-homenagem-apos-morte-de-assessora-cuidou-de-mim-como-filho,asian,east-indian,black,islander,other,latino,native,white HTTP/1.1" 200 22650 "https://www.nudcam.com/age/18-19,40-49/ethnicity/news-leonardo-faz-homenagem-apos-morte-de-assessora-cuidou-de-mim-como-filho,asian,east-indian,black,islander,other,latino,native" "Mozilla/5.0 AppleWebKit/537.36 (KHTML, like Gecko; compatible; GPTBot/1.3; +https://openai.com/gptbot)"
216.73.216.38 - - [04/Apr/2026:01:38:41 -0400] "GET /status/online,offline/gender/m,t,c/age/18-19/languages/faeroese HTTP/1.1" 200 17951 "-" "Mozilla/5.0 AppleWebKit/537.36 (KHTML, like Gecko; compatible; ClaudeBot/1.0; +claudebot@anthropic.com)"
216.73.216.38 - - [04/Apr/2026:01:38:42 -0400] "GET /status/offline/gender/c,f/age/20-29,30-39/ethnicity/native,white/languages/hungarian HTTP/1.1" 200 18785 "-" "Mozilla/5.0 AppleWebKit/537.36 (KHTML, like Gecko; compatible; ClaudeBot/1.0; +claudebot@anthropic.com)"
216.73.216.38 - - [04/Apr/2026:01:38:42 -0400] "GET /status/online/age/30-39/ethnicity/asian,islander,native/languages/greek HTTP/1.1" 200 17960 "-" "Mozilla/5.0 AppleWebKit/537.36 (KHTML, like Gecko; compatible; ClaudeBot/1.0; +claudebot@anthropic.com)"
216.73.216.38 - - [04/Apr/2026:01:38:42 -0400] "GET /status/online/gender/c,f/age/30-39/hair/red/ethnicity/native/languages/finnish HTTP/1.1" 200 18319 "-" "Mozilla/5.0 AppleWebKit/537.36 (KHTML, like Gecko; compatible; ClaudeBot/1.0; +claudebot@anthropic.com)"
216.73.216.38 - - [04/Apr/2026:01:38:42 -0400] "GET /gender/m/age/20-29/hair/grey,blonde,black/languages/german HTTP/1.1" 200 17568 "-" "Mozilla/5.0 AppleWebKit/537.36 (KHTML, like Gecko; compatible; ClaudeBot/1.0; +claudebot@anthropic.com)"
216.73.216.38 - - [04/Apr/2026:01:38:42 -0400] "GET /status/offline/age/30-39/hair/red,blonde/ethnicity/asian/languages/kashmiri HTTP/1.1" 200 18045 "-" "Mozilla/5.0 AppleWebKit/537.36 (KHTML, like Gecko; compatible; ClaudeBot/1.0; +claudebot@anthropic.com)"
216.73.216.38 - - [04/Apr/2026:01:38:42 -0400] "GET /status/online/age/30-39/hair/brown,grey,white/ethnicity/islander/languages/danish HTTP/1.1" 200 18434 "-" "Mozilla/5.0 AppleWebKit/537.36 (KHTML, like Gecko; compatible; ClaudeBot/1.0; +claudebot@anthropic.com)"
216.73.216.38 - - [04/Apr/2026:01:38:42 -0400] "GET /status/offline/gender/c/age/20-29,40-49/hair/red,white/languages/serbian HTTP/1.1" 200 18201 "-" "Mozilla/5.0 AppleWebKit/537.36 (KHTML, like Gecko; compatible; ClaudeBot/1.0; +claudebot@anthropic.com)"
66.249.66.44 - - [04/Apr/2026:01:38:42 -0400] "GET /ethnicity/native,east-indian,black,latino,islander,white HTTP/1.1" 200 17439 "-" "Mozilla/5.0 (Linux; Android 6.0.1; Nexus 5X Build/MMB29P) AppleWebKit/537.36 (KHTML, like Gecko) Chrome/146.0.7680.177 Mobile Safari/537.36 (compatible; Googlebot/2.1; +http://www.google.com/bot.html)"
216.73.216.38 - - [04/Apr/2026:01:38:42 -0400] "GET /age/60-100/ethnicity/asian,native,other,white/languages/bulgarian HTTP/1.1" 200 17796 "-" "Mozilla/5.0 AppleWebKit/537.36 (KHTML, like Gecko; compatible; ClaudeBot/1.0; +claudebot@anthropic.com)"
216.73.216.38 - - [04/Apr/2026:01:38:42 -0400] "GET /status/offline/hair/brown,white,red/ethnicity/latino/languages/cambodian HTTP/1.1" 200 17972 "-" "Mozilla/5.0 AppleWebKit/537.36 (KHTML, like Gecko; compatible; ClaudeBot/1.0; +claudebot@anthropic.com)"
74.7.227.134 - - [04/Apr/2026:01:38:42 -0400] "GET /age/40-49,18-19,30-39/hair/blonde/ethnicity/news-leonardo-faz-homenagem-apos-morte-de-assessora-cuidou-de-mim-como-filho,latino,black,white,native,islander,asian,east-indian,other HTTP/1.1" 200 23898 "https://www.nudcam.com/age/40-49,18-19,30-39/ethnicity/news-leonardo-faz-homenagem-apos-morte-de-assessora-cuidou-de-mim-como-filho,latino,black,white,native,islander,asian,east-indian,other" "Mozilla/5.0 AppleWebKit/537.36 (KHTML, like Gecko; compatible; GPTBot/1.3; +https://openai.com/gptbot)"
216.73.216.38 - - [04/Apr/2026:01:38:42 -0400] "GET /status/online/gender/c/hair/white,grey/ethnicity/black,native/languages/catalan HTTP/1.1" 200 18390 "-" "Mozilla/5.0 AppleWebKit/537.36 (KHTML, like Gecko; compatible; ClaudeBot/1.0; +claudebot@anthropic.com)"
216.73.216.38 - - [04/Apr/2026:01:38:42 -0400] "GET /status/offline/hair/brown,white,red/ethnicity/white,other/languages/serbian HTTP/1.1" 200 18283 "-" "Mozilla/5.0 AppleWebKit/537.36 (KHTML, like Gecko; compatible; ClaudeBot/1.0; +claudebot@anthropic.com)"
216.73.216.38 - - [04/Apr/2026:01:38:43 -0400] "GET /gender/t,c/age/50-59/ethnicity/white,islander/languages/armenian HTTP/1.1" 200 17745 "-" "Mozilla/5.0 AppleWebKit/537.36 (KHTML, like Gecko; compatible; ClaudeBot/1.0; +claudebot@anthropic.com)"
216.73.216.38 - - [04/Apr/2026:01:38:43 -0400] "GET /status/offline/gender/m/age/20-29,18-19/ethnicity/other,black/languages/finnish HTTP/1.1" 200 18393 "-" "Mozilla/5.0 AppleWebKit/537.36 (KHTML, like Gecko; compatible; ClaudeBot/1.0; +claudebot@anthropic.com)"
216.73.216.38 - - [04/Apr/2026:01:38:43 -0400] "GET /status/offline,online/age/40-49,30-39/ethnicity/white,native,islander/languages/czech HTTP/1.1" 200 18835 "-" "Mozilla/5.0 AppleWebKit/537.36 (KHTML, like Gecko; compatible; ClaudeBot/1.0; +claudebot@anthropic.com)"
216.73.216.38 - - [04/Apr/2026:01:38:43 -0400] "GET /gender/m,f,t/age/60-100/ethnicity/other,native/languages/hungarian HTTP/1.1" 200 17998 "-" "Mozilla/5.0 AppleWebKit/537.36 (KHTML, like Gecko; compatible; ClaudeBot/1.0; +claudebot@anthropic.com)"
216.73.216.38 - - [04/Apr/2026:01:38:43 -0400] "GET /status/online,offline/gender/c,m/age/60-100/ethnicity/other/languages/arabic HTTP/1.1" 200 18292 "-" "Mozilla/5.0 AppleWebKit/537.36 (KHTML, like Gecko; compatible; ClaudeBot/1.0; +claudebot@anthropic.com)"
216.73.216.38 - - [04/Apr/2026:01:38:43 -0400] "GET /status/offline,online/age/20-29/ethnicity/islander,white,latino/languages/belarusian HTTP/1.1" 200 18602 "-" "Mozilla/5.0 AppleWebKit/537.36 (KHTML, like Gecko; compatible; ClaudeBot/1.0; +claudebot@anthropic.com)"
216.73.216.38 - - [04/Apr/2026:01:38:43 -0400] "GET /gender/f/age/50-59,30-39,18-19/ethnicity/islander/languages/serbian HTTP/1.1" 200 17801 "-" "Mozilla/5.0 AppleWebKit/537.36 (KHTML, like Gecko; compatible; ClaudeBot/1.0; +claudebot@anthropic.com)"
216.73.216.38 - - [04/Apr/2026:01:38:43 -0400] "GET /status/online,offline/gender/t/age/20-29/hair/black/languages/catalan HTTP/1.1" 200 17909 "-" "Mozilla/5.0 AppleWebKit/537.36 (KHTML, like Gecko; compatible; ClaudeBot/1.0; +claudebot@anthropic.com)"
216.73.216.38 - - [04/Apr/2026:01:38:43 -0400] "GET /gender/t/age/20-29,60-100,30-39,50-59/languages/irish HTTP/1.1" 200 17427 "-" "Mozilla/5.0 AppleWebKit/537.36 (KHTML, like Gecko; compatible; ClaudeBot/1.0; +claudebot@anthropic.com)"
74.7.227.134 - - [04/Apr/2026:01:38:43 -0400] "GET /age/18-19,50-59/ethnicity/news-leonardo-faz-homenagem-apos-morte-de-assessora-cuidou-de-mim-como-filho,latino,black,white,native,islander,asian,east-indian HTTP/1.1" 200 22143 "https://www.nudcam.com/age/18-19,50-59/ethnicity/news-leonardo-faz-homenagem-apos-morte-de-assessora-cuidou-de-mim-como-filho,latino,black,white,native,islander,asian,east-indian,other" "Mozilla/5.0 AppleWebKit/537.36 (KHTML, like Gecko; compatible; GPTBot/1.3; +https://openai.com/gptbot)"
216.73.216.38 - - [04/Apr/2026:01:38:43 -0400] "GET /status/online,offline/age/60-100/ethnicity/other,native,islander/languages/croatian HTTP/1.1" 200 18565 "-" "Mozilla/5.0 AppleWebKit/537.36 (KHTML, like Gecko; compatible; ClaudeBot/1.0; +claudebot@anthropic.com)"
216.73.216.38 - - [04/Apr/2026:01:38:43 -0400] "GET /status/online/gender/c/hair/black,grey/ethnicity/white,native/languages/catalan HTTP/1.1" 200 18390 "-" "Mozilla/5.0 AppleWebKit/537.36 (KHTML, like Gecko; compatible; ClaudeBot/1.0; +claudebot@anthropic.com)"
216.73.216.38 - - [04/Apr/2026:01:38:44 -0400] "GET /gender/m/age/60-100,30-39/ethnicity/other,latino/languages/belarusian HTTP/1.1" 200 17896 "-" "Mozilla/5.0 AppleWebKit/537.36 (KHTML, like Gecko; compatible; ClaudeBot/1.0; +claudebot@anthropic.com)"
144.76.32.236 - - [04/Apr/2026:01:38:44 -0400] "GET /gender/c,t,f/age/50-59,40-49/hair/grey,red HTTP/1.1" 200 17134 "-" "Mozilla/5.0 (compatible; SERankingBacklinksBot/1.0; +https://seranking.com/backlinks-crawler)"
17.241.75.195 - - [04/Apr/2026:01:38:44 -0400] "GET /gender/f,t/age/18-19/hair/blonde,black,auburn,red/languages/german HTTP/1.1" 200 18214 "-" "Mozilla/5.0 (Macintosh; Intel Mac OS X 10_15_7) AppleWebKit/605.1.15 (KHTML, like Gecko) Version/17.4 Safari/605.1.15 (Applebot/0.1; +http://www.apple.com/go/applebot)"
216.73.216.38 - - [04/Apr/2026:01:38:44 -0400] "GET /status/offline/gender/m,c,f/ethnicity/white,native,black/languages/croatian HTTP/1.1" 200 18498 "-" "Mozilla/5.0 AppleWebKit/537.36 (KHTML, like Gecko; compatible; ClaudeBot/1.0; +claudebot@anthropic.com)"
216.73.216.38 - - [04/Apr/2026:01:38:44 -0400] "GET /hair/brown,white,red/ethnicity/white,latino/languages/arabic HTTP/1.1" 200 17622 "-" "Mozilla/5.0 AppleWebKit/537.36 (KHTML, like Gecko; compatible; ClaudeBot/1.0; +claudebot@anthropic.com)"
216.73.216.38 - - [04/Apr/2026:01:38:44 -0400] "GET /status/offline/age/20-29/hair/black,white/ethnicity/native,latino/languages/german HTTP/1.1" 200 18491 "-" "Mozilla/5.0 AppleWebKit/537.36 (KHTML, like Gecko; compatible; ClaudeBot/1.0; +claudebot@anthropic.com)"
216.73.216.38 - - [04/Apr/2026:01:38:44 -0400] "GET /age/30-39,20-29/hair/red,auburn/ethnicity/white/languages/russian HTTP/1.1" 200 17744 "-" "Mozilla/5.0 AppleWebKit/537.36 (KHTML, like Gecko; compatible; ClaudeBot/1.0; +claudebot@anthropic.com)"
216.73.216.38 - - [04/Apr/2026:01:38:44 -0400] "GET /gender/m,f/age/30-39/hair/blonde,white/languages/hindi HTTP/1.1" 200 17455 "-" "Mozilla/5.0 AppleWebKit/537.36 (KHTML, like Gecko; compatible; ClaudeBot/1.0; +claudebot@anthropic.com)"
216.73.216.38 - - [04/Apr/2026:01:38:44 -0400] "GET /status/offline/age/60-100,20-29,30-39,50-59/ethnicity/black/languages/romanian HTTP/1.1" 200 18359 "-" "Mozilla/5.0 AppleWebKit/537.36 (KHTML, like Gecko; compatible; ClaudeBot/1.0; +claudebot@anthropic.com)"
216.73.216.38 - - [04/Apr/2026:01:38:44 -0400] "GET /status/offline/gender/f,c,t/age/18-19/hair/black/languages/catalan HTTP/1.1" 200 18007 "-" "Mozilla/5.0 AppleWebKit/537.36 (KHTML, like Gecko; compatible; ClaudeBot/1.0; +claudebot@anthropic.com)"
216.73.216.38 - - [04/Apr/2026:01:38:44 -0400] "GET /age/18-19/ethnicity/islander,native,other,white,black/languages/bulgarian HTTP/1.1" 200 18249 "-" "Mozilla/5.0 AppleWebKit/537.36 (KHTML, like Gecko; compatible; ClaudeBot/1.0; +claudebot@anthropic.com)"
216.73.216.38 - - [04/Apr/2026:01:38:44 -0400] "GET /status/offline/hair/brown,grey/ethnicity/asian,white/languages/catalan HTTP/1.1" 200 17928 "-" "Mozilla/5.0 AppleWebKit/537.36 (KHTML, like Gecko; compatible; ClaudeBot/1.0; +claudebot@anthropic.com)"
74.7.227.134 - - [04/Apr/2026:01:38:44 -0400] "GET /age/18-19,50-59/ethnicity/news-leonardo-faz-homenagem-apos-morte-de-assessora-cuidou-de-mim-como-filho,white,native,asian,black,other,latino,islander HTTP/1.1" 200 21921 "https://www.nudcam.com/age/18-19,50-59/ethnicity/news-leonardo-faz-homenagem-apos-morte-de-assessora-cuidou-de-mim-como-filho,white,native,asian,black,other,east-indian,latino,islander" "Mozilla/5.0 AppleWebKit/537.36 (KHTML, like Gecko; compatible; GPTBot/1.3; +https://openai.com/gptbot)"
216.73.216.38 - - [04/Apr/2026:01:38:44 -0400] "GET /age/40-49/hair/white,grey,red/ethnicity/islander,other/languages/german HTTP/1.1" 200 18144 "-" "Mozilla/5.0 AppleWebKit/537.36 (KHTML, like Gecko; compatible; ClaudeBot/1.0; +claudebot@anthropic.com)"
216.73.216.38 - - [04/Apr/2026:01:38:45 -0400] "GET /age/20-29,50-59/hair/brown/ethnicity/other,native/languages/norwegian HTTP/1.1" 200 17890 "-" "Mozilla/5.0 AppleWebKit/537.36 (KHTML, like Gecko; compatible; ClaudeBot/1.0; +claudebot@anthropic.com)"
216.73.216.38 - - [04/Apr/2026:01:38:45 -0400] "GET /ethnicity/islander,native,east-indian,latino/languages/malay HTTP/1.1" 200 17469 "-" "Mozilla/5.0 AppleWebKit/537.36 (KHTML, like Gecko; compatible; ClaudeBot/1.0; +claudebot@anthropic.com)"
216.73.216.38 - - [04/Apr/2026:01:38:45 -0400] "GET /gender/c/age/60-100,20-29,18-19/ethnicity/islander,native/languages/hebrew HTTP/1.1" 200 18241 "-" "Mozilla/5.0 AppleWebKit/537.36 (KHTML, like Gecko; compatible; ClaudeBot/1.0; +claudebot@anthropic.com)"
216.73.216.38 - - [04/Apr/2026:01:38:45 -0400] "GET /status/online/gender/m,c/age/18-19,30-39/ethnicity/other/languages/thai HTTP/1.1" 200 18116 "-" "Mozilla/5.0 AppleWebKit/537.36 (KHTML, like Gecko; compatible; ClaudeBot/1.0; +claudebot@anthropic.com)"
17.241.219.42 - - [04/Apr/2026:01:38:45 -0400] "GET /age/18-19,30-39/hair/white/languages/danish HTTP/1.1" 200 16576 "-" "Mozilla/5.0 (Macintosh; Intel Mac OS X 10_15_7) AppleWebKit/605.1.15 (KHTML, like Gecko) Version/17.4 Safari/605.1.15 (Applebot/0.1; +http://www.apple.com/go/applebot)"
216.73.216.38 - - [04/Apr/2026:01:38:45 -0400] "GET /age/60-100/hair/auburn,blonde,red/ethnicity/other/languages/danish HTTP/1.1" 200 17769 "-" "Mozilla/5.0 AppleWebKit/537.36 (KHTML, like Gecko; compatible; ClaudeBot/1.0; +claudebot@anthropic.com)"
216.73.216.38 - - [04/Apr/2026:01:38:45 -0400] "GET /status/offline/age/20-29/hair/brown/ethnicity/white,black,native/languages/lithuanian HTTP/1.1" 200 18592 "-" "Mozilla/5.0 AppleWebKit/537.36 (KHTML, like Gecko; compatible; ClaudeBot/1.0; +claudebot@anthropic.com)"
216.73.216.38 - - [04/Apr/2026:01:38:45 -0400] "GET /status/offline,online/age/40-49/hair/white,black/ethnicity/islander/languages/malay HTTP/1.1" 200 18510 "-" "Mozilla/5.0 AppleWebKit/537.36 (KHTML, like Gecko; compatible; ClaudeBot/1.0; +claudebot@anthropic.com)"
3.226.106.93 - - [04/Apr/2026:01:38:45 -0400] "GET /status/offline,online/gender/f,m,c/age/20-29,40-49/hair/red/ethnicity/latino,east-indian,white,asian,native HTTP/1.1" 200 20869 "-" "Mozilla/5.0 AppleWebKit/537.36 (KHTML, like Gecko; compatible; Amazonbot/0.1; +https://developer.amazon.com/support/amazonbot) Chrome/119.0.6045.214 Safari/537.36"
216.73.216.38 - - [04/Apr/2026:01:38:45 -0400] "GET /status/offline/age/18-19/hair/white/ethnicity/native,other,black/languages/kurdish HTTP/1.1" 200 18487 "-" "Mozilla/5.0 AppleWebKit/537.36 (KHTML, like Gecko; compatible; ClaudeBot/1.0; +claudebot@anthropic.com)"
216.73.216.38 - - [04/Apr/2026:01:38:45 -0400] "GET /gender/f,t/age/20-29,18-19,40-49/ethnicity/native/languages/fiji HTTP/1.1" 200 17899 "-" "Mozilla/5.0 AppleWebKit/537.36 (KHTML, like Gecko; compatible; ClaudeBot/1.0; +claudebot@anthropic.com)"
74.7.227.134 - - [04/Apr/2026:01:38:45 -0400] "GET /age/40-49,18-19,50-59/ethnicity/news-leonardo-faz-homenagem-apos-morte-de-assessora-cuidou-de-mim-como-filho,native,islander,asian,east-indian,other,white,black,latino HTTP/1.1" 200 23162 "https://www.nudcam.com/age/40-49,18-19/ethnicity/news-leonardo-faz-homenagem-apos-morte-de-assessora-cuidou-de-mim-como-filho,native,islander,asian,east-indian,other,white,black,latino" "Mozilla/5.0 AppleWebKit/537.36 (KHTML, like Gecko; compatible; GPTBot/1.3; +https://openai.com/gptbot)"
216.73.216.38 - - [04/Apr/2026:01:38:45 -0400] "GET /status/offline/age/50-59,18-19,30-39/ethnicity/white,other/languages/belarusian HTTP/1.1" 200 18423 "-" "Mozilla/5.0 AppleWebKit/537.36 (KHTML, like Gecko; compatible; ClaudeBot/1.0; +claudebot@anthropic.com)"
216.73.216.38 - - [04/Apr/2026:01:38:45 -0400] "GET /gender/m,c/age/40-49/ethnicity/white,black,asian/languages/kurdish HTTP/1.1" 200 17996 "-" "Mozilla/5.0 AppleWebKit/537.36 (KHTML, like Gecko; compatible; ClaudeBot/1.0; +claudebot@anthropic.com)"
216.73.216.38 - - [04/Apr/2026:01:38:46 -0400] "GET /age/18-19/ethnicity/latino,islander,other,asian/languages/finnish HTTP/1.1" 200 17792 "-" "Mozilla/5.0 AppleWebKit/537.36 (KHTML, like Gecko; compatible; ClaudeBot/1.0; +claudebot@anthropic.com)"
216.73.216.38 - - [04/Apr/2026:01:38:46 -0400] "GET /gender/t/age/20-29/hair/blonde,brown/languages/ukrainian HTTP/1.1" 200 17335 "-" "Mozilla/5.0 AppleWebKit/537.36 (KHTML, like Gecko; compatible; ClaudeBot/1.0; +claudebot@anthropic.com)"
216.73.216.38 - - [04/Apr/2026:01:38:46 -0400] "GET /gender/c,f/age/20-29,60-100/ethnicity/islander,native/languages/ukrainian HTTP/1.1" 200 18234 "-" "Mozilla/5.0 AppleWebKit/537.36 (KHTML, like Gecko; compatible; ClaudeBot/1.0; +claudebot@anthropic.com)"
66.249.66.45 - - [04/Apr/2026:01:38:46 -0400] "GET /ethnicity/other,east-indian,islander,asian,native,latino HTTP/1.1" 200 17439 "-" "Mozilla/5.0 (Linux; Android 6.0.1; Nexus 5X Build/MMB29P) AppleWebKit/537.36 (KHTML, like Gecko) Chrome/146.0.7680.177 Mobile Safari/537.36 (compatible; Googlebot/2.1; +http://www.google.com/bot.html)"
216.73.216.38 - - [04/Apr/2026:01:38:46 -0400] "GET /gender/c/age/60-100/ethnicity/asian,latino/languages/belarusian HTTP/1.1" 200 17518 "-" "Mozilla/5.0 AppleWebKit/537.36 (KHTML, like Gecko; compatible; ClaudeBot/1.0; +claudebot@anthropic.com)"
216.73.216.38 - - [04/Apr/2026:01:38:46 -0400] "GET /status/online/age/30-39,60-100,18-19/ethnicity/other,native/languages/persian HTTP/1.1" 200 18351 "-" "Mozilla/5.0 AppleWebKit/537.36 (KHTML, like Gecko; compatible; ClaudeBot/1.0; +claudebot@anthropic.com)"
17.241.75.239 - - [04/Apr/2026:01:38:46 -0400] "GET /status/online,offline/age/50-59/ethnicity/asian,white,other/languages/hebrew HTTP/1.1" 200 18330 "-" "Mozilla/5.0 (Macintosh; Intel Mac OS X 10_15_7) AppleWebKit/605.1.15 (KHTML, like Gecko) Version/17.4 Safari/605.1.15 (Applebot/0.1; +http://www.apple.com/go/applebot)"
216.73.216.38 - - [04/Apr/2026:01:38:46 -0400] "GET /gender/m,t/age/20-29/ethnicity/islander,native,black/languages/vietnamese HTTP/1.1" 200 18232 "-" "Mozilla/5.0 AppleWebKit/537.36 (KHTML, like Gecko; compatible; ClaudeBot/1.0; +claudebot@anthropic.com)"
216.73.216.38 - - [04/Apr/2026:01:38:46 -0400] "GET /status/offline/gender/f/age/40-49/hair/black,white/ethnicity/white/languages/swedish HTTP/1.1" 200 18510 "-" "Mozilla/5.0 AppleWebKit/537.36 (KHTML, like Gecko; compatible; ClaudeBot/1.0; +claudebot@anthropic.com)"
216.73.216.38 - - [04/Apr/2026:01:38:46 -0400] "GET /status/online/gender/m,t,f/ethnicity/native,latino/languages/czech HTTP/1.1" 200 17995 "-" "Mozilla/5.0 AppleWebKit/537.36 (KHTML, like Gecko; compatible; ClaudeBot/1.0; +claudebot@anthropic.com)"
216.73.216.38 - - [04/Apr/2026:01:38:46 -0400] "GET /status/offline/gender/f/age/30-39/ethnicity/black,islander,native,white/languages/hungarian HTTP/1.1" 200 19009 "-" "Mozilla/5.0 AppleWebKit/537.36 (KHTML, like Gecko; compatible; ClaudeBot/1.0; +claudebot@anthropic.com)"
74.7.227.134 - - [04/Apr/2026:01:38:46 -0400] "GET /age/18-19,50-59/ethnicity/news-leonardo-faz-homenagem-apos-morte-de-assessora-cuidou-de-mim-como-filho,latino,black,white,native,islander,asian,other HTTP/1.1" 200 21921 "https://www.nudcam.com/age/18-19,50-59/ethnicity/news-leonardo-faz-homenagem-apos-morte-de-assessora-cuidou-de-mim-como-filho,latino,black,white,native,islander,asian,east-indian,other" "Mozilla/5.0 AppleWebKit/537.36 (KHTML, like Gecko; compatible; GPTBot/1.3; +https://openai.com/gptbot)"
216.73.216.38 - - [04/Apr/2026:01:38:46 -0400] "GET /status/offline,online/age/40-49,20-29,50-59/ethnicity/other/languages/hebrew HTTP/1.1" 200 18304 "-" "Mozilla/5.0 AppleWebKit/537.36 (KHTML, like Gecko; compatible; ClaudeBot/1.0; +claudebot@anthropic.com)"
216.73.216.38 - - [04/Apr/2026:01:38:46 -0400] "GET /status/offline/age/60-100,20-29/hair/grey,white,blonde/languages/catalan HTTP/1.1" 200 18226 "-" "Mozilla/5.0 AppleWebKit/537.36 (KHTML, like Gecko; compatible; ClaudeBot/1.0; +claudebot@anthropic.com)"
216.73.216.38 - - [04/Apr/2026:01:38:47 -0400] "GET /status/offline/gender/t,f,c/ethnicity/native,islander,asian/languages/arabic HTTP/1.1" 200 18529 "-" "Mozilla/5.0 AppleWebKit/537.36 (KHTML, like Gecko; compatible; ClaudeBot/1.0; +claudebot@anthropic.com)"
216.73.216.38 - - [04/Apr/2026:01:38:47 -0400] "GET /status/online/gender/t/age/60-100,20-29/hair/auburn/languages/danish HTTP/1.1" 200 17868 "-" "Mozilla/5.0 AppleWebKit/537.36 (KHTML, like Gecko; compatible; ClaudeBot/1.0; +claudebot@anthropic.com)"
216.73.216.38 - - [04/Apr/2026:01:38:47 -0400] "GET /gender/c,f/age/18-19,50-59,20-29/ethnicity/native/languages/spanish HTTP/1.1" 200 18005 "-" "Mozilla/5.0 AppleWebKit/537.36 (KHTML, like Gecko; compatible; ClaudeBot/1.0; +claudebot@anthropic.com)"
216.73.216.38 - - [04/Apr/2026:01:38:47 -0400] "GET /age/18-19,40-49,20-29/ethnicity/latino,islander/languages/finnish HTTP/1.1" 200 17786 "-" "Mozilla/5.0 AppleWebKit/537.36 (KHTML, like Gecko; compatible; ClaudeBot/1.0; +claudebot@anthropic.com)"
216.73.216.38 - - [04/Apr/2026:01:38:47 -0400] "GET /status/offline,online/gender/c,f,m/ethnicity/asian/languages/afrikaans HTTP/1.1" 200 18124 "-" "Mozilla/5.0 AppleWebKit/537.36 (KHTML, like Gecko; compatible; ClaudeBot/1.0; +claudebot@anthropic.com)"
66.249.66.43 - - [04/Apr/2026:01:38:47 -0400] "GET /hair/grey,red,white,black,auburn,brown HTTP/1.1" 200 16866 "-" "Mozilla/5.0 (Linux; Android 6.0.1; Nexus 5X Build/MMB29P) AppleWebKit/537.36 (KHTML, like Gecko) Chrome/146.0.7680.177 Mobile Safari/537.36 (compatible; Googlebot/2.1; +http://www.google.com/bot.html)"
216.73.216.38 - - [04/Apr/2026:01:38:47 -0400] "GET /status/online/gender/c,t/age/20-29,40-49,30-39/languages/danish HTTP/1.1" 200 17936 "-" "Mozilla/5.0 AppleWebKit/537.36 (KHTML, like Gecko; compatible; ClaudeBot/1.0; +claudebot@anthropic.com)"
216.73.216.38 - - [04/Apr/2026:01:38:47 -0400] "GET /gender/f,m/age/20-29,30-39/hair/black/languages/kurdish HTTP/1.1" 200 17486 "-" "Mozilla/5.0 AppleWebKit/537.36 (KHTML, like Gecko; compatible; ClaudeBot/1.0; +claudebot@anthropic.com)"
216.73.216.38 - - [04/Apr/2026:01:38:47 -0400] "GET /hair/grey,auburn,black/ethnicity/black,islander/languages/hindi HTTP/1.1" 200 17716 "-" "Mozilla/5.0 AppleWebKit/537.36 (KHTML, like Gecko; compatible; ClaudeBot/1.0; +claudebot@anthropic.com)"
216.73.216.38 - - [04/Apr/2026:01:38:47 -0400] "GET /age/30-39,60-100,18-19/hair/black,grey/languages/french HTTP/1.1" 200 17501 "-" "Mozilla/5.0 AppleWebKit/537.36 (KHTML, like Gecko; compatible; ClaudeBot/1.0; +claudebot@anthropic.com)"
74.7.227.134 - - [04/Apr/2026:01:38:47 -0400] "GET /age/40-49,18-19,30-39/ethnicity/news-leonardo-faz-homenagem-apos-morte-de-assessora-cuidou-de-mim-como-filho,native,islander,asian,east-indian,other,white,black,latino HTTP/1.1" 200 23162 "https://www.nudcam.com/age/40-49,18-19/ethnicity/news-leonardo-faz-homenagem-apos-morte-de-assessora-cuidou-de-mim-como-filho,native,islander,asian,east-indian,other,white,black,latino" "Mozilla/5.0 AppleWebKit/537.36 (KHTML, like Gecko; compatible; GPTBot/1.3; +https://openai.com/gptbot)"
216.73.216.38 - - [04/Apr/2026:01:38:47 -0400] "GET /gender/c/age/50-59,60-100,40-49/ethnicity/white,native/languages/arabic HTTP/1.1" 200 18142 "-" "Mozilla/5.0 AppleWebKit/537.36 (KHTML, like Gecko; compatible; ClaudeBot/1.0; +claudebot@anthropic.com)"
17.241.227.95 - - [04/Apr/2026:01:38:47 -0400] "GET /status/online/age/18-19/ethnicity/other,native/languages/lithuanian HTTP/1.1" 200 17439 "-" "Mozilla/5.0 (Macintosh; Intel Mac OS X 10_15_7) AppleWebKit/605.1.15 (KHTML, like Gecko) Version/17.4 Safari/605.1.15 (Applebot/0.1; +http://www.apple.com/go/applebot)"
216.73.216.38 - - [04/Apr/2026:01:38:47 -0400] "GET /gender/t/age/18-19,50-59,40-49/ethnicity/black/languages/dutch HTTP/1.1" 200 17636 "-" "Mozilla/5.0 AppleWebKit/537.36 (KHTML, like Gecko; compatible; ClaudeBot/1.0; +claudebot@anthropic.com)"
216.73.216.38 - - [04/Apr/2026:01:38:48 -0400] "GET /age/18-19/hair/blonde,white/ethnicity/latino/languages/estonian HTTP/1.1" 200 17494 "-" "Mozilla/5.0 AppleWebKit/537.36 (KHTML, like Gecko; compatible; ClaudeBot/1.0; +claudebot@anthropic.com)"
216.73.216.38 - - [04/Apr/2026:01:38:48 -0400] "GET /age/30-39,40-49/hair/grey,auburn,black/languages/lithuanian HTTP/1.1" 200 17640 "-" "Mozilla/5.0 AppleWebKit/537.36 (KHTML, like Gecko; compatible; ClaudeBot/1.0; +claudebot@anthropic.com)"
216.73.216.38 - - [04/Apr/2026:01:38:48 -0400] "GET /status/online/gender/m/age/60-100,20-29,18-19/ethnicity/native/languages/romanian HTTP/1.1" 200 18434 "-" "Mozilla/5.0 AppleWebKit/537.36 (KHTML, like Gecko; compatible; ClaudeBot/1.0; +claudebot@anthropic.com)"
216.73.216.38 - - [04/Apr/2026:01:38:48 -0400] "GET /age/50-59,18-19/ethnicity/black,native,other,islander/languages/scots HTTP/1.1" 200 18110 "-" "Mozilla/5.0 AppleWebKit/537.36 (KHTML, like Gecko; compatible; ClaudeBot/1.0; +claudebot@anthropic.com)"
216.73.216.38 - - [04/Apr/2026:01:38:48 -0400] "GET /age/60-100,50-59/hair/white,brown,grey/languages/ukrainian HTTP/1.1" 200 17606 "-" "Mozilla/5.0 AppleWebKit/537.36 (KHTML, like Gecko; compatible; ClaudeBot/1.0; +claudebot@anthropic.com)"
216.73.216.38 - - [04/Apr/2026:01:38:48 -0400] "GET /gender/m/age/18-19,40-49,60-100,50-59/languages/persian HTTP/1.1" 200 17494 "-" "Mozilla/5.0 AppleWebKit/537.36 (KHTML, like Gecko; compatible; ClaudeBot/1.0; +claudebot@anthropic.com)"
216.73.216.38 - - [04/Apr/2026:01:38:48 -0400] "GET /gender/m/age/40-49,20-29,50-59,60-100/languages/polish HTTP/1.1" 200 17460 "-" "Mozilla/5.0 AppleWebKit/537.36 (KHTML, like Gecko; compatible; ClaudeBot/1.0; +claudebot@anthropic.com)"
216.73.216.38 - - [04/Apr/2026:01:38:48 -0400] "GET /status/online/age/30-39,40-49/ethnicity/other,islander,white,native/languages/scots HTTP/1.1" 200 18759 "-" "Mozilla/5.0 AppleWebKit/537.36 (KHTML, like Gecko; compatible; ClaudeBot/1.0; +claudebot@anthropic.com)"
52.45.77.169 - - [04/Apr/2026:01:38:48 -0400] "GET /status/online,offline/gender/m,t,c/age/18-19/hair/red,black,brown/ethnicity/latino,islander,native,east-indian,asian HTTP/1.1" 200 21469 "-" "Mozilla/5.0 AppleWebKit/537.36 (KHTML, like Gecko; compatible; Amazonbot/0.1; +https://developer.amazon.com/support/amazonbot) Chrome/119.0.6045.214 Safari/537.36"
74.7.227.134 - - [04/Apr/2026:01:38:48 -0400] "GET /gender/f/age/40-49,18-19,20-29/ethnicity/news-leonardo-faz-homenagem-apos-morte-de-assessora-cuidou-de-mim-como-filho,latino,white,native,islander,asian,east-indian,other HTTP/1.1" 200 23250 "https://www.nudcam.com/gender/f/age/40-49,18-19,20-29/ethnicity/news-leonardo-faz-homenagem-apos-morte-de-assessora-cuidou-de-mim-como-filho,latino,black,white,native,islander,asian,east-indian,other" "Mozilla/5.0 AppleWebKit/537.36 (KHTML, like Gecko; compatible; GPTBot/1.3; +https://openai.com/gptbot)"
216.73.216.38 - - [04/Apr/2026:01:38:48 -0400] "GET /status/offline/hair/white,brown,grey,red,blonde/languages/czech HTTP/1.1" 200 17941 "-" "Mozilla/5.0 AppleWebKit/537.36 (KHTML, like Gecko; compatible; ClaudeBot/1.0; +claudebot@anthropic.com)"
216.73.216.38 - - [04/Apr/2026:01:38:48 -0400] "GET /status/offline/age/30-39,60-100/hair/white,red,black/languages/thai HTTP/1.1" 200 18055 "-" "Mozilla/5.0 AppleWebKit/537.36 (KHTML, like Gecko; compatible; ClaudeBot/1.0; +claudebot@anthropic.com)"
216.73.216.38 - - [04/Apr/2026:01:38:48 -0400] "GET /status/offline/age/30-39/ethnicity/native,white,black,latino/languages/albanian HTTP/1.1" 200 18425 "-" "Mozilla/5.0 AppleWebKit/537.36 (KHTML, like Gecko; compatible; ClaudeBot/1.0; +claudebot@anthropic.com)"
216.73.216.38 - - [04/Apr/2026:01:38:49 -0400] "GET /status/online/gender/f,t/age/40-49/ethnicity/black,islander,native/languages/scots HTTP/1.1" 200 18707 "-" "Mozilla/5.0 AppleWebKit/537.36 (KHTML, like Gecko; compatible; ClaudeBot/1.0; +claudebot@anthropic.com)"
216.73.216.38 - - [04/Apr/2026:01:38:49 -0400] "GET /status/offline/gender/t/age/30-39/ethnicity/white,black,islander,native/languages/turkish HTTP/1.1" 200 18936 "-" "Mozilla/5.0 AppleWebKit/537.36 (KHTML, like Gecko; compatible; ClaudeBot/1.0; +claudebot@anthropic.com)"
216.73.216.38 - - [04/Apr/2026:01:38:49 -0400] "GET /age/40-49/ethnicity/islander,black,white,native,latino/languages/hungarian HTTP/1.1" 200 18282 "-" "Mozilla/5.0 AppleWebKit/537.36 (KHTML, like Gecko; compatible; ClaudeBot/1.0; +claudebot@anthropic.com)"
216.73.216.38 - - [04/Apr/2026:01:38:49 -0400] "GET /status/offline/gender/t,f/age/40-49/hair/white,red/languages/lithuanian HTTP/1.1" 200 18185 "-" "Mozilla/5.0 AppleWebKit/537.36 (KHTML, like Gecko; compatible; ClaudeBot/1.0; +claudebot@anthropic.com)"
216.73.216.38 - - [04/Apr/2026:01:38:49 -0400] "GET /age/50-59,18-19/hair/grey,white/ethnicity/native/languages/estonian HTTP/1.1" 200 17810 "-" "Mozilla/5.0 AppleWebKit/537.36 (KHTML, like Gecko; compatible; ClaudeBot/1.0; +claudebot@anthropic.com)"
216.73.216.38 - - [04/Apr/2026:01:38:49 -0400] "GET /status/offline/gender/c/hair/black/ethnicity/native,white,black/languages/romanian HTTP/1.1" 200 18485 "-" "Mozilla/5.0 AppleWebKit/537.36 (KHTML, like Gecko; compatible; ClaudeBot/1.0; +claudebot@anthropic.com)"
144.76.32.236 - - [04/Apr/2026:01:38:49 -0400] "GET /gender/c,f,m/hair/black,white,grey/sites/1 HTTP/1.1" 200 17021 "-" "Mozilla/5.0 (compatible; SERankingBacklinksBot/1.0; +https://seranking.com/backlinks-crawler)"
216.73.216.38 - - [04/Apr/2026:01:38:49 -0400] "GET /status/online/age/30-39,40-49/ethnicity/other,white,islander,native/languages/scots HTTP/1.1" 200 18759 "-" "Mozilla/5.0 AppleWebKit/537.36 (KHTML, like Gecko; compatible; ClaudeBot/1.0; +claudebot@anthropic.com)"
216.73.216.38 - - [04/Apr/2026:01:38:49 -0400] "GET /status/online/gender/c/age/20-29/ethnicity/white,islander,black/languages/norwegian HTTP/1.1" 200 18530 "-" "Mozilla/5.0 AppleWebKit/537.36 (KHTML, like Gecko; compatible; ClaudeBot/1.0; +claudebot@anthropic.com)"
74.7.227.134 - - [04/Apr/2026:01:38:49 -0400] "GET /age/18-19,40-49,30-39/ethnicity/news-leonardo-faz-homenagem-apos-morte-de-assessora-cuidou-de-mim-como-filho,asian,east-indian,black,islander,other,latino,native,white HTTP/1.1" 200 23162 "https://www.nudcam.com/age/18-19,40-49/ethnicity/news-leonardo-faz-homenagem-apos-morte-de-assessora-cuidou-de-mim-como-filho,asian,east-indian,black,islander,other,latino,native,white" "Mozilla/5.0 AppleWebKit/537.36 (KHTML, like Gecko; compatible; GPTBot/1.3; +https://openai.com/gptbot)"
216.73.216.38 - - [04/Apr/2026:01:38:49 -0400] "GET /status/offline/gender/c,t/age/60-100/ethnicity/black,native,islander/languages/finnish HTTP/1.1" 200 18847 "-" "Mozilla/5.0 AppleWebKit/537.36 (KHTML, like Gecko; compatible; ClaudeBot/1.0; +claudebot@anthropic.com)"
216.73.216.38 - - [04/Apr/2026:01:38:49 -0400] "GET /status/online/age/60-100,30-39/ethnicity/native,latino,other/languages/malay HTTP/1.1" 200 18321 "-" "Mozilla/5.0 AppleWebKit/537.36 (KHTML, like Gecko; compatible; ClaudeBot/1.0; +claudebot@anthropic.com)"
216.73.216.38 - - [04/Apr/2026:01:38:49 -0400] "GET /status/offline/gender/m/age/30-39/hair/grey/ethnicity/black,native/languages/maltese HTTP/1.1" 200 18522 "-" "Mozilla/5.0 AppleWebKit/537.36 (KHTML, like Gecko; compatible; ClaudeBot/1.0; +claudebot@anthropic.com)"
216.73.216.38 - - [04/Apr/2026:01:38:50 -0400] "GET /status/online/hair/brown,red/ethnicity/latino,white/languages/kurdish HTTP/1.1" 200 17896 "-" "Mozilla/5.0 AppleWebKit/537.36 (KHTML, like Gecko; compatible; ClaudeBot/1.0; +claudebot@anthropic.com)"
17.241.219.142 - - [04/Apr/2026:01:38:50 -0400] "GET /age/20-29/hair/blonde,red/ethnicity/native,islander/languages/albanian HTTP/1.1" 200 17709 "-" "Mozilla/5.0 (Macintosh; Intel Mac OS X 10_15_7) AppleWebKit/605.1.15 (KHTML, like Gecko) Version/17.4 Safari/605.1.15 (Applebot/0.1; +http://www.apple.com/go/applebot)"
216.73.216.38 - - [04/Apr/2026:01:38:50 -0400] "GET /status/offline/hair/grey,brown,red,blonde,black/languages/danish HTTP/1.1" 200 17976 "-" "Mozilla/5.0 AppleWebKit/537.36 (KHTML, like Gecko; compatible; ClaudeBot/1.0; +claudebot@anthropic.com)"
216.73.216.38 - - [04/Apr/2026:01:38:50 -0400] "GET /age/30-39,18-19,60-100/ethnicity/white,black/languages/azerbaijani HTTP/1.1" 200 17826 "-" "Mozilla/5.0 AppleWebKit/537.36 (KHTML, like Gecko; compatible; ClaudeBot/1.0; +claudebot@anthropic.com)"
216.73.216.38 - - [04/Apr/2026:01:38:50 -0400] "GET /status/offline,online/hair/blonde,grey/ethnicity/islander,native/languages/scots HTTP/1.1" 200 18456 "-" "Mozilla/5.0 AppleWebKit/537.36 (KHTML, like Gecko; compatible; ClaudeBot/1.0; +claudebot@anthropic.com)"
216.73.216.38 - - [04/Apr/2026:01:38:50 -0400] "GET /status/online/age/18-19,40-49/hair/black/ethnicity/islander/languages/chinese HTTP/1.1" 200 18102 "-" "Mozilla/5.0 AppleWebKit/537.36 (KHTML, like Gecko; compatible; ClaudeBot/1.0; +claudebot@anthropic.com)"
216.73.216.38 - - [04/Apr/2026:01:38:50 -0400] "GET /hair/brown,auburn/ethnicity/native,black,other/languages/chinese HTTP/1.1" 200 17756 "-" "Mozilla/5.0 AppleWebKit/537.36 (KHTML, like Gecko; compatible; ClaudeBot/1.0; +claudebot@anthropic.com)"
216.73.216.38 - - [04/Apr/2026:01:38:50 -0400] "GET /age/18-19,50-59/hair/black/ethnicity/white,islander/languages/hebrew HTTP/1.1" 200 17852 "-" "Mozilla/5.0 AppleWebKit/537.36 (KHTML, like Gecko; compatible; ClaudeBot/1.0; +claudebot@anthropic.com)"
216.73.216.38 - - [04/Apr/2026:01:38:50 -0400] "GET /age/40-49,30-39/ethnicity/islander,other,black,native/languages/kashmiri HTTP/1.1" 200 18215 "-" "Mozilla/5.0 AppleWebKit/537.36 (KHTML, like Gecko; compatible; ClaudeBot/1.0; +claudebot@anthropic.com)"
74.7.227.134 - - [04/Apr/2026:01:38:50 -0400] "GET /age/40-49,50-59,30-39/ethnicity/news-leonardo-faz-homenagem-apos-morte-de-assessora-cuidou-de-mim-como-filho,east-indian,other,white,asian,islander,latino,black,native HTTP/1.1" 200 23162 "https://www.nudcam.com/age/40-49,50-59/ethnicity/news-leonardo-faz-homenagem-apos-morte-de-assessora-cuidou-de-mim-como-filho,east-indian,other,white,asian,islander,latino,black,native" "Mozilla/5.0 AppleWebKit/537.36 (KHTML, like Gecko; compatible; GPTBot/1.3; +https://openai.com/gptbot)"
216.73.216.38 - - [04/Apr/2026:01:38:50 -0400] "GET /status/online/hair/white,grey,black/ethnicity/black,white/languages/finnish HTTP/1.1" 200 18283 "-" "Mozilla/5.0 AppleWebKit/537.36 (KHTML, like Gecko; compatible; ClaudeBot/1.0; +claudebot@anthropic.com)"
216.73.216.38 - - [04/Apr/2026:01:38:50 -0400] "GET /status/offline/age/30-39/hair/white,grey/ethnicity/other,islander/languages/persian HTTP/1.1" 200 18526 "-" "Mozilla/5.0 AppleWebKit/537.36 (KHTML, like Gecko; compatible; ClaudeBot/1.0; +claudebot@anthropic.com)"
216.73.216.38 - - [04/Apr/2026:01:38:50 -0400] "GET /hair/red,white,blonde,auburn,grey/languages/korean HTTP/1.1" 200 17360 "-" "Mozilla/5.0 AppleWebKit/537.36 (KHTML, like Gecko; compatible; ClaudeBot/1.0; +claudebot@anthropic.com)"
216.73.216.38 - - [04/Apr/2026:01:38:51 -0400] "GET /status/offline/gender/c,m/hair/red,grey/ethnicity/islander/languages/turkish HTTP/1.1" 200 18282 "-" "Mozilla/5.0 AppleWebKit/537.36 (KHTML, like Gecko; compatible; ClaudeBot/1.0; +claudebot@anthropic.com)"
216.73.216.38 - - [04/Apr/2026:01:38:51 -0400] "GET /age/30-39,40-49,50-59/ethnicity/native,east-indian/languages/hebrew HTTP/1.1" 200 17848 "-" "Mozilla/5.0 AppleWebKit/537.36 (KHTML, like Gecko; compatible; ClaudeBot/1.0; +claudebot@anthropic.com)"
216.73.216.38 - - [04/Apr/2026:01:38:51 -0400] "GET /age/20-29/hair/blonde,grey,black,brown/languages/persian HTTP/1.1" 200 17533 "-" "Mozilla/5.0 AppleWebKit/537.36 (KHTML, like Gecko; compatible; ClaudeBot/1.0; +claudebot@anthropic.com)"
216.73.216.38 - - [04/Apr/2026:01:38:51 -0400] "GET /status/offline/gender/m/hair/black,white/ethnicity/black,native/languages/russian HTTP/1.1" 200 18454 "-" "Mozilla/5.0 AppleWebKit/537.36 (KHTML, like Gecko; compatible; ClaudeBot/1.0; +claudebot@anthropic.com)"
216.73.216.38 - - [04/Apr/2026:01:38:51 -0400] "GET /status/online/hair/red,white,auburn/ethnicity/black,native/languages/spanish HTTP/1.1" 200 18316 "-" "Mozilla/5.0 AppleWebKit/537.36 (KHTML, like Gecko; compatible; ClaudeBot/1.0; +claudebot@anthropic.com)"
216.73.216.38 - - [04/Apr/2026:01:38:51 -0400] "GET /gender/c/age/60-100,20-29,40-49/hair/white/languages/maltese HTTP/1.1" 200 17628 "-" "Mozilla/5.0 AppleWebKit/537.36 (KHTML, like Gecko; compatible; ClaudeBot/1.0; +claudebot@anthropic.com)"
66.249.66.43 - - [04/Apr/2026:01:38:51 -0400] "GET /hair/brown,white,red/ethnicity/east-indian,islander,latino,white,other,asian,native HTTP/1.1" 200 19109 "-" "Mozilla/5.0 (Linux; Android 6.0.1; Nexus 5X Build/MMB29P) AppleWebKit/537.36 (KHTML, like Gecko) Chrome/146.0.7680.177 Mobile Safari/537.36 (compatible; Googlebot/2.1; +http://www.google.com/bot.html)"
216.73.216.38 - - [04/Apr/2026:01:38:51 -0400] "GET /gender/c,f,t,m/age/40-49/hair/white/languages/spanish HTTP/1.1" 200 17595 "-" "Mozilla/5.0 AppleWebKit/537.36 (KHTML, like Gecko; compatible; ClaudeBot/1.0; +claudebot@anthropic.com)"
216.73.216.38 - - [04/Apr/2026:01:38:51 -0400] "GET /age/30-39,20-29,40-49/hair/auburn,red/languages/dutch HTTP/1.1" 200 17435 "-" "Mozilla/5.0 AppleWebKit/537.36 (KHTML, like Gecko; compatible; ClaudeBot/1.0; +claudebot@anthropic.com)"
66.249.66.43 - - [04/Apr/2026:01:38:51 -0400] "GET /ethnicity/latino,asian,native,islander,east-indian,other,black HTTP/1.1" 200 17819 "-" "Mozilla/5.0 (Linux; Android 6.0.1; Nexus 5X Build/MMB29P) AppleWebKit/537.36 (KHTML, like Gecko) Chrome/146.0.7680.177 Mobile Safari/537.36 (compatible; Googlebot/2.1; +http://www.google.com/bot.html)"
74.7.227.134 - - [04/Apr/2026:01:38:51 -0400] "GET /age/18-19,50-59,40-49/ethnicity/news-leonardo-faz-homenagem-apos-morte-de-assessora-cuidou-de-mim-como-filho,white,native,asian,black,other,east-indian,latino,islander HTTP/1.1" 200 23162 "https://www.nudcam.com/age/18-19,50-59/ethnicity/news-leonardo-faz-homenagem-apos-morte-de-assessora-cuidou-de-mim-como-filho,white,native,asian,black,other,east-indian,latino,islander" "Mozilla/5.0 AppleWebKit/537.36 (KHTML, like Gecko; compatible; GPTBot/1.3; +https://openai.com/gptbot)"
17.241.75.222 - - [04/Apr/2026:01:38:51 -0400] "GET /age/60-100/hair/white,black/ethnicity/east-indian,native,white/languages/hindi HTTP/1.1" 200 18157 "-" "Mozilla/5.0 (Macintosh; Intel Mac OS X 10_15_7) AppleWebKit/605.1.15 (KHTML, like Gecko) Version/17.4 Safari/605.1.15 (Applebot/0.1; +http://www.apple.com/go/applebot)"
216.73.216.38 - - [04/Apr/2026:01:38:51 -0400] "GET /status/offline/age/40-49/hair/auburn,black,brown/ethnicity/white/languages/turkish HTTP/1.1" 200 18469 "-" "Mozilla/5.0 AppleWebKit/537.36 (KHTML, like Gecko; compatible; ClaudeBot/1.0; +claudebot@anthropic.com)"
216.73.216.38 - - [04/Apr/2026:01:38:51 -0400] "GET /status/offline/gender/m,f/age/60-100/hair/white,brown/languages/arabic HTTP/1.1" 200 18143 "-" "Mozilla/5.0 AppleWebKit/537.36 (KHTML, like Gecko; compatible; ClaudeBot/1.0; +claudebot@anthropic.com)"
216.73.216.38 - - [04/Apr/2026:01:38:51 -0400] "GET /status/online/age/30-39/hair/grey/ethnicity/native,east-indian/languages/czech HTTP/1.1" 200 18149 "-" "Mozilla/5.0 AppleWebKit/537.36 (KHTML, like Gecko; compatible; ClaudeBot/1.0; +claudebot@anthropic.com)"
216.73.216.38 - - [04/Apr/2026:01:38:52 -0400] "GET /gender/c/hair/grey/ethnicity/white,black,asian/languages/turkish HTTP/1.1" 200 17721 "-" "Mozilla/5.0 AppleWebKit/537.36 (KHTML, like Gecko; compatible; ClaudeBot/1.0; +claudebot@anthropic.com)"
216.73.216.38 - - [04/Apr/2026:01:38:52 -0400] "GET /age/60-100,20-29/hair/grey/ethnicity/white,latino/languages/malay HTTP/1.1" 200 17754 "-" "Mozilla/5.0 AppleWebKit/537.36 (KHTML, like Gecko; compatible; ClaudeBot/1.0; +claudebot@anthropic.com)"
107.22.208.39 - - [04/Apr/2026:01:38:52 -0400] "GET /status/online,offline/gender/c,f/age/30-39/hair/black/ethnicity/east-indian,native/languages/italian HTTP/1.1" 200 19293 "-" "Mozilla/5.0 AppleWebKit/537.36 (KHTML, like Gecko; compatible; Amazonbot/0.1; +https://developer.amazon.com/support/amazonbot) Chrome/119.0.6045.214 Safari/537.36"
216.73.216.38 - - [04/Apr/2026:01:38:52 -0400] "GET /gender/f/age/50-59/hair/auburn,brown/languages/azerbaijani HTTP/1.1" 200 17402 "-" "Mozilla/5.0 AppleWebKit/537.36 (KHTML, like Gecko; compatible; ClaudeBot/1.0; +claudebot@anthropic.com)"
216.73.216.38 - - [04/Apr/2026:01:38:52 -0400] "GET /gender/t,m,f/age/60-100,30-39/ethnicity/white/languages/kurdish HTTP/1.1" 200 17876 "-" "Mozilla/5.0 AppleWebKit/537.36 (KHTML, like Gecko; compatible; ClaudeBot/1.0; +claudebot@anthropic.com)"
216.73.216.38 - - [04/Apr/2026:01:38:52 -0400] "GET /gender/c,f/age/18-19/hair/red,brown/languages/chinese HTTP/1.1" 200 17429 "-" "Mozilla/5.0 AppleWebKit/537.36 (KHTML, like Gecko; compatible; ClaudeBot/1.0; +claudebot@anthropic.com)"
216.73.216.38 - - [04/Apr/2026:01:38:52 -0400] "GET /status/offline/gender/c/age/40-49/hair/black/ethnicity/white,native/languages/chinese HTTP/1.1" 200 18557 "-" "Mozilla/5.0 AppleWebKit/537.36 (KHTML, like Gecko; compatible; ClaudeBot/1.0; +claudebot@anthropic.com)"
216.73.216.38 - - [04/Apr/2026:01:38:52 -0400] "GET /gender/c/age/40-49/ethnicity/native,islander,other,black/languages/estonian HTTP/1.1" 200 18284 "-" "Mozilla/5.0 AppleWebKit/537.36 (KHTML, like Gecko; compatible; ClaudeBot/1.0; +claudebot@anthropic.com)"
216.73.216.38 - - [04/Apr/2026:01:38:52 -0400] "GET /status/offline/age/18-19,30-39/ethnicity/black,other,asian/languages/russian HTTP/1.1" 200 18325 "-" "Mozilla/5.0 AppleWebKit/537.36 (KHTML, like Gecko; compatible; ClaudeBot/1.0; +claudebot@anthropic.com)"
74.7.227.134 - - [04/Apr/2026:01:38:52 -0400] "GET /age/18-19,50-59,30-39/ethnicity/news-leonardo-faz-homenagem-apos-morte-de-assessora-cuidou-de-mim-como-filho,latino,black,white,native,islander,asian,east-indian,other HTTP/1.1" 200 23162 "https://www.nudcam.com/age/18-19,50-59/ethnicity/news-leonardo-faz-homenagem-apos-morte-de-assessora-cuidou-de-mim-como-filho,latino,black,white,native,islander,asian,east-indian,other" "Mozilla/5.0 AppleWebKit/537.36 (KHTML, like Gecko; compatible; GPTBot/1.3; +https://openai.com/gptbot)"
216.73.216.38 - - [04/Apr/2026:01:38:52 -0400] "GET /status/online/age/30-39,18-19,20-29,40-49/ethnicity/islander/languages/catalan HTTP/1.1" 200 18357 "-" "Mozilla/5.0 AppleWebKit/537.36 (KHTML, like Gecko; compatible; ClaudeBot/1.0; +claudebot@anthropic.com)"
216.73.216.38 - - [04/Apr/2026:01:38:52 -0400] "GET /status/online/age/40-49,30-39/hair/white,blonde/languages/maltese HTTP/1.1" 200 17810 "-" "Mozilla/5.0 AppleWebKit/537.36 (KHTML, like Gecko; compatible; ClaudeBot/1.0; +claudebot@anthropic.com)"
216.73.216.38 - - [04/Apr/2026:01:38:52 -0400] "GET /status/online/age/18-19,30-39,40-49/ethnicity/other,white/languages/persian HTTP/1.1" 200 18285 "-" "Mozilla/5.0 AppleWebKit/537.36 (KHTML, like Gecko; compatible; ClaudeBot/1.0; +claudebot@anthropic.com)"
216.73.216.38 - - [04/Apr/2026:01:38:53 -0400] "GET /age/50-59,30-39/hair/grey,black,red/languages/hindi HTTP/1.1" 200 17374 "-" "Mozilla/5.0 AppleWebKit/537.36 (KHTML, like Gecko; compatible; ClaudeBot/1.0; +claudebot@anthropic.com)"
216.73.216.38 - - [04/Apr/2026:01:38:53 -0400] "GET /status/offline/age/30-39,20-29,18-19/ethnicity/white,black/languages/korean HTTP/1.1" 200 18283 "-" "Mozilla/5.0 AppleWebKit/537.36 (KHTML, like Gecko; compatible; ClaudeBot/1.0; +claudebot@anthropic.com)"
17.241.75.83 - - [04/Apr/2026:01:38:53 -0400] "GET /status/offline,online/age/60-100/ethnicity/islander/languages/lithuanian HTTP/1.1" 200 17582 "-" "Mozilla/5.0 (Macintosh; Intel Mac OS X 10_15_7) AppleWebKit/605.1.15 (KHTML, like Gecko) Version/17.4 Safari/605.1.15 (Applebot/0.1; +http://www.apple.com/go/applebot)"
216.73.216.38 - - [04/Apr/2026:01:38:53 -0400] "GET /status/offline,online/gender/c/age/18-19/ethnicity/white,native/languages/english HTTP/1.1" 200 18468 "-" "Mozilla/5.0 AppleWebKit/537.36 (KHTML, like Gecko; compatible; ClaudeBot/1.0; +claudebot@anthropic.com)"
216.73.216.38 - - [04/Apr/2026:01:38:53 -0400] "GET /status/offline/gender/f/age/30-39/hair/red/ethnicity/native,black/languages/persian HTTP/1.1" 200 18491 "-" "Mozilla/5.0 AppleWebKit/537.36 (KHTML, like Gecko; compatible; ClaudeBot/1.0; +claudebot@anthropic.com)"
216.73.216.38 - - [04/Apr/2026:01:38:53 -0400] "GET /status/online/gender/f/age/50-59,40-49/hair/brown/languages/russian HTTP/1.1" 200 17839 "-" "Mozilla/5.0 AppleWebKit/537.36 (KHTML, like Gecko; compatible; ClaudeBot/1.0; +claudebot@anthropic.com)"
216.73.216.38 - - [04/Apr/2026:01:38:53 -0400] "GET /gender/f,t/age/30-39/hair/grey/ethnicity/islander/languages/maltese HTTP/1.1" 200 17784 "-" "Mozilla/5.0 AppleWebKit/537.36 (KHTML, like Gecko; compatible; ClaudeBot/1.0; +claudebot@anthropic.com)"
216.73.216.38 - - [04/Apr/2026:01:38:53 -0400] "GET /status/online/gender/f,t,c/age/40-49/ethnicity/latino/languages/romanian HTTP/1.1" 200 18156 "-" "Mozilla/5.0 AppleWebKit/537.36 (KHTML, like Gecko; compatible; ClaudeBot/1.0; +claudebot@anthropic.com)"
66.249.66.44 - - [04/Apr/2026:01:38:53 -0400] "GET /age/18-19/hair/grey,brown,red,white,black,blonde HTTP/1.1" 200 17339 "-" "Mozilla/5.0 (Linux; Android 6.0.1; Nexus 5X Build/MMB29P) AppleWebKit/537.36 (KHTML, like Gecko) Chrome/146.0.7680.177 Mobile Safari/537.36 (compatible; Googlebot/2.1; +http://www.google.com/bot.html)"
74.7.227.134 - - [04/Apr/2026:01:38:53 -0400] "GET /age/18-19,50-59,20-29/ethnicity/news-leonardo-faz-homenagem-apos-morte-de-assessora-cuidou-de-mim-como-filho,latino,black,white,native,islander,asian,east-indian,other HTTP/1.1" 200 23162 "https://www.nudcam.com/age/18-19,50-59/ethnicity/news-leonardo-faz-homenagem-apos-morte-de-assessora-cuidou-de-mim-como-filho,latino,black,white,native,islander,asian,east-indian,other" "Mozilla/5.0 AppleWebKit/537.36 (KHTML, like Gecko; compatible; GPTBot/1.3; +https://openai.com/gptbot)"
216.73.216.38 - - [04/Apr/2026:01:38:53 -0400] "GET /status/online/age/30-39/hair/brown,auburn/ethnicity/white,native/languages/danish HTTP/1.1" 200 18458 "-" "Mozilla/5.0 AppleWebKit/537.36 (KHTML, like Gecko; compatible; ClaudeBot/1.0; +claudebot@anthropic.com)"
