216.73.216.38 - - [04/Apr/2026:01:32:46 -0400] "GET /status/offline/gender/f,c/age/20-29,40-49/ethnicity/native,black,asian HTTP/1.1" 200 18221 "-" "Mozilla/5.0 AppleWebKit/537.36 (KHTML, like Gecko; compatible; ClaudeBot/1.0; +claudebot@anthropic.com)"
74.7.227.30 - - [04/Apr/2026:01:32:46 -0400] "GET /age/20-29/ethnicity/east-indian,islander,native,white,other,latino,asian,black HTTP/1.1" 200 18734 "https://nudcam.com/ethnicity/east-indian,islander,native,white,other,latino,asian,black" "Mozilla/5.0 AppleWebKit/537.36 (KHTML, like Gecko; compatible; GPTBot/1.3; +https://openai.com/gptbot)"
216.73.216.38 - - [04/Apr/2026:01:32:46 -0400] "GET /age/60-100,40-49,30-39/hair/brown,white/ethnicity/white HTTP/1.1" 200 17326 "-" "Mozilla/5.0 AppleWebKit/537.36 (KHTML, like Gecko; compatible; ClaudeBot/1.0; +claudebot@anthropic.com)"
216.73.216.38 - - [04/Apr/2026:01:32:46 -0400] "GET /status/offline/age/20-29,40-49,18-19,60-100/ethnicity/native,asian HTTP/1.1" 200 17897 "-" "Mozilla/5.0 AppleWebKit/537.36 (KHTML, like Gecko; compatible; ClaudeBot/1.0; +claudebot@anthropic.com)"
216.73.216.38 - - [04/Apr/2026:01:32:46 -0400] "GET /status/online/age/20-29/hair/white,red,auburn/ethnicity/native,white HTTP/1.1" 200 17945 "-" "Mozilla/5.0 AppleWebKit/537.36 (KHTML, like Gecko; compatible; ClaudeBot/1.0; +claudebot@anthropic.com)"
144.76.32.236 - - [04/Apr/2026:01:32:46 -0400] "GET /gender/c,m,f/hair/red,grey/ethnicity/asian HTTP/1.1" 200 16909 "-" "Mozilla/5.0 (compatible; SERankingBacklinksBot/1.0; +https://seranking.com/backlinks-crawler)"
216.73.216.38 - - [04/Apr/2026:01:32:46 -0400] "GET /age/18-19/hair/auburn/ethnicity/asian,native,black HTTP/1.1" 200 17011 "-" "Mozilla/5.0 AppleWebKit/537.36 (KHTML, like Gecko; compatible; ClaudeBot/1.0; +claudebot@anthropic.com)"
74.7.227.134 - - [04/Apr/2026:01:32:46 -0400] "GET /age/30-39,50-59,20-29/ethnicity/news-leonardo-faz-homenagem-apos-morte-de-assessora-cuidou-de-mim-como-filho,latino,asian,native,black,islander,white,east-indian,other HTTP/1.1" 200 23162 "https://www.nudcam.com/age/30-39,50-59/ethnicity/news-leonardo-faz-homenagem-apos-morte-de-assessora-cuidou-de-mim-como-filho,latino,asian,native,black,islander,white,east-indian,other" "Mozilla/5.0 AppleWebKit/537.36 (KHTML, like Gecko; compatible; GPTBot/1.3; +https://openai.com/gptbot)"
216.73.216.38 - - [04/Apr/2026:01:32:46 -0400] "GET /gender/m/age/60-100,20-29,40-49/ethnicity/native,white/languages/hungarian HTTP/1.1" 200 18025 "-" "Mozilla/5.0 AppleWebKit/537.36 (KHTML, like Gecko; compatible; ClaudeBot/1.0; +claudebot@anthropic.com)"
216.73.216.38 - - [04/Apr/2026:01:32:46 -0400] "GET /gender/f,t/age/50-59,40-49/ethnicity/asian/languages/hungarian HTTP/1.1" 200 17448 "-" "Mozilla/5.0 AppleWebKit/537.36 (KHTML, like Gecko; compatible; ClaudeBot/1.0; +claudebot@anthropic.com)"
216.73.216.38 - - [04/Apr/2026:01:32:46 -0400] "GET /status/online/age/20-29,60-100,50-59,30-39/ethnicity/native,black HTTP/1.1" 200 17863 "-" "Mozilla/5.0 AppleWebKit/537.36 (KHTML, like Gecko; compatible; ClaudeBot/1.0; +claudebot@anthropic.com)"
216.73.216.38 - - [04/Apr/2026:01:32:46 -0400] "GET /gender/c/age/40-49/hair/white,grey/ethnicity/latino/languages/romanian HTTP/1.1" 200 17660 "-" "Mozilla/5.0 AppleWebKit/537.36 (KHTML, like Gecko; compatible; ClaudeBot/1.0; +claudebot@anthropic.com)"
216.73.216.38 - - [04/Apr/2026:01:32:46 -0400] "GET /gender/f/age/20-29,30-39,40-49/ethnicity/white,islander/languages/spanish HTTP/1.1" 200 17990 "-" "Mozilla/5.0 AppleWebKit/537.36 (KHTML, like Gecko; compatible; ClaudeBot/1.0; +claudebot@anthropic.com)"
216.73.216.38 - - [04/Apr/2026:01:32:47 -0400] "GET /status/offline/gender/c/hair/auburn,grey/ethnicity/black,native,white HTTP/1.1" 200 17979 "-" "Mozilla/5.0 AppleWebKit/537.36 (KHTML, like Gecko; compatible; ClaudeBot/1.0; +claudebot@anthropic.com)"
74.7.227.30 - - [04/Apr/2026:01:32:47 -0400] "GET /age/20-29,18-19/ethnicity/islander,latino,east-indian,white,native,asian,other HTTP/1.1" 200 18735 "https://nudcam.com/age/20-29/ethnicity/islander,latino,east-indian,white,native,asian,other" "Mozilla/5.0 AppleWebKit/537.36 (KHTML, like Gecko; compatible; GPTBot/1.3; +https://openai.com/gptbot)"
74.7.227.134 - - [04/Apr/2026:01:32:47 -0400] "GET /age/30-39,50-59,40-49/ethnicity/news-leonardo-faz-homenagem-apos-morte-de-assessora-cuidou-de-mim-como-filho,latino,asian,native,black,islander,white,east-indian,other HTTP/1.1" 200 23162 "https://www.nudcam.com/age/30-39,50-59/ethnicity/news-leonardo-faz-homenagem-apos-morte-de-assessora-cuidou-de-mim-como-filho,latino,asian,native,black,islander,white,east-indian,other" "Mozilla/5.0 AppleWebKit/537.36 (KHTML, like Gecko; compatible; GPTBot/1.3; +https://openai.com/gptbot)"
216.73.216.38 - - [04/Apr/2026:01:32:47 -0400] "GET /age/60-100/hair/white,grey,brown,black/ethnicity/white,native HTTP/1.1" 200 17947 "-" "Mozilla/5.0 AppleWebKit/537.36 (KHTML, like Gecko; compatible; ClaudeBot/1.0; +claudebot@anthropic.com)"
216.73.216.38 - - [04/Apr/2026:01:32:47 -0400] "GET /status/online/hair/grey/ethnicity/other,asian,white,native HTTP/1.1" 200 17670 "-" "Mozilla/5.0 AppleWebKit/537.36 (KHTML, like Gecko; compatible; ClaudeBot/1.0; +claudebot@anthropic.com)"
216.73.216.38 - - [04/Apr/2026:01:32:47 -0400] "GET /status/offline/age/40-49,30-39/hair/white,black/ethnicity/latino HTTP/1.1" 200 17830 "-" "Mozilla/5.0 AppleWebKit/537.36 (KHTML, like Gecko; compatible; ClaudeBot/1.0; +claudebot@anthropic.com)"
216.73.216.38 - - [04/Apr/2026:01:32:47 -0400] "GET /status/offline/gender/f,c/hair/white,grey,brown/ethnicity/islander HTTP/1.1" 200 18090 "-" "Mozilla/5.0 AppleWebKit/537.36 (KHTML, like Gecko; compatible; ClaudeBot/1.0; +claudebot@anthropic.com)"
216.73.216.38 - - [04/Apr/2026:01:32:47 -0400] "GET /age/40-49/hair/brown,blonde,grey/ethnicity/native,latino HTTP/1.1" 200 17601 "-" "Mozilla/5.0 AppleWebKit/537.36 (KHTML, like Gecko; compatible; ClaudeBot/1.0; +claudebot@anthropic.com)"
216.73.216.38 - - [04/Apr/2026:01:32:47 -0400] "GET /status/offline,online/gender/f,c/age/20-29/ethnicity/other,asian HTTP/1.1" 200 18058 "-" "Mozilla/5.0 AppleWebKit/537.36 (KHTML, like Gecko; compatible; ClaudeBot/1.0; +claudebot@anthropic.com)"
216.73.216.38 - - [04/Apr/2026:01:32:47 -0400] "GET /status/online/gender/t/hair/blonde/ethnicity/native,white,islander HTTP/1.1" 200 17904 "-" "Mozilla/5.0 AppleWebKit/537.36 (KHTML, like Gecko; compatible; ClaudeBot/1.0; +claudebot@anthropic.com)"
216.73.216.38 - - [04/Apr/2026:01:32:47 -0400] "GET /gender/f/hair/black,red,white,auburn/ethnicity/islander HTTP/1.1" 200 17540 "-" "Mozilla/5.0 AppleWebKit/537.36 (KHTML, like Gecko; compatible; ClaudeBot/1.0; +claudebot@anthropic.com)"
216.73.216.38 - - [04/Apr/2026:01:32:48 -0400] "GET /gender/f,m/age/60-100/hair/auburn,red/ethnicity/other HTTP/1.1" 200 17468 "-" "Mozilla/5.0 AppleWebKit/537.36 (KHTML, like Gecko; compatible; ClaudeBot/1.0; +claudebot@anthropic.com)"
74.7.227.30 - - [04/Apr/2026:01:32:48 -0400] "GET /age/20-29,40-49/ethnicity/east-indian,latino,white,asian,islander,black,other,native HTTP/1.1" 200 19155 "https://nudcam.com/age/20-29/ethnicity/east-indian,latino,white,asian,islander,black,other,native" "Mozilla/5.0 AppleWebKit/537.36 (KHTML, like Gecko; compatible; GPTBot/1.3; +https://openai.com/gptbot)"
216.73.216.38 - - [04/Apr/2026:01:32:48 -0400] "GET /status/offline/age/18-19,40-49,30-39/ethnicity/asian,white HTTP/1.1" 200 17674 "-" "Mozilla/5.0 AppleWebKit/537.36 (KHTML, like Gecko; compatible; ClaudeBot/1.0; +claudebot@anthropic.com)"
216.73.216.38 - - [04/Apr/2026:01:32:48 -0400] "GET /age/40-49/ethnicity/black,asian,other,east-indian HTTP/1.1" 200 17230 "-" "Mozilla/5.0 AppleWebKit/537.36 (KHTML, like Gecko; compatible; ClaudeBot/1.0; +claudebot@anthropic.com)"
216.73.216.38 - - [04/Apr/2026:01:32:48 -0400] "GET /gender/c,m/age/50-59/hair/white,red,auburn HTTP/1.1" 200 17187 "-" "Mozilla/5.0 AppleWebKit/537.36 (KHTML, like Gecko; compatible; ClaudeBot/1.0; +claudebot@anthropic.com)"
52.204.174.139 - - [04/Apr/2026:01:32:48 -0400] "GET /status/online,offline/gender/c,f/hair/white,brown/ethnicity/islander,east-indian/languages/armenian HTTP/1.1" 200 19291 "-" "Mozilla/5.0 AppleWebKit/537.36 (KHTML, like Gecko; compatible; Amazonbot/0.1; +https://developer.amazon.com/support/amazonbot) Chrome/119.0.6045.214 Safari/537.36"
216.73.216.38 - - [04/Apr/2026:01:32:48 -0400] "GET /status/offline/age/40-49/hair/black,white,blonde,red,brown HTTP/1.1" 200 17887 "-" "Mozilla/5.0 AppleWebKit/537.36 (KHTML, like Gecko; compatible; ClaudeBot/1.0; +claudebot@anthropic.com)"
74.7.227.134 - - [04/Apr/2026:01:32:48 -0400] "GET /age/18-19,40-49,20-29/ethnicity/news-leonardo-faz-homenagem-apos-morte-de-assessora-cuidou-de-mim-como-filho,asian,islander,black,other,native,white,latino,east-indian HTTP/1.1" 200 23162 "https://www.nudcam.com/age/18-19,40-49/ethnicity/news-leonardo-faz-homenagem-apos-morte-de-assessora-cuidou-de-mim-como-filho,asian,islander,black,other,native,white,latino,east-indian" "Mozilla/5.0 AppleWebKit/537.36 (KHTML, like Gecko; compatible; GPTBot/1.3; +https://openai.com/gptbot)"
216.73.216.38 - - [04/Apr/2026:01:32:48 -0400] "GET /hair/brown,black,grey,white/ethnicity/native,white,other HTTP/1.1" 200 17802 "-" "Mozilla/5.0 AppleWebKit/537.36 (KHTML, like Gecko; compatible; ClaudeBot/1.0; +claudebot@anthropic.com)"
216.73.216.38 - - [04/Apr/2026:01:32:48 -0400] "GET /age/30-39,40-49,20-29/ethnicity/islander,other,native,white HTTP/1.1" 200 17910 "-" "Mozilla/5.0 AppleWebKit/537.36 (KHTML, like Gecko; compatible; ClaudeBot/1.0; +claudebot@anthropic.com)"
216.73.216.38 - - [04/Apr/2026:01:32:48 -0400] "GET /status/offline/gender/m,t/hair/red/ethnicity/native,white,black HTTP/1.1" 200 18003 "-" "Mozilla/5.0 AppleWebKit/537.36 (KHTML, like Gecko; compatible; ClaudeBot/1.0; +claudebot@anthropic.com)"
216.73.216.38 - - [04/Apr/2026:01:32:48 -0400] "GET /gender/f,m/age/60-100/hair/black,white/ethnicity/asian HTTP/1.1" 200 17501 "-" "Mozilla/5.0 AppleWebKit/537.36 (KHTML, like Gecko; compatible; ClaudeBot/1.0; +claudebot@anthropic.com)"
66.249.66.43 - - [04/Apr/2026:01:32:48 -0400] "GET /ethnicity/other,latino,black,native,east-indian,asian,white HTTP/1.1" 200 17717 "-" "Mozilla/5.0 (Linux; Android 6.0.1; Nexus 5X Build/MMB29P) AppleWebKit/537.36 (KHTML, like Gecko) Chrome/146.0.7680.177 Mobile Safari/537.36 (compatible; Googlebot/2.1; +http://www.google.com/bot.html)"
216.73.216.38 - - [04/Apr/2026:01:32:48 -0400] "GET /gender/c/age/50-59,40-49/ethnicity/white,native,islander,other HTTP/1.1" 200 17990 "-" "Mozilla/5.0 AppleWebKit/537.36 (KHTML, like Gecko; compatible; ClaudeBot/1.0; +claudebot@anthropic.com)"
216.73.216.38 - - [04/Apr/2026:01:32:48 -0400] "GET /status/offline/gender/c/hair/auburn/ethnicity/white,other,asian HTTP/1.1" 200 17806 "-" "Mozilla/5.0 AppleWebKit/537.36 (KHTML, like Gecko; compatible; ClaudeBot/1.0; +claudebot@anthropic.com)"
216.73.216.38 - - [04/Apr/2026:01:32:49 -0400] "GET /age/60-100,30-39/hair/blonde,auburn,white,grey HTTP/1.1" 200 17334 "-" "Mozilla/5.0 AppleWebKit/537.36 (KHTML, like Gecko; compatible; ClaudeBot/1.0; +claudebot@anthropic.com)"
216.73.216.38 - - [04/Apr/2026:01:32:49 -0400] "GET /gender/f,c/hair/blonde,white,brown,black HTTP/1.1" 200 17144 "-" "Mozilla/5.0 AppleWebKit/537.36 (KHTML, like Gecko; compatible; ClaudeBot/1.0; +claudebot@anthropic.com)"
74.7.227.30 - - [04/Apr/2026:01:32:49 -0400] "GET /age/20-29,50-59/ethnicity/east-indian,latino,white,asian,islander,black,other,native HTTP/1.1" 200 19155 "https://nudcam.com/age/20-29/ethnicity/east-indian,latino,white,asian,islander,black,other,native" "Mozilla/5.0 AppleWebKit/537.36 (KHTML, like Gecko; compatible; GPTBot/1.3; +https://openai.com/gptbot)"
216.73.216.38 - - [04/Apr/2026:01:32:49 -0400] "GET /status/offline,online/gender/c,m/age/20-29,18-19/ethnicity/black HTTP/1.1" 200 18037 "-" "Mozilla/5.0 AppleWebKit/537.36 (KHTML, like Gecko; compatible; ClaudeBot/1.0; +claudebot@anthropic.com)"
216.73.216.38 - - [04/Apr/2026:01:32:49 -0400] "GET /gender/f,c/age/60-100,18-19/hair/brown/ethnicity/white HTTP/1.1" 200 17498 "-" "Mozilla/5.0 AppleWebKit/537.36 (KHTML, like Gecko; compatible; ClaudeBot/1.0; +claudebot@anthropic.com)"
216.73.216.38 - - [04/Apr/2026:01:32:49 -0400] "GET /status/offline/gender/m,c,f,t/hair/black,brown HTTP/1.1" 200 17495 "-" "Mozilla/5.0 AppleWebKit/537.36 (KHTML, like Gecko; compatible; ClaudeBot/1.0; +claudebot@anthropic.com)"
216.73.216.38 - - [04/Apr/2026:01:32:49 -0400] "GET /status/online/age/20-29/hair/brown,grey,white/ethnicity/black,white HTTP/1.1" 200 18135 "-" "Mozilla/5.0 AppleWebKit/537.36 (KHTML, like Gecko; compatible; ClaudeBot/1.0; +claudebot@anthropic.com)"
216.73.216.38 - - [04/Apr/2026:01:32:49 -0400] "GET /age/30-39,18-19,20-29/hair/grey,auburn,white HTTP/1.1" 200 17265 "-" "Mozilla/5.0 AppleWebKit/537.36 (KHTML, like Gecko; compatible; ClaudeBot/1.0; +claudebot@anthropic.com)"
74.7.227.134 - - [04/Apr/2026:01:32:49 -0400] "GET /age/18-19,40-49,30-39/ethnicity/news-leonardo-faz-homenagem-apos-morte-de-assessora-cuidou-de-mim-como-filho,asian,islander,black,other,native,white,latino,east-indian HTTP/1.1" 200 23162 "https://www.nudcam.com/age/18-19,40-49/ethnicity/news-leonardo-faz-homenagem-apos-morte-de-assessora-cuidou-de-mim-como-filho,asian,islander,black,other,native,white,latino,east-indian" "Mozilla/5.0 AppleWebKit/537.36 (KHTML, like Gecko; compatible; GPTBot/1.3; +https://openai.com/gptbot)"
216.73.216.38 - - [04/Apr/2026:01:32:49 -0400] "GET /status/offline/gender/c,m/age/20-29,60-100/ethnicity/islander,white,native HTTP/1.1" 200 18587 "-" "Mozilla/5.0 AppleWebKit/537.36 (KHTML, like Gecko; compatible; ClaudeBot/1.0; +claudebot@anthropic.com)"
216.73.216.38 - - [04/Apr/2026:01:32:49 -0400] "GET /status/offline/gender/m/age/40-49,20-29,50-59/hair/black HTTP/1.1" 200 17608 "-" "Mozilla/5.0 AppleWebKit/537.36 (KHTML, like Gecko; compatible; ClaudeBot/1.0; +claudebot@anthropic.com)"
216.73.216.38 - - [04/Apr/2026:01:32:49 -0400] "GET /gender/c,f,m/age/18-19,20-29/hair/auburn HTTP/1.1" 200 17119 "-" "Mozilla/5.0 AppleWebKit/537.36 (KHTML, like Gecko; compatible; ClaudeBot/1.0; +claudebot@anthropic.com)"
216.73.216.38 - - [04/Apr/2026:01:32:49 -0400] "GET /status/offline/gender/m,t,f,c/ethnicity/islander,white,black HTTP/1.1" 200 18118 "-" "Mozilla/5.0 AppleWebKit/537.36 (KHTML, like Gecko; compatible; ClaudeBot/1.0; +claudebot@anthropic.com)"
216.73.216.38 - - [04/Apr/2026:01:32:50 -0400] "GET /gender/t/age/60-100/ethnicity/native,white,black,east-indian HTTP/1.1" 200 17736 "-" "Mozilla/5.0 AppleWebKit/537.36 (KHTML, like Gecko; compatible; ClaudeBot/1.0; +claudebot@anthropic.com)"
216.73.216.38 - - [04/Apr/2026:01:32:50 -0400] "GET /gender/c/age/30-39/hair/white,grey,blonde,black HTTP/1.1" 200 17337 "-" "Mozilla/5.0 AppleWebKit/537.36 (KHTML, like Gecko; compatible; ClaudeBot/1.0; +claudebot@anthropic.com)"
216.73.216.38 - - [04/Apr/2026:01:32:50 -0400] "GET /gender/f/age/60-100,30-39,20-29/hair/grey,red HTTP/1.1" 200 17273 "-" "Mozilla/5.0 AppleWebKit/537.36 (KHTML, like Gecko; compatible; ClaudeBot/1.0; +claudebot@anthropic.com)"
74.7.227.30 - - [04/Apr/2026:01:32:50 -0400] "GET /age/20-29,30-39/ethnicity/east-indian,latino,white,asian,islander,black,other,native HTTP/1.1" 200 19155 "https://nudcam.com/age/20-29/ethnicity/east-indian,latino,white,asian,islander,black,other,native" "Mozilla/5.0 AppleWebKit/537.36 (KHTML, like Gecko; compatible; GPTBot/1.3; +https://openai.com/gptbot)"
216.73.216.38 - - [04/Apr/2026:01:32:50 -0400] "GET /status/offline/age/30-39,50-59,40-49/hair/grey,brown/ethnicity/native HTTP/1.1" 200 18181 "-" "Mozilla/5.0 AppleWebKit/537.36 (KHTML, like Gecko; compatible; ClaudeBot/1.0; +claudebot@anthropic.com)"
216.73.216.38 - - [04/Apr/2026:01:32:50 -0400] "GET /gender/f,c,t/hair/brown,auburn,black HTTP/1.1" 200 17014 "-" "Mozilla/5.0 AppleWebKit/537.36 (KHTML, like Gecko; compatible; ClaudeBot/1.0; +claudebot@anthropic.com)"
216.73.216.38 - - [04/Apr/2026:01:32:50 -0400] "GET /status/offline/gender/t/age/18-19,40-49/ethnicity/latino,native,white HTTP/1.1" 200 18207 "-" "Mozilla/5.0 AppleWebKit/537.36 (KHTML, like Gecko; compatible; ClaudeBot/1.0; +claudebot@anthropic.com)"
74.7.227.134 - - [04/Apr/2026:01:32:50 -0400] "GET /age/30-39,50-59,18-19/ethnicity/news-leonardo-faz-homenagem-apos-morte-de-assessora-cuidou-de-mim-como-filho,latino,asian,native,black,islander,white,east-indian,other HTTP/1.1" 200 23162 "https://www.nudcam.com/age/30-39,50-59/ethnicity/news-leonardo-faz-homenagem-apos-morte-de-assessora-cuidou-de-mim-como-filho,latino,asian,native,black,islander,white,east-indian,other" "Mozilla/5.0 AppleWebKit/537.36 (KHTML, like Gecko; compatible; GPTBot/1.3; +https://openai.com/gptbot)"
216.73.216.38 - - [04/Apr/2026:01:32:50 -0400] "GET /gender/f,c,m/age/40-49/ethnicity/black,other,white,native HTTP/1.1" 200 18010 "-" "Mozilla/5.0 AppleWebKit/537.36 (KHTML, like Gecko; compatible; ClaudeBot/1.0; +claudebot@anthropic.com)"
216.73.216.38 - - [04/Apr/2026:01:32:50 -0400] "GET /status/offline,online/gender/c,t/ethnicity/other,black,islander HTTP/1.1" 200 18048 "-" "Mozilla/5.0 AppleWebKit/537.36 (KHTML, like Gecko; compatible; ClaudeBot/1.0; +claudebot@anthropic.com)"
216.73.216.38 - - [04/Apr/2026:01:32:50 -0400] "GET /status/online/hair/grey,brown,black/ethnicity/white,native,other HTTP/1.1" 200 18058 "-" "Mozilla/5.0 AppleWebKit/537.36 (KHTML, like Gecko; compatible; ClaudeBot/1.0; +claudebot@anthropic.com)"
216.73.216.38 - - [04/Apr/2026:01:32:50 -0400] "GET /status/online/age/20-29,60-100,50-59/ethnicity/white,east-indian HTTP/1.1" 200 17872 "-" "Mozilla/5.0 AppleWebKit/537.36 (KHTML, like Gecko; compatible; ClaudeBot/1.0; +claudebot@anthropic.com)"
216.73.216.38 - - [04/Apr/2026:01:32:50 -0400] "GET /status/offline/gender/f/age/40-49/hair/brown,grey/ethnicity/other,white HTTP/1.1" 200 18246 "-" "Mozilla/5.0 AppleWebKit/537.36 (KHTML, like Gecko; compatible; ClaudeBot/1.0; +claudebot@anthropic.com)"
216.73.216.38 - - [04/Apr/2026:01:32:51 -0400] "GET /gender/c/age/30-39/ethnicity/asian,other,white,native HTTP/1.1" 200 17506 "-" "Mozilla/5.0 AppleWebKit/537.36 (KHTML, like Gecko; compatible; ClaudeBot/1.0; +claudebot@anthropic.com)"
216.73.216.38 - - [04/Apr/2026:01:32:51 -0400] "GET /gender/t,c/hair/white,auburn,black,red HTTP/1.1" 200 17077 "-" "Mozilla/5.0 AppleWebKit/537.36 (KHTML, like Gecko; compatible; ClaudeBot/1.0; +claudebot@anthropic.com)"
216.73.216.38 - - [04/Apr/2026:01:32:51 -0400] "GET /status/online/gender/t/age/30-39/hair/brown,red,black HTTP/1.1" 200 17518 "-" "Mozilla/5.0 AppleWebKit/537.36 (KHTML, like Gecko; compatible; ClaudeBot/1.0; +claudebot@anthropic.com)"
216.73.216.38 - - [04/Apr/2026:01:32:51 -0400] "GET /status/offline,online/hair/blonde,black,grey/ethnicity/asian HTTP/1.1" 200 17726 "-" "Mozilla/5.0 AppleWebKit/537.36 (KHTML, like Gecko; compatible; ClaudeBot/1.0; +claudebot@anthropic.com)"
74.7.227.30 - - [04/Apr/2026:01:32:51 -0400] "GET /age/40-49/ethnicity/native,latino,islander,east-indian,asian,other,white,black HTTP/1.1" 200 18734 "https://nudcam.com/ethnicity/native,latino,islander,east-indian,asian,other,white,black" "Mozilla/5.0 AppleWebKit/537.36 (KHTML, like Gecko; compatible; GPTBot/1.3; +https://openai.com/gptbot)"
144.76.32.236 - - [04/Apr/2026:01:32:51 -0400] "GET /gender/c,t,f/age/50-59,20-29,40-49/sites/1 HTTP/1.1" 200 17024 "-" "Mozilla/5.0 (compatible; SERankingBacklinksBot/1.0; +https://seranking.com/backlinks-crawler)"
216.73.216.38 - - [04/Apr/2026:01:32:51 -0400] "GET /gender/m,f/age/40-49,20-29,50-59/ethnicity/native,white HTTP/1.1" 200 17756 "-" "Mozilla/5.0 AppleWebKit/537.36 (KHTML, like Gecko; compatible; ClaudeBot/1.0; +claudebot@anthropic.com)"
216.73.216.38 - - [04/Apr/2026:01:32:51 -0400] "GET /status/online/gender/m,f,c/age/18-19,20-29,30-39 HTTP/1.1" 200 17563 "-" "Mozilla/5.0 AppleWebKit/537.36 (KHTML, like Gecko; compatible; ClaudeBot/1.0; +claudebot@anthropic.com)"
216.73.216.38 - - [04/Apr/2026:01:32:51 -0400] "GET /age/40-49,30-39,60-100,20-29/ethnicity/white,black,native HTTP/1.1" 200 17835 "-" "Mozilla/5.0 AppleWebKit/537.36 (KHTML, like Gecko; compatible; ClaudeBot/1.0; +claudebot@anthropic.com)"
216.73.216.38 - - [04/Apr/2026:01:32:51 -0400] "GET /age/30-39/hair/white,grey,blonde/ethnicity/latino,native HTTP/1.1" 200 17601 "-" "Mozilla/5.0 AppleWebKit/537.36 (KHTML, like Gecko; compatible; ClaudeBot/1.0; +claudebot@anthropic.com)"
74.7.227.134 - - [04/Apr/2026:01:32:51 -0400] "GET /age/50-59,30-39,40-49/ethnicity/news-leonardo-faz-homenagem-apos-morte-de-assessora-cuidou-de-mim-como-filho,islander,native,white,asian,east-indian,latino,black,other HTTP/1.1" 200 23162 "https://www.nudcam.com/age/50-59,30-39/ethnicity/news-leonardo-faz-homenagem-apos-morte-de-assessora-cuidou-de-mim-como-filho,islander,native,white,asian,east-indian,latino,black,other" "Mozilla/5.0 AppleWebKit/537.36 (KHTML, like Gecko; compatible; GPTBot/1.3; +https://openai.com/gptbot)"
216.73.216.38 - - [04/Apr/2026:01:32:51 -0400] "GET /status/offline/age/18-19/ethnicity/east-indian,latino,black HTTP/1.1" 200 17530 "-" "Mozilla/5.0 AppleWebKit/537.36 (KHTML, like Gecko; compatible; ClaudeBot/1.0; +claudebot@anthropic.com)"
216.73.216.38 - - [04/Apr/2026:01:32:51 -0400] "GET /gender/f/hair/black,grey/ethnicity/black,native,latino HTTP/1.1" 200 17535 "-" "Mozilla/5.0 AppleWebKit/537.36 (KHTML, like Gecko; compatible; ClaudeBot/1.0; +claudebot@anthropic.com)"
216.73.216.38 - - [04/Apr/2026:01:32:52 -0400] "GET /status/offline/hair/black,blonde,white/ethnicity/native,white,other HTTP/1.1" 200 18160 "-" "Mozilla/5.0 AppleWebKit/537.36 (KHTML, like Gecko; compatible; ClaudeBot/1.0; +claudebot@anthropic.com)"
216.73.216.38 - - [04/Apr/2026:01:32:52 -0400] "GET /status/offline/age/50-59,20-29/hair/white/ethnicity/white,native,islander HTTP/1.1" 200 18338 "-" "Mozilla/5.0 AppleWebKit/537.36 (KHTML, like Gecko; compatible; ClaudeBot/1.0; +claudebot@anthropic.com)"
52.70.123.241 - - [04/Apr/2026:01:32:52 -0400] "GET /status/online,offline/gender/f,c/age/20-29/hair/black,red/ethnicity/white,islander/languages/hindi HTTP/1.1" 200 19675 "-" "Mozilla/5.0 AppleWebKit/537.36 (KHTML, like Gecko; compatible; Amazonbot/0.1; +https://developer.amazon.com/support/amazonbot) Chrome/119.0.6045.214 Safari/537.36"
216.73.216.38 - - [04/Apr/2026:01:32:52 -0400] "GET /age/18-19,20-29/hair/red,black,auburn/ethnicity/white HTTP/1.1" 200 17483 "-" "Mozilla/5.0 AppleWebKit/537.36 (KHTML, like Gecko; compatible; ClaudeBot/1.0; +claudebot@anthropic.com)"
216.73.216.38 - - [04/Apr/2026:01:32:52 -0400] "GET /status/online/gender/m,f/ethnicity/black,native,islander,latino HTTP/1.1" 200 18039 "-" "Mozilla/5.0 AppleWebKit/537.36 (KHTML, like Gecko; compatible; ClaudeBot/1.0; +claudebot@anthropic.com)"
74.7.227.30 - - [04/Apr/2026:01:32:52 -0400] "GET /age/18-19/ethnicity/asian,islander,other,latino,black,native,white,east-indian HTTP/1.1" 200 18734 "https://nudcam.com/ethnicity/asian,islander,other,latino,black,native,white,east-indian" "Mozilla/5.0 AppleWebKit/537.36 (KHTML, like Gecko; compatible; GPTBot/1.3; +https://openai.com/gptbot)"
216.73.216.38 - - [04/Apr/2026:01:32:52 -0400] "GET /status/online/hair/white/ethnicity/islander,black,other,native,white HTTP/1.1" 200 18192 "-" "Mozilla/5.0 AppleWebKit/537.36 (KHTML, like Gecko; compatible; ClaudeBot/1.0; +claudebot@anthropic.com)"
216.73.216.38 - - [04/Apr/2026:01:32:52 -0400] "GET /age/18-19,40-49/hair/red/ethnicity/latino,native,islander HTTP/1.1" 200 17633 "-" "Mozilla/5.0 AppleWebKit/537.36 (KHTML, like Gecko; compatible; ClaudeBot/1.0; +claudebot@anthropic.com)"
216.73.216.38 - - [04/Apr/2026:01:32:52 -0400] "GET /age/50-59,20-29/hair/black,auburn,grey/ethnicity/white HTTP/1.1" 200 17516 "-" "Mozilla/5.0 AppleWebKit/537.36 (KHTML, like Gecko; compatible; ClaudeBot/1.0; +claudebot@anthropic.com)"
216.73.216.38 - - [04/Apr/2026:01:32:52 -0400] "GET /status/offline/age/30-39,40-49/ethnicity/native,asian,white,islander HTTP/1.1" 200 18203 "-" "Mozilla/5.0 AppleWebKit/537.36 (KHTML, like Gecko; compatible; ClaudeBot/1.0; +claudebot@anthropic.com)"
74.7.227.134 - - [04/Apr/2026:01:32:52 -0400] "GET /age/50-59,30-39/ethnicity/news-leonardo-faz-homenagem-apos-morte-de-assessora-cuidou-de-mim-como-filho,islander,native,white,asian,east-indian,black,other HTTP/1.1" 200 22106 "https://www.nudcam.com/age/50-59,30-39/ethnicity/news-leonardo-faz-homenagem-apos-morte-de-assessora-cuidou-de-mim-como-filho,islander,native,white,asian,east-indian,latino,black,other" "Mozilla/5.0 AppleWebKit/537.36 (KHTML, like Gecko; compatible; GPTBot/1.3; +https://openai.com/gptbot)"
216.73.216.38 - - [04/Apr/2026:01:32:52 -0400] "GET /status/offline/gender/f/age/60-100,40-49/hair/red,brown,white HTTP/1.1" 200 17969 "-" "Mozilla/5.0 AppleWebKit/537.36 (KHTML, like Gecko; compatible; ClaudeBot/1.0; +claudebot@anthropic.com)"
216.73.216.38 - - [04/Apr/2026:01:32:52 -0400] "GET /age/40-49,60-100,50-59/ethnicity/native,white,other,black HTTP/1.1" 200 17842 "-" "Mozilla/5.0 AppleWebKit/537.36 (KHTML, like Gecko; compatible; ClaudeBot/1.0; +claudebot@anthropic.com)"
216.73.216.38 - - [04/Apr/2026:01:32:52 -0400] "GET /status/online/age/20-29/hair/white,auburn,grey,black/ethnicity/native HTTP/1.1" 200 18179 "-" "Mozilla/5.0 AppleWebKit/537.36 (KHTML, like Gecko; compatible; ClaudeBot/1.0; +claudebot@anthropic.com)"
216.73.216.38 - - [04/Apr/2026:01:32:52 -0400] "GET /gender/c,m/hair/white,grey,blonde,auburn HTTP/1.1" 200 17142 "-" "Mozilla/5.0 AppleWebKit/537.36 (KHTML, like Gecko; compatible; ClaudeBot/1.0; +claudebot@anthropic.com)"
216.73.216.38 - - [04/Apr/2026:01:32:53 -0400] "GET /age/20-29,40-49/hair/blonde,auburn/ethnicity/native,other HTTP/1.1" 200 17639 "-" "Mozilla/5.0 AppleWebKit/537.36 (KHTML, like Gecko; compatible; ClaudeBot/1.0; +claudebot@anthropic.com)"
216.73.216.38 - - [04/Apr/2026:01:32:53 -0400] "GET /gender/c,f/ethnicity/black,latino,native,islander,white HTTP/1.1" 200 17789 "-" "Mozilla/5.0 AppleWebKit/537.36 (KHTML, like Gecko; compatible; ClaudeBot/1.0; +claudebot@anthropic.com)"
216.73.216.38 - - [04/Apr/2026:01:32:53 -0400] "GET /age/50-59,18-19/hair/grey,blonde/ethnicity/native,white HTTP/1.1" 200 17573 "-" "Mozilla/5.0 AppleWebKit/537.36 (KHTML, like Gecko; compatible; ClaudeBot/1.0; +claudebot@anthropic.com)"
216.73.216.38 - - [04/Apr/2026:01:32:53 -0400] "GET /age/18-19/hair/grey,blonde,auburn,red/ethnicity/white HTTP/1.1" 200 17478 "-" "Mozilla/5.0 AppleWebKit/537.36 (KHTML, like Gecko; compatible; ClaudeBot/1.0; +claudebot@anthropic.com)"
74.7.227.30 - - [04/Apr/2026:01:32:53 -0400] "GET /age/20-29/ethnicity/east-indian,other,native,black,white,asian,islander,latino HTTP/1.1" 200 18734 "https://nudcam.com/ethnicity/east-indian,other,native,black,white,asian,islander,latino" "Mozilla/5.0 AppleWebKit/537.36 (KHTML, like Gecko; compatible; GPTBot/1.3; +https://openai.com/gptbot)"
216.73.216.38 - - [04/Apr/2026:01:32:53 -0400] "GET /status/online/gender/f/ethnicity/latino,black,white,native,islander HTTP/1.1" 200 18164 "-" "Mozilla/5.0 AppleWebKit/537.36 (KHTML, like Gecko; compatible; ClaudeBot/1.0; +claudebot@anthropic.com)"
216.73.216.38 - - [04/Apr/2026:01:32:53 -0400] "GET /status/online/gender/f/ethnicity/latino,native,black,white,islander HTTP/1.1" 200 18164 "-" "Mozilla/5.0 AppleWebKit/537.36 (KHTML, like Gecko; compatible; ClaudeBot/1.0; +claudebot@anthropic.com)"
216.73.216.38 - - [04/Apr/2026:01:32:53 -0400] "GET /age/18-19,20-29,60-100/ethnicity/white,other,islander,native HTTP/1.1" 200 17944 "-" "Mozilla/5.0 AppleWebKit/537.36 (KHTML, like Gecko; compatible; ClaudeBot/1.0; +claudebot@anthropic.com)"
74.7.227.134 - - [04/Apr/2026:01:32:53 -0400] "GET /age/50-59,30-39/ethnicity/news-leonardo-faz-homenagem-apos-morte-de-assessora-cuidou-de-mim-como-filho,islander,native,white,asian,east-indian,latino,other HTTP/1.1" 200 22143 "https://www.nudcam.com/age/50-59,30-39/ethnicity/news-leonardo-faz-homenagem-apos-morte-de-assessora-cuidou-de-mim-como-filho,islander,native,white,asian,east-indian,latino,black,other" "Mozilla/5.0 AppleWebKit/537.36 (KHTML, like Gecko; compatible; GPTBot/1.3; +https://openai.com/gptbot)"
216.73.216.38 - - [04/Apr/2026:01:32:53 -0400] "GET /age/50-59/hair/black,red/ethnicity/native,other,asian HTTP/1.1" 200 17506 "-" "Mozilla/5.0 AppleWebKit/537.36 (KHTML, like Gecko; compatible; ClaudeBot/1.0; +claudebot@anthropic.com)"
17.246.19.155 - - [04/Apr/2026:01:32:53 -0400] "GET /status/offline/age/30-39/hair/red/ethnicity/other,native/languages/thai HTTP/1.1" 200 17707 "-" "Mozilla/5.0 (Macintosh; Intel Mac OS X 10_15_7) AppleWebKit/605.1.15 (KHTML, like Gecko) Version/17.4 Safari/605.1.15 (Applebot/0.1; +http://www.apple.com/go/applebot)"
216.73.216.38 - - [04/Apr/2026:01:32:53 -0400] "GET /status/offline/hair/red,blonde,grey,black/ethnicity/black,native HTTP/1.1" 200 18054 "-" "Mozilla/5.0 AppleWebKit/537.36 (KHTML, like Gecko; compatible; ClaudeBot/1.0; +claudebot@anthropic.com)"
216.73.216.38 - - [04/Apr/2026:01:32:53 -0400] "GET /status/online/gender/f/hair/black,white/ethnicity/islander,asian HTTP/1.1" 200 17845 "-" "Mozilla/5.0 AppleWebKit/537.36 (KHTML, like Gecko; compatible; ClaudeBot/1.0; +claudebot@anthropic.com)"
216.73.216.38 - - [04/Apr/2026:01:32:53 -0400] "GET /status/online,offline/hair/white,grey,black,brown/ethnicity/native HTTP/1.1" 200 18110 "-" "Mozilla/5.0 AppleWebKit/537.36 (KHTML, like Gecko; compatible; ClaudeBot/1.0; +claudebot@anthropic.com)"
216.73.216.38 - - [04/Apr/2026:01:32:54 -0400] "GET /status/offline/age/40-49,50-59,18-19,30-39/ethnicity/islander,white HTTP/1.1" 200 18155 "-" "Mozilla/5.0 AppleWebKit/537.36 (KHTML, like Gecko; compatible; ClaudeBot/1.0; +claudebot@anthropic.com)"
216.73.216.38 - - [04/Apr/2026:01:32:54 -0400] "GET /gender/m/age/30-39/hair/brown,white,red,auburn HTTP/1.1" 200 17302 "-" "Mozilla/5.0 AppleWebKit/537.36 (KHTML, like Gecko; compatible; ClaudeBot/1.0; +claudebot@anthropic.com)"
216.73.216.38 - - [04/Apr/2026:01:32:54 -0400] "GET /status/online/age/40-49,60-100,30-39/hair/black,auburn HTTP/1.1" 200 17579 "-" "Mozilla/5.0 AppleWebKit/537.36 (KHTML, like Gecko; compatible; ClaudeBot/1.0; +claudebot@anthropic.com)"
216.73.216.38 - - [04/Apr/2026:01:32:54 -0400] "GET /status/offline/age/18-19/ethnicity/other,black,latino,islander,white HTTP/1.1" 200 18202 "-" "Mozilla/5.0 AppleWebKit/537.36 (KHTML, like Gecko; compatible; ClaudeBot/1.0; +claudebot@anthropic.com)"
74.7.227.30 - - [04/Apr/2026:01:32:54 -0400] "GET /age/20-29/ethnicity/islander,east-indian,black,white,other,latino,native,asian HTTP/1.1" 200 18734 "https://nudcam.com/ethnicity/islander,east-indian,black,white,other,latino,native,asian" "Mozilla/5.0 AppleWebKit/537.36 (KHTML, like Gecko; compatible; GPTBot/1.3; +https://openai.com/gptbot)"
216.73.216.38 - - [04/Apr/2026:01:32:54 -0400] "GET /status/offline/age/18-19/ethnicity/other,latino,islander,black,white HTTP/1.1" 200 18202 "-" "Mozilla/5.0 AppleWebKit/537.36 (KHTML, like Gecko; compatible; ClaudeBot/1.0; +claudebot@anthropic.com)"
216.73.216.38 - - [04/Apr/2026:01:32:54 -0400] "GET /gender/c,m,f/age/60-100/ethnicity/black,native,latino HTTP/1.1" 200 17693 "-" "Mozilla/5.0 AppleWebKit/537.36 (KHTML, like Gecko; compatible; ClaudeBot/1.0; +claudebot@anthropic.com)"
216.73.216.38 - - [04/Apr/2026:01:32:54 -0400] "GET /gender/c/age/60-100,20-29,30-39/ethnicity/latino,white HTTP/1.1" 200 17533 "-" "Mozilla/5.0 AppleWebKit/537.36 (KHTML, like Gecko; compatible; ClaudeBot/1.0; +claudebot@anthropic.com)"
74.7.227.134 - - [04/Apr/2026:01:32:54 -0400] "GET /age/18-19,30-39/ethnicity/news-leonardo-faz-homenagem-apos-morte-de-assessora-cuidou-de-mim-como-filho,black,east-indian,latino,native,asian,white,other HTTP/1.1" 200 22032 "https://www.nudcam.com/age/18-19,30-39/ethnicity/news-leonardo-faz-homenagem-apos-morte-de-assessora-cuidou-de-mim-como-filho,black,east-indian,latino,native,asian,islander,white,other" "Mozilla/5.0 AppleWebKit/537.36 (KHTML, like Gecko; compatible; GPTBot/1.3; +https://openai.com/gptbot)"
216.73.216.38 - - [04/Apr/2026:01:32:54 -0400] "GET /age/18-19/hair/auburn,blonde/ethnicity/white,other,native HTTP/1.1" 200 17638 "-" "Mozilla/5.0 AppleWebKit/537.36 (KHTML, like Gecko; compatible; ClaudeBot/1.0; +claudebot@anthropic.com)"
144.76.32.236 - - [04/Apr/2026:01:32:54 -0400] "GET /gender/c,f,m/hair/black,grey,white/sites/1 HTTP/1.1" 200 17021 "-" "Mozilla/5.0 (compatible; SERankingBacklinksBot/1.0; +https://seranking.com/backlinks-crawler)"
17.22.237.174 - - [04/Apr/2026:01:32:54 -0400] "GET /gender/t,f/age/18-19/hair/brown/languages/spanish HTTP/1.1" 200 16909 "-" "Mozilla/5.0 (Macintosh; Intel Mac OS X 10_15_7) AppleWebKit/605.1.15 (KHTML, like Gecko) Version/17.4 Safari/605.1.15 (Applebot/0.1; +http://www.apple.com/go/applebot)"
216.73.216.38 - - [04/Apr/2026:01:32:54 -0400] "GET /status/offline/age/60-100/hair/grey,red,blonde/ethnicity/other,native HTTP/1.1" 200 18203 "-" "Mozilla/5.0 AppleWebKit/537.36 (KHTML, like Gecko; compatible; ClaudeBot/1.0; +claudebot@anthropic.com)"
216.73.216.38 - - [04/Apr/2026:01:32:54 -0400] "GET /status/offline/age/60-100/hair/auburn,brown,white,black/ethnicity/native HTTP/1.1" 200 18281 "-" "Mozilla/5.0 AppleWebKit/537.36 (KHTML, like Gecko; compatible; ClaudeBot/1.0; +claudebot@anthropic.com)"
216.73.216.38 - - [04/Apr/2026:01:32:55 -0400] "GET /age/40-49,50-59/hair/blonde,grey/ethnicity/islander,native HTTP/1.1" 200 17672 "-" "Mozilla/5.0 AppleWebKit/537.36 (KHTML, like Gecko; compatible; ClaudeBot/1.0; +claudebot@anthropic.com)"
216.73.216.38 - - [04/Apr/2026:01:32:55 -0400] "GET /gender/t,m/age/20-29/hair/white,auburn,red HTTP/1.1" 200 17186 "-" "Mozilla/5.0 AppleWebKit/537.36 (KHTML, like Gecko; compatible; ClaudeBot/1.0; +claudebot@anthropic.com)"
216.73.216.38 - - [04/Apr/2026:01:32:55 -0400] "GET /age/30-39/hair/auburn,red,black,brown/ethnicity/islander HTTP/1.1" 200 17577 "-" "Mozilla/5.0 AppleWebKit/537.36 (KHTML, like Gecko; compatible; ClaudeBot/1.0; +claudebot@anthropic.com)"
216.73.216.38 - - [04/Apr/2026:01:32:55 -0400] "GET /age/30-39,60-100,50-59,40-49/ethnicity/black,native,islander HTTP/1.1" 200 17937 "-" "Mozilla/5.0 AppleWebKit/537.36 (KHTML, like Gecko; compatible; ClaudeBot/1.0; +claudebot@anthropic.com)"
74.7.227.30 - - [04/Apr/2026:01:32:55 -0400] "GET /age/50-59,40-49/ethnicity/latino,asian,black,native,other,islander,white,east-indian HTTP/1.1" 200 19155 "https://nudcam.com/age/50-59/ethnicity/latino,asian,black,native,other,islander,white,east-indian" "Mozilla/5.0 AppleWebKit/537.36 (KHTML, like Gecko; compatible; GPTBot/1.3; +https://openai.com/gptbot)"
216.73.216.38 - - [04/Apr/2026:01:32:55 -0400] "GET /status/online/gender/c/age/40-49,60-100,30-39/ethnicity/native,black HTTP/1.1" 200 18167 "-" "Mozilla/5.0 AppleWebKit/537.36 (KHTML, like Gecko; compatible; ClaudeBot/1.0; +claudebot@anthropic.com)"
216.73.216.38 - - [04/Apr/2026:01:32:55 -0400] "GET /status/online/age/40-49,20-29,18-19/hair/red/ethnicity/black HTTP/1.1" 200 17685 "-" "Mozilla/5.0 AppleWebKit/537.36 (KHTML, like Gecko; compatible; ClaudeBot/1.0; +claudebot@anthropic.com)"
216.73.216.38 - - [04/Apr/2026:01:32:55 -0400] "GET /status/offline/hair/red,black,blonde,grey/ethnicity/other,native HTTP/1.1" 200 18054 "-" "Mozilla/5.0 AppleWebKit/537.36 (KHTML, like Gecko; compatible; ClaudeBot/1.0; +claudebot@anthropic.com)"
74.7.227.134 - - [04/Apr/2026:01:32:55 -0400] "GET /age/20-29,18-19/hair/red/ethnicity/news-leonardo-faz-homenagem-apos-morte-de-assessora-cuidou-de-mim-como-filho,islander,east-indian,black,native,latino,other,asian HTTP/1.1" 200 22729 "https://www.nudcam.com/age/20-29,18-19/ethnicity/news-leonardo-faz-homenagem-apos-morte-de-assessora-cuidou-de-mim-como-filho,islander,east-indian,black,native,latino,other,asian" "Mozilla/5.0 AppleWebKit/537.36 (KHTML, like Gecko; compatible; GPTBot/1.3; +https://openai.com/gptbot)"
216.73.216.38 - - [04/Apr/2026:01:32:55 -0400] "GET /status/offline/age/50-59/hair/red,blonde/ethnicity/latino,native HTTP/1.1" 200 17849 "-" "Mozilla/5.0 AppleWebKit/537.36 (KHTML, like Gecko; compatible; ClaudeBot/1.0; +claudebot@anthropic.com)"
216.73.216.38 - - [04/Apr/2026:01:32:55 -0400] "GET /gender/c,f/age/60-100,30-39/ethnicity/white,islander,other HTTP/1.1" 200 17867 "-" "Mozilla/5.0 AppleWebKit/537.36 (KHTML, like Gecko; compatible; ClaudeBot/1.0; +claudebot@anthropic.com)"
216.73.216.38 - - [04/Apr/2026:01:32:55 -0400] "GET /status/offline/age/30-39,40-49/hair/grey,brown,white/ethnicity/other HTTP/1.1" 200 18150 "-" "Mozilla/5.0 AppleWebKit/537.36 (KHTML, like Gecko; compatible; ClaudeBot/1.0; +claudebot@anthropic.com)"
216.73.216.38 - - [04/Apr/2026:01:32:55 -0400] "GET /status/offline/gender/m/ethnicity/native,other,black,islander,latino HTTP/1.1" 200 18196 "-" "Mozilla/5.0 AppleWebKit/537.36 (KHTML, like Gecko; compatible; ClaudeBot/1.0; +claudebot@anthropic.com)"
17.22.237.11 - - [04/Apr/2026:01:32:56 -0400] "GET /status/offline/age/50-59/hair/grey/ethnicity/other,islander,native,asian HTTP/1.1" 200 18303 "-" "Mozilla/5.0 (Macintosh; Intel Mac OS X 10_15_7) AppleWebKit/605.1.15 (KHTML, like Gecko) Version/17.4 Safari/605.1.15 (Applebot/0.1; +http://www.apple.com/go/applebot)"
216.73.216.38 - - [04/Apr/2026:01:32:56 -0400] "GET /status/online/gender/m/age/18-19/hair/red,blonde,grey HTTP/1.1" 200 17517 "-" "Mozilla/5.0 AppleWebKit/537.36 (KHTML, like Gecko; compatible; ClaudeBot/1.0; +claudebot@anthropic.com)"
216.73.216.38 - - [04/Apr/2026:01:32:56 -0400] "GET /status/offline/gender/f/hair/auburn,red,white/ethnicity/latino HTTP/1.1" 200 17755 "-" "Mozilla/5.0 AppleWebKit/537.36 (KHTML, like Gecko; compatible; ClaudeBot/1.0; +claudebot@anthropic.com)"
17.246.19.245 - - [04/Apr/2026:01:32:56 -0400] "GET /status/offline,online/age/30-39/hair/black,blonde/languages/thai HTTP/1.1" 200 17563 "-" "Mozilla/5.0 (Macintosh; Intel Mac OS X 10_15_7) AppleWebKit/605.1.15 (KHTML, like Gecko) Version/17.4 Safari/605.1.15 (Applebot/0.1; +http://www.apple.com/go/applebot)"
216.73.216.38 - - [04/Apr/2026:01:32:56 -0400] "GET /status/offline/gender/c,f,m/ethnicity/native,asian,black HTTP/1.1" 200 17800 "-" "Mozilla/5.0 AppleWebKit/537.36 (KHTML, like Gecko; compatible; ClaudeBot/1.0; +claudebot@anthropic.com)"
44.207.69.106 - - [04/Apr/2026:01:32:56 -0400] "GET /status/offline,online/gender/m,t,c/age/40-49/hair/red,brown/ethnicity/islander,east-indian/sites/1 HTTP/1.1" 200 19641 "-" "Mozilla/5.0 AppleWebKit/537.36 (KHTML, like Gecko; compatible; Amazonbot/0.1; +https://developer.amazon.com/support/amazonbot) Chrome/119.0.6045.214 Safari/537.36"
216.73.216.38 - - [04/Apr/2026:01:32:56 -0400] "GET /status/offline/age/30-39,50-59,18-19/ethnicity/white,other,black HTTP/1.1" 200 18060 "-" "Mozilla/5.0 AppleWebKit/537.36 (KHTML, like Gecko; compatible; ClaudeBot/1.0; +claudebot@anthropic.com)"
74.7.227.30 - - [04/Apr/2026:01:32:56 -0400] "GET /age/50-59,20-29/ethnicity/asian,black,latino,native,east-indian,other,white,islander HTTP/1.1" 200 19155 "https://nudcam.com/age/50-59/ethnicity/asian,black,latino,native,east-indian,other,white,islander" "Mozilla/5.0 AppleWebKit/537.36 (KHTML, like Gecko; compatible; GPTBot/1.3; +https://openai.com/gptbot)"
216.73.216.38 - - [04/Apr/2026:01:32:56 -0400] "GET /age/40-49/hair/white,black,brown,red/ethnicity/native,islander HTTP/1.1" 200 17981 "-" "Mozilla/5.0 AppleWebKit/537.36 (KHTML, like Gecko; compatible; ClaudeBot/1.0; +claudebot@anthropic.com)"
216.73.216.38 - - [04/Apr/2026:01:32:56 -0400] "GET /gender/c,f,m/age/18-19/hair/grey/ethnicity/white,native HTTP/1.1" 200 17726 "-" "Mozilla/5.0 AppleWebKit/537.36 (KHTML, like Gecko; compatible; ClaudeBot/1.0; +claudebot@anthropic.com)"
216.73.216.38 - - [04/Apr/2026:01:32:56 -0400] "GET /age/20-29/ethnicity/east-indian,latino,native,black HTTP/1.1" 200 17294 "-" "Mozilla/5.0 AppleWebKit/537.36 (KHTML, like Gecko; compatible; ClaudeBot/1.0; +claudebot@anthropic.com)"
216.73.216.38 - - [04/Apr/2026:01:32:56 -0400] "GET /gender/c,m,f/age/60-100/ethnicity/latino,native,black HTTP/1.1" 200 17693 "-" "Mozilla/5.0 AppleWebKit/537.36 (KHTML, like Gecko; compatible; ClaudeBot/1.0; +claudebot@anthropic.com)"
74.7.227.134 - - [04/Apr/2026:01:32:56 -0400] "GET /gender/f/age/40-49,30-39,18-19/hair/white/ethnicity/news-leonardo-faz-homenagem-apos-morte-de-assessora-cuidou-de-mim-como-filho,latino,asian,native,black,islander,white,east-indian,other HTTP/1.1" 200 24500 "https://www.nudcam.com/gender/f/age/40-49,30-39,18-19/ethnicity/news-leonardo-faz-homenagem-apos-morte-de-assessora-cuidou-de-mim-como-filho,latino,asian,native,black,islander,white,east-indian,other" "Mozilla/5.0 AppleWebKit/537.36 (KHTML, like Gecko; compatible; GPTBot/1.3; +https://openai.com/gptbot)"
216.73.216.38 - - [04/Apr/2026:01:32:56 -0400] "GET /gender/c/age/30-39/hair/black,blonde,grey,white HTTP/1.1" 200 17337 "-" "Mozilla/5.0 AppleWebKit/537.36 (KHTML, like Gecko; compatible; ClaudeBot/1.0; +claudebot@anthropic.com)"
216.73.216.38 - - [04/Apr/2026:01:32:56 -0400] "GET /status/offline/age/18-19,20-29/hair/black,grey,brown/ethnicity/native HTTP/1.1" 200 18184 "-" "Mozilla/5.0 AppleWebKit/537.36 (KHTML, like Gecko; compatible; ClaudeBot/1.0; +claudebot@anthropic.com)"
216.73.216.38 - - [04/Apr/2026:01:32:56 -0400] "GET /gender/t/age/18-19,60-100,20-29/ethnicity/other,black HTTP/1.1" 200 17499 "-" "Mozilla/5.0 AppleWebKit/537.36 (KHTML, like Gecko; compatible; ClaudeBot/1.0; +claudebot@anthropic.com)"
216.73.216.38 - - [04/Apr/2026:01:32:57 -0400] "GET /gender/m/age/30-39/ethnicity/islander,latino,black,other HTTP/1.1" 200 17603 "-" "Mozilla/5.0 AppleWebKit/537.36 (KHTML, like Gecko; compatible; ClaudeBot/1.0; +claudebot@anthropic.com)"
216.73.216.38 - - [04/Apr/2026:01:32:57 -0400] "GET /age/60-100/hair/grey/ethnicity/other,islander,latino,white HTTP/1.1" 200 17665 "-" "Mozilla/5.0 AppleWebKit/537.36 (KHTML, like Gecko; compatible; ClaudeBot/1.0; +claudebot@anthropic.com)"
216.73.216.38 - - [04/Apr/2026:01:32:57 -0400] "GET /status/online/age/20-29/hair/brown,auburn,red/ethnicity/asian HTTP/1.1" 200 17726 "-" "Mozilla/5.0 AppleWebKit/537.36 (KHTML, like Gecko; compatible; ClaudeBot/1.0; +claudebot@anthropic.com)"
17.22.245.177 - - [04/Apr/2026:01:32:57 -0400] "GET /gender/t/age/20-29/hair/blonde/ethnicity/other,islander,native,black HTTP/1.1" 200 18157 "-" "Mozilla/5.0 (Macintosh; Intel Mac OS X 10_15_7) AppleWebKit/605.1.15 (KHTML, like Gecko) Version/17.4 Safari/605.1.15 (Applebot/0.1; +http://www.apple.com/go/applebot)"
216.73.216.38 - - [04/Apr/2026:01:32:57 -0400] "GET /gender/f/hair/auburn,blonde,black,grey/ethnicity/native HTTP/1.1" 200 17540 "-" "Mozilla/5.0 AppleWebKit/537.36 (KHTML, like Gecko; compatible; ClaudeBot/1.0; +claudebot@anthropic.com)"
216.73.216.38 - - [04/Apr/2026:01:32:57 -0400] "GET /status/online/age/18-19,30-39,60-100/hair/white,auburn HTTP/1.1" 200 17579 "-" "Mozilla/5.0 AppleWebKit/537.36 (KHTML, like Gecko; compatible; ClaudeBot/1.0; +claudebot@anthropic.com)"
74.7.227.30 - - [04/Apr/2026:01:32:57 -0400] "GET /age/20-29/hair/brown/ethnicity/east-indian,islander,native,white,other,latino,asian,black HTTP/1.1" 200 19304 "https://nudcam.com/age/20-29/ethnicity/east-indian,islander,native,white,other,latino,asian,black" "Mozilla/5.0 AppleWebKit/537.36 (KHTML, like Gecko; compatible; GPTBot/1.3; +https://openai.com/gptbot)"
216.73.216.38 - - [04/Apr/2026:01:32:57 -0400] "GET /gender/f/age/40-49,60-100/hair/blonde/ethnicity/asian HTTP/1.1" 200 17275 "-" "Mozilla/5.0 AppleWebKit/537.36 (KHTML, like Gecko; compatible; ClaudeBot/1.0; +claudebot@anthropic.com)"
216.73.216.38 - - [04/Apr/2026:01:32:57 -0400] "GET /status/online/gender/f,c,m,t/ethnicity/islander,white,native HTTP/1.1" 200 18118 "-" "Mozilla/5.0 AppleWebKit/537.36 (KHTML, like Gecko; compatible; ClaudeBot/1.0; +claudebot@anthropic.com)"
216.73.216.38 - - [04/Apr/2026:01:32:57 -0400] "GET /status/offline/age/40-49/ethnicity/east-indian,white,black,other HTTP/1.1" 200 17878 "-" "Mozilla/5.0 AppleWebKit/537.36 (KHTML, like Gecko; compatible; ClaudeBot/1.0; +claudebot@anthropic.com)"
216.73.216.38 - - [04/Apr/2026:01:32:57 -0400] "GET /age/40-49,60-100,50-59/ethnicity/native,white,other,islander HTTP/1.1" 200 17944 "-" "Mozilla/5.0 AppleWebKit/537.36 (KHTML, like Gecko; compatible; ClaudeBot/1.0; +claudebot@anthropic.com)"
74.7.227.134 - - [04/Apr/2026:01:32:57 -0400] "GET /age/30-39,50-59,40-49/hair/black/ethnicity/news-leonardo-faz-homenagem-apos-morte-de-assessora-cuidou-de-mim-como-filho,latino,asian,native,black,islander,white,east-indian,other HTTP/1.1" 200 23858 "https://www.nudcam.com/age/30-39,50-59,40-49/ethnicity/news-leonardo-faz-homenagem-apos-morte-de-assessora-cuidou-de-mim-como-filho,latino,asian,native,black,islander,white,east-indian,other" "Mozilla/5.0 AppleWebKit/537.36 (KHTML, like Gecko; compatible; GPTBot/1.3; +https://openai.com/gptbot)"
216.73.216.38 - - [04/Apr/2026:01:32:57 -0400] "GET /age/20-29/hair/red,brown,grey,white/ethnicity/native,black HTTP/1.1" 200 17845 "-" "Mozilla/5.0 AppleWebKit/537.36 (KHTML, like Gecko; compatible; ClaudeBot/1.0; +claudebot@anthropic.com)"
216.73.216.38 - - [04/Apr/2026:01:32:57 -0400] "GET /status/offline/gender/f,m/age/20-29,18-19/hair/white/ethnicity/native HTTP/1.1" 200 18164 "-" "Mozilla/5.0 AppleWebKit/537.36 (KHTML, like Gecko; compatible; ClaudeBot/1.0; +claudebot@anthropic.com)"
216.73.216.38 - - [04/Apr/2026:01:32:58 -0400] "GET /status/offline/gender/c,f/age/40-49/hair/blonde,white,black HTTP/1.1" 200 17913 "-" "Mozilla/5.0 AppleWebKit/537.36 (KHTML, like Gecko; compatible; ClaudeBot/1.0; +claudebot@anthropic.com)"
216.73.216.38 - - [04/Apr/2026:01:32:58 -0400] "GET /gender/f/age/20-29,18-19,30-39/ethnicity/islander,white,native HTTP/1.1" 200 17983 "-" "Mozilla/5.0 AppleWebKit/537.36 (KHTML, like Gecko; compatible; ClaudeBot/1.0; +claudebot@anthropic.com)"
216.73.216.38 - - [04/Apr/2026:01:32:58 -0400] "GET /status/offline/gender/f/hair/grey/ethnicity/islander,black,native,other HTTP/1.1" 200 18265 "-" "Mozilla/5.0 AppleWebKit/537.36 (KHTML, like Gecko; compatible; ClaudeBot/1.0; +claudebot@anthropic.com)"
216.73.216.38 - - [04/Apr/2026:01:32:58 -0400] "GET /hair/brown,black,blonde/ethnicity/islander,other,native HTTP/1.1" 200 17593 "-" "Mozilla/5.0 AppleWebKit/537.36 (KHTML, like Gecko; compatible; ClaudeBot/1.0; +claudebot@anthropic.com)"
216.73.216.38 - - [04/Apr/2026:01:32:58 -0400] "GET /gender/c,t/age/50-59/hair/grey,brown,white HTTP/1.1" 200 17188 "-" "Mozilla/5.0 AppleWebKit/537.36 (KHTML, like Gecko; compatible; ClaudeBot/1.0; +claudebot@anthropic.com)"
17.22.245.96 - - [04/Apr/2026:01:32:58 -0400] "GET /status/offline/age/50-59/ethnicity/asian,black,white,east-indian/languages/irish HTTP/1.1" 200 18232 "-" "Mozilla/5.0 (Macintosh; Intel Mac OS X 10_15_7) AppleWebKit/605.1.15 (KHTML, like Gecko) Version/17.4 Safari/605.1.15 (Applebot/0.1; +http://www.apple.com/go/applebot)"
74.7.227.30 - - [04/Apr/2026:01:32:58 -0400] "GET /age/50-59,40-49/ethnicity/asian,black,latino,native,east-indian,other,white,islander HTTP/1.1" 200 19155 "https://nudcam.com/age/50-59/ethnicity/asian,black,latino,native,east-indian,other,white,islander" "Mozilla/5.0 AppleWebKit/537.36 (KHTML, like Gecko; compatible; GPTBot/1.3; +https://openai.com/gptbot)"
216.73.216.38 - - [04/Apr/2026:01:32:58 -0400] "GET /status/online/gender/f/age/60-100,30-39/hair/grey,blonde HTTP/1.1" 200 17623 "-" "Mozilla/5.0 AppleWebKit/537.36 (KHTML, like Gecko; compatible; ClaudeBot/1.0; +claudebot@anthropic.com)"
216.73.216.38 - - [04/Apr/2026:01:32:58 -0400] "GET /status/offline/age/60-100,30-39/hair/auburn/ethnicity/native,black,white HTTP/1.1" 200 18304 "-" "Mozilla/5.0 AppleWebKit/537.36 (KHTML, like Gecko; compatible; ClaudeBot/1.0; +claudebot@anthropic.com)"
66.249.66.67 - - [04/Apr/2026:01:32:58 -0400] "GET /ethnicity/asian,black,east-indian,latino,white,native HTTP/1.1" 200 17340 "-" "Mozilla/5.0 (Linux; Android 6.0.1; Nexus 5X Build/MMB29P) AppleWebKit/537.36 (KHTML, like Gecko) Chrome/146.0.7680.177 Mobile Safari/537.36 (compatible; Googlebot/2.1; +http://www.google.com/bot.html)"
216.73.216.38 - - [04/Apr/2026:01:32:58 -0400] "GET /gender/f,c/hair/auburn,grey/ethnicity/latino,native HTTP/1.1" 200 17449 "-" "Mozilla/5.0 AppleWebKit/537.36 (KHTML, like Gecko; compatible; ClaudeBot/1.0; +claudebot@anthropic.com)"
216.73.216.38 - - [04/Apr/2026:01:32:58 -0400] "GET /status/offline/gender/m/hair/white,brown,auburn/ethnicity/asian HTTP/1.1" 200 17786 "-" "Mozilla/5.0 AppleWebKit/537.36 (KHTML, like Gecko; compatible; ClaudeBot/1.0; +claudebot@anthropic.com)"
17.246.15.125 - - [04/Apr/2026:01:32:58 -0400] "GET /age/40-49/hair/blonde,white/ethnicity/islander,black/languages/french HTTP/1.1" 200 17889 "-" "Mozilla/5.0 (Macintosh; Intel Mac OS X 10_15_7) AppleWebKit/605.1.15 (KHTML, like Gecko) Version/17.4 Safari/605.1.15 (Applebot/0.1; +http://www.apple.com/go/applebot)"
74.7.227.134 - - [04/Apr/2026:01:32:58 -0400] "GET /age/18-19,30-39,40-49/ethnicity/news-leonardo-faz-homenagem-apos-morte-de-assessora-cuidou-de-mim-como-filho,black,east-indian,latino,native,asian,islander,white,other HTTP/1.1" 200 23162 "https://www.nudcam.com/age/18-19,30-39/ethnicity/news-leonardo-faz-homenagem-apos-morte-de-assessora-cuidou-de-mim-como-filho,black,east-indian,latino,native,asian,islander,white,other" "Mozilla/5.0 AppleWebKit/537.36 (KHTML, like Gecko; compatible; GPTBot/1.3; +https://openai.com/gptbot)"
216.73.216.38 - - [04/Apr/2026:01:32:58 -0400] "GET /status/offline/age/18-19,60-100/hair/black,red,grey,white HTTP/1.1" 200 17858 "-" "Mozilla/5.0 AppleWebKit/537.36 (KHTML, like Gecko; compatible; ClaudeBot/1.0; +claudebot@anthropic.com)"
216.73.216.38 - - [04/Apr/2026:01:32:58 -0400] "GET /gender/m,t/age/30-39/hair/red,auburn,white HTTP/1.1" 200 17186 "-" "Mozilla/5.0 AppleWebKit/537.36 (KHTML, like Gecko; compatible; ClaudeBot/1.0; +claudebot@anthropic.com)"
