216.73.216.38 - - [04/Apr/2026:01:31:53 -0400] "GET /gender/t/hair/white,red/ethnicity/white,black,islander HTTP/1.1" 200 17534 "-" "Mozilla/5.0 AppleWebKit/537.36 (KHTML, like Gecko; compatible; ClaudeBot/1.0; +claudebot@anthropic.com)"
216.73.216.38 - - [04/Apr/2026:01:31:53 -0400] "GET /status/offline/gender/m/age/50-59,20-29,60-100/ethnicity/native,black HTTP/1.1" 200 18199 "-" "Mozilla/5.0 AppleWebKit/537.36 (KHTML, like Gecko; compatible; ClaudeBot/1.0; +claudebot@anthropic.com)"
216.73.216.38 - - [04/Apr/2026:01:31:53 -0400] "GET /gender/f,c/hair/red,black/ethnicity/white,asian HTTP/1.1" 200 17317 "-" "Mozilla/5.0 AppleWebKit/537.36 (KHTML, like Gecko; compatible; ClaudeBot/1.0; +claudebot@anthropic.com)"
74.7.227.30 - - [04/Apr/2026:01:31:53 -0400] "GET /age/18-19/ethnicity/islander,east-indian,white,latino,asian,other,native,black HTTP/1.1" 200 18734 "https://nudcam.com/ethnicity/islander,east-indian,white,latino,asian,other,native,black" "Mozilla/5.0 AppleWebKit/537.36 (KHTML, like Gecko; compatible; GPTBot/1.3; +https://openai.com/gptbot)"
216.73.216.38 - - [04/Apr/2026:01:31:53 -0400] "GET /status/offline/gender/c,f/age/18-19,60-100/hair/white/ethnicity/native HTTP/1.1" 200 18200 "-" "Mozilla/5.0 AppleWebKit/537.36 (KHTML, like Gecko; compatible; ClaudeBot/1.0; +claudebot@anthropic.com)"
216.73.216.38 - - [04/Apr/2026:01:31:54 -0400] "GET /status/online/gender/c,t/age/50-59,40-49/ethnicity/native,other HTTP/1.1" 200 18016 "-" "Mozilla/5.0 AppleWebKit/537.36 (KHTML, like Gecko; compatible; ClaudeBot/1.0; +claudebot@anthropic.com)"
216.73.216.38 - - [04/Apr/2026:01:31:54 -0400] "GET /gender/m/age/40-49/hair/red,grey,white/ethnicity/latino HTTP/1.1" 200 17517 "-" "Mozilla/5.0 AppleWebKit/537.36 (KHTML, like Gecko; compatible; ClaudeBot/1.0; +claudebot@anthropic.com)"
216.73.216.38 - - [04/Apr/2026:01:31:54 -0400] "GET /gender/m/age/20-29/hair/red,white,black/ethnicity/islander HTTP/1.1" 200 17616 "-" "Mozilla/5.0 AppleWebKit/537.36 (KHTML, like Gecko; compatible; ClaudeBot/1.0; +claudebot@anthropic.com)"
216.73.216.38 - - [04/Apr/2026:01:31:54 -0400] "GET /age/30-39,50-59/hair/white,brown/ethnicity/white,other HTTP/1.1" 200 17540 "-" "Mozilla/5.0 AppleWebKit/537.36 (KHTML, like Gecko; compatible; ClaudeBot/1.0; +claudebot@anthropic.com)"
216.73.216.38 - - [04/Apr/2026:01:31:54 -0400] "GET /gender/f/age/50-59/ethnicity/islander,white,other,black,native HTTP/1.1" 200 17989 "-" "Mozilla/5.0 AppleWebKit/537.36 (KHTML, like Gecko; compatible; ClaudeBot/1.0; +claudebot@anthropic.com)"
74.7.227.134 - - [04/Apr/2026:01:31:54 -0400] "GET /age/30-39,18-19,50-59/ethnicity/news-leonardo-faz-homenagem-apos-morte-de-assessora-cuidou-de-mim-como-filho,islander,east-indian,asian,white,native,other,latino,black HTTP/1.1" 200 23162 "https://www.nudcam.com/age/30-39,18-19/ethnicity/news-leonardo-faz-homenagem-apos-morte-de-assessora-cuidou-de-mim-como-filho,islander,east-indian,asian,white,native,other,latino,black" "Mozilla/5.0 AppleWebKit/537.36 (KHTML, like Gecko; compatible; GPTBot/1.3; +https://openai.com/gptbot)"
216.73.216.38 - - [04/Apr/2026:01:31:54 -0400] "GET /age/50-59,40-49/hair/white,brown/ethnicity/islander,black HTTP/1.1" 200 17639 "-" "Mozilla/5.0 AppleWebKit/537.36 (KHTML, like Gecko; compatible; ClaudeBot/1.0; +claudebot@anthropic.com)"
216.73.216.38 - - [04/Apr/2026:01:31:54 -0400] "GET /gender/f/age/50-59/ethnicity/islander,black,white,other,native HTTP/1.1" 200 17989 "-" "Mozilla/5.0 AppleWebKit/537.36 (KHTML, like Gecko; compatible; ClaudeBot/1.0; +claudebot@anthropic.com)"
216.73.216.38 - - [04/Apr/2026:01:31:54 -0400] "GET /gender/c,m,f/ethnicity/islander,native,latino,black HTTP/1.1" 200 17650 "-" "Mozilla/5.0 AppleWebKit/537.36 (KHTML, like Gecko; compatible; ClaudeBot/1.0; +claudebot@anthropic.com)"
216.73.216.38 - - [04/Apr/2026:01:31:54 -0400] "GET /status/offline/gender/c,f,m/age/60-100,50-59,30-39/ethnicity/native HTTP/1.1" 200 18314 "-" "Mozilla/5.0 AppleWebKit/537.36 (KHTML, like Gecko; compatible; ClaudeBot/1.0; +claudebot@anthropic.com)"
216.73.216.38 - - [04/Apr/2026:01:31:54 -0400] "GET /age/18-19,20-29,40-49/hair/grey,auburn/ethnicity/black HTTP/1.1" 200 17513 "-" "Mozilla/5.0 AppleWebKit/537.36 (KHTML, like Gecko; compatible; ClaudeBot/1.0; +claudebot@anthropic.com)"
216.73.216.38 - - [04/Apr/2026:01:31:55 -0400] "GET /age/30-39,18-19/ethnicity/black,islander,other,latino HTTP/1.1" 200 17536 "-" "Mozilla/5.0 AppleWebKit/537.36 (KHTML, like Gecko; compatible; ClaudeBot/1.0; +claudebot@anthropic.com)"
74.7.227.30 - - [04/Apr/2026:01:31:55 -0400] "GET /age/50-59,30-39,18-19/ethnicity/other,native,east-indian,islander,white,black,latino,asian HTTP/1.1" 200 19580 "https://nudcam.com/age/50-59,30-39/ethnicity/other,native,east-indian,islander,white,black,latino,asian" "Mozilla/5.0 AppleWebKit/537.36 (KHTML, like Gecko; compatible; GPTBot/1.3; +https://openai.com/gptbot)"
216.73.216.38 - - [04/Apr/2026:01:31:55 -0400] "GET /status/offline,online/hair/white/ethnicity/native,islander,east-indian HTTP/1.1" 200 18074 "-" "Mozilla/5.0 AppleWebKit/537.36 (KHTML, like Gecko; compatible; ClaudeBot/1.0; +claudebot@anthropic.com)"
216.73.216.38 - - [04/Apr/2026:01:31:55 -0400] "GET /status/offline/gender/c,f/ethnicity/east-indian,other,native HTTP/1.1" 200 17755 "-" "Mozilla/5.0 AppleWebKit/537.36 (KHTML, like Gecko; compatible; ClaudeBot/1.0; +claudebot@anthropic.com)"
216.73.216.38 - - [04/Apr/2026:01:31:55 -0400] "GET /age/30-39/hair/blonde,brown,white,black/ethnicity/white HTTP/1.1" 200 17544 "-" "Mozilla/5.0 AppleWebKit/537.36 (KHTML, like Gecko; compatible; ClaudeBot/1.0; +claudebot@anthropic.com)"
216.73.216.38 - - [04/Apr/2026:01:31:55 -0400] "GET /status/offline/age/40-49/hair/black/ethnicity/other,islander,black,white HTTP/1.1" 200 18303 "-" "Mozilla/5.0 AppleWebKit/537.36 (KHTML, like Gecko; compatible; ClaudeBot/1.0; +claudebot@anthropic.com)"
216.73.216.38 - - [04/Apr/2026:01:31:55 -0400] "GET /age/30-39/hair/white,blonde/ethnicity/islander,native,asian HTTP/1.1" 200 17704 "-" "Mozilla/5.0 AppleWebKit/537.36 (KHTML, like Gecko; compatible; ClaudeBot/1.0; +claudebot@anthropic.com)"
74.7.227.134 - - [04/Apr/2026:01:31:55 -0400] "GET /age/40-49,30-39,18-19/ethnicity/news-leonardo-faz-homenagem-apos-morte-de-assessora-cuidou-de-mim-como-filho,islander,native,white,asian,east-indian,latino,black,other HTTP/1.1" 200 23162 "https://www.nudcam.com/age/40-49,30-39/ethnicity/news-leonardo-faz-homenagem-apos-morte-de-assessora-cuidou-de-mim-como-filho,islander,native,white,asian,east-indian,latino,black,other" "Mozilla/5.0 AppleWebKit/537.36 (KHTML, like Gecko; compatible; GPTBot/1.3; +https://openai.com/gptbot)"
216.73.216.38 - - [04/Apr/2026:01:31:55 -0400] "GET /status/online/gender/t,m/age/60-100/ethnicity/white,black,islander HTTP/1.1" 200 18115 "-" "Mozilla/5.0 AppleWebKit/537.36 (KHTML, like Gecko; compatible; ClaudeBot/1.0; +claudebot@anthropic.com)"
216.73.216.38 - - [04/Apr/2026:01:31:55 -0400] "GET /status/offline/age/40-49/hair/blonde/ethnicity/black,islander,latino HTTP/1.1" 200 17975 "-" "Mozilla/5.0 AppleWebKit/537.36 (KHTML, like Gecko; compatible; ClaudeBot/1.0; +claudebot@anthropic.com)"
216.73.216.38 - - [04/Apr/2026:01:31:55 -0400] "GET /status/online/hair/black,brown,red,grey/ethnicity/other,native HTTP/1.1" 200 17986 "-" "Mozilla/5.0 AppleWebKit/537.36 (KHTML, like Gecko; compatible; ClaudeBot/1.0; +claudebot@anthropic.com)"
216.73.216.38 - - [04/Apr/2026:01:31:55 -0400] "GET /status/online/gender/t/age/40-49,60-100/ethnicity/white,black,native HTTP/1.1" 200 18173 "-" "Mozilla/5.0 AppleWebKit/537.36 (KHTML, like Gecko; compatible; ClaudeBot/1.0; +claudebot@anthropic.com)"
216.73.216.38 - - [04/Apr/2026:01:31:55 -0400] "GET /status/online/hair/black,red,brown,grey/ethnicity/other,native HTTP/1.1" 200 17986 "-" "Mozilla/5.0 AppleWebKit/537.36 (KHTML, like Gecko; compatible; ClaudeBot/1.0; +claudebot@anthropic.com)"
216.73.216.38 - - [04/Apr/2026:01:31:56 -0400] "GET /status/offline/gender/m,f,c/age/20-29/hair/white/ethnicity/other HTTP/1.1" 200 17992 "-" "Mozilla/5.0 AppleWebKit/537.36 (KHTML, like Gecko; compatible; ClaudeBot/1.0; +claudebot@anthropic.com)"
50.16.72.185 - - [04/Apr/2026:01:31:56 -0400] "GET /status/offline,online/gender/t,m/hair/brown,red,auburn/ethnicity/black,native,east-indian HTTP/1.1" 200 19300 "-" "Mozilla/5.0 AppleWebKit/537.36 (KHTML, like Gecko; compatible; Amazonbot/0.1; +https://developer.amazon.com/support/amazonbot) Chrome/119.0.6045.214 Safari/537.36"
74.7.227.30 - - [04/Apr/2026:01:31:56 -0400] "GET /age/18-19/ethnicity/latino,native,asian,white,other,islander,east-indian,black HTTP/1.1" 200 18734 "https://nudcam.com/ethnicity/latino,native,asian,white,other,islander,east-indian,black" "Mozilla/5.0 AppleWebKit/537.36 (KHTML, like Gecko; compatible; GPTBot/1.3; +https://openai.com/gptbot)"
216.73.216.38 - - [04/Apr/2026:01:31:56 -0400] "GET /status/offline/gender/f/age/40-49/hair/grey,white,black/ethnicity/other HTTP/1.1" 200 18222 "-" "Mozilla/5.0 AppleWebKit/537.36 (KHTML, like Gecko; compatible; ClaudeBot/1.0; +claudebot@anthropic.com)"
216.73.216.38 - - [04/Apr/2026:01:31:56 -0400] "GET /gender/f/age/60-100/hair/white/ethnicity/black,white,asian HTTP/1.1" 200 17636 "-" "Mozilla/5.0 AppleWebKit/537.36 (KHTML, like Gecko; compatible; ClaudeBot/1.0; +claudebot@anthropic.com)"
216.73.216.38 - - [04/Apr/2026:01:31:56 -0400] "GET /gender/t,m/age/20-29/ethnicity/other,native,islander,black HTTP/1.1" 200 17863 "-" "Mozilla/5.0 AppleWebKit/537.36 (KHTML, like Gecko; compatible; ClaudeBot/1.0; +claudebot@anthropic.com)"
216.73.216.38 - - [04/Apr/2026:01:31:56 -0400] "GET /gender/f/age/18-19,60-100/hair/white/ethnicity/black,white HTTP/1.1" 200 17637 "-" "Mozilla/5.0 AppleWebKit/537.36 (KHTML, like Gecko; compatible; ClaudeBot/1.0; +claudebot@anthropic.com)"
216.73.216.38 - - [04/Apr/2026:01:31:56 -0400] "GET /gender/m,f/age/30-39/hair/red/ethnicity/native,latino HTTP/1.1" 200 17482 "-" "Mozilla/5.0 AppleWebKit/537.36 (KHTML, like Gecko; compatible; ClaudeBot/1.0; +claudebot@anthropic.com)"
216.73.216.38 - - [04/Apr/2026:01:31:56 -0400] "GET /status/offline,online/age/60-100/hair/grey,brown/ethnicity/islander,native HTTP/1.1" 200 18385 "-" "Mozilla/5.0 AppleWebKit/537.36 (KHTML, like Gecko; compatible; ClaudeBot/1.0; +claudebot@anthropic.com)"
74.7.227.134 - - [04/Apr/2026:01:31:56 -0400] "GET /age/20-29,18-19/ethnicity/news-leonardo-faz-homenagem-apos-morte-de-assessora-cuidou-de-mim-como-filho,islander,native,asian,east-indian,latino,black,other HTTP/1.1" 200 22143 "https://www.nudcam.com/age/20-29,18-19/ethnicity/news-leonardo-faz-homenagem-apos-morte-de-assessora-cuidou-de-mim-como-filho,islander,native,white,asian,east-indian,latino,black,other" "Mozilla/5.0 AppleWebKit/537.36 (KHTML, like Gecko; compatible; GPTBot/1.3; +https://openai.com/gptbot)"
216.73.216.38 - - [04/Apr/2026:01:31:56 -0400] "GET /status/online/gender/f,c,m/age/60-100/ethnicity/white,islander,native HTTP/1.1" 200 18410 "-" "Mozilla/5.0 AppleWebKit/537.36 (KHTML, like Gecko; compatible; ClaudeBot/1.0; +claudebot@anthropic.com)"
216.73.216.38 - - [04/Apr/2026:01:31:56 -0400] "GET /status/online/gender/c/hair/grey,white/ethnicity/latino,black HTTP/1.1" 200 17746 "-" "Mozilla/5.0 AppleWebKit/537.36 (KHTML, like Gecko; compatible; ClaudeBot/1.0; +claudebot@anthropic.com)"
216.73.216.38 - - [04/Apr/2026:01:31:56 -0400] "GET /gender/m/age/50-59/ethnicity/latino,black,islander,white HTTP/1.1" 200 17603 "-" "Mozilla/5.0 AppleWebKit/537.36 (KHTML, like Gecko; compatible; ClaudeBot/1.0; +claudebot@anthropic.com)"
216.73.216.38 - - [04/Apr/2026:01:31:56 -0400] "GET /status/offline/age/20-29/hair/red,blonde,white/ethnicity/other,native HTTP/1.1" 200 18203 "-" "Mozilla/5.0 AppleWebKit/537.36 (KHTML, like Gecko; compatible; ClaudeBot/1.0; +claudebot@anthropic.com)"
216.73.216.38 - - [04/Apr/2026:01:31:57 -0400] "GET /status/offline/age/30-39/ethnicity/native,islander,white,asian,black HTTP/1.1" 200 18202 "-" "Mozilla/5.0 AppleWebKit/537.36 (KHTML, like Gecko; compatible; ClaudeBot/1.0; +claudebot@anthropic.com)"
74.7.227.30 - - [04/Apr/2026:01:31:57 -0400] "GET /age/50-59/ethnicity/asian,latino,east-indian,islander,white,native,other,black HTTP/1.1" 200 18734 "https://nudcam.com/ethnicity/asian,latino,east-indian,islander,white,native,other,black" "Mozilla/5.0 AppleWebKit/537.36 (KHTML, like Gecko; compatible; GPTBot/1.3; +https://openai.com/gptbot)"
216.73.216.38 - - [04/Apr/2026:01:31:57 -0400] "GET /status/offline/age/30-39/ethnicity/native,white,asian,islander,black HTTP/1.1" 200 18202 "-" "Mozilla/5.0 AppleWebKit/537.36 (KHTML, like Gecko; compatible; ClaudeBot/1.0; +claudebot@anthropic.com)"
216.73.216.38 - - [04/Apr/2026:01:31:57 -0400] "GET /status/offline/gender/f,t/age/60-100/hair/grey,brown/ethnicity/native HTTP/1.1" 200 18170 "-" "Mozilla/5.0 AppleWebKit/537.36 (KHTML, like Gecko; compatible; ClaudeBot/1.0; +claudebot@anthropic.com)"
216.73.216.38 - - [04/Apr/2026:01:31:57 -0400] "GET /age/20-29,18-19/hair/white,blonde,black/ethnicity/native HTTP/1.1" 200 17582 "-" "Mozilla/5.0 AppleWebKit/537.36 (KHTML, like Gecko; compatible; ClaudeBot/1.0; +claudebot@anthropic.com)"
216.73.216.38 - - [04/Apr/2026:01:31:57 -0400] "GET /gender/t/hair/white,grey,red/ethnicity/other,islander HTTP/1.1" 200 17497 "-" "Mozilla/5.0 AppleWebKit/537.36 (KHTML, like Gecko; compatible; ClaudeBot/1.0; +claudebot@anthropic.com)"
216.73.216.38 - - [04/Apr/2026:01:31:57 -0400] "GET /status/offline/gender/m/hair/black,red,white,grey/ethnicity/white HTTP/1.1" 200 18037 "-" "Mozilla/5.0 AppleWebKit/537.36 (KHTML, like Gecko; compatible; ClaudeBot/1.0; +claudebot@anthropic.com)"
216.73.216.38 - - [04/Apr/2026:01:31:57 -0400] "GET /status/online/gender/m,f,t/age/20-29,18-19/ethnicity/white HTTP/1.1" 200 17823 "-" "Mozilla/5.0 AppleWebKit/537.36 (KHTML, like Gecko; compatible; ClaudeBot/1.0; +claudebot@anthropic.com)"
74.7.227.134 - - [04/Apr/2026:01:31:57 -0400] "GET /age/18-19,50-59/ethnicity/news-leonardo-faz-homenagem-apos-morte-de-assessora-cuidou-de-mim-como-filho,islander,native,white,asian,east-indian,latino,black,other HTTP/1.1" 200 22650 "https://www.nudcam.com/age/20-29,18-19,50-59/ethnicity/news-leonardo-faz-homenagem-apos-morte-de-assessora-cuidou-de-mim-como-filho,islander,native,white,asian,east-indian,latino,black,other" "Mozilla/5.0 AppleWebKit/537.36 (KHTML, like Gecko; compatible; GPTBot/1.3; +https://openai.com/gptbot)"
216.73.216.38 - - [04/Apr/2026:01:31:57 -0400] "GET /status/online/gender/c,m/age/60-100,50-59/ethnicity/islander,white HTTP/1.1" 200 18117 "-" "Mozilla/5.0 AppleWebKit/537.36 (KHTML, like Gecko; compatible; ClaudeBot/1.0; +claudebot@anthropic.com)"
144.76.32.236 - - [04/Apr/2026:01:31:57 -0400] "GET /gender/c,t,f,m/age/20-29,60-100/hair/black HTTP/1.1" 200 17125 "-" "Mozilla/5.0 (compatible; SERankingBacklinksBot/1.0; +https://seranking.com/backlinks-crawler)"
216.73.216.38 - - [04/Apr/2026:01:31:57 -0400] "GET /status/offline/age/30-39,20-29/hair/black/ethnicity/white,black,native HTTP/1.1" 200 18236 "-" "Mozilla/5.0 AppleWebKit/537.36 (KHTML, like Gecko; compatible; ClaudeBot/1.0; +claudebot@anthropic.com)"
216.73.216.38 - - [04/Apr/2026:01:31:57 -0400] "GET /age/30-39,20-29/hair/brown/ethnicity/islander,white,black HTTP/1.1" 200 17633 "-" "Mozilla/5.0 AppleWebKit/537.36 (KHTML, like Gecko; compatible; ClaudeBot/1.0; +claudebot@anthropic.com)"
216.73.216.38 - - [04/Apr/2026:01:31:57 -0400] "GET /age/20-29/hair/red,black,blonde/ethnicity/white,other HTTP/1.1" 200 17502 "-" "Mozilla/5.0 AppleWebKit/537.36 (KHTML, like Gecko; compatible; ClaudeBot/1.0; +claudebot@anthropic.com)"
216.73.216.38 - - [04/Apr/2026:01:31:58 -0400] "GET /gender/c/hair/blonde,white/ethnicity/islander,native,black HTTP/1.1" 200 17667 "-" "Mozilla/5.0 AppleWebKit/537.36 (KHTML, like Gecko; compatible; ClaudeBot/1.0; +claudebot@anthropic.com)"
216.73.216.38 - - [04/Apr/2026:01:31:58 -0400] "GET /age/50-59,40-49/hair/black,grey/ethnicity/native,latino HTTP/1.1" 200 17573 "-" "Mozilla/5.0 AppleWebKit/537.36 (KHTML, like Gecko; compatible; ClaudeBot/1.0; +claudebot@anthropic.com)"
216.73.216.38 - - [04/Apr/2026:01:31:58 -0400] "GET /status/offline/gender/f/age/60-100/hair/white/ethnicity/other,black,native HTTP/1.1" 200 18342 "-" "Mozilla/5.0 AppleWebKit/537.36 (KHTML, like Gecko; compatible; ClaudeBot/1.0; +claudebot@anthropic.com)"
74.7.227.30 - - [04/Apr/2026:01:31:58 -0400] "GET /age/30-39/ethnicity/east-indian,other,latino,native,islander,black,asian,white HTTP/1.1" 200 18734 "https://nudcam.com/ethnicity/east-indian,other,latino,native,islander,black,asian,white" "Mozilla/5.0 AppleWebKit/537.36 (KHTML, like Gecko; compatible; GPTBot/1.3; +https://openai.com/gptbot)"
216.73.216.38 - - [04/Apr/2026:01:31:58 -0400] "GET /gender/t/age/60-100,20-29,18-19,30-39/ethnicity/white HTTP/1.1" 200 17472 "-" "Mozilla/5.0 AppleWebKit/537.36 (KHTML, like Gecko; compatible; ClaudeBot/1.0; +claudebot@anthropic.com)"
216.73.216.38 - - [04/Apr/2026:01:31:58 -0400] "GET /gender/m/age/50-59/ethnicity/black,other,islander,asian HTTP/1.1" 200 17570 "-" "Mozilla/5.0 AppleWebKit/537.36 (KHTML, like Gecko; compatible; ClaudeBot/1.0; +claudebot@anthropic.com)"
216.73.216.38 - - [04/Apr/2026:01:31:58 -0400] "GET /age/20-29,60-100/hair/white,blonde,auburn/ethnicity/native HTTP/1.1" 200 17648 "-" "Mozilla/5.0 AppleWebKit/537.36 (KHTML, like Gecko; compatible; ClaudeBot/1.0; +claudebot@anthropic.com)"
216.73.216.38 - - [04/Apr/2026:01:31:58 -0400] "GET /status/offline/age/50-59,60-100/ethnicity/white,other,latino,native HTTP/1.1" 200 18169 "-" "Mozilla/5.0 AppleWebKit/537.36 (KHTML, like Gecko; compatible; ClaudeBot/1.0; +claudebot@anthropic.com)"
216.73.216.38 - - [04/Apr/2026:01:31:58 -0400] "GET /status/offline,online/gender/c,f/age/20-29,40-49/ethnicity/black,native HTTP/1.1" 200 18492 "-" "Mozilla/5.0 AppleWebKit/537.36 (KHTML, like Gecko; compatible; ClaudeBot/1.0; +claudebot@anthropic.com)"
74.7.227.134 - - [04/Apr/2026:01:31:58 -0400] "GET /age/40-49,18-19/ethnicity/news-leonardo-faz-homenagem-apos-morte-de-assessora-cuidou-de-mim-como-filho,latino,asian,native,black,white,east-indian,other HTTP/1.1" 200 22032 "https://www.nudcam.com/age/40-49,18-19/ethnicity/news-leonardo-faz-homenagem-apos-morte-de-assessora-cuidou-de-mim-como-filho,latino,asian,native,black,islander,white,east-indian,other" "Mozilla/5.0 AppleWebKit/537.36 (KHTML, like Gecko; compatible; GPTBot/1.3; +https://openai.com/gptbot)"
17.241.219.43 - - [04/Apr/2026:01:31:58 -0400] "GET /gender/t,c/hair/grey,auburn,red/languages/spanish HTTP/1.1" 200 17105 "-" "Mozilla/5.0 (Macintosh; Intel Mac OS X 10_15_7) AppleWebKit/605.1.15 (KHTML, like Gecko) Version/17.4 Safari/605.1.15 (Applebot/0.1; +http://www.apple.com/go/applebot)"
216.73.216.38 - - [04/Apr/2026:01:31:58 -0400] "GET /gender/t,m/age/40-49,18-19,30-39,20-29 HTTP/1.1" 200 17074 "-" "Mozilla/5.0 AppleWebKit/537.36 (KHTML, like Gecko; compatible; ClaudeBot/1.0; +claudebot@anthropic.com)"
216.73.216.38 - - [04/Apr/2026:01:31:58 -0400] "GET /status/offline/age/30-39/hair/brown,auburn,white/ethnicity/native,other HTTP/1.1" 200 18271 "-" "Mozilla/5.0 AppleWebKit/537.36 (KHTML, like Gecko; compatible; ClaudeBot/1.0; +claudebot@anthropic.com)"
216.73.216.38 - - [04/Apr/2026:01:31:58 -0400] "GET /gender/f,m/hair/white,auburn,brown/ethnicity/other HTTP/1.1" 200 17390 "-" "Mozilla/5.0 AppleWebKit/537.36 (KHTML, like Gecko; compatible; ClaudeBot/1.0; +claudebot@anthropic.com)"
216.73.216.38 - - [04/Apr/2026:01:31:59 -0400] "GET /status/online/gender/m/age/40-49/hair/brown,blonde,black HTTP/1.1" 200 17616 "-" "Mozilla/5.0 AppleWebKit/537.36 (KHTML, like Gecko; compatible; ClaudeBot/1.0; +claudebot@anthropic.com)"
216.73.216.38 - - [04/Apr/2026:01:31:59 -0400] "GET /age/40-49,30-39/ethnicity/asian,black,latino HTTP/1.1" 200 17071 "-" "Mozilla/5.0 AppleWebKit/537.36 (KHTML, like Gecko; compatible; ClaudeBot/1.0; +claudebot@anthropic.com)"
216.73.216.38 - - [04/Apr/2026:01:31:59 -0400] "GET /status/online/gender/t/hair/black,auburn,brown/ethnicity/native HTTP/1.1" 200 17787 "-" "Mozilla/5.0 AppleWebKit/537.36 (KHTML, like Gecko; compatible; ClaudeBot/1.0; +claudebot@anthropic.com)"
74.7.227.30 - - [04/Apr/2026:01:31:59 -0400] "GET /age/50-59,20-29,60-100/ethnicity/black,islander,east-indian,other,latino,white,asian,native HTTP/1.1" 200 19618 "https://nudcam.com/age/50-59,20-29/ethnicity/black,islander,east-indian,other,latino,white,asian,native" "Mozilla/5.0 AppleWebKit/537.36 (KHTML, like Gecko; compatible; GPTBot/1.3; +https://openai.com/gptbot)"
216.73.216.38 - - [04/Apr/2026:01:31:59 -0400] "GET /gender/m/age/30-39,20-29/ethnicity/islander,white,latino HTTP/1.1" 200 17604 "-" "Mozilla/5.0 AppleWebKit/537.36 (KHTML, like Gecko; compatible; ClaudeBot/1.0; +claudebot@anthropic.com)"
216.73.216.38 - - [04/Apr/2026:01:31:59 -0400] "GET /status/online/gender/m,f/age/30-39,20-29,40-49/ethnicity/islander HTTP/1.1" 200 18056 "-" "Mozilla/5.0 AppleWebKit/537.36 (KHTML, like Gecko; compatible; ClaudeBot/1.0; +claudebot@anthropic.com)"
216.73.216.38 - - [04/Apr/2026:01:31:59 -0400] "GET /gender/t,f/age/60-100/ethnicity/islander,other,latino HTTP/1.1" 200 17518 "-" "Mozilla/5.0 AppleWebKit/537.36 (KHTML, like Gecko; compatible; ClaudeBot/1.0; +claudebot@anthropic.com)"
216.73.216.38 - - [04/Apr/2026:01:31:59 -0400] "GET /age/20-29,18-19/hair/auburn,red/ethnicity/black,white HTTP/1.1" 200 17507 "-" "Mozilla/5.0 AppleWebKit/537.36 (KHTML, like Gecko; compatible; ClaudeBot/1.0; +claudebot@anthropic.com)"
216.73.216.38 - - [04/Apr/2026:01:31:59 -0400] "GET /status/online/age/18-19,40-49/ethnicity/islander,white,black,asian HTTP/1.1" 200 18135 "-" "Mozilla/5.0 AppleWebKit/537.36 (KHTML, like Gecko; compatible; ClaudeBot/1.0; +claudebot@anthropic.com)"
216.73.216.38 - - [04/Apr/2026:01:31:59 -0400] "GET /status/offline/age/50-59/hair/white,red,brown,grey/ethnicity/white HTTP/1.1" 200 18077 "-" "Mozilla/5.0 AppleWebKit/537.36 (KHTML, like Gecko; compatible; ClaudeBot/1.0; +claudebot@anthropic.com)"
74.7.227.134 - - [04/Apr/2026:01:31:59 -0400] "GET /age/30-39,20-29/ethnicity/news-leonardo-faz-homenagem-apos-morte-de-assessora-cuidou-de-mim-como-filho,asian,other,white,native,latino,east-indian,islander,black HTTP/1.1" 200 22650 "https://www.nudcam.com/age/18-19,30-39,20-29/ethnicity/news-leonardo-faz-homenagem-apos-morte-de-assessora-cuidou-de-mim-como-filho,asian,other,white,native,latino,east-indian,islander,black" "Mozilla/5.0 AppleWebKit/537.36 (KHTML, like Gecko; compatible; GPTBot/1.3; +https://openai.com/gptbot)"
17.241.219.108 - - [04/Apr/2026:01:31:59 -0400] "GET /age/50-59/hair/white,red/ethnicity/other,native/languages/spanish HTTP/1.1" 200 17547 "-" "Mozilla/5.0 (Macintosh; Intel Mac OS X 10_15_7) AppleWebKit/605.1.15 (KHTML, like Gecko) Version/17.4 Safari/605.1.15 (Applebot/0.1; +http://www.apple.com/go/applebot)"
216.73.216.38 - - [04/Apr/2026:01:31:59 -0400] "GET /status/online/age/18-19,40-49/ethnicity/islander,black,white,asian HTTP/1.1" 200 18135 "-" "Mozilla/5.0 AppleWebKit/537.36 (KHTML, like Gecko; compatible; ClaudeBot/1.0; +claudebot@anthropic.com)"
216.73.216.38 - - [04/Apr/2026:01:31:59 -0400] "GET /age/40-49/hair/auburn,grey/ethnicity/white,islander,black,native HTTP/1.1" 200 18057 "-" "Mozilla/5.0 AppleWebKit/537.36 (KHTML, like Gecko; compatible; ClaudeBot/1.0; +claudebot@anthropic.com)"
216.73.216.38 - - [04/Apr/2026:01:32:00 -0400] "GET /gender/t/age/40-49/hair/red,grey/ethnicity/islander,other HTTP/1.1" 200 17608 "-" "Mozilla/5.0 AppleWebKit/537.36 (KHTML, like Gecko; compatible; ClaudeBot/1.0; +claudebot@anthropic.com)"
216.73.216.38 - - [04/Apr/2026:01:32:00 -0400] "GET /gender/f,c/age/18-19/hair/blonde/ethnicity/other,native HTTP/1.1" 200 17550 "-" "Mozilla/5.0 AppleWebKit/537.36 (KHTML, like Gecko; compatible; ClaudeBot/1.0; +claudebot@anthropic.com)"
216.73.216.38 - - [04/Apr/2026:01:32:00 -0400] "GET /status/offline/gender/m/age/18-19/hair/blonde,auburn,red HTTP/1.1" 200 17616 "-" "Mozilla/5.0 AppleWebKit/537.36 (KHTML, like Gecko; compatible; ClaudeBot/1.0; +claudebot@anthropic.com)"
216.73.216.38 - - [04/Apr/2026:01:32:00 -0400] "GET /status/offline/age/60-100,20-29/hair/black,red/ethnicity/native,other HTTP/1.1" 200 18208 "-" "Mozilla/5.0 AppleWebKit/537.36 (KHTML, like Gecko; compatible; ClaudeBot/1.0; +claudebot@anthropic.com)"
216.73.216.38 - - [04/Apr/2026:01:32:00 -0400] "GET /status/online/age/40-49/hair/white,brown/ethnicity/islander,native,other HTTP/1.1" 200 18309 "-" "Mozilla/5.0 AppleWebKit/537.36 (KHTML, like Gecko; compatible; ClaudeBot/1.0; +claudebot@anthropic.com)"
74.7.227.30 - - [04/Apr/2026:01:32:00 -0400] "GET /age/18-19/ethnicity/east-indian,native,asian,other,white,islander,latino,black HTTP/1.1" 200 18734 "https://nudcam.com/ethnicity/east-indian,native,asian,other,white,islander,latino,black" "Mozilla/5.0 AppleWebKit/537.36 (KHTML, like Gecko; compatible; GPTBot/1.3; +https://openai.com/gptbot)"
54.92.171.106 - - [04/Apr/2026:01:32:00 -0400] "GET /status/offline,online/gender/c,f/age/30-39,60-100/hair/grey,auburn/ethnicity/islander,native,east-indian,asian/sites/1 HTTP/1.1" 200 20862 "-" "Mozilla/5.0 AppleWebKit/537.36 (KHTML, like Gecko; compatible; Amazonbot/0.1; +https://developer.amazon.com/support/amazonbot) Chrome/119.0.6045.214 Safari/537.36"
17.246.19.96 - - [04/Apr/2026:01:32:00 -0400] "GET /status/offline/gender/t/age/50-59/hair/red,auburn/languages/danish HTTP/1.1" 200 17809 "-" "Mozilla/5.0 (Macintosh; Intel Mac OS X 10_15_7) AppleWebKit/605.1.15 (KHTML, like Gecko) Version/17.4 Safari/605.1.15 (Applebot/0.1; +http://www.apple.com/go/applebot)"
216.73.216.38 - - [04/Apr/2026:01:32:00 -0400] "GET /gender/m/hair/red,brown/ethnicity/other,white,black HTTP/1.1" 200 17434 "-" "Mozilla/5.0 AppleWebKit/537.36 (KHTML, like Gecko; compatible; ClaudeBot/1.0; +claudebot@anthropic.com)"
216.73.216.38 - - [04/Apr/2026:01:32:00 -0400] "GET /status/offline,online/gender/f/age/30-39/hair/red,white/ethnicity/native HTTP/1.1" 200 18268 "-" "Mozilla/5.0 AppleWebKit/537.36 (KHTML, like Gecko; compatible; ClaudeBot/1.0; +claudebot@anthropic.com)"
216.73.216.38 - - [04/Apr/2026:01:32:00 -0400] "GET /age/60-100,20-29,50-59,30-39/ethnicity/white,islander,native HTTP/1.1" 200 17937 "-" "Mozilla/5.0 AppleWebKit/537.36 (KHTML, like Gecko; compatible; ClaudeBot/1.0; +claudebot@anthropic.com)"
216.73.216.38 - - [04/Apr/2026:01:32:00 -0400] "GET /gender/t,m/age/20-29/hair/red,white/ethnicity/islander HTTP/1.1" 200 17500 "-" "Mozilla/5.0 AppleWebKit/537.36 (KHTML, like Gecko; compatible; ClaudeBot/1.0; +claudebot@anthropic.com)"
216.73.216.38 - - [04/Apr/2026:01:32:00 -0400] "GET /status/online/gender/m,f/age/30-39/ethnicity/other,white,asian HTTP/1.1" 200 17980 "-" "Mozilla/5.0 AppleWebKit/537.36 (KHTML, like Gecko; compatible; ClaudeBot/1.0; +claudebot@anthropic.com)"
74.7.227.134 - - [04/Apr/2026:01:32:00 -0400] "GET /age/40-49,50-59/ethnicity/news-leonardo-faz-homenagem-apos-morte-de-assessora-cuidou-de-mim-como-filho,latino,asian,native,black,islander,white,east-indian,other HTTP/1.1" 200 22650 "https://www.nudcam.com/age/40-49,18-19,50-59/ethnicity/news-leonardo-faz-homenagem-apos-morte-de-assessora-cuidou-de-mim-como-filho,latino,asian,native,black,islander,white,east-indian,other" "Mozilla/5.0 AppleWebKit/537.36 (KHTML, like Gecko; compatible; GPTBot/1.3; +https://openai.com/gptbot)"
66.249.66.43 - - [04/Apr/2026:01:32:00 -0400] "GET /hair/auburn,brown,blonde,red,grey,black,white HTTP/1.1" 200 17258 "-" "Mozilla/5.0 (Linux; Android 6.0.1; Nexus 5X Build/MMB29P) AppleWebKit/537.36 (KHTML, like Gecko) Chrome/146.0.7680.177 Mobile Safari/537.36 (compatible; Googlebot/2.1; +http://www.google.com/bot.html)"
216.73.216.38 - - [04/Apr/2026:01:32:00 -0400] "GET /status/offline/gender/f,m,c/hair/grey,black/ethnicity/black HTTP/1.1" 200 17853 "-" "Mozilla/5.0 AppleWebKit/537.36 (KHTML, like Gecko; compatible; ClaudeBot/1.0; +claudebot@anthropic.com)"
216.73.216.38 - - [04/Apr/2026:01:32:01 -0400] "GET /gender/f,t/age/18-19/hair/black,grey/ethnicity/black HTTP/1.1" 200 17436 "-" "Mozilla/5.0 AppleWebKit/537.36 (KHTML, like Gecko; compatible; ClaudeBot/1.0; +claudebot@anthropic.com)"
17.241.219.84 - - [04/Apr/2026:01:32:01 -0400] "GET /age/40-49/hair/brown,black/ethnicity/other,native/languages/hebrew HTTP/1.1" 200 17793 "-" "Mozilla/5.0 (Macintosh; Intel Mac OS X 10_15_7) AppleWebKit/605.1.15 (KHTML, like Gecko) Version/17.4 Safari/605.1.15 (Applebot/0.1; +http://www.apple.com/go/applebot)"
216.73.216.38 - - [04/Apr/2026:01:32:01 -0400] "GET /status/online/hair/white/ethnicity/islander,black,white,other,native HTTP/1.1" 200 18192 "-" "Mozilla/5.0 AppleWebKit/537.36 (KHTML, like Gecko; compatible; ClaudeBot/1.0; +claudebot@anthropic.com)"
216.73.216.38 - - [04/Apr/2026:01:32:01 -0400] "GET /age/40-49/hair/black,brown,red/ethnicity/white,native,black HTTP/1.1" 200 17883 "-" "Mozilla/5.0 AppleWebKit/537.36 (KHTML, like Gecko; compatible; ClaudeBot/1.0; +claudebot@anthropic.com)"
216.73.216.38 - - [04/Apr/2026:01:32:01 -0400] "GET /status/online/age/60-100,30-39/hair/red,black/ethnicity/asian HTTP/1.1" 200 17731 "-" "Mozilla/5.0 AppleWebKit/537.36 (KHTML, like Gecko; compatible; ClaudeBot/1.0; +claudebot@anthropic.com)"
216.73.216.38 - - [04/Apr/2026:01:32:01 -0400] "GET /status/online/gender/c/age/20-29/hair/brown/ethnicity/black,other HTTP/1.1" 200 17847 "-" "Mozilla/5.0 AppleWebKit/537.36 (KHTML, like Gecko; compatible; ClaudeBot/1.0; +claudebot@anthropic.com)"
216.73.216.38 - - [04/Apr/2026:01:32:01 -0400] "GET /status/offline/hair/brown,white/ethnicity/black,asian,native HTTP/1.1" 200 17742 "-" "Mozilla/5.0 AppleWebKit/537.36 (KHTML, like Gecko; compatible; ClaudeBot/1.0; +claudebot@anthropic.com)"
74.7.227.30 - - [04/Apr/2026:01:32:01 -0400] "GET /age/50-59,30-39/hair/black/ethnicity/east-indian,other,islander,white,latino,asian,black,native HTTP/1.1" 200 19742 "https://nudcam.com/age/50-59,30-39/ethnicity/east-indian,other,islander,white,latino,asian,black,native" "Mozilla/5.0 AppleWebKit/537.36 (KHTML, like Gecko; compatible; GPTBot/1.3; +https://openai.com/gptbot)"
216.73.216.38 - - [04/Apr/2026:01:32:01 -0400] "GET /status/online/gender/m,f,t/ethnicity/islander,other,black HTTP/1.1" 200 17833 "-" "Mozilla/5.0 AppleWebKit/537.36 (KHTML, like Gecko; compatible; ClaudeBot/1.0; +claudebot@anthropic.com)"
216.73.216.38 - - [04/Apr/2026:01:32:01 -0400] "GET /age/20-29/hair/auburn,grey,brown/ethnicity/native,latino HTTP/1.1" 200 17601 "-" "Mozilla/5.0 AppleWebKit/537.36 (KHTML, like Gecko; compatible; ClaudeBot/1.0; +claudebot@anthropic.com)"
216.73.216.38 - - [04/Apr/2026:01:32:01 -0400] "GET /status/offline/gender/m/hair/grey,black,red,white/ethnicity/white HTTP/1.1" 200 18037 "-" "Mozilla/5.0 AppleWebKit/537.36 (KHTML, like Gecko; compatible; ClaudeBot/1.0; +claudebot@anthropic.com)"
216.73.216.38 - - [04/Apr/2026:01:32:01 -0400] "GET /status/offline/gender/m/age/20-29/hair/red,white,grey,black HTTP/1.1" 200 17894 "-" "Mozilla/5.0 AppleWebKit/537.36 (KHTML, like Gecko; compatible; ClaudeBot/1.0; +claudebot@anthropic.com)"
216.73.216.38 - - [04/Apr/2026:01:32:01 -0400] "GET /status/online/gender/t/hair/white,auburn,grey/ethnicity/islander HTTP/1.1" 200 17820 "-" "Mozilla/5.0 AppleWebKit/537.36 (KHTML, like Gecko; compatible; ClaudeBot/1.0; +claudebot@anthropic.com)"
74.7.227.134 - - [04/Apr/2026:01:32:01 -0400] "GET /gender/c,t/age/18-19,30-39,40-49/ethnicity/news-leonardo-faz-homenagem-apos-morte-de-assessora-cuidou-de-mim-como-filho,islander,white,black,native,asian,latino HTTP/1.1" 200 22872 "https://www.nudcam.com/gender/c,t/age/18-19,30-39,40-49/ethnicity/news-leonardo-faz-homenagem-apos-morte-de-assessora-cuidou-de-mim-como-filho,islander,white,black,native,asian,east-indian,latino" "Mozilla/5.0 AppleWebKit/537.36 (KHTML, like Gecko; compatible; GPTBot/1.3; +https://openai.com/gptbot)"
216.73.216.38 - - [04/Apr/2026:01:32:02 -0400] "GET /status/online/age/60-100,30-39,20-29/ethnicity/white,black,other HTTP/1.1" 200 18060 "-" "Mozilla/5.0 AppleWebKit/537.36 (KHTML, like Gecko; compatible; ClaudeBot/1.0; +claudebot@anthropic.com)"
216.73.216.38 - - [04/Apr/2026:01:32:02 -0400] "GET /age/20-29,40-49/hair/blonde/ethnicity/white,islander,black HTTP/1.1" 200 17666 "-" "Mozilla/5.0 AppleWebKit/537.36 (KHTML, like Gecko; compatible; ClaudeBot/1.0; +claudebot@anthropic.com)"
216.73.216.38 - - [04/Apr/2026:01:32:02 -0400] "GET /gender/t/age/20-29,40-49/ethnicity/east-indian,native HTTP/1.1" 200 17329 "-" "Mozilla/5.0 AppleWebKit/537.36 (KHTML, like Gecko; compatible; ClaudeBot/1.0; +claudebot@anthropic.com)"
216.73.216.38 - - [04/Apr/2026:01:32:02 -0400] "GET /gender/f/age/40-49,18-19/hair/grey,white/ethnicity/black HTTP/1.1" 200 17557 "-" "Mozilla/5.0 AppleWebKit/537.36 (KHTML, like Gecko; compatible; ClaudeBot/1.0; +claudebot@anthropic.com)"
216.73.216.38 - - [04/Apr/2026:01:32:02 -0400] "GET /status/offline/gender/f/age/30-39,40-49,60-100/ethnicity/native,asian HTTP/1.1" 200 18201 "-" "Mozilla/5.0 AppleWebKit/537.36 (KHTML, like Gecko; compatible; ClaudeBot/1.0; +claudebot@anthropic.com)"
216.73.216.38 - - [04/Apr/2026:01:32:02 -0400] "GET /status/online/gender/f/age/20-29,40-49/ethnicity/black,islander,other HTTP/1.1" 200 18208 "-" "Mozilla/5.0 AppleWebKit/537.36 (KHTML, like Gecko; compatible; ClaudeBot/1.0; +claudebot@anthropic.com)"
74.7.227.30 - - [04/Apr/2026:01:32:02 -0400] "GET /age/50-59,20-29,30-39/ethnicity/other,native,east-indian,islander,white,black,latino,asian HTTP/1.1" 200 19580 "https://nudcam.com/age/50-59,20-29/ethnicity/other,native,east-indian,islander,white,black,latino,asian" "Mozilla/5.0 AppleWebKit/537.36 (KHTML, like Gecko; compatible; GPTBot/1.3; +https://openai.com/gptbot)"
216.73.216.38 - - [04/Apr/2026:01:32:02 -0400] "GET /status/offline/gender/c,m/age/20-29/hair/white,red,brown HTTP/1.1" 200 17809 "-" "Mozilla/5.0 AppleWebKit/537.36 (KHTML, like Gecko; compatible; ClaudeBot/1.0; +claudebot@anthropic.com)"
17.241.75.189 - - [04/Apr/2026:01:32:02 -0400] "GET /gender/m,f/age/40-49/hair/black,white/ethnicity/native,white HTTP/1.1" 200 17903 "-" "Mozilla/5.0 (Macintosh; Intel Mac OS X 10_15_7) AppleWebKit/605.1.15 (KHTML, like Gecko) Version/17.4 Safari/605.1.15 (Applebot/0.1; +http://www.apple.com/go/applebot)"
216.73.216.38 - - [04/Apr/2026:01:32:02 -0400] "GET /gender/c,t/age/60-100,50-59/ethnicity/white,latino HTTP/1.1" 200 17420 "-" "Mozilla/5.0 AppleWebKit/537.36 (KHTML, like Gecko; compatible; ClaudeBot/1.0; +claudebot@anthropic.com)"
216.73.216.38 - - [04/Apr/2026:01:32:02 -0400] "GET /status/online/age/30-39/ethnicity/other,black,native,islander,latino HTTP/1.1" 200 18202 "-" "Mozilla/5.0 AppleWebKit/537.36 (KHTML, like Gecko; compatible; ClaudeBot/1.0; +claudebot@anthropic.com)"
66.249.66.163 - - [04/Apr/2026:01:32:02 -0400] "GET /hair/white,brown,black,auburn,blonde,red HTTP/1.1" 200 16932 "-" "Mozilla/5.0 (Linux; Android 6.0.1; Nexus 5X Build/MMB29P) AppleWebKit/537.36 (KHTML, like Gecko) Chrome/146.0.7680.177 Mobile Safari/537.36 (compatible; Googlebot/2.1; +http://www.google.com/bot.html)"
216.73.216.38 - - [04/Apr/2026:01:32:02 -0400] "GET /status/offline/age/30-39,40-49/hair/grey,brown/ethnicity/islander,white HTTP/1.1" 200 18276 "-" "Mozilla/5.0 AppleWebKit/537.36 (KHTML, like Gecko; compatible; ClaudeBot/1.0; +claudebot@anthropic.com)"
216.73.216.38 - - [04/Apr/2026:01:32:02 -0400] "GET /status/online/age/30-39/ethnicity/other,native,black,islander,latino HTTP/1.1" 200 18202 "-" "Mozilla/5.0 AppleWebKit/537.36 (KHTML, like Gecko; compatible; ClaudeBot/1.0; +claudebot@anthropic.com)"
216.73.216.38 - - [04/Apr/2026:01:32:03 -0400] "GET /status/offline/age/40-49,30-39/hair/white,black,grey/ethnicity/white HTTP/1.1" 200 18150 "-" "Mozilla/5.0 AppleWebKit/537.36 (KHTML, like Gecko; compatible; ClaudeBot/1.0; +claudebot@anthropic.com)"
74.7.227.134 - - [04/Apr/2026:01:32:03 -0400] "GET /age/40-49,30-39/ethnicity/news-leonardo-faz-homenagem-apos-morte-de-assessora-cuidou-de-mim-como-filho,latino,asian,native,black,islander,white,east-indian,other HTTP/1.1" 200 22650 "https://www.nudcam.com/age/40-49,18-19,30-39/ethnicity/news-leonardo-faz-homenagem-apos-morte-de-assessora-cuidou-de-mim-como-filho,latino,asian,native,black,islander,white,east-indian,other" "Mozilla/5.0 AppleWebKit/537.36 (KHTML, like Gecko; compatible; GPTBot/1.3; +https://openai.com/gptbot)"
17.246.15.211 - - [04/Apr/2026:01:32:03 -0400] "GET /status/offline/gender/f/age/50-59,60-100 HTTP/1.1" 200 16796 "-" "Mozilla/5.0 (Macintosh; Intel Mac OS X 10_15_7) AppleWebKit/605.1.15 (KHTML, like Gecko) Version/17.4 Safari/605.1.15 (Applebot/0.1; +http://www.apple.com/go/applebot)"
216.73.216.38 - - [04/Apr/2026:01:32:03 -0400] "GET /status/online/gender/f/age/18-19/ethnicity/asian,native,other HTTP/1.1" 200 17750 "-" "Mozilla/5.0 AppleWebKit/537.36 (KHTML, like Gecko; compatible; ClaudeBot/1.0; +claudebot@anthropic.com)"
216.73.216.38 - - [04/Apr/2026:01:32:03 -0400] "GET /status/online/gender/f/ethnicity/black,native,white,latino,islander HTTP/1.1" 200 18164 "-" "Mozilla/5.0 AppleWebKit/537.36 (KHTML, like Gecko; compatible; ClaudeBot/1.0; +claudebot@anthropic.com)"
216.73.216.38 - - [04/Apr/2026:01:32:03 -0400] "GET /status/offline/gender/t,m,c/age/20-29/ethnicity/white,native,other HTTP/1.1" 200 18304 "-" "Mozilla/5.0 AppleWebKit/537.36 (KHTML, like Gecko; compatible; ClaudeBot/1.0; +claudebot@anthropic.com)"
216.73.216.38 - - [04/Apr/2026:01:32:03 -0400] "GET /status/online/gender/c/age/50-59,40-49/hair/black/ethnicity/white HTTP/1.1" 200 17828 "-" "Mozilla/5.0 AppleWebKit/537.36 (KHTML, like Gecko; compatible; ClaudeBot/1.0; +claudebot@anthropic.com)"
216.73.216.38 - - [04/Apr/2026:01:32:03 -0400] "GET /status/online/gender/c,f/ethnicity/white,black,other,asian HTTP/1.1" 200 17871 "-" "Mozilla/5.0 AppleWebKit/537.36 (KHTML, like Gecko; compatible; ClaudeBot/1.0; +claudebot@anthropic.com)"
216.73.216.38 - - [04/Apr/2026:01:32:03 -0400] "GET /status/offline/age/30-39/hair/white/ethnicity/other,white,islander,black HTTP/1.1" 200 18303 "-" "Mozilla/5.0 AppleWebKit/537.36 (KHTML, like Gecko; compatible; ClaudeBot/1.0; +claudebot@anthropic.com)"
74.7.227.30 - - [04/Apr/2026:01:32:03 -0400] "GET /gender/f/age/20-29/ethnicity/asian,white,latino,islander,black,other,east-indian,native HTTP/1.1" 200 19236 "https://nudcam.com/age/20-29/ethnicity/asian,white,latino,islander,black,other,east-indian,native" "Mozilla/5.0 AppleWebKit/537.36 (KHTML, like Gecko; compatible; GPTBot/1.3; +https://openai.com/gptbot)"
216.73.216.38 - - [04/Apr/2026:01:32:03 -0400] "GET /status/offline/age/30-39/hair/white/ethnicity/other,islander,white,black HTTP/1.1" 200 18303 "-" "Mozilla/5.0 AppleWebKit/537.36 (KHTML, like Gecko; compatible; ClaudeBot/1.0; +claudebot@anthropic.com)"
216.73.216.38 - - [04/Apr/2026:01:32:03 -0400] "GET /status/online/gender/c,m/hair/white,red/ethnicity/latino HTTP/1.1" 200 17572 "-" "Mozilla/5.0 AppleWebKit/537.36 (KHTML, like Gecko; compatible; ClaudeBot/1.0; +claudebot@anthropic.com)"
216.73.216.38 - - [04/Apr/2026:01:32:03 -0400] "GET /status/online/gender/m/age/20-29,18-19/hair/white,brown HTTP/1.1" 200 17588 "-" "Mozilla/5.0 AppleWebKit/537.36 (KHTML, like Gecko; compatible; ClaudeBot/1.0; +claudebot@anthropic.com)"
216.73.216.38 - - [04/Apr/2026:01:32:03 -0400] "GET /age/30-39,20-29/ethnicity/islander,black,white,native,asian HTTP/1.1" 200 17917 "-" "Mozilla/5.0 AppleWebKit/537.36 (KHTML, like Gecko; compatible; ClaudeBot/1.0; +claudebot@anthropic.com)"
17.241.227.46 - - [04/Apr/2026:01:32:03 -0400] "GET /status/offline/hair/white/ethnicity/native,asian/sites/1 HTTP/1.1" 200 17274 "-" "Mozilla/5.0 (Macintosh; Intel Mac OS X 10_15_7) AppleWebKit/605.1.15 (KHTML, like Gecko) Version/17.4 Safari/605.1.15 (Applebot/0.1; +http://www.apple.com/go/applebot)"
216.73.216.38 - - [04/Apr/2026:01:32:04 -0400] "GET /gender/f/age/40-49/hair/red,auburn,black/ethnicity/islander HTTP/1.1" 200 17651 "-" "Mozilla/5.0 AppleWebKit/537.36 (KHTML, like Gecko; compatible; ClaudeBot/1.0; +claudebot@anthropic.com)"
74.7.227.134 - - [04/Apr/2026:01:32:04 -0400] "GET /age/40-49,30-39/hair/brown/ethnicity/news-leonardo-faz-homenagem-apos-morte-de-assessora-cuidou-de-mim-como-filho,native,white,asian,east-indian,latino,black,other HTTP/1.1" 200 22691 "https://www.nudcam.com/age/40-49,30-39/ethnicity/news-leonardo-faz-homenagem-apos-morte-de-assessora-cuidou-de-mim-como-filho,native,white,asian,east-indian,latino,black,other" "Mozilla/5.0 AppleWebKit/537.36 (KHTML, like Gecko; compatible; GPTBot/1.3; +https://openai.com/gptbot)"
216.73.216.38 - - [04/Apr/2026:01:32:04 -0400] "GET /age/30-39,20-29/ethnicity/islander,native,black,white,asian HTTP/1.1" 200 17917 "-" "Mozilla/5.0 AppleWebKit/537.36 (KHTML, like Gecko; compatible; ClaudeBot/1.0; +claudebot@anthropic.com)"
216.73.216.38 - - [04/Apr/2026:01:32:04 -0400] "GET /gender/c,t/age/30-39/hair/red,black/ethnicity/white HTTP/1.1" 200 17403 "-" "Mozilla/5.0 AppleWebKit/537.36 (KHTML, like Gecko; compatible; ClaudeBot/1.0; +claudebot@anthropic.com)"
216.73.216.38 - - [04/Apr/2026:01:32:04 -0400] "GET /status/online/age/30-39,50-59/hair/red,brown,auburn HTTP/1.1" 200 17483 "-" "Mozilla/5.0 AppleWebKit/537.36 (KHTML, like Gecko; compatible; ClaudeBot/1.0; +claudebot@anthropic.com)"
3.210.223.61 - - [04/Apr/2026:01:32:04 -0400] "GET /status/offline/gender/f,c,m/hair/red,blonde/ethnicity/islander,asian,east-indian,native,black,latino,white/languages/hebrew HTTP/1.1" 200 21579 "-" "Mozilla/5.0 AppleWebKit/537.36 (KHTML, like Gecko; compatible; Amazonbot/0.1; +https://developer.amazon.com/support/amazonbot) Chrome/119.0.6045.214 Safari/537.36"
216.73.216.38 - - [04/Apr/2026:01:32:04 -0400] "GET /age/60-100/hair/grey,white,black/ethnicity/native,other,white HTTP/1.1" 200 17951 "-" "Mozilla/5.0 AppleWebKit/537.36 (KHTML, like Gecko; compatible; ClaudeBot/1.0; +claudebot@anthropic.com)"
216.73.216.38 - - [04/Apr/2026:01:32:04 -0400] "GET /gender/m/age/18-19/hair/red,blonde/ethnicity/white,native HTTP/1.1" 200 17607 "-" "Mozilla/5.0 AppleWebKit/537.36 (KHTML, like Gecko; compatible; ClaudeBot/1.0; +claudebot@anthropic.com)"
216.73.216.38 - - [04/Apr/2026:01:32:04 -0400] "GET /age/30-39/hair/brown,grey,blonde/ethnicity/native,asian HTTP/1.1" 200 17568 "-" "Mozilla/5.0 AppleWebKit/537.36 (KHTML, like Gecko; compatible; ClaudeBot/1.0; +claudebot@anthropic.com)"
74.7.227.30 - - [04/Apr/2026:01:32:04 -0400] "GET /age/40-49/hair/white/ethnicity/asian,white,east-indian,islander,latino,native,black,other HTTP/1.1" 200 19304 "https://nudcam.com/age/40-49/ethnicity/asian,white,east-indian,islander,latino,native,black,other" "Mozilla/5.0 AppleWebKit/537.36 (KHTML, like Gecko; compatible; GPTBot/1.3; +https://openai.com/gptbot)"
216.73.216.38 - - [04/Apr/2026:01:32:04 -0400] "GET /status/offline/gender/c,t,f/age/40-49/ethnicity/islander,other,white HTTP/1.1" 200 18376 "-" "Mozilla/5.0 AppleWebKit/537.36 (KHTML, like Gecko; compatible; ClaudeBot/1.0; +claudebot@anthropic.com)"
144.76.32.236 - - [04/Apr/2026:01:32:04 -0400] "GET /gender/f,m,c,t/age/20-29,60-100/hair/black HTTP/1.1" 200 17125 "-" "Mozilla/5.0 (compatible; SERankingBacklinksBot/1.0; +https://seranking.com/backlinks-crawler)"
216.73.216.38 - - [04/Apr/2026:01:32:04 -0400] "GET /age/30-39/hair/auburn/ethnicity/native,latino,black,white HTTP/1.1" 200 17632 "-" "Mozilla/5.0 AppleWebKit/537.36 (KHTML, like Gecko; compatible; ClaudeBot/1.0; +claudebot@anthropic.com)"
216.73.216.38 - - [04/Apr/2026:01:32:04 -0400] "GET /status/offline/gender/m,c/age/60-100/hair/auburn,white/ethnicity/native HTTP/1.1" 200 18237 "-" "Mozilla/5.0 AppleWebKit/537.36 (KHTML, like Gecko; compatible; ClaudeBot/1.0; +claudebot@anthropic.com)"
216.73.216.38 - - [04/Apr/2026:01:32:05 -0400] "GET /status/offline/gender/f,m/age/60-100/hair/white,brown,red HTTP/1.1" 200 17843 "-" "Mozilla/5.0 AppleWebKit/537.36 (KHTML, like Gecko; compatible; ClaudeBot/1.0; +claudebot@anthropic.com)"
17.241.75.180 - - [04/Apr/2026:01:32:05 -0400] "GET /age/20-29/hair/white,brown,auburn/ethnicity/asian/languages/hindi HTTP/1.1" 200 17519 "-" "Mozilla/5.0 (Macintosh; Intel Mac OS X 10_15_7) AppleWebKit/605.1.15 (KHTML, like Gecko) Version/17.4 Safari/605.1.15 (Applebot/0.1; +http://www.apple.com/go/applebot)"
74.7.227.134 - - [04/Apr/2026:01:32:05 -0400] "GET /age/30-39,18-19/ethnicity/news-leonardo-faz-homenagem-apos-morte-de-assessora-cuidou-de-mim-como-filho,native,white,other,asian,black,east-indian,islander HTTP/1.1" 200 22106 "https://www.nudcam.com/age/30-39,18-19/ethnicity/news-leonardo-faz-homenagem-apos-morte-de-assessora-cuidou-de-mim-como-filho,native,white,other,asian,black,east-indian" "Mozilla/5.0 AppleWebKit/537.36 (KHTML, like Gecko; compatible; GPTBot/1.3; +https://openai.com/gptbot)"
216.73.216.38 - - [04/Apr/2026:01:32:05 -0400] "GET /status/online/age/40-49,20-29/hair/red,white/ethnicity/native,white HTTP/1.1" 200 18140 "-" "Mozilla/5.0 AppleWebKit/537.36 (KHTML, like Gecko; compatible; ClaudeBot/1.0; +claudebot@anthropic.com)"
216.73.216.38 - - [04/Apr/2026:01:32:05 -0400] "GET /status/online/gender/c,t/age/30-39,60-100/hair/red HTTP/1.1" 200 17431 "-" "Mozilla/5.0 AppleWebKit/537.36 (KHTML, like Gecko; compatible; ClaudeBot/1.0; +claudebot@anthropic.com)"
216.73.216.38 - - [04/Apr/2026:01:32:05 -0400] "GET /status/online/gender/c/age/20-29/hair/brown/ethnicity/islander,black HTTP/1.1" 200 17946 "-" "Mozilla/5.0 AppleWebKit/537.36 (KHTML, like Gecko; compatible; ClaudeBot/1.0; +claudebot@anthropic.com)"
216.73.216.38 - - [04/Apr/2026:01:32:05 -0400] "GET /age/30-39,50-59/hair/red/ethnicity/islander,white,black HTTP/1.1" 200 17567 "-" "Mozilla/5.0 AppleWebKit/537.36 (KHTML, like Gecko; compatible; ClaudeBot/1.0; +claudebot@anthropic.com)"
216.73.216.38 - - [04/Apr/2026:01:32:05 -0400] "GET /status/online/gender/f/age/30-39,40-49/ethnicity/latino,native,white HTTP/1.1" 200 18174 "-" "Mozilla/5.0 AppleWebKit/537.36 (KHTML, like Gecko; compatible; ClaudeBot/1.0; +claudebot@anthropic.com)"
216.73.216.38 - - [04/Apr/2026:01:32:05 -0400] "GET /status/online/age/50-59/hair/black,white,brown/ethnicity/asian HTTP/1.1" 200 17759 "-" "Mozilla/5.0 AppleWebKit/537.36 (KHTML, like Gecko; compatible; ClaudeBot/1.0; +claudebot@anthropic.com)"
216.73.216.38 - - [04/Apr/2026:01:32:05 -0400] "GET /gender/c,m/hair/white,black,auburn/ethnicity/islander HTTP/1.1" 200 17489 "-" "Mozilla/5.0 AppleWebKit/537.36 (KHTML, like Gecko; compatible; ClaudeBot/1.0; +claudebot@anthropic.com)"
216.73.216.38 - - [04/Apr/2026:01:32:05 -0400] "GET /status/online/hair/blonde,grey/ethnicity/native,other,latino HTTP/1.1" 200 17742 "-" "Mozilla/5.0 AppleWebKit/537.36 (KHTML, like Gecko; compatible; ClaudeBot/1.0; +claudebot@anthropic.com)"
74.7.227.30 - - [04/Apr/2026:01:32:05 -0400] "GET /status/online/age/40-49/ethnicity/asian,white,east-indian,islander,latino,native,black,other HTTP/1.1" 200 19430 "https://nudcam.com/age/40-49/ethnicity/asian,white,east-indian,islander,latino,native,black,other" "Mozilla/5.0 AppleWebKit/537.36 (KHTML, like Gecko; compatible; GPTBot/1.3; +https://openai.com/gptbot)"
17.246.15.53 - - [04/Apr/2026:01:32:05 -0400] "GET /gender/m/age/18-19/hair/black,blonde/languages/german HTTP/1.1" 200 17235 "-" "Mozilla/5.0 (Macintosh; Intel Mac OS X 10_15_7) AppleWebKit/605.1.15 (KHTML, like Gecko) Version/17.4 Safari/605.1.15 (Applebot/0.1; +http://www.apple.com/go/applebot)"
216.73.216.38 - - [04/Apr/2026:01:32:05 -0400] "GET /age/30-39,60-100,40-49/hair/blonde/ethnicity/other,native HTTP/1.1" 200 17626 "-" "Mozilla/5.0 AppleWebKit/537.36 (KHTML, like Gecko; compatible; ClaudeBot/1.0; +claudebot@anthropic.com)"
216.73.216.38 - - [04/Apr/2026:01:32:05 -0400] "GET /gender/c/age/40-49/hair/grey,black,blonde,brown HTTP/1.1" 200 17337 "-" "Mozilla/5.0 AppleWebKit/537.36 (KHTML, like Gecko; compatible; ClaudeBot/1.0; +claudebot@anthropic.com)"
216.73.216.38 - - [04/Apr/2026:01:32:05 -0400] "GET /status/online/age/20-29,40-49/hair/grey/ethnicity/black,native,other HTTP/1.1" 200 18168 "-" "Mozilla/5.0 AppleWebKit/537.36 (KHTML, like Gecko; compatible; ClaudeBot/1.0; +claudebot@anthropic.com)"
216.73.216.38 - - [04/Apr/2026:01:32:06 -0400] "GET /gender/m/age/40-49/ethnicity/other,black,latino,asian HTTP/1.1" 200 17504 "-" "Mozilla/5.0 AppleWebKit/537.36 (KHTML, like Gecko; compatible; ClaudeBot/1.0; +claudebot@anthropic.com)"
17.241.75.180 - - [04/Apr/2026:01:32:06 -0400] "GET /gender/c,f/age/40-49,60-100/hair/brown/languages/arabic HTTP/1.1" 200 17270 "-" "Mozilla/5.0 (Macintosh; Intel Mac OS X 10_15_7) AppleWebKit/605.1.15 (KHTML, like Gecko) Version/17.4 Safari/605.1.15 (Applebot/0.1; +http://www.apple.com/go/applebot)"
216.73.216.38 - - [04/Apr/2026:01:32:06 -0400] "GET /status/online/gender/m/age/50-59/hair/brown,grey/ethnicity/black HTTP/1.1" 200 17798 "-" "Mozilla/5.0 AppleWebKit/537.36 (KHTML, like Gecko; compatible; ClaudeBot/1.0; +claudebot@anthropic.com)"
74.7.227.134 - - [04/Apr/2026:01:32:06 -0400] "GET /age/30-39,40-49/ethnicity/news-leonardo-faz-homenagem-apos-morte-de-assessora-cuidou-de-mim-como-filho,native,other,black,asian,islander,latino,white,east-indian HTTP/1.1" 200 22650 "https://www.nudcam.com/age/30-39,50-59,40-49/ethnicity/news-leonardo-faz-homenagem-apos-morte-de-assessora-cuidou-de-mim-como-filho,native,other,black,asian,islander,latino,white,east-indian" "Mozilla/5.0 AppleWebKit/537.36 (KHTML, like Gecko; compatible; GPTBot/1.3; +https://openai.com/gptbot)"
216.73.216.38 - - [04/Apr/2026:01:32:06 -0400] "GET /status/online/gender/m/age/18-19,30-39/hair/grey/ethnicity/black HTTP/1.1" 200 17793 "-" "Mozilla/5.0 AppleWebKit/537.36 (KHTML, like Gecko; compatible; ClaudeBot/1.0; +claudebot@anthropic.com)"
216.73.216.38 - - [04/Apr/2026:01:32:06 -0400] "GET /age/50-59/hair/grey,auburn/ethnicity/native,islander,asian HTTP/1.1" 200 17671 "-" "Mozilla/5.0 AppleWebKit/537.36 (KHTML, like Gecko; compatible; ClaudeBot/1.0; +claudebot@anthropic.com)"
