74.7.227.134 - - [04/Apr/2026:01:35:54 -0400] "GET /age/40-49,18-19,20-29/ethnicity/news-leonardo-faz-homenagem-apos-morte-de-assessora-cuidou-de-mim-como-filho,black,east-indian,latino,native,other,white,islander,asian HTTP/1.1" 200 23162 "https://www.nudcam.com/age/40-49,18-19/ethnicity/news-leonardo-faz-homenagem-apos-morte-de-assessora-cuidou-de-mim-como-filho,black,east-indian,latino,native,other,white,islander,asian" "Mozilla/5.0 AppleWebKit/537.36 (KHTML, like Gecko; compatible; GPTBot/1.3; +https://openai.com/gptbot)"
216.73.216.38 - - [04/Apr/2026:01:35:54 -0400] "GET /status/offline/age/50-59,40-49/hair/grey,black,red/languages/belarusian HTTP/1.1" 200 18199 "-" "Mozilla/5.0 AppleWebKit/537.36 (KHTML, like Gecko; compatible; ClaudeBot/1.0; +claudebot@anthropic.com)"
216.73.216.38 - - [04/Apr/2026:01:35:54 -0400] "GET /status/online/age/60-100/hair/grey/ethnicity/latino,black/languages/dutch HTTP/1.1" 200 17989 "-" "Mozilla/5.0 AppleWebKit/537.36 (KHTML, like Gecko; compatible; ClaudeBot/1.0; +claudebot@anthropic.com)"
216.73.216.38 - - [04/Apr/2026:01:35:55 -0400] "GET /gender/m,f/hair/brown,grey,black/languages/estonian HTTP/1.1" 200 17386 "-" "Mozilla/5.0 AppleWebKit/537.36 (KHTML, like Gecko; compatible; ClaudeBot/1.0; +claudebot@anthropic.com)"
216.73.216.38 - - [04/Apr/2026:01:35:55 -0400] "GET /age/18-19,60-100,20-29,30-39,40-49/ethnicity/native/languages/malay HTTP/1.1" 200 18003 "-" "Mozilla/5.0 AppleWebKit/537.36 (KHTML, like Gecko; compatible; ClaudeBot/1.0; +claudebot@anthropic.com)"
216.73.216.38 - - [04/Apr/2026:01:35:55 -0400] "GET /status/offline/hair/grey,brown,white,black/ethnicity/white/languages/hindi HTTP/1.1" 200 18222 "-" "Mozilla/5.0 AppleWebKit/537.36 (KHTML, like Gecko; compatible; ClaudeBot/1.0; +claudebot@anthropic.com)"
216.73.216.38 - - [04/Apr/2026:01:35:55 -0400] "GET /age/50-59/hair/white/ethnicity/black,latino,native/languages/romanian HTTP/1.1" 200 17887 "-" "Mozilla/5.0 AppleWebKit/537.36 (KHTML, like Gecko; compatible; ClaudeBot/1.0; +claudebot@anthropic.com)"
216.73.216.38 - - [04/Apr/2026:01:35:55 -0400] "GET /gender/m/age/30-39,20-29/hair/auburn/languages/kazakh HTTP/1.1" 200 17230 "-" "Mozilla/5.0 AppleWebKit/537.36 (KHTML, like Gecko; compatible; ClaudeBot/1.0; +claudebot@anthropic.com)"
216.73.216.38 - - [04/Apr/2026:01:35:55 -0400] "GET /gender/c,m/age/60-100/ethnicity/other,white,islander/languages/kurdish HTTP/1.1" 200 18128 "-" "Mozilla/5.0 AppleWebKit/537.36 (KHTML, like Gecko; compatible; ClaudeBot/1.0; +claudebot@anthropic.com)"
216.73.216.38 - - [04/Apr/2026:01:35:55 -0400] "GET /status/online/age/30-39,40-49/ethnicity/other,white,latino/languages/scots HTTP/1.1" 200 18255 "-" "Mozilla/5.0 AppleWebKit/537.36 (KHTML, like Gecko; compatible; ClaudeBot/1.0; +claudebot@anthropic.com)"
216.73.216.38 - - [04/Apr/2026:01:35:55 -0400] "GET /status/offline/gender/f/age/30-39/hair/grey/ethnicity/native,other/languages/swedish HTTP/1.1" 200 18524 "-" "Mozilla/5.0 AppleWebKit/537.36 (KHTML, like Gecko; compatible; ClaudeBot/1.0; +claudebot@anthropic.com)"
74.7.227.30 - - [04/Apr/2026:01:35:55 -0400] "GET /age/40-49/ethnicity/white,other,asian,latino,islander,black,east-indian,native HTTP/1.1" 200 18734 "https://nudcam.com/ethnicity/white,other,asian,latino,islander,black,east-indian,native" "Mozilla/5.0 AppleWebKit/537.36 (KHTML, like Gecko; compatible; GPTBot/1.3; +https://openai.com/gptbot)"
216.73.216.38 - - [04/Apr/2026:01:35:55 -0400] "GET /age/40-49/hair/auburn,black,red/ethnicity/islander,native/languages/danish HTTP/1.1" 200 18243 "-" "Mozilla/5.0 AppleWebKit/537.36 (KHTML, like Gecko; compatible; ClaudeBot/1.0; +claudebot@anthropic.com)"
216.73.216.38 - - [04/Apr/2026:01:35:55 -0400] "GET /age/60-100,40-49/hair/white/ethnicity/native,white,other/languages/turkish HTTP/1.1" 200 18244 "-" "Mozilla/5.0 AppleWebKit/537.36 (KHTML, like Gecko; compatible; ClaudeBot/1.0; +claudebot@anthropic.com)"
17.22.237.145 - - [04/Apr/2026:01:35:55 -0400] "GET /gender/c,t/age/40-49/ethnicity/other,native/languages/serbian HTTP/1.1" 200 17647 "-" "Mozilla/5.0 (Macintosh; Intel Mac OS X 10_15_7) AppleWebKit/605.1.15 (KHTML, like Gecko) Version/17.4 Safari/605.1.15 (Applebot/0.1; +http://www.apple.com/go/applebot)"
74.7.227.134 - - [04/Apr/2026:01:35:55 -0400] "GET /age/30-39,20-29/ethnicity/news-leonardo-faz-homenagem-apos-morte-de-assessora-cuidou-de-mim-como-filho,native,black,latino,asian,other,islander,white,east-indian HTTP/1.1" 200 22650 "https://www.nudcam.com/age/30-39,20-29/ethnicity/news-leonardo-faz-homenagem-apos-morte-de-assessora-cuidou-de-mim-como-filho,native,black,latino,asian,other,islander,white" "Mozilla/5.0 AppleWebKit/537.36 (KHTML, like Gecko; compatible; GPTBot/1.3; +https://openai.com/gptbot)"
216.73.216.38 - - [04/Apr/2026:01:35:55 -0400] "GET /age/18-19/hair/red,white/ethnicity/islander,other/languages/kashmiri HTTP/1.1" 200 17861 "-" "Mozilla/5.0 AppleWebKit/537.36 (KHTML, like Gecko; compatible; ClaudeBot/1.0; +claudebot@anthropic.com)"
216.73.216.38 - - [04/Apr/2026:01:35:56 -0400] "GET /age/20-29,30-39/ethnicity/islander,native,east-indian/languages/hungarian HTTP/1.1" 200 18053 "-" "Mozilla/5.0 AppleWebKit/537.36 (KHTML, like Gecko; compatible; ClaudeBot/1.0; +claudebot@anthropic.com)"
66.249.66.43 - - [04/Apr/2026:01:35:56 -0400] "GET /hair/white/ethnicity/black,native,other,latino,asian HTTP/1.1" 200 17272 "-" "Mozilla/5.0 (Linux; Android 6.0.1; Nexus 5X Build/MMB29P) AppleWebKit/537.36 (KHTML, like Gecko) Chrome/146.0.7680.177 Mobile Safari/537.36 (compatible; Googlebot/2.1; +http://www.google.com/bot.html)"
216.73.216.38 - - [04/Apr/2026:01:35:56 -0400] "GET /status/online/gender/t/hair/auburn,grey,brown/languages/finnish HTTP/1.1" 200 17736 "-" "Mozilla/5.0 AppleWebKit/537.36 (KHTML, like Gecko; compatible; ClaudeBot/1.0; +claudebot@anthropic.com)"
17.241.227.49 - - [04/Apr/2026:01:35:56 -0400] "GET /age/40-49/hair/red,white/ethnicity/other,native,white,islander/languages/hindi HTTP/1.1" 200 18355 "-" "Mozilla/5.0 (Macintosh; Intel Mac OS X 10_15_7) AppleWebKit/605.1.15 (KHTML, like Gecko) Version/17.4 Safari/605.1.15 (Applebot/0.1; +http://www.apple.com/go/applebot)"
216.73.216.38 - - [04/Apr/2026:01:35:56 -0400] "GET /gender/f,m,c/ethnicity/islander,latino,native/languages/maltese HTTP/1.1" 200 17921 "-" "Mozilla/5.0 AppleWebKit/537.36 (KHTML, like Gecko; compatible; ClaudeBot/1.0; +claudebot@anthropic.com)"
34.231.156.59 - - [04/Apr/2026:01:35:56 -0400] "GET /status/offline,online/gender/t,c/age/20-29,60-100/hair/red/ethnicity/latino,islander,native/languages/vietnamese HTTP/1.1" 200 20183 "-" "Mozilla/5.0 AppleWebKit/537.36 (KHTML, like Gecko; compatible; Amazonbot/0.1; +https://developer.amazon.com/support/amazonbot) Chrome/119.0.6045.214 Safari/537.36"
216.73.216.38 - - [04/Apr/2026:01:35:56 -0400] "GET /age/60-100,50-59,20-29/hair/red,grey/languages/swedish HTTP/1.1" 200 17471 "-" "Mozilla/5.0 AppleWebKit/537.36 (KHTML, like Gecko; compatible; ClaudeBot/1.0; +claudebot@anthropic.com)"
216.73.216.38 - - [04/Apr/2026:01:35:56 -0400] "GET /status/online/gender/c,f,t/hair/red,grey/languages/german HTTP/1.1" 200 17739 "-" "Mozilla/5.0 AppleWebKit/537.36 (KHTML, like Gecko; compatible; ClaudeBot/1.0; +claudebot@anthropic.com)"
216.73.216.38 - - [04/Apr/2026:01:35:56 -0400] "GET /age/40-49/hair/brown,black,grey,white/ethnicity/native/languages/persian HTTP/1.1" 200 18155 "-" "Mozilla/5.0 AppleWebKit/537.36 (KHTML, like Gecko; compatible; ClaudeBot/1.0; +claudebot@anthropic.com)"
216.73.216.38 - - [04/Apr/2026:01:35:56 -0400] "GET /status/online/gender/m,c/hair/brown,grey/languages/georgian HTTP/1.1" 200 17626 "-" "Mozilla/5.0 AppleWebKit/537.36 (KHTML, like Gecko; compatible; ClaudeBot/1.0; +claudebot@anthropic.com)"
216.73.216.38 - - [04/Apr/2026:01:35:56 -0400] "GET /status/offline/gender/f,t/age/20-29,40-49/ethnicity/black/languages/greek HTTP/1.1" 200 18185 "-" "Mozilla/5.0 AppleWebKit/537.36 (KHTML, like Gecko; compatible; ClaudeBot/1.0; +claudebot@anthropic.com)"
216.73.216.38 - - [04/Apr/2026:01:35:56 -0400] "GET /gender/f/age/40-49/ethnicity/islander,latino,other/languages/icelandic HTTP/1.1" 200 17927 "-" "Mozilla/5.0 AppleWebKit/537.36 (KHTML, like Gecko; compatible; ClaudeBot/1.0; +claudebot@anthropic.com)"
74.7.227.30 - - [04/Apr/2026:01:35:56 -0400] "GET /age/50-59/ethnicity/native,other,east-indian,black,islander,white,latino,asian HTTP/1.1" 200 18734 "https://nudcam.com/ethnicity/native,other,east-indian,black,islander,white,latino,asian" "Mozilla/5.0 AppleWebKit/537.36 (KHTML, like Gecko; compatible; GPTBot/1.3; +https://openai.com/gptbot)"
216.73.216.38 - - [04/Apr/2026:01:35:56 -0400] "GET /status/online/age/18-19/hair/grey,white/ethnicity/white,black/languages/thai HTTP/1.1" 200 18289 "-" "Mozilla/5.0 AppleWebKit/537.36 (KHTML, like Gecko; compatible; ClaudeBot/1.0; +claudebot@anthropic.com)"
74.7.227.134 - - [04/Apr/2026:01:35:56 -0400] "GET /age/40-49,20-29,18-19/ethnicity/news-leonardo-faz-homenagem-apos-morte-de-assessora-cuidou-de-mim-como-filho,asian,islander,other,latino,white,black,east-indian,native HTTP/1.1" 200 23162 "https://www.nudcam.com/age/40-49,20-29/ethnicity/news-leonardo-faz-homenagem-apos-morte-de-assessora-cuidou-de-mim-como-filho,asian,islander,other,latino,white,black,east-indian,native" "Mozilla/5.0 AppleWebKit/537.36 (KHTML, like Gecko; compatible; GPTBot/1.3; +https://openai.com/gptbot)"
216.73.216.38 - - [04/Apr/2026:01:35:56 -0400] "GET /status/online/age/20-29,18-19/ethnicity/latino,asian/languages/vietnamese HTTP/1.1" 200 18035 "-" "Mozilla/5.0 AppleWebKit/537.36 (KHTML, like Gecko; compatible; ClaudeBot/1.0; +claudebot@anthropic.com)"
216.73.216.38 - - [04/Apr/2026:01:35:57 -0400] "GET /status/offline,online/gender/m,t/ethnicity/native,white,islander/languages/catalan HTTP/1.1" 200 18742 "-" "Mozilla/5.0 AppleWebKit/537.36 (KHTML, like Gecko; compatible; ClaudeBot/1.0; +claudebot@anthropic.com)"
17.22.237.172 - - [04/Apr/2026:01:35:57 -0400] "GET /gender/t/ethnicity/native,east-indian,latino,islander/languages/french HTTP/1.1" 200 17945 "-" "Mozilla/5.0 (Macintosh; Intel Mac OS X 10_15_7) AppleWebKit/605.1.15 (KHTML, like Gecko) Version/17.4 Safari/605.1.15 (Applebot/0.1; +http://www.apple.com/go/applebot)"
216.73.216.38 - - [04/Apr/2026:01:35:57 -0400] "GET /hair/blonde/ethnicity/black,islander,native,other/languages/maltese HTTP/1.1" 200 17846 "-" "Mozilla/5.0 AppleWebKit/537.36 (KHTML, like Gecko; compatible; ClaudeBot/1.0; +claudebot@anthropic.com)"
17.241.219.156 - - [04/Apr/2026:01:35:57 -0400] "GET /age/50-59/hair/black/ethnicity/native,latino,asian/languages/korean HTTP/1.1" 200 17603 "-" "Mozilla/5.0 (Macintosh; Intel Mac OS X 10_15_7) AppleWebKit/605.1.15 (KHTML, like Gecko) Version/17.4 Safari/605.1.15 (Applebot/0.1; +http://www.apple.com/go/applebot)"
216.73.216.38 - - [04/Apr/2026:01:35:57 -0400] "GET /status/offline,online/age/18-19,20-29,60-100/ethnicity/white/languages/faeroese HTTP/1.1" 200 18407 "-" "Mozilla/5.0 AppleWebKit/537.36 (KHTML, like Gecko; compatible; ClaudeBot/1.0; +claudebot@anthropic.com)"
144.76.32.236 - - [04/Apr/2026:01:35:57 -0400] "GET /gender/c,m,f/hair/red,grey/languages/greek HTTP/1.1" 200 16879 "-" "Mozilla/5.0 (compatible; SERankingBacklinksBot/1.0; +https://seranking.com/backlinks-crawler)"
216.73.216.38 - - [04/Apr/2026:01:35:57 -0400] "GET /status/online/gender/m,c/age/18-19/ethnicity/black,other/languages/irish HTTP/1.1" 200 18170 "-" "Mozilla/5.0 AppleWebKit/537.36 (KHTML, like Gecko; compatible; ClaudeBot/1.0; +claudebot@anthropic.com)"
216.73.216.38 - - [04/Apr/2026:01:35:57 -0400] "GET /status/offline,online/hair/grey/ethnicity/native,islander,white/languages/lithuanian HTTP/1.1" 200 18592 "-" "Mozilla/5.0 AppleWebKit/537.36 (KHTML, like Gecko; compatible; ClaudeBot/1.0; +claudebot@anthropic.com)"
216.73.216.38 - - [04/Apr/2026:01:35:57 -0400] "GET /status/online/age/20-29/hair/red,white/ethnicity/islander,white/languages/thai HTTP/1.1" 200 18355 "-" "Mozilla/5.0 AppleWebKit/537.36 (KHTML, like Gecko; compatible; ClaudeBot/1.0; +claudebot@anthropic.com)"
216.73.216.38 - - [04/Apr/2026:01:35:57 -0400] "GET /status/offline/age/40-49/hair/black,brown,grey/ethnicity/black/languages/norwegian HTTP/1.1" 200 18473 "-" "Mozilla/5.0 AppleWebKit/537.36 (KHTML, like Gecko; compatible; ClaudeBot/1.0; +claudebot@anthropic.com)"
216.73.216.38 - - [04/Apr/2026:01:35:57 -0400] "GET /status/offline/age/30-39,60-100/hair/grey,white,red/languages/vietnamese HTTP/1.1" 200 18232 "-" "Mozilla/5.0 AppleWebKit/537.36 (KHTML, like Gecko; compatible; ClaudeBot/1.0; +claudebot@anthropic.com)"
216.73.216.38 - - [04/Apr/2026:01:35:57 -0400] "GET /gender/c,t/age/60-100/hair/red/ethnicity/black/languages/romanian HTTP/1.1" 200 17722 "-" "Mozilla/5.0 AppleWebKit/537.36 (KHTML, like Gecko; compatible; ClaudeBot/1.0; +claudebot@anthropic.com)"
74.7.227.30 - - [04/Apr/2026:01:35:57 -0400] "GET /age/20-29/ethnicity/islander,native,black,latino,asian,other,east-indian,white HTTP/1.1" 200 18734 "https://nudcam.com/ethnicity/islander,native,black,latino,asian,other,east-indian,white" "Mozilla/5.0 AppleWebKit/537.36 (KHTML, like Gecko; compatible; GPTBot/1.3; +https://openai.com/gptbot)"
216.73.216.38 - - [04/Apr/2026:01:35:57 -0400] "GET /status/online/age/40-49/hair/black,brown,grey/ethnicity/white/languages/arabic HTTP/1.1" 200 18335 "-" "Mozilla/5.0 AppleWebKit/537.36 (KHTML, like Gecko; compatible; ClaudeBot/1.0; +claudebot@anthropic.com)"
216.73.216.38 - - [04/Apr/2026:01:35:57 -0400] "GET /age/50-59,18-19,40-49/hair/black/ethnicity/white/languages/german HTTP/1.1" 200 17729 "-" "Mozilla/5.0 AppleWebKit/537.36 (KHTML, like Gecko; compatible; ClaudeBot/1.0; +claudebot@anthropic.com)"
74.7.227.134 - - [04/Apr/2026:01:35:57 -0400] "GET /age/50-59,30-39,18-19/ethnicity/news-leonardo-faz-homenagem-apos-morte-de-assessora-cuidou-de-mim-como-filho,native,white,east-indian,other,latino,islander,asian,black HTTP/1.1" 200 23162 "https://www.nudcam.com/age/50-59,30-39/ethnicity/news-leonardo-faz-homenagem-apos-morte-de-assessora-cuidou-de-mim-como-filho,native,white,east-indian,other,latino,islander,asian,black" "Mozilla/5.0 AppleWebKit/537.36 (KHTML, like Gecko; compatible; GPTBot/1.3; +https://openai.com/gptbot)"
216.73.216.38 - - [04/Apr/2026:01:35:58 -0400] "GET /gender/f/age/20-29,18-19/hair/red,black/languages/thai HTTP/1.1" 200 17443 "-" "Mozilla/5.0 AppleWebKit/537.36 (KHTML, like Gecko; compatible; ClaudeBot/1.0; +claudebot@anthropic.com)"
216.73.216.38 - - [04/Apr/2026:01:35:58 -0400] "GET /gender/c,m,t/age/60-100,20-29/ethnicity/black/languages/danish HTTP/1.1" 200 17841 "-" "Mozilla/5.0 AppleWebKit/537.36 (KHTML, like Gecko; compatible; ClaudeBot/1.0; +claudebot@anthropic.com)"
216.73.216.38 - - [04/Apr/2026:01:35:58 -0400] "GET /gender/t/age/60-100,20-29/ethnicity/islander,asian/languages/kurdish HTTP/1.1" 200 17859 "-" "Mozilla/5.0 AppleWebKit/537.36 (KHTML, like Gecko; compatible; ClaudeBot/1.0; +claudebot@anthropic.com)"
216.73.216.38 - - [04/Apr/2026:01:35:58 -0400] "GET /status/online/age/60-100/ethnicity/black,white,other,asian/languages/russian HTTP/1.1" 200 18324 "-" "Mozilla/5.0 AppleWebKit/537.36 (KHTML, like Gecko; compatible; ClaudeBot/1.0; +claudebot@anthropic.com)"
66.249.66.43 - - [04/Apr/2026:01:35:58 -0400] "GET /ethnicity/black,east-indian,islander,white,native,latino,asian HTTP/1.1" 200 17819 "-" "Mozilla/5.0 (Linux; Android 6.0.1; Nexus 5X Build/MMB29P) AppleWebKit/537.36 (KHTML, like Gecko) Chrome/146.0.7680.177 Mobile Safari/537.36 (compatible; Googlebot/2.1; +http://www.google.com/bot.html)"
216.73.216.38 - - [04/Apr/2026:01:35:58 -0400] "GET /status/offline/age/40-49/hair/brown,blonde,red,white/languages/hindi HTTP/1.1" 200 18085 "-" "Mozilla/5.0 AppleWebKit/537.36 (KHTML, like Gecko; compatible; ClaudeBot/1.0; +claudebot@anthropic.com)"
17.22.245.241 - - [04/Apr/2026:01:35:58 -0400] "GET /gender/f/age/60-100/ethnicity/islander,native,latino/languages/spanish HTTP/1.1" 200 17707 "-" "Mozilla/5.0 (Macintosh; Intel Mac OS X 10_15_7) AppleWebKit/605.1.15 (KHTML, like Gecko) Version/17.4 Safari/605.1.15 (Applebot/0.1; +http://www.apple.com/go/applebot)"
216.73.216.38 - - [04/Apr/2026:01:35:58 -0400] "GET /gender/t,c/age/20-29,50-59/ethnicity/white,native/languages/serbian HTTP/1.1" 200 18031 "-" "Mozilla/5.0 AppleWebKit/537.36 (KHTML, like Gecko; compatible; ClaudeBot/1.0; +claudebot@anthropic.com)"
216.73.216.38 - - [04/Apr/2026:01:35:58 -0400] "GET /status/online/gender/m/hair/blonde,red,brown/languages/spanish HTTP/1.1" 200 17703 "-" "Mozilla/5.0 AppleWebKit/537.36 (KHTML, like Gecko; compatible; ClaudeBot/1.0; +claudebot@anthropic.com)"
216.73.216.38 - - [04/Apr/2026:01:35:58 -0400] "GET /status/offline/gender/t/age/20-29/hair/red,white/ethnicity/native/languages/spanish HTTP/1.1" 200 18476 "-" "Mozilla/5.0 AppleWebKit/537.36 (KHTML, like Gecko; compatible; ClaudeBot/1.0; +claudebot@anthropic.com)"
216.73.216.38 - - [04/Apr/2026:01:35:58 -0400] "GET /hair/grey/ethnicity/asian,latino,native/languages/turkish HTTP/1.1" 200 17345 "-" "Mozilla/5.0 AppleWebKit/537.36 (KHTML, like Gecko; compatible; ClaudeBot/1.0; +claudebot@anthropic.com)"
216.73.216.38 - - [04/Apr/2026:01:35:58 -0400] "GET /hair/black,auburn/ethnicity/white,islander,black/languages/maltese HTTP/1.1" 200 17820 "-" "Mozilla/5.0 AppleWebKit/537.36 (KHTML, like Gecko; compatible; ClaudeBot/1.0; +claudebot@anthropic.com)"
74.7.227.30 - - [04/Apr/2026:01:35:58 -0400] "GET /age/50-59/ethnicity/asian,islander,black,native,east-indian,latino,other,white HTTP/1.1" 200 18734 "https://nudcam.com/ethnicity/asian,islander,black,native,east-indian,latino,other,white" "Mozilla/5.0 AppleWebKit/537.36 (KHTML, like Gecko; compatible; GPTBot/1.3; +https://openai.com/gptbot)"
216.73.216.38 - - [04/Apr/2026:01:35:58 -0400] "GET /age/30-39,40-49/hair/auburn,blonde,grey/languages/arabic HTTP/1.1" 200 17536 "-" "Mozilla/5.0 AppleWebKit/537.36 (KHTML, like Gecko; compatible; ClaudeBot/1.0; +claudebot@anthropic.com)"
74.7.227.134 - - [04/Apr/2026:01:35:59 -0400] "GET /age/18-19,50-59,40-49/ethnicity/news-leonardo-faz-homenagem-apos-morte-de-assessora-cuidou-de-mim-como-filho,other,white,asian,east-indian,islander,latino,native,black HTTP/1.1" 200 23162 "https://www.nudcam.com/age/18-19,50-59/ethnicity/news-leonardo-faz-homenagem-apos-morte-de-assessora-cuidou-de-mim-como-filho,other,white,asian,east-indian,islander,latino,native,black" "Mozilla/5.0 AppleWebKit/537.36 (KHTML, like Gecko; compatible; GPTBot/1.3; +https://openai.com/gptbot)"
216.73.216.38 - - [04/Apr/2026:01:35:59 -0400] "GET /status/offline/gender/c/age/40-49,18-19/hair/grey/languages/georgian HTTP/1.1" 200 17873 "-" "Mozilla/5.0 AppleWebKit/537.36 (KHTML, like Gecko; compatible; ClaudeBot/1.0; +claudebot@anthropic.com)"
216.73.216.38 - - [04/Apr/2026:01:35:59 -0400] "GET /age/20-29,50-59,60-100/ethnicity/islander,native,black/languages/malay HTTP/1.1" 200 18136 "-" "Mozilla/5.0 AppleWebKit/537.36 (KHTML, like Gecko; compatible; ClaudeBot/1.0; +claudebot@anthropic.com)"
17.241.227.222 - - [04/Apr/2026:01:35:59 -0400] "GET /status/online/ethnicity/other,asian/languages/irish HTTP/1.1" 200 16995 "-" "Mozilla/5.0 (Macintosh; Intel Mac OS X 10_15_7) AppleWebKit/605.1.15 (KHTML, like Gecko) Version/17.4 Safari/605.1.15 (Applebot/0.1; +http://www.apple.com/go/applebot)"
216.73.216.38 - - [04/Apr/2026:01:35:59 -0400] "GET /status/online/gender/t,c/age/30-39,50-59/ethnicity/white/languages/danish HTTP/1.1" 200 18187 "-" "Mozilla/5.0 AppleWebKit/537.36 (KHTML, like Gecko; compatible; ClaudeBot/1.0; +claudebot@anthropic.com)"
216.73.216.38 - - [04/Apr/2026:01:35:59 -0400] "GET /status/offline/age/60-100,18-19,50-59/ethnicity/native,other/languages/greek HTTP/1.1" 200 18314 "-" "Mozilla/5.0 AppleWebKit/537.36 (KHTML, like Gecko; compatible; ClaudeBot/1.0; +claudebot@anthropic.com)"
216.73.216.38 - - [04/Apr/2026:01:35:59 -0400] "GET /age/18-19,20-29/ethnicity/islander,white,native,black/languages/chinese HTTP/1.1" 200 18180 "-" "Mozilla/5.0 AppleWebKit/537.36 (KHTML, like Gecko; compatible; ClaudeBot/1.0; +claudebot@anthropic.com)"
17.22.237.211 - - [04/Apr/2026:01:35:59 -0400] "GET /gender/c/age/50-59,30-39/hair/blonde,auburn HTTP/1.1" 200 17047 "-" "Mozilla/5.0 (Macintosh; Intel Mac OS X 10_15_7) AppleWebKit/605.1.15 (KHTML, like Gecko) Version/17.4 Safari/605.1.15 (Applebot/0.1; +http://www.apple.com/go/applebot)"
216.73.216.38 - - [04/Apr/2026:01:35:59 -0400] "GET /age/18-19,20-29,60-100,30-39,40-49/ethnicity/native/languages/malay HTTP/1.1" 200 18003 "-" "Mozilla/5.0 AppleWebKit/537.36 (KHTML, like Gecko; compatible; ClaudeBot/1.0; +claudebot@anthropic.com)"
216.73.216.38 - - [04/Apr/2026:01:35:59 -0400] "GET /status/online/gender/m/hair/red,blonde,brown/languages/spanish HTTP/1.1" 200 17703 "-" "Mozilla/5.0 AppleWebKit/537.36 (KHTML, like Gecko; compatible; ClaudeBot/1.0; +claudebot@anthropic.com)"
216.73.216.38 - - [04/Apr/2026:01:35:59 -0400] "GET /age/30-39/hair/white/ethnicity/islander,latino,native/languages/norwegian HTTP/1.1" 200 18017 "-" "Mozilla/5.0 AppleWebKit/537.36 (KHTML, like Gecko; compatible; ClaudeBot/1.0; +claudebot@anthropic.com)"
216.73.216.38 - - [04/Apr/2026:01:35:59 -0400] "GET /status/offline/age/30-39,18-19/hair/auburn,blonde/languages/faeroese HTTP/1.1" 200 17908 "-" "Mozilla/5.0 AppleWebKit/537.36 (KHTML, like Gecko; compatible; ClaudeBot/1.0; +claudebot@anthropic.com)"
216.73.216.38 - - [04/Apr/2026:01:35:59 -0400] "GET /status/offline/gender/m,t,f/age/20-29,18-19/languages/japanese HTTP/1.1" 200 17911 "-" "Mozilla/5.0 AppleWebKit/537.36 (KHTML, like Gecko; compatible; ClaudeBot/1.0; +claudebot@anthropic.com)"
216.73.216.38 - - [04/Apr/2026:01:35:59 -0400] "GET /gender/f/age/40-49/hair/white/ethnicity/native,white,other/languages/spanish HTTP/1.1" 200 18280 "-" "Mozilla/5.0 AppleWebKit/537.36 (KHTML, like Gecko; compatible; ClaudeBot/1.0; +claudebot@anthropic.com)"
74.7.227.30 - - [04/Apr/2026:01:35:59 -0400] "GET /age/50-59/ethnicity/islander,native,black,white,east-indian,asian,latino,other HTTP/1.1" 200 18734 "https://nudcam.com/ethnicity/islander,native,black,white,east-indian,asian,latino,other" "Mozilla/5.0 AppleWebKit/537.36 (KHTML, like Gecko; compatible; GPTBot/1.3; +https://openai.com/gptbot)"
216.73.216.38 - - [04/Apr/2026:01:36:00 -0400] "GET /status/offline/gender/f/hair/grey,white,auburn,red/languages/belarusian HTTP/1.1" 200 18190 "-" "Mozilla/5.0 AppleWebKit/537.36 (KHTML, like Gecko; compatible; ClaudeBot/1.0; +claudebot@anthropic.com)"
74.7.227.134 - - [04/Apr/2026:01:36:00 -0400] "GET /age/50-59,30-39,20-29/ethnicity/news-leonardo-faz-homenagem-apos-morte-de-assessora-cuidou-de-mim-como-filho,native,white,east-indian,other,latino,islander,asian,black HTTP/1.1" 200 23162 "https://www.nudcam.com/age/50-59,30-39/ethnicity/news-leonardo-faz-homenagem-apos-morte-de-assessora-cuidou-de-mim-como-filho,native,white,east-indian,other,latino,islander,asian,black" "Mozilla/5.0 AppleWebKit/537.36 (KHTML, like Gecko; compatible; GPTBot/1.3; +https://openai.com/gptbot)"
216.73.216.38 - - [04/Apr/2026:01:36:00 -0400] "GET /gender/m/hair/auburn,black,grey/ethnicity/white/languages/dutch HTTP/1.1" 200 17665 "-" "Mozilla/5.0 AppleWebKit/537.36 (KHTML, like Gecko; compatible; ClaudeBot/1.0; +claudebot@anthropic.com)"
216.73.216.38 - - [04/Apr/2026:01:36:00 -0400] "GET /status/online/age/60-100,50-59,18-19/ethnicity/native,other/languages/french HTTP/1.1" 200 18316 "-" "Mozilla/5.0 AppleWebKit/537.36 (KHTML, like Gecko; compatible; ClaudeBot/1.0; +claudebot@anthropic.com)"
216.73.216.38 - - [04/Apr/2026:01:36:00 -0400] "GET /status/online/hair/red,auburn,grey,blonde/languages/hungarian HTTP/1.1" 200 17702 "-" "Mozilla/5.0 AppleWebKit/537.36 (KHTML, like Gecko; compatible; ClaudeBot/1.0; +claudebot@anthropic.com)"
66.249.66.43 - - [04/Apr/2026:01:36:00 -0400] "GET /age/18-19/hair/brown,red,white,black,blonde,auburn HTTP/1.1" 200 17407 "-" "Mozilla/5.0 (Linux; Android 6.0.1; Nexus 5X Build/MMB29P) AppleWebKit/537.36 (KHTML, like Gecko) Chrome/146.0.7680.177 Mobile Safari/537.36 (compatible; Googlebot/2.1; +http://www.google.com/bot.html)"
216.73.216.38 - - [04/Apr/2026:01:36:00 -0400] "GET /status/offline/age/30-39,50-59/ethnicity/black,latino,native/languages/swedish HTTP/1.1" 200 18391 "-" "Mozilla/5.0 AppleWebKit/537.36 (KHTML, like Gecko; compatible; ClaudeBot/1.0; +claudebot@anthropic.com)"
3.223.134.5 - - [04/Apr/2026:01:36:00 -0400] "GET /status/online,offline/gender/f/age/50-59,60-100/hair/black/ethnicity/islander,black/languages/hindi HTTP/1.1" 200 19242 "-" "Mozilla/5.0 AppleWebKit/537.36 (KHTML, like Gecko; compatible; Amazonbot/0.1; +https://developer.amazon.com/support/amazonbot) Chrome/119.0.6045.214 Safari/537.36"
216.73.216.38 - - [04/Apr/2026:01:36:00 -0400] "GET /status/offline/hair/auburn,white,grey,black/ethnicity/black/languages/catalan HTTP/1.1" 200 18325 "-" "Mozilla/5.0 AppleWebKit/537.36 (KHTML, like Gecko; compatible; ClaudeBot/1.0; +claudebot@anthropic.com)"
216.73.216.38 - - [04/Apr/2026:01:36:00 -0400] "GET /age/30-39/hair/black,red,auburn,brown/languages/kashmiri HTTP/1.1" 200 17535 "-" "Mozilla/5.0 AppleWebKit/537.36 (KHTML, like Gecko; compatible; ClaudeBot/1.0; +claudebot@anthropic.com)"
17.241.75.154 - - [04/Apr/2026:01:36:00 -0400] "GET /gender/m,t/ethnicity/east-indian,native/sites/1 HTTP/1.1" 200 17031 "-" "Mozilla/5.0 (Macintosh; Intel Mac OS X 10_15_7) AppleWebKit/605.1.15 (KHTML, like Gecko) Version/17.4 Safari/605.1.15 (Applebot/0.1; +http://www.apple.com/go/applebot)"
216.73.216.38 - - [04/Apr/2026:01:36:00 -0400] "GET /status/offline/age/30-39/hair/grey,red/ethnicity/islander,other/languages/belarusian HTTP/1.1" 200 18565 "-" "Mozilla/5.0 AppleWebKit/537.36 (KHTML, like Gecko; compatible; ClaudeBot/1.0; +claudebot@anthropic.com)"
17.22.245.159 - - [04/Apr/2026:01:36:00 -0400] "GET /status/online/hair/red,grey/languages/albanian HTTP/1.1" 200 16680 "-" "Mozilla/5.0 (Macintosh; Intel Mac OS X 10_15_7) AppleWebKit/605.1.15 (KHTML, like Gecko) Version/17.4 Safari/605.1.15 (Applebot/0.1; +http://www.apple.com/go/applebot)"
216.73.216.38 - - [04/Apr/2026:01:36:00 -0400] "GET /status/offline/age/50-59,20-29,18-19/ethnicity/white,islander/languages/persian HTTP/1.1" 200 18417 "-" "Mozilla/5.0 AppleWebKit/537.36 (KHTML, like Gecko; compatible; ClaudeBot/1.0; +claudebot@anthropic.com)"
216.73.216.38 - - [04/Apr/2026:01:36:00 -0400] "GET /age/20-29,18-19,60-100/hair/red,brown/languages/hebrew HTTP/1.1" 200 17469 "-" "Mozilla/5.0 AppleWebKit/537.36 (KHTML, like Gecko; compatible; ClaudeBot/1.0; +claudebot@anthropic.com)"
74.7.227.30 - - [04/Apr/2026:01:36:01 -0400] "GET /age/30-39/ethnicity/native,latino,east-indian,asian,other,white,islander HTTP/1.1" 200 18326 "https://nudcam.com/ethnicity/native,latino,east-indian,asian,other,white,islander" "Mozilla/5.0 AppleWebKit/537.36 (KHTML, like Gecko; compatible; GPTBot/1.3; +https://openai.com/gptbot)"
216.73.216.38 - - [04/Apr/2026:01:36:01 -0400] "GET /age/30-39,20-29/ethnicity/latino,black,other/languages/hindi HTTP/1.1" 200 17629 "-" "Mozilla/5.0 AppleWebKit/537.36 (KHTML, like Gecko; compatible; ClaudeBot/1.0; +claudebot@anthropic.com)"
216.73.216.38 - - [04/Apr/2026:01:36:01 -0400] "GET /age/30-39,20-29/hair/black/ethnicity/native,white/languages/slovak HTTP/1.1" 200 17788 "-" "Mozilla/5.0 AppleWebKit/537.36 (KHTML, like Gecko; compatible; ClaudeBot/1.0; +claudebot@anthropic.com)"
74.7.227.134 - - [04/Apr/2026:01:36:01 -0400] "GET /age/50-59,30-39/ethnicity/news-leonardo-faz-homenagem-apos-morte-de-assessora-cuidou-de-mim-como-filho,native,white,other,latino,islander,asian,black HTTP/1.1" 200 21921 "https://www.nudcam.com/age/50-59,30-39/ethnicity/news-leonardo-faz-homenagem-apos-morte-de-assessora-cuidou-de-mim-como-filho,native,white,east-indian,other,latino,islander,asian,black" "Mozilla/5.0 AppleWebKit/537.36 (KHTML, like Gecko; compatible; GPTBot/1.3; +https://openai.com/gptbot)"
216.73.216.38 - - [04/Apr/2026:01:36:01 -0400] "GET /gender/m,c,f,t/age/30-39/ethnicity/white/languages/slovak HTTP/1.1" 200 17674 "-" "Mozilla/5.0 AppleWebKit/537.36 (KHTML, like Gecko; compatible; ClaudeBot/1.0; +claudebot@anthropic.com)"
216.73.216.38 - - [04/Apr/2026:01:36:01 -0400] "GET /gender/c,t,f/age/60-100,50-59,20-29/languages/scots HTTP/1.1" 200 17557 "-" "Mozilla/5.0 AppleWebKit/537.36 (KHTML, like Gecko; compatible; ClaudeBot/1.0; +claudebot@anthropic.com)"
216.73.216.38 - - [04/Apr/2026:01:36:01 -0400] "GET /gender/f,t,m/age/20-29/ethnicity/white,other/languages/faeroese HTTP/1.1" 200 17897 "-" "Mozilla/5.0 AppleWebKit/537.36 (KHTML, like Gecko; compatible; ClaudeBot/1.0; +claudebot@anthropic.com)"
216.73.216.38 - - [04/Apr/2026:01:36:01 -0400] "GET /status/online/age/40-49/hair/white,red/ethnicity/islander,native/languages/chinese HTTP/1.1" 200 18493 "-" "Mozilla/5.0 AppleWebKit/537.36 (KHTML, like Gecko; compatible; ClaudeBot/1.0; +claudebot@anthropic.com)"
216.73.216.38 - - [04/Apr/2026:01:36:01 -0400] "GET /hair/black,grey/ethnicity/white,black,latino/languages/french HTTP/1.1" 200 17658 "-" "Mozilla/5.0 AppleWebKit/537.36 (KHTML, like Gecko; compatible; ClaudeBot/1.0; +claudebot@anthropic.com)"
216.73.216.38 - - [04/Apr/2026:01:36:01 -0400] "GET /gender/f/age/50-59/hair/brown,auburn/ethnicity/native/languages/thai HTTP/1.1" 200 17804 "-" "Mozilla/5.0 AppleWebKit/537.36 (KHTML, like Gecko; compatible; ClaudeBot/1.0; +claudebot@anthropic.com)"
216.73.216.38 - - [04/Apr/2026:01:36:01 -0400] "GET /age/40-49/hair/red,grey,black/ethnicity/latino/languages/maltese HTTP/1.1" 200 17707 "-" "Mozilla/5.0 AppleWebKit/537.36 (KHTML, like Gecko; compatible; ClaudeBot/1.0; +claudebot@anthropic.com)"
216.73.216.38 - - [04/Apr/2026:01:36:01 -0400] "GET /status/offline/gender/c/age/30-39,18-19,40-49/ethnicity/black/languages/vietnamese HTTP/1.1" 200 18473 "-" "Mozilla/5.0 AppleWebKit/537.36 (KHTML, like Gecko; compatible; ClaudeBot/1.0; +claudebot@anthropic.com)"
17.22.245.190 - - [04/Apr/2026:01:36:01 -0400] "GET /gender/c,f,m/age/30-39/hair/grey/sites/1 HTTP/1.1" 200 16768 "-" "Mozilla/5.0 (Macintosh; Intel Mac OS X 10_15_7) AppleWebKit/605.1.15 (KHTML, like Gecko) Version/17.4 Safari/605.1.15 (Applebot/0.1; +http://www.apple.com/go/applebot)"
216.73.216.38 - - [04/Apr/2026:01:36:01 -0400] "GET /status/online/age/30-39/hair/auburn,grey,white/ethnicity/white/languages/catalan HTTP/1.1" 200 18403 "-" "Mozilla/5.0 AppleWebKit/537.36 (KHTML, like Gecko; compatible; ClaudeBot/1.0; +claudebot@anthropic.com)"
74.7.227.30 - - [04/Apr/2026:01:36:02 -0400] "GET /age/30-39/ethnicity/latino,black,white,native,other,asian,east-indian,islander HTTP/1.1" 200 18734 "https://nudcam.com/ethnicity/latino,black,white,native,other,asian,east-indian,islander" "Mozilla/5.0 AppleWebKit/537.36 (KHTML, like Gecko; compatible; GPTBot/1.3; +https://openai.com/gptbot)"
216.73.216.38 - - [04/Apr/2026:01:36:02 -0400] "GET /status/online/age/18-19,60-100/ethnicity/black,other,white/languages/kurdish HTTP/1.1" 200 18325 "-" "Mozilla/5.0 AppleWebKit/537.36 (KHTML, like Gecko; compatible; ClaudeBot/1.0; +claudebot@anthropic.com)"
17.241.75.47 - - [04/Apr/2026:01:36:02 -0400] "GET /gender/c,f/age/20-29/ethnicity/asian,native,latino/languages/croatian HTTP/1.1" 200 17879 "-" "Mozilla/5.0 (Macintosh; Intel Mac OS X 10_15_7) AppleWebKit/605.1.15 (KHTML, like Gecko) Version/17.4 Safari/605.1.15 (Applebot/0.1; +http://www.apple.com/go/applebot)"
216.73.216.38 - - [04/Apr/2026:01:36:02 -0400] "GET /age/30-39/hair/black,white,auburn/ethnicity/white/languages/greek HTTP/1.1" 200 17735 "-" "Mozilla/5.0 AppleWebKit/537.36 (KHTML, like Gecko; compatible; ClaudeBot/1.0; +claudebot@anthropic.com)"
74.7.227.134 - - [04/Apr/2026:01:36:02 -0400] "GET /age/40-49,20-29,30-39/ethnicity/news-leonardo-faz-homenagem-apos-morte-de-assessora-cuidou-de-mim-como-filho,asian,islander,other,latino,white,black,east-indian,native HTTP/1.1" 200 23162 "https://www.nudcam.com/age/40-49,20-29/ethnicity/news-leonardo-faz-homenagem-apos-morte-de-assessora-cuidou-de-mim-como-filho,asian,islander,other,latino,white,black,east-indian,native" "Mozilla/5.0 AppleWebKit/537.36 (KHTML, like Gecko; compatible; GPTBot/1.3; +https://openai.com/gptbot)"
216.73.216.38 - - [04/Apr/2026:01:36:02 -0400] "GET /gender/t/age/18-19,20-29/hair/black/languages/greek HTTP/1.1" 200 17167 "-" "Mozilla/5.0 AppleWebKit/537.36 (KHTML, like Gecko; compatible; ClaudeBot/1.0; +claudebot@anthropic.com)"
216.73.216.38 - - [04/Apr/2026:01:36:02 -0400] "GET /gender/f,m,t/age/18-19,60-100/ethnicity/white/languages/catalan HTTP/1.1" 200 17876 "-" "Mozilla/5.0 AppleWebKit/537.36 (KHTML, like Gecko; compatible; ClaudeBot/1.0; +claudebot@anthropic.com)"
216.73.216.38 - - [04/Apr/2026:01:36:02 -0400] "GET /hair/blonde,brown,auburn,red/ethnicity/white/languages/scots HTTP/1.1" 200 17596 "-" "Mozilla/5.0 AppleWebKit/537.36 (KHTML, like Gecko; compatible; ClaudeBot/1.0; +claudebot@anthropic.com)"
216.73.216.38 - - [04/Apr/2026:01:36:02 -0400] "GET /status/online/age/50-59/hair/red,brown,grey,white/languages/danish HTTP/1.1" 200 18021 "-" "Mozilla/5.0 AppleWebKit/537.36 (KHTML, like Gecko; compatible; ClaudeBot/1.0; +claudebot@anthropic.com)"
216.73.216.38 - - [04/Apr/2026:01:36:02 -0400] "GET /status/offline/gender/c,f/age/60-100/hair/grey/ethnicity/native/languages/bulgarian HTTP/1.1" 200 18488 "-" "Mozilla/5.0 AppleWebKit/537.36 (KHTML, like Gecko; compatible; ClaudeBot/1.0; +claudebot@anthropic.com)"
216.73.216.38 - - [04/Apr/2026:01:36:02 -0400] "GET /age/60-100,40-49/hair/red,auburn,black/languages/hungarian HTTP/1.1" 200 17606 "-" "Mozilla/5.0 AppleWebKit/537.36 (KHTML, like Gecko; compatible; ClaudeBot/1.0; +claudebot@anthropic.com)"
216.73.216.38 - - [04/Apr/2026:01:36:02 -0400] "GET /status/offline/age/30-39,60-100,20-29/hair/red,white/languages/scots HTTP/1.1" 200 18087 "-" "Mozilla/5.0 AppleWebKit/537.36 (KHTML, like Gecko; compatible; ClaudeBot/1.0; +claudebot@anthropic.com)"
216.73.216.38 - - [04/Apr/2026:01:36:02 -0400] "GET /age/20-29/hair/red,grey,blonde/ethnicity/islander/languages/norwegian HTTP/1.1" 200 17871 "-" "Mozilla/5.0 AppleWebKit/537.36 (KHTML, like Gecko; compatible; ClaudeBot/1.0; +claudebot@anthropic.com)"
216.73.216.38 - - [04/Apr/2026:01:36:02 -0400] "GET /gender/m/hair/auburn,brown,white/ethnicity/white/languages/belarusian HTTP/1.1" 200 17867 "-" "Mozilla/5.0 AppleWebKit/537.36 (KHTML, like Gecko; compatible; ClaudeBot/1.0; +claudebot@anthropic.com)"
216.73.216.38 - - [04/Apr/2026:01:36:03 -0400] "GET /status/online/age/30-39/hair/black,grey,white,auburn/languages/german HTTP/1.1" 200 18120 "-" "Mozilla/5.0 AppleWebKit/537.36 (KHTML, like Gecko; compatible; ClaudeBot/1.0; +claudebot@anthropic.com)"
74.7.227.30 - - [04/Apr/2026:01:36:03 -0400] "GET /age/30-39,40-49/ethnicity/latino,other,islander,white,native,east-indian,asian,black HTTP/1.1" 200 19155 "https://nudcam.com/age/30-39,40-49/ethnicity/latino,other,islander,white,native,east-indian,asian" "Mozilla/5.0 AppleWebKit/537.36 (KHTML, like Gecko; compatible; GPTBot/1.3; +https://openai.com/gptbot)"
216.73.216.38 - - [04/Apr/2026:01:36:03 -0400] "GET /gender/m,f/age/60-100,18-19/ethnicity/white,islander/languages/turkish HTTP/1.1" 200 18129 "-" "Mozilla/5.0 AppleWebKit/537.36 (KHTML, like Gecko; compatible; ClaudeBot/1.0; +claudebot@anthropic.com)"
216.73.216.38 - - [04/Apr/2026:01:36:03 -0400] "GET /status/offline/gender/m,t/age/20-29/ethnicity/other,black,native/languages/catalan HTTP/1.1" 200 18709 "-" "Mozilla/5.0 AppleWebKit/537.36 (KHTML, like Gecko; compatible; ClaudeBot/1.0; +claudebot@anthropic.com)"
17.22.253.33 - - [04/Apr/2026:01:36:03 -0400] "GET /gender/m/age/50-59/hair/brown,black,red/languages/serbian HTTP/1.1" 200 17538 "-" "Mozilla/5.0 (Macintosh; Intel Mac OS X 10_15_7) AppleWebKit/605.1.15 (KHTML, like Gecko) Version/17.4 Safari/605.1.15 (Applebot/0.1; +http://www.apple.com/go/applebot)"
17.241.75.36 - - [04/Apr/2026:01:36:03 -0400] "GET /gender/t/age/50-59/hair/auburn/ethnicity/black,native/languages/vietnamese HTTP/1.1" 200 17805 "-" "Mozilla/5.0 (Macintosh; Intel Mac OS X 10_15_7) AppleWebKit/605.1.15 (KHTML, like Gecko) Version/17.4 Safari/605.1.15 (Applebot/0.1; +http://www.apple.com/go/applebot)"
74.7.227.134 - - [04/Apr/2026:01:36:03 -0400] "GET /age/30-39,20-29,50-59/ethnicity/news-leonardo-faz-homenagem-apos-morte-de-assessora-cuidou-de-mim-como-filho,native,black,latino,asian,other,islander,white,east-indian HTTP/1.1" 200 23162 "https://www.nudcam.com/age/30-39,20-29/ethnicity/news-leonardo-faz-homenagem-apos-morte-de-assessora-cuidou-de-mim-como-filho,native,black,latino,asian,other,islander,white,east-indian" "Mozilla/5.0 AppleWebKit/537.36 (KHTML, like Gecko; compatible; GPTBot/1.3; +https://openai.com/gptbot)"
216.73.216.38 - - [04/Apr/2026:01:36:03 -0400] "GET /age/20-29,18-19/ethnicity/black,islander,native,other/languages/maltese HTTP/1.1" 200 18180 "-" "Mozilla/5.0 AppleWebKit/537.36 (KHTML, like Gecko; compatible; ClaudeBot/1.0; +claudebot@anthropic.com)"
216.73.216.38 - - [04/Apr/2026:01:36:03 -0400] "GET /status/online/gender/f,m,t/age/30-39,18-19/languages/french HTTP/1.1" 200 17808 "-" "Mozilla/5.0 AppleWebKit/537.36 (KHTML, like Gecko; compatible; ClaudeBot/1.0; +claudebot@anthropic.com)"
216.73.216.38 - - [04/Apr/2026:01:36:03 -0400] "GET /age/60-100/ethnicity/other,native,latino,white,black/languages/malay HTTP/1.1" 200 18076 "-" "Mozilla/5.0 AppleWebKit/537.36 (KHTML, like Gecko; compatible; ClaudeBot/1.0; +claudebot@anthropic.com)"
216.73.216.38 - - [04/Apr/2026:01:36:03 -0400] "GET /gender/t/age/60-100,50-59,40-49,20-29/languages/czech HTTP/1.1" 200 17427 "-" "Mozilla/5.0 AppleWebKit/537.36 (KHTML, like Gecko; compatible; ClaudeBot/1.0; +claudebot@anthropic.com)"
144.76.32.236 - - [04/Apr/2026:01:36:03 -0400] "GET /gender/c,t,f/age/50-59,30-39/hair/grey,red HTTP/1.1" 200 17134 "-" "Mozilla/5.0 (compatible; SERankingBacklinksBot/1.0; +https://seranking.com/backlinks-crawler)"
216.73.216.38 - - [04/Apr/2026:01:36:03 -0400] "GET /age/50-59,18-19,30-39/ethnicity/other,native,white/languages/hebrew HTTP/1.1" 200 18039 "-" "Mozilla/5.0 AppleWebKit/537.36 (KHTML, like Gecko; compatible; ClaudeBot/1.0; +claudebot@anthropic.com)"
216.73.216.38 - - [04/Apr/2026:01:36:03 -0400] "GET /age/60-100/hair/blonde,grey,red,auburn/languages/kurdish HTTP/1.1" 200 17533 "-" "Mozilla/5.0 AppleWebKit/537.36 (KHTML, like Gecko; compatible; ClaudeBot/1.0; +claudebot@anthropic.com)"
216.73.216.38 - - [04/Apr/2026:01:36:03 -0400] "GET /status/offline/hair/white,grey,blonde/ethnicity/native,other/languages/dutch HTTP/1.1" 200 18312 "-" "Mozilla/5.0 AppleWebKit/537.36 (KHTML, like Gecko; compatible; ClaudeBot/1.0; +claudebot@anthropic.com)"
216.73.216.38 - - [04/Apr/2026:01:36:03 -0400] "GET /status/offline/age/18-19,30-39/hair/auburn,grey,red/languages/scots HTTP/1.1" 200 18057 "-" "Mozilla/5.0 AppleWebKit/537.36 (KHTML, like Gecko; compatible; ClaudeBot/1.0; +claudebot@anthropic.com)"
216.73.216.38 - - [04/Apr/2026:01:36:04 -0400] "GET /status/offline/age/18-19,60-100,40-49/ethnicity/other,islander,native/languages/french HTTP/1.1" 200 18856 "-" "Mozilla/5.0 AppleWebKit/537.36 (KHTML, like Gecko; compatible; ClaudeBot/1.0; +claudebot@anthropic.com)"
216.73.216.38 - - [04/Apr/2026:01:36:04 -0400] "GET /status/offline/gender/f,t/ethnicity/white,native,other,islander/languages/vietnamese HTTP/1.1" 200 18810 "-" "Mozilla/5.0 AppleWebKit/537.36 (KHTML, like Gecko; compatible; ClaudeBot/1.0; +claudebot@anthropic.com)"
74.7.227.30 - - [04/Apr/2026:01:36:04 -0400] "GET /age/30-39,50-59/ethnicity/latino,other,islander,white,native,east-indian,asian,black HTTP/1.1" 200 19155 "https://nudcam.com/age/30-39,50-59/ethnicity/latino,other,islander,white,native,east-indian,asian" "Mozilla/5.0 AppleWebKit/537.36 (KHTML, like Gecko; compatible; GPTBot/1.3; +https://openai.com/gptbot)"
44.215.61.66 - - [04/Apr/2026:01:36:04 -0400] "GET /status/offline,online/gender/t,m,c/age/60-100,40-49/hair/grey,black/ethnicity/asian,white/languages/hindi HTTP/1.1" 200 20382 "-" "Mozilla/5.0 AppleWebKit/537.36 (KHTML, like Gecko; compatible; Amazonbot/0.1; +https://developer.amazon.com/support/amazonbot) Chrome/119.0.6045.214 Safari/537.36"
74.7.227.134 - - [04/Apr/2026:01:36:04 -0400] "GET /gender/m/age/40-49,18-19,30-39/ethnicity/news-leonardo-faz-homenagem-apos-morte-de-assessora-cuidou-de-mim-como-filho,black,east-indian,latino,native,other,white,islander,asian HTTP/1.1" 200 23782 "https://www.nudcam.com/age/40-49,18-19,30-39/ethnicity/news-leonardo-faz-homenagem-apos-morte-de-assessora-cuidou-de-mim-como-filho,black,east-indian,latino,native,other,white,islander,asian" "Mozilla/5.0 AppleWebKit/537.36 (KHTML, like Gecko; compatible; GPTBot/1.3; +https://openai.com/gptbot)"
216.73.216.38 - - [04/Apr/2026:01:36:04 -0400] "GET /status/offline/age/60-100/hair/brown,red,black,white/languages/persian HTTP/1.1" 200 18155 "-" "Mozilla/5.0 AppleWebKit/537.36 (KHTML, like Gecko; compatible; ClaudeBot/1.0; +claudebot@anthropic.com)"
216.73.216.38 - - [04/Apr/2026:01:36:04 -0400] "GET /status/offline/gender/m,t/age/30-39/ethnicity/white,native,other/languages/romanian HTTP/1.1" 200 18745 "-" "Mozilla/5.0 AppleWebKit/537.36 (KHTML, like Gecko; compatible; ClaudeBot/1.0; +claudebot@anthropic.com)"
216.73.216.38 - - [04/Apr/2026:01:36:04 -0400] "GET /age/30-39,50-59,60-100/ethnicity/islander,asian/languages/polish HTTP/1.1" 200 17752 "-" "Mozilla/5.0 AppleWebKit/537.36 (KHTML, like Gecko; compatible; ClaudeBot/1.0; +claudebot@anthropic.com)"
216.73.216.38 - - [04/Apr/2026:01:36:04 -0400] "GET /gender/t/hair/blonde,red,grey/ethnicity/native/languages/romanian HTTP/1.1" 200 17736 "-" "Mozilla/5.0 AppleWebKit/537.36 (KHTML, like Gecko; compatible; ClaudeBot/1.0; +claudebot@anthropic.com)"
17.22.253.112 - - [04/Apr/2026:01:36:04 -0400] "GET /gender/t,c/ethnicity/black,native,islander,other HTTP/1.1" 200 17158 "-" "Mozilla/5.0 (Macintosh; Intel Mac OS X 10_15_7) AppleWebKit/605.1.15 (KHTML, like Gecko) Version/17.4 Safari/605.1.15 (Applebot/0.1; +http://www.apple.com/go/applebot)"
216.73.216.38 - - [04/Apr/2026:01:36:04 -0400] "GET /status/offline/age/50-59,60-100/ethnicity/islander,east-indian/languages/norwegian HTTP/1.1" 200 18321 "-" "Mozilla/5.0 AppleWebKit/537.36 (KHTML, like Gecko; compatible; ClaudeBot/1.0; +claudebot@anthropic.com)"
216.73.216.38 - - [04/Apr/2026:01:36:04 -0400] "GET /age/40-49,60-100,18-19/ethnicity/native,latino/languages/icelandic HTTP/1.1" 200 17822 "-" "Mozilla/5.0 AppleWebKit/537.36 (KHTML, like Gecko; compatible; ClaudeBot/1.0; +claudebot@anthropic.com)"
17.241.75.54 - - [04/Apr/2026:01:36:04 -0400] "GET /gender/f/age/40-49/hair/brown/ethnicity/islander/languages/hebrew HTTP/1.1" 200 17517 "-" "Mozilla/5.0 (Macintosh; Intel Mac OS X 10_15_7) AppleWebKit/605.1.15 (KHTML, like Gecko) Version/17.4 Safari/605.1.15 (Applebot/0.1; +http://www.apple.com/go/applebot)"
216.73.216.38 - - [04/Apr/2026:01:36:04 -0400] "GET /age/60-100,40-49/hair/black,brown,grey/ethnicity/native/languages/catalan HTTP/1.1" 200 18193 "-" "Mozilla/5.0 AppleWebKit/537.36 (KHTML, like Gecko; compatible; ClaudeBot/1.0; +claudebot@anthropic.com)"
216.73.216.38 - - [04/Apr/2026:01:36:04 -0400] "GET /gender/t/age/18-19/ethnicity/asian,islander/languages/hindi HTTP/1.1" 200 17383 "-" "Mozilla/5.0 AppleWebKit/537.36 (KHTML, like Gecko; compatible; ClaudeBot/1.0; +claudebot@anthropic.com)"
216.73.216.38 - - [04/Apr/2026:01:36:04 -0400] "GET /status/offline/age/40-49/hair/grey/ethnicity/islander,native,other/languages/italian HTTP/1.1" 200 18553 "-" "Mozilla/5.0 AppleWebKit/537.36 (KHTML, like Gecko; compatible; ClaudeBot/1.0; +claudebot@anthropic.com)"
216.73.216.38 - - [04/Apr/2026:01:36:05 -0400] "GET /status/online,offline/gender/m/hair/brown/ethnicity/white/languages/faeroese HTTP/1.1" 200 18073 "-" "Mozilla/5.0 AppleWebKit/537.36 (KHTML, like Gecko; compatible; ClaudeBot/1.0; +claudebot@anthropic.com)"
216.73.216.38 - - [04/Apr/2026:01:36:05 -0400] "GET /age/18-19/hair/auburn,grey/ethnicity/other,islander/languages/dutch HTTP/1.1" 200 17823 "-" "Mozilla/5.0 AppleWebKit/537.36 (KHTML, like Gecko; compatible; ClaudeBot/1.0; +claudebot@anthropic.com)"
216.73.216.38 - - [04/Apr/2026:01:36:05 -0400] "GET /status/online/age/40-49,20-29,50-59/ethnicity/islander,white/languages/spanish HTTP/1.1" 200 18384 "-" "Mozilla/5.0 AppleWebKit/537.36 (KHTML, like Gecko; compatible; ClaudeBot/1.0; +claudebot@anthropic.com)"
74.7.227.30 - - [04/Apr/2026:01:36:05 -0400] "GET /age/40-49/ethnicity/asian,latino,black,other,islander,native,east-indian,white HTTP/1.1" 200 18734 "https://nudcam.com/ethnicity/asian,latino,black,other,islander,native,east-indian,white" "Mozilla/5.0 AppleWebKit/537.36 (KHTML, like Gecko; compatible; GPTBot/1.3; +https://openai.com/gptbot)"
216.73.216.38 - - [04/Apr/2026:01:36:05 -0400] "GET /gender/c/age/40-49/hair/blonde,brown/ethnicity/native/languages/swedish HTTP/1.1" 200 17906 "-" "Mozilla/5.0 AppleWebKit/537.36 (KHTML, like Gecko; compatible; ClaudeBot/1.0; +claudebot@anthropic.com)"
74.7.227.134 - - [04/Apr/2026:01:36:05 -0400] "GET /age/50-59,30-39,40-49/ethnicity/news-leonardo-faz-homenagem-apos-morte-de-assessora-cuidou-de-mim-como-filho,native,white,east-indian,other,latino,islander,asian,black HTTP/1.1" 200 23162 "https://www.nudcam.com/age/50-59,30-39/ethnicity/news-leonardo-faz-homenagem-apos-morte-de-assessora-cuidou-de-mim-como-filho,native,white,east-indian,other,latino,islander,asian,black" "Mozilla/5.0 AppleWebKit/537.36 (KHTML, like Gecko; compatible; GPTBot/1.3; +https://openai.com/gptbot)"
216.73.216.38 - - [04/Apr/2026:01:36:05 -0400] "GET /status/offline/age/20-29/ethnicity/latino,islander,black,asian/languages/german HTTP/1.1" 200 18421 "-" "Mozilla/5.0 AppleWebKit/537.36 (KHTML, like Gecko; compatible; ClaudeBot/1.0; +claudebot@anthropic.com)"
216.73.216.38 - - [04/Apr/2026:01:36:05 -0400] "GET /age/50-59/ethnicity/white,islander,latino,black/languages/hungarian HTTP/1.1" 200 17860 "-" "Mozilla/5.0 AppleWebKit/537.36 (KHTML, like Gecko; compatible; ClaudeBot/1.0; +claudebot@anthropic.com)"
216.73.216.38 - - [04/Apr/2026:01:36:05 -0400] "GET /status/offline,online/age/30-39,60-100,20-29,50-59/languages/spanish HTTP/1.1" 200 18121 "-" "Mozilla/5.0 AppleWebKit/537.36 (KHTML, like Gecko; compatible; ClaudeBot/1.0; +claudebot@anthropic.com)"
17.22.237.6 - - [04/Apr/2026:01:36:05 -0400] "GET /gender/f/age/40-49/ethnicity/other,native,islander/languages/irish HTTP/1.1" 200 17791 "-" "Mozilla/5.0 (Macintosh; Intel Mac OS X 10_15_7) AppleWebKit/605.1.15 (KHTML, like Gecko) Version/17.4 Safari/605.1.15 (Applebot/0.1; +http://www.apple.com/go/applebot)"
216.73.216.38 - - [04/Apr/2026:01:36:05 -0400] "GET /status/offline/age/60-100/hair/red,auburn,white/ethnicity/native/languages/kashmiri HTTP/1.1" 200 18504 "-" "Mozilla/5.0 AppleWebKit/537.36 (KHTML, like Gecko; compatible; ClaudeBot/1.0; +claudebot@anthropic.com)"
216.73.216.38 - - [04/Apr/2026:01:36:05 -0400] "GET /age/60-100,20-29/hair/grey,black/ethnicity/other/languages/kashmiri HTTP/1.1" 200 17810 "-" "Mozilla/5.0 AppleWebKit/537.36 (KHTML, like Gecko; compatible; ClaudeBot/1.0; +claudebot@anthropic.com)"
216.73.216.38 - - [04/Apr/2026:01:36:05 -0400] "GET /status/offline/age/30-39/ethnicity/native,latino,other,asian/languages/hindi HTTP/1.1" 200 18320 "-" "Mozilla/5.0 AppleWebKit/537.36 (KHTML, like Gecko; compatible; ClaudeBot/1.0; +claudebot@anthropic.com)"
216.73.216.38 - - [04/Apr/2026:01:36:05 -0400] "GET /status/online/gender/f/age/60-100,18-19/ethnicity/other,islander/languages/german HTTP/1.1" 200 18459 "-" "Mozilla/5.0 AppleWebKit/537.36 (KHTML, like Gecko; compatible; ClaudeBot/1.0; +claudebot@anthropic.com)"
216.73.216.38 - - [04/Apr/2026:01:36:06 -0400] "GET /hair/grey,red,blonde/ethnicity/black,white/languages/hungarian HTTP/1.1" 200 17692 "-" "Mozilla/5.0 AppleWebKit/537.36 (KHTML, like Gecko; compatible; ClaudeBot/1.0; +claudebot@anthropic.com)"
216.73.216.38 - - [04/Apr/2026:01:36:06 -0400] "GET /status/offline/gender/m,t/age/50-59,40-49/ethnicity/native,white/languages/catalan HTTP/1.1" 200 18710 "-" "Mozilla/5.0 AppleWebKit/537.36 (KHTML, like Gecko; compatible; ClaudeBot/1.0; +claudebot@anthropic.com)"
216.73.216.38 - - [04/Apr/2026:01:36:06 -0400] "GET /status/offline/hair/black,white,grey/ethnicity/black,white/languages/lithuanian HTTP/1.1" 200 18421 "-" "Mozilla/5.0 AppleWebKit/537.36 (KHTML, like Gecko; compatible; ClaudeBot/1.0; +claudebot@anthropic.com)"
74.7.227.30 - - [04/Apr/2026:01:36:06 -0400] "GET /age/30-39,20-29/ethnicity/latino,other,islander,white,native,east-indian,asian,black HTTP/1.1" 200 19155 "https://nudcam.com/age/30-39,20-29/ethnicity/latino,other,islander,white,native,east-indian,asian" "Mozilla/5.0 AppleWebKit/537.36 (KHTML, like Gecko; compatible; GPTBot/1.3; +https://openai.com/gptbot)"
216.73.216.38 - - [04/Apr/2026:01:36:06 -0400] "GET /gender/c,m/hair/white,auburn/ethnicity/white/languages/korean HTTP/1.1" 200 17620 "-" "Mozilla/5.0 AppleWebKit/537.36 (KHTML, like Gecko; compatible; ClaudeBot/1.0; +claudebot@anthropic.com)"
216.73.216.38 - - [04/Apr/2026:01:36:06 -0400] "GET /status/offline/age/30-39/hair/white,black/ethnicity/east-indian/languages/hebrew HTTP/1.1" 200 18201 "-" "Mozilla/5.0 AppleWebKit/537.36 (KHTML, like Gecko; compatible; ClaudeBot/1.0; +claudebot@anthropic.com)"
74.7.227.134 - - [04/Apr/2026:01:36:06 -0400] "GET /age/50-59,30-39,20-29/ethnicity/news-leonardo-faz-homenagem-apos-morte-de-assessora-cuidou-de-mim-como-filho,other,black,native,east-indian,asian,white,islander,latino HTTP/1.1" 200 23162 "https://www.nudcam.com/age/50-59,30-39/ethnicity/news-leonardo-faz-homenagem-apos-morte-de-assessora-cuidou-de-mim-como-filho,other,black,native,east-indian,asian,white,islander,latino" "Mozilla/5.0 AppleWebKit/537.36 (KHTML, like Gecko; compatible; GPTBot/1.3; +https://openai.com/gptbot)"
