74.7.227.30 - - [04/Apr/2026:01:31:39 -0400] "GET /status/offline/gender/c/age/30-39/ethnicity/other,native,east-indian,latino,asian,black,islander,white HTTP/1.1" 200 19993 "https://nudcam.com/status/offline/age/30-39/ethnicity/other,native,east-indian,latino,asian,black,islander,white" "Mozilla/5.0 AppleWebKit/537.36 (KHTML, like Gecko; compatible; GPTBot/1.3; +https://openai.com/gptbot)"
216.73.216.38 - - [04/Apr/2026:01:31:39 -0400] "GET /status/online/age/40-49/hair/black/ethnicity/other,native,white,black HTTP/1.1" 200 17977 "-" "Mozilla/5.0 AppleWebKit/537.36 (KHTML, like Gecko; compatible; ClaudeBot/1.0; +claudebot@anthropic.com)"
216.73.216.38 - - [04/Apr/2026:01:31:39 -0400] "GET /status/offline/gender/t/age/18-19,60-100,40-49/ethnicity/other/languages/spanish HTTP/1.1" 200 18180 "-" "Mozilla/5.0 AppleWebKit/537.36 (KHTML, like Gecko; compatible; ClaudeBot/1.0; +claudebot@anthropic.com)"
17.246.19.164 - - [04/Apr/2026:01:31:39 -0400] "GET /gender/c/ethnicity/black,east-indian,asian/sites/1 HTTP/1.1" 200 17114 "-" "Mozilla/5.0 (Macintosh; Intel Mac OS X 10_15_7) AppleWebKit/605.1.15 (KHTML, like Gecko) Version/17.4 Safari/605.1.15 (Applebot/0.1; +http://www.apple.com/go/applebot)"
216.73.216.38 - - [04/Apr/2026:01:31:39 -0400] "GET /gender/c,m/age/18-19/hair/grey,brown/ethnicity/black HTTP/1.1" 200 17215 "-" "Mozilla/5.0 AppleWebKit/537.36 (KHTML, like Gecko; compatible; ClaudeBot/1.0; +claudebot@anthropic.com)"
216.73.216.38 - - [04/Apr/2026:01:31:39 -0400] "GET /status/online/age/20-29,30-39,60-100/ethnicity/native,other/languages/fiji HTTP/1.1" 200 18026 "-" "Mozilla/5.0 AppleWebKit/537.36 (KHTML, like Gecko; compatible; ClaudeBot/1.0; +claudebot@anthropic.com)"
74.7.227.134 - - [04/Apr/2026:01:31:39 -0400] "GET /gender/c,t/age/18-19,30-39,40-49/ethnicity/news-leonardo-faz-homenagem-apos-morte-de-assessora-cuidou-de-mim-como-filho,islander,white,black,native,other,asian,east-indian,latino HTTP/1.1" 200 24178 "https://www.nudcam.com/gender/c/age/18-19,30-39,40-49/ethnicity/news-leonardo-faz-homenagem-apos-morte-de-assessora-cuidou-de-mim-como-filho,islander,white,black,native,other,asian,east-indian,latino" "Mozilla/5.0 AppleWebKit/537.36 (KHTML, like Gecko; compatible; GPTBot/1.3; +https://openai.com/gptbot)"
216.73.216.38 - - [04/Apr/2026:01:31:39 -0400] "GET /gender/c,f/age/18-19/hair/brown/ethnicity/native,asian HTTP/1.1" 200 17297 "-" "Mozilla/5.0 AppleWebKit/537.36 (KHTML, like Gecko; compatible; ClaudeBot/1.0; +claudebot@anthropic.com)"
216.73.216.38 - - [04/Apr/2026:01:31:39 -0400] "GET /status/offline/age/40-49,18-19/hair/grey/ethnicity/black,native/languages/fiji HTTP/1.1" 200 18130 "-" "Mozilla/5.0 AppleWebKit/537.36 (KHTML, like Gecko; compatible; ClaudeBot/1.0; +claudebot@anthropic.com)"
216.73.216.38 - - [04/Apr/2026:01:31:39 -0400] "GET /age/20-29,30-39,60-100,40-49/ethnicity/native,other/languages/fiji HTTP/1.1" 200 17775 "-" "Mozilla/5.0 AppleWebKit/537.36 (KHTML, like Gecko; compatible; ClaudeBot/1.0; +claudebot@anthropic.com)"
216.73.216.38 - - [04/Apr/2026:01:31:39 -0400] "GET /status/offline/age/40-49,30-39/ethnicity/islander,white,latino,black HTTP/1.1" 200 17979 "-" "Mozilla/5.0 AppleWebKit/537.36 (KHTML, like Gecko; compatible; ClaudeBot/1.0; +claudebot@anthropic.com)"
216.73.216.38 - - [04/Apr/2026:01:31:40 -0400] "GET /status/offline/gender/m/hair/brown,grey/ethnicity/white,latino HTTP/1.1" 200 17557 "-" "Mozilla/5.0 AppleWebKit/537.36 (KHTML, like Gecko; compatible; ClaudeBot/1.0; +claudebot@anthropic.com)"
3.230.69.161 - - [04/Apr/2026:01:31:40 -0400] "GET /status/offline/gender/c,f,m/age/50-59,30-39/ethnicity/native,asian,east-indian/languages/hebrew HTTP/1.1" 200 19588 "-" "Mozilla/5.0 AppleWebKit/537.36 (KHTML, like Gecko; compatible; Amazonbot/0.1; +https://developer.amazon.com/support/amazonbot) Chrome/119.0.6045.214 Safari/537.36"
216.73.216.38 - - [04/Apr/2026:01:31:40 -0400] "GET /gender/c,t/age/50-59,40-49/ethnicity/other,native/languages/spanish HTTP/1.1" 200 17811 "-" "Mozilla/5.0 AppleWebKit/537.36 (KHTML, like Gecko; compatible; ClaudeBot/1.0; +claudebot@anthropic.com)"
216.73.216.38 - - [04/Apr/2026:01:31:40 -0400] "GET /age/30-39,20-29/ethnicity/other,native,black,white/languages/hungarian HTTP/1.1" 200 17931 "-" "Mozilla/5.0 AppleWebKit/537.36 (KHTML, like Gecko; compatible; ClaudeBot/1.0; +claudebot@anthropic.com)"
74.7.227.30 - - [04/Apr/2026:01:31:40 -0400] "GET /status/offline/age/30-39/hair/brown/ethnicity/other,native,east-indian,latino,asian,black,islander,white HTTP/1.1" 200 20063 "https://nudcam.com/status/offline/age/30-39/ethnicity/other,native,east-indian,latino,asian,black,islander,white" "Mozilla/5.0 AppleWebKit/537.36 (KHTML, like Gecko; compatible; GPTBot/1.3; +https://openai.com/gptbot)"
216.73.216.38 - - [04/Apr/2026:01:31:40 -0400] "GET /age/20-29,18-19/ethnicity/native,asian,white,islander HTTP/1.1" 200 17316 "-" "Mozilla/5.0 AppleWebKit/537.36 (KHTML, like Gecko; compatible; ClaudeBot/1.0; +claudebot@anthropic.com)"
216.73.216.38 - - [04/Apr/2026:01:31:40 -0400] "GET /status/offline/gender/t,f/hair/white,brown/ethnicity/native,black HTTP/1.1" 200 17855 "-" "Mozilla/5.0 AppleWebKit/537.36 (KHTML, like Gecko; compatible; ClaudeBot/1.0; +claudebot@anthropic.com)"
216.73.216.38 - - [04/Apr/2026:01:31:40 -0400] "GET /gender/c/age/18-19,60-100/ethnicity/white,islander,native/languages/hindi HTTP/1.1" 200 17993 "-" "Mozilla/5.0 AppleWebKit/537.36 (KHTML, like Gecko; compatible; ClaudeBot/1.0; +claudebot@anthropic.com)"
216.73.216.38 - - [04/Apr/2026:01:31:40 -0400] "GET /status/offline/age/60-100,30-39/hair/grey,blonde/ethnicity/islander,native HTTP/1.1" 200 18154 "-" "Mozilla/5.0 AppleWebKit/537.36 (KHTML, like Gecko; compatible; ClaudeBot/1.0; +claudebot@anthropic.com)"
216.73.216.38 - - [04/Apr/2026:01:31:40 -0400] "GET /status/online/hair/black,white/ethnicity/other,native,white,black HTTP/1.1" 200 17872 "-" "Mozilla/5.0 AppleWebKit/537.36 (KHTML, like Gecko; compatible; ClaudeBot/1.0; +claudebot@anthropic.com)"
74.7.227.134 - - [04/Apr/2026:01:31:40 -0400] "GET /gender/c/age/40-49,30-39/ethnicity/news-leonardo-faz-homenagem-apos-morte-de-assessora-cuidou-de-mim-como-filho,islander,native,white,asian,east-indian,latino,black,other HTTP/1.1" 200 23257 "https://www.nudcam.com/age/40-49,30-39/ethnicity/news-leonardo-faz-homenagem-apos-morte-de-assessora-cuidou-de-mim-como-filho,islander,native,white,asian,east-indian,latino,black,other" "Mozilla/5.0 AppleWebKit/537.36 (KHTML, like Gecko; compatible; GPTBot/1.3; +https://openai.com/gptbot)"
216.73.216.38 - - [04/Apr/2026:01:31:40 -0400] "GET /age/30-39/ethnicity/white,native,asian,other/languages/hungarian HTTP/1.1" 200 17548 "-" "Mozilla/5.0 AppleWebKit/537.36 (KHTML, like Gecko; compatible; ClaudeBot/1.0; +claudebot@anthropic.com)"
216.73.216.38 - - [04/Apr/2026:01:31:40 -0400] "GET /status/online/age/60-100,40-49/ethnicity/latino,native,islander,other HTTP/1.1" 200 18013 "-" "Mozilla/5.0 AppleWebKit/537.36 (KHTML, like Gecko; compatible; ClaudeBot/1.0; +claudebot@anthropic.com)"
216.73.216.38 - - [04/Apr/2026:01:31:40 -0400] "GET /age/20-29,18-19,60-100,40-49/ethnicity/islander,other,native HTTP/1.1" 200 17713 "-" "Mozilla/5.0 AppleWebKit/537.36 (KHTML, like Gecko; compatible; ClaudeBot/1.0; +claudebot@anthropic.com)"
216.73.216.38 - - [04/Apr/2026:01:31:41 -0400] "GET /status/offline/gender/f,c/age/60-100/hair/grey,auburn/languages/romanian HTTP/1.1" 200 17995 "-" "Mozilla/5.0 AppleWebKit/537.36 (KHTML, like Gecko; compatible; ClaudeBot/1.0; +claudebot@anthropic.com)"
216.73.216.38 - - [04/Apr/2026:01:31:41 -0400] "GET /gender/f,t/age/40-49/ethnicity/native,islander,white,latino HTTP/1.1" 200 17675 "-" "Mozilla/5.0 AppleWebKit/537.36 (KHTML, like Gecko; compatible; ClaudeBot/1.0; +claudebot@anthropic.com)"
216.73.216.38 - - [04/Apr/2026:01:31:41 -0400] "GET /status/offline,online/age/20-29/hair/red,white/ethnicity/white/languages/spanish HTTP/1.1" 200 18195 "-" "Mozilla/5.0 AppleWebKit/537.36 (KHTML, like Gecko; compatible; ClaudeBot/1.0; +claudebot@anthropic.com)"
216.73.216.38 - - [04/Apr/2026:01:31:41 -0400] "GET /status/offline/age/18-19,40-49/ethnicity/native,other,white,east-indian HTTP/1.1" 200 18081 "-" "Mozilla/5.0 AppleWebKit/537.36 (KHTML, like Gecko; compatible; ClaudeBot/1.0; +claudebot@anthropic.com)"
74.7.227.30 - - [04/Apr/2026:01:31:41 -0400] "GET /age/50-59,40-49/ethnicity/east-indian,other,islander,white,latino,asian,black,native HTTP/1.1" 200 19155 "https://nudcam.com/age/50-59/ethnicity/east-indian,other,islander,white,latino,asian,black,native" "Mozilla/5.0 AppleWebKit/537.36 (KHTML, like Gecko; compatible; GPTBot/1.3; +https://openai.com/gptbot)"
216.73.216.38 - - [04/Apr/2026:01:31:41 -0400] "GET /status/offline/age/60-100,50-59,40-49/ethnicity/other,white,black,native HTTP/1.1" 200 18300 "-" "Mozilla/5.0 AppleWebKit/537.36 (KHTML, like Gecko; compatible; ClaudeBot/1.0; +claudebot@anthropic.com)"
216.73.216.38 - - [04/Apr/2026:01:31:41 -0400] "GET /hair/red,auburn/ethnicity/white,black,native/languages/japanese HTTP/1.1" 200 17510 "-" "Mozilla/5.0 AppleWebKit/537.36 (KHTML, like Gecko; compatible; ClaudeBot/1.0; +claudebot@anthropic.com)"
216.73.216.38 - - [04/Apr/2026:01:31:41 -0400] "GET /status/offline/age/18-19/hair/white/ethnicity/islander,black,white/languages/romanian HTTP/1.1" 200 18368 "-" "Mozilla/5.0 AppleWebKit/537.36 (KHTML, like Gecko; compatible; ClaudeBot/1.0; +claudebot@anthropic.com)"
216.73.216.38 - - [04/Apr/2026:01:31:41 -0400] "GET /age/18-19/hair/blonde,brown/ethnicity/black,islander,native HTTP/1.1" 200 17484 "-" "Mozilla/5.0 AppleWebKit/537.36 (KHTML, like Gecko; compatible; ClaudeBot/1.0; +claudebot@anthropic.com)"
74.7.227.134 - - [04/Apr/2026:01:31:41 -0400] "GET /age/40-49,30-39,20-29/ethnicity/news-leonardo-faz-homenagem-apos-morte-de-assessora-cuidou-de-mim-como-filho,islander,native,white,asian,east-indian,latino,black,other HTTP/1.1" 200 23162 "https://www.nudcam.com/age/40-49,30-39/ethnicity/news-leonardo-faz-homenagem-apos-morte-de-assessora-cuidou-de-mim-como-filho,islander,native,white,asian,east-indian,latino,black,other" "Mozilla/5.0 AppleWebKit/537.36 (KHTML, like Gecko; compatible; GPTBot/1.3; +https://openai.com/gptbot)"
216.73.216.38 - - [04/Apr/2026:01:31:41 -0400] "GET /status/online/age/50-59,60-100/ethnicity/other,black,native,islander HTTP/1.1" 200 17979 "-" "Mozilla/5.0 AppleWebKit/537.36 (KHTML, like Gecko; compatible; ClaudeBot/1.0; +claudebot@anthropic.com)"
216.73.216.38 - - [04/Apr/2026:01:31:41 -0400] "GET /age/40-49,50-59,30-39/ethnicity/other,white,black,native HTTP/1.1" 200 17584 "-" "Mozilla/5.0 AppleWebKit/537.36 (KHTML, like Gecko; compatible; ClaudeBot/1.0; +claudebot@anthropic.com)"
216.73.216.38 - - [04/Apr/2026:01:31:41 -0400] "GET /status/online/age/18-19,40-49/hair/grey,brown/languages/japanese HTTP/1.1" 200 17564 "-" "Mozilla/5.0 AppleWebKit/537.36 (KHTML, like Gecko; compatible; ClaudeBot/1.0; +claudebot@anthropic.com)"
216.73.216.38 - - [04/Apr/2026:01:31:42 -0400] "GET /gender/t/age/40-49/hair/white,black/ethnicity/white,islander HTTP/1.1" 200 17487 "-" "Mozilla/5.0 AppleWebKit/537.36 (KHTML, like Gecko; compatible; ClaudeBot/1.0; +claudebot@anthropic.com)"
216.73.216.38 - - [04/Apr/2026:01:31:42 -0400] "GET /status/offline/age/20-29,18-19/hair/grey,brown,white/languages/spanish HTTP/1.1" 200 17940 "-" "Mozilla/5.0 AppleWebKit/537.36 (KHTML, like Gecko; compatible; ClaudeBot/1.0; +claudebot@anthropic.com)"
216.73.216.38 - - [04/Apr/2026:01:31:42 -0400] "GET /status/online/ethnicity/native,islander,asian,black/languages/hungarian HTTP/1.1" 200 17777 "-" "Mozilla/5.0 AppleWebKit/537.36 (KHTML, like Gecko; compatible; ClaudeBot/1.0; +claudebot@anthropic.com)"
216.73.216.38 - - [04/Apr/2026:01:31:42 -0400] "GET /gender/t,f/age/18-19,40-49/hair/black/languages/spanish HTTP/1.1" 200 17271 "-" "Mozilla/5.0 AppleWebKit/537.36 (KHTML, like Gecko; compatible; ClaudeBot/1.0; +claudebot@anthropic.com)"
74.7.227.30 - - [04/Apr/2026:01:31:42 -0400] "GET /age/50-59,40-49/ethnicity/black,islander,east-indian,other,latino,white,asian,native HTTP/1.1" 200 19155 "https://nudcam.com/age/50-59/ethnicity/black,islander,east-indian,other,latino,white,asian,native" "Mozilla/5.0 AppleWebKit/537.36 (KHTML, like Gecko; compatible; GPTBot/1.3; +https://openai.com/gptbot)"
216.73.216.38 - - [04/Apr/2026:01:31:42 -0400] "GET /status/offline/age/50-59,20-29/ethnicity/latino,islander,black,native HTTP/1.1" 200 18013 "-" "Mozilla/5.0 AppleWebKit/537.36 (KHTML, like Gecko; compatible; ClaudeBot/1.0; +claudebot@anthropic.com)"
216.73.216.38 - - [04/Apr/2026:01:31:42 -0400] "GET /age/40-49,18-19,20-29/ethnicity/black,islander,native/languages/fiji HTTP/1.1" 200 17848 "-" "Mozilla/5.0 AppleWebKit/537.36 (KHTML, like Gecko; compatible; ClaudeBot/1.0; +claudebot@anthropic.com)"
216.73.216.38 - - [04/Apr/2026:01:31:42 -0400] "GET /age/30-39/ethnicity/native,asian,white,black/languages/hungarian HTTP/1.1" 200 17548 "-" "Mozilla/5.0 AppleWebKit/537.36 (KHTML, like Gecko; compatible; ClaudeBot/1.0; +claudebot@anthropic.com)"
216.73.216.38 - - [04/Apr/2026:01:31:42 -0400] "GET /age/40-49/hair/white,red,brown,black/ethnicity/native/languages/spanish HTTP/1.1" 200 17902 "-" "Mozilla/5.0 AppleWebKit/537.36 (KHTML, like Gecko; compatible; ClaudeBot/1.0; +claudebot@anthropic.com)"
66.249.66.69 - - [04/Apr/2026:01:31:42 -0400] "GET /ethnicity/other,white,asian,latino,black,native,islander HTTP/1.1" 200 17615 "-" "Mozilla/5.0 (Linux; Android 6.0.1; Nexus 5X Build/MMB29P) AppleWebKit/537.36 (KHTML, like Gecko) Chrome/146.0.7680.177 Mobile Safari/537.36 (compatible; Googlebot/2.1; +http://www.google.com/bot.html)"
216.73.216.38 - - [04/Apr/2026:01:31:42 -0400] "GET /status/online/gender/t,c,m,f/age/20-29/ethnicity/white,native HTTP/1.1" 200 17900 "-" "Mozilla/5.0 AppleWebKit/537.36 (KHTML, like Gecko; compatible; ClaudeBot/1.0; +claudebot@anthropic.com)"
74.7.227.134 - - [04/Apr/2026:01:31:42 -0400] "GET /age/40-49,18-19/ethnicity/news-leonardo-faz-homenagem-apos-morte-de-assessora-cuidou-de-mim-como-filho,latino,asian,native,islander,white,east-indian,other HTTP/1.1" 200 22143 "https://www.nudcam.com/age/40-49,18-19/ethnicity/news-leonardo-faz-homenagem-apos-morte-de-assessora-cuidou-de-mim-como-filho,latino,asian,native,black,islander,white,east-indian,other" "Mozilla/5.0 AppleWebKit/537.36 (KHTML, like Gecko; compatible; GPTBot/1.3; +https://openai.com/gptbot)"
216.73.216.38 - - [04/Apr/2026:01:31:42 -0400] "GET /status/online/ethnicity/islander,latino,east-indian,native HTTP/1.1" 200 17307 "-" "Mozilla/5.0 AppleWebKit/537.36 (KHTML, like Gecko; compatible; ClaudeBot/1.0; +claudebot@anthropic.com)"
216.73.216.38 - - [04/Apr/2026:01:31:42 -0400] "GET /gender/c,f/age/30-39,60-100/ethnicity/black,white/languages/romanian HTTP/1.1" 200 17847 "-" "Mozilla/5.0 AppleWebKit/537.36 (KHTML, like Gecko; compatible; ClaudeBot/1.0; +claudebot@anthropic.com)"
216.73.216.38 - - [04/Apr/2026:01:31:43 -0400] "GET /gender/f,c/age/18-19,50-59,40-49/hair/white HTTP/1.1" 200 16994 "-" "Mozilla/5.0 AppleWebKit/537.36 (KHTML, like Gecko; compatible; ClaudeBot/1.0; +claudebot@anthropic.com)"
216.73.216.38 - - [04/Apr/2026:01:31:43 -0400] "GET /gender/t,f/hair/white/ethnicity/white,black,other HTTP/1.1" 200 17156 "-" "Mozilla/5.0 AppleWebKit/537.36 (KHTML, like Gecko; compatible; ClaudeBot/1.0; +claudebot@anthropic.com)"
216.73.216.38 - - [04/Apr/2026:01:31:43 -0400] "GET /age/18-19,20-29/hair/auburn,red/ethnicity/native/languages/hindi HTTP/1.1" 200 17492 "-" "Mozilla/5.0 AppleWebKit/537.36 (KHTML, like Gecko; compatible; ClaudeBot/1.0; +claudebot@anthropic.com)"
216.73.216.38 - - [04/Apr/2026:01:31:43 -0400] "GET /status/online/age/40-49/hair/black,grey/ethnicity/islander,native,other HTTP/1.1" 200 18051 "-" "Mozilla/5.0 AppleWebKit/537.36 (KHTML, like Gecko; compatible; ClaudeBot/1.0; +claudebot@anthropic.com)"
216.73.216.38 - - [04/Apr/2026:01:31:43 -0400] "GET /status/offline/gender/m,c/hair/brown/ethnicity/white,latino HTTP/1.1" 200 17465 "-" "Mozilla/5.0 AppleWebKit/537.36 (KHTML, like Gecko; compatible; ClaudeBot/1.0; +claudebot@anthropic.com)"
74.7.227.30 - - [04/Apr/2026:01:31:43 -0400] "GET /age/50-59,30-39/ethnicity/other,native,east-indian,islander,white,black,latino,asian HTTP/1.1" 200 19155 "https://nudcam.com/age/50-59/ethnicity/other,native,east-indian,islander,white,black,latino,asian" "Mozilla/5.0 AppleWebKit/537.36 (KHTML, like Gecko; compatible; GPTBot/1.3; +https://openai.com/gptbot)"
216.73.216.38 - - [04/Apr/2026:01:31:43 -0400] "GET /status/online/age/20-29/hair/red/ethnicity/native,white,other/languages/romanian HTTP/1.1" 200 18203 "-" "Mozilla/5.0 AppleWebKit/537.36 (KHTML, like Gecko; compatible; ClaudeBot/1.0; +claudebot@anthropic.com)"
216.73.216.38 - - [04/Apr/2026:01:31:43 -0400] "GET /gender/f/age/40-49/hair/auburn,grey,brown/languages/hungarian HTTP/1.1" 200 17456 "-" "Mozilla/5.0 AppleWebKit/537.36 (KHTML, like Gecko; compatible; ClaudeBot/1.0; +claudebot@anthropic.com)"
216.73.216.38 - - [04/Apr/2026:01:31:43 -0400] "GET /status/online/gender/f,m,c/age/30-39,60-100,50-59 HTTP/1.1" 200 17373 "-" "Mozilla/5.0 AppleWebKit/537.36 (KHTML, like Gecko; compatible; ClaudeBot/1.0; +claudebot@anthropic.com)"
216.73.216.38 - - [04/Apr/2026:01:31:43 -0400] "GET /status/offline/gender/f/age/60-100/hair/grey,auburn/ethnicity/native/languages/romanian HTTP/1.1" 200 18391 "-" "Mozilla/5.0 AppleWebKit/537.36 (KHTML, like Gecko; compatible; ClaudeBot/1.0; +claudebot@anthropic.com)"
74.7.227.134 - - [04/Apr/2026:01:31:43 -0400] "GET /gender/m/age/40-49,20-29/ethnicity/news-leonardo-faz-homenagem-apos-morte-de-assessora-cuidou-de-mim-como-filho,native,black,east-indian,other,asian,islander,white HTTP/1.1" 200 22695 "https://www.nudcam.com/age/40-49,20-29/ethnicity/news-leonardo-faz-homenagem-apos-morte-de-assessora-cuidou-de-mim-como-filho,native,black,east-indian,other,asian,islander,white" "Mozilla/5.0 AppleWebKit/537.36 (KHTML, like Gecko; compatible; GPTBot/1.3; +https://openai.com/gptbot)"
216.73.216.38 - - [04/Apr/2026:01:31:43 -0400] "GET /status/offline/age/20-29,50-59/hair/red,grey,black/ethnicity/native HTTP/1.1" 200 17892 "-" "Mozilla/5.0 AppleWebKit/537.36 (KHTML, like Gecko; compatible; ClaudeBot/1.0; +claudebot@anthropic.com)"
216.73.216.38 - - [04/Apr/2026:01:31:43 -0400] "GET /hair/red,grey,black,white/ethnicity/islander,native/languages/romanian HTTP/1.1" 200 17916 "-" "Mozilla/5.0 AppleWebKit/537.36 (KHTML, like Gecko; compatible; ClaudeBot/1.0; +claudebot@anthropic.com)"
216.73.216.38 - - [04/Apr/2026:01:31:44 -0400] "GET /status/online/age/20-29,50-59/hair/blonde,grey,red HTTP/1.1" 200 17230 "-" "Mozilla/5.0 AppleWebKit/537.36 (KHTML, like Gecko; compatible; ClaudeBot/1.0; +claudebot@anthropic.com)"
216.73.216.38 - - [04/Apr/2026:01:31:44 -0400] "GET /status/offline/gender/f,m/age/40-49,18-19/ethnicity/native,white/languages/hindi HTTP/1.1" 200 18415 "-" "Mozilla/5.0 AppleWebKit/537.36 (KHTML, like Gecko; compatible; ClaudeBot/1.0; +claudebot@anthropic.com)"
216.73.216.38 - - [04/Apr/2026:01:31:44 -0400] "GET /age/40-49,50-59,18-19/hair/red/ethnicity/native/languages/romanian HTTP/1.1" 200 17549 "-" "Mozilla/5.0 AppleWebKit/537.36 (KHTML, like Gecko; compatible; ClaudeBot/1.0; +claudebot@anthropic.com)"
34.236.135.14 - - [04/Apr/2026:01:31:44 -0400] "GET /status/online,offline/gender/t,f,c/age/30-39/ethnicity/native,east-indian/languages/hebrew HTTP/1.1" 200 19202 "-" "Mozilla/5.0 AppleWebKit/537.36 (KHTML, like Gecko; compatible; Amazonbot/0.1; +https://developer.amazon.com/support/amazonbot) Chrome/119.0.6045.214 Safari/537.36"
216.73.216.38 - - [04/Apr/2026:01:31:44 -0400] "GET /status/online/age/18-19,40-49/ethnicity/other,native,white,latino HTTP/1.1" 200 17877 "-" "Mozilla/5.0 AppleWebKit/537.36 (KHTML, like Gecko; compatible; ClaudeBot/1.0; +claudebot@anthropic.com)"
216.73.216.38 - - [04/Apr/2026:01:31:44 -0400] "GET /gender/f/age/40-49/hair/red,blonde,brown,black HTTP/1.1" 200 17084 "-" "Mozilla/5.0 AppleWebKit/537.36 (KHTML, like Gecko; compatible; ClaudeBot/1.0; +claudebot@anthropic.com)"
74.7.227.30 - - [04/Apr/2026:01:31:44 -0400] "GET /age/40-49,50-59/hair/brown/ethnicity/other,latino,black,native,islander,asian,white,east-indian HTTP/1.1" 200 19742 "https://nudcam.com/age/40-49,50-59/ethnicity/other,latino,black,native,islander,asian,white,east-indian" "Mozilla/5.0 AppleWebKit/537.36 (KHTML, like Gecko; compatible; GPTBot/1.3; +https://openai.com/gptbot)"
144.76.32.236 - - [04/Apr/2026:01:31:44 -0400] "GET /gender/c,t,f/age/50-59,20-29,18-19/sites/1 HTTP/1.1" 200 17024 "-" "Mozilla/5.0 (compatible; SERankingBacklinksBot/1.0; +https://seranking.com/backlinks-crawler)"
74.7.227.134 - - [04/Apr/2026:01:31:44 -0400] "GET /age/30-39,18-19,40-49/ethnicity/news-leonardo-faz-homenagem-apos-morte-de-assessora-cuidou-de-mim-como-filho,islander,east-indian,asian,white,native,other,latino,black HTTP/1.1" 200 23162 "https://www.nudcam.com/age/30-39,18-19/ethnicity/news-leonardo-faz-homenagem-apos-morte-de-assessora-cuidou-de-mim-como-filho,islander,east-indian,asian,white,native,other,latino,black" "Mozilla/5.0 AppleWebKit/537.36 (KHTML, like Gecko; compatible; GPTBot/1.3; +https://openai.com/gptbot)"
74.7.227.30 - - [04/Apr/2026:01:31:45 -0400] "GET /age/50-59,20-29/ethnicity/east-indian,other,islander,white,latino,asian,black,native HTTP/1.1" 200 19155 "https://nudcam.com/age/50-59/ethnicity/east-indian,other,islander,white,latino,asian,black,native" "Mozilla/5.0 AppleWebKit/537.36 (KHTML, like Gecko; compatible; GPTBot/1.3; +https://openai.com/gptbot)"
74.7.227.134 - - [04/Apr/2026:01:31:45 -0400] "GET /age/40-49,18-19,20-29/ethnicity/news-leonardo-faz-homenagem-apos-morte-de-assessora-cuidou-de-mim-como-filho,latino,asian,native,black,islander,white,east-indian,other HTTP/1.1" 200 23162 "https://www.nudcam.com/age/40-49,18-19/ethnicity/news-leonardo-faz-homenagem-apos-morte-de-assessora-cuidou-de-mim-como-filho,latino,asian,native,black,islander,white,east-indian,other" "Mozilla/5.0 AppleWebKit/537.36 (KHTML, like Gecko; compatible; GPTBot/1.3; +https://openai.com/gptbot)"
74.7.227.30 - - [04/Apr/2026:01:31:46 -0400] "GET /age/40-49,20-29/ethnicity/other,latino,black,native,islander,asian,white,east-indian HTTP/1.1" 200 19155 "https://nudcam.com/age/40-49/ethnicity/other,latino,black,native,islander,asian,white,east-indian" "Mozilla/5.0 AppleWebKit/537.36 (KHTML, like Gecko; compatible; GPTBot/1.3; +https://openai.com/gptbot)"
74.7.227.134 - - [04/Apr/2026:01:31:46 -0400] "GET /age/40-49,18-19,30-39/ethnicity/news-leonardo-faz-homenagem-apos-morte-de-assessora-cuidou-de-mim-como-filho,latino,asian,native,black,islander,white,east-indian,other HTTP/1.1" 200 23162 "https://www.nudcam.com/age/40-49,18-19/ethnicity/news-leonardo-faz-homenagem-apos-morte-de-assessora-cuidou-de-mim-como-filho,latino,asian,native,black,islander,white,east-indian,other" "Mozilla/5.0 AppleWebKit/537.36 (KHTML, like Gecko; compatible; GPTBot/1.3; +https://openai.com/gptbot)"
216.73.216.38 - - [04/Apr/2026:01:31:47 -0400] "GET /status/offline,online/gender/f/hair/blonde,white/ethnicity/other HTTP/1.1" 200 17833 "-" "Mozilla/5.0 AppleWebKit/537.36 (KHTML, like Gecko; compatible; ClaudeBot/1.0; +claudebot@anthropic.com)"
216.73.216.38 - - [04/Apr/2026:01:31:47 -0400] "GET /age/50-59/hair/red,auburn/ethnicity/latino,asian HTTP/1.1" 200 17169 "-" "Mozilla/5.0 AppleWebKit/537.36 (KHTML, like Gecko; compatible; ClaudeBot/1.0; +claudebot@anthropic.com)"
216.73.216.38 - - [04/Apr/2026:01:31:47 -0400] "GET /gender/c/hair/brown,grey,black/ethnicity/native,asian HTTP/1.1" 200 17498 "-" "Mozilla/5.0 AppleWebKit/537.36 (KHTML, like Gecko; compatible; ClaudeBot/1.0; +claudebot@anthropic.com)"
216.73.216.38 - - [04/Apr/2026:01:31:47 -0400] "GET /status/offline/age/30-39,60-100/hair/blonde/ethnicity/black,other HTTP/1.1" 200 17877 "-" "Mozilla/5.0 AppleWebKit/537.36 (KHTML, like Gecko; compatible; ClaudeBot/1.0; +claudebot@anthropic.com)"
216.73.216.38 - - [04/Apr/2026:01:31:47 -0400] "GET /status/online/gender/f,m/hair/black/ethnicity/black,asian HTTP/1.1" 200 17619 "-" "Mozilla/5.0 AppleWebKit/537.36 (KHTML, like Gecko; compatible; ClaudeBot/1.0; +claudebot@anthropic.com)"
216.73.216.38 - - [04/Apr/2026:01:31:47 -0400] "GET /status/online/age/30-39,40-49,18-19/ethnicity/other,native,black HTTP/1.1" 200 18060 "-" "Mozilla/5.0 AppleWebKit/537.36 (KHTML, like Gecko; compatible; ClaudeBot/1.0; +claudebot@anthropic.com)"
216.73.216.38 - - [04/Apr/2026:01:31:47 -0400] "GET /gender/t/hair/blonde,brown/ethnicity/white,asian HTTP/1.1" 200 17164 "-" "Mozilla/5.0 AppleWebKit/537.36 (KHTML, like Gecko; compatible; ClaudeBot/1.0; +claudebot@anthropic.com)"
216.73.216.38 - - [04/Apr/2026:01:31:47 -0400] "GET /gender/t/age/50-59,20-29,18-19/ethnicity/native,other HTTP/1.1" 200 17499 "-" "Mozilla/5.0 AppleWebKit/537.36 (KHTML, like Gecko; compatible; ClaudeBot/1.0; +claudebot@anthropic.com)"
216.73.216.38 - - [04/Apr/2026:01:31:47 -0400] "GET /gender/c/age/18-19/hair/grey,brown/ethnicity/white,other HTTP/1.1" 200 17576 "-" "Mozilla/5.0 AppleWebKit/537.36 (KHTML, like Gecko; compatible; ClaudeBot/1.0; +claudebot@anthropic.com)"
216.73.216.38 - - [04/Apr/2026:01:31:47 -0400] "GET /status/online/gender/f,m/age/20-29,18-19/hair/auburn HTTP/1.1" 200 17496 "-" "Mozilla/5.0 AppleWebKit/537.36 (KHTML, like Gecko; compatible; ClaudeBot/1.0; +claudebot@anthropic.com)"
216.73.216.38 - - [04/Apr/2026:01:31:47 -0400] "GET /status/online/gender/c/age/60-100,50-59/hair/grey/ethnicity/islander HTTP/1.1" 200 17927 "-" "Mozilla/5.0 AppleWebKit/537.36 (KHTML, like Gecko; compatible; ClaudeBot/1.0; +claudebot@anthropic.com)"
216.73.216.38 - - [04/Apr/2026:01:31:47 -0400] "GET /hair/white,black,blonde/ethnicity/islander,white,other HTTP/1.1" 200 17560 "-" "Mozilla/5.0 AppleWebKit/537.36 (KHTML, like Gecko; compatible; ClaudeBot/1.0; +claudebot@anthropic.com)"
216.73.216.38 - - [04/Apr/2026:01:31:47 -0400] "GET /gender/m/age/40-49/hair/blonde/ethnicity/native,black,other HTTP/1.1" 200 17667 "-" "Mozilla/5.0 AppleWebKit/537.36 (KHTML, like Gecko; compatible; ClaudeBot/1.0; +claudebot@anthropic.com)"
216.73.216.38 - - [04/Apr/2026:01:31:47 -0400] "GET /gender/m/hair/brown,blonde/ethnicity/white,latino HTTP/1.1" 200 17195 "-" "Mozilla/5.0 AppleWebKit/537.36 (KHTML, like Gecko; compatible; ClaudeBot/1.0; +claudebot@anthropic.com)"
216.73.216.38 - - [04/Apr/2026:01:31:47 -0400] "GET /age/60-100/hair/blonde,red,brown,grey/ethnicity/other HTTP/1.1" 200 17478 "-" "Mozilla/5.0 AppleWebKit/537.36 (KHTML, like Gecko; compatible; ClaudeBot/1.0; +claudebot@anthropic.com)"
216.73.216.38 - - [04/Apr/2026:01:31:47 -0400] "GET /age/40-49,30-39/hair/blonde,red/ethnicity/other,native HTTP/1.1" 200 17540 "-" "Mozilla/5.0 AppleWebKit/537.36 (KHTML, like Gecko; compatible; ClaudeBot/1.0; +claudebot@anthropic.com)"
216.73.216.38 - - [04/Apr/2026:01:31:47 -0400] "GET /status/online,offline/age/60-100,40-49/hair/grey/ethnicity/native,black HTTP/1.1" 200 18278 "-" "Mozilla/5.0 AppleWebKit/537.36 (KHTML, like Gecko; compatible; ClaudeBot/1.0; +claudebot@anthropic.com)"
74.7.227.30 - - [04/Apr/2026:01:31:47 -0400] "GET /age/50-59,20-29/ethnicity/black,islander,east-indian,other,latino,white,asian,native HTTP/1.1" 200 19155 "https://nudcam.com/age/50-59/ethnicity/black,islander,east-indian,other,latino,white,asian,native" "Mozilla/5.0 AppleWebKit/537.36 (KHTML, like Gecko; compatible; GPTBot/1.3; +https://openai.com/gptbot)"
216.73.216.38 - - [04/Apr/2026:01:31:47 -0400] "GET /status/offline/gender/f/age/40-49/hair/blonde/ethnicity/other,asian HTTP/1.1" 200 17913 "-" "Mozilla/5.0 AppleWebKit/537.36 (KHTML, like Gecko; compatible; ClaudeBot/1.0; +claudebot@anthropic.com)"
216.73.216.38 - - [04/Apr/2026:01:31:47 -0400] "GET /age/40-49,30-39/hair/white/ethnicity/black,other,islander HTTP/1.1" 200 17633 "-" "Mozilla/5.0 AppleWebKit/537.36 (KHTML, like Gecko; compatible; ClaudeBot/1.0; +claudebot@anthropic.com)"
216.73.216.38 - - [04/Apr/2026:01:31:47 -0400] "GET /status/offline,online/hair/red,black/ethnicity/other,native,white HTTP/1.1" 200 18104 "-" "Mozilla/5.0 AppleWebKit/537.36 (KHTML, like Gecko; compatible; ClaudeBot/1.0; +claudebot@anthropic.com)"
66.249.66.67 - - [04/Apr/2026:01:31:47 -0400] "GET /ethnicity/latino,native,other,white,asian,black,east-indian HTTP/1.1" 200 17717 "-" "Mozilla/5.0 (Linux; Android 6.0.1; Nexus 5X Build/MMB29P) AppleWebKit/537.36 (KHTML, like Gecko) Chrome/146.0.7680.177 Mobile Safari/537.36 (compatible; Googlebot/2.1; +http://www.google.com/bot.html)"
216.73.216.38 - - [04/Apr/2026:01:31:47 -0400] "GET /age/18-19,60-100/hair/white,red,brown/ethnicity/islander HTTP/1.1" 200 17582 "-" "Mozilla/5.0 AppleWebKit/537.36 (KHTML, like Gecko; compatible; ClaudeBot/1.0; +claudebot@anthropic.com)"
74.7.227.134 - - [04/Apr/2026:01:31:47 -0400] "GET /age/30-39,18-19,20-29/ethnicity/news-leonardo-faz-homenagem-apos-morte-de-assessora-cuidou-de-mim-como-filho,islander,east-indian,asian,white,native,other,latino,black HTTP/1.1" 200 23162 "https://www.nudcam.com/age/30-39,18-19/ethnicity/news-leonardo-faz-homenagem-apos-morte-de-assessora-cuidou-de-mim-como-filho,islander,east-indian,asian,white,native,other,latino,black" "Mozilla/5.0 AppleWebKit/537.36 (KHTML, like Gecko; compatible; GPTBot/1.3; +https://openai.com/gptbot)"
216.73.216.38 - - [04/Apr/2026:01:31:48 -0400] "GET /status/offline/age/50-59/hair/grey,black/ethnicity/other,latino HTTP/1.1" 200 17816 "-" "Mozilla/5.0 AppleWebKit/537.36 (KHTML, like Gecko; compatible; ClaudeBot/1.0; +claudebot@anthropic.com)"
216.73.216.38 - - [04/Apr/2026:01:31:48 -0400] "GET /age/20-29/hair/blonde,red/ethnicity/other,islander,white HTTP/1.1" 200 17605 "-" "Mozilla/5.0 AppleWebKit/537.36 (KHTML, like Gecko; compatible; ClaudeBot/1.0; +claudebot@anthropic.com)"
216.73.216.38 - - [04/Apr/2026:01:31:48 -0400] "GET /status/online/gender/m,f/age/40-49/hair/grey,black,red HTTP/1.1" 200 17741 "-" "Mozilla/5.0 AppleWebKit/537.36 (KHTML, like Gecko; compatible; ClaudeBot/1.0; +claudebot@anthropic.com)"
216.73.216.38 - - [04/Apr/2026:01:31:48 -0400] "GET /gender/c,m/age/18-19,60-100/ethnicity/native,islander,black HTTP/1.1" 200 17899 "-" "Mozilla/5.0 AppleWebKit/537.36 (KHTML, like Gecko; compatible; ClaudeBot/1.0; +claudebot@anthropic.com)"
216.73.216.38 - - [04/Apr/2026:01:31:48 -0400] "GET /age/40-49,20-29/hair/grey,brown,white,blonde HTTP/1.1" 200 17268 "-" "Mozilla/5.0 AppleWebKit/537.36 (KHTML, like Gecko; compatible; ClaudeBot/1.0; +claudebot@anthropic.com)"
3.224.205.25 - - [04/Apr/2026:01:31:48 -0400] "GET /status/offline,online/gender/m,f,t,c/age/60-100,20-29,18-19/ethnicity/islander,east-indian,native/languages/hindi HTTP/1.1" 200 20944 "-" "Mozilla/5.0 AppleWebKit/537.36 (KHTML, like Gecko; compatible; Amazonbot/0.1; +https://developer.amazon.com/support/amazonbot) Chrome/119.0.6045.214 Safari/537.36"
216.73.216.38 - - [04/Apr/2026:01:31:48 -0400] "GET /status/offline/gender/m,f/age/50-59/ethnicity/white,black,islander,native HTTP/1.1" 200 18551 "-" "Mozilla/5.0 AppleWebKit/537.36 (KHTML, like Gecko; compatible; ClaudeBot/1.0; +claudebot@anthropic.com)"
216.73.216.38 - - [04/Apr/2026:01:31:48 -0400] "GET /status/offline/age/20-29,50-59/hair/white/ethnicity/latino,black HTTP/1.1" 200 17844 "-" "Mozilla/5.0 AppleWebKit/537.36 (KHTML, like Gecko; compatible; ClaudeBot/1.0; +claudebot@anthropic.com)"
74.7.227.30 - - [04/Apr/2026:01:31:48 -0400] "GET /age/30-39,50-59/ethnicity/asian,islander,white,east-indian,latino,other,black,native HTTP/1.1" 200 19155 "https://nudcam.com/age/30-39/ethnicity/asian,islander,white,east-indian,latino,other,black,native" "Mozilla/5.0 AppleWebKit/537.36 (KHTML, like Gecko; compatible; GPTBot/1.3; +https://openai.com/gptbot)"
216.73.216.38 - - [04/Apr/2026:01:31:48 -0400] "GET /status/online/age/40-49/hair/brown,blonde,auburn/ethnicity/islander HTTP/1.1" 200 17924 "-" "Mozilla/5.0 AppleWebKit/537.36 (KHTML, like Gecko; compatible; ClaudeBot/1.0; +claudebot@anthropic.com)"
216.73.216.38 - - [04/Apr/2026:01:31:48 -0400] "GET /status/online/age/40-49/hair/grey,white,auburn/ethnicity/islander,white HTTP/1.1" 200 18271 "-" "Mozilla/5.0 AppleWebKit/537.36 (KHTML, like Gecko; compatible; ClaudeBot/1.0; +claudebot@anthropic.com)"
216.73.216.38 - - [04/Apr/2026:01:31:48 -0400] "GET /status/offline/age/20-29,50-59/hair/black,white/ethnicity/black,native HTTP/1.1" 200 18242 "-" "Mozilla/5.0 AppleWebKit/537.36 (KHTML, like Gecko; compatible; ClaudeBot/1.0; +claudebot@anthropic.com)"
216.73.216.38 - - [04/Apr/2026:01:31:48 -0400] "GET /status/online/gender/m/hair/blonde/ethnicity/other,native,islander HTTP/1.1" 200 17903 "-" "Mozilla/5.0 AppleWebKit/537.36 (KHTML, like Gecko; compatible; ClaudeBot/1.0; +claudebot@anthropic.com)"
74.7.227.134 - - [04/Apr/2026:01:31:49 -0400] "GET /age/40-49,18-19,50-59/ethnicity/news-leonardo-faz-homenagem-apos-morte-de-assessora-cuidou-de-mim-como-filho,latino,asian,native,black,islander,white,east-indian,other HTTP/1.1" 200 23162 "https://www.nudcam.com/age/40-49,18-19/ethnicity/news-leonardo-faz-homenagem-apos-morte-de-assessora-cuidou-de-mim-como-filho,latino,asian,native,black,islander,white,east-indian,other" "Mozilla/5.0 AppleWebKit/537.36 (KHTML, like Gecko; compatible; GPTBot/1.3; +https://openai.com/gptbot)"
216.73.216.38 - - [04/Apr/2026:01:31:49 -0400] "GET /age/20-29,40-49/hair/red,grey/ethnicity/native,white,other HTTP/1.1" 200 17854 "-" "Mozilla/5.0 AppleWebKit/537.36 (KHTML, like Gecko; compatible; ClaudeBot/1.0; +claudebot@anthropic.com)"
216.73.216.38 - - [04/Apr/2026:01:31:49 -0400] "GET /gender/c/age/20-29,30-39,60-100,50-59/ethnicity/islander HTTP/1.1" 200 17572 "-" "Mozilla/5.0 AppleWebKit/537.36 (KHTML, like Gecko; compatible; ClaudeBot/1.0; +claudebot@anthropic.com)"
216.73.216.38 - - [04/Apr/2026:01:31:49 -0400] "GET /status/offline/gender/t,c/age/50-59,20-29/ethnicity/white,islander HTTP/1.1" 200 18118 "-" "Mozilla/5.0 AppleWebKit/537.36 (KHTML, like Gecko; compatible; ClaudeBot/1.0; +claudebot@anthropic.com)"
216.73.216.38 - - [04/Apr/2026:01:31:49 -0400] "GET /gender/f/age/50-59,20-29,18-19/ethnicity/islander,black HTTP/1.1" 200 17566 "-" "Mozilla/5.0 AppleWebKit/537.36 (KHTML, like Gecko; compatible; ClaudeBot/1.0; +claudebot@anthropic.com)"
216.73.216.38 - - [04/Apr/2026:01:31:49 -0400] "GET /status/offline/gender/t,c,f/age/40-49/ethnicity/islander,other,white HTTP/1.1" 200 18376 "-" "Mozilla/5.0 AppleWebKit/537.36 (KHTML, like Gecko; compatible; ClaudeBot/1.0; +claudebot@anthropic.com)"
216.73.216.38 - - [04/Apr/2026:01:31:49 -0400] "GET /status/online/gender/t/age/50-59/hair/red/ethnicity/islander,native HTTP/1.1" 200 17912 "-" "Mozilla/5.0 AppleWebKit/537.36 (KHTML, like Gecko; compatible; ClaudeBot/1.0; +claudebot@anthropic.com)"
216.73.216.38 - - [04/Apr/2026:01:31:49 -0400] "GET /gender/m,f/age/40-49/hair/red,grey,brown/ethnicity/native HTTP/1.1" 200 17777 "-" "Mozilla/5.0 AppleWebKit/537.36 (KHTML, like Gecko; compatible; ClaudeBot/1.0; +claudebot@anthropic.com)"
216.73.216.38 - - [04/Apr/2026:01:31:49 -0400] "GET /status/offline/gender/c/age/50-59,60-100,40-49/ethnicity/black,islander HTTP/1.1" 200 18269 "-" "Mozilla/5.0 AppleWebKit/537.36 (KHTML, like Gecko; compatible; ClaudeBot/1.0; +claudebot@anthropic.com)"
216.73.216.38 - - [04/Apr/2026:01:31:49 -0400] "GET /status/online/gender/f,m,t/age/18-19/ethnicity/islander,black HTTP/1.1" 200 17944 "-" "Mozilla/5.0 AppleWebKit/537.36 (KHTML, like Gecko; compatible; ClaudeBot/1.0; +claudebot@anthropic.com)"
74.7.227.30 - - [04/Apr/2026:01:31:49 -0400] "GET /age/50-59,30-39/ethnicity/east-indian,other,islander,white,latino,asian,black,native HTTP/1.1" 200 19155 "https://nudcam.com/age/50-59/ethnicity/east-indian,other,islander,white,latino,asian,black,native" "Mozilla/5.0 AppleWebKit/537.36 (KHTML, like Gecko; compatible; GPTBot/1.3; +https://openai.com/gptbot)"
216.73.216.38 - - [04/Apr/2026:01:31:49 -0400] "GET /gender/c/hair/black/ethnicity/other,native,white,asian HTTP/1.1" 200 17529 "-" "Mozilla/5.0 AppleWebKit/537.36 (KHTML, like Gecko; compatible; ClaudeBot/1.0; +claudebot@anthropic.com)"
216.73.216.38 - - [04/Apr/2026:01:31:49 -0400] "GET /status/offline/age/40-49/hair/white,brown,auburn/ethnicity/native,asian HTTP/1.1" 200 18271 "-" "Mozilla/5.0 AppleWebKit/537.36 (KHTML, like Gecko; compatible; ClaudeBot/1.0; +claudebot@anthropic.com)"
216.73.216.38 - - [04/Apr/2026:01:31:50 -0400] "GET /gender/f/age/60-100,40-49/hair/grey,black,blonde HTTP/1.1" 200 17375 "-" "Mozilla/5.0 AppleWebKit/537.36 (KHTML, like Gecko; compatible; ClaudeBot/1.0; +claudebot@anthropic.com)"
144.76.32.236 - - [04/Apr/2026:01:31:50 -0400] "GET /gender/c,f,m/hair/black,grey,blonde,auburn HTTP/1.1" 200 17149 "-" "Mozilla/5.0 (compatible; SERankingBacklinksBot/1.0; +https://seranking.com/backlinks-crawler)"
74.7.227.134 - - [04/Apr/2026:01:31:50 -0400] "GET /age/40-49,30-39,50-59/ethnicity/news-leonardo-faz-homenagem-apos-morte-de-assessora-cuidou-de-mim-como-filho,islander,native,white,asian,east-indian,latino,black,other HTTP/1.1" 200 23162 "https://www.nudcam.com/age/40-49,30-39/ethnicity/news-leonardo-faz-homenagem-apos-morte-de-assessora-cuidou-de-mim-como-filho,islander,native,white,asian,east-indian,latino,black,other" "Mozilla/5.0 AppleWebKit/537.36 (KHTML, like Gecko; compatible; GPTBot/1.3; +https://openai.com/gptbot)"
216.73.216.38 - - [04/Apr/2026:01:31:50 -0400] "GET /status/online,offline/age/60-100,20-29/ethnicity/white,native,latino HTTP/1.1" 200 18211 "-" "Mozilla/5.0 AppleWebKit/537.36 (KHTML, like Gecko; compatible; ClaudeBot/1.0; +claudebot@anthropic.com)"
216.73.216.38 - - [04/Apr/2026:01:31:50 -0400] "GET /status/offline/hair/black,white,blonde,brown,red/ethnicity/native HTTP/1.1" 200 18064 "-" "Mozilla/5.0 AppleWebKit/537.36 (KHTML, like Gecko; compatible; ClaudeBot/1.0; +claudebot@anthropic.com)"
216.73.216.38 - - [04/Apr/2026:01:31:50 -0400] "GET /status/offline/gender/f/age/40-49/hair/blonde,white,brown/ethnicity/native HTTP/1.1" 200 18324 "-" "Mozilla/5.0 AppleWebKit/537.36 (KHTML, like Gecko; compatible; ClaudeBot/1.0; +claudebot@anthropic.com)"
216.73.216.38 - - [04/Apr/2026:01:31:50 -0400] "GET /status/online,offline/gender/m/age/50-59,40-49/ethnicity/black,native HTTP/1.1" 200 18214 "-" "Mozilla/5.0 AppleWebKit/537.36 (KHTML, like Gecko; compatible; ClaudeBot/1.0; +claudebot@anthropic.com)"
216.73.216.38 - - [04/Apr/2026:01:31:50 -0400] "GET /gender/c/age/30-39,50-59,20-29/ethnicity/white,asian HTTP/1.1" 200 17467 "-" "Mozilla/5.0 AppleWebKit/537.36 (KHTML, like Gecko; compatible; ClaudeBot/1.0; +claudebot@anthropic.com)"
216.73.216.38 - - [04/Apr/2026:01:31:50 -0400] "GET /status/online/age/18-19,30-39,60-100/hair/auburn,white HTTP/1.1" 200 17579 "-" "Mozilla/5.0 AppleWebKit/537.36 (KHTML, like Gecko; compatible; ClaudeBot/1.0; +claudebot@anthropic.com)"
216.73.216.38 - - [04/Apr/2026:01:31:50 -0400] "GET /status/online/gender/f,m,c/hair/red/ethnicity/islander,native HTTP/1.1" 200 17935 "-" "Mozilla/5.0 AppleWebKit/537.36 (KHTML, like Gecko; compatible; ClaudeBot/1.0; +claudebot@anthropic.com)"
74.7.227.30 - - [04/Apr/2026:01:31:50 -0400] "GET /age/50-59,20-29/ethnicity/other,native,east-indian,islander,white,black,latino,asian HTTP/1.1" 200 19155 "https://nudcam.com/age/50-59/ethnicity/other,native,east-indian,islander,white,black,latino,asian" "Mozilla/5.0 AppleWebKit/537.36 (KHTML, like Gecko; compatible; GPTBot/1.3; +https://openai.com/gptbot)"
216.73.216.38 - - [04/Apr/2026:01:31:50 -0400] "GET /age/40-49/hair/blonde/ethnicity/white,latino,native,islander HTTP/1.1" 200 17731 "-" "Mozilla/5.0 AppleWebKit/537.36 (KHTML, like Gecko; compatible; ClaudeBot/1.0; +claudebot@anthropic.com)"
216.73.216.38 - - [04/Apr/2026:01:31:50 -0400] "GET /gender/t,f/age/60-100/hair/black,white/ethnicity/islander HTTP/1.1" 200 17601 "-" "Mozilla/5.0 AppleWebKit/537.36 (KHTML, like Gecko; compatible; ClaudeBot/1.0; +claudebot@anthropic.com)"
216.73.216.38 - - [04/Apr/2026:01:31:50 -0400] "GET /age/18-19/hair/brown/ethnicity/white,latino,native,black HTTP/1.1" 200 17599 "-" "Mozilla/5.0 AppleWebKit/537.36 (KHTML, like Gecko; compatible; ClaudeBot/1.0; +claudebot@anthropic.com)"
216.73.216.38 - - [04/Apr/2026:01:31:51 -0400] "GET /age/18-19/hair/brown/ethnicity/white,native,latino,black HTTP/1.1" 200 17599 "-" "Mozilla/5.0 AppleWebKit/537.36 (KHTML, like Gecko; compatible; ClaudeBot/1.0; +claudebot@anthropic.com)"
216.73.216.38 - - [04/Apr/2026:01:31:51 -0400] "GET /gender/f/hair/grey,white,blonde/ethnicity/native,asian HTTP/1.1" 200 17531 "-" "Mozilla/5.0 AppleWebKit/537.36 (KHTML, like Gecko; compatible; ClaudeBot/1.0; +claudebot@anthropic.com)"
74.7.227.134 - - [04/Apr/2026:01:31:51 -0400] "GET /gender/c,t/age/18-19,30-39,40-49/ethnicity/news-leonardo-faz-homenagem-apos-morte-de-assessora-cuidou-de-mim-como-filho,islander,white,black,native,asian,east-indian,latino HTTP/1.1" 200 23636 "https://www.nudcam.com/gender/c,t/age/18-19,30-39,40-49/ethnicity/news-leonardo-faz-homenagem-apos-morte-de-assessora-cuidou-de-mim-como-filho,islander,white,black,native,other,asian,east-indian,latino" "Mozilla/5.0 AppleWebKit/537.36 (KHTML, like Gecko; compatible; GPTBot/1.3; +https://openai.com/gptbot)"
216.73.216.38 - - [04/Apr/2026:01:31:51 -0400] "GET /gender/f/hair/grey,blonde/ethnicity/native,white,asian HTTP/1.1" 200 17535 "-" "Mozilla/5.0 AppleWebKit/537.36 (KHTML, like Gecko; compatible; ClaudeBot/1.0; +claudebot@anthropic.com)"
216.73.216.38 - - [04/Apr/2026:01:31:51 -0400] "GET /status/online/age/30-39/ethnicity/white,other,islander,black,asian HTTP/1.1" 200 18134 "-" "Mozilla/5.0 AppleWebKit/537.36 (KHTML, like Gecko; compatible; ClaudeBot/1.0; +claudebot@anthropic.com)"
216.73.216.38 - - [04/Apr/2026:01:31:51 -0400] "GET /status/offline/gender/m,f/hair/auburn/ethnicity/white,other,native HTTP/1.1" 200 18106 "-" "Mozilla/5.0 AppleWebKit/537.36 (KHTML, like Gecko; compatible; ClaudeBot/1.0; +claudebot@anthropic.com)"
216.73.216.38 - - [04/Apr/2026:01:31:51 -0400] "GET /status/offline/hair/grey,red,black,blonde/ethnicity/other,native HTTP/1.1" 200 18054 "-" "Mozilla/5.0 AppleWebKit/537.36 (KHTML, like Gecko; compatible; ClaudeBot/1.0; +claudebot@anthropic.com)"
216.73.216.38 - - [04/Apr/2026:01:31:51 -0400] "GET /gender/c/age/50-59/hair/black,auburn/ethnicity/white,native HTTP/1.1" 200 17675 "-" "Mozilla/5.0 AppleWebKit/537.36 (KHTML, like Gecko; compatible; ClaudeBot/1.0; +claudebot@anthropic.com)"
216.73.216.38 - - [04/Apr/2026:01:31:51 -0400] "GET /status/offline/gender/c,m/age/60-100/hair/brown/ethnicity/islander,native HTTP/1.1" 200 18319 "-" "Mozilla/5.0 AppleWebKit/537.36 (KHTML, like Gecko; compatible; ClaudeBot/1.0; +claudebot@anthropic.com)"
216.73.216.38 - - [04/Apr/2026:01:31:51 -0400] "GET /status/online/age/18-19,30-39,60-100/ethnicity/native,other,black HTTP/1.1" 200 18094 "-" "Mozilla/5.0 AppleWebKit/537.36 (KHTML, like Gecko; compatible; ClaudeBot/1.0; +claudebot@anthropic.com)"
74.7.227.30 - - [04/Apr/2026:01:31:51 -0400] "GET /age/20-29/ethnicity/asian,white,latino,islander,black,other,east-indian,native HTTP/1.1" 200 18734 "https://nudcam.com/age/40-49,20-29/ethnicity/asian,white,latino,islander,black,other,east-indian,native" "Mozilla/5.0 AppleWebKit/537.36 (KHTML, like Gecko; compatible; GPTBot/1.3; +https://openai.com/gptbot)"
216.73.216.38 - - [04/Apr/2026:01:31:51 -0400] "GET /status/offline/age/20-29/hair/white,black/ethnicity/black,white,islander HTTP/1.1" 200 18309 "-" "Mozilla/5.0 AppleWebKit/537.36 (KHTML, like Gecko; compatible; ClaudeBot/1.0; +claudebot@anthropic.com)"
216.73.216.38 - - [04/Apr/2026:01:31:51 -0400] "GET /status/offline/age/60-100,20-29/hair/white,black/ethnicity/native,other HTTP/1.1" 200 18276 "-" "Mozilla/5.0 AppleWebKit/537.36 (KHTML, like Gecko; compatible; ClaudeBot/1.0; +claudebot@anthropic.com)"
216.73.216.38 - - [04/Apr/2026:01:31:52 -0400] "GET /age/18-19,40-49,30-39/ethnicity/other,native,white,black HTTP/1.1" 200 17808 "-" "Mozilla/5.0 AppleWebKit/537.36 (KHTML, like Gecko; compatible; ClaudeBot/1.0; +claudebot@anthropic.com)"
216.73.216.38 - - [04/Apr/2026:01:31:52 -0400] "GET /status/offline/gender/t,c/age/20-29/ethnicity/black,islander,asian HTTP/1.1" 200 18117 "-" "Mozilla/5.0 AppleWebKit/537.36 (KHTML, like Gecko; compatible; ClaudeBot/1.0; +claudebot@anthropic.com)"
184.73.167.217 - - [04/Apr/2026:01:31:52 -0400] "GET /status/online,offline/gender/f,t,m,c/age/20-29,30-39/hair/grey/ethnicity/asian,east-indian,white,islander/languages/vietnamese HTTP/1.1" 200 21435 "-" "Mozilla/5.0 AppleWebKit/537.36 (KHTML, like Gecko; compatible; Amazonbot/0.1; +https://developer.amazon.com/support/amazonbot) Chrome/119.0.6045.214 Safari/537.36"
216.73.216.38 - - [04/Apr/2026:01:31:52 -0400] "GET /gender/f/age/18-19,40-49/hair/white/ethnicity/islander,black HTTP/1.1" 200 17703 "-" "Mozilla/5.0 AppleWebKit/537.36 (KHTML, like Gecko; compatible; ClaudeBot/1.0; +claudebot@anthropic.com)"
74.7.227.134 - - [04/Apr/2026:01:31:52 -0400] "GET /age/40-49,30-39/ethnicity/news-leonardo-faz-homenagem-apos-morte-de-assessora-cuidou-de-mim-como-filho,native,white,asian,east-indian,latino,black,other HTTP/1.1" 200 22032 "https://www.nudcam.com/age/40-49,30-39/ethnicity/news-leonardo-faz-homenagem-apos-morte-de-assessora-cuidou-de-mim-como-filho,islander,native,white,asian,east-indian,latino,black,other" "Mozilla/5.0 AppleWebKit/537.36 (KHTML, like Gecko; compatible; GPTBot/1.3; +https://openai.com/gptbot)"
216.73.216.38 - - [04/Apr/2026:01:31:52 -0400] "GET /status/offline/gender/m/age/40-49/ethnicity/black,white,other,latino HTTP/1.1" 200 18171 "-" "Mozilla/5.0 AppleWebKit/537.36 (KHTML, like Gecko; compatible; ClaudeBot/1.0; +claudebot@anthropic.com)"
216.73.216.38 - - [04/Apr/2026:01:31:52 -0400] "GET /gender/f/hair/auburn/ethnicity/white,native,black,asian HTTP/1.1" 200 17562 "-" "Mozilla/5.0 AppleWebKit/537.36 (KHTML, like Gecko; compatible; ClaudeBot/1.0; +claudebot@anthropic.com)"
216.73.216.38 - - [04/Apr/2026:01:31:52 -0400] "GET /status/online/gender/f,m,c/age/20-29/ethnicity/white,latino HTTP/1.1" 200 17877 "-" "Mozilla/5.0 AppleWebKit/537.36 (KHTML, like Gecko; compatible; ClaudeBot/1.0; +claudebot@anthropic.com)"
216.73.216.38 - - [04/Apr/2026:01:31:52 -0400] "GET /gender/f,c/hair/brown,white,grey/ethnicity/white,native HTTP/1.1" 200 17756 "-" "Mozilla/5.0 AppleWebKit/537.36 (KHTML, like Gecko; compatible; ClaudeBot/1.0; +claudebot@anthropic.com)"
216.73.216.38 - - [04/Apr/2026:01:31:52 -0400] "GET /gender/m/age/20-29/hair/brown,white,red/ethnicity/islander HTTP/1.1" 200 17616 "-" "Mozilla/5.0 AppleWebKit/537.36 (KHTML, like Gecko; compatible; ClaudeBot/1.0; +claudebot@anthropic.com)"
216.73.216.38 - - [04/Apr/2026:01:31:52 -0400] "GET /status/offline/gender/m/age/20-29/hair/white,grey,red,black HTTP/1.1" 200 17894 "-" "Mozilla/5.0 AppleWebKit/537.36 (KHTML, like Gecko; compatible; ClaudeBot/1.0; +claudebot@anthropic.com)"
216.73.216.38 - - [04/Apr/2026:01:31:52 -0400] "GET /status/offline/age/60-100/hair/red,grey,brown/ethnicity/native,asian HTTP/1.1" 200 18169 "-" "Mozilla/5.0 AppleWebKit/537.36 (KHTML, like Gecko; compatible; ClaudeBot/1.0; +claudebot@anthropic.com)"
216.73.216.38 - - [04/Apr/2026:01:31:52 -0400] "GET /age/30-39,18-19/hair/grey,auburn,black/ethnicity/white HTTP/1.1" 200 17516 "-" "Mozilla/5.0 AppleWebKit/537.36 (KHTML, like Gecko; compatible; ClaudeBot/1.0; +claudebot@anthropic.com)"
74.7.227.30 - - [04/Apr/2026:01:31:53 -0400] "GET /age/40-49/ethnicity/asian,white,east-indian,islander,latino,native,black,other HTTP/1.1" 200 18734 "https://nudcam.com/ethnicity/asian,white,east-indian,islander,latino,native,black,other" "Mozilla/5.0 AppleWebKit/537.36 (KHTML, like Gecko; compatible; GPTBot/1.3; +https://openai.com/gptbot)"
216.73.216.38 - - [04/Apr/2026:01:31:53 -0400] "GET /status/online/gender/f,t/hair/brown,black/ethnicity/black HTTP/1.1" 200 17606 "-" "Mozilla/5.0 AppleWebKit/537.36 (KHTML, like Gecko; compatible; ClaudeBot/1.0; +claudebot@anthropic.com)"
216.73.216.38 - - [04/Apr/2026:01:31:53 -0400] "GET /status/online/gender/c/age/20-29/hair/grey,brown,blonde HTTP/1.1" 200 17585 "-" "Mozilla/5.0 AppleWebKit/537.36 (KHTML, like Gecko; compatible; ClaudeBot/1.0; +claudebot@anthropic.com)"
216.73.216.38 - - [04/Apr/2026:01:31:53 -0400] "GET /status/offline/age/60-100,30-39/hair/white,auburn/ethnicity/native,black HTTP/1.1" 200 18310 "-" "Mozilla/5.0 AppleWebKit/537.36 (KHTML, like Gecko; compatible; ClaudeBot/1.0; +claudebot@anthropic.com)"
216.73.216.38 - - [04/Apr/2026:01:31:53 -0400] "GET /status/offline/gender/c,t,m/age/18-19/ethnicity/white,native,black HTTP/1.1" 200 18304 "-" "Mozilla/5.0 AppleWebKit/537.36 (KHTML, like Gecko; compatible; ClaudeBot/1.0; +claudebot@anthropic.com)"
216.73.216.38 - - [04/Apr/2026:01:31:53 -0400] "GET /gender/m/hair/grey,brown,blonde/ethnicity/black,native HTTP/1.1" 200 17529 "-" "Mozilla/5.0 AppleWebKit/537.36 (KHTML, like Gecko; compatible; ClaudeBot/1.0; +claudebot@anthropic.com)"
74.7.227.134 - - [04/Apr/2026:01:31:53 -0400] "GET /age/20-29,18-19/ethnicity/news-leonardo-faz-homenagem-apos-morte-de-assessora-cuidou-de-mim-como-filho,native,white,asian,east-indian,latino,black,other HTTP/1.1" 200 22032 "https://www.nudcam.com/age/20-29,18-19/ethnicity/news-leonardo-faz-homenagem-apos-morte-de-assessora-cuidou-de-mim-como-filho,islander,native,white,asian,east-indian,latino,black,other" "Mozilla/5.0 AppleWebKit/537.36 (KHTML, like Gecko; compatible; GPTBot/1.3; +https://openai.com/gptbot)"
216.73.216.38 - - [04/Apr/2026:01:31:53 -0400] "GET /status/online/gender/c/age/50-59,60-100,40-49/ethnicity/islander,native HTTP/1.1" 200 18269 "-" "Mozilla/5.0 AppleWebKit/537.36 (KHTML, like Gecko; compatible; ClaudeBot/1.0; +claudebot@anthropic.com)"
216.73.216.38 - - [04/Apr/2026:01:31:53 -0400] "GET /status/offline/gender/f,t,m/age/60-100/hair/white,red HTTP/1.1" 200 17709 "-" "Mozilla/5.0 AppleWebKit/537.36 (KHTML, like Gecko; compatible; ClaudeBot/1.0; +claudebot@anthropic.com)"
