216.73.216.38 - - [04/Apr/2026:01:31:13 -0400] "GET /age/18-19,40-49/ethnicity/other,native,black,asian/languages/fiji HTTP/1.1" 200 17756 "-" "Mozilla/5.0 AppleWebKit/537.36 (KHTML, like Gecko; compatible; ClaudeBot/1.0; +claudebot@anthropic.com)"
216.73.216.38 - - [04/Apr/2026:01:31:13 -0400] "GET /age/18-19,20-29,40-49/hair/auburn/ethnicity/white/languages/romanian HTTP/1.1" 200 17613 "-" "Mozilla/5.0 AppleWebKit/537.36 (KHTML, like Gecko; compatible; ClaudeBot/1.0; +claudebot@anthropic.com)"
216.73.216.38 - - [04/Apr/2026:01:31:13 -0400] "GET /age/60-100,20-29,40-49/hair/brown/ethnicity/native/languages/indonesian HTTP/1.1" 200 17713 "-" "Mozilla/5.0 AppleWebKit/537.36 (KHTML, like Gecko; compatible; ClaudeBot/1.0; +claudebot@anthropic.com)"
74.7.227.30 - - [04/Apr/2026:01:31:13 -0400] "GET /age/50-59/ethnicity/islander,other,east-indian,native,asian,latino,white,black HTTP/1.1" 200 18734 "https://nudcam.com/ethnicity/islander,other,east-indian,native,asian,latino,white,black" "Mozilla/5.0 AppleWebKit/537.36 (KHTML, like Gecko; compatible; GPTBot/1.3; +https://openai.com/gptbot)"
216.73.216.38 - - [04/Apr/2026:01:31:13 -0400] "GET /status/offline/hair/red/ethnicity/other,native,white,black/languages/hungarian HTTP/1.1" 200 18164 "-" "Mozilla/5.0 AppleWebKit/537.36 (KHTML, like Gecko; compatible; ClaudeBot/1.0; +claudebot@anthropic.com)"
216.73.216.38 - - [04/Apr/2026:01:31:14 -0400] "GET /age/50-59,40-49/hair/auburn,black,grey/languages/fiji HTTP/1.1" 200 17220 "-" "Mozilla/5.0 AppleWebKit/537.36 (KHTML, like Gecko; compatible; ClaudeBot/1.0; +claudebot@anthropic.com)"
216.73.216.38 - - [04/Apr/2026:01:31:14 -0400] "GET /age/40-49/hair/blonde,red,grey,white/ethnicity/native/languages/spanish HTTP/1.1" 200 17902 "-" "Mozilla/5.0 AppleWebKit/537.36 (KHTML, like Gecko; compatible; ClaudeBot/1.0; +claudebot@anthropic.com)"
216.73.216.38 - - [04/Apr/2026:01:31:14 -0400] "GET /status/online/gender/m,c,f/age/18-19/ethnicity/islander,native/languages/romanian HTTP/1.1" 200 18453 "-" "Mozilla/5.0 AppleWebKit/537.36 (KHTML, like Gecko; compatible; ClaudeBot/1.0; +claudebot@anthropic.com)"
74.7.227.134 - - [04/Apr/2026:01:31:14 -0400] "GET /age/18-19,30-39,40-49/ethnicity/news-leonardo-faz-homenagem-apos-morte-de-assessora-cuidou-de-mim-como-filho,asian,other,white,native,latino,east-indian,islander,black HTTP/1.1" 200 23162 "https://www.nudcam.com/age/18-19,30-39/ethnicity/news-leonardo-faz-homenagem-apos-morte-de-assessora-cuidou-de-mim-como-filho,asian,other,white,native,latino,east-indian,islander,black" "Mozilla/5.0 AppleWebKit/537.36 (KHTML, like Gecko; compatible; GPTBot/1.3; +https://openai.com/gptbot)"
216.73.216.38 - - [04/Apr/2026:01:31:14 -0400] "GET /gender/m/ethnicity/black,latino,asian,white HTTP/1.1" 200 16816 "-" "Mozilla/5.0 AppleWebKit/537.36 (KHTML, like Gecko; compatible; ClaudeBot/1.0; +claudebot@anthropic.com)"
216.73.216.38 - - [04/Apr/2026:01:31:14 -0400] "GET /gender/c/ethnicity/asian,latino,islander/languages/spanish HTTP/1.1" 200 17170 "-" "Mozilla/5.0 AppleWebKit/537.36 (KHTML, like Gecko; compatible; ClaudeBot/1.0; +claudebot@anthropic.com)"
216.73.216.38 - - [04/Apr/2026:01:31:14 -0400] "GET /status/online/gender/f,t,m/age/20-29/ethnicity/black/languages/hindi HTTP/1.1" 200 17796 "-" "Mozilla/5.0 AppleWebKit/537.36 (KHTML, like Gecko; compatible; ClaudeBot/1.0; +claudebot@anthropic.com)"
216.73.216.38 - - [04/Apr/2026:01:31:14 -0400] "GET /gender/c,t/age/60-100/ethnicity/white,native,islander/languages/indonesian HTTP/1.1" 200 18047 "-" "Mozilla/5.0 AppleWebKit/537.36 (KHTML, like Gecko; compatible; ClaudeBot/1.0; +claudebot@anthropic.com)"
216.73.216.38 - - [04/Apr/2026:01:31:14 -0400] "GET /status/online,offline/age/20-29/ethnicity/native,latino,black/languages/spanish HTTP/1.1" 200 18211 "-" "Mozilla/5.0 AppleWebKit/537.36 (KHTML, like Gecko; compatible; ClaudeBot/1.0; +claudebot@anthropic.com)"
216.73.216.38 - - [04/Apr/2026:01:31:14 -0400] "GET /gender/m/hair/blonde,grey,red/ethnicity/white/languages/spanish HTTP/1.1" 200 17453 "-" "Mozilla/5.0 AppleWebKit/537.36 (KHTML, like Gecko; compatible; ClaudeBot/1.0; +claudebot@anthropic.com)"
216.73.216.38 - - [04/Apr/2026:01:31:14 -0400] "GET /age/50-59,40-49/hair/grey,blonde,white/languages/fiji HTTP/1.1" 200 17220 "-" "Mozilla/5.0 AppleWebKit/537.36 (KHTML, like Gecko; compatible; ClaudeBot/1.0; +claudebot@anthropic.com)"
74.7.227.30 - - [04/Apr/2026:01:31:14 -0400] "GET /gender/f/age/30-39,20-29/hair/brown/ethnicity/other,black,islander,native,white,east-indian,latino HTTP/1.1" 200 19827 "https://nudcam.com/gender/f/age/30-39,20-29/ethnicity/other,black,islander,native,white,east-indian,latino" "Mozilla/5.0 AppleWebKit/537.36 (KHTML, like Gecko; compatible; GPTBot/1.3; +https://openai.com/gptbot)"
216.73.216.38 - - [04/Apr/2026:01:31:14 -0400] "GET /status/offline/age/60-100,30-39,50-59/ethnicity/islander,white,native/languages/fiji HTTP/1.1" 200 18560 "-" "Mozilla/5.0 AppleWebKit/537.36 (KHTML, like Gecko; compatible; ClaudeBot/1.0; +claudebot@anthropic.com)"
144.76.32.236 - - [04/Apr/2026:01:31:14 -0400] "GET /gender/c,f,m/hair/black,grey,auburn,blonde HTTP/1.1" 200 17149 "-" "Mozilla/5.0 (compatible; SERankingBacklinksBot/1.0; +https://seranking.com/backlinks-crawler)"
216.73.216.38 - - [04/Apr/2026:01:31:15 -0400] "GET /age/20-29/hair/grey,blonde,white/ethnicity/black/languages/fiji HTTP/1.1" 200 17453 "-" "Mozilla/5.0 AppleWebKit/537.36 (KHTML, like Gecko; compatible; ClaudeBot/1.0; +claudebot@anthropic.com)"
216.73.216.38 - - [04/Apr/2026:01:31:15 -0400] "GET /status/offline/gender/f,t,m/ethnicity/black,other,native/languages/hungarian HTTP/1.1" 200 18309 "-" "Mozilla/5.0 AppleWebKit/537.36 (KHTML, like Gecko; compatible; ClaudeBot/1.0; +claudebot@anthropic.com)"
216.73.216.38 - - [04/Apr/2026:01:31:15 -0400] "GET /status/offline/gender/m/age/30-39,50-59,20-29,40-49/languages/hungarian HTTP/1.1" 200 17965 "-" "Mozilla/5.0 AppleWebKit/537.36 (KHTML, like Gecko; compatible; ClaudeBot/1.0; +claudebot@anthropic.com)"
74.7.227.134 - - [04/Apr/2026:01:31:15 -0400] "GET /age/18-19,30-39,20-29/ethnicity/news-leonardo-faz-homenagem-apos-morte-de-assessora-cuidou-de-mim-como-filho,islander,white,black,native,other,asian,east-indian,latino HTTP/1.1" 200 23162 "https://www.nudcam.com/age/18-19,30-39/ethnicity/news-leonardo-faz-homenagem-apos-morte-de-assessora-cuidou-de-mim-como-filho,islander,white,black,native,other,asian,east-indian,latino" "Mozilla/5.0 AppleWebKit/537.36 (KHTML, like Gecko; compatible; GPTBot/1.3; +https://openai.com/gptbot)"
216.73.216.38 - - [04/Apr/2026:01:31:15 -0400] "GET /gender/m,t/age/50-59/ethnicity/black,islander,native/languages/romanian HTTP/1.1" 200 17942 "-" "Mozilla/5.0 AppleWebKit/537.36 (KHTML, like Gecko; compatible; ClaudeBot/1.0; +claudebot@anthropic.com)"
216.73.216.38 - - [04/Apr/2026:01:31:15 -0400] "GET /status/offline/age/30-39,40-49/hair/brown/ethnicity/native,black,other HTTP/1.1" 200 18012 "-" "Mozilla/5.0 AppleWebKit/537.36 (KHTML, like Gecko; compatible; ClaudeBot/1.0; +claudebot@anthropic.com)"
216.73.216.38 - - [04/Apr/2026:01:31:15 -0400] "GET /status/offline/hair/auburn/ethnicity/latino,islander,native,asian HTTP/1.1" 200 17681 "-" "Mozilla/5.0 AppleWebKit/537.36 (KHTML, like Gecko; compatible; ClaudeBot/1.0; +claudebot@anthropic.com)"
216.73.216.38 - - [04/Apr/2026:01:31:15 -0400] "GET /gender/m/age/18-19/ethnicity/islander,black,native,white/languages/hungarian HTTP/1.1" 200 18097 "-" "Mozilla/5.0 AppleWebKit/537.36 (KHTML, like Gecko; compatible; ClaudeBot/1.0; +claudebot@anthropic.com)"
216.73.216.38 - - [04/Apr/2026:01:31:15 -0400] "GET /status/online/age/40-49/hair/blonde,grey,auburn/languages/indonesian HTTP/1.1" 200 17691 "-" "Mozilla/5.0 AppleWebKit/537.36 (KHTML, like Gecko; compatible; ClaudeBot/1.0; +claudebot@anthropic.com)"
216.73.216.38 - - [04/Apr/2026:01:31:15 -0400] "GET /gender/f/age/20-29,50-59/ethnicity/islander,other,native,white HTTP/1.1" 200 17766 "-" "Mozilla/5.0 AppleWebKit/537.36 (KHTML, like Gecko; compatible; ClaudeBot/1.0; +claudebot@anthropic.com)"
216.73.216.38 - - [04/Apr/2026:01:31:15 -0400] "GET /age/20-29,50-59/hair/grey,white,red/languages/indonesian HTTP/1.1" 200 17328 "-" "Mozilla/5.0 AppleWebKit/537.36 (KHTML, like Gecko; compatible; ClaudeBot/1.0; +claudebot@anthropic.com)"
216.73.216.38 - - [04/Apr/2026:01:31:15 -0400] "GET /status/offline/age/30-39/hair/black,grey/ethnicity/islander,black/languages/romanian HTTP/1.1" 200 18341 "-" "Mozilla/5.0 AppleWebKit/537.36 (KHTML, like Gecko; compatible; ClaudeBot/1.0; +claudebot@anthropic.com)"
74.7.227.30 - - [04/Apr/2026:01:31:16 -0400] "GET /age/30-39/ethnicity/other,native,east-indian,latino,asian,black,islander,white HTTP/1.1" 200 18734 "https://nudcam.com/ethnicity/other,native,east-indian,latino,asian,black,islander,white" "Mozilla/5.0 AppleWebKit/537.36 (KHTML, like Gecko; compatible; GPTBot/1.3; +https://openai.com/gptbot)"
216.73.216.38 - - [04/Apr/2026:01:31:16 -0400] "GET /status/offline/age/18-19,40-49/hair/red,white/ethnicity/other/languages/romanian HTTP/1.1" 200 18190 "-" "Mozilla/5.0 AppleWebKit/537.36 (KHTML, like Gecko; compatible; ClaudeBot/1.0; +claudebot@anthropic.com)"
184.73.167.217 - - [04/Apr/2026:01:31:16 -0400] "GET /status/offline,online/gender/f/age/40-49/ethnicity/latino,asian,east-indian,white,islander/languages/french HTTP/1.1" 200 19785 "-" "Mozilla/5.0 AppleWebKit/537.36 (KHTML, like Gecko; compatible; Amazonbot/0.1; +https://developer.amazon.com/support/amazonbot) Chrome/119.0.6045.214 Safari/537.36"
216.73.216.38 - - [04/Apr/2026:01:31:16 -0400] "GET /gender/f,m,t/ethnicity/black,white,east-indian HTTP/1.1" 200 17089 "-" "Mozilla/5.0 AppleWebKit/537.36 (KHTML, like Gecko; compatible; ClaudeBot/1.0; +claudebot@anthropic.com)"
216.73.216.38 - - [04/Apr/2026:01:31:16 -0400] "GET /status/offline/gender/t,c/age/20-29/ethnicity/islander,other,native,white HTTP/1.1" 200 18324 "-" "Mozilla/5.0 AppleWebKit/537.36 (KHTML, like Gecko; compatible; ClaudeBot/1.0; +claudebot@anthropic.com)"
216.73.216.38 - - [04/Apr/2026:01:31:16 -0400] "GET /status/online/gender/c,t,f/ethnicity/white,native,islander/languages/romanian HTTP/1.1" 200 18343 "-" "Mozilla/5.0 AppleWebKit/537.36 (KHTML, like Gecko; compatible; ClaudeBot/1.0; +claudebot@anthropic.com)"
74.7.227.134 - - [04/Apr/2026:01:31:16 -0400] "GET /age/20-29,18-19,40-49/ethnicity/news-leonardo-faz-homenagem-apos-morte-de-assessora-cuidou-de-mim-como-filho,other,native,latino,asian,islander,white,east-indian,black HTTP/1.1" 200 23162 "https://www.nudcam.com/age/30-39,20-29,18-19,40-49/ethnicity/news-leonardo-faz-homenagem-apos-morte-de-assessora-cuidou-de-mim-como-filho,other,native,latino,asian,islander,white,east-indian,black" "Mozilla/5.0 AppleWebKit/537.36 (KHTML, like Gecko; compatible; GPTBot/1.3; +https://openai.com/gptbot)"
216.73.216.38 - - [04/Apr/2026:01:31:16 -0400] "GET /gender/c/age/60-100/hair/white,grey/ethnicity/asian/languages/spanish HTTP/1.1" 200 17626 "-" "Mozilla/5.0 AppleWebKit/537.36 (KHTML, like Gecko; compatible; ClaudeBot/1.0; +claudebot@anthropic.com)"
216.73.216.38 - - [04/Apr/2026:01:31:16 -0400] "GET /status/offline/age/20-29/hair/black/ethnicity/black,native,white/languages/hungarian HTTP/1.1" 200 18337 "-" "Mozilla/5.0 AppleWebKit/537.36 (KHTML, like Gecko; compatible; ClaudeBot/1.0; +claudebot@anthropic.com)"
216.73.216.38 - - [04/Apr/2026:01:31:16 -0400] "GET /status/offline,online/gender/f,c/age/18-19/ethnicity/black,native/languages/fiji HTTP/1.1" 200 18422 "-" "Mozilla/5.0 AppleWebKit/537.36 (KHTML, like Gecko; compatible; ClaudeBot/1.0; +claudebot@anthropic.com)"
216.73.216.38 - - [04/Apr/2026:01:31:16 -0400] "GET /gender/c,f,t/ethnicity/islander,native,white,latino HTTP/1.1" 200 17427 "-" "Mozilla/5.0 AppleWebKit/537.36 (KHTML, like Gecko; compatible; ClaudeBot/1.0; +claudebot@anthropic.com)"
216.73.216.38 - - [04/Apr/2026:01:31:16 -0400] "GET /age/40-49,20-29/hair/brown/ethnicity/white,native/languages/indonesian HTTP/1.1" 200 17708 "-" "Mozilla/5.0 AppleWebKit/537.36 (KHTML, like Gecko; compatible; ClaudeBot/1.0; +claudebot@anthropic.com)"
216.73.216.38 - - [04/Apr/2026:01:31:16 -0400] "GET /status/offline/gender/t/hair/grey,brown/ethnicity/white,islander,native HTTP/1.1" 200 18046 "-" "Mozilla/5.0 AppleWebKit/537.36 (KHTML, like Gecko; compatible; ClaudeBot/1.0; +claudebot@anthropic.com)"
216.73.216.38 - - [04/Apr/2026:01:31:16 -0400] "GET /hair/blonde/ethnicity/islander,black,latino,other HTTP/1.1" 200 17004 "-" "Mozilla/5.0 AppleWebKit/537.36 (KHTML, like Gecko; compatible; ClaudeBot/1.0; +claudebot@anthropic.com)"
216.73.216.38 - - [04/Apr/2026:01:31:17 -0400] "GET /age/20-29/ethnicity/asian,other,black,white/languages/spanish HTTP/1.1" 200 17448 "-" "Mozilla/5.0 AppleWebKit/537.36 (KHTML, like Gecko; compatible; ClaudeBot/1.0; +claudebot@anthropic.com)"
74.7.227.30 - - [04/Apr/2026:01:31:17 -0400] "GET /age/18-19/ethnicity/other,east-indian,black,white,islander,native,latino,asian HTTP/1.1" 200 18734 "https://nudcam.com/ethnicity/other,east-indian,black,white,islander,native,latino,asian" "Mozilla/5.0 AppleWebKit/537.36 (KHTML, like Gecko; compatible; GPTBot/1.3; +https://openai.com/gptbot)"
216.73.216.38 - - [04/Apr/2026:01:31:17 -0400] "GET /gender/c,m,f/ethnicity/islander,white,other,native/languages/romanian HTTP/1.1" 200 18090 "-" "Mozilla/5.0 AppleWebKit/537.36 (KHTML, like Gecko; compatible; ClaudeBot/1.0; +claudebot@anthropic.com)"
216.73.216.38 - - [04/Apr/2026:01:31:17 -0400] "GET /status/online/age/50-59,20-29/ethnicity/asian,native/languages/romanian HTTP/1.1" 200 17751 "-" "Mozilla/5.0 AppleWebKit/537.36 (KHTML, like Gecko; compatible; ClaudeBot/1.0; +claudebot@anthropic.com)"
216.73.216.38 - - [04/Apr/2026:01:31:17 -0400] "GET /gender/f/age/60-100/ethnicity/other,black,white,islander/languages/romanian HTTP/1.1" 200 18064 "-" "Mozilla/5.0 AppleWebKit/537.36 (KHTML, like Gecko; compatible; ClaudeBot/1.0; +claudebot@anthropic.com)"
216.73.216.38 - - [04/Apr/2026:01:31:17 -0400] "GET /gender/c/age/50-59,20-29,40-49/ethnicity/other/languages/hungarian HTTP/1.1" 200 17557 "-" "Mozilla/5.0 AppleWebKit/537.36 (KHTML, like Gecko; compatible; ClaudeBot/1.0; +claudebot@anthropic.com)"
74.7.227.134 - - [04/Apr/2026:01:31:17 -0400] "GET /age/30-39,18-19,40-49/ethnicity/news-leonardo-faz-homenagem-apos-morte-de-assessora-cuidou-de-mim-como-filho,other,native,latino,asian,islander,white,east-indian,black HTTP/1.1" 200 23162 "https://www.nudcam.com/age/30-39,20-29,18-19,40-49/ethnicity/news-leonardo-faz-homenagem-apos-morte-de-assessora-cuidou-de-mim-como-filho,other,native,latino,asian,islander,white,east-indian,black" "Mozilla/5.0 AppleWebKit/537.36 (KHTML, like Gecko; compatible; GPTBot/1.3; +https://openai.com/gptbot)"
216.73.216.38 - - [04/Apr/2026:01:31:17 -0400] "GET /status/offline/gender/c,f/age/30-39/ethnicity/white,islander,latino,native HTTP/1.1" 200 18360 "-" "Mozilla/5.0 AppleWebKit/537.36 (KHTML, like Gecko; compatible; ClaudeBot/1.0; +claudebot@anthropic.com)"
216.73.216.38 - - [04/Apr/2026:01:31:17 -0400] "GET /age/40-49/hair/brown,white,auburn,black/languages/indonesian HTTP/1.1" 200 17451 "-" "Mozilla/5.0 AppleWebKit/537.36 (KHTML, like Gecko; compatible; ClaudeBot/1.0; +claudebot@anthropic.com)"
216.73.216.38 - - [04/Apr/2026:01:31:17 -0400] "GET /gender/c/hair/grey,auburn,blonde/ethnicity/native/languages/romanian HTTP/1.1" 200 17617 "-" "Mozilla/5.0 AppleWebKit/537.36 (KHTML, like Gecko; compatible; ClaudeBot/1.0; +claudebot@anthropic.com)"
216.73.216.38 - - [04/Apr/2026:01:31:17 -0400] "GET /status/offline/hair/red,grey/ethnicity/latino,islander/languages/indonesian HTTP/1.1" 200 17878 "-" "Mozilla/5.0 AppleWebKit/537.36 (KHTML, like Gecko; compatible; ClaudeBot/1.0; +claudebot@anthropic.com)"
216.73.216.38 - - [04/Apr/2026:01:31:17 -0400] "GET /gender/m,f,c/age/30-39/ethnicity/islander,native,black,white HTTP/1.1" 200 17887 "-" "Mozilla/5.0 AppleWebKit/537.36 (KHTML, like Gecko; compatible; ClaudeBot/1.0; +claudebot@anthropic.com)"
216.73.216.38 - - [04/Apr/2026:01:31:17 -0400] "GET /age/50-59,40-49/hair/red,brown/ethnicity/other/languages/romanian HTTP/1.1" 200 17530 "-" "Mozilla/5.0 AppleWebKit/537.36 (KHTML, like Gecko; compatible; ClaudeBot/1.0; +claudebot@anthropic.com)"
216.73.216.38 - - [04/Apr/2026:01:31:18 -0400] "GET /status/offline/gender/c,m/ethnicity/islander,other,white,latino HTTP/1.1" 200 17815 "-" "Mozilla/5.0 AppleWebKit/537.36 (KHTML, like Gecko; compatible; ClaudeBot/1.0; +claudebot@anthropic.com)"
216.73.216.38 - - [04/Apr/2026:01:31:18 -0400] "GET /status/offline,online/gender/t,c,f/ethnicity/native,other/languages/spanish HTTP/1.1" 200 18281 "-" "Mozilla/5.0 AppleWebKit/537.36 (KHTML, like Gecko; compatible; ClaudeBot/1.0; +claudebot@anthropic.com)"
74.7.227.30 - - [04/Apr/2026:01:31:18 -0400] "GET /age/20-29/ethnicity/latino,other,islander,asian,native,east-indian,white,black HTTP/1.1" 200 18734 "https://nudcam.com/ethnicity/latino,other,islander,asian,native,east-indian,white,black" "Mozilla/5.0 AppleWebKit/537.36 (KHTML, like Gecko; compatible; GPTBot/1.3; +https://openai.com/gptbot)"
216.73.216.38 - - [04/Apr/2026:01:31:18 -0400] "GET /status/offline/age/18-19,20-29,50-59/ethnicity/other,black/languages/romanian HTTP/1.1" 200 18133 "-" "Mozilla/5.0 AppleWebKit/537.36 (KHTML, like Gecko; compatible; ClaudeBot/1.0; +claudebot@anthropic.com)"
216.73.216.38 - - [04/Apr/2026:01:31:18 -0400] "GET /status/offline/gender/f/ethnicity/black,white,latino,other/languages/romanian HTTP/1.1" 200 18135 "-" "Mozilla/5.0 AppleWebKit/537.36 (KHTML, like Gecko; compatible; ClaudeBot/1.0; +claudebot@anthropic.com)"
216.73.216.38 - - [04/Apr/2026:01:31:18 -0400] "GET /age/60-100,18-19/hair/brown,red/ethnicity/other/languages/spanish HTTP/1.1" 200 17528 "-" "Mozilla/5.0 AppleWebKit/537.36 (KHTML, like Gecko; compatible; ClaudeBot/1.0; +claudebot@anthropic.com)"
74.7.227.134 - - [04/Apr/2026:01:31:18 -0400] "GET /age/18-19,30-39,40-49/ethnicity/news-leonardo-faz-homenagem-apos-morte-de-assessora-cuidou-de-mim-como-filho,islander,white,black,native,other,asian,east-indian,latino HTTP/1.1" 200 23162 "https://www.nudcam.com/age/18-19,30-39/ethnicity/news-leonardo-faz-homenagem-apos-morte-de-assessora-cuidou-de-mim-como-filho,islander,white,black,native,other,asian,east-indian,latino" "Mozilla/5.0 AppleWebKit/537.36 (KHTML, like Gecko; compatible; GPTBot/1.3; +https://openai.com/gptbot)"
216.73.216.38 - - [04/Apr/2026:01:31:18 -0400] "GET /status/offline/gender/c,m/age/20-29,50-59,60-100/languages/indonesian HTTP/1.1" 200 17921 "-" "Mozilla/5.0 AppleWebKit/537.36 (KHTML, like Gecko; compatible; ClaudeBot/1.0; +claudebot@anthropic.com)"
216.73.216.38 - - [04/Apr/2026:01:31:18 -0400] "GET /status/offline,online/age/18-19/ethnicity/islander,native,white,other/languages/spanish HTTP/1.1" 200 18682 "-" "Mozilla/5.0 AppleWebKit/537.36 (KHTML, like Gecko; compatible; ClaudeBot/1.0; +claudebot@anthropic.com)"
216.73.216.38 - - [04/Apr/2026:01:31:18 -0400] "GET /gender/f,c/ethnicity/latino,native,black,islander/languages/romanian HTTP/1.1" 200 17871 "-" "Mozilla/5.0 AppleWebKit/537.36 (KHTML, like Gecko; compatible; ClaudeBot/1.0; +claudebot@anthropic.com)"
216.73.216.38 - - [04/Apr/2026:01:31:18 -0400] "GET /status/offline/gender/c,f,t/ethnicity/islander,latino/languages/hungarian HTTP/1.1" 200 18016 "-" "Mozilla/5.0 AppleWebKit/537.36 (KHTML, like Gecko; compatible; ClaudeBot/1.0; +claudebot@anthropic.com)"
216.73.216.38 - - [04/Apr/2026:01:31:18 -0400] "GET /status/offline/age/40-49/hair/grey,white/ethnicity/islander,white,native/languages/hindi HTTP/1.1" 200 18675 "-" "Mozilla/5.0 AppleWebKit/537.36 (KHTML, like Gecko; compatible; ClaudeBot/1.0; +claudebot@anthropic.com)"
216.73.216.38 - - [04/Apr/2026:01:31:18 -0400] "GET /age/60-100,20-29/ethnicity/black,islander,native,other/languages/hungarian HTTP/1.1" 200 18063 "-" "Mozilla/5.0 AppleWebKit/537.36 (KHTML, like Gecko; compatible; ClaudeBot/1.0; +claudebot@anthropic.com)"
216.73.216.38 - - [04/Apr/2026:01:31:19 -0400] "GET /age/60-100,20-29/ethnicity/black,native,islander,other/languages/hungarian HTTP/1.1" 200 18063 "-" "Mozilla/5.0 AppleWebKit/537.36 (KHTML, like Gecko; compatible; ClaudeBot/1.0; +claudebot@anthropic.com)"
216.73.216.38 - - [04/Apr/2026:01:31:19 -0400] "GET /status/offline/age/30-39/ethnicity/white,native,islander,asian,other HTTP/1.1" 200 17978 "-" "Mozilla/5.0 AppleWebKit/537.36 (KHTML, like Gecko; compatible; ClaudeBot/1.0; +claudebot@anthropic.com)"
74.7.227.30 - - [04/Apr/2026:01:31:19 -0400] "GET /age/30-39/ethnicity/asian,islander,white,east-indian,latino,other,black,native HTTP/1.1" 200 18734 "https://nudcam.com/ethnicity/asian,islander,white,east-indian,latino,other,black,native" "Mozilla/5.0 AppleWebKit/537.36 (KHTML, like Gecko; compatible; GPTBot/1.3; +https://openai.com/gptbot)"
216.73.216.38 - - [04/Apr/2026:01:31:19 -0400] "GET /age/30-39,18-19/hair/brown/ethnicity/native,white/languages/hungarian HTTP/1.1" 200 17674 "-" "Mozilla/5.0 AppleWebKit/537.36 (KHTML, like Gecko; compatible; ClaudeBot/1.0; +claudebot@anthropic.com)"
216.73.216.38 - - [04/Apr/2026:01:31:19 -0400] "GET /status/offline/gender/m,c,t/age/18-19,40-49/ethnicity/native,other HTTP/1.1" 200 18077 "-" "Mozilla/5.0 AppleWebKit/537.36 (KHTML, like Gecko; compatible; ClaudeBot/1.0; +claudebot@anthropic.com)"
216.73.216.38 - - [04/Apr/2026:01:31:19 -0400] "GET /status/online/age/18-19,50-59,20-29/hair/white,black HTTP/1.1" 200 17293 "-" "Mozilla/5.0 AppleWebKit/537.36 (KHTML, like Gecko; compatible; ClaudeBot/1.0; +claudebot@anthropic.com)"
74.7.227.134 - - [04/Apr/2026:01:31:19 -0400] "GET /age/18-19,30-39/ethnicity/news-leonardo-faz-homenagem-apos-morte-de-assessora-cuidou-de-mim-como-filho,islander,white,native,other,asian,east-indian,latino HTTP/1.1" 200 22143 "https://www.nudcam.com/age/18-19,30-39/ethnicity/news-leonardo-faz-homenagem-apos-morte-de-assessora-cuidou-de-mim-como-filho,islander,white,black,native,other,asian,east-indian,latino" "Mozilla/5.0 AppleWebKit/537.36 (KHTML, like Gecko; compatible; GPTBot/1.3; +https://openai.com/gptbot)"
66.249.66.67 - - [04/Apr/2026:01:31:19 -0400] "GET /ethnicity/black,white,other,islander,latino,east-indian HTTP/1.1" 200 17406 "-" "Mozilla/5.0 (Linux; Android 6.0.1; Nexus 5X Build/MMB29P) AppleWebKit/537.36 (KHTML, like Gecko) Chrome/146.0.7680.177 Mobile Safari/537.36 (compatible; Googlebot/2.1; +http://www.google.com/bot.html)"
216.73.216.38 - - [04/Apr/2026:01:31:19 -0400] "GET /status/offline,online/gender/m,t/age/50-59,30-39/languages/fiji HTTP/1.1" 200 17725 "-" "Mozilla/5.0 AppleWebKit/537.36 (KHTML, like Gecko; compatible; ClaudeBot/1.0; +claudebot@anthropic.com)"
216.73.216.38 - - [04/Apr/2026:01:31:19 -0400] "GET /status/online/age/20-29/hair/brown/ethnicity/white,native,islander/languages/spanish HTTP/1.1" 200 18333 "-" "Mozilla/5.0 AppleWebKit/537.36 (KHTML, like Gecko; compatible; ClaudeBot/1.0; +claudebot@anthropic.com)"
216.73.216.38 - - [04/Apr/2026:01:31:19 -0400] "GET /age/60-100,40-49/ethnicity/latino,black,white,native/languages/hindi HTTP/1.1" 200 17857 "-" "Mozilla/5.0 AppleWebKit/537.36 (KHTML, like Gecko; compatible; ClaudeBot/1.0; +claudebot@anthropic.com)"
216.73.216.38 - - [04/Apr/2026:01:31:19 -0400] "GET /age/18-19,40-49,50-59/hair/red,grey,white HTTP/1.1" 200 16946 "-" "Mozilla/5.0 AppleWebKit/537.36 (KHTML, like Gecko; compatible; ClaudeBot/1.0; +claudebot@anthropic.com)"
216.73.216.38 - - [04/Apr/2026:01:31:19 -0400] "GET /status/offline/gender/m,t/age/18-19/hair/white/ethnicity/native/languages/romanian HTTP/1.1" 200 18230 "-" "Mozilla/5.0 AppleWebKit/537.36 (KHTML, like Gecko; compatible; ClaudeBot/1.0; +claudebot@anthropic.com)"
216.73.216.38 - - [04/Apr/2026:01:31:20 -0400] "GET /status/online,offline/age/40-49,30-39,18-19/ethnicity/islander,native HTTP/1.1" 200 18014 "-" "Mozilla/5.0 AppleWebKit/537.36 (KHTML, like Gecko; compatible; ClaudeBot/1.0; +claudebot@anthropic.com)"
216.73.216.38 - - [04/Apr/2026:01:31:20 -0400] "GET /gender/f/age/40-49/ethnicity/islander,other,latino,white,native HTTP/1.1" 200 17799 "-" "Mozilla/5.0 AppleWebKit/537.36 (KHTML, like Gecko; compatible; ClaudeBot/1.0; +claudebot@anthropic.com)"
216.73.216.38 - - [04/Apr/2026:01:31:20 -0400] "GET /gender/f,m/ethnicity/native,other,islander,black,asian HTTP/1.1" 200 17529 "-" "Mozilla/5.0 AppleWebKit/537.36 (KHTML, like Gecko; compatible; ClaudeBot/1.0; +claudebot@anthropic.com)"
52.1.106.130 - - [04/Apr/2026:01:31:20 -0400] "GET /status/offline,online/gender/c,t/age/30-39,40-49/hair/red,auburn/ethnicity/east-indian,asian,native,white,islander,other HTTP/1.1" 200 21641 "-" "Mozilla/5.0 AppleWebKit/537.36 (KHTML, like Gecko; compatible; Amazonbot/0.1; +https://developer.amazon.com/support/amazonbot) Chrome/119.0.6045.214 Safari/537.36"
216.73.216.38 - - [04/Apr/2026:01:31:20 -0400] "GET /status/offline/gender/c/hair/grey/ethnicity/native,other,black/languages/spanish HTTP/1.1" 200 18197 "-" "Mozilla/5.0 AppleWebKit/537.36 (KHTML, like Gecko; compatible; ClaudeBot/1.0; +claudebot@anthropic.com)"
144.76.32.236 - - [04/Apr/2026:01:31:20 -0400] "GET /gender/c,t,f,m/age/20-29,50-59/hair/blonde HTTP/1.1" 200 17125 "-" "Mozilla/5.0 (compatible; SERankingBacklinksBot/1.0; +https://seranking.com/backlinks-crawler)"
74.7.227.30 - - [04/Apr/2026:01:31:20 -0400] "GET /age/50-59/ethnicity/other,islander,latino,black,asian,native,east-indian,white HTTP/1.1" 200 18734 "https://nudcam.com/ethnicity/other,islander,latino,black,asian,native,east-indian,white" "Mozilla/5.0 AppleWebKit/537.36 (KHTML, like Gecko; compatible; GPTBot/1.3; +https://openai.com/gptbot)"
216.73.216.38 - - [04/Apr/2026:01:31:20 -0400] "GET /age/40-49,50-59/hair/brown,white/ethnicity/native/languages/hungarian HTTP/1.1" 200 17660 "-" "Mozilla/5.0 AppleWebKit/537.36 (KHTML, like Gecko; compatible; ClaudeBot/1.0; +claudebot@anthropic.com)"
216.73.216.38 - - [04/Apr/2026:01:31:20 -0400] "GET /status/online/gender/f/age/40-49,50-59/ethnicity/native,islander,other HTTP/1.1" 200 18018 "-" "Mozilla/5.0 AppleWebKit/537.36 (KHTML, like Gecko; compatible; ClaudeBot/1.0; +claudebot@anthropic.com)"
216.73.216.38 - - [04/Apr/2026:01:31:20 -0400] "GET /status/offline/gender/t,c,m/age/30-39/ethnicity/native,asian/languages/hindi HTTP/1.1" 200 18276 "-" "Mozilla/5.0 AppleWebKit/537.36 (KHTML, like Gecko; compatible; ClaudeBot/1.0; +claudebot@anthropic.com)"
74.7.227.134 - - [04/Apr/2026:01:31:20 -0400] "GET /age/30-39,20-29,40-49/ethnicity/news-leonardo-faz-homenagem-apos-morte-de-assessora-cuidou-de-mim-como-filho,latino,islander,east-indian,black,native,white,other,asian HTTP/1.1" 200 23162 "https://www.nudcam.com/age/30-39,20-29/ethnicity/news-leonardo-faz-homenagem-apos-morte-de-assessora-cuidou-de-mim-como-filho,latino,islander,east-indian,black,native,white,other,asian" "Mozilla/5.0 AppleWebKit/537.36 (KHTML, like Gecko; compatible; GPTBot/1.3; +https://openai.com/gptbot)"
216.73.216.38 - - [04/Apr/2026:01:31:20 -0400] "GET /age/40-49,50-59,30-39/ethnicity/other,native,white/languages/hindi HTTP/1.1" 200 17784 "-" "Mozilla/5.0 AppleWebKit/537.36 (KHTML, like Gecko; compatible; ClaudeBot/1.0; +claudebot@anthropic.com)"
216.73.216.38 - - [04/Apr/2026:01:31:20 -0400] "GET /status/offline/age/60-100,20-29,30-39/ethnicity/other,native,islander/languages/spanish HTTP/1.1" 200 18668 "-" "Mozilla/5.0 AppleWebKit/537.36 (KHTML, like Gecko; compatible; ClaudeBot/1.0; +claudebot@anthropic.com)"
216.73.216.38 - - [04/Apr/2026:01:31:20 -0400] "GET /gender/m,c,t/age/30-39,20-29,40-49/languages/hindi HTTP/1.1" 200 17302 "-" "Mozilla/5.0 AppleWebKit/537.36 (KHTML, like Gecko; compatible; ClaudeBot/1.0; +claudebot@anthropic.com)"
216.73.216.38 - - [04/Apr/2026:01:31:20 -0400] "GET /status/online/age/50-59/hair/auburn,white/ethnicity/native/languages/indonesian HTTP/1.1" 200 17961 "-" "Mozilla/5.0 AppleWebKit/537.36 (KHTML, like Gecko; compatible; ClaudeBot/1.0; +claudebot@anthropic.com)"
216.73.216.38 - - [04/Apr/2026:01:31:21 -0400] "GET /status/online/gender/m/age/60-100,18-19/hair/white/languages/fiji HTTP/1.1" 200 17551 "-" "Mozilla/5.0 AppleWebKit/537.36 (KHTML, like Gecko; compatible; ClaudeBot/1.0; +claudebot@anthropic.com)"
216.73.216.38 - - [04/Apr/2026:01:31:21 -0400] "GET /hair/white,black,brown,blonde/ethnicity/native/languages/hungarian HTTP/1.1" 200 17580 "-" "Mozilla/5.0 AppleWebKit/537.36 (KHTML, like Gecko; compatible; ClaudeBot/1.0; +claudebot@anthropic.com)"
216.73.216.38 - - [04/Apr/2026:01:31:21 -0400] "GET /gender/c/age/20-29,60-100/ethnicity/other,islander,native,white HTTP/1.1" 200 17800 "-" "Mozilla/5.0 AppleWebKit/537.36 (KHTML, like Gecko; compatible; ClaudeBot/1.0; +claudebot@anthropic.com)"
216.73.216.38 - - [04/Apr/2026:01:31:21 -0400] "GET /gender/c/age/40-49,20-29/ethnicity/white,other,black,native HTTP/1.1" 200 17664 "-" "Mozilla/5.0 AppleWebKit/537.36 (KHTML, like Gecko; compatible; ClaudeBot/1.0; +claudebot@anthropic.com)"
74.7.227.30 - - [04/Apr/2026:01:31:21 -0400] "GET /age/40-49/ethnicity/other,latino,black,native,islander,asian,white,east-indian HTTP/1.1" 200 18734 "https://nudcam.com/ethnicity/other,latino,black,native,islander,asian,white,east-indian" "Mozilla/5.0 AppleWebKit/537.36 (KHTML, like Gecko; compatible; GPTBot/1.3; +https://openai.com/gptbot)"
216.73.216.38 - - [04/Apr/2026:01:31:21 -0400] "GET /status/offline/age/18-19,40-49/hair/black,white,grey/ethnicity/islander HTTP/1.1" 200 18028 "-" "Mozilla/5.0 AppleWebKit/537.36 (KHTML, like Gecko; compatible; ClaudeBot/1.0; +claudebot@anthropic.com)"
216.73.216.38 - - [04/Apr/2026:01:31:21 -0400] "GET /status/offline/age/18-19,60-100/ethnicity/islander,asian,black HTTP/1.1" 200 17593 "-" "Mozilla/5.0 AppleWebKit/537.36 (KHTML, like Gecko; compatible; ClaudeBot/1.0; +claudebot@anthropic.com)"
216.73.216.38 - - [04/Apr/2026:01:31:21 -0400] "GET /status/online/age/30-39,18-19/ethnicity/asian,native,black HTTP/1.1" 200 17461 "-" "Mozilla/5.0 AppleWebKit/537.36 (KHTML, like Gecko; compatible; ClaudeBot/1.0; +claudebot@anthropic.com)"
216.73.216.38 - - [04/Apr/2026:01:31:21 -0400] "GET /status/offline/age/40-49,30-39/hair/grey/ethnicity/latino/languages/hindi HTTP/1.1" 200 17754 "-" "Mozilla/5.0 AppleWebKit/537.36 (KHTML, like Gecko; compatible; ClaudeBot/1.0; +claudebot@anthropic.com)"
74.7.227.134 - - [04/Apr/2026:01:31:21 -0400] "GET /age/18-19,30-39,50-59,60-100/ethnicity/news-leonardo-faz-homenagem-apos-morte-de-assessora-cuidou-de-mim-como-filho,asian,other,white,native,latino,east-indian,islander,black HTTP/1.1" 200 23726 "https://www.nudcam.com/age/18-19,30-39,50-59/ethnicity/news-leonardo-faz-homenagem-apos-morte-de-assessora-cuidou-de-mim-como-filho,asian,other,white,native,latino,east-indian,islander,black" "Mozilla/5.0 AppleWebKit/537.36 (KHTML, like Gecko; compatible; GPTBot/1.3; +https://openai.com/gptbot)"
216.73.216.38 - - [04/Apr/2026:01:31:21 -0400] "GET /status/offline/gender/t,f,m/age/18-19/hair/grey/languages/fiji HTTP/1.1" 200 17647 "-" "Mozilla/5.0 AppleWebKit/537.36 (KHTML, like Gecko; compatible; ClaudeBot/1.0; +claudebot@anthropic.com)"
216.73.216.38 - - [04/Apr/2026:01:31:21 -0400] "GET /gender/c/age/50-59/ethnicity/native,white,islander,black/languages/fiji HTTP/1.1" 200 17924 "-" "Mozilla/5.0 AppleWebKit/537.36 (KHTML, like Gecko; compatible; ClaudeBot/1.0; +claudebot@anthropic.com)"
216.73.216.38 - - [04/Apr/2026:01:31:21 -0400] "GET /status/online/age/40-49/hair/red,black/ethnicity/native,islander/languages/fiji HTTP/1.1" 200 18168 "-" "Mozilla/5.0 AppleWebKit/537.36 (KHTML, like Gecko; compatible; ClaudeBot/1.0; +claudebot@anthropic.com)"
216.73.216.38 - - [04/Apr/2026:01:31:22 -0400] "GET /age/30-39/hair/white,black,grey/ethnicity/black/languages/indonesian HTTP/1.1" 200 17625 "-" "Mozilla/5.0 AppleWebKit/537.36 (KHTML, like Gecko; compatible; ClaudeBot/1.0; +claudebot@anthropic.com)"
216.73.216.38 - - [04/Apr/2026:01:31:22 -0400] "GET /gender/t,f,m,c/age/20-29,18-19/ethnicity/white HTTP/1.1" 200 17210 "-" "Mozilla/5.0 AppleWebKit/537.36 (KHTML, like Gecko; compatible; ClaudeBot/1.0; +claudebot@anthropic.com)"
216.73.216.38 - - [04/Apr/2026:01:31:22 -0400] "GET /gender/t,m,f,c/age/20-29,18-19/ethnicity/white HTTP/1.1" 200 17210 "-" "Mozilla/5.0 AppleWebKit/537.36 (KHTML, like Gecko; compatible; ClaudeBot/1.0; +claudebot@anthropic.com)"
216.73.216.38 - - [04/Apr/2026:01:31:22 -0400] "GET /status/offline/age/60-100,18-19/hair/auburn,red/ethnicity/white,native HTTP/1.1" 200 18018 "-" "Mozilla/5.0 AppleWebKit/537.36 (KHTML, like Gecko; compatible; ClaudeBot/1.0; +claudebot@anthropic.com)"
17.246.23.9 - - [04/Apr/2026:01:31:22 -0400] "GET /hair/red,grey/ethnicity/other,native/languages/hebrew HTTP/1.1" 200 17225 "-" "Mozilla/5.0 (Macintosh; Intel Mac OS X 10_15_7) AppleWebKit/605.1.15 (KHTML, like Gecko) Version/17.4 Safari/605.1.15 (Applebot/0.1; +http://www.apple.com/go/applebot)"
216.73.216.38 - - [04/Apr/2026:01:31:22 -0400] "GET /gender/c/age/60-100/hair/auburn,black,red/languages/spanish HTTP/1.1" 200 17388 "-" "Mozilla/5.0 AppleWebKit/537.36 (KHTML, like Gecko; compatible; ClaudeBot/1.0; +claudebot@anthropic.com)"
74.7.227.30 - - [04/Apr/2026:01:31:22 -0400] "GET /age/20-29/ethnicity/latino,black,white,other,asian,native,east-indian,islander HTTP/1.1" 200 18734 "https://nudcam.com/ethnicity/latino,black,white,other,asian,native,east-indian,islander" "Mozilla/5.0 AppleWebKit/537.36 (KHTML, like Gecko; compatible; GPTBot/1.3; +https://openai.com/gptbot)"
216.73.216.38 - - [04/Apr/2026:01:31:22 -0400] "GET /status/offline/gender/m,f/hair/brown,grey,auburn/languages/romanian HTTP/1.1" 200 17849 "-" "Mozilla/5.0 AppleWebKit/537.36 (KHTML, like Gecko; compatible; ClaudeBot/1.0; +claudebot@anthropic.com)"
216.73.216.38 - - [04/Apr/2026:01:31:22 -0400] "GET /gender/f,m,c/age/20-29/ethnicity/islander,asian/languages/fiji HTTP/1.1" 200 17637 "-" "Mozilla/5.0 AppleWebKit/537.36 (KHTML, like Gecko; compatible; ClaudeBot/1.0; +claudebot@anthropic.com)"
216.73.216.38 - - [04/Apr/2026:01:31:22 -0400] "GET /status/offline/gender/f,c,m/ethnicity/islander,white,asian/languages/spanish HTTP/1.1" 200 18306 "-" "Mozilla/5.0 AppleWebKit/537.36 (KHTML, like Gecko; compatible; ClaudeBot/1.0; +claudebot@anthropic.com)"
216.73.216.38 - - [04/Apr/2026:01:31:22 -0400] "GET /status/online,offline/ethnicity/other,black,latino,white,native HTTP/1.1" 200 17841 "-" "Mozilla/5.0 AppleWebKit/537.36 (KHTML, like Gecko; compatible; ClaudeBot/1.0; +claudebot@anthropic.com)"
74.7.227.134 - - [04/Apr/2026:01:31:22 -0400] "GET /age/30-39,20-29,18-19/ethnicity/news-leonardo-faz-homenagem-apos-morte-de-assessora-cuidou-de-mim-como-filho,latino,islander,east-indian,black,native,white,other,asian HTTP/1.1" 200 23162 "https://www.nudcam.com/age/30-39,20-29/ethnicity/news-leonardo-faz-homenagem-apos-morte-de-assessora-cuidou-de-mim-como-filho,latino,islander,east-indian,black,native,white,other,asian" "Mozilla/5.0 AppleWebKit/537.36 (KHTML, like Gecko; compatible; GPTBot/1.3; +https://openai.com/gptbot)"
216.73.216.38 - - [04/Apr/2026:01:31:22 -0400] "GET /status/offline/age/40-49/hair/black,brown/ethnicity/islander,native/languages/japanese HTTP/1.1" 200 18407 "-" "Mozilla/5.0 AppleWebKit/537.36 (KHTML, like Gecko; compatible; ClaudeBot/1.0; +claudebot@anthropic.com)"
216.73.216.38 - - [04/Apr/2026:01:31:22 -0400] "GET /gender/c/age/30-39,50-59/ethnicity/white,other,native/languages/spanish HTTP/1.1" 200 17931 "-" "Mozilla/5.0 AppleWebKit/537.36 (KHTML, like Gecko; compatible; ClaudeBot/1.0; +claudebot@anthropic.com)"
216.73.216.38 - - [04/Apr/2026:01:31:23 -0400] "GET /gender/m/age/30-39,20-29/ethnicity/other,native,islander/languages/spanish HTTP/1.1" 200 18028 "-" "Mozilla/5.0 AppleWebKit/537.36 (KHTML, like Gecko; compatible; ClaudeBot/1.0; +claudebot@anthropic.com)"
216.73.216.38 - - [04/Apr/2026:01:31:23 -0400] "GET /gender/t,c/age/50-59,60-100,40-49/languages/japanese HTTP/1.1" 200 17205 "-" "Mozilla/5.0 AppleWebKit/537.36 (KHTML, like Gecko; compatible; ClaudeBot/1.0; +claudebot@anthropic.com)"
216.73.216.38 - - [04/Apr/2026:01:31:23 -0400] "GET /status/offline/gender/c,m,f/age/30-39,40-49/ethnicity/white/languages/hungarian HTTP/1.1" 200 18368 "-" "Mozilla/5.0 AppleWebKit/537.36 (KHTML, like Gecko; compatible; ClaudeBot/1.0; +claudebot@anthropic.com)"
216.73.216.38 - - [04/Apr/2026:01:31:23 -0400] "GET /status/offline/gender/c,t,f/hair/black,grey/ethnicity/white HTTP/1.1" 200 17630 "-" "Mozilla/5.0 AppleWebKit/537.36 (KHTML, like Gecko; compatible; ClaudeBot/1.0; +claudebot@anthropic.com)"
216.73.216.38 - - [04/Apr/2026:01:31:23 -0400] "GET /status/online/age/40-49/ethnicity/islander,other,black,white/languages/japanese HTTP/1.1" 200 18205 "-" "Mozilla/5.0 AppleWebKit/537.36 (KHTML, like Gecko; compatible; ClaudeBot/1.0; +claudebot@anthropic.com)"
74.7.227.30 - - [04/Apr/2026:01:31:23 -0400] "GET /age/20-29,30-39/ethnicity/white,other,asian,latino,black,east-indian,native,islander HTTP/1.1" 200 19155 "https://nudcam.com/age/20-29,30-39/ethnicity/white,other,asian,latino,black,east-indian,native" "Mozilla/5.0 AppleWebKit/537.36 (KHTML, like Gecko; compatible; GPTBot/1.3; +https://openai.com/gptbot)"
216.73.216.38 - - [04/Apr/2026:01:31:23 -0400] "GET /status/offline/gender/f,c/age/40-49,18-19/ethnicity/other,islander,native HTTP/1.1" 200 18326 "-" "Mozilla/5.0 AppleWebKit/537.36 (KHTML, like Gecko; compatible; ClaudeBot/1.0; +claudebot@anthropic.com)"
66.249.66.67 - - [04/Apr/2026:01:31:23 -0400] "GET /hair/red,grey,brown,auburn,black HTTP/1.1" 200 16520 "-" "Mozilla/5.0 (Linux; Android 6.0.1; Nexus 5X Build/MMB29P) AppleWebKit/537.36 (KHTML, like Gecko) Chrome/146.0.7680.177 Mobile Safari/537.36 (compatible; Googlebot/2.1; +http://www.google.com/bot.html)"
216.73.216.38 - - [04/Apr/2026:01:31:23 -0400] "GET /gender/f/age/18-19/hair/black,red,auburn/languages/romanian HTTP/1.1" 200 17390 "-" "Mozilla/5.0 AppleWebKit/537.36 (KHTML, like Gecko; compatible; ClaudeBot/1.0; +claudebot@anthropic.com)"
216.73.216.38 - - [04/Apr/2026:01:31:23 -0400] "GET /age/20-29,18-19,40-49/hair/blonde,grey/languages/spanish HTTP/1.1" 200 17319 "-" "Mozilla/5.0 AppleWebKit/537.36 (KHTML, like Gecko; compatible; ClaudeBot/1.0; +claudebot@anthropic.com)"
216.73.216.38 - - [04/Apr/2026:01:31:23 -0400] "GET /age/18-19,60-100/hair/brown,white/ethnicity/islander,white HTTP/1.1" 200 17452 "-" "Mozilla/5.0 AppleWebKit/537.36 (KHTML, like Gecko; compatible; ClaudeBot/1.0; +claudebot@anthropic.com)"
74.7.227.134 - - [04/Apr/2026:01:31:23 -0400] "GET /age/30-39,20-29,50-59/ethnicity/news-leonardo-faz-homenagem-apos-morte-de-assessora-cuidou-de-mim-como-filho,latino,islander,east-indian,black,native,white,other,asian HTTP/1.1" 200 23162 "https://www.nudcam.com/age/30-39,20-29/ethnicity/news-leonardo-faz-homenagem-apos-morte-de-assessora-cuidou-de-mim-como-filho,latino,islander,east-indian,black,native,white,other,asian" "Mozilla/5.0 AppleWebKit/537.36 (KHTML, like Gecko; compatible; GPTBot/1.3; +https://openai.com/gptbot)"
216.73.216.38 - - [04/Apr/2026:01:31:23 -0400] "GET /status/offline/gender/c/hair/brown,red,black/ethnicity/native/languages/fiji HTTP/1.1" 200 18041 "-" "Mozilla/5.0 AppleWebKit/537.36 (KHTML, like Gecko; compatible; ClaudeBot/1.0; +claudebot@anthropic.com)"
216.73.216.38 - - [04/Apr/2026:01:31:23 -0400] "GET /status/offline/age/20-29,18-19,60-100,40-49/ethnicity/black/languages/hungarian HTTP/1.1" 200 18174 "-" "Mozilla/5.0 AppleWebKit/537.36 (KHTML, like Gecko; compatible; ClaudeBot/1.0; +claudebot@anthropic.com)"
216.73.216.38 - - [04/Apr/2026:01:31:24 -0400] "GET /age/60-100/hair/auburn/ethnicity/black,other,white,islander HTTP/1.1" 200 17478 "-" "Mozilla/5.0 AppleWebKit/537.36 (KHTML, like Gecko; compatible; ClaudeBot/1.0; +claudebot@anthropic.com)"
216.73.216.38 - - [04/Apr/2026:01:31:24 -0400] "GET /status/offline/age/20-29,50-59,40-49/ethnicity/native,islander,other/languages/fiji HTTP/1.1" 200 18526 "-" "Mozilla/5.0 AppleWebKit/537.36 (KHTML, like Gecko; compatible; ClaudeBot/1.0; +claudebot@anthropic.com)"
216.73.216.38 - - [04/Apr/2026:01:31:24 -0400] "GET /status/offline/gender/t,m,c/age/40-49,50-59/ethnicity/native/languages/fiji HTTP/1.1" 200 18221 "-" "Mozilla/5.0 AppleWebKit/537.36 (KHTML, like Gecko; compatible; ClaudeBot/1.0; +claudebot@anthropic.com)"
54.225.199.17 - - [04/Apr/2026:01:31:24 -0400] "GET /status/offline,online/gender/m,t,f,c/age/50-59,60-100,18-19/hair/brown/ethnicity/islander,asian,latino,east-indian/languages/hindi HTTP/1.1" 200 22080 "-" "Mozilla/5.0 AppleWebKit/537.36 (KHTML, like Gecko; compatible; Amazonbot/0.1; +https://developer.amazon.com/support/amazonbot) Chrome/119.0.6045.214 Safari/537.36"
216.73.216.38 - - [04/Apr/2026:01:31:24 -0400] "GET /status/offline/gender/f/age/30-39,40-49/hair/brown,grey,red HTTP/1.1" 200 17677 "-" "Mozilla/5.0 AppleWebKit/537.36 (KHTML, like Gecko; compatible; ClaudeBot/1.0; +claudebot@anthropic.com)"
216.73.216.38 - - [04/Apr/2026:01:31:24 -0400] "GET /age/20-29/hair/blonde,grey,brown/ethnicity/islander,white HTTP/1.1" 200 17414 "-" "Mozilla/5.0 AppleWebKit/537.36 (KHTML, like Gecko; compatible; ClaudeBot/1.0; +claudebot@anthropic.com)"
216.73.216.38 - - [04/Apr/2026:01:31:24 -0400] "GET /status/offline/hair/white,brown,red,blonde,black/ethnicity/native HTTP/1.1" 200 17840 "-" "Mozilla/5.0 AppleWebKit/537.36 (KHTML, like Gecko; compatible; ClaudeBot/1.0; +claudebot@anthropic.com)"
74.7.227.30 - - [04/Apr/2026:01:31:24 -0400] "GET /age/20-29,40-49/ethnicity/white,other,asian,latino,black,east-indian,native,islander HTTP/1.1" 200 19155 "https://nudcam.com/age/20-29,40-49/ethnicity/white,other,asian,latino,black,east-indian,native" "Mozilla/5.0 AppleWebKit/537.36 (KHTML, like Gecko; compatible; GPTBot/1.3; +https://openai.com/gptbot)"
216.73.216.38 - - [04/Apr/2026:01:31:24 -0400] "GET /gender/f/hair/black/ethnicity/native,black,islander/languages/hungarian HTTP/1.1" 200 17733 "-" "Mozilla/5.0 AppleWebKit/537.36 (KHTML, like Gecko; compatible; ClaudeBot/1.0; +claudebot@anthropic.com)"
216.73.216.38 - - [04/Apr/2026:01:31:24 -0400] "GET /gender/m,c,f/age/18-19,20-29/ethnicity/other/languages/romanian HTTP/1.1" 200 17659 "-" "Mozilla/5.0 AppleWebKit/537.36 (KHTML, like Gecko; compatible; ClaudeBot/1.0; +claudebot@anthropic.com)"
216.73.216.38 - - [04/Apr/2026:01:31:24 -0400] "GET /status/online/age/40-49,60-100/ethnicity/native,black,other/languages/hungarian HTTP/1.1" 200 18208 "-" "Mozilla/5.0 AppleWebKit/537.36 (KHTML, like Gecko; compatible; ClaudeBot/1.0; +claudebot@anthropic.com)"
216.73.216.38 - - [04/Apr/2026:01:31:24 -0400] "GET /status/online/age/20-29,50-59,60-100/ethnicity/other,native,black HTTP/1.1" 200 17870 "-" "Mozilla/5.0 AppleWebKit/537.36 (KHTML, like Gecko; compatible; ClaudeBot/1.0; +claudebot@anthropic.com)"
74.7.227.134 - - [04/Apr/2026:01:31:24 -0400] "GET /age/18-19,30-39,20-29/ethnicity/news-leonardo-faz-homenagem-apos-morte-de-assessora-cuidou-de-mim-como-filho,asian,other,white,native,latino,east-indian,islander,black HTTP/1.1" 200 23162 "https://www.nudcam.com/age/18-19,30-39/ethnicity/news-leonardo-faz-homenagem-apos-morte-de-assessora-cuidou-de-mim-como-filho,asian,other,white,native,latino,east-indian,islander,black" "Mozilla/5.0 AppleWebKit/537.36 (KHTML, like Gecko; compatible; GPTBot/1.3; +https://openai.com/gptbot)"
216.73.216.38 - - [04/Apr/2026:01:31:24 -0400] "GET /gender/t/age/30-39/ethnicity/native,black,islander,other/languages/fiji HTTP/1.1" 200 17923 "-" "Mozilla/5.0 AppleWebKit/537.36 (KHTML, like Gecko; compatible; ClaudeBot/1.0; +claudebot@anthropic.com)"
216.73.216.38 - - [04/Apr/2026:01:31:25 -0400] "GET /status/online/age/40-49/hair/auburn,brown,grey,white/languages/romanian HTTP/1.1" 200 17970 "-" "Mozilla/5.0 AppleWebKit/537.36 (KHTML, like Gecko; compatible; ClaudeBot/1.0; +claudebot@anthropic.com)"
17.246.19.186 - - [04/Apr/2026:01:31:25 -0400] "GET /age/20-29/hair/black,white,grey/ethnicity/asian/languages/german HTTP/1.1" 200 17705 "-" "Mozilla/5.0 (Macintosh; Intel Mac OS X 10_15_7) AppleWebKit/605.1.15 (KHTML, like Gecko) Version/17.4 Safari/605.1.15 (Applebot/0.1; +http://www.apple.com/go/applebot)"
216.73.216.38 - - [04/Apr/2026:01:31:25 -0400] "GET /age/40-49/hair/black,grey,white/ethnicity/islander,native,other HTTP/1.1" 200 17795 "-" "Mozilla/5.0 AppleWebKit/537.36 (KHTML, like Gecko; compatible; ClaudeBot/1.0; +claudebot@anthropic.com)"
216.73.216.38 - - [04/Apr/2026:01:31:25 -0400] "GET /age/30-39,40-49/hair/auburn/ethnicity/black,other/languages/romanian HTTP/1.1" 200 17640 "-" "Mozilla/5.0 AppleWebKit/537.36 (KHTML, like Gecko; compatible; ClaudeBot/1.0; +claudebot@anthropic.com)"
216.73.216.38 - - [04/Apr/2026:01:31:25 -0400] "GET /gender/c/hair/brown,red/ethnicity/black,islander/languages/spanish HTTP/1.1" 200 17575 "-" "Mozilla/5.0 AppleWebKit/537.36 (KHTML, like Gecko; compatible; ClaudeBot/1.0; +claudebot@anthropic.com)"
216.73.216.38 - - [04/Apr/2026:01:31:25 -0400] "GET /age/50-59/hair/black/ethnicity/other,native,white/languages/hungarian HTTP/1.1" 200 17673 "-" "Mozilla/5.0 AppleWebKit/537.36 (KHTML, like Gecko; compatible; ClaudeBot/1.0; +claudebot@anthropic.com)"
216.73.216.38 - - [04/Apr/2026:01:31:25 -0400] "GET /status/offline/age/40-49,60-100/hair/black/ethnicity/asian/languages/fiji HTTP/1.1" 200 17752 "-" "Mozilla/5.0 AppleWebKit/537.36 (KHTML, like Gecko; compatible; ClaudeBot/1.0; +claudebot@anthropic.com)"
216.73.216.38 - - [04/Apr/2026:01:31:25 -0400] "GET /status/offline/gender/m/hair/black/ethnicity/white,black/languages/indonesian HTTP/1.1" 200 17905 "-" "Mozilla/5.0 AppleWebKit/537.36 (KHTML, like Gecko; compatible; ClaudeBot/1.0; +claudebot@anthropic.com)"
74.7.227.30 - - [04/Apr/2026:01:31:25 -0400] "GET /age/50-59/ethnicity/other,native,east-indian,islander,white,black,latino,asian HTTP/1.1" 200 18734 "https://nudcam.com/ethnicity/other,native,east-indian,islander,white,black,latino,asian" "Mozilla/5.0 AppleWebKit/537.36 (KHTML, like Gecko; compatible; GPTBot/1.3; +https://openai.com/gptbot)"
216.73.216.38 - - [04/Apr/2026:01:31:25 -0400] "GET /gender/t/age/30-39,40-49/ethnicity/native,other,islander,white HTTP/1.1" 200 17765 "-" "Mozilla/5.0 AppleWebKit/537.36 (KHTML, like Gecko; compatible; ClaudeBot/1.0; +claudebot@anthropic.com)"
216.73.216.38 - - [04/Apr/2026:01:31:25 -0400] "GET /age/30-39,20-29,40-49/hair/brown/ethnicity/islander/languages/spanish HTTP/1.1" 200 17643 "-" "Mozilla/5.0 AppleWebKit/537.36 (KHTML, like Gecko; compatible; ClaudeBot/1.0; +claudebot@anthropic.com)"
216.73.216.38 - - [04/Apr/2026:01:31:25 -0400] "GET /status/offline/gender/f,c,t,m/age/30-39,40-49/ethnicity/black HTTP/1.1" 200 17881 "-" "Mozilla/5.0 AppleWebKit/537.36 (KHTML, like Gecko; compatible; ClaudeBot/1.0; +claudebot@anthropic.com)"
74.7.227.134 - - [04/Apr/2026:01:31:25 -0400] "GET /age/18-19,30-39,50-59/ethnicity/news-leonardo-faz-homenagem-apos-morte-de-assessora-cuidou-de-mim-como-filho,islander,white,black,native,other,asian,east-indian,latino HTTP/1.1" 200 23162 "https://www.nudcam.com/age/18-19,30-39/ethnicity/news-leonardo-faz-homenagem-apos-morte-de-assessora-cuidou-de-mim-como-filho,islander,white,black,native,other,asian,east-indian,latino" "Mozilla/5.0 AppleWebKit/537.36 (KHTML, like Gecko; compatible; GPTBot/1.3; +https://openai.com/gptbot)"
216.73.216.38 - - [04/Apr/2026:01:31:25 -0400] "GET /gender/m,f/hair/brown,grey/ethnicity/asian/languages/romanian HTTP/1.1" 200 17408 "-" "Mozilla/5.0 AppleWebKit/537.36 (KHTML, like Gecko; compatible; ClaudeBot/1.0; +claudebot@anthropic.com)"
216.73.216.38 - - [04/Apr/2026:01:31:26 -0400] "GET /status/online/gender/f,c/ethnicity/black,white,islander,native/languages/romanian HTTP/1.1" 200 18481 "-" "Mozilla/5.0 AppleWebKit/537.36 (KHTML, like Gecko; compatible; ClaudeBot/1.0; +claudebot@anthropic.com)"
216.73.216.38 - - [04/Apr/2026:01:31:26 -0400] "GET /age/18-19/ethnicity/islander,latino,black,native,white/languages/spanish HTTP/1.1" 200 17992 "-" "Mozilla/5.0 AppleWebKit/537.36 (KHTML, like Gecko; compatible; ClaudeBot/1.0; +claudebot@anthropic.com)"
216.73.216.38 - - [04/Apr/2026:01:31:26 -0400] "GET /age/20-29,30-39,50-59/ethnicity/east-indian/languages/indonesian HTTP/1.1" 200 17340 "-" "Mozilla/5.0 AppleWebKit/537.36 (KHTML, like Gecko; compatible; ClaudeBot/1.0; +claudebot@anthropic.com)"
216.73.216.38 - - [04/Apr/2026:01:31:26 -0400] "GET /status/offline/age/40-49/hair/red,brown,grey/ethnicity/white,native/languages/spanish HTTP/1.1" 200 18573 "-" "Mozilla/5.0 AppleWebKit/537.36 (KHTML, like Gecko; compatible; ClaudeBot/1.0; +claudebot@anthropic.com)"
216.73.216.38 - - [04/Apr/2026:01:31:26 -0400] "GET /status/offline/gender/c/age/20-29/ethnicity/other,white,islander,native,black HTTP/1.1" 200 18452 "-" "Mozilla/5.0 AppleWebKit/537.36 (KHTML, like Gecko; compatible; ClaudeBot/1.0; +claudebot@anthropic.com)"
216.73.216.38 - - [04/Apr/2026:01:31:26 -0400] "GET /status/offline,online/gender/c/age/20-29/ethnicity/native,latino,islander HTTP/1.1" 200 18127 "-" "Mozilla/5.0 AppleWebKit/537.36 (KHTML, like Gecko; compatible; ClaudeBot/1.0; +claudebot@anthropic.com)"
144.76.32.236 - - [04/Apr/2026:01:31:26 -0400] "GET /gender/f,m,c,t/age/20-29,50-59/hair/blonde HTTP/1.1" 200 17125 "-" "Mozilla/5.0 (compatible; SERankingBacklinksBot/1.0; +https://seranking.com/backlinks-crawler)"
216.73.216.38 - - [04/Apr/2026:01:31:26 -0400] "GET /status/offline/gender/c/age/20-29/ethnicity/other,white,native,islander,black HTTP/1.1" 200 18452 "-" "Mozilla/5.0 AppleWebKit/537.36 (KHTML, like Gecko; compatible; ClaudeBot/1.0; +claudebot@anthropic.com)"
74.7.227.30 - - [04/Apr/2026:01:31:26 -0400] "GET /age/50-59/ethnicity/black,islander,east-indian,other,latino,white,asian,native HTTP/1.1" 200 18734 "https://nudcam.com/ethnicity/black,islander,east-indian,other,latino,white,asian,native" "Mozilla/5.0 AppleWebKit/537.36 (KHTML, like Gecko; compatible; GPTBot/1.3; +https://openai.com/gptbot)"
