216.73.216.38 - - [04/Apr/2026:01:32:59 -0400] "GET /age/18-19/hair/grey/ethnicity/native,other,islander,latino HTTP/1.1" 200 17665 "-" "Mozilla/5.0 AppleWebKit/537.36 (KHTML, like Gecko; compatible; ClaudeBot/1.0; +claudebot@anthropic.com)"
216.73.216.38 - - [04/Apr/2026:01:32:59 -0400] "GET /gender/m,f,c,t/age/40-49/ethnicity/islander,black,native HTTP/1.1" 200 17973 "-" "Mozilla/5.0 AppleWebKit/537.36 (KHTML, like Gecko; compatible; ClaudeBot/1.0; +claudebot@anthropic.com)"
216.73.216.38 - - [04/Apr/2026:01:32:59 -0400] "GET /age/30-39,20-29/hair/red,brown,blonde/ethnicity/native HTTP/1.1" 200 17516 "-" "Mozilla/5.0 AppleWebKit/537.36 (KHTML, like Gecko; compatible; ClaudeBot/1.0; +claudebot@anthropic.com)"
216.73.216.38 - - [04/Apr/2026:01:32:59 -0400] "GET /status/offline/age/40-49/hair/black,blonde,brown,red,white HTTP/1.1" 200 17887 "-" "Mozilla/5.0 AppleWebKit/537.36 (KHTML, like Gecko; compatible; ClaudeBot/1.0; +claudebot@anthropic.com)"
216.73.216.38 - - [04/Apr/2026:01:32:59 -0400] "GET /gender/t,m,c,f/age/40-49/ethnicity/islander,black,native HTTP/1.1" 200 17973 "-" "Mozilla/5.0 AppleWebKit/537.36 (KHTML, like Gecko; compatible; ClaudeBot/1.0; +claudebot@anthropic.com)"
216.73.216.38 - - [04/Apr/2026:01:32:59 -0400] "GET /status/online/gender/c,m/age/50-59/ethnicity/islander,black,white HTTP/1.1" 200 18082 "-" "Mozilla/5.0 AppleWebKit/537.36 (KHTML, like Gecko; compatible; ClaudeBot/1.0; +claudebot@anthropic.com)"
74.7.227.30 - - [04/Apr/2026:01:32:59 -0400] "GET /age/50-59,30-39/ethnicity/asian,black,latino,native,east-indian,other,white,islander HTTP/1.1" 200 19155 "https://nudcam.com/age/50-59/ethnicity/asian,black,latino,native,east-indian,other,white,islander" "Mozilla/5.0 AppleWebKit/537.36 (KHTML, like Gecko; compatible; GPTBot/1.3; +https://openai.com/gptbot)"
216.73.216.38 - - [04/Apr/2026:01:32:59 -0400] "GET /age/30-39,40-49/ethnicity/native,black,islander,white,latino HTTP/1.1" 200 17951 "-" "Mozilla/5.0 AppleWebKit/537.36 (KHTML, like Gecko; compatible; ClaudeBot/1.0; +claudebot@anthropic.com)"
216.73.216.38 - - [04/Apr/2026:01:32:59 -0400] "GET /gender/f/hair/blonde,white,grey,red/ethnicity/other HTTP/1.1" 200 17408 "-" "Mozilla/5.0 AppleWebKit/537.36 (KHTML, like Gecko; compatible; ClaudeBot/1.0; +claudebot@anthropic.com)"
17.22.253.18 - - [04/Apr/2026:01:32:59 -0400] "GET /gender/t/age/50-59/hair/auburn,red/ethnicity/other/sites/1 HTTP/1.1" 200 17469 "-" "Mozilla/5.0 (Macintosh; Intel Mac OS X 10_15_7) AppleWebKit/605.1.15 (KHTML, like Gecko) Version/17.4 Safari/605.1.15 (Applebot/0.1; +http://www.apple.com/go/applebot)"
144.76.32.236 - - [04/Apr/2026:01:32:59 -0400] "GET /gender/c,t,f,m/age/20-29,60-100/hair/white HTTP/1.1" 200 17125 "-" "Mozilla/5.0 (compatible; SERankingBacklinksBot/1.0; +https://seranking.com/backlinks-crawler)"
66.249.66.43 - - [04/Apr/2026:01:32:59 -0400] "GET /ethnicity/other,islander,east-indian,black,asian,latino,native HTTP/1.1" 200 17819 "-" "Mozilla/5.0 (Linux; Android 6.0.1; Nexus 5X Build/MMB29P) AppleWebKit/537.36 (KHTML, like Gecko) Chrome/146.0.7680.177 Mobile Safari/537.36 (compatible; Googlebot/2.1; +http://www.google.com/bot.html)"
216.73.216.38 - - [04/Apr/2026:01:32:59 -0400] "GET /status/online,offline/age/30-39/hair/white/ethnicity/white,native,islander HTTP/1.1" 200 18379 "-" "Mozilla/5.0 AppleWebKit/537.36 (KHTML, like Gecko; compatible; ClaudeBot/1.0; +claudebot@anthropic.com)"
216.73.216.38 - - [04/Apr/2026:01:32:59 -0400] "GET /status/online/age/40-49/hair/white,grey,auburn/ethnicity/islander,white HTTP/1.1" 200 18271 "-" "Mozilla/5.0 AppleWebKit/537.36 (KHTML, like Gecko; compatible; ClaudeBot/1.0; +claudebot@anthropic.com)"
74.7.227.134 - - [04/Apr/2026:01:32:59 -0400] "GET /age/50-59,30-39,20-29/ethnicity/news-leonardo-faz-homenagem-apos-morte-de-assessora-cuidou-de-mim-como-filho,islander,native,white,asian,east-indian,latino,black,other HTTP/1.1" 200 23162 "https://www.nudcam.com/age/50-59,30-39/ethnicity/news-leonardo-faz-homenagem-apos-morte-de-assessora-cuidou-de-mim-como-filho,islander,native,white,asian,east-indian,latino,black,other" "Mozilla/5.0 AppleWebKit/537.36 (KHTML, like Gecko; compatible; GPTBot/1.3; +https://openai.com/gptbot)"
216.73.216.38 - - [04/Apr/2026:01:32:59 -0400] "GET /gender/f,t,c/hair/brown/ethnicity/black,islander HTTP/1.1" 200 17342 "-" "Mozilla/5.0 AppleWebKit/537.36 (KHTML, like Gecko; compatible; ClaudeBot/1.0; +claudebot@anthropic.com)"
216.73.216.38 - - [04/Apr/2026:01:33:00 -0400] "GET /age/20-29/hair/white,grey,red,brown/ethnicity/black,native HTTP/1.1" 200 17845 "-" "Mozilla/5.0 AppleWebKit/537.36 (KHTML, like Gecko; compatible; ClaudeBot/1.0; +claudebot@anthropic.com)"
216.73.216.38 - - [04/Apr/2026:01:33:00 -0400] "GET /gender/c,f/age/60-100,20-29/ethnicity/black,native,asian HTTP/1.1" 200 17799 "-" "Mozilla/5.0 AppleWebKit/537.36 (KHTML, like Gecko; compatible; ClaudeBot/1.0; +claudebot@anthropic.com)"
23.21.250.48 - - [04/Apr/2026:01:33:00 -0400] "GET /status/offline,online/gender/t,c,f/age/50-59/hair/red,white,black/ethnicity/islander,east-indian,native,asian/languages/hindi HTTP/1.1" 200 21637 "-" "Mozilla/5.0 AppleWebKit/537.36 (KHTML, like Gecko; compatible; Amazonbot/0.1; +https://developer.amazon.com/support/amazonbot) Chrome/119.0.6045.214 Safari/537.36"
216.73.216.38 - - [04/Apr/2026:01:33:00 -0400] "GET /gender/t,c/age/60-100/ethnicity/other,black,native,islander HTTP/1.1" 200 17899 "-" "Mozilla/5.0 AppleWebKit/537.36 (KHTML, like Gecko; compatible; ClaudeBot/1.0; +claudebot@anthropic.com)"
17.241.227.151 - - [04/Apr/2026:01:33:00 -0400] "GET /status/online,offline/gender/t/age/30-39,20-29/hair/grey HTTP/1.1" 200 17624 "-" "Mozilla/5.0 (Macintosh; Intel Mac OS X 10_15_7) AppleWebKit/605.1.15 (KHTML, like Gecko) Version/17.4 Safari/605.1.15 (Applebot/0.1; +http://www.apple.com/go/applebot)"
216.73.216.38 - - [04/Apr/2026:01:33:00 -0400] "GET /age/20-29,40-49/ethnicity/islander,white,asian,black HTTP/1.1" 200 17503 "-" "Mozilla/5.0 AppleWebKit/537.36 (KHTML, like Gecko; compatible; ClaudeBot/1.0; +claudebot@anthropic.com)"
216.73.216.38 - - [04/Apr/2026:01:33:00 -0400] "GET /gender/t,c/hair/red,grey,blonde,white HTTP/1.1" 200 17044 "-" "Mozilla/5.0 AppleWebKit/537.36 (KHTML, like Gecko; compatible; ClaudeBot/1.0; +claudebot@anthropic.com)"
216.73.216.38 - - [04/Apr/2026:01:33:00 -0400] "GET /gender/f,t/age/50-59,18-19,30-39/ethnicity/black HTTP/1.1" 200 17327 "-" "Mozilla/5.0 AppleWebKit/537.36 (KHTML, like Gecko; compatible; ClaudeBot/1.0; +claudebot@anthropic.com)"
216.73.216.38 - - [04/Apr/2026:01:33:00 -0400] "GET /status/online,offline/age/30-39/hair/grey,brown/ethnicity/white,native HTTP/1.1" 200 18249 "-" "Mozilla/5.0 AppleWebKit/537.36 (KHTML, like Gecko; compatible; ClaudeBot/1.0; +claudebot@anthropic.com)"
216.73.216.38 - - [04/Apr/2026:01:33:00 -0400] "GET /gender/t,m/age/40-49,20-29,30-39,18-19 HTTP/1.1" 200 17074 "-" "Mozilla/5.0 AppleWebKit/537.36 (KHTML, like Gecko; compatible; ClaudeBot/1.0; +claudebot@anthropic.com)"
74.7.227.30 - - [04/Apr/2026:01:33:00 -0400] "GET /age/50-59,30-39/ethnicity/latino,asian,black,native,other,islander,white,east-indian HTTP/1.1" 200 19155 "https://nudcam.com/age/50-59/ethnicity/latino,asian,black,native,other,islander,white,east-indian" "Mozilla/5.0 AppleWebKit/537.36 (KHTML, like Gecko; compatible; GPTBot/1.3; +https://openai.com/gptbot)"
216.73.216.38 - - [04/Apr/2026:01:33:00 -0400] "GET /age/20-29,18-19/ethnicity/asian,black,latino HTTP/1.1" 200 17071 "-" "Mozilla/5.0 AppleWebKit/537.36 (KHTML, like Gecko; compatible; ClaudeBot/1.0; +claudebot@anthropic.com)"
216.73.216.38 - - [04/Apr/2026:01:33:00 -0400] "GET /status/online/gender/c,f/age/60-100,50-59/ethnicity/black,islander HTTP/1.1" 200 18119 "-" "Mozilla/5.0 AppleWebKit/537.36 (KHTML, like Gecko; compatible; ClaudeBot/1.0; +claudebot@anthropic.com)"
17.22.245.192 - - [04/Apr/2026:01:33:00 -0400] "GET /status/offline,online/gender/c,t/age/40-49/hair/grey HTTP/1.1" 200 17284 "-" "Mozilla/5.0 (Macintosh; Intel Mac OS X 10_15_7) AppleWebKit/605.1.15 (KHTML, like Gecko) Version/17.4 Safari/605.1.15 (Applebot/0.1; +http://www.apple.com/go/applebot)"
216.73.216.38 - - [04/Apr/2026:01:33:00 -0400] "GET /status/online/gender/m/hair/blonde,brown/ethnicity/native,islander HTTP/1.1" 200 17909 "-" "Mozilla/5.0 AppleWebKit/537.36 (KHTML, like Gecko; compatible; ClaudeBot/1.0; +claudebot@anthropic.com)"
74.7.227.134 - - [04/Apr/2026:01:33:00 -0400] "GET /age/18-19,30-39,50-59/ethnicity/news-leonardo-faz-homenagem-apos-morte-de-assessora-cuidou-de-mim-como-filho,black,east-indian,latino,native,asian,islander,white,other HTTP/1.1" 200 23162 "https://www.nudcam.com/age/18-19,30-39/ethnicity/news-leonardo-faz-homenagem-apos-morte-de-assessora-cuidou-de-mim-como-filho,black,east-indian,latino,native,asian,islander,white,other" "Mozilla/5.0 AppleWebKit/537.36 (KHTML, like Gecko; compatible; GPTBot/1.3; +https://openai.com/gptbot)"
216.73.216.38 - - [04/Apr/2026:01:33:01 -0400] "GET /status/offline/gender/m/age/20-29,60-100,50-59/ethnicity/islander,white HTTP/1.1" 200 18267 "-" "Mozilla/5.0 AppleWebKit/537.36 (KHTML, like Gecko; compatible; ClaudeBot/1.0; +claudebot@anthropic.com)"
216.73.216.38 - - [04/Apr/2026:01:33:01 -0400] "GET /status/online/age/30-39/hair/black,brown,blonde/ethnicity/black HTTP/1.1" 200 17792 "-" "Mozilla/5.0 AppleWebKit/537.36 (KHTML, like Gecko; compatible; ClaudeBot/1.0; +claudebot@anthropic.com)"
216.73.216.38 - - [04/Apr/2026:01:33:01 -0400] "GET /status/online,offline/age/60-100,20-29,40-49/ethnicity/black,other HTTP/1.1" 200 18136 "-" "Mozilla/5.0 AppleWebKit/537.36 (KHTML, like Gecko; compatible; ClaudeBot/1.0; +claudebot@anthropic.com)"
216.73.216.38 - - [04/Apr/2026:01:33:01 -0400] "GET /gender/f,m/age/50-59,40-49/hair/black/ethnicity/white HTTP/1.1" 200 17463 "-" "Mozilla/5.0 AppleWebKit/537.36 (KHTML, like Gecko; compatible; ClaudeBot/1.0; +claudebot@anthropic.com)"
216.73.216.38 - - [04/Apr/2026:01:33:01 -0400] "GET /status/online/age/30-39,60-100,40-49/ethnicity/islander,other,black HTTP/1.1" 200 18162 "-" "Mozilla/5.0 AppleWebKit/537.36 (KHTML, like Gecko; compatible; ClaudeBot/1.0; +claudebot@anthropic.com)"
17.246.23.223 - - [04/Apr/2026:01:33:01 -0400] "GET /status/offline/age/50-59/ethnicity/islander,east-indian/languages/french HTTP/1.1" 200 17798 "-" "Mozilla/5.0 (Macintosh; Intel Mac OS X 10_15_7) AppleWebKit/605.1.15 (KHTML, like Gecko) Version/17.4 Safari/605.1.15 (Applebot/0.1; +http://www.apple.com/go/applebot)"
216.73.216.38 - - [04/Apr/2026:01:33:01 -0400] "GET /gender/m/age/50-59/hair/black/ethnicity/native,other,white HTTP/1.1" 200 17634 "-" "Mozilla/5.0 AppleWebKit/537.36 (KHTML, like Gecko; compatible; ClaudeBot/1.0; +claudebot@anthropic.com)"
216.73.216.38 - - [04/Apr/2026:01:33:01 -0400] "GET /status/online/hair/white,auburn,black,grey/ethnicity/native,islander HTTP/1.1" 200 18190 "-" "Mozilla/5.0 AppleWebKit/537.36 (KHTML, like Gecko; compatible; ClaudeBot/1.0; +claudebot@anthropic.com)"
17.241.75.239 - - [04/Apr/2026:01:33:01 -0400] "GET /status/offline/gender/m,c/age/40-49 HTTP/1.1" 200 16439 "-" "Mozilla/5.0 (Macintosh; Intel Mac OS X 10_15_7) AppleWebKit/605.1.15 (KHTML, like Gecko) Version/17.4 Safari/605.1.15 (Applebot/0.1; +http://www.apple.com/go/applebot)"
216.73.216.38 - - [04/Apr/2026:01:33:01 -0400] "GET /age/40-49,30-39,50-59/ethnicity/islander,white,black,native HTTP/1.1" 200 17910 "-" "Mozilla/5.0 AppleWebKit/537.36 (KHTML, like Gecko; compatible; ClaudeBot/1.0; +claudebot@anthropic.com)"
216.73.216.38 - - [04/Apr/2026:01:33:01 -0400] "GET /status/online/age/50-59/hair/grey,red,white/ethnicity/other,native HTTP/1.1" 200 18101 "-" "Mozilla/5.0 AppleWebKit/537.36 (KHTML, like Gecko; compatible; ClaudeBot/1.0; +claudebot@anthropic.com)"
74.7.227.30 - - [04/Apr/2026:01:33:01 -0400] "GET /age/50-59,20-29/ethnicity/latino,asian,black,native,other,islander,white,east-indian HTTP/1.1" 200 19155 "https://nudcam.com/age/50-59/ethnicity/latino,asian,black,native,other,islander,white,east-indian" "Mozilla/5.0 AppleWebKit/537.36 (KHTML, like Gecko; compatible; GPTBot/1.3; +https://openai.com/gptbot)"
216.73.216.38 - - [04/Apr/2026:01:33:01 -0400] "GET /status/offline/gender/f/age/40-49/hair/grey,black,red/ethnicity/other HTTP/1.1" 200 18154 "-" "Mozilla/5.0 AppleWebKit/537.36 (KHTML, like Gecko; compatible; ClaudeBot/1.0; +claudebot@anthropic.com)"
216.73.216.38 - - [04/Apr/2026:01:33:01 -0400] "GET /status/offline/age/30-39/hair/brown,blonde/ethnicity/black,asian HTTP/1.1" 200 17849 "-" "Mozilla/5.0 AppleWebKit/537.36 (KHTML, like Gecko; compatible; ClaudeBot/1.0; +claudebot@anthropic.com)"
216.73.216.38 - - [04/Apr/2026:01:33:02 -0400] "GET /status/online,offline/gender/f,m/hair/grey,white/ethnicity/native HTTP/1.1" 200 18066 "-" "Mozilla/5.0 AppleWebKit/537.36 (KHTML, like Gecko; compatible; ClaudeBot/1.0; +claudebot@anthropic.com)"
74.7.227.134 - - [04/Apr/2026:01:33:02 -0400] "GET /age/30-39,50-59,18-19/hair/blonde/ethnicity/news-leonardo-faz-homenagem-apos-morte-de-assessora-cuidou-de-mim-como-filho,latino,asian,native,black,islander,white,east-indian,other HTTP/1.1" 200 23898 "https://www.nudcam.com/age/30-39,50-59,18-19/ethnicity/news-leonardo-faz-homenagem-apos-morte-de-assessora-cuidou-de-mim-como-filho,latino,asian,native,black,islander,white,east-indian,other" "Mozilla/5.0 AppleWebKit/537.36 (KHTML, like Gecko; compatible; GPTBot/1.3; +https://openai.com/gptbot)"
17.22.237.242 - - [04/Apr/2026:01:33:02 -0400] "GET /gender/t/ethnicity/native,asian/languages/vietnamese HTTP/1.1" 200 16817 "-" "Mozilla/5.0 (Macintosh; Intel Mac OS X 10_15_7) AppleWebKit/605.1.15 (KHTML, like Gecko) Version/17.4 Safari/605.1.15 (Applebot/0.1; +http://www.apple.com/go/applebot)"
216.73.216.38 - - [04/Apr/2026:01:33:02 -0400] "GET /status/offline/age/60-100,18-19/hair/black,grey/ethnicity/native,other HTTP/1.1" 200 18242 "-" "Mozilla/5.0 AppleWebKit/537.36 (KHTML, like Gecko; compatible; ClaudeBot/1.0; +claudebot@anthropic.com)"
216.73.216.38 - - [04/Apr/2026:01:33:02 -0400] "GET /age/18-19,40-49/hair/grey,white,black/ethnicity/native,white HTTP/1.1" 200 17918 "-" "Mozilla/5.0 AppleWebKit/537.36 (KHTML, like Gecko; compatible; ClaudeBot/1.0; +claudebot@anthropic.com)"
216.73.216.38 - - [04/Apr/2026:01:33:02 -0400] "GET /status/online/gender/f,c,m/ethnicity/native,islander,white,black HTTP/1.1" 200 18260 "-" "Mozilla/5.0 AppleWebKit/537.36 (KHTML, like Gecko; compatible; ClaudeBot/1.0; +claudebot@anthropic.com)"
216.73.216.38 - - [04/Apr/2026:01:33:02 -0400] "GET /status/offline/gender/f,m/age/50-59,60-100,20-29/ethnicity/islander HTTP/1.1" 200 18124 "-" "Mozilla/5.0 AppleWebKit/537.36 (KHTML, like Gecko; compatible; ClaudeBot/1.0; +claudebot@anthropic.com)"
216.73.216.38 - - [04/Apr/2026:01:33:02 -0400] "GET /status/online/gender/t,m/age/40-49,20-29/ethnicity/other,native HTTP/1.1" 200 18014 "-" "Mozilla/5.0 AppleWebKit/537.36 (KHTML, like Gecko; compatible; ClaudeBot/1.0; +claudebot@anthropic.com)"
216.73.216.38 - - [04/Apr/2026:01:33:02 -0400] "GET /age/30-39,20-29/hair/brown,red,blonde/ethnicity/native HTTP/1.1" 200 17516 "-" "Mozilla/5.0 AppleWebKit/537.36 (KHTML, like Gecko; compatible; ClaudeBot/1.0; +claudebot@anthropic.com)"
216.73.216.38 - - [04/Apr/2026:01:33:02 -0400] "GET /gender/f/age/18-19,20-29/hair/grey,white/ethnicity/islander HTTP/1.1" 200 17656 "-" "Mozilla/5.0 AppleWebKit/537.36 (KHTML, like Gecko; compatible; ClaudeBot/1.0; +claudebot@anthropic.com)"
216.73.216.38 - - [04/Apr/2026:01:33:02 -0400] "GET /gender/t,c/hair/blonde,grey,red,white HTTP/1.1" 200 17044 "-" "Mozilla/5.0 AppleWebKit/537.36 (KHTML, like Gecko; compatible; ClaudeBot/1.0; +claudebot@anthropic.com)"
216.73.216.38 - - [04/Apr/2026:01:33:02 -0400] "GET /status/offline/age/60-100,18-19/hair/white,auburn,red/ethnicity/native HTTP/1.1" 200 18218 "-" "Mozilla/5.0 AppleWebKit/537.36 (KHTML, like Gecko; compatible; ClaudeBot/1.0; +claudebot@anthropic.com)"
74.7.227.30 - - [04/Apr/2026:01:33:02 -0400] "GET /age/30-39/ethnicity/asian,black,latino,white,islander,other,native,east-indian HTTP/1.1" 200 18734 "https://nudcam.com/ethnicity/asian,black,latino,white,islander,other,native,east-indian" "Mozilla/5.0 AppleWebKit/537.36 (KHTML, like Gecko; compatible; GPTBot/1.3; +https://openai.com/gptbot)"
17.241.75.221 - - [04/Apr/2026:01:33:02 -0400] "GET /gender/m,c,f/age/20-29/hair/white/languages/spanish HTTP/1.1" 200 17140 "-" "Mozilla/5.0 (Macintosh; Intel Mac OS X 10_15_7) AppleWebKit/605.1.15 (KHTML, like Gecko) Version/17.4 Safari/605.1.15 (Applebot/0.1; +http://www.apple.com/go/applebot)"
216.73.216.38 - - [04/Apr/2026:01:33:02 -0400] "GET /age/60-100,20-29,18-19/hair/black,auburn/ethnicity/native HTTP/1.1" 200 17612 "-" "Mozilla/5.0 AppleWebKit/537.36 (KHTML, like Gecko; compatible; ClaudeBot/1.0; +claudebot@anthropic.com)"
216.73.216.38 - - [04/Apr/2026:01:33:03 -0400] "GET /age/50-59,30-39/hair/black,red,grey/ethnicity/other HTTP/1.1" 200 17417 "-" "Mozilla/5.0 AppleWebKit/537.36 (KHTML, like Gecko; compatible; ClaudeBot/1.0; +claudebot@anthropic.com)"
216.73.216.38 - - [04/Apr/2026:01:33:03 -0400] "GET /status/online/age/30-39,50-59,20-29/ethnicity/native,islander,other HTTP/1.1" 200 18162 "-" "Mozilla/5.0 AppleWebKit/537.36 (KHTML, like Gecko; compatible; ClaudeBot/1.0; +claudebot@anthropic.com)"
74.7.227.134 - - [04/Apr/2026:01:33:03 -0400] "GET /age/50-59,30-39,18-19/ethnicity/news-leonardo-faz-homenagem-apos-morte-de-assessora-cuidou-de-mim-como-filho,islander,native,white,asian,east-indian,latino,black,other HTTP/1.1" 200 23162 "https://www.nudcam.com/age/50-59,30-39/ethnicity/news-leonardo-faz-homenagem-apos-morte-de-assessora-cuidou-de-mim-como-filho,islander,native,white,asian,east-indian,latino,black,other" "Mozilla/5.0 AppleWebKit/537.36 (KHTML, like Gecko; compatible; GPTBot/1.3; +https://openai.com/gptbot)"
216.73.216.38 - - [04/Apr/2026:01:33:03 -0400] "GET /status/offline/age/60-100,40-49,20-29/hair/grey/ethnicity/latino HTTP/1.1" 200 17817 "-" "Mozilla/5.0 AppleWebKit/537.36 (KHTML, like Gecko; compatible; ClaudeBot/1.0; +claudebot@anthropic.com)"
216.73.216.38 - - [04/Apr/2026:01:33:03 -0400] "GET /age/40-49/hair/black,white,blonde,red/ethnicity/asian HTTP/1.1" 200 17478 "-" "Mozilla/5.0 AppleWebKit/537.36 (KHTML, like Gecko; compatible; ClaudeBot/1.0; +claudebot@anthropic.com)"
17.22.245.234 - - [04/Apr/2026:01:33:03 -0400] "GET /gender/m/age/20-29/hair/grey,blonde,white/sites/1 HTTP/1.1" 200 17262 "-" "Mozilla/5.0 (Macintosh; Intel Mac OS X 10_15_7) AppleWebKit/605.1.15 (KHTML, like Gecko) Version/17.4 Safari/605.1.15 (Applebot/0.1; +http://www.apple.com/go/applebot)"
216.73.216.38 - - [04/Apr/2026:01:33:03 -0400] "GET /status/offline,online/gender/c,t/ethnicity/black,east-indian HTTP/1.1" 200 17762 "-" "Mozilla/5.0 AppleWebKit/537.36 (KHTML, like Gecko; compatible; ClaudeBot/1.0; +claudebot@anthropic.com)"
216.73.216.38 - - [04/Apr/2026:01:33:03 -0400] "GET /status/offline/age/40-49,20-29/hair/grey,white/ethnicity/islander,white HTTP/1.1" 200 18276 "-" "Mozilla/5.0 AppleWebKit/537.36 (KHTML, like Gecko; compatible; ClaudeBot/1.0; +claudebot@anthropic.com)"
216.73.216.38 - - [04/Apr/2026:01:33:03 -0400] "GET /age/20-29,40-49/hair/grey,black,red/ethnicity/latino HTTP/1.1" 200 17450 "-" "Mozilla/5.0 AppleWebKit/537.36 (KHTML, like Gecko; compatible; ClaudeBot/1.0; +claudebot@anthropic.com)"
216.73.216.38 - - [04/Apr/2026:01:33:03 -0400] "GET /status/online/age/30-39/hair/red,black/ethnicity/white,black,native HTTP/1.1" 200 18139 "-" "Mozilla/5.0 AppleWebKit/537.36 (KHTML, like Gecko; compatible; ClaudeBot/1.0; +claudebot@anthropic.com)"
216.73.216.38 - - [04/Apr/2026:01:33:03 -0400] "GET /gender/c,t,f,m/age/18-19/ethnicity/other,islander HTTP/1.1" 200 17555 "-" "Mozilla/5.0 AppleWebKit/537.36 (KHTML, like Gecko; compatible; ClaudeBot/1.0; +claudebot@anthropic.com)"
216.73.216.38 - - [04/Apr/2026:01:33:03 -0400] "GET /age/50-59,60-100/hair/grey,white,brown/ethnicity/islander HTTP/1.1" 200 17615 "-" "Mozilla/5.0 AppleWebKit/537.36 (KHTML, like Gecko; compatible; ClaudeBot/1.0; +claudebot@anthropic.com)"
74.7.227.30 - - [04/Apr/2026:01:33:03 -0400] "GET /age/30-39/ethnicity/white,east-indian,black,native,asian,latino,islander,other HTTP/1.1" 200 18734 "https://nudcam.com/ethnicity/white,east-indian,black,native,asian,latino,islander,other" "Mozilla/5.0 AppleWebKit/537.36 (KHTML, like Gecko; compatible; GPTBot/1.3; +https://openai.com/gptbot)"
216.73.216.38 - - [04/Apr/2026:01:33:03 -0400] "GET /status/offline/age/40-49/hair/red,grey,blonde,brown/ethnicity/white HTTP/1.1" 200 18111 "-" "Mozilla/5.0 AppleWebKit/537.36 (KHTML, like Gecko; compatible; ClaudeBot/1.0; +claudebot@anthropic.com)"
216.73.216.38 - - [04/Apr/2026:01:33:04 -0400] "GET /status/online/age/60-100/hair/red/ethnicity/black,other,native,white HTTP/1.1" 200 18167 "-" "Mozilla/5.0 AppleWebKit/537.36 (KHTML, like Gecko; compatible; ClaudeBot/1.0; +claudebot@anthropic.com)"
216.73.216.38 - - [04/Apr/2026:01:33:04 -0400] "GET /gender/m/hair/grey,auburn,red/ethnicity/east-indian HTTP/1.1" 200 17235 "-" "Mozilla/5.0 AppleWebKit/537.36 (KHTML, like Gecko; compatible; ClaudeBot/1.0; +claudebot@anthropic.com)"
52.54.95.127 - - [04/Apr/2026:01:33:04 -0400] "GET /status/online,offline/gender/t,f,m,c/age/18-19,60-100/hair/white/ethnicity/east-indian,islander/languages/armenian HTTP/1.1" 200 20483 "-" "Mozilla/5.0 AppleWebKit/537.36 (KHTML, like Gecko; compatible; Amazonbot/0.1; +https://developer.amazon.com/support/amazonbot) Chrome/119.0.6045.214 Safari/537.36"
74.7.227.134 - - [04/Apr/2026:01:33:04 -0400] "GET /age/50-59,30-39/ethnicity/news-leonardo-faz-homenagem-apos-morte-de-assessora-cuidou-de-mim-como-filho,islander,native,white,asian,east-indian,black HTTP/1.1" 200 21612 "https://www.nudcam.com/age/50-59,30-39/ethnicity/news-leonardo-faz-homenagem-apos-morte-de-assessora-cuidou-de-mim-como-filho,islander,native,white,asian,east-indian,black,other" "Mozilla/5.0 AppleWebKit/537.36 (KHTML, like Gecko; compatible; GPTBot/1.3; +https://openai.com/gptbot)"
216.73.216.38 - - [04/Apr/2026:01:33:04 -0400] "GET /status/offline,online/hair/black,brown,white/ethnicity/native,islander HTTP/1.1" 200 18270 "-" "Mozilla/5.0 AppleWebKit/537.36 (KHTML, like Gecko; compatible; ClaudeBot/1.0; +claudebot@anthropic.com)"
216.73.216.38 - - [04/Apr/2026:01:33:04 -0400] "GET /age/18-19/hair/black,grey,white/ethnicity/other,native,white HTTP/1.1" 200 17917 "-" "Mozilla/5.0 AppleWebKit/537.36 (KHTML, like Gecko; compatible; ClaudeBot/1.0; +claudebot@anthropic.com)"
144.76.32.236 - - [04/Apr/2026:01:33:04 -0400] "GET /gender/f,m,c,t/age/20-29,60-100/hair/white HTTP/1.1" 200 17125 "-" "Mozilla/5.0 (compatible; SERankingBacklinksBot/1.0; +https://seranking.com/backlinks-crawler)"
17.241.219.11 - - [04/Apr/2026:01:33:04 -0400] "GET /age/40-49/hair/white/ethnicity/white,latino/sites/1 HTTP/1.1" 200 17114 "-" "Mozilla/5.0 (Macintosh; Intel Mac OS X 10_15_7) AppleWebKit/605.1.15 (KHTML, like Gecko) Version/17.4 Safari/605.1.15 (Applebot/0.1; +http://www.apple.com/go/applebot)"
216.73.216.38 - - [04/Apr/2026:01:33:04 -0400] "GET /age/20-29/hair/black,blonde,white/ethnicity/other,black HTTP/1.1" 200 17568 "-" "Mozilla/5.0 AppleWebKit/537.36 (KHTML, like Gecko; compatible; ClaudeBot/1.0; +claudebot@anthropic.com)"
216.73.216.38 - - [04/Apr/2026:01:33:04 -0400] "GET /gender/m/age/60-100,30-39/hair/black/ethnicity/other,native HTTP/1.1" 200 17668 "-" "Mozilla/5.0 AppleWebKit/537.36 (KHTML, like Gecko; compatible; ClaudeBot/1.0; +claudebot@anthropic.com)"
17.22.245.247 - - [04/Apr/2026:01:33:04 -0400] "GET /age/18-19/hair/blonde/ethnicity/black/languages/bulgarian HTTP/1.1" 200 17123 "-" "Mozilla/5.0 (Macintosh; Intel Mac OS X 10_15_7) AppleWebKit/605.1.15 (KHTML, like Gecko) Version/17.4 Safari/605.1.15 (Applebot/0.1; +http://www.apple.com/go/applebot)"
216.73.216.38 - - [04/Apr/2026:01:33:04 -0400] "GET /age/18-19,50-59/hair/black,auburn,grey,red HTTP/1.1" 200 17202 "-" "Mozilla/5.0 AppleWebKit/537.36 (KHTML, like Gecko; compatible; ClaudeBot/1.0; +claudebot@anthropic.com)"
216.73.216.38 - - [04/Apr/2026:01:33:04 -0400] "GET /status/offline/age/30-39,40-49/hair/auburn/ethnicity/native,black,islander HTTP/1.1" 200 18372 "-" "Mozilla/5.0 AppleWebKit/537.36 (KHTML, like Gecko; compatible; ClaudeBot/1.0; +claudebot@anthropic.com)"
216.73.216.38 - - [04/Apr/2026:01:33:04 -0400] "GET /status/online/gender/t,m/age/18-19,40-49/hair/brown HTTP/1.1" 200 17462 "-" "Mozilla/5.0 AppleWebKit/537.36 (KHTML, like Gecko; compatible; ClaudeBot/1.0; +claudebot@anthropic.com)"
66.249.66.43 - - [04/Apr/2026:01:33:04 -0400] "GET /ethnicity/islander,native,black,asian,white,east-indian,latino HTTP/1.1" 200 17819 "-" "Mozilla/5.0 (Linux; Android 6.0.1; Nexus 5X Build/MMB29P) AppleWebKit/537.36 (KHTML, like Gecko) Chrome/146.0.7680.177 Mobile Safari/537.36 (compatible; Googlebot/2.1; +http://www.google.com/bot.html)"
216.73.216.38 - - [04/Apr/2026:01:33:04 -0400] "GET /status/offline/age/18-19/hair/brown,black,red,grey/ethnicity/white HTTP/1.1" 200 18077 "-" "Mozilla/5.0 AppleWebKit/537.36 (KHTML, like Gecko; compatible; ClaudeBot/1.0; +claudebot@anthropic.com)"
74.7.227.30 - - [04/Apr/2026:01:33:04 -0400] "GET /age/20-29,60-100/ethnicity/east-indian,other,native,black,white,asian,islander,latino HTTP/1.1" 200 19192 "https://nudcam.com/age/20-29/ethnicity/east-indian,other,native,black,white,asian,islander,latino" "Mozilla/5.0 AppleWebKit/537.36 (KHTML, like Gecko; compatible; GPTBot/1.3; +https://openai.com/gptbot)"
216.73.216.38 - - [04/Apr/2026:01:33:04 -0400] "GET /gender/t/age/60-100,20-29/hair/black/ethnicity/white,native HTTP/1.1" 200 17669 "-" "Mozilla/5.0 AppleWebKit/537.36 (KHTML, like Gecko; compatible; ClaudeBot/1.0; +claudebot@anthropic.com)"
17.246.19.250 - - [04/Apr/2026:01:33:04 -0400] "GET /gender/f/age/50-59/hair/brown/ethnicity/native HTTP/1.1" 200 16668 "-" "Mozilla/5.0 (Macintosh; Intel Mac OS X 10_15_7) AppleWebKit/605.1.15 (KHTML, like Gecko) Version/17.4 Safari/605.1.15 (Applebot/0.1; +http://www.apple.com/go/applebot)"
216.73.216.38 - - [04/Apr/2026:01:33:05 -0400] "GET /age/60-100,40-49/hair/grey,brown/ethnicity/white,black,native HTTP/1.1" 200 17956 "-" "Mozilla/5.0 AppleWebKit/537.36 (KHTML, like Gecko; compatible; ClaudeBot/1.0; +claudebot@anthropic.com)"
216.73.216.38 - - [04/Apr/2026:01:33:05 -0400] "GET /hair/auburn,black,white,red/ethnicity/black,asian HTTP/1.1" 200 17391 "-" "Mozilla/5.0 AppleWebKit/537.36 (KHTML, like Gecko; compatible; ClaudeBot/1.0; +claudebot@anthropic.com)"
216.73.216.38 - - [04/Apr/2026:01:33:05 -0400] "GET /age/40-49/hair/grey,white/ethnicity/east-indian,black HTTP/1.1" 200 17329 "-" "Mozilla/5.0 AppleWebKit/537.36 (KHTML, like Gecko; compatible; ClaudeBot/1.0; +claudebot@anthropic.com)"
74.7.227.134 - - [04/Apr/2026:01:33:05 -0400] "GET /age/18-19,30-39,20-29/ethnicity/news-leonardo-faz-homenagem-apos-morte-de-assessora-cuidou-de-mim-como-filho,black,east-indian,latino,native,asian,islander,white,other HTTP/1.1" 200 23162 "https://www.nudcam.com/age/18-19,30-39/ethnicity/news-leonardo-faz-homenagem-apos-morte-de-assessora-cuidou-de-mim-como-filho,black,east-indian,latino,native,asian,islander,white,other" "Mozilla/5.0 AppleWebKit/537.36 (KHTML, like Gecko; compatible; GPTBot/1.3; +https://openai.com/gptbot)"
216.73.216.38 - - [04/Apr/2026:01:33:05 -0400] "GET /age/20-29/hair/grey,blonde,black,brown/ethnicity/black HTTP/1.1" 200 17511 "-" "Mozilla/5.0 AppleWebKit/537.36 (KHTML, like Gecko; compatible; ClaudeBot/1.0; +claudebot@anthropic.com)"
216.73.216.38 - - [04/Apr/2026:01:33:05 -0400] "GET /status/online/gender/m,c,f/age/60-100,50-59,18-19 HTTP/1.1" 200 17597 "-" "Mozilla/5.0 AppleWebKit/537.36 (KHTML, like Gecko; compatible; ClaudeBot/1.0; +claudebot@anthropic.com)"
216.73.216.38 - - [04/Apr/2026:01:33:05 -0400] "GET /age/18-19/hair/red,auburn/ethnicity/asian,white HTTP/1.1" 200 17137 "-" "Mozilla/5.0 AppleWebKit/537.36 (KHTML, like Gecko; compatible; ClaudeBot/1.0; +claudebot@anthropic.com)"
216.73.216.38 - - [04/Apr/2026:01:33:05 -0400] "GET /gender/t,c/age/40-49/hair/grey,white/ethnicity/white,native HTTP/1.1" 200 17870 "-" "Mozilla/5.0 AppleWebKit/537.36 (KHTML, like Gecko; compatible; ClaudeBot/1.0; +claudebot@anthropic.com)"
17.241.219.171 - - [04/Apr/2026:01:33:05 -0400] "GET /gender/f/age/30-39,40-49/ethnicity/native/languages/albanian HTTP/1.1" 200 17190 "-" "Mozilla/5.0 (Macintosh; Intel Mac OS X 10_15_7) AppleWebKit/605.1.15 (KHTML, like Gecko) Version/17.4 Safari/605.1.15 (Applebot/0.1; +http://www.apple.com/go/applebot)"
216.73.216.38 - - [04/Apr/2026:01:33:05 -0400] "GET /age/40-49/hair/auburn/ethnicity/native,black,other,latino HTTP/1.1" 200 17632 "-" "Mozilla/5.0 AppleWebKit/537.36 (KHTML, like Gecko; compatible; ClaudeBot/1.0; +claudebot@anthropic.com)"
17.22.245.218 - - [04/Apr/2026:01:33:05 -0400] "GET /status/online,offline/age/40-49,50-59/ethnicity/asian/languages/hindi HTTP/1.1" 200 17669 "-" "Mozilla/5.0 (Macintosh; Intel Mac OS X 10_15_7) AppleWebKit/605.1.15 (KHTML, like Gecko) Version/17.4 Safari/605.1.15 (Applebot/0.1; +http://www.apple.com/go/applebot)"
216.73.216.38 - - [04/Apr/2026:01:33:05 -0400] "GET /gender/m/age/60-100/ethnicity/asian,native,islander,white HTTP/1.1" 200 17636 "-" "Mozilla/5.0 AppleWebKit/537.36 (KHTML, like Gecko; compatible; ClaudeBot/1.0; +claudebot@anthropic.com)"
216.73.216.38 - - [04/Apr/2026:01:33:05 -0400] "GET /age/20-29,40-49/ethnicity/latino,black,other,white,native HTTP/1.1" 200 17849 "-" "Mozilla/5.0 AppleWebKit/537.36 (KHTML, like Gecko; compatible; ClaudeBot/1.0; +claudebot@anthropic.com)"
216.73.216.38 - - [04/Apr/2026:01:33:05 -0400] "GET /gender/f/age/50-59,40-49/hair/brown,white/ethnicity/white HTTP/1.1" 200 17590 "-" "Mozilla/5.0 AppleWebKit/537.36 (KHTML, like Gecko; compatible; ClaudeBot/1.0; +claudebot@anthropic.com)"
74.7.227.30 - - [04/Apr/2026:01:33:06 -0400] "GET /age/20-29,40-49/ethnicity/east-indian,other,native,black,white,asian,islander,latino HTTP/1.1" 200 19155 "https://nudcam.com/age/20-29/ethnicity/east-indian,other,native,black,white,asian,islander,latino" "Mozilla/5.0 AppleWebKit/537.36 (KHTML, like Gecko; compatible; GPTBot/1.3; +https://openai.com/gptbot)"
216.73.216.38 - - [04/Apr/2026:01:33:06 -0400] "GET /gender/m/age/18-19,40-49,50-59/ethnicity/islander,black HTTP/1.1" 200 17564 "-" "Mozilla/5.0 AppleWebKit/537.36 (KHTML, like Gecko; compatible; ClaudeBot/1.0; +claudebot@anthropic.com)"
216.73.216.38 - - [04/Apr/2026:01:33:06 -0400] "GET /status/offline/age/20-29,18-19,40-49/hair/red/ethnicity/native,black HTTP/1.1" 200 18161 "-" "Mozilla/5.0 AppleWebKit/537.36 (KHTML, like Gecko; compatible; ClaudeBot/1.0; +claudebot@anthropic.com)"
216.73.216.38 - - [04/Apr/2026:01:33:06 -0400] "GET /status/offline/age/20-29,60-100,30-39/hair/grey,brown/ethnicity/native HTTP/1.1" 200 18215 "-" "Mozilla/5.0 AppleWebKit/537.36 (KHTML, like Gecko; compatible; ClaudeBot/1.0; +claudebot@anthropic.com)"
74.7.227.134 - - [04/Apr/2026:01:33:06 -0400] "GET /age/18-19,40-49,50-59/ethnicity/news-leonardo-faz-homenagem-apos-morte-de-assessora-cuidou-de-mim-como-filho,asian,islander,black,other,native,white,latino,east-indian HTTP/1.1" 200 23162 "https://www.nudcam.com/age/18-19,40-49/ethnicity/news-leonardo-faz-homenagem-apos-morte-de-assessora-cuidou-de-mim-como-filho,asian,islander,black,other,native,white,latino,east-indian" "Mozilla/5.0 AppleWebKit/537.36 (KHTML, like Gecko; compatible; GPTBot/1.3; +https://openai.com/gptbot)"
216.73.216.38 - - [04/Apr/2026:01:33:06 -0400] "GET /gender/c,t/hair/brown,auburn,red,grey HTTP/1.1" 200 17044 "-" "Mozilla/5.0 AppleWebKit/537.36 (KHTML, like Gecko; compatible; ClaudeBot/1.0; +claudebot@anthropic.com)"
216.73.216.38 - - [04/Apr/2026:01:33:06 -0400] "GET /gender/f,t/age/60-100,30-39/ethnicity/native,islander,other HTTP/1.1" 200 17900 "-" "Mozilla/5.0 AppleWebKit/537.36 (KHTML, like Gecko; compatible; ClaudeBot/1.0; +claudebot@anthropic.com)"
216.73.216.38 - - [04/Apr/2026:01:33:06 -0400] "GET /status/online/gender/f,t,c/age/40-49/ethnicity/white,latino HTTP/1.1" 200 17878 "-" "Mozilla/5.0 AppleWebKit/537.36 (KHTML, like Gecko; compatible; ClaudeBot/1.0; +claudebot@anthropic.com)"
216.73.216.38 - - [04/Apr/2026:01:33:06 -0400] "GET /status/offline,online/ethnicity/east-indian,white,black,native HTTP/1.1" 200 17845 "-" "Mozilla/5.0 AppleWebKit/537.36 (KHTML, like Gecko; compatible; ClaudeBot/1.0; +claudebot@anthropic.com)"
216.73.216.38 - - [04/Apr/2026:01:33:06 -0400] "GET /gender/c/age/20-29/hair/white,black,blonde,grey HTTP/1.1" 200 17337 "-" "Mozilla/5.0 AppleWebKit/537.36 (KHTML, like Gecko; compatible; ClaudeBot/1.0; +claudebot@anthropic.com)"
216.73.216.38 - - [04/Apr/2026:01:33:06 -0400] "GET /gender/m/age/18-19,30-39/ethnicity/islander,native,white,black HTTP/1.1" 200 17988 "-" "Mozilla/5.0 AppleWebKit/537.36 (KHTML, like Gecko; compatible; ClaudeBot/1.0; +claudebot@anthropic.com)"
216.73.216.38 - - [04/Apr/2026:01:33:06 -0400] "GET /status/offline/gender/c,m,f/hair/auburn,black,red HTTP/1.1" 200 17595 "-" "Mozilla/5.0 AppleWebKit/537.36 (KHTML, like Gecko; compatible; ClaudeBot/1.0; +claudebot@anthropic.com)"
17.241.227.230 - - [04/Apr/2026:01:33:06 -0400] "GET /age/18-19/hair/red/ethnicity/east-indian,asian,native/languages/hindi HTTP/1.1" 200 17665 "-" "Mozilla/5.0 (Macintosh; Intel Mac OS X 10_15_7) AppleWebKit/605.1.15 (KHTML, like Gecko) Version/17.4 Safari/605.1.15 (Applebot/0.1; +http://www.apple.com/go/applebot)"
216.73.216.38 - - [04/Apr/2026:01:33:06 -0400] "GET /status/offline/gender/f,m,c/hair/grey,black/ethnicity/islander HTTP/1.1" 200 17955 "-" "Mozilla/5.0 AppleWebKit/537.36 (KHTML, like Gecko; compatible; ClaudeBot/1.0; +claudebot@anthropic.com)"
74.7.227.30 - - [04/Apr/2026:01:33:07 -0400] "GET /age/20-29,40-49/ethnicity/islander,east-indian,black,white,other,latino,native,asian HTTP/1.1" 200 19155 "https://nudcam.com/age/20-29/ethnicity/islander,east-indian,black,white,other,latino,native,asian" "Mozilla/5.0 AppleWebKit/537.36 (KHTML, like Gecko; compatible; GPTBot/1.3; +https://openai.com/gptbot)"
216.73.216.38 - - [04/Apr/2026:01:33:07 -0400] "GET /status/offline/gender/c/hair/white,brown,red,black/ethnicity/native HTTP/1.1" 200 18107 "-" "Mozilla/5.0 AppleWebKit/537.36 (KHTML, like Gecko; compatible; ClaudeBot/1.0; +claudebot@anthropic.com)"
216.73.216.38 - - [04/Apr/2026:01:33:07 -0400] "GET /status/offline/hair/grey,red/ethnicity/white,latino,islander,native HTTP/1.1" 200 18164 "-" "Mozilla/5.0 AppleWebKit/537.36 (KHTML, like Gecko; compatible; ClaudeBot/1.0; +claudebot@anthropic.com)"
17.22.245.100 - - [04/Apr/2026:01:33:07 -0400] "GET /gender/c,f,t/age/20-29/languages/korean HTTP/1.1" 200 16631 "-" "Mozilla/5.0 (Macintosh; Intel Mac OS X 10_15_7) AppleWebKit/605.1.15 (KHTML, like Gecko) Version/17.4 Safari/605.1.15 (Applebot/0.1; +http://www.apple.com/go/applebot)"
216.73.216.38 - - [04/Apr/2026:01:33:07 -0400] "GET /status/offline/age/60-100,30-39/hair/grey,red,blonde/ethnicity/native HTTP/1.1" 200 18184 "-" "Mozilla/5.0 AppleWebKit/537.36 (KHTML, like Gecko; compatible; ClaudeBot/1.0; +claudebot@anthropic.com)"
216.73.216.38 - - [04/Apr/2026:01:33:07 -0400] "GET /status/offline/gender/t,f/hair/grey/ethnicity/other,latino HTTP/1.1" 200 17653 "-" "Mozilla/5.0 AppleWebKit/537.36 (KHTML, like Gecko; compatible; ClaudeBot/1.0; +claudebot@anthropic.com)"
74.7.227.134 - - [04/Apr/2026:01:33:07 -0400] "GET /age/20-29,18-19/hair/red,black/ethnicity/news-leonardo-faz-homenagem-apos-morte-de-assessora-cuidou-de-mim-como-filho,islander,east-indian,black,native,latino,other,asian HTTP/1.1" 200 23257 "https://www.nudcam.com/age/20-29,18-19/hair/red/ethnicity/news-leonardo-faz-homenagem-apos-morte-de-assessora-cuidou-de-mim-como-filho,islander,east-indian,black,native,latino,other,asian" "Mozilla/5.0 AppleWebKit/537.36 (KHTML, like Gecko; compatible; GPTBot/1.3; +https://openai.com/gptbot)"
216.73.216.38 - - [04/Apr/2026:01:33:07 -0400] "GET /status/offline/age/18-19,40-49,30-39,20-29/ethnicity/islander,white HTTP/1.1" 200 18155 "-" "Mozilla/5.0 AppleWebKit/537.36 (KHTML, like Gecko; compatible; ClaudeBot/1.0; +claudebot@anthropic.com)"
216.73.216.38 - - [04/Apr/2026:01:33:07 -0400] "GET /status/offline/gender/f,m/age/60-100,30-39,40-49/ethnicity/black,native HTTP/1.1" 200 18475 "-" "Mozilla/5.0 AppleWebKit/537.36 (KHTML, like Gecko; compatible; ClaudeBot/1.0; +claudebot@anthropic.com)"
17.246.19.51 - - [04/Apr/2026:01:33:07 -0400] "GET /gender/c,f/age/30-39/hair/red,brown/languages/lithuanian HTTP/1.1" 200 17315 "-" "Mozilla/5.0 (Macintosh; Intel Mac OS X 10_15_7) AppleWebKit/605.1.15 (KHTML, like Gecko) Version/17.4 Safari/605.1.15 (Applebot/0.1; +http://www.apple.com/go/applebot)"
216.73.216.38 - - [04/Apr/2026:01:33:07 -0400] "GET /status/online/gender/t/hair/red,blonde/ethnicity/latino HTTP/1.1" 200 17348 "-" "Mozilla/5.0 AppleWebKit/537.36 (KHTML, like Gecko; compatible; ClaudeBot/1.0; +claudebot@anthropic.com)"
216.73.216.38 - - [04/Apr/2026:01:33:07 -0400] "GET /gender/f/age/50-59/hair/red,brown/ethnicity/native,other HTTP/1.1" 200 17576 "-" "Mozilla/5.0 AppleWebKit/537.36 (KHTML, like Gecko; compatible; ClaudeBot/1.0; +claudebot@anthropic.com)"
144.76.32.236 - - [04/Apr/2026:01:33:07 -0400] "GET /gender/c,m,t/hair/red,grey/ethnicity/black HTTP/1.1" 200 16908 "-" "Mozilla/5.0 (compatible; SERankingBacklinksBot/1.0; +https://seranking.com/backlinks-crawler)"
216.73.216.38 - - [04/Apr/2026:01:33:07 -0400] "GET /gender/c/age/40-49/hair/brown,blonde,black,grey HTTP/1.1" 200 17337 "-" "Mozilla/5.0 AppleWebKit/537.36 (KHTML, like Gecko; compatible; ClaudeBot/1.0; +claudebot@anthropic.com)"
216.73.216.38 - - [04/Apr/2026:01:33:07 -0400] "GET /gender/c/age/60-100/ethnicity/islander,other,black,latino HTTP/1.1" 200 17638 "-" "Mozilla/5.0 AppleWebKit/537.36 (KHTML, like Gecko; compatible; ClaudeBot/1.0; +claudebot@anthropic.com)"
216.73.216.38 - - [04/Apr/2026:01:33:07 -0400] "GET /gender/m/hair/white,auburn/ethnicity/white,islander,black HTTP/1.1" 200 17632 "-" "Mozilla/5.0 AppleWebKit/537.36 (KHTML, like Gecko; compatible; ClaudeBot/1.0; +claudebot@anthropic.com)"
216.73.216.38 - - [04/Apr/2026:01:33:08 -0400] "GET /status/online/gender/f/hair/grey,red/ethnicity/other,white,native HTTP/1.1" 200 18067 "-" "Mozilla/5.0 AppleWebKit/537.36 (KHTML, like Gecko; compatible; ClaudeBot/1.0; +claudebot@anthropic.com)"
66.249.66.43 - - [04/Apr/2026:01:33:08 -0400] "GET /hair/grey,black,red,white,auburn,brown,blonde HTTP/1.1" 200 17258 "-" "Mozilla/5.0 (Linux; Android 6.0.1; Nexus 5X Build/MMB29P) AppleWebKit/537.36 (KHTML, like Gecko) Chrome/146.0.7680.177 Mobile Safari/537.36 (compatible; Googlebot/2.1; +http://www.google.com/bot.html)"
216.73.216.38 - - [04/Apr/2026:01:33:08 -0400] "GET /age/18-19/hair/black,white,grey/ethnicity/white,islander,native HTTP/1.1" 200 18019 "-" "Mozilla/5.0 AppleWebKit/537.36 (KHTML, like Gecko; compatible; ClaudeBot/1.0; +claudebot@anthropic.com)"
74.7.227.30 - - [04/Apr/2026:01:33:08 -0400] "GET /age/20-29,30-39/ethnicity/east-indian,other,native,black,white,asian,islander,latino HTTP/1.1" 200 19155 "https://nudcam.com/age/20-29/ethnicity/east-indian,other,native,black,white,asian,islander,latino" "Mozilla/5.0 AppleWebKit/537.36 (KHTML, like Gecko; compatible; GPTBot/1.3; +https://openai.com/gptbot)"
17.241.219.254 - - [04/Apr/2026:01:33:08 -0400] "GET /age/20-29/hair/brown,blonde/ethnicity/native,east-indian/sites/1 HTTP/1.1" 200 17711 "-" "Mozilla/5.0 (Macintosh; Intel Mac OS X 10_15_7) AppleWebKit/605.1.15 (KHTML, like Gecko) Version/17.4 Safari/605.1.15 (Applebot/0.1; +http://www.apple.com/go/applebot)"
17.22.237.125 - - [04/Apr/2026:01:33:08 -0400] "GET /gender/m,f/age/30-39/hair/brown,black,auburn/languages/spanish HTTP/1.1" 200 17677 "-" "Mozilla/5.0 (Macintosh; Intel Mac OS X 10_15_7) AppleWebKit/605.1.15 (KHTML, like Gecko) Version/17.4 Safari/605.1.15 (Applebot/0.1; +http://www.apple.com/go/applebot)"
34.227.234.246 - - [04/Apr/2026:01:33:08 -0400] "GET /status/offline,online/gender/m,c,t,f/age/20-29,50-59/hair/blonde/ethnicity/islander,east-indian,native/sites/1 HTTP/1.1" 200 20539 "-" "Mozilla/5.0 AppleWebKit/537.36 (KHTML, like Gecko; compatible; Amazonbot/0.1; +https://developer.amazon.com/support/amazonbot) Chrome/119.0.6045.214 Safari/537.36"
216.73.216.38 - - [04/Apr/2026:01:33:08 -0400] "GET /status/offline/age/18-19,60-100,40-49/ethnicity/latino,white,islander HTTP/1.1" 200 18230 "-" "Mozilla/5.0 AppleWebKit/537.36 (KHTML, like Gecko; compatible; ClaudeBot/1.0; +claudebot@anthropic.com)"
74.7.227.134 - - [04/Apr/2026:01:33:08 -0400] "GET /age/50-59,30-39/ethnicity/news-leonardo-faz-homenagem-apos-morte-de-assessora-cuidou-de-mim-como-filho,native,white,asian,east-indian,latino,black,other HTTP/1.1" 200 22032 "https://www.nudcam.com/age/50-59,30-39/ethnicity/news-leonardo-faz-homenagem-apos-morte-de-assessora-cuidou-de-mim-como-filho,islander,native,white,asian,east-indian,latino,black,other" "Mozilla/5.0 AppleWebKit/537.36 (KHTML, like Gecko; compatible; GPTBot/1.3; +https://openai.com/gptbot)"
216.73.216.38 - - [04/Apr/2026:01:33:08 -0400] "GET /status/offline/gender/t/age/18-19,50-59,30-39,40-49/ethnicity/native HTTP/1.1" 200 18139 "-" "Mozilla/5.0 AppleWebKit/537.36 (KHTML, like Gecko; compatible; ClaudeBot/1.0; +claudebot@anthropic.com)"
216.73.216.38 - - [04/Apr/2026:01:33:08 -0400] "GET /status/offline/age/60-100/hair/brown,red,auburn/ethnicity/native,islander HTTP/1.1" 200 18339 "-" "Mozilla/5.0 AppleWebKit/537.36 (KHTML, like Gecko; compatible; ClaudeBot/1.0; +claudebot@anthropic.com)"
216.73.216.38 - - [04/Apr/2026:01:33:08 -0400] "GET /status/offline/age/20-29,50-59,30-39/hair/brown,blonde HTTP/1.1" 200 17579 "-" "Mozilla/5.0 AppleWebKit/537.36 (KHTML, like Gecko; compatible; ClaudeBot/1.0; +claudebot@anthropic.com)"
185.191.171.13 - - [04/Apr/2026:01:33:08 -0400] "GET /hair/grey,red,auburn,black,brown/ethnicity/other,native,latino,east-indian,black HTTP/1.1" 403 - "-" "Mozilla/5.0 (compatible; SemrushBot/7~bl; +http://www.semrush.com/bot.html)"
216.73.216.38 - - [04/Apr/2026:01:33:08 -0400] "GET /status/offline/gender/t,c/age/50-59,40-49/ethnicity/other,black HTTP/1.1" 200 18016 "-" "Mozilla/5.0 AppleWebKit/537.36 (KHTML, like Gecko; compatible; ClaudeBot/1.0; +claudebot@anthropic.com)"
216.73.216.38 - - [04/Apr/2026:01:33:08 -0400] "GET /age/40-49/hair/auburn,grey/ethnicity/white,islander,native,black HTTP/1.1" 200 18057 "-" "Mozilla/5.0 AppleWebKit/537.36 (KHTML, like Gecko; compatible; ClaudeBot/1.0; +claudebot@anthropic.com)"
216.73.216.38 - - [04/Apr/2026:01:33:08 -0400] "GET /age/50-59/hair/brown,auburn,blonde/ethnicity/asian HTTP/1.1" 200 17209 "-" "Mozilla/5.0 AppleWebKit/537.36 (KHTML, like Gecko; compatible; ClaudeBot/1.0; +claudebot@anthropic.com)"
216.73.216.38 - - [04/Apr/2026:01:33:08 -0400] "GET /gender/m/age/60-100/hair/grey,black/ethnicity/black,islander HTTP/1.1" 200 17706 "-" "Mozilla/5.0 AppleWebKit/537.36 (KHTML, like Gecko; compatible; ClaudeBot/1.0; +claudebot@anthropic.com)"
216.73.216.38 - - [04/Apr/2026:01:33:08 -0400] "GET /status/offline/gender/m,c,t/age/40-49/ethnicity/white,black,islander HTTP/1.1" 200 18374 "-" "Mozilla/5.0 AppleWebKit/537.36 (KHTML, like Gecko; compatible; ClaudeBot/1.0; +claudebot@anthropic.com)"
216.73.216.38 - - [04/Apr/2026:01:33:09 -0400] "GET /status/online/hair/black,blonde,auburn,red/ethnicity/black HTTP/1.1" 200 17648 "-" "Mozilla/5.0 AppleWebKit/537.36 (KHTML, like Gecko; compatible; ClaudeBot/1.0; +claudebot@anthropic.com)"
216.73.216.38 - - [04/Apr/2026:01:33:09 -0400] "GET /hair/black,brown,red/ethnicity/latino,native,islander HTTP/1.1" 200 17527 "-" "Mozilla/5.0 AppleWebKit/537.36 (KHTML, like Gecko; compatible; ClaudeBot/1.0; +claudebot@anthropic.com)"
74.7.227.30 - - [04/Apr/2026:01:33:09 -0400] "GET /age/20-29/hair/brown,white/ethnicity/east-indian,islander,native,white,other,latino,asian,black HTTP/1.1" 200 19747 "https://nudcam.com/age/20-29/hair/brown/ethnicity/east-indian,islander,native,white,other,latino,asian,black" "Mozilla/5.0 AppleWebKit/537.36 (KHTML, like Gecko; compatible; GPTBot/1.3; +https://openai.com/gptbot)"
216.73.216.38 - - [04/Apr/2026:01:33:09 -0400] "GET /status/offline/gender/f/age/30-39/ethnicity/islander,east-indian,native HTTP/1.1" 200 18080 "-" "Mozilla/5.0 AppleWebKit/537.36 (KHTML, like Gecko; compatible; ClaudeBot/1.0; +claudebot@anthropic.com)"
216.73.216.38 - - [04/Apr/2026:01:33:09 -0400] "GET /gender/c/hair/white,black/ethnicity/islander,other,white HTTP/1.1" 200 17601 "-" "Mozilla/5.0 AppleWebKit/537.36 (KHTML, like Gecko; compatible; ClaudeBot/1.0; +claudebot@anthropic.com)"
216.73.216.38 - - [04/Apr/2026:01:33:09 -0400] "GET /gender/m,c,f/age/18-19,30-39/ethnicity/white,other HTTP/1.1" 200 17592 "-" "Mozilla/5.0 AppleWebKit/537.36 (KHTML, like Gecko; compatible; ClaudeBot/1.0; +claudebot@anthropic.com)"
17.22.237.221 - - [04/Apr/2026:01:33:09 -0400] "GET /gender/f/age/60-100/ethnicity/islander/languages/malay HTTP/1.1" 200 17031 "-" "Mozilla/5.0 (Macintosh; Intel Mac OS X 10_15_7) AppleWebKit/605.1.15 (KHTML, like Gecko) Version/17.4 Safari/605.1.15 (Applebot/0.1; +http://www.apple.com/go/applebot)"
74.7.227.134 - - [04/Apr/2026:01:33:09 -0400] "GET /age/30-39,50-59,40-49/hair/black,blonde/ethnicity/news-leonardo-faz-homenagem-apos-morte-de-assessora-cuidou-de-mim-como-filho,latino,asian,native,black,islander,white,east-indian,other HTTP/1.1" 200 24453 "https://www.nudcam.com/age/30-39,50-59,40-49/hair/black/ethnicity/news-leonardo-faz-homenagem-apos-morte-de-assessora-cuidou-de-mim-como-filho,latino,asian,native,black,islander,white,east-indian,other" "Mozilla/5.0 AppleWebKit/537.36 (KHTML, like Gecko; compatible; GPTBot/1.3; +https://openai.com/gptbot)"
216.73.216.38 - - [04/Apr/2026:01:33:09 -0400] "GET /status/offline/gender/c/age/50-59,40-49,30-39/hair/red HTTP/1.1" 200 17544 "-" "Mozilla/5.0 AppleWebKit/537.36 (KHTML, like Gecko; compatible; ClaudeBot/1.0; +claudebot@anthropic.com)"
216.73.216.38 - - [04/Apr/2026:01:33:09 -0400] "GET /status/offline/age/30-39/hair/auburn,red,white/ethnicity/black,white HTTP/1.1" 200 18169 "-" "Mozilla/5.0 AppleWebKit/537.36 (KHTML, like Gecko; compatible; ClaudeBot/1.0; +claudebot@anthropic.com)"
17.241.75.224 - - [04/Apr/2026:01:33:09 -0400] "GET /gender/f,m/age/18-19/languages/italian HTTP/1.1" 200 16652 "-" "Mozilla/5.0 (Macintosh; Intel Mac OS X 10_15_7) AppleWebKit/605.1.15 (KHTML, like Gecko) Version/17.4 Safari/605.1.15 (Applebot/0.1; +http://www.apple.com/go/applebot)"
216.73.216.38 - - [04/Apr/2026:01:33:09 -0400] "GET /gender/f/age/50-59/ethnicity/black,islander,native,other,white HTTP/1.1" 200 17989 "-" "Mozilla/5.0 AppleWebKit/537.36 (KHTML, like Gecko; compatible; ClaudeBot/1.0; +claudebot@anthropic.com)"
216.73.216.38 - - [04/Apr/2026:01:33:09 -0400] "GET /status/offline/gender/m,f,t/age/20-29/hair/grey,black HTTP/1.1" 200 17709 "-" "Mozilla/5.0 AppleWebKit/537.36 (KHTML, like Gecko; compatible; ClaudeBot/1.0; +claudebot@anthropic.com)"
216.73.216.38 - - [04/Apr/2026:01:33:09 -0400] "GET /age/20-29,60-100/ethnicity/black,islander,white,east-indian HTTP/1.1" 200 17734 "-" "Mozilla/5.0 AppleWebKit/537.36 (KHTML, like Gecko; compatible; ClaudeBot/1.0; +claudebot@anthropic.com)"
216.73.216.38 - - [04/Apr/2026:01:33:09 -0400] "GET /status/offline,online/gender/f/age/40-49/ethnicity/other,native,islander,white HTTP/1.1" 200 18723 "-" "Mozilla/5.0 AppleWebKit/537.36 (KHTML, like Gecko; compatible; ClaudeBot/1.0; +claudebot@anthropic.com)"
216.73.216.38 - - [04/Apr/2026:01:33:10 -0400] "GET /status/offline/gender/c,m,f/hair/brown/ethnicity/white,black HTTP/1.1" 200 17901 "-" "Mozilla/5.0 AppleWebKit/537.36 (KHTML, like Gecko; compatible; ClaudeBot/1.0; +claudebot@anthropic.com)"
216.73.216.38 - - [04/Apr/2026:01:33:10 -0400] "GET /gender/f/age/40-49,20-29/hair/brown/ethnicity/other,native HTTP/1.1" 200 17637 "-" "Mozilla/5.0 AppleWebKit/537.36 (KHTML, like Gecko; compatible; ClaudeBot/1.0; +claudebot@anthropic.com)"
74.7.227.30 - - [04/Apr/2026:01:33:10 -0400] "GET /age/20-29,50-59/ethnicity/islander,east-indian,black,white,other,latino,native,asian HTTP/1.1" 200 19155 "https://nudcam.com/age/20-29/ethnicity/islander,east-indian,black,white,other,latino,native,asian" "Mozilla/5.0 AppleWebKit/537.36 (KHTML, like Gecko; compatible; GPTBot/1.3; +https://openai.com/gptbot)"
17.246.23.107 - - [04/Apr/2026:01:33:10 -0400] "GET /gender/m/age/30-39,60-100/ethnicity/native,asian/languages/thai HTTP/1.1" 200 17476 "-" "Mozilla/5.0 (Macintosh; Intel Mac OS X 10_15_7) AppleWebKit/605.1.15 (KHTML, like Gecko) Version/17.4 Safari/605.1.15 (Applebot/0.1; +http://www.apple.com/go/applebot)"
216.73.216.38 - - [04/Apr/2026:01:33:10 -0400] "GET /status/online/gender/f/age/60-100/hair/white,blonde/ethnicity/black HTTP/1.1" 200 17899 "-" "Mozilla/5.0 AppleWebKit/537.36 (KHTML, like Gecko; compatible; ClaudeBot/1.0; +claudebot@anthropic.com)"
216.73.216.38 - - [04/Apr/2026:01:33:10 -0400] "GET /age/60-100,18-19/hair/blonde,auburn,grey/ethnicity/native HTTP/1.1" 200 17615 "-" "Mozilla/5.0 AppleWebKit/537.36 (KHTML, like Gecko; compatible; ClaudeBot/1.0; +claudebot@anthropic.com)"
216.73.216.38 - - [04/Apr/2026:01:33:10 -0400] "GET /gender/c,f/hair/red,auburn,blonde,white HTTP/1.1" 200 17111 "-" "Mozilla/5.0 AppleWebKit/537.36 (KHTML, like Gecko; compatible; ClaudeBot/1.0; +claudebot@anthropic.com)"
216.73.216.38 - - [04/Apr/2026:01:33:10 -0400] "GET /gender/m,t,f/age/30-39/hair/blonde,white HTTP/1.1" 200 17123 "-" "Mozilla/5.0 AppleWebKit/537.36 (KHTML, like Gecko; compatible; ClaudeBot/1.0; +claudebot@anthropic.com)"
