44.220.2.97 - - [04/Apr/2026:01:33:36 -0400] "GET /status/online,offline/gender/m,f/hair/brown,grey/ethnicity/native,east-indian/languages/kurdish HTTP/1.1" 200 19147 "-" "Mozilla/5.0 AppleWebKit/537.36 (KHTML, like Gecko; compatible; Amazonbot/0.1; +https://developer.amazon.com/support/amazonbot) Chrome/119.0.6045.214 Safari/537.36"
216.73.216.38 - - [04/Apr/2026:01:33:36 -0400] "GET /status/offline,online/hair/black,brown,white/ethnicity/native,black HTTP/1.1" 200 18168 "-" "Mozilla/5.0 AppleWebKit/537.36 (KHTML, like Gecko; compatible; ClaudeBot/1.0; +claudebot@anthropic.com)"
216.73.216.38 - - [04/Apr/2026:01:33:36 -0400] "GET /age/20-29/hair/blonde,white/ethnicity/latino,native,white HTTP/1.1" 200 17638 "-" "Mozilla/5.0 AppleWebKit/537.36 (KHTML, like Gecko; compatible; ClaudeBot/1.0; +claudebot@anthropic.com)"
74.7.227.30 - - [04/Apr/2026:01:33:36 -0400] "GET /age/20-29,50-59/ethnicity/other,islander,black,native,latino,white,asian,east-indian HTTP/1.1" 200 19155 "https://nudcam.com/age/20-29/ethnicity/other,islander,black,native,latino,white,asian,east-indian" "Mozilla/5.0 AppleWebKit/537.36 (KHTML, like Gecko; compatible; GPTBot/1.3; +https://openai.com/gptbot)"
216.73.216.38 - - [04/Apr/2026:01:33:36 -0400] "GET /gender/t,m,c/hair/grey/ethnicity/latino,native HTTP/1.1" 200 17274 "-" "Mozilla/5.0 AppleWebKit/537.36 (KHTML, like Gecko; compatible; ClaudeBot/1.0; +claudebot@anthropic.com)"
216.73.216.38 - - [04/Apr/2026:01:33:36 -0400] "GET /status/offline/gender/f/ethnicity/islander,latino,asian,native HTTP/1.1" 200 17808 "-" "Mozilla/5.0 AppleWebKit/537.36 (KHTML, like Gecko; compatible; ClaudeBot/1.0; +claudebot@anthropic.com)"
216.73.216.38 - - [04/Apr/2026:01:33:36 -0400] "GET /age/18-19/hair/white,red,blonde,black,brown HTTP/1.1" 200 17230 "-" "Mozilla/5.0 AppleWebKit/537.36 (KHTML, like Gecko; compatible; ClaudeBot/1.0; +claudebot@anthropic.com)"
216.73.216.38 - - [04/Apr/2026:01:33:36 -0400] "GET /status/online/age/60-100,40-49,50-59,30-39/ethnicity/islander,native HTTP/1.1" 200 18189 "-" "Mozilla/5.0 AppleWebKit/537.36 (KHTML, like Gecko; compatible; ClaudeBot/1.0; +claudebot@anthropic.com)"
216.73.216.38 - - [04/Apr/2026:01:33:37 -0400] "GET /status/offline,online/gender/m,t,c/age/18-19,50-59 HTTP/1.1" 200 17645 "-" "Mozilla/5.0 AppleWebKit/537.36 (KHTML, like Gecko; compatible; ClaudeBot/1.0; +claudebot@anthropic.com)"
74.7.227.134 - - [04/Apr/2026:01:33:37 -0400] "GET /age/18-19,20-29,50-59/ethnicity/news-leonardo-faz-homenagem-apos-morte-de-assessora-cuidou-de-mim-como-filho,black,other,white,east-indian,asian,islander,latino,native HTTP/1.1" 200 23162 "https://www.nudcam.com/age/18-19,20-29/ethnicity/news-leonardo-faz-homenagem-apos-morte-de-assessora-cuidou-de-mim-como-filho,black,other,white,east-indian,asian,islander,latino,native" "Mozilla/5.0 AppleWebKit/537.36 (KHTML, like Gecko; compatible; GPTBot/1.3; +https://openai.com/gptbot)"
216.73.216.38 - - [04/Apr/2026:01:33:37 -0400] "GET /gender/f/age/20-29/hair/red,grey,white/ethnicity/white,native HTTP/1.1" 200 17922 "-" "Mozilla/5.0 AppleWebKit/537.36 (KHTML, like Gecko; compatible; ClaudeBot/1.0; +claudebot@anthropic.com)"
216.73.216.38 - - [04/Apr/2026:01:33:37 -0400] "GET /gender/m/hair/blonde,grey,white/ethnicity/white,islander HTTP/1.1" 200 17595 "-" "Mozilla/5.0 AppleWebKit/537.36 (KHTML, like Gecko; compatible; ClaudeBot/1.0; +claudebot@anthropic.com)"
216.73.216.38 - - [04/Apr/2026:01:33:37 -0400] "GET /status/offline/age/18-19,60-100/hair/black,white,red,grey HTTP/1.1" 200 17858 "-" "Mozilla/5.0 AppleWebKit/537.36 (KHTML, like Gecko; compatible; ClaudeBot/1.0; +claudebot@anthropic.com)"
216.73.216.38 - - [04/Apr/2026:01:33:37 -0400] "GET /gender/c,m/age/20-29,60-100/hair/auburn,white HTTP/1.1" 200 17291 "-" "Mozilla/5.0 AppleWebKit/537.36 (KHTML, like Gecko; compatible; ClaudeBot/1.0; +claudebot@anthropic.com)"
17.22.237.209 - - [04/Apr/2026:01:33:37 -0400] "GET /gender/t/age/50-59,30-39,18-19/hair/brown HTTP/1.1" 200 16753 "-" "Mozilla/5.0 (Macintosh; Intel Mac OS X 10_15_7) AppleWebKit/605.1.15 (KHTML, like Gecko) Version/17.4 Safari/605.1.15 (Applebot/0.1; +http://www.apple.com/go/applebot)"
216.73.216.38 - - [04/Apr/2026:01:33:37 -0400] "GET /status/offline/gender/m,f,t,c/ethnicity/white,islander,black HTTP/1.1" 200 18118 "-" "Mozilla/5.0 AppleWebKit/537.36 (KHTML, like Gecko; compatible; ClaudeBot/1.0; +claudebot@anthropic.com)"
216.73.216.38 - - [04/Apr/2026:01:33:37 -0400] "GET /status/offline/gender/m,t,f,c/ethnicity/white,islander,black HTTP/1.1" 200 18118 "-" "Mozilla/5.0 AppleWebKit/537.36 (KHTML, like Gecko; compatible; ClaudeBot/1.0; +claudebot@anthropic.com)"
216.73.216.38 - - [04/Apr/2026:01:33:37 -0400] "GET /gender/c/age/50-59,20-29,30-39/ethnicity/black,other HTTP/1.1" 200 17467 "-" "Mozilla/5.0 AppleWebKit/537.36 (KHTML, like Gecko; compatible; ClaudeBot/1.0; +claudebot@anthropic.com)"
74.7.227.30 - - [04/Apr/2026:01:33:37 -0400] "GET /age/30-39,40-49/hair/brown/ethnicity/latino,white,islander,native,asian,other,black,east-indian HTTP/1.1" 200 19742 "https://nudcam.com/age/30-39,40-49/ethnicity/latino,white,islander,native,asian,other,black,east-indian" "Mozilla/5.0 AppleWebKit/537.36 (KHTML, like Gecko; compatible; GPTBot/1.3; +https://openai.com/gptbot)"
216.73.216.38 - - [04/Apr/2026:01:33:37 -0400] "GET /gender/f,t/age/20-29,18-19/hair/red,grey HTTP/1.1" 200 17127 "-" "Mozilla/5.0 AppleWebKit/537.36 (KHTML, like Gecko; compatible; ClaudeBot/1.0; +claudebot@anthropic.com)"
216.73.216.38 - - [04/Apr/2026:01:33:37 -0400] "GET /status/offline/gender/f/age/40-49/ethnicity/native,asian,black,white HTTP/1.1" 200 18173 "-" "Mozilla/5.0 AppleWebKit/537.36 (KHTML, like Gecko; compatible; ClaudeBot/1.0; +claudebot@anthropic.com)"
216.73.216.38 - - [04/Apr/2026:01:33:37 -0400] "GET /status/offline/gender/f,m/age/40-49/ethnicity/other,native,islander,asian HTTP/1.1" 200 18551 "-" "Mozilla/5.0 AppleWebKit/537.36 (KHTML, like Gecko; compatible; ClaudeBot/1.0; +claudebot@anthropic.com)"
216.73.216.38 - - [04/Apr/2026:01:33:38 -0400] "GET /gender/t,f/age/40-49,50-59/ethnicity/white,black,native HTTP/1.1" 200 17764 "-" "Mozilla/5.0 AppleWebKit/537.36 (KHTML, like Gecko; compatible; ClaudeBot/1.0; +claudebot@anthropic.com)"
74.7.227.134 - - [04/Apr/2026:01:33:38 -0400] "GET /age/40-49,30-39,50-59/ethnicity/news-leonardo-faz-homenagem-apos-morte-de-assessora-cuidou-de-mim-como-filho,white,black,east-indian,latino,native,islander,other,asian HTTP/1.1" 200 23162 "https://www.nudcam.com/age/40-49,30-39/ethnicity/news-leonardo-faz-homenagem-apos-morte-de-assessora-cuidou-de-mim-como-filho,white,black,east-indian,latino,native,islander,other,asian" "Mozilla/5.0 AppleWebKit/537.36 (KHTML, like Gecko; compatible; GPTBot/1.3; +https://openai.com/gptbot)"
216.73.216.38 - - [04/Apr/2026:01:33:38 -0400] "GET /status/online/gender/c,f/age/20-29/hair/grey,white/ethnicity/white HTTP/1.1" 200 18069 "-" "Mozilla/5.0 AppleWebKit/537.36 (KHTML, like Gecko; compatible; ClaudeBot/1.0; +claudebot@anthropic.com)"
40.77.167.36 - - [04/Apr/2026:01:33:38 -0400] "GET /age/30-39,20-29/ethnicity/hair,islander,native,black HTTP/1.1" 200 17484 "-" "Mozilla/5.0 AppleWebKit/537.36 (KHTML, like Gecko; compatible; bingbot/2.0; +http://www.bing.com/bingbot.htm) Chrome/116.0.1938.76 Safari/537.36"
216.73.216.38 - - [04/Apr/2026:01:33:38 -0400] "GET /gender/t,c/age/30-39,18-19,50-59/ethnicity/islander HTTP/1.1" 200 17426 "-" "Mozilla/5.0 AppleWebKit/537.36 (KHTML, like Gecko; compatible; ClaudeBot/1.0; +claudebot@anthropic.com)"
216.73.216.38 - - [04/Apr/2026:01:33:38 -0400] "GET /gender/f/age/20-29/hair/brown,grey,black/ethnicity/islander HTTP/1.1" 200 17651 "-" "Mozilla/5.0 AppleWebKit/537.36 (KHTML, like Gecko; compatible; ClaudeBot/1.0; +claudebot@anthropic.com)"
216.73.216.38 - - [04/Apr/2026:01:33:38 -0400] "GET /status/online/gender/c/age/40-49,20-29/hair/white,auburn HTTP/1.1" 200 17623 "-" "Mozilla/5.0 AppleWebKit/537.36 (KHTML, like Gecko; compatible; ClaudeBot/1.0; +claudebot@anthropic.com)"
216.73.216.38 - - [04/Apr/2026:01:33:38 -0400] "GET /age/18-19/hair/brown,blonde/ethnicity/native,east-indian HTTP/1.1" 200 17425 "-" "Mozilla/5.0 AppleWebKit/537.36 (KHTML, like Gecko; compatible; ClaudeBot/1.0; +claudebot@anthropic.com)"
216.73.216.38 - - [04/Apr/2026:01:33:38 -0400] "GET /status/offline/gender/f/age/20-29/ethnicity/other,white,native,black,islander HTTP/1.1" 200 18680 "-" "Mozilla/5.0 AppleWebKit/537.36 (KHTML, like Gecko; compatible; ClaudeBot/1.0; +claudebot@anthropic.com)"
17.22.245.36 - - [04/Apr/2026:01:33:38 -0400] "GET /gender/m/age/60-100/ethnicity/islander,black,native/languages/spanish HTTP/1.1" 200 17673 "-" "Mozilla/5.0 (Macintosh; Intel Mac OS X 10_15_7) AppleWebKit/605.1.15 (KHTML, like Gecko) Version/17.4 Safari/605.1.15 (Applebot/0.1; +http://www.apple.com/go/applebot)"
216.73.216.38 - - [04/Apr/2026:01:33:38 -0400] "GET /age/30-39,20-29/hair/white,brown/ethnicity/other,islander HTTP/1.1" 200 17639 "-" "Mozilla/5.0 AppleWebKit/537.36 (KHTML, like Gecko; compatible; ClaudeBot/1.0; +claudebot@anthropic.com)"
216.73.216.38 - - [04/Apr/2026:01:33:38 -0400] "GET /gender/c/age/40-49/hair/blonde,white/ethnicity/white,other HTTP/1.1" 200 17642 "-" "Mozilla/5.0 AppleWebKit/537.36 (KHTML, like Gecko; compatible; ClaudeBot/1.0; +claudebot@anthropic.com)"
74.7.227.30 - - [04/Apr/2026:01:33:38 -0400] "GET /age/20-29,18-19/ethnicity/other,islander,black,native,latino,white,asian,east-indian HTTP/1.1" 200 19155 "https://nudcam.com/age/20-29/ethnicity/other,islander,black,native,latino,white,asian,east-indian" "Mozilla/5.0 AppleWebKit/537.36 (KHTML, like Gecko; compatible; GPTBot/1.3; +https://openai.com/gptbot)"
216.73.216.38 - - [04/Apr/2026:01:33:38 -0400] "GET /status/offline/gender/t,f/age/18-19/ethnicity/islander,white,black,native HTTP/1.1" 200 18552 "-" "Mozilla/5.0 AppleWebKit/537.36 (KHTML, like Gecko; compatible; ClaudeBot/1.0; +claudebot@anthropic.com)"
216.73.216.38 - - [04/Apr/2026:01:33:38 -0400] "GET /status/online/gender/t/age/50-59/hair/red,black/ethnicity/native HTTP/1.1" 200 17799 "-" "Mozilla/5.0 AppleWebKit/537.36 (KHTML, like Gecko; compatible; ClaudeBot/1.0; +claudebot@anthropic.com)"
216.73.216.38 - - [04/Apr/2026:01:33:39 -0400] "GET /hair/white,grey,brown,black/ethnicity/native,black,white HTTP/1.1" 200 17802 "-" "Mozilla/5.0 AppleWebKit/537.36 (KHTML, like Gecko; compatible; ClaudeBot/1.0; +claudebot@anthropic.com)"
216.73.216.38 - - [04/Apr/2026:01:33:39 -0400] "GET /status/offline/gender/f/hair/red,auburn,white/ethnicity/latino HTTP/1.1" 200 17755 "-" "Mozilla/5.0 AppleWebKit/537.36 (KHTML, like Gecko; compatible; ClaudeBot/1.0; +claudebot@anthropic.com)"
74.7.227.134 - - [04/Apr/2026:01:33:39 -0400] "GET /age/50-59,30-39,20-29/ethnicity/news-leonardo-faz-homenagem-apos-morte-de-assessora-cuidou-de-mim-como-filho,islander,native,latino,east-indian,black,other,white,asian HTTP/1.1" 200 23162 "https://www.nudcam.com/age/50-59,30-39/ethnicity/news-leonardo-faz-homenagem-apos-morte-de-assessora-cuidou-de-mim-como-filho,islander,native,latino,east-indian,black,other,white,asian" "Mozilla/5.0 AppleWebKit/537.36 (KHTML, like Gecko; compatible; GPTBot/1.3; +https://openai.com/gptbot)"
216.73.216.38 - - [04/Apr/2026:01:33:39 -0400] "GET /status/online/age/20-29,40-49/hair/red,brown,white,grey HTTP/1.1" 200 17790 "-" "Mozilla/5.0 AppleWebKit/537.36 (KHTML, like Gecko; compatible; ClaudeBot/1.0; +claudebot@anthropic.com)"
216.73.216.38 - - [04/Apr/2026:01:33:39 -0400] "GET /status/offline/gender/f/age/50-59,20-29/ethnicity/black,other,white HTTP/1.1" 200 18140 "-" "Mozilla/5.0 AppleWebKit/537.36 (KHTML, like Gecko; compatible; ClaudeBot/1.0; +claudebot@anthropic.com)"
216.73.216.38 - - [04/Apr/2026:01:33:39 -0400] "GET /status/online,offline/hair/grey/ethnicity/white,native,black,other HTTP/1.1" 200 18132 "-" "Mozilla/5.0 AppleWebKit/537.36 (KHTML, like Gecko; compatible; ClaudeBot/1.0; +claudebot@anthropic.com)"
216.73.216.38 - - [04/Apr/2026:01:33:39 -0400] "GET /status/offline/age/40-49/hair/black,white,red,brown,blonde HTTP/1.1" 200 17887 "-" "Mozilla/5.0 AppleWebKit/537.36 (KHTML, like Gecko; compatible; ClaudeBot/1.0; +claudebot@anthropic.com)"
216.73.216.38 - - [04/Apr/2026:01:33:39 -0400] "GET /gender/t,m,c/age/20-29/ethnicity/white,east-indian HTTP/1.1" 200 17416 "-" "Mozilla/5.0 AppleWebKit/537.36 (KHTML, like Gecko; compatible; ClaudeBot/1.0; +claudebot@anthropic.com)"
216.73.216.38 - - [04/Apr/2026:01:33:39 -0400] "GET /gender/m/age/18-19/hair/red/ethnicity/white,east-indian HTTP/1.1" 200 17356 "-" "Mozilla/5.0 AppleWebKit/537.36 (KHTML, like Gecko; compatible; ClaudeBot/1.0; +claudebot@anthropic.com)"
216.73.216.38 - - [04/Apr/2026:01:33:39 -0400] "GET /age/50-59/hair/grey,auburn,white/ethnicity/latino,native HTTP/1.1" 200 17601 "-" "Mozilla/5.0 AppleWebKit/537.36 (KHTML, like Gecko; compatible; ClaudeBot/1.0; +claudebot@anthropic.com)"
74.7.227.30 - - [04/Apr/2026:01:33:39 -0400] "GET /age/18-19,40-49/ethnicity/east-indian,white,asian,other,latino,islander,native HTTP/1.1" 200 18735 "https://nudcam.com/age/18-19/ethnicity/east-indian,white,asian,other,latino,islander,native" "Mozilla/5.0 AppleWebKit/537.36 (KHTML, like Gecko; compatible; GPTBot/1.3; +https://openai.com/gptbot)"
216.73.216.38 - - [04/Apr/2026:01:33:39 -0400] "GET /status/online/gender/c,t/ethnicity/asian,other,native HTTP/1.1" 200 17523 "-" "Mozilla/5.0 AppleWebKit/537.36 (KHTML, like Gecko; compatible; ClaudeBot/1.0; +claudebot@anthropic.com)"
216.73.216.38 - - [04/Apr/2026:01:33:39 -0400] "GET /status/online/hair/white,red,auburn/ethnicity/islander,native,white HTTP/1.1" 200 18160 "-" "Mozilla/5.0 AppleWebKit/537.36 (KHTML, like Gecko; compatible; ClaudeBot/1.0; +claudebot@anthropic.com)"
17.22.245.34 - - [04/Apr/2026:01:33:39 -0400] "GET /status/offline/age/18-19,50-59/ethnicity/islander,native,other/languages/spanish HTTP/1.1" 200 18237 "-" "Mozilla/5.0 (Macintosh; Intel Mac OS X 10_15_7) AppleWebKit/605.1.15 (KHTML, like Gecko) Version/17.4 Safari/605.1.15 (Applebot/0.1; +http://www.apple.com/go/applebot)"
216.73.216.38 - - [04/Apr/2026:01:33:40 -0400] "GET /status/offline/hair/black,auburn/ethnicity/latino,east-indian HTTP/1.1" 200 17590 "-" "Mozilla/5.0 AppleWebKit/537.36 (KHTML, like Gecko; compatible; ClaudeBot/1.0; +claudebot@anthropic.com)"
216.73.216.38 - - [04/Apr/2026:01:33:40 -0400] "GET /hair/blonde,black,red/ethnicity/other,white,islander HTTP/1.1" 200 17494 "-" "Mozilla/5.0 AppleWebKit/537.36 (KHTML, like Gecko; compatible; ClaudeBot/1.0; +claudebot@anthropic.com)"
216.73.216.38 - - [04/Apr/2026:01:33:40 -0400] "GET /age/20-29,18-19,40-49/hair/black/ethnicity/islander,white HTTP/1.1" 200 17626 "-" "Mozilla/5.0 AppleWebKit/537.36 (KHTML, like Gecko; compatible; ClaudeBot/1.0; +claudebot@anthropic.com)"
18.213.102.186 - - [04/Apr/2026:01:33:40 -0400] "GET /status/offline,online/gender/c,m/age/20-29/hair/red,black/ethnicity/islander,asian,east-indian,latino/languages/hebrew HTTP/1.1" 200 20879 "-" "Mozilla/5.0 AppleWebKit/537.36 (KHTML, like Gecko; compatible; Amazonbot/0.1; +https://developer.amazon.com/support/amazonbot) Chrome/119.0.6045.214 Safari/537.36"
216.73.216.38 - - [04/Apr/2026:01:33:40 -0400] "GET /gender/m/age/60-100/ethnicity/east-indian,black,white HTTP/1.1" 200 17327 "-" "Mozilla/5.0 AppleWebKit/537.36 (KHTML, like Gecko; compatible; ClaudeBot/1.0; +claudebot@anthropic.com)"
74.7.227.134 - - [04/Apr/2026:01:33:40 -0400] "GET /age/20-29,18-19,30-39/ethnicity/news-leonardo-faz-homenagem-apos-morte-de-assessora-cuidou-de-mim-como-filho,islander,east-indian,black,native,latino,other,asian,white HTTP/1.1" 200 23162 "https://www.nudcam.com/age/20-29,18-19/ethnicity/news-leonardo-faz-homenagem-apos-morte-de-assessora-cuidou-de-mim-como-filho,islander,east-indian,black,native,latino,other,asian,white" "Mozilla/5.0 AppleWebKit/537.36 (KHTML, like Gecko; compatible; GPTBot/1.3; +https://openai.com/gptbot)"
216.73.216.38 - - [04/Apr/2026:01:33:40 -0400] "GET /gender/m,c/age/60-100,18-19,30-39/ethnicity/islander,native HTTP/1.1" 200 17892 "-" "Mozilla/5.0 AppleWebKit/537.36 (KHTML, like Gecko; compatible; ClaudeBot/1.0; +claudebot@anthropic.com)"
216.73.216.38 - - [04/Apr/2026:01:33:40 -0400] "GET /age/20-29,60-100,40-49,50-59/hair/grey,white HTTP/1.1" 200 17262 "-" "Mozilla/5.0 AppleWebKit/537.36 (KHTML, like Gecko; compatible; ClaudeBot/1.0; +claudebot@anthropic.com)"
216.73.216.38 - - [04/Apr/2026:01:33:40 -0400] "GET /status/online/gender/t,m/age/20-29/hair/auburn,black HTTP/1.1" 200 17500 "-" "Mozilla/5.0 AppleWebKit/537.36 (KHTML, like Gecko; compatible; ClaudeBot/1.0; +claudebot@anthropic.com)"
216.73.216.38 - - [04/Apr/2026:01:33:40 -0400] "GET /status/offline/gender/f/age/50-59,30-39/hair/brown,auburn HTTP/1.1" 200 17656 "-" "Mozilla/5.0 AppleWebKit/537.36 (KHTML, like Gecko; compatible; ClaudeBot/1.0; +claudebot@anthropic.com)"
216.73.216.38 - - [04/Apr/2026:01:33:40 -0400] "GET /age/18-19,30-39,20-29/ethnicity/other,black,native,white HTTP/1.1" 200 17808 "-" "Mozilla/5.0 AppleWebKit/537.36 (KHTML, like Gecko; compatible; ClaudeBot/1.0; +claudebot@anthropic.com)"
216.73.216.38 - - [04/Apr/2026:01:33:40 -0400] "GET /gender/m/age/30-39/hair/white,red,brown,auburn HTTP/1.1" 200 17302 "-" "Mozilla/5.0 AppleWebKit/537.36 (KHTML, like Gecko; compatible; ClaudeBot/1.0; +claudebot@anthropic.com)"
74.7.227.30 - - [04/Apr/2026:01:33:40 -0400] "GET /age/18-19,30-39/ethnicity/east-indian,white,asian,other,latino,islander,native HTTP/1.1" 200 18735 "https://nudcam.com/age/18-19/ethnicity/east-indian,white,asian,other,latino,islander,native" "Mozilla/5.0 AppleWebKit/537.36 (KHTML, like Gecko; compatible; GPTBot/1.3; +https://openai.com/gptbot)"
216.73.216.38 - - [04/Apr/2026:01:33:40 -0400] "GET /status/online/hair/blonde,white,grey,red/ethnicity/latino HTTP/1.1" 200 17615 "-" "Mozilla/5.0 AppleWebKit/537.36 (KHTML, like Gecko; compatible; ClaudeBot/1.0; +claudebot@anthropic.com)"
17.22.237.60 - - [04/Apr/2026:01:33:40 -0400] "GET /status/online,offline/gender/m/hair/auburn/languages/hindi HTTP/1.1" 200 17183 "-" "Mozilla/5.0 (Macintosh; Intel Mac OS X 10_15_7) AppleWebKit/605.1.15 (KHTML, like Gecko) Version/17.4 Safari/605.1.15 (Applebot/0.1; +http://www.apple.com/go/applebot)"
144.76.32.236 - - [04/Apr/2026:01:33:41 -0400] "GET /gender/c,m,f/hair/red,grey/ethnicity/other HTTP/1.1" 200 16909 "-" "Mozilla/5.0 (compatible; SERankingBacklinksBot/1.0; +https://seranking.com/backlinks-crawler)"
74.7.227.134 - - [04/Apr/2026:01:33:41 -0400] "GET /age/50-59,30-39,20-29/ethnicity/news-leonardo-faz-homenagem-apos-morte-de-assessora-cuidou-de-mim-como-filho,islander,native,white,asian,east-indian,black,other,latino HTTP/1.1" 200 23162 "https://www.nudcam.com/age/50-59,30-39/ethnicity/news-leonardo-faz-homenagem-apos-morte-de-assessora-cuidou-de-mim-como-filho,islander,native,white,asian,east-indian,black,other,latino" "Mozilla/5.0 AppleWebKit/537.36 (KHTML, like Gecko; compatible; GPTBot/1.3; +https://openai.com/gptbot)"
216.73.216.38 - - [04/Apr/2026:01:33:41 -0400] "GET /status/offline/gender/f,m,t,c/age/50-59,30-39/languages/romanian HTTP/1.1" 200 17940 "-" "Mozilla/5.0 AppleWebKit/537.36 (KHTML, like Gecko; compatible; ClaudeBot/1.0; +claudebot@anthropic.com)"
216.73.216.38 - - [04/Apr/2026:01:33:41 -0400] "GET /status/offline/age/20-29,30-39/hair/brown,white/ethnicity/native/languages/hungarian HTTP/1.1" 200 18324 "-" "Mozilla/5.0 AppleWebKit/537.36 (KHTML, like Gecko; compatible; ClaudeBot/1.0; +claudebot@anthropic.com)"
216.73.216.38 - - [04/Apr/2026:01:33:41 -0400] "GET /hair/black,blonde,brown,white/ethnicity/islander/languages/spanish HTTP/1.1" 200 17576 "-" "Mozilla/5.0 AppleWebKit/537.36 (KHTML, like Gecko; compatible; ClaudeBot/1.0; +claudebot@anthropic.com)"
216.73.216.38 - - [04/Apr/2026:01:33:41 -0400] "GET /status/online/gender/t,c/age/40-49/ethnicity/latino,native,islander HTTP/1.1" 200 17927 "-" "Mozilla/5.0 AppleWebKit/537.36 (KHTML, like Gecko; compatible; ClaudeBot/1.0; +claudebot@anthropic.com)"
216.73.216.38 - - [04/Apr/2026:01:33:41 -0400] "GET /gender/c,t/age/40-49/hair/auburn/ethnicity/native/languages/indonesian HTTP/1.1" 200 17670 "-" "Mozilla/5.0 AppleWebKit/537.36 (KHTML, like Gecko; compatible; ClaudeBot/1.0; +claudebot@anthropic.com)"
216.73.216.38 - - [04/Apr/2026:01:33:41 -0400] "GET /status/online/age/40-49,30-39/ethnicity/native,black,islander/languages/japanese HTTP/1.1" 200 18239 "-" "Mozilla/5.0 AppleWebKit/537.36 (KHTML, like Gecko; compatible; ClaudeBot/1.0; +claudebot@anthropic.com)"
216.73.216.38 - - [04/Apr/2026:01:33:42 -0400] "GET /status/online/age/40-49/hair/black/ethnicity/native,black,other,white HTTP/1.1" 200 17977 "-" "Mozilla/5.0 AppleWebKit/537.36 (KHTML, like Gecko; compatible; ClaudeBot/1.0; +claudebot@anthropic.com)"
216.73.216.38 - - [04/Apr/2026:01:33:42 -0400] "GET /age/60-100,40-49,18-19/ethnicity/black,other,native/languages/spanish HTTP/1.1" 200 17887 "-" "Mozilla/5.0 AppleWebKit/537.36 (KHTML, like Gecko; compatible; ClaudeBot/1.0; +claudebot@anthropic.com)"
74.7.227.30 - - [04/Apr/2026:01:33:42 -0400] "GET /status/offline/age/20-29,40-49/ethnicity/islander,east-indian,white,other,latino,native,asian,black HTTP/1.1" 200 19909 "https://nudcam.com/age/20-29,40-49/ethnicity/islander,east-indian,white,other,latino,native,asian,black" "Mozilla/5.0 AppleWebKit/537.36 (KHTML, like Gecko; compatible; GPTBot/1.3; +https://openai.com/gptbot)"
216.73.216.38 - - [04/Apr/2026:01:33:42 -0400] "GET /age/20-29/ethnicity/latino,islander,black,native,white/languages/fiji HTTP/1.1" 200 17887 "-" "Mozilla/5.0 AppleWebKit/537.36 (KHTML, like Gecko; compatible; ClaudeBot/1.0; +claudebot@anthropic.com)"
17.22.245.157 - - [04/Apr/2026:01:33:42 -0400] "GET /status/online,offline/gender/c,f/age/30-39,20-29/ethnicity/native HTTP/1.1" 200 17849 "-" "Mozilla/5.0 (Macintosh; Intel Mac OS X 10_15_7) AppleWebKit/605.1.15 (KHTML, like Gecko) Version/17.4 Safari/605.1.15 (Applebot/0.1; +http://www.apple.com/go/applebot)"
216.73.216.38 - - [04/Apr/2026:01:33:42 -0400] "GET /age/60-100,40-49,50-59/ethnicity/native,other,islander,white HTTP/1.1" 200 17720 "-" "Mozilla/5.0 AppleWebKit/537.36 (KHTML, like Gecko; compatible; ClaudeBot/1.0; +claudebot@anthropic.com)"
216.73.216.38 - - [04/Apr/2026:01:33:42 -0400] "GET /status/online/gender/f,t,c/age/20-29,30-39/languages/indonesian HTTP/1.1" 200 17730 "-" "Mozilla/5.0 AppleWebKit/537.36 (KHTML, like Gecko; compatible; ClaudeBot/1.0; +claudebot@anthropic.com)"
74.7.227.134 - - [04/Apr/2026:01:33:42 -0400] "GET /age/50-59,30-39,18-19/ethnicity/news-leonardo-faz-homenagem-apos-morte-de-assessora-cuidou-de-mim-como-filho,islander,native,latino,east-indian,black,other,white,asian HTTP/1.1" 200 23162 "https://www.nudcam.com/age/50-59,30-39/ethnicity/news-leonardo-faz-homenagem-apos-morte-de-assessora-cuidou-de-mim-como-filho,islander,native,latino,east-indian,black,other,white,asian" "Mozilla/5.0 AppleWebKit/537.36 (KHTML, like Gecko; compatible; GPTBot/1.3; +https://openai.com/gptbot)"
216.73.216.38 - - [04/Apr/2026:01:33:42 -0400] "GET /status/offline/gender/c,m/age/40-49,30-39/ethnicity/black,native/languages/hungarian HTTP/1.1" 200 18559 "-" "Mozilla/5.0 AppleWebKit/537.36 (KHTML, like Gecko; compatible; ClaudeBot/1.0; +claudebot@anthropic.com)"
216.73.216.38 - - [04/Apr/2026:01:33:42 -0400] "GET /hair/red,grey/ethnicity/asian,native/languages/japanese HTTP/1.1" 200 17079 "-" "Mozilla/5.0 AppleWebKit/537.36 (KHTML, like Gecko; compatible; ClaudeBot/1.0; +claudebot@anthropic.com)"
216.73.216.38 - - [04/Apr/2026:01:33:42 -0400] "GET /status/offline/age/60-100,50-59,40-49/hair/white,grey/ethnicity/white HTTP/1.1" 200 17957 "-" "Mozilla/5.0 AppleWebKit/537.36 (KHTML, like Gecko; compatible; ClaudeBot/1.0; +claudebot@anthropic.com)"
216.73.216.38 - - [04/Apr/2026:01:33:42 -0400] "GET /age/18-19,50-59,40-49/hair/brown,black,grey HTTP/1.1" 200 17012 "-" "Mozilla/5.0 AppleWebKit/537.36 (KHTML, like Gecko; compatible; ClaudeBot/1.0; +claudebot@anthropic.com)"
216.73.216.38 - - [04/Apr/2026:01:33:42 -0400] "GET /gender/f,c/age/30-39,60-100/ethnicity/white,native,asian HTTP/1.1" 200 17575 "-" "Mozilla/5.0 AppleWebKit/537.36 (KHTML, like Gecko; compatible; ClaudeBot/1.0; +claudebot@anthropic.com)"
216.73.216.38 - - [04/Apr/2026:01:33:42 -0400] "GET /status/offline/age/40-49/hair/red,blonde,grey,white/languages/indonesian HTTP/1.1" 200 18007 "-" "Mozilla/5.0 AppleWebKit/537.36 (KHTML, like Gecko; compatible; ClaudeBot/1.0; +claudebot@anthropic.com)"
216.73.216.38 - - [04/Apr/2026:01:33:43 -0400] "GET /ethnicity/other,latino,white,black,islander/languages/japanese HTTP/1.1" 200 17507 "-" "Mozilla/5.0 AppleWebKit/537.36 (KHTML, like Gecko; compatible; ClaudeBot/1.0; +claudebot@anthropic.com)"
216.73.216.38 - - [04/Apr/2026:01:33:43 -0400] "GET /gender/f/age/50-59/hair/red,grey/ethnicity/black/languages/romanian HTTP/1.1" 200 17564 "-" "Mozilla/5.0 AppleWebKit/537.36 (KHTML, like Gecko; compatible; ClaudeBot/1.0; +claudebot@anthropic.com)"
74.7.227.30 - - [04/Apr/2026:01:33:43 -0400] "GET /age/50-59/ethnicity/white,latino,native,other,asian,east-indian,islander,black HTTP/1.1" 200 18734 "https://nudcam.com/ethnicity/white,latino,native,other,asian,east-indian,islander,black" "Mozilla/5.0 AppleWebKit/537.36 (KHTML, like Gecko; compatible; GPTBot/1.3; +https://openai.com/gptbot)"
216.73.216.38 - - [04/Apr/2026:01:33:43 -0400] "GET /gender/f,m/hair/brown,white,auburn/ethnicity/black HTTP/1.1" 200 17170 "-" "Mozilla/5.0 AppleWebKit/537.36 (KHTML, like Gecko; compatible; ClaudeBot/1.0; +claudebot@anthropic.com)"
216.73.216.38 - - [04/Apr/2026:01:33:43 -0400] "GET /gender/t,f,m,c/age/20-29,40-49/ethnicity/native/languages/spanish HTTP/1.1" 200 17906 "-" "Mozilla/5.0 AppleWebKit/537.36 (KHTML, like Gecko; compatible; ClaudeBot/1.0; +claudebot@anthropic.com)"
216.73.216.38 - - [04/Apr/2026:01:33:43 -0400] "GET /gender/t,m,f,c/age/20-29,40-49/ethnicity/native/languages/spanish HTTP/1.1" 200 17906 "-" "Mozilla/5.0 AppleWebKit/537.36 (KHTML, like Gecko; compatible; ClaudeBot/1.0; +claudebot@anthropic.com)"
74.7.227.134 - - [04/Apr/2026:01:33:43 -0400] "GET /age/30-39,40-49,20-29/ethnicity/news-leonardo-faz-homenagem-apos-morte-de-assessora-cuidou-de-mim-como-filho,islander,native,white,asian,east-indian,latino,black,other HTTP/1.1" 200 23162 "https://www.nudcam.com/age/30-39,40-49/ethnicity/news-leonardo-faz-homenagem-apos-morte-de-assessora-cuidou-de-mim-como-filho,islander,native,white,asian,east-indian,latino,black,other" "Mozilla/5.0 AppleWebKit/537.36 (KHTML, like Gecko; compatible; GPTBot/1.3; +https://openai.com/gptbot)"
216.73.216.38 - - [04/Apr/2026:01:33:43 -0400] "GET /gender/f,c/age/40-49,30-39,60-100/ethnicity/black,native HTTP/1.1" 200 17568 "-" "Mozilla/5.0 AppleWebKit/537.36 (KHTML, like Gecko; compatible; ClaudeBot/1.0; +claudebot@anthropic.com)"
17.22.237.154 - - [04/Apr/2026:01:33:43 -0400] "GET /gender/c,t/hair/white/languages/irish HTTP/1.1" 200 16609 "-" "Mozilla/5.0 (Macintosh; Intel Mac OS X 10_15_7) AppleWebKit/605.1.15 (KHTML, like Gecko) Version/17.4 Safari/605.1.15 (Applebot/0.1; +http://www.apple.com/go/applebot)"
216.73.216.38 - - [04/Apr/2026:01:33:43 -0400] "GET /age/20-29/hair/brown,red,white/ethnicity/white/languages/japanese HTTP/1.1" 200 17525 "-" "Mozilla/5.0 AppleWebKit/537.36 (KHTML, like Gecko; compatible; ClaudeBot/1.0; +claudebot@anthropic.com)"
216.73.216.38 - - [04/Apr/2026:01:33:43 -0400] "GET /gender/f/age/50-59,40-49/ethnicity/other,native,islander,black HTTP/1.1" 200 17766 "-" "Mozilla/5.0 AppleWebKit/537.36 (KHTML, like Gecko; compatible; ClaudeBot/1.0; +claudebot@anthropic.com)"
216.73.216.38 - - [04/Apr/2026:01:33:43 -0400] "GET /status/offline/age/20-29/hair/brown,white,auburn,black,grey HTTP/1.1" 200 17697 "-" "Mozilla/5.0 AppleWebKit/537.36 (KHTML, like Gecko; compatible; ClaudeBot/1.0; +claudebot@anthropic.com)"
216.73.216.38 - - [04/Apr/2026:01:33:43 -0400] "GET /status/offline/gender/c,f,m/hair/white/ethnicity/black/languages/hindi HTTP/1.1" 200 17853 "-" "Mozilla/5.0 AppleWebKit/537.36 (KHTML, like Gecko; compatible; ClaudeBot/1.0; +claudebot@anthropic.com)"
216.73.216.38 - - [04/Apr/2026:01:33:43 -0400] "GET /status/offline/gender/m,f,c/age/60-100,50-59,30-39/languages/hindi HTTP/1.1" 200 17997 "-" "Mozilla/5.0 AppleWebKit/537.36 (KHTML, like Gecko; compatible; ClaudeBot/1.0; +claudebot@anthropic.com)"
216.73.216.38 - - [04/Apr/2026:01:33:43 -0400] "GET /hair/grey,auburn,black,brown,white/languages/indonesian HTTP/1.1" 200 17312 "-" "Mozilla/5.0 AppleWebKit/537.36 (KHTML, like Gecko; compatible; ClaudeBot/1.0; +claudebot@anthropic.com)"
216.73.216.38 - - [04/Apr/2026:01:33:44 -0400] "GET /status/offline/gender/f,c/age/60-100,18-19,20-29/ethnicity/white,native HTTP/1.1" 200 18249 "-" "Mozilla/5.0 AppleWebKit/537.36 (KHTML, like Gecko; compatible; ClaudeBot/1.0; +claudebot@anthropic.com)"
18.235.81.246 - - [04/Apr/2026:01:33:44 -0400] "GET /status/offline,online/gender/t,c/age/60-100,18-19,30-39,50-59/ethnicity/native,islander,east-indian,asian,white/languages/hindi HTTP/1.1" 200 21490 "-" "Mozilla/5.0 AppleWebKit/537.36 (KHTML, like Gecko; compatible; Amazonbot/0.1; +https://developer.amazon.com/support/amazonbot) Chrome/119.0.6045.214 Safari/537.36"
216.73.216.38 - - [04/Apr/2026:01:33:44 -0400] "GET /status/offline/age/20-29,40-49,50-59,60-100/ethnicity/islander/languages/fiji HTTP/1.1" 200 18098 "-" "Mozilla/5.0 AppleWebKit/537.36 (KHTML, like Gecko; compatible; ClaudeBot/1.0; +claudebot@anthropic.com)"
74.7.227.30 - - [04/Apr/2026:01:33:44 -0400] "GET /age/20-29/ethnicity/east-indian,latino,asian,white,native,other,islander HTTP/1.1" 200 18326 "https://nudcam.com/ethnicity/east-indian,latino,asian,white,native,other,islander" "Mozilla/5.0 AppleWebKit/537.36 (KHTML, like Gecko; compatible; GPTBot/1.3; +https://openai.com/gptbot)"
216.73.216.38 - - [04/Apr/2026:01:33:44 -0400] "GET /status/online/hair/black/ethnicity/latino,other,islander,native HTTP/1.1" 200 17615 "-" "Mozilla/5.0 AppleWebKit/537.36 (KHTML, like Gecko; compatible; ClaudeBot/1.0; +claudebot@anthropic.com)"
216.73.216.38 - - [04/Apr/2026:01:33:44 -0400] "GET /hair/grey,black,white/ethnicity/black,islander,native/languages/spanish HTTP/1.1" 200 17951 "-" "Mozilla/5.0 AppleWebKit/537.36 (KHTML, like Gecko; compatible; ClaudeBot/1.0; +claudebot@anthropic.com)"
216.73.216.38 - - [04/Apr/2026:01:33:44 -0400] "GET /status/offline/age/20-29,50-59,40-49,60-100/ethnicity/islander/languages/fiji HTTP/1.1" 200 18098 "-" "Mozilla/5.0 AppleWebKit/537.36 (KHTML, like Gecko; compatible; ClaudeBot/1.0; +claudebot@anthropic.com)"
74.7.227.134 - - [04/Apr/2026:01:33:44 -0400] "GET /age/18-19,20-29/ethnicity/news-leonardo-faz-homenagem-apos-morte-de-assessora-cuidou-de-mim-como-filho,black,other,white,east-indian,asian,latino,native HTTP/1.1" 200 22032 "https://www.nudcam.com/age/18-19,20-29/ethnicity/news-leonardo-faz-homenagem-apos-morte-de-assessora-cuidou-de-mim-como-filho,black,other,white,east-indian,asian,islander,latino,native" "Mozilla/5.0 AppleWebKit/537.36 (KHTML, like Gecko; compatible; GPTBot/1.3; +https://openai.com/gptbot)"
216.73.216.38 - - [04/Apr/2026:01:33:44 -0400] "GET /status/offline/gender/c,m/age/40-49/hair/black,blonde/languages/spanish HTTP/1.1" 200 17958 "-" "Mozilla/5.0 AppleWebKit/537.36 (KHTML, like Gecko; compatible; ClaudeBot/1.0; +claudebot@anthropic.com)"
17.22.253.39 - - [04/Apr/2026:01:33:44 -0400] "GET /status/online,offline/gender/t,c/age/50-59,20-29 HTTP/1.1" 200 17408 "-" "Mozilla/5.0 (Macintosh; Intel Mac OS X 10_15_7) AppleWebKit/605.1.15 (KHTML, like Gecko) Version/17.4 Safari/605.1.15 (Applebot/0.1; +http://www.apple.com/go/applebot)"
216.73.216.38 - - [04/Apr/2026:01:33:44 -0400] "GET /age/40-49,60-100,50-59/ethnicity/native,islander,other,white HTTP/1.1" 200 17720 "-" "Mozilla/5.0 AppleWebKit/537.36 (KHTML, like Gecko; compatible; ClaudeBot/1.0; +claudebot@anthropic.com)"
216.73.216.38 - - [04/Apr/2026:01:33:44 -0400] "GET /age/20-29/hair/white,brown,grey/ethnicity/black,native,white HTTP/1.1" 200 17693 "-" "Mozilla/5.0 AppleWebKit/537.36 (KHTML, like Gecko; compatible; ClaudeBot/1.0; +claudebot@anthropic.com)"
216.73.216.38 - - [04/Apr/2026:01:33:44 -0400] "GET /status/online/age/30-39,50-59,40-49/ethnicity/other,islander,white HTTP/1.1" 200 17904 "-" "Mozilla/5.0 AppleWebKit/537.36 (KHTML, like Gecko; compatible; ClaudeBot/1.0; +claudebot@anthropic.com)"
216.73.216.38 - - [04/Apr/2026:01:33:44 -0400] "GET /age/30-39,40-49/hair/brown,auburn/ethnicity/other,white HTTP/1.1" 200 17353 "-" "Mozilla/5.0 AppleWebKit/537.36 (KHTML, like Gecko; compatible; ClaudeBot/1.0; +claudebot@anthropic.com)"
216.73.216.38 - - [04/Apr/2026:01:33:44 -0400] "GET /gender/m,f,c/age/40-49/hair/grey,black/languages/spanish HTTP/1.1" 200 17482 "-" "Mozilla/5.0 AppleWebKit/537.36 (KHTML, like Gecko; compatible; ClaudeBot/1.0; +claudebot@anthropic.com)"
216.73.216.38 - - [04/Apr/2026:01:33:45 -0400] "GET /status/online/gender/f,m,c/hair/white/ethnicity/native/languages/hindi HTTP/1.1" 200 17853 "-" "Mozilla/5.0 AppleWebKit/537.36 (KHTML, like Gecko; compatible; ClaudeBot/1.0; +claudebot@anthropic.com)"
216.73.216.38 - - [04/Apr/2026:01:33:45 -0400] "GET /gender/c/age/40-49/hair/grey,white/ethnicity/islander,native,white HTTP/1.1" 200 17872 "-" "Mozilla/5.0 AppleWebKit/537.36 (KHTML, like Gecko; compatible; ClaudeBot/1.0; +claudebot@anthropic.com)"
216.73.216.38 - - [04/Apr/2026:01:33:45 -0400] "GET /age/60-100,40-49/hair/brown,grey,red/ethnicity/native/languages/romanian HTTP/1.1" 200 17942 "-" "Mozilla/5.0 AppleWebKit/537.36 (KHTML, like Gecko; compatible; ClaudeBot/1.0; +claudebot@anthropic.com)"
74.7.227.30 - - [04/Apr/2026:01:33:45 -0400] "GET /age/18-19/ethnicity/native,east-indian,other,white,islander,latino,black,asian HTTP/1.1" 200 18734 "https://nudcam.com/ethnicity/native,east-indian,other,white,islander,latino,black,asian" "Mozilla/5.0 AppleWebKit/537.36 (KHTML, like Gecko; compatible; GPTBot/1.3; +https://openai.com/gptbot)"
216.73.216.38 - - [04/Apr/2026:01:33:45 -0400] "GET /ethnicity/white,other,islander,black,latino,native/languages/romanian HTTP/1.1" 200 17920 "-" "Mozilla/5.0 AppleWebKit/537.36 (KHTML, like Gecko; compatible; ClaudeBot/1.0; +claudebot@anthropic.com)"
216.73.216.38 - - [04/Apr/2026:01:33:45 -0400] "GET /ethnicity/white,black,other,islander,latino,native/languages/romanian HTTP/1.1" 200 17920 "-" "Mozilla/5.0 AppleWebKit/537.36 (KHTML, like Gecko; compatible; ClaudeBot/1.0; +claudebot@anthropic.com)"
66.249.66.4 - - [04/Apr/2026:01:33:45 -0400] "GET /hair/grey,black,red,white,blonde/ethnicity/east-indian HTTP/1.1" 200 17312 "-" "Mozilla/5.0 (Linux; Android 6.0.1; Nexus 5X Build/MMB29P) AppleWebKit/537.36 (KHTML, like Gecko) Chrome/146.0.7680.177 Mobile Safari/537.36 (compatible; Googlebot/2.1; +http://www.google.com/bot.html)"
216.73.216.38 - - [04/Apr/2026:01:33:45 -0400] "GET /gender/f,t,m,c/age/60-100,50-59/languages/hungarian HTTP/1.1" 200 17349 "-" "Mozilla/5.0 AppleWebKit/537.36 (KHTML, like Gecko; compatible; ClaudeBot/1.0; +claudebot@anthropic.com)"
74.7.227.134 - - [04/Apr/2026:01:33:45 -0400] "GET /age/50-59,30-39,18-19/ethnicity/news-leonardo-faz-homenagem-apos-morte-de-assessora-cuidou-de-mim-como-filho,islander,native,white,asian,east-indian,black,other,latino HTTP/1.1" 200 23162 "https://www.nudcam.com/age/50-59,30-39/ethnicity/news-leonardo-faz-homenagem-apos-morte-de-assessora-cuidou-de-mim-como-filho,islander,native,white,asian,east-indian,black,other,latino" "Mozilla/5.0 AppleWebKit/537.36 (KHTML, like Gecko; compatible; GPTBot/1.3; +https://openai.com/gptbot)"
216.73.216.38 - - [04/Apr/2026:01:33:45 -0400] "GET /status/offline/gender/m,t/age/20-29/hair/red,white/languages/spanish HTTP/1.1" 200 17858 "-" "Mozilla/5.0 AppleWebKit/537.36 (KHTML, like Gecko; compatible; ClaudeBot/1.0; +claudebot@anthropic.com)"
216.73.216.38 - - [04/Apr/2026:01:33:45 -0400] "GET /status/online/age/40-49/hair/red,black,grey/ethnicity/other/languages/romanian HTTP/1.1" 200 18119 "-" "Mozilla/5.0 AppleWebKit/537.36 (KHTML, like Gecko; compatible; ClaudeBot/1.0; +claudebot@anthropic.com)"
216.73.216.38 - - [04/Apr/2026:01:33:45 -0400] "GET /hair/blonde,black,grey/ethnicity/native,black/languages/hungarian HTTP/1.1" 200 17572 "-" "Mozilla/5.0 AppleWebKit/537.36 (KHTML, like Gecko; compatible; ClaudeBot/1.0; +claudebot@anthropic.com)"
216.73.216.38 - - [04/Apr/2026:01:33:45 -0400] "GET /age/30-39,40-49/hair/auburn,red,blonde,white HTTP/1.1" 200 17048 "-" "Mozilla/5.0 AppleWebKit/537.36 (KHTML, like Gecko; compatible; ClaudeBot/1.0; +claudebot@anthropic.com)"
17.22.253.91 - - [04/Apr/2026:01:33:45 -0400] "GET /age/30-39/hair/black/ethnicity/asian,white,east-indian,islander/languages/lithuanian HTTP/1.1" 200 18359 "-" "Mozilla/5.0 (Macintosh; Intel Mac OS X 10_15_7) AppleWebKit/605.1.15 (KHTML, like Gecko) Version/17.4 Safari/605.1.15 (Applebot/0.1; +http://www.apple.com/go/applebot)"
216.73.216.38 - - [04/Apr/2026:01:33:46 -0400] "GET /status/online/gender/m/ethnicity/islander,latino,white,native/languages/spanish HTTP/1.1" 200 18197 "-" "Mozilla/5.0 AppleWebKit/537.36 (KHTML, like Gecko; compatible; ClaudeBot/1.0; +claudebot@anthropic.com)"
216.73.216.38 - - [04/Apr/2026:01:33:46 -0400] "GET /status/offline/age/40-49/hair/white,red,black,grey/ethnicity/native,white HTTP/1.1" 200 18304 "-" "Mozilla/5.0 AppleWebKit/537.36 (KHTML, like Gecko; compatible; ClaudeBot/1.0; +claudebot@anthropic.com)"
216.73.216.38 - - [04/Apr/2026:01:33:46 -0400] "GET /age/20-29,40-49,60-100/ethnicity/black,other,native/languages/romanian HTTP/1.1" 200 17922 "-" "Mozilla/5.0 AppleWebKit/537.36 (KHTML, like Gecko; compatible; ClaudeBot/1.0; +claudebot@anthropic.com)"
216.73.216.38 - - [04/Apr/2026:01:33:46 -0400] "GET /age/50-59,18-19/ethnicity/black,islander,native,white/languages/hindi HTTP/1.1" 200 17890 "-" "Mozilla/5.0 AppleWebKit/537.36 (KHTML, like Gecko; compatible; ClaudeBot/1.0; +claudebot@anthropic.com)"
74.7.227.30 - - [04/Apr/2026:01:33:46 -0400] "GET /age/50-59/ethnicity/asian,east-indian,latino,islander,other,white,native,black HTTP/1.1" 200 18734 "https://nudcam.com/ethnicity/asian,east-indian,latino,islander,other,white,native,black" "Mozilla/5.0 AppleWebKit/537.36 (KHTML, like Gecko; compatible; GPTBot/1.3; +https://openai.com/gptbot)"
216.73.216.38 - - [04/Apr/2026:01:33:46 -0400] "GET /status/offline/age/40-49/ethnicity/native,latino,black,islander,white/languages/hindi HTTP/1.1" 200 18602 "-" "Mozilla/5.0 AppleWebKit/537.36 (KHTML, like Gecko; compatible; ClaudeBot/1.0; +claudebot@anthropic.com)"
216.73.216.38 - - [04/Apr/2026:01:33:46 -0400] "GET /status/online/age/60-100/ethnicity/other,native,latino,white/languages/hindi HTTP/1.1" 200 18100 "-" "Mozilla/5.0 AppleWebKit/537.36 (KHTML, like Gecko; compatible; ClaudeBot/1.0; +claudebot@anthropic.com)"
216.73.216.38 - - [04/Apr/2026:01:33:46 -0400] "GET /status/offline/gender/f,t/age/18-19/ethnicity/black,white/languages/japanese HTTP/1.1" 200 18089 "-" "Mozilla/5.0 AppleWebKit/537.36 (KHTML, like Gecko; compatible; ClaudeBot/1.0; +claudebot@anthropic.com)"
216.73.216.38 - - [04/Apr/2026:01:33:46 -0400] "GET /gender/t,f,m,c/ethnicity/islander,black,native/languages/romanian HTTP/1.1" 200 17952 "-" "Mozilla/5.0 AppleWebKit/537.36 (KHTML, like Gecko; compatible; ClaudeBot/1.0; +claudebot@anthropic.com)"
74.7.227.134 - - [04/Apr/2026:01:33:46 -0400] "GET /age/18-19,20-29,40-49/ethnicity/news-leonardo-faz-homenagem-apos-morte-de-assessora-cuidou-de-mim-como-filho,black,other,white,east-indian,asian,islander,latino,native HTTP/1.1" 200 23162 "https://www.nudcam.com/age/18-19,20-29/ethnicity/news-leonardo-faz-homenagem-apos-morte-de-assessora-cuidou-de-mim-como-filho,black,other,white,east-indian,asian,islander,latino,native" "Mozilla/5.0 AppleWebKit/537.36 (KHTML, like Gecko; compatible; GPTBot/1.3; +https://openai.com/gptbot)"
216.73.216.38 - - [04/Apr/2026:01:33:46 -0400] "GET /age/60-100,18-19,40-49/ethnicity/white,other,native/languages/indonesian HTTP/1.1" 200 17992 "-" "Mozilla/5.0 AppleWebKit/537.36 (KHTML, like Gecko; compatible; ClaudeBot/1.0; +claudebot@anthropic.com)"
216.73.216.38 - - [04/Apr/2026:01:33:46 -0400] "GET /status/offline/age/40-49,30-39/hair/red,white/ethnicity/islander/languages/romanian HTTP/1.1" 200 18289 "-" "Mozilla/5.0 AppleWebKit/537.36 (KHTML, like Gecko; compatible; ClaudeBot/1.0; +claudebot@anthropic.com)"
216.73.216.38 - - [04/Apr/2026:01:33:46 -0400] "GET /status/online/gender/t,c,f/age/40-49/ethnicity/native,other/languages/romanian HTTP/1.1" 200 18352 "-" "Mozilla/5.0 AppleWebKit/537.36 (KHTML, like Gecko; compatible; ClaudeBot/1.0; +claudebot@anthropic.com)"
144.76.32.236 - - [04/Apr/2026:01:33:46 -0400] "GET /gender/c,t,f/age/50-59,20-29/hair/red,grey HTTP/1.1" 200 17134 "-" "Mozilla/5.0 (compatible; SERankingBacklinksBot/1.0; +https://seranking.com/backlinks-crawler)"
216.73.216.38 - - [04/Apr/2026:01:33:47 -0400] "GET /gender/t/age/18-19,40-49/hair/black/ethnicity/native/languages/spanish HTTP/1.1" 200 17652 "-" "Mozilla/5.0 AppleWebKit/537.36 (KHTML, like Gecko; compatible; ClaudeBot/1.0; +claudebot@anthropic.com)"
216.73.216.38 - - [04/Apr/2026:01:33:47 -0400] "GET /status/online/gender/m,f/hair/white,brown,grey/ethnicity/native HTTP/1.1" 200 17762 "-" "Mozilla/5.0 AppleWebKit/537.36 (KHTML, like Gecko; compatible; ClaudeBot/1.0; +claudebot@anthropic.com)"
216.73.216.38 - - [04/Apr/2026:01:33:47 -0400] "GET /age/40-49/hair/red/ethnicity/black,latino,native/languages/hungarian HTTP/1.1" 200 17641 "-" "Mozilla/5.0 AppleWebKit/537.36 (KHTML, like Gecko; compatible; ClaudeBot/1.0; +claudebot@anthropic.com)"
216.73.216.38 - - [04/Apr/2026:01:33:47 -0400] "GET /status/offline/gender/c/age/60-100/hair/black,brown,grey/ethnicity/native HTTP/1.1" 200 18066 "-" "Mozilla/5.0 AppleWebKit/537.36 (KHTML, like Gecko; compatible; ClaudeBot/1.0; +claudebot@anthropic.com)"
17.22.245.138 - - [04/Apr/2026:01:33:47 -0400] "GET /status/offline/gender/m/age/18-19/hair/brown/languages/irish HTTP/1.1" 200 17212 "-" "Mozilla/5.0 (Macintosh; Intel Mac OS X 10_15_7) AppleWebKit/605.1.15 (KHTML, like Gecko) Version/17.4 Safari/605.1.15 (Applebot/0.1; +http://www.apple.com/go/applebot)"
216.73.216.38 - - [04/Apr/2026:01:33:47 -0400] "GET /gender/m,c/age/40-49/hair/brown,red/languages/japanese HTTP/1.1" 200 17245 "-" "Mozilla/5.0 AppleWebKit/537.36 (KHTML, like Gecko; compatible; ClaudeBot/1.0; +claudebot@anthropic.com)"
74.7.227.30 - - [04/Apr/2026:01:33:47 -0400] "GET /age/40-49/ethnicity/white,asian,latino,islander,black,other,native,east-indian HTTP/1.1" 200 18734 "https://nudcam.com/ethnicity/white,asian,latino,islander,black,other,native,east-indian" "Mozilla/5.0 AppleWebKit/537.36 (KHTML, like Gecko; compatible; GPTBot/1.3; +https://openai.com/gptbot)"
216.73.216.38 - - [04/Apr/2026:01:33:47 -0400] "GET /status/online/gender/f,t/age/40-49,60-100/ethnicity/white/languages/romanian HTTP/1.1" 200 18070 "-" "Mozilla/5.0 AppleWebKit/537.36 (KHTML, like Gecko; compatible; ClaudeBot/1.0; +claudebot@anthropic.com)"
216.73.216.38 - - [04/Apr/2026:01:33:47 -0400] "GET /status/offline/age/50-59,40-49/hair/grey,auburn/ethnicity/native/languages/fiji HTTP/1.1" 200 18149 "-" "Mozilla/5.0 AppleWebKit/537.36 (KHTML, like Gecko; compatible; ClaudeBot/1.0; +claudebot@anthropic.com)"
216.73.216.38 - - [04/Apr/2026:01:33:47 -0400] "GET /status/online/gender/f,m/age/40-49/hair/auburn,grey/ethnicity/native HTTP/1.1" 200 17911 "-" "Mozilla/5.0 AppleWebKit/537.36 (KHTML, like Gecko; compatible; ClaudeBot/1.0; +claudebot@anthropic.com)"
74.7.227.134 - - [04/Apr/2026:01:33:47 -0400] "GET /age/20-29,18-19,40-49/ethnicity/news-leonardo-faz-homenagem-apos-morte-de-assessora-cuidou-de-mim-como-filho,islander,east-indian,black,native,latino,other,asian,white HTTP/1.1" 200 23162 "https://www.nudcam.com/age/20-29,18-19/ethnicity/news-leonardo-faz-homenagem-apos-morte-de-assessora-cuidou-de-mim-como-filho,islander,east-indian,black,native,latino,other,asian,white" "Mozilla/5.0 AppleWebKit/537.36 (KHTML, like Gecko; compatible; GPTBot/1.3; +https://openai.com/gptbot)"
216.73.216.38 - - [04/Apr/2026:01:33:47 -0400] "GET /status/offline/age/18-19,40-49/ethnicity/other,black,native,white/languages/hungarian HTTP/1.1" 200 18611 "-" "Mozilla/5.0 AppleWebKit/537.36 (KHTML, like Gecko; compatible; ClaudeBot/1.0; +claudebot@anthropic.com)"
216.73.216.38 - - [04/Apr/2026:01:33:47 -0400] "GET /age/60-100,40-49/ethnicity/black,latino,native,other/languages/romanian HTTP/1.1" 200 17962 "-" "Mozilla/5.0 AppleWebKit/537.36 (KHTML, like Gecko; compatible; ClaudeBot/1.0; +claudebot@anthropic.com)"
216.73.216.38 - - [04/Apr/2026:01:33:47 -0400] "GET /age/20-29/hair/grey,blonde,white/ethnicity/native/languages/japanese HTTP/1.1" 200 17621 "-" "Mozilla/5.0 AppleWebKit/537.36 (KHTML, like Gecko; compatible; ClaudeBot/1.0; +claudebot@anthropic.com)"
216.73.216.38 - - [04/Apr/2026:01:33:48 -0400] "GET /age/18-19,40-49,30-39/ethnicity/native,other,islander/languages/fiji HTTP/1.1" 200 17848 "-" "Mozilla/5.0 AppleWebKit/537.36 (KHTML, like Gecko; compatible; ClaudeBot/1.0; +claudebot@anthropic.com)"
216.73.216.38 - - [04/Apr/2026:01:33:48 -0400] "GET /status/online/gender/c,m,f/hair/black,white,grey HTTP/1.1" 200 17337 "-" "Mozilla/5.0 AppleWebKit/537.36 (KHTML, like Gecko; compatible; ClaudeBot/1.0; +claudebot@anthropic.com)"
216.73.216.38 - - [04/Apr/2026:01:33:48 -0400] "GET /gender/f,t,c/age/30-39/ethnicity/black,islander/languages/hungarian HTTP/1.1" 200 17813 "-" "Mozilla/5.0 AppleWebKit/537.36 (KHTML, like Gecko; compatible; ClaudeBot/1.0; +claudebot@anthropic.com)"
216.73.216.38 - - [04/Apr/2026:01:33:48 -0400] "GET /status/online/age/18-19/hair/red,white,grey/ethnicity/native/languages/fiji HTTP/1.1" 200 18012 "-" "Mozilla/5.0 AppleWebKit/537.36 (KHTML, like Gecko; compatible; ClaudeBot/1.0; +claudebot@anthropic.com)"
216.73.216.38 - - [04/Apr/2026:01:33:48 -0400] "GET /status/offline/age/40-49/hair/blonde,red,grey,white/languages/indonesian HTTP/1.1" 200 18007 "-" "Mozilla/5.0 AppleWebKit/537.36 (KHTML, like Gecko; compatible; ClaudeBot/1.0; +claudebot@anthropic.com)"
17.22.245.5 - - [04/Apr/2026:01:33:48 -0400] "GET /hair/black/ethnicity/asian,black,latino/languages/hindi HTTP/1.1" 200 17067 "-" "Mozilla/5.0 (Macintosh; Intel Mac OS X 10_15_7) AppleWebKit/605.1.15 (KHTML, like Gecko) Version/17.4 Safari/605.1.15 (Applebot/0.1; +http://www.apple.com/go/applebot)"
74.7.227.30 - - [04/Apr/2026:01:33:48 -0400] "GET /age/20-29,50-59/hair/blonde/ethnicity/other,islander,black,native,latino,white,asian,east-indian HTTP/1.1" 200 19780 "https://nudcam.com/age/20-29,50-59/ethnicity/other,islander,black,native,latino,white,asian,east-indian" "Mozilla/5.0 AppleWebKit/537.36 (KHTML, like Gecko; compatible; GPTBot/1.3; +https://openai.com/gptbot)"
216.73.216.38 - - [04/Apr/2026:01:33:48 -0400] "GET /gender/f,t,c/hair/grey,white/ethnicity/white,native HTTP/1.1" 200 17398 "-" "Mozilla/5.0 AppleWebKit/537.36 (KHTML, like Gecko; compatible; ClaudeBot/1.0; +claudebot@anthropic.com)"
216.73.216.38 - - [04/Apr/2026:01:33:48 -0400] "GET /gender/m,f,c,t/age/30-39,60-100,40-49 HTTP/1.1" 200 16983 "-" "Mozilla/5.0 AppleWebKit/537.36 (KHTML, like Gecko; compatible; ClaudeBot/1.0; +claudebot@anthropic.com)"
216.73.216.38 - - [04/Apr/2026:01:33:48 -0400] "GET /gender/t/hair/white,grey/ethnicity/white,black,other HTTP/1.1" 200 17248 "-" "Mozilla/5.0 AppleWebKit/537.36 (KHTML, like Gecko; compatible; ClaudeBot/1.0; +claudebot@anthropic.com)"
216.73.216.38 - - [04/Apr/2026:01:33:48 -0400] "GET /status/online/age/20-29/hair/white,black/ethnicity/native,islander/languages/romanian HTTP/1.1" 200 18374 "-" "Mozilla/5.0 AppleWebKit/537.36 (KHTML, like Gecko; compatible; ClaudeBot/1.0; +claudebot@anthropic.com)"
74.7.227.134 - - [04/Apr/2026:01:33:48 -0400] "GET /age/30-39,40-49/ethnicity/news-leonardo-faz-homenagem-apos-morte-de-assessora-cuidou-de-mim-como-filho,islander,native,white,asian,east-indian,black,other,latino HTTP/1.1" 200 22650 "https://www.nudcam.com/age/50-59,30-39,40-49/ethnicity/news-leonardo-faz-homenagem-apos-morte-de-assessora-cuidou-de-mim-como-filho,islander,native,white,asian,east-indian,black,other,latino" "Mozilla/5.0 AppleWebKit/537.36 (KHTML, like Gecko; compatible; GPTBot/1.3; +https://openai.com/gptbot)"
34.202.88.37 - - [04/Apr/2026:01:33:48 -0400] "GET /status/offline,online/gender/t,f/age/20-29/hair/black/ethnicity/islander,native,white/sites/1 HTTP/1.1" 200 19240 "-" "Mozilla/5.0 AppleWebKit/537.36 (KHTML, like Gecko; compatible; Amazonbot/0.1; +https://developer.amazon.com/support/amazonbot) Chrome/119.0.6045.214 Safari/537.36"
216.73.216.38 - - [04/Apr/2026:01:33:48 -0400] "GET /status/offline/gender/t/age/40-49/hair/red,white,black/languages/spanish HTTP/1.1" 200 17975 "-" "Mozilla/5.0 AppleWebKit/537.36 (KHTML, like Gecko; compatible; ClaudeBot/1.0; +claudebot@anthropic.com)"
216.73.216.38 - - [04/Apr/2026:01:33:48 -0400] "GET /age/30-39,60-100,50-59/hair/brown,white/languages/romanian HTTP/1.1" 200 17385 "-" "Mozilla/5.0 AppleWebKit/537.36 (KHTML, like Gecko; compatible; ClaudeBot/1.0; +claudebot@anthropic.com)"
216.73.216.38 - - [04/Apr/2026:01:33:49 -0400] "GET /gender/c,f,m/age/50-59/hair/auburn/ethnicity/white HTTP/1.1" 200 17142 "-" "Mozilla/5.0 AppleWebKit/537.36 (KHTML, like Gecko; compatible; ClaudeBot/1.0; +claudebot@anthropic.com)"
216.73.216.38 - - [04/Apr/2026:01:33:49 -0400] "GET /age/60-100,40-49/ethnicity/islander,other,latino,native/languages/romanian HTTP/1.1" 200 18061 "-" "Mozilla/5.0 AppleWebKit/537.36 (KHTML, like Gecko; compatible; ClaudeBot/1.0; +claudebot@anthropic.com)"
216.73.216.38 - - [04/Apr/2026:01:33:49 -0400] "GET /age/20-29,60-100/hair/blonde/ethnicity/other,native/languages/spanish HTTP/1.1" 200 17670 "-" "Mozilla/5.0 AppleWebKit/537.36 (KHTML, like Gecko; compatible; ClaudeBot/1.0; +claudebot@anthropic.com)"
