216.73.216.38 - - [04/Apr/2026:01:34:26 -0400] "GET /status/online/age/40-49/hair/white,grey/ethnicity/islander,black/languages/spanish HTTP/1.1" 200 18273 "-" "Mozilla/5.0 AppleWebKit/537.36 (KHTML, like Gecko; compatible; ClaudeBot/1.0; +claudebot@anthropic.com)"
216.73.216.38 - - [04/Apr/2026:01:34:26 -0400] "GET /age/40-49,18-19/hair/auburn,black,red,grey HTTP/1.1" 200 16982 "-" "Mozilla/5.0 AppleWebKit/537.36 (KHTML, like Gecko; compatible; ClaudeBot/1.0; +claudebot@anthropic.com)"
74.7.227.30 - - [04/Apr/2026:01:34:26 -0400] "GET /age/50-59,20-29/ethnicity/islander,asian,white,other,black,latino,east-indian,native HTTP/1.1" 200 19155 "https://nudcam.com/age/50-59/ethnicity/islander,asian,white,other,black,latino,east-indian,native" "Mozilla/5.0 AppleWebKit/537.36 (KHTML, like Gecko; compatible; GPTBot/1.3; +https://openai.com/gptbot)"
216.73.216.38 - - [04/Apr/2026:01:34:26 -0400] "GET /status/offline/gender/t,f,m/hair/auburn/ethnicity/black,native HTTP/1.1" 200 17744 "-" "Mozilla/5.0 AppleWebKit/537.36 (KHTML, like Gecko; compatible; ClaudeBot/1.0; +claudebot@anthropic.com)"
74.7.227.134 - - [04/Apr/2026:01:34:26 -0400] "GET /age/18-19,20-29/ethnicity/news-leonardo-faz-homenagem-apos-morte-de-assessora-cuidou-de-mim-como-filho,white,asian,islander,black,latino,other,east-indian HTTP/1.1" 200 22106 "https://www.nudcam.com/age/18-19,20-29/ethnicity/news-leonardo-faz-homenagem-apos-morte-de-assessora-cuidou-de-mim-como-filho,white,asian,islander,black,latino,other" "Mozilla/5.0 AppleWebKit/537.36 (KHTML, like Gecko; compatible; GPTBot/1.3; +https://openai.com/gptbot)"
216.73.216.38 - - [04/Apr/2026:01:34:26 -0400] "GET /status/offline/age/18-19/hair/red,blonde/ethnicity/black,white,native HTTP/1.1" 200 17983 "-" "Mozilla/5.0 AppleWebKit/537.36 (KHTML, like Gecko; compatible; ClaudeBot/1.0; +claudebot@anthropic.com)"
216.73.216.38 - - [04/Apr/2026:01:34:26 -0400] "GET /status/offline/gender/f/age/60-100/ethnicity/native,islander,black,other/languages/spanish HTTP/1.1" 200 18747 "-" "Mozilla/5.0 AppleWebKit/537.36 (KHTML, like Gecko; compatible; ClaudeBot/1.0; +claudebot@anthropic.com)"
216.73.216.38 - - [04/Apr/2026:01:34:26 -0400] "GET /status/offline/gender/c,f,t/age/18-19,40-49/ethnicity/white,islander HTTP/1.1" 200 18149 "-" "Mozilla/5.0 AppleWebKit/537.36 (KHTML, like Gecko; compatible; ClaudeBot/1.0; +claudebot@anthropic.com)"
216.73.216.38 - - [04/Apr/2026:01:34:27 -0400] "GET /status/online/age/18-19,20-29,60-100,50-59/ethnicity/native/languages/spanish HTTP/1.1" 200 18104 "-" "Mozilla/5.0 AppleWebKit/537.36 (KHTML, like Gecko; compatible; ClaudeBot/1.0; +claudebot@anthropic.com)"
216.73.216.38 - - [04/Apr/2026:01:34:27 -0400] "GET /status/offline/gender/m,f/age/60-100,30-39/ethnicity/native,other,black HTTP/1.1" 200 18254 "-" "Mozilla/5.0 AppleWebKit/537.36 (KHTML, like Gecko; compatible; ClaudeBot/1.0; +claudebot@anthropic.com)"
216.73.216.38 - - [04/Apr/2026:01:34:27 -0400] "GET /gender/c/hair/black,brown,white,grey/languages/hungarian HTTP/1.1" 200 17317 "-" "Mozilla/5.0 AppleWebKit/537.36 (KHTML, like Gecko; compatible; ClaudeBot/1.0; +claudebot@anthropic.com)"
216.73.216.38 - - [04/Apr/2026:01:34:27 -0400] "GET /status/offline/gender/f,m/age/50-59,20-29/ethnicity/islander,native/languages/spanish HTTP/1.1" 200 18589 "-" "Mozilla/5.0 AppleWebKit/537.36 (KHTML, like Gecko; compatible; ClaudeBot/1.0; +claudebot@anthropic.com)"
216.73.216.38 - - [04/Apr/2026:01:34:27 -0400] "GET /status/offline/gender/f/age/20-29/hair/black/ethnicity/black,islander,native HTTP/1.1" 200 18186 "-" "Mozilla/5.0 AppleWebKit/537.36 (KHTML, like Gecko; compatible; ClaudeBot/1.0; +claudebot@anthropic.com)"
17.246.15.184 - - [04/Apr/2026:01:34:27 -0400] "GET /status/online/gender/f/age/60-100/ethnicity/asian/languages/fiji HTTP/1.1" 200 17497 "-" "Mozilla/5.0 (Macintosh; Intel Mac OS X 10_15_7) AppleWebKit/605.1.15 (KHTML, like Gecko) Version/17.4 Safari/605.1.15 (Applebot/0.1; +http://www.apple.com/go/applebot)"
216.73.216.38 - - [04/Apr/2026:01:34:27 -0400] "GET /gender/c/age/18-19,60-100/hair/grey/ethnicity/white/languages/romanian HTTP/1.1" 200 17655 "-" "Mozilla/5.0 AppleWebKit/537.36 (KHTML, like Gecko; compatible; ClaudeBot/1.0; +claudebot@anthropic.com)"
216.73.216.38 - - [04/Apr/2026:01:34:27 -0400] "GET /status/offline/gender/f,t/age/40-49,30-39/ethnicity/white,other,native HTTP/1.1" 200 18220 "-" "Mozilla/5.0 AppleWebKit/537.36 (KHTML, like Gecko; compatible; ClaudeBot/1.0; +claudebot@anthropic.com)"
216.73.216.38 - - [04/Apr/2026:01:34:27 -0400] "GET /status/offline/age/20-29/hair/black,grey,auburn,brown,white HTTP/1.1" 200 17697 "-" "Mozilla/5.0 AppleWebKit/537.36 (KHTML, like Gecko; compatible; ClaudeBot/1.0; +claudebot@anthropic.com)"
74.7.227.30 - - [04/Apr/2026:01:34:27 -0400] "GET /age/50-59,20-29/ethnicity/native,islander,black,white,other,east-indian,asian,latino HTTP/1.1" 200 19155 "https://nudcam.com/age/50-59/ethnicity/native,islander,black,white,other,east-indian,asian,latino" "Mozilla/5.0 AppleWebKit/537.36 (KHTML, like Gecko; compatible; GPTBot/1.3; +https://openai.com/gptbot)"
74.7.227.134 - - [04/Apr/2026:01:34:27 -0400] "GET /age/40-49,20-29/ethnicity/news-leonardo-faz-homenagem-apos-morte-de-assessora-cuidou-de-mim-como-filho,white,native,black,east-indian,other,latino,islander HTTP/1.1" 200 22143 "https://www.nudcam.com/age/40-49,20-29/ethnicity/news-leonardo-faz-homenagem-apos-morte-de-assessora-cuidou-de-mim-como-filho,white,native,black,east-indian,asian,other,latino,islander" "Mozilla/5.0 AppleWebKit/537.36 (KHTML, like Gecko; compatible; GPTBot/1.3; +https://openai.com/gptbot)"
216.73.216.38 - - [04/Apr/2026:01:34:27 -0400] "GET /status/offline/age/40-49/hair/white,blonde,brown,red/ethnicity/white HTTP/1.1" 200 17921 "-" "Mozilla/5.0 AppleWebKit/537.36 (KHTML, like Gecko; compatible; ClaudeBot/1.0; +claudebot@anthropic.com)"
216.73.216.38 - - [04/Apr/2026:01:34:27 -0400] "GET /status/offline/gender/f,c/ethnicity/native,white,other,black/languages/hungarian HTTP/1.1" 200 18449 "-" "Mozilla/5.0 AppleWebKit/537.36 (KHTML, like Gecko; compatible; ClaudeBot/1.0; +claudebot@anthropic.com)"
216.73.216.38 - - [04/Apr/2026:01:34:27 -0400] "GET /status/offline/gender/c/hair/white/ethnicity/black,islander,other,native HTTP/1.1" 200 18075 "-" "Mozilla/5.0 AppleWebKit/537.36 (KHTML, like Gecko; compatible; ClaudeBot/1.0; +claudebot@anthropic.com)"
52.167.144.136 - - [04/Apr/2026:01:34:28 -0400] "GET /gender/age,m,f/hair/red,auburn,black,brown HTTP/1.1" 200 17344 "-" "Mozilla/5.0 AppleWebKit/537.36 (KHTML, like Gecko; compatible; bingbot/2.0; +http://www.bing.com/bingbot.htm) Chrome/116.0.1938.76 Safari/537.36"
216.73.216.38 - - [04/Apr/2026:01:34:28 -0400] "GET /age/18-19,30-39/hair/red,white,black/ethnicity/black HTTP/1.1" 200 17230 "-" "Mozilla/5.0 AppleWebKit/537.36 (KHTML, like Gecko; compatible; ClaudeBot/1.0; +claudebot@anthropic.com)"
216.73.216.38 - - [04/Apr/2026:01:34:28 -0400] "GET /hair/black,blonde,grey/ethnicity/black,native,asian HTTP/1.1" 200 17241 "-" "Mozilla/5.0 AppleWebKit/537.36 (KHTML, like Gecko; compatible; ClaudeBot/1.0; +claudebot@anthropic.com)"
216.73.216.38 - - [04/Apr/2026:01:34:28 -0400] "GET /status/offline/age/50-59,18-19,40-49/ethnicity/white,asian/languages/fiji HTTP/1.1" 200 17993 "-" "Mozilla/5.0 AppleWebKit/537.36 (KHTML, like Gecko; compatible; ClaudeBot/1.0; +claudebot@anthropic.com)"
216.73.216.38 - - [04/Apr/2026:01:34:28 -0400] "GET /hair/red,black,auburn,blonde,grey/ethnicity/white HTTP/1.1" 200 17147 "-" "Mozilla/5.0 AppleWebKit/537.36 (KHTML, like Gecko; compatible; ClaudeBot/1.0; +claudebot@anthropic.com)"
35.169.102.85 - - [04/Apr/2026:01:34:28 -0400] "GET /status/online,offline/gender/f,t/age/18-19,50-59/hair/white,blonde/ethnicity/black,native,islander,east-indian,latino/languages/hindi HTTP/1.1" 200 21963 "-" "Mozilla/5.0 AppleWebKit/537.36 (KHTML, like Gecko; compatible; Amazonbot/0.1; +https://developer.amazon.com/support/amazonbot) Chrome/119.0.6045.214 Safari/537.36"
216.73.216.38 - - [04/Apr/2026:01:34:28 -0400] "GET /status/offline/age/60-100,20-29/hair/grey,auburn,brown/ethnicity/native HTTP/1.1" 200 18028 "-" "Mozilla/5.0 AppleWebKit/537.36 (KHTML, like Gecko; compatible; ClaudeBot/1.0; +claudebot@anthropic.com)"
216.73.216.38 - - [04/Apr/2026:01:34:28 -0400] "GET /age/20-29,18-19,60-100/ethnicity/other,black,white,native HTTP/1.1" 200 17618 "-" "Mozilla/5.0 AppleWebKit/537.36 (KHTML, like Gecko; compatible; ClaudeBot/1.0; +claudebot@anthropic.com)"
216.73.216.38 - - [04/Apr/2026:01:34:28 -0400] "GET /status/offline/age/50-59/hair/blonde,auburn,red/ethnicity/black HTTP/1.1" 200 17572 "-" "Mozilla/5.0 AppleWebKit/537.36 (KHTML, like Gecko; compatible; ClaudeBot/1.0; +claudebot@anthropic.com)"
144.76.32.236 - - [04/Apr/2026:01:34:28 -0400] "GET /gender/c,t,f/age/50-59,30-39,18-19/sites/1 HTTP/1.1" 200 17024 "-" "Mozilla/5.0 (compatible; SERankingBacklinksBot/1.0; +https://seranking.com/backlinks-crawler)"
216.73.216.38 - - [04/Apr/2026:01:34:28 -0400] "GET /age/30-39,50-59,40-49/hair/red,grey/languages/hungarian HTTP/1.1" 200 17291 "-" "Mozilla/5.0 AppleWebKit/537.36 (KHTML, like Gecko; compatible; ClaudeBot/1.0; +claudebot@anthropic.com)"
74.7.227.30 - - [04/Apr/2026:01:34:28 -0400] "GET /age/50-59,30-39/ethnicity/asian,latino,native,other,black,white,islander,east-indian HTTP/1.1" 200 19155 "https://nudcam.com/age/50-59/ethnicity/asian,latino,native,other,black,white,islander,east-indian" "Mozilla/5.0 AppleWebKit/537.36 (KHTML, like Gecko; compatible; GPTBot/1.3; +https://openai.com/gptbot)"
216.73.216.38 - - [04/Apr/2026:01:34:28 -0400] "GET /gender/m/age/30-39,20-29,60-100,40-49/ethnicity/white,native HTTP/1.1" 200 17682 "-" "Mozilla/5.0 AppleWebKit/537.36 (KHTML, like Gecko; compatible; ClaudeBot/1.0; +claudebot@anthropic.com)"
74.7.227.134 - - [04/Apr/2026:01:34:28 -0400] "GET /age/30-39,40-49/ethnicity/news-leonardo-faz-homenagem-apos-morte-de-assessora-cuidou-de-mim-como-filho,white,black,east-indian,latino,native,islander,other HTTP/1.1" 200 22143 "https://www.nudcam.com/age/30-39,40-49/ethnicity/news-leonardo-faz-homenagem-apos-morte-de-assessora-cuidou-de-mim-como-filho,white,black,east-indian,latino,native,islander,other,asian" "Mozilla/5.0 AppleWebKit/537.36 (KHTML, like Gecko; compatible; GPTBot/1.3; +https://openai.com/gptbot)"
216.73.216.38 - - [04/Apr/2026:01:34:28 -0400] "GET /status/offline/gender/f/age/60-100,18-19/ethnicity/native,white,islander/languages/hindi HTTP/1.1" 200 18676 "-" "Mozilla/5.0 AppleWebKit/537.36 (KHTML, like Gecko; compatible; ClaudeBot/1.0; +claudebot@anthropic.com)"
216.73.216.38 - - [04/Apr/2026:01:34:28 -0400] "GET /status/offline/gender/f/hair/auburn,white,grey/ethnicity/white/languages/spanish HTTP/1.1" 200 18179 "-" "Mozilla/5.0 AppleWebKit/537.36 (KHTML, like Gecko; compatible; ClaudeBot/1.0; +claudebot@anthropic.com)"
216.73.216.38 - - [04/Apr/2026:01:34:29 -0400] "GET /status/offline/hair/grey,white,blonde/ethnicity/islander,white/languages/romanian HTTP/1.1" 200 18263 "-" "Mozilla/5.0 AppleWebKit/537.36 (KHTML, like Gecko; compatible; ClaudeBot/1.0; +claudebot@anthropic.com)"
216.73.216.38 - - [04/Apr/2026:01:34:29 -0400] "GET /status/offline/gender/f/age/60-100,20-29,18-19/ethnicity/other/languages/fiji HTTP/1.1" 200 18076 "-" "Mozilla/5.0 AppleWebKit/537.36 (KHTML, like Gecko; compatible; ClaudeBot/1.0; +claudebot@anthropic.com)"
216.73.216.38 - - [04/Apr/2026:01:34:29 -0400] "GET /age/40-49/hair/blonde,black,red/ethnicity/white/languages/hungarian HTTP/1.1" 200 17591 "-" "Mozilla/5.0 AppleWebKit/537.36 (KHTML, like Gecko; compatible; ClaudeBot/1.0; +claudebot@anthropic.com)"
216.73.216.38 - - [04/Apr/2026:01:34:29 -0400] "GET /gender/c,f,m/hair/blonde/ethnicity/other/languages/romanian HTTP/1.1" 200 17337 "-" "Mozilla/5.0 AppleWebKit/537.36 (KHTML, like Gecko; compatible; ClaudeBot/1.0; +claudebot@anthropic.com)"
216.73.216.38 - - [04/Apr/2026:01:34:29 -0400] "GET /gender/f,m/age/18-19,20-29,50-59/ethnicity/native/languages/romanian HTTP/1.1" 200 17818 "-" "Mozilla/5.0 AppleWebKit/537.36 (KHTML, like Gecko; compatible; ClaudeBot/1.0; +claudebot@anthropic.com)"
216.73.216.38 - - [04/Apr/2026:01:34:29 -0400] "GET /status/offline/gender/c/age/40-49,20-29,30-39/ethnicity/islander,native/languages/fiji HTTP/1.1" 200 18599 "-" "Mozilla/5.0 AppleWebKit/537.36 (KHTML, like Gecko; compatible; ClaudeBot/1.0; +claudebot@anthropic.com)"
216.73.216.38 - - [04/Apr/2026:01:34:29 -0400] "GET /status/offline/gender/m/age/20-29/hair/white,black,grey,red HTTP/1.1" 200 17670 "-" "Mozilla/5.0 AppleWebKit/537.36 (KHTML, like Gecko; compatible; ClaudeBot/1.0; +claudebot@anthropic.com)"
52.167.144.136 - - [04/Apr/2026:01:34:29 -0400] "GET /status/online/age/50-59/hair/red/ethnicity/asian/languages/german HTTP/1.1" 200 17526 "-" "Mozilla/5.0 AppleWebKit/537.36 (KHTML, like Gecko; compatible; bingbot/2.0; +http://www.bing.com/bingbot.htm) Chrome/116.0.1938.76 Safari/537.36"
216.73.216.38 - - [04/Apr/2026:01:34:29 -0400] "GET /status/offline/age/20-29,40-49,50-59,30-39/ethnicity/other,islander HTTP/1.1" 200 17931 "-" "Mozilla/5.0 AppleWebKit/537.36 (KHTML, like Gecko; compatible; ClaudeBot/1.0; +claudebot@anthropic.com)"
216.73.216.38 - - [04/Apr/2026:01:34:29 -0400] "GET /status/online/gender/m,c,f/age/30-39/hair/grey,red HTTP/1.1" 200 17384 "-" "Mozilla/5.0 AppleWebKit/537.36 (KHTML, like Gecko; compatible; ClaudeBot/1.0; +claudebot@anthropic.com)"
74.7.227.30 - - [04/Apr/2026:01:34:29 -0400] "GET /age/50-59,30-39/ethnicity/islander,asian,white,other,black,latino,east-indian,native HTTP/1.1" 200 19155 "https://nudcam.com/age/50-59/ethnicity/islander,asian,white,other,black,latino,east-indian,native" "Mozilla/5.0 AppleWebKit/537.36 (KHTML, like Gecko; compatible; GPTBot/1.3; +https://openai.com/gptbot)"
216.73.216.38 - - [04/Apr/2026:01:34:29 -0400] "GET /status/online/gender/f,c,t/age/18-19,60-100/ethnicity/white HTTP/1.1" 200 17635 "-" "Mozilla/5.0 AppleWebKit/537.36 (KHTML, like Gecko; compatible; ClaudeBot/1.0; +claudebot@anthropic.com)"
74.7.227.134 - - [04/Apr/2026:01:34:29 -0400] "GET /age/50-59,18-19/hair/brown/ethnicity/news-leonardo-faz-homenagem-apos-morte-de-assessora-cuidou-de-mim-como-filho,white,east-indian,latino,other,asian,native,black,islander HTTP/1.1" 200 23329 "https://www.nudcam.com/age/50-59,18-19/ethnicity/news-leonardo-faz-homenagem-apos-morte-de-assessora-cuidou-de-mim-como-filho,white,east-indian,latino,other,asian,native,black,islander" "Mozilla/5.0 AppleWebKit/537.36 (KHTML, like Gecko; compatible; GPTBot/1.3; +https://openai.com/gptbot)"
216.73.216.38 - - [04/Apr/2026:01:34:29 -0400] "GET /gender/f,m/hair/black/ethnicity/white,asian/languages/spanish HTTP/1.1" 200 17420 "-" "Mozilla/5.0 AppleWebKit/537.36 (KHTML, like Gecko; compatible; ClaudeBot/1.0; +claudebot@anthropic.com)"
40.77.167.36 - - [04/Apr/2026:01:34:30 -0400] "GET /age/50-59,30-39,60-100/ethnicity/islander,native,asian,east-indian HTTP/1.1" 200 18148 "-" "Mozilla/5.0 AppleWebKit/537.36 (KHTML, like Gecko; compatible; bingbot/2.0; +http://www.bing.com/bingbot.htm) Chrome/116.0.1938.76 Safari/537.36"
17.246.15.184 - - [04/Apr/2026:01:34:30 -0400] "GET /status/offline/age/18-19/ethnicity/islander,white,east-indian,asian/languages/french HTTP/1.1" 200 18586 "-" "Mozilla/5.0 (Macintosh; Intel Mac OS X 10_15_7) AppleWebKit/605.1.15 (KHTML, like Gecko) Version/17.4 Safari/605.1.15 (Applebot/0.1; +http://www.apple.com/go/applebot)"
216.73.216.38 - - [04/Apr/2026:01:34:30 -0400] "GET /gender/f,c/age/60-100/ethnicity/islander,latino,white,native HTTP/1.1" 200 17710 "-" "Mozilla/5.0 AppleWebKit/537.36 (KHTML, like Gecko; compatible; ClaudeBot/1.0; +claudebot@anthropic.com)"
216.73.216.38 - - [04/Apr/2026:01:34:30 -0400] "GET /age/30-39/hair/auburn,white,black,red,blonde HTTP/1.1" 200 17043 "-" "Mozilla/5.0 AppleWebKit/537.36 (KHTML, like Gecko; compatible; ClaudeBot/1.0; +claudebot@anthropic.com)"
216.73.216.38 - - [04/Apr/2026:01:34:30 -0400] "GET /gender/m,f/ethnicity/islander,latino,black,asian HTTP/1.1" 200 17157 "-" "Mozilla/5.0 AppleWebKit/537.36 (KHTML, like Gecko; compatible; ClaudeBot/1.0; +claudebot@anthropic.com)"
216.73.216.38 - - [04/Apr/2026:01:34:30 -0400] "GET /gender/m,f,c/ethnicity/white,other,islander,native/languages/spanish HTTP/1.1" 200 18054 "-" "Mozilla/5.0 AppleWebKit/537.36 (KHTML, like Gecko; compatible; ClaudeBot/1.0; +claudebot@anthropic.com)"
216.73.216.38 - - [04/Apr/2026:01:34:30 -0400] "GET /status/offline/age/20-29,18-19,40-49/hair/grey,brown/languages/spanish HTTP/1.1" 200 17937 "-" "Mozilla/5.0 AppleWebKit/537.36 (KHTML, like Gecko; compatible; ClaudeBot/1.0; +claudebot@anthropic.com)"
216.73.216.38 - - [04/Apr/2026:01:34:30 -0400] "GET /age/40-49,50-59,18-19/hair/red,white/languages/romanian HTTP/1.1" 200 17289 "-" "Mozilla/5.0 AppleWebKit/537.36 (KHTML, like Gecko; compatible; ClaudeBot/1.0; +claudebot@anthropic.com)"
216.73.216.38 - - [04/Apr/2026:01:34:30 -0400] "GET /status/online/gender/c/age/40-49/hair/grey/ethnicity/other,native,white HTTP/1.1" 200 18016 "-" "Mozilla/5.0 AppleWebKit/537.36 (KHTML, like Gecko; compatible; ClaudeBot/1.0; +claudebot@anthropic.com)"
216.73.216.38 - - [04/Apr/2026:01:34:30 -0400] "GET /gender/f,m,c/age/40-49/ethnicity/black,native,other,white HTTP/1.1" 200 17782 "-" "Mozilla/5.0 AppleWebKit/537.36 (KHTML, like Gecko; compatible; ClaudeBot/1.0; +claudebot@anthropic.com)"
216.73.216.38 - - [04/Apr/2026:01:34:30 -0400] "GET /gender/f,c/age/60-100/hair/blonde,auburn/ethnicity/native HTTP/1.1" 200 17382 "-" "Mozilla/5.0 AppleWebKit/537.36 (KHTML, like Gecko; compatible; ClaudeBot/1.0; +claudebot@anthropic.com)"
216.73.216.38 - - [04/Apr/2026:01:34:30 -0400] "GET /status/online/age/40-49/hair/brown,white/ethnicity/native,black/languages/fiji HTTP/1.1" 200 18135 "-" "Mozilla/5.0 AppleWebKit/537.36 (KHTML, like Gecko; compatible; ClaudeBot/1.0; +claudebot@anthropic.com)"
74.7.227.30 - - [04/Apr/2026:01:34:30 -0400] "GET /age/30-39,40-49/ethnicity/native,islander,other,black,white,east-indian,asian,latino HTTP/1.1" 200 19155 "https://nudcam.com/age/30-39/ethnicity/native,islander,other,black,white,east-indian,asian,latino" "Mozilla/5.0 AppleWebKit/537.36 (KHTML, like Gecko; compatible; GPTBot/1.3; +https://openai.com/gptbot)"
74.7.227.134 - - [04/Apr/2026:01:34:30 -0400] "GET /age/30-39,40-49,50-59/ethnicity/news-leonardo-faz-homenagem-apos-morte-de-assessora-cuidou-de-mim-como-filho,white,black,east-indian,latino,native,islander,other,asian HTTP/1.1" 200 23162 "https://www.nudcam.com/age/30-39,40-49/ethnicity/news-leonardo-faz-homenagem-apos-morte-de-assessora-cuidou-de-mim-como-filho,white,black,east-indian,latino,native,islander,other,asian" "Mozilla/5.0 AppleWebKit/537.36 (KHTML, like Gecko; compatible; GPTBot/1.3; +https://openai.com/gptbot)"
216.73.216.38 - - [04/Apr/2026:01:34:30 -0400] "GET /gender/m/age/40-49/ethnicity/asian,native,black/languages/hindi HTTP/1.1" 200 17477 "-" "Mozilla/5.0 AppleWebKit/537.36 (KHTML, like Gecko; compatible; ClaudeBot/1.0; +claudebot@anthropic.com)"
216.73.216.38 - - [04/Apr/2026:01:34:31 -0400] "GET /status/online/age/40-49/hair/red,auburn/ethnicity/native,white/languages/hindi HTTP/1.1" 200 18137 "-" "Mozilla/5.0 AppleWebKit/537.36 (KHTML, like Gecko; compatible; ClaudeBot/1.0; +claudebot@anthropic.com)"
216.73.216.38 - - [04/Apr/2026:01:34:31 -0400] "GET /gender/m/hair/black,white/ethnicity/islander,native,asian HTTP/1.1" 200 17412 "-" "Mozilla/5.0 AppleWebKit/537.36 (KHTML, like Gecko; compatible; ClaudeBot/1.0; +claudebot@anthropic.com)"
216.73.216.38 - - [04/Apr/2026:01:34:31 -0400] "GET /age/20-29,18-19,50-59,30-39/ethnicity/native,white/languages/romanian HTTP/1.1" 200 17882 "-" "Mozilla/5.0 AppleWebKit/537.36 (KHTML, like Gecko; compatible; ClaudeBot/1.0; +claudebot@anthropic.com)"
216.73.216.38 - - [04/Apr/2026:01:34:31 -0400] "GET /status/offline/gender/t,f,c/age/20-29,18-19,40-49/languages/romanian HTTP/1.1" 200 18072 "-" "Mozilla/5.0 AppleWebKit/537.36 (KHTML, like Gecko; compatible; ClaudeBot/1.0; +claudebot@anthropic.com)"
216.73.216.38 - - [04/Apr/2026:01:34:31 -0400] "GET /age/30-39/hair/red,brown,black,white/ethnicity/asian HTTP/1.1" 200 17225 "-" "Mozilla/5.0 AppleWebKit/537.36 (KHTML, like Gecko; compatible; ClaudeBot/1.0; +claudebot@anthropic.com)"
216.73.216.38 - - [04/Apr/2026:01:34:31 -0400] "GET /age/20-29,60-100/hair/black,white/ethnicity/white/languages/hungarian HTTP/1.1" 200 17660 "-" "Mozilla/5.0 AppleWebKit/537.36 (KHTML, like Gecko; compatible; ClaudeBot/1.0; +claudebot@anthropic.com)"
216.73.216.38 - - [04/Apr/2026:01:34:31 -0400] "GET /status/online/gender/c,f,m/age/30-39,40-49/ethnicity/native,islander HTTP/1.1" 200 18148 "-" "Mozilla/5.0 AppleWebKit/537.36 (KHTML, like Gecko; compatible; ClaudeBot/1.0; +claudebot@anthropic.com)"
216.73.216.38 - - [04/Apr/2026:01:34:31 -0400] "GET /status/online/age/20-29,30-39/ethnicity/black,latino,native/languages/romanian HTTP/1.1" 200 18173 "-" "Mozilla/5.0 AppleWebKit/537.36 (KHTML, like Gecko; compatible; ClaudeBot/1.0; +claudebot@anthropic.com)"
216.73.216.38 - - [04/Apr/2026:01:34:31 -0400] "GET /age/40-49,18-19/hair/brown,grey/ethnicity/black/languages/romanian HTTP/1.1" 200 17562 "-" "Mozilla/5.0 AppleWebKit/537.36 (KHTML, like Gecko; compatible; ClaudeBot/1.0; +claudebot@anthropic.com)"
216.73.216.38 - - [04/Apr/2026:01:34:31 -0400] "GET /status/offline/age/50-59,30-39/hair/grey,red/ethnicity/native,black HTTP/1.1" 200 17916 "-" "Mozilla/5.0 AppleWebKit/537.36 (KHTML, like Gecko; compatible; ClaudeBot/1.0; +claudebot@anthropic.com)"
216.73.216.38 - - [04/Apr/2026:01:34:31 -0400] "GET /status/online/gender/m,t/age/40-49/hair/grey,white/ethnicity/native HTTP/1.1" 200 17876 "-" "Mozilla/5.0 AppleWebKit/537.36 (KHTML, like Gecko; compatible; ClaudeBot/1.0; +claudebot@anthropic.com)"
74.7.227.30 - - [04/Apr/2026:01:34:32 -0400] "GET /age/30-39,50-59/ethnicity/native,islander,other,black,white,east-indian,asian,latino HTTP/1.1" 200 19155 "https://nudcam.com/age/30-39/ethnicity/native,islander,other,black,white,east-indian,asian,latino" "Mozilla/5.0 AppleWebKit/537.36 (KHTML, like Gecko; compatible; GPTBot/1.3; +https://openai.com/gptbot)"
216.73.216.38 - - [04/Apr/2026:01:34:32 -0400] "GET /status/online/age/18-19,20-29,30-39/ethnicity/native,white/languages/indonesian HTTP/1.1" 200 18203 "-" "Mozilla/5.0 AppleWebKit/537.36 (KHTML, like Gecko; compatible; ClaudeBot/1.0; +claudebot@anthropic.com)"
74.7.227.134 - - [04/Apr/2026:01:34:32 -0400] "GET /age/50-59,18-19/ethnicity/news-leonardo-faz-homenagem-apos-morte-de-assessora-cuidou-de-mim-como-filho,white,east-indian,other,asian,native,black,islander HTTP/1.1" 200 22106 "https://www.nudcam.com/age/50-59,18-19/ethnicity/news-leonardo-faz-homenagem-apos-morte-de-assessora-cuidou-de-mim-como-filho,white,east-indian,latino,other,asian,native,black,islander" "Mozilla/5.0 AppleWebKit/537.36 (KHTML, like Gecko; compatible; GPTBot/1.3; +https://openai.com/gptbot)"
66.249.66.43 - - [04/Apr/2026:01:34:32 -0400] "GET /ethnicity/native,asian,other,islander,east-indian,latino,white HTTP/1.1" 200 17819 "-" "Mozilla/5.0 (Linux; Android 6.0.1; Nexus 5X Build/MMB29P) AppleWebKit/537.36 (KHTML, like Gecko) Chrome/146.0.7680.177 Mobile Safari/537.36 (compatible; Googlebot/2.1; +http://www.google.com/bot.html)"
216.73.216.38 - - [04/Apr/2026:01:34:32 -0400] "GET /age/50-59/hair/brown,grey,white/ethnicity/native/languages/japanese HTTP/1.1" 200 17589 "-" "Mozilla/5.0 AppleWebKit/537.36 (KHTML, like Gecko; compatible; ClaudeBot/1.0; +claudebot@anthropic.com)"
216.73.216.38 - - [04/Apr/2026:01:34:32 -0400] "GET /age/50-59,40-49/hair/auburn,black,white/languages/fiji HTTP/1.1" 200 17252 "-" "Mozilla/5.0 AppleWebKit/537.36 (KHTML, like Gecko; compatible; ClaudeBot/1.0; +claudebot@anthropic.com)"
216.73.216.38 - - [04/Apr/2026:01:34:32 -0400] "GET /status/online/hair/grey,auburn,red,white/ethnicity/other,native HTTP/1.1" 200 17796 "-" "Mozilla/5.0 AppleWebKit/537.36 (KHTML, like Gecko; compatible; ClaudeBot/1.0; +claudebot@anthropic.com)"
216.73.216.38 - - [04/Apr/2026:01:34:32 -0400] "GET /gender/m,f,c/age/18-19/ethnicity/islander,white,native/languages/fiji HTTP/1.1" 200 18057 "-" "Mozilla/5.0 AppleWebKit/537.36 (KHTML, like Gecko; compatible; ClaudeBot/1.0; +claudebot@anthropic.com)"
216.73.216.38 - - [04/Apr/2026:01:34:32 -0400] "GET /gender/f/age/60-100,50-59/hair/red,grey/languages/hindi HTTP/1.1" 200 17261 "-" "Mozilla/5.0 AppleWebKit/537.36 (KHTML, like Gecko; compatible; ClaudeBot/1.0; +claudebot@anthropic.com)"
216.73.216.38 - - [04/Apr/2026:01:34:32 -0400] "GET /age/18-19,60-100/hair/blonde,white/ethnicity/islander,native HTTP/1.1" 200 17518 "-" "Mozilla/5.0 AppleWebKit/537.36 (KHTML, like Gecko; compatible; ClaudeBot/1.0; +claudebot@anthropic.com)"
216.73.216.38 - - [04/Apr/2026:01:34:32 -0400] "GET /age/30-39/hair/grey,brown,white/ethnicity/black,native/languages/spanish HTTP/1.1" 200 17959 "-" "Mozilla/5.0 AppleWebKit/537.36 (KHTML, like Gecko; compatible; ClaudeBot/1.0; +claudebot@anthropic.com)"
216.73.216.38 - - [04/Apr/2026:01:34:32 -0400] "GET /status/online/gender/m,c,t,f/age/30-39/ethnicity/black,native HTTP/1.1" 200 17900 "-" "Mozilla/5.0 AppleWebKit/537.36 (KHTML, like Gecko; compatible; ClaudeBot/1.0; +claudebot@anthropic.com)"
17.246.15.240 - - [04/Apr/2026:01:34:32 -0400] "GET /status/online,offline/gender/t/age/50-59,18-19/hair/blonde,brown HTTP/1.1" 200 18082 "-" "Mozilla/5.0 (Macintosh; Intel Mac OS X 10_15_7) AppleWebKit/605.1.15 (KHTML, like Gecko) Version/17.4 Safari/605.1.15 (Applebot/0.1; +http://www.apple.com/go/applebot)"
216.73.216.38 - - [04/Apr/2026:01:34:32 -0400] "GET /gender/f,t,c/age/60-100,30-39/ethnicity/other/languages/spanish HTTP/1.1" 200 17658 "-" "Mozilla/5.0 AppleWebKit/537.36 (KHTML, like Gecko; compatible; ClaudeBot/1.0; +claudebot@anthropic.com)"
216.73.216.38 - - [04/Apr/2026:01:34:32 -0400] "GET /status/offline/gender/m,t/age/40-49/hair/auburn,white/languages/spanish HTTP/1.1" 200 17957 "-" "Mozilla/5.0 AppleWebKit/537.36 (KHTML, like Gecko; compatible; ClaudeBot/1.0; +claudebot@anthropic.com)"
74.7.227.30 - - [04/Apr/2026:01:34:33 -0400] "GET /age/40-49,20-29/ethnicity/native,white,asian,other,black,islander,east-indian,latino HTTP/1.1" 200 19155 "https://nudcam.com/age/40-49/ethnicity/native,white,asian,other,black,islander,east-indian,latino" "Mozilla/5.0 AppleWebKit/537.36 (KHTML, like Gecko; compatible; GPTBot/1.3; +https://openai.com/gptbot)"
74.7.227.134 - - [04/Apr/2026:01:34:33 -0400] "GET /age/50-59,18-19/ethnicity/news-leonardo-faz-homenagem-apos-morte-de-assessora-cuidou-de-mim-como-filho,white,east-indian,latino,other,asian,native,islander HTTP/1.1" 200 22143 "https://www.nudcam.com/age/50-59,18-19/ethnicity/news-leonardo-faz-homenagem-apos-morte-de-assessora-cuidou-de-mim-como-filho,white,east-indian,latino,other,asian,native,black,islander" "Mozilla/5.0 AppleWebKit/537.36 (KHTML, like Gecko; compatible; GPTBot/1.3; +https://openai.com/gptbot)"
216.73.216.38 - - [04/Apr/2026:01:34:33 -0400] "GET /age/20-29,40-49/hair/white,red/ethnicity/native,white/languages/fiji HTTP/1.1" 200 17826 "-" "Mozilla/5.0 AppleWebKit/537.36 (KHTML, like Gecko; compatible; ClaudeBot/1.0; +claudebot@anthropic.com)"
185.191.171.3 - - [04/Apr/2026:01:34:33 -0400] "GET /gender/t,f/ethnicity/other,asian,native,white,black HTTP/1.1" 403 - "-" "Mozilla/5.0 (compatible; SemrushBot/7~bl; +http://www.semrush.com/bot.html)"
216.73.216.38 - - [04/Apr/2026:01:34:33 -0400] "GET /status/offline/age/18-19,40-49,20-29/ethnicity/native,islander,white/languages/spanish HTTP/1.1" 200 18634 "-" "Mozilla/5.0 AppleWebKit/537.36 (KHTML, like Gecko; compatible; ClaudeBot/1.0; +claudebot@anthropic.com)"
216.73.216.38 - - [04/Apr/2026:01:34:33 -0400] "GET /status/online/hair/black,white/ethnicity/native,black,other/languages/spanish HTTP/1.1" 200 18133 "-" "Mozilla/5.0 AppleWebKit/537.36 (KHTML, like Gecko; compatible; ClaudeBot/1.0; +claudebot@anthropic.com)"
216.73.216.38 - - [04/Apr/2026:01:34:33 -0400] "GET /age/18-19,40-49,20-29/hair/brown,white/languages/spanish HTTP/1.1" 200 17319 "-" "Mozilla/5.0 AppleWebKit/537.36 (KHTML, like Gecko; compatible; ClaudeBot/1.0; +claudebot@anthropic.com)"
216.73.216.38 - - [04/Apr/2026:01:34:33 -0400] "GET /gender/t,f,c/ethnicity/black,latino,asian HTTP/1.1" 200 16926 "-" "Mozilla/5.0 AppleWebKit/537.36 (KHTML, like Gecko; compatible; ClaudeBot/1.0; +claudebot@anthropic.com)"
34.236.135.14 - - [04/Apr/2026:01:34:33 -0400] "GET /status/online,offline/gender/c/age/40-49/hair/auburn/ethnicity/native,white,east-indian,asian HTTP/1.1" 200 19430 "-" "Mozilla/5.0 AppleWebKit/537.36 (KHTML, like Gecko; compatible; Amazonbot/0.1; +https://developer.amazon.com/support/amazonbot) Chrome/119.0.6045.214 Safari/537.36"
216.73.216.38 - - [04/Apr/2026:01:34:33 -0400] "GET /age/30-39,60-100/hair/auburn/ethnicity/other,white/languages/spanish HTTP/1.1" 200 17638 "-" "Mozilla/5.0 AppleWebKit/537.36 (KHTML, like Gecko; compatible; ClaudeBot/1.0; +claudebot@anthropic.com)"
216.73.216.38 - - [04/Apr/2026:01:34:33 -0400] "GET /status/offline/age/60-100,30-39/hair/white,black,red/ethnicity/white HTTP/1.1" 200 17926 "-" "Mozilla/5.0 AppleWebKit/537.36 (KHTML, like Gecko; compatible; ClaudeBot/1.0; +claudebot@anthropic.com)"
216.73.216.38 - - [04/Apr/2026:01:34:33 -0400] "GET /status/offline/gender/f,c/hair/red,white,blonde/languages/hindi HTTP/1.1" 200 17713 "-" "Mozilla/5.0 AppleWebKit/537.36 (KHTML, like Gecko; compatible; ClaudeBot/1.0; +claudebot@anthropic.com)"
216.73.216.38 - - [04/Apr/2026:01:34:33 -0400] "GET /gender/t,c/age/40-49/hair/grey,brown,blonde HTTP/1.1" 200 17001 "-" "Mozilla/5.0 AppleWebKit/537.36 (KHTML, like Gecko; compatible; ClaudeBot/1.0; +claudebot@anthropic.com)"
216.73.216.38 - - [04/Apr/2026:01:34:33 -0400] "GET /hair/blonde,white/ethnicity/native,white,other/languages/indonesian HTTP/1.1" 200 17642 "-" "Mozilla/5.0 AppleWebKit/537.36 (KHTML, like Gecko; compatible; ClaudeBot/1.0; +claudebot@anthropic.com)"
216.73.216.38 - - [04/Apr/2026:01:34:33 -0400] "GET /gender/m/age/40-49/ethnicity/native,asian,black/languages/hindi HTTP/1.1" 200 17477 "-" "Mozilla/5.0 AppleWebKit/537.36 (KHTML, like Gecko; compatible; ClaudeBot/1.0; +claudebot@anthropic.com)"
216.73.216.38 - - [04/Apr/2026:01:34:34 -0400] "GET /status/online/gender/m,c,t,f/ethnicity/native,white/languages/hindi HTTP/1.1" 200 17994 "-" "Mozilla/5.0 AppleWebKit/537.36 (KHTML, like Gecko; compatible; ClaudeBot/1.0; +claudebot@anthropic.com)"
216.73.216.38 - - [04/Apr/2026:01:34:34 -0400] "GET /age/20-29/hair/blonde,brown/ethnicity/islander,white/languages/romanian HTTP/1.1" 200 17741 "-" "Mozilla/5.0 AppleWebKit/537.36 (KHTML, like Gecko; compatible; ClaudeBot/1.0; +claudebot@anthropic.com)"
74.7.227.30 - - [04/Apr/2026:01:34:34 -0400] "GET /age/30-39,20-29/ethnicity/native,islander,other,black,east-indian,asian,latino HTTP/1.1" 200 18735 "https://nudcam.com/age/30-39,20-29/ethnicity/native,islander,other,black,white,east-indian,asian,latino" "Mozilla/5.0 AppleWebKit/537.36 (KHTML, like Gecko; compatible; GPTBot/1.3; +https://openai.com/gptbot)"
74.7.227.134 - - [04/Apr/2026:01:34:34 -0400] "GET /age/50-59,20-29/ethnicity/news-leonardo-faz-homenagem-apos-morte-de-assessora-cuidou-de-mim-como-filho,islander,asian,east-indian,black,latino,other HTTP/1.1" 200 21612 "https://www.nudcam.com/age/50-59,20-29/ethnicity/news-leonardo-faz-homenagem-apos-morte-de-assessora-cuidou-de-mim-como-filho,native,islander,asian,east-indian,black,latino,other" "Mozilla/5.0 AppleWebKit/537.36 (KHTML, like Gecko; compatible; GPTBot/1.3; +https://openai.com/gptbot)"
216.73.216.38 - - [04/Apr/2026:01:34:34 -0400] "GET /status/offline/age/30-39/hair/white,auburn/ethnicity/other,white/languages/spanish HTTP/1.1" 200 18273 "-" "Mozilla/5.0 AppleWebKit/537.36 (KHTML, like Gecko; compatible; ClaudeBot/1.0; +claudebot@anthropic.com)"
216.73.216.38 - - [04/Apr/2026:01:34:34 -0400] "GET /gender/c/hair/white,auburn/ethnicity/black,white,other HTTP/1.1" 200 17535 "-" "Mozilla/5.0 AppleWebKit/537.36 (KHTML, like Gecko; compatible; ClaudeBot/1.0; +claudebot@anthropic.com)"
216.73.216.38 - - [04/Apr/2026:01:34:34 -0400] "GET /gender/c,t,m/ethnicity/white,native,other,asian HTTP/1.1" 200 17513 "-" "Mozilla/5.0 AppleWebKit/537.36 (KHTML, like Gecko; compatible; ClaudeBot/1.0; +claudebot@anthropic.com)"
216.73.216.38 - - [04/Apr/2026:01:34:34 -0400] "GET /status/online/age/30-39/hair/brown,white/ethnicity/black,latino HTTP/1.1" 200 17816 "-" "Mozilla/5.0 AppleWebKit/537.36 (KHTML, like Gecko; compatible; ClaudeBot/1.0; +claudebot@anthropic.com)"
216.73.216.38 - - [04/Apr/2026:01:34:35 -0400] "GET /age/18-19/hair/grey,white,red/ethnicity/other,latino HTTP/1.1" 200 17469 "-" "Mozilla/5.0 AppleWebKit/537.36 (KHTML, like Gecko; compatible; ClaudeBot/1.0; +claudebot@anthropic.com)"
216.73.216.38 - - [04/Apr/2026:01:34:35 -0400] "GET /age/40-49,60-100/ethnicity/white,latino,other,asian HTTP/1.1" 200 17470 "-" "Mozilla/5.0 AppleWebKit/537.36 (KHTML, like Gecko; compatible; ClaudeBot/1.0; +claudebot@anthropic.com)"
216.73.216.38 - - [04/Apr/2026:01:34:35 -0400] "GET /age/50-59,18-19/ethnicity/islander,other,black,asian HTTP/1.1" 200 17503 "-" "Mozilla/5.0 AppleWebKit/537.36 (KHTML, like Gecko; compatible; ClaudeBot/1.0; +claudebot@anthropic.com)"
74.7.227.30 - - [04/Apr/2026:01:34:35 -0400] "GET /age/20-29,18-19/ethnicity/asian,other,native,east-indian,white,latino,islander HTTP/1.1" 200 18735 "https://nudcam.com/age/20-29/ethnicity/asian,other,native,east-indian,white,latino,islander" "Mozilla/5.0 AppleWebKit/537.36 (KHTML, like Gecko; compatible; GPTBot/1.3; +https://openai.com/gptbot)"
216.73.216.38 - - [04/Apr/2026:01:34:35 -0400] "GET /age/50-59,30-39/hair/blonde,red,white/ethnicity/native HTTP/1.1" 200 17516 "-" "Mozilla/5.0 AppleWebKit/537.36 (KHTML, like Gecko; compatible; ClaudeBot/1.0; +claudebot@anthropic.com)"
74.7.227.134 - - [04/Apr/2026:01:34:35 -0400] "GET /age/18-19,50-59,30-39/ethnicity/news-leonardo-faz-homenagem-apos-morte-de-assessora-cuidou-de-mim-como-filho,other,native,islander,latino,east-indian,white,asian,black HTTP/1.1" 200 23162 "https://www.nudcam.com/age/18-19,50-59/ethnicity/news-leonardo-faz-homenagem-apos-morte-de-assessora-cuidou-de-mim-como-filho,other,native,islander,latino,east-indian,white,asian,black" "Mozilla/5.0 AppleWebKit/537.36 (KHTML, like Gecko; compatible; GPTBot/1.3; +https://openai.com/gptbot)"
216.73.216.38 - - [04/Apr/2026:01:34:35 -0400] "GET /gender/f/age/60-100,20-29/hair/black,white/ethnicity/other HTTP/1.1" 200 17623 "-" "Mozilla/5.0 AppleWebKit/537.36 (KHTML, like Gecko; compatible; ClaudeBot/1.0; +claudebot@anthropic.com)"
17.246.19.191 - - [04/Apr/2026:01:34:35 -0400] "GET /gender/t/hair/black,white,blonde/languages/serbian HTTP/1.1" 200 17166 "-" "Mozilla/5.0 (Macintosh; Intel Mac OS X 10_15_7) AppleWebKit/605.1.15 (KHTML, like Gecko) Version/17.4 Safari/605.1.15 (Applebot/0.1; +http://www.apple.com/go/applebot)"
216.73.216.38 - - [04/Apr/2026:01:34:35 -0400] "GET /status/offline/hair/black,brown,grey/ethnicity/islander,white,black HTTP/1.1" 200 18160 "-" "Mozilla/5.0 AppleWebKit/537.36 (KHTML, like Gecko; compatible; ClaudeBot/1.0; +claudebot@anthropic.com)"
216.73.216.38 - - [04/Apr/2026:01:34:35 -0400] "GET /gender/c/age/50-59,40-49/hair/white/ethnicity/black,white HTTP/1.1" 200 17604 "-" "Mozilla/5.0 AppleWebKit/537.36 (KHTML, like Gecko; compatible; ClaudeBot/1.0; +claudebot@anthropic.com)"
216.73.216.38 - - [04/Apr/2026:01:34:35 -0400] "GET /age/20-29/hair/black,grey/ethnicity/islander,latino,white HTTP/1.1" 200 17638 "-" "Mozilla/5.0 AppleWebKit/537.36 (KHTML, like Gecko; compatible; ClaudeBot/1.0; +claudebot@anthropic.com)"
216.73.216.38 - - [04/Apr/2026:01:34:35 -0400] "GET /age/60-100,20-29/hair/auburn,black/ethnicity/white,islander HTTP/1.1" 200 17705 "-" "Mozilla/5.0 AppleWebKit/537.36 (KHTML, like Gecko; compatible; ClaudeBot/1.0; +claudebot@anthropic.com)"
216.73.216.38 - - [04/Apr/2026:01:34:35 -0400] "GET /hair/black,blonde,auburn/ethnicity/islander,black,native HTTP/1.1" 200 17626 "-" "Mozilla/5.0 AppleWebKit/537.36 (KHTML, like Gecko; compatible; ClaudeBot/1.0; +claudebot@anthropic.com)"
216.73.216.38 - - [04/Apr/2026:01:34:35 -0400] "GET /status/offline/gender/c,m/hair/auburn,grey,black/ethnicity/native HTTP/1.1" 200 18054 "-" "Mozilla/5.0 AppleWebKit/537.36 (KHTML, like Gecko; compatible; ClaudeBot/1.0; +claudebot@anthropic.com)"
216.73.216.38 - - [04/Apr/2026:01:34:36 -0400] "GET /status/offline/gender/f,m/age/20-29/hair/grey,brown/ethnicity/white HTTP/1.1" 200 18101 "-" "Mozilla/5.0 AppleWebKit/537.36 (KHTML, like Gecko; compatible; ClaudeBot/1.0; +claudebot@anthropic.com)"
66.249.66.43 - - [04/Apr/2026:01:34:36 -0400] "GET /ethnicity/other,asian,latino,native,black,white,islander,east-indian HTTP/1.1" 200 18211 "-" "Mozilla/5.0 (Linux; Android 6.0.1; Nexus 5X Build/MMB29P) AppleWebKit/537.36 (KHTML, like Gecko) Chrome/146.0.7680.177 Mobile Safari/537.36 (compatible; Googlebot/2.1; +http://www.google.com/bot.html)"
144.76.32.236 - - [04/Apr/2026:01:34:36 -0400] "GET /gender/c,f,m/hair/black,red,brown/sites/11 HTTP/1.1" 200 17023 "-" "Mozilla/5.0 (compatible; SERankingBacklinksBot/1.0; +https://seranking.com/backlinks-crawler)"
216.73.216.38 - - [04/Apr/2026:01:34:36 -0400] "GET /status/offline/hair/blonde,white/ethnicity/native,other,white,islander HTTP/1.1" 200 18266 "-" "Mozilla/5.0 AppleWebKit/537.36 (KHTML, like Gecko; compatible; ClaudeBot/1.0; +claudebot@anthropic.com)"
216.73.216.38 - - [04/Apr/2026:01:34:36 -0400] "GET /status/online/gender/c,f,m/age/20-29/hair/grey,red HTTP/1.1" 200 17608 "-" "Mozilla/5.0 AppleWebKit/537.36 (KHTML, like Gecko; compatible; ClaudeBot/1.0; +claudebot@anthropic.com)"
216.73.216.38 - - [04/Apr/2026:01:34:36 -0400] "GET /status/offline/gender/m,f/hair/grey/ethnicity/islander,black,white HTTP/1.1" 200 18106 "-" "Mozilla/5.0 AppleWebKit/537.36 (KHTML, like Gecko; compatible; ClaudeBot/1.0; +claudebot@anthropic.com)"
74.7.227.30 - - [04/Apr/2026:01:34:36 -0400] "GET /age/40-49,30-39/ethnicity/native,asian,other,black,islander,east-indian,latino HTTP/1.1" 200 18735 "https://nudcam.com/age/40-49,30-39/ethnicity/native,white,asian,other,black,islander,east-indian,latino" "Mozilla/5.0 AppleWebKit/537.36 (KHTML, like Gecko; compatible; GPTBot/1.3; +https://openai.com/gptbot)"
74.7.227.134 - - [04/Apr/2026:01:34:36 -0400] "GET /age/18-19,40-49,50-59/ethnicity/news-leonardo-faz-homenagem-apos-morte-de-assessora-cuidou-de-mim-como-filho,islander,east-indian,other,white,native,latino,asian,black HTTP/1.1" 200 23162 "https://www.nudcam.com/age/18-19,40-49/ethnicity/news-leonardo-faz-homenagem-apos-morte-de-assessora-cuidou-de-mim-como-filho,islander,east-indian,other,white,native,latino,asian,black" "Mozilla/5.0 AppleWebKit/537.36 (KHTML, like Gecko; compatible; GPTBot/1.3; +https://openai.com/gptbot)"
216.73.216.38 - - [04/Apr/2026:01:34:36 -0400] "GET /status/offline/age/30-39,60-100,20-29,50-59/ethnicity/other,white HTTP/1.1" 200 18087 "-" "Mozilla/5.0 AppleWebKit/537.36 (KHTML, like Gecko; compatible; ClaudeBot/1.0; +claudebot@anthropic.com)"
216.73.216.38 - - [04/Apr/2026:01:34:36 -0400] "GET /status/online/age/30-39,50-59/ethnicity/other,white,black,islander HTTP/1.1" 200 18135 "-" "Mozilla/5.0 AppleWebKit/537.36 (KHTML, like Gecko; compatible; ClaudeBot/1.0; +claudebot@anthropic.com)"
216.73.216.38 - - [04/Apr/2026:01:34:36 -0400] "GET /age/18-19/hair/blonde,black/ethnicity/black,native,islander HTTP/1.1" 200 17704 "-" "Mozilla/5.0 AppleWebKit/537.36 (KHTML, like Gecko; compatible; ClaudeBot/1.0; +claudebot@anthropic.com)"
216.73.216.38 - - [04/Apr/2026:01:34:36 -0400] "GET /status/online/age/60-100/hair/white,black,red,brown/ethnicity/native HTTP/1.1" 200 18145 "-" "Mozilla/5.0 AppleWebKit/537.36 (KHTML, like Gecko; compatible; ClaudeBot/1.0; +claudebot@anthropic.com)"
216.73.216.38 - - [04/Apr/2026:01:34:36 -0400] "GET /status/online/age/30-39/hair/white,black/ethnicity/native,white,other HTTP/1.1" 200 18207 "-" "Mozilla/5.0 AppleWebKit/537.36 (KHTML, like Gecko; compatible; ClaudeBot/1.0; +claudebot@anthropic.com)"
66.249.66.43 - - [04/Apr/2026:01:34:36 -0400] "GET /hair/auburn,brown,blonde,white HTTP/1.1" 200 16310 "-" "Mozilla/5.0 (Linux; Android 6.0.1; Nexus 5X Build/MMB29P) AppleWebKit/537.36 (KHTML, like Gecko) Chrome/146.0.7680.177 Mobile Safari/537.36 (compatible; Googlebot/2.1; +http://www.google.com/bot.html)"
216.73.216.38 - - [04/Apr/2026:01:34:36 -0400] "GET /hair/brown,black,white,grey/ethnicity/native,white,other HTTP/1.1" 200 17802 "-" "Mozilla/5.0 AppleWebKit/537.36 (KHTML, like Gecko; compatible; ClaudeBot/1.0; +claudebot@anthropic.com)"
216.73.216.38 - - [04/Apr/2026:01:34:36 -0400] "GET /age/60-100/hair/white,grey,red/ethnicity/native,islander,black HTTP/1.1" 200 17985 "-" "Mozilla/5.0 AppleWebKit/537.36 (KHTML, like Gecko; compatible; ClaudeBot/1.0; +claudebot@anthropic.com)"
216.73.216.38 - - [04/Apr/2026:01:34:37 -0400] "GET /gender/t,m/age/60-100,40-49/ethnicity/native,white,asian HTTP/1.1" 200 17796 "-" "Mozilla/5.0 AppleWebKit/537.36 (KHTML, like Gecko; compatible; ClaudeBot/1.0; +claudebot@anthropic.com)"
216.73.216.38 - - [04/Apr/2026:01:34:37 -0400] "GET /status/offline/age/30-39,18-19,50-59/ethnicity/islander,other,white HTTP/1.1" 200 18162 "-" "Mozilla/5.0 AppleWebKit/537.36 (KHTML, like Gecko; compatible; ClaudeBot/1.0; +claudebot@anthropic.com)"
216.73.216.38 - - [04/Apr/2026:01:34:37 -0400] "GET /age/30-39/hair/grey/ethnicity/white,latino,black,islander HTTP/1.1" 200 17632 "-" "Mozilla/5.0 AppleWebKit/537.36 (KHTML, like Gecko; compatible; ClaudeBot/1.0; +claudebot@anthropic.com)"
216.73.216.38 - - [04/Apr/2026:01:34:37 -0400] "GET /status/offline/gender/m,f,c/age/18-19/ethnicity/native,white,asian HTTP/1.1" 200 18305 "-" "Mozilla/5.0 AppleWebKit/537.36 (KHTML, like Gecko; compatible; ClaudeBot/1.0; +claudebot@anthropic.com)"
216.73.216.38 - - [04/Apr/2026:01:34:37 -0400] "GET /status/offline/hair/blonde,white,red,black/ethnicity/islander,native HTTP/1.1" 200 18190 "-" "Mozilla/5.0 AppleWebKit/537.36 (KHTML, like Gecko; compatible; ClaudeBot/1.0; +claudebot@anthropic.com)"
74.7.227.30 - - [04/Apr/2026:01:34:37 -0400] "GET /age/40-49,50-59/ethnicity/native,asian,other,black,islander,east-indian,latino HTTP/1.1" 200 18735 "https://nudcam.com/age/40-49,50-59/ethnicity/native,white,asian,other,black,islander,east-indian,latino" "Mozilla/5.0 AppleWebKit/537.36 (KHTML, like Gecko; compatible; GPTBot/1.3; +https://openai.com/gptbot)"
74.7.227.134 - - [04/Apr/2026:01:34:37 -0400] "GET /gender/c/age/18-19,20-29/ethnicity/news-leonardo-faz-homenagem-apos-morte-de-assessora-cuidou-de-mim-como-filho,white,asian,islander,black,latino,other,east-indian HTTP/1.1" 200 22697 "https://www.nudcam.com/age/18-19,20-29/ethnicity/news-leonardo-faz-homenagem-apos-morte-de-assessora-cuidou-de-mim-como-filho,white,asian,islander,black,latino,other,east-indian" "Mozilla/5.0 AppleWebKit/537.36 (KHTML, like Gecko; compatible; GPTBot/1.3; +https://openai.com/gptbot)"
216.73.216.38 - - [04/Apr/2026:01:34:37 -0400] "GET /gender/t/age/20-29,30-39/hair/white/ethnicity/black,native HTTP/1.1" 200 17636 "-" "Mozilla/5.0 AppleWebKit/537.36 (KHTML, like Gecko; compatible; ClaudeBot/1.0; +claudebot@anthropic.com)"
34.196.237.236 - - [04/Apr/2026:01:34:37 -0400] "GET /status/offline,online/gender/f,m/age/50-59,60-100/hair/white/ethnicity/asian,latino,black,islander,native/languages/hindi HTTP/1.1" 200 21231 "-" "Mozilla/5.0 AppleWebKit/537.36 (KHTML, like Gecko; compatible; Amazonbot/0.1; +https://developer.amazon.com/support/amazonbot) Chrome/119.0.6045.214 Safari/537.36"
216.73.216.38 - - [04/Apr/2026:01:34:37 -0400] "GET /age/40-49/hair/white,brown/ethnicity/white,other,black,native HTTP/1.1" 200 17955 "-" "Mozilla/5.0 AppleWebKit/537.36 (KHTML, like Gecko; compatible; ClaudeBot/1.0; +claudebot@anthropic.com)"
216.73.216.38 - - [04/Apr/2026:01:34:37 -0400] "GET /gender/c,t/hair/red,brown,grey/ethnicity/islander HTTP/1.1" 200 17358 "-" "Mozilla/5.0 AppleWebKit/537.36 (KHTML, like Gecko; compatible; ClaudeBot/1.0; +claudebot@anthropic.com)"
66.249.66.43 - - [04/Apr/2026:01:34:37 -0400] "GET /age/40-49,30-39/ethnicity/latino,black,other,east-indian,islander,asian HTTP/1.1" 200 18292 "-" "Mozilla/5.0 (Linux; Android 6.0.1; Nexus 5X Build/MMB29P) AppleWebKit/537.36 (KHTML, like Gecko) Chrome/146.0.7680.177 Mobile Safari/537.36 (compatible; Googlebot/2.1; +http://www.google.com/bot.html)"
216.73.216.38 - - [04/Apr/2026:01:34:37 -0400] "GET /hair/brown/ethnicity/native,latino,other,islander,white HTTP/1.1" 200 17591 "-" "Mozilla/5.0 AppleWebKit/537.36 (KHTML, like Gecko; compatible; ClaudeBot/1.0; +claudebot@anthropic.com)"
216.73.216.38 - - [04/Apr/2026:01:34:37 -0400] "GET /status/offline/age/30-39/hair/black/ethnicity/native,other,islander,black HTTP/1.1" 200 18337 "-" "Mozilla/5.0 AppleWebKit/537.36 (KHTML, like Gecko; compatible; ClaudeBot/1.0; +claudebot@anthropic.com)"
216.73.216.38 - - [04/Apr/2026:01:34:37 -0400] "GET /age/18-19/hair/auburn,white/ethnicity/black,other,islander HTTP/1.1" 200 17671 "-" "Mozilla/5.0 AppleWebKit/537.36 (KHTML, like Gecko; compatible; ClaudeBot/1.0; +claudebot@anthropic.com)"
216.73.216.38 - - [04/Apr/2026:01:34:38 -0400] "GET /status/offline,online/gender/c/age/60-100/hair/auburn/ethnicity/black HTTP/1.1" 200 17967 "-" "Mozilla/5.0 AppleWebKit/537.36 (KHTML, like Gecko; compatible; ClaudeBot/1.0; +claudebot@anthropic.com)"
216.73.216.38 - - [04/Apr/2026:01:34:38 -0400] "GET /status/online/hair/red/ethnicity/other,native,white,black,islander HTTP/1.1" 200 18124 "-" "Mozilla/5.0 AppleWebKit/537.36 (KHTML, like Gecko; compatible; ClaudeBot/1.0; +claudebot@anthropic.com)"
17.246.23.27 - - [04/Apr/2026:01:34:38 -0400] "GET /age/50-59,20-29/hair/brown/ethnicity/native,asian/languages/vietnamese HTTP/1.1" 200 17924 "-" "Mozilla/5.0 (Macintosh; Intel Mac OS X 10_15_7) AppleWebKit/605.1.15 (KHTML, like Gecko) Version/17.4 Safari/605.1.15 (Applebot/0.1; +http://www.apple.com/go/applebot)"
216.73.216.38 - - [04/Apr/2026:01:34:38 -0400] "GET /gender/t/age/20-29,60-100/hair/white,grey,red HTTP/1.1" 200 17275 "-" "Mozilla/5.0 AppleWebKit/537.36 (KHTML, like Gecko; compatible; ClaudeBot/1.0; +claudebot@anthropic.com)"
216.73.216.38 - - [04/Apr/2026:01:34:38 -0400] "GET /status/online/gender/t,c/age/20-29,50-59/ethnicity/latino HTTP/1.1" 200 17611 "-" "Mozilla/5.0 AppleWebKit/537.36 (KHTML, like Gecko; compatible; ClaudeBot/1.0; +claudebot@anthropic.com)"
216.73.216.38 - - [04/Apr/2026:01:34:38 -0400] "GET /status/offline/age/50-59,40-49/hair/black/ethnicity/black,native,white HTTP/1.1" 200 18236 "-" "Mozilla/5.0 AppleWebKit/537.36 (KHTML, like Gecko; compatible; ClaudeBot/1.0; +claudebot@anthropic.com)"
74.7.227.30 - - [04/Apr/2026:01:34:38 -0400] "GET /age/18-19/ethnicity/east-indian,native,asian,latino,black,islander,white,other HTTP/1.1" 200 18734 "https://nudcam.com/ethnicity/east-indian,native,asian,latino,black,islander,white,other" "Mozilla/5.0 AppleWebKit/537.36 (KHTML, like Gecko; compatible; GPTBot/1.3; +https://openai.com/gptbot)"
216.73.216.38 - - [04/Apr/2026:01:34:38 -0400] "GET /gender/f/age/18-19/hair/brown,black,grey/ethnicity/black HTTP/1.1" 200 17552 "-" "Mozilla/5.0 AppleWebKit/537.36 (KHTML, like Gecko; compatible; ClaudeBot/1.0; +claudebot@anthropic.com)"
74.7.227.134 - - [04/Apr/2026:01:34:38 -0400] "GET /age/30-39,50-59/ethnicity/news-leonardo-faz-homenagem-apos-morte-de-assessora-cuidou-de-mim-como-filho,latino,white,black,islander,native,east-indian HTTP/1.1" 200 21648 "https://www.nudcam.com/age/30-39,50-59/ethnicity/news-leonardo-faz-homenagem-apos-morte-de-assessora-cuidou-de-mim-como-filho,latino,white,black,islander,native,other,east-indian" "Mozilla/5.0 AppleWebKit/537.36 (KHTML, like Gecko; compatible; GPTBot/1.3; +https://openai.com/gptbot)"
216.73.216.38 - - [04/Apr/2026:01:34:38 -0400] "GET /status/offline,online/age/50-59,20-29/ethnicity/islander,native,asian HTTP/1.1" 200 18245 "-" "Mozilla/5.0 AppleWebKit/537.36 (KHTML, like Gecko; compatible; ClaudeBot/1.0; +claudebot@anthropic.com)"
216.73.216.38 - - [04/Apr/2026:01:34:38 -0400] "GET /status/online/gender/m/age/30-39,60-100/hair/grey,auburn HTTP/1.1" 200 17621 "-" "Mozilla/5.0 AppleWebKit/537.36 (KHTML, like Gecko; compatible; ClaudeBot/1.0; +claudebot@anthropic.com)"
216.73.216.38 - - [04/Apr/2026:01:34:38 -0400] "GET /status/offline/gender/f,c/age/30-39,60-100/ethnicity/islander,native,white HTTP/1.1" 200 18589 "-" "Mozilla/5.0 AppleWebKit/537.36 (KHTML, like Gecko; compatible; ClaudeBot/1.0; +claudebot@anthropic.com)"
216.73.216.38 - - [04/Apr/2026:01:34:38 -0400] "GET /status/offline/age/40-49,60-100/hair/grey,white/ethnicity/white,islander HTTP/1.1" 200 18310 "-" "Mozilla/5.0 AppleWebKit/537.36 (KHTML, like Gecko; compatible; ClaudeBot/1.0; +claudebot@anthropic.com)"
216.73.216.38 - - [04/Apr/2026:01:34:38 -0400] "GET /age/20-29,50-59,60-100/ethnicity/black,white,native,other HTTP/1.1" 200 17842 "-" "Mozilla/5.0 AppleWebKit/537.36 (KHTML, like Gecko; compatible; ClaudeBot/1.0; +claudebot@anthropic.com)"
216.73.216.38 - - [04/Apr/2026:01:34:39 -0400] "GET /gender/f/age/18-19/hair/red/ethnicity/black,native,asian HTTP/1.1" 200 17570 "-" "Mozilla/5.0 AppleWebKit/537.36 (KHTML, like Gecko; compatible; ClaudeBot/1.0; +claudebot@anthropic.com)"
216.73.216.38 - - [04/Apr/2026:01:34:39 -0400] "GET /status/online/gender/c/hair/grey/ethnicity/latino,white,black HTTP/1.1" 200 17740 "-" "Mozilla/5.0 AppleWebKit/537.36 (KHTML, like Gecko; compatible; ClaudeBot/1.0; +claudebot@anthropic.com)"
216.73.216.38 - - [04/Apr/2026:01:34:39 -0400] "GET /hair/auburn,red,grey,white/ethnicity/islander,white,native HTTP/1.1" 200 17870 "-" "Mozilla/5.0 AppleWebKit/537.36 (KHTML, like Gecko; compatible; ClaudeBot/1.0; +claudebot@anthropic.com)"
