17.241.75.155 - - [04/Apr/2026:01:34:39 -0400] "GET /gender/f/age/18-19/hair/grey,red,brown/sites/1 HTTP/1.1" 200 17168 "-" "Mozilla/5.0 (Macintosh; Intel Mac OS X 10_15_7) AppleWebKit/605.1.15 (KHTML, like Gecko) Version/17.4 Safari/605.1.15 (Applebot/0.1; +http://www.apple.com/go/applebot)"
216.73.216.38 - - [04/Apr/2026:01:34:39 -0400] "GET /status/offline/age/60-100,20-29,40-49/hair/red,white,brown HTTP/1.1" 200 17889 "-" "Mozilla/5.0 AppleWebKit/537.36 (KHTML, like Gecko; compatible; ClaudeBot/1.0; +claudebot@anthropic.com)"
216.73.216.38 - - [04/Apr/2026:01:34:39 -0400] "GET /status/online/age/20-29/hair/brown,red,white/ethnicity/native,islander HTTP/1.1" 200 18237 "-" "Mozilla/5.0 AppleWebKit/537.36 (KHTML, like Gecko; compatible; ClaudeBot/1.0; +claudebot@anthropic.com)"
74.7.227.30 - - [04/Apr/2026:01:34:39 -0400] "GET /age/30-39/ethnicity/latino,other,white,native,asian,black,east-indian,islander HTTP/1.1" 200 18734 "https://nudcam.com/ethnicity/latino,other,white,native,asian,black,east-indian,islander" "Mozilla/5.0 AppleWebKit/537.36 (KHTML, like Gecko; compatible; GPTBot/1.3; +https://openai.com/gptbot)"
216.73.216.38 - - [04/Apr/2026:01:34:39 -0400] "GET /age/20-29,30-39,18-19/hair/black/ethnicity/black,native HTTP/1.1" 200 17560 "-" "Mozilla/5.0 AppleWebKit/537.36 (KHTML, like Gecko; compatible; ClaudeBot/1.0; +claudebot@anthropic.com)"
74.7.227.134 - - [04/Apr/2026:01:34:39 -0400] "GET /age/30-39,50-59/ethnicity/news-leonardo-faz-homenagem-apos-morte-de-assessora-cuidou-de-mim-como-filho,latino,black,islander,native,other,east-indian HTTP/1.1" 200 21648 "https://www.nudcam.com/age/30-39,50-59/ethnicity/news-leonardo-faz-homenagem-apos-morte-de-assessora-cuidou-de-mim-como-filho,latino,white,black,islander,native,other,east-indian" "Mozilla/5.0 AppleWebKit/537.36 (KHTML, like Gecko; compatible; GPTBot/1.3; +https://openai.com/gptbot)"
216.73.216.38 - - [04/Apr/2026:01:34:39 -0400] "GET /status/offline/gender/t,f/age/60-100,50-59/ethnicity/black,other HTTP/1.1" 200 18050 "-" "Mozilla/5.0 AppleWebKit/537.36 (KHTML, like Gecko; compatible; ClaudeBot/1.0; +claudebot@anthropic.com)"
216.73.216.38 - - [04/Apr/2026:01:34:39 -0400] "GET /status/online,offline/gender/f/age/30-39,20-29/ethnicity/native,other HTTP/1.1" 200 18216 "-" "Mozilla/5.0 AppleWebKit/537.36 (KHTML, like Gecko; compatible; ClaudeBot/1.0; +claudebot@anthropic.com)"
216.73.216.38 - - [04/Apr/2026:01:34:39 -0400] "GET /status/offline,online/age/40-49/hair/black,red/ethnicity/white,black HTTP/1.1" 200 18181 "-" "Mozilla/5.0 AppleWebKit/537.36 (KHTML, like Gecko; compatible; ClaudeBot/1.0; +claudebot@anthropic.com)"
216.73.216.38 - - [04/Apr/2026:01:34:39 -0400] "GET /status/online/gender/m/age/30-39/ethnicity/white,other,black,islander HTTP/1.1" 200 18205 "-" "Mozilla/5.0 AppleWebKit/537.36 (KHTML, like Gecko; compatible; ClaudeBot/1.0; +claudebot@anthropic.com)"
216.73.216.38 - - [04/Apr/2026:01:34:39 -0400] "GET /status/offline/age/60-100,30-39/hair/grey,brown,red,black HTTP/1.1" 200 17858 "-" "Mozilla/5.0 AppleWebKit/537.36 (KHTML, like Gecko; compatible; ClaudeBot/1.0; +claudebot@anthropic.com)"
216.73.216.38 - - [04/Apr/2026:01:34:40 -0400] "GET /status/online/age/60-100/hair/white,black,grey/ethnicity/white,islander HTTP/1.1" 200 18271 "-" "Mozilla/5.0 AppleWebKit/537.36 (KHTML, like Gecko; compatible; ClaudeBot/1.0; +claudebot@anthropic.com)"
216.73.216.38 - - [04/Apr/2026:01:34:40 -0400] "GET /gender/m,f/age/40-49/hair/black/ethnicity/black,asian HTTP/1.1" 200 17482 "-" "Mozilla/5.0 AppleWebKit/537.36 (KHTML, like Gecko; compatible; ClaudeBot/1.0; +claudebot@anthropic.com)"
216.73.216.38 - - [04/Apr/2026:01:34:40 -0400] "GET /status/online/gender/c/age/18-19/ethnicity/white,other,native,asian HTTP/1.1" 200 18139 "-" "Mozilla/5.0 AppleWebKit/537.36 (KHTML, like Gecko; compatible; ClaudeBot/1.0; +claudebot@anthropic.com)"
52.167.144.136 - - [04/Apr/2026:01:34:40 -0400] "GET /ethnicity/black,islander,other,latino,asian/languages/german HTTP/1.1" 200 17655 "-" "Mozilla/5.0 AppleWebKit/537.36 (KHTML, like Gecko; compatible; bingbot/2.0; +http://www.bing.com/bingbot.htm) Chrome/116.0.1938.76 Safari/537.36"
216.73.216.38 - - [04/Apr/2026:01:34:40 -0400] "GET /age/40-49/hair/brown,white/ethnicity/white,other,native,black HTTP/1.1" 200 17955 "-" "Mozilla/5.0 AppleWebKit/537.36 (KHTML, like Gecko; compatible; ClaudeBot/1.0; +claudebot@anthropic.com)"
216.73.216.38 - - [04/Apr/2026:01:34:40 -0400] "GET /status/online,offline/age/40-49/ethnicity/asian,latino,native HTTP/1.1" 200 17787 "-" "Mozilla/5.0 AppleWebKit/537.36 (KHTML, like Gecko; compatible; ClaudeBot/1.0; +claudebot@anthropic.com)"
216.73.216.38 - - [04/Apr/2026:01:34:40 -0400] "GET /status/offline/age/30-39,18-19,40-49/hair/grey/ethnicity/other,native HTTP/1.1" 200 18195 "-" "Mozilla/5.0 AppleWebKit/537.36 (KHTML, like Gecko; compatible; ClaudeBot/1.0; +claudebot@anthropic.com)"
74.7.227.30 - - [04/Apr/2026:01:34:40 -0400] "GET /age/40-49/ethnicity/latino,black,native,east-indian,asian,other,white,islander HTTP/1.1" 200 18734 "https://nudcam.com/ethnicity/latino,black,native,east-indian,asian,other,white,islander" "Mozilla/5.0 AppleWebKit/537.36 (KHTML, like Gecko; compatible; GPTBot/1.3; +https://openai.com/gptbot)"
216.73.216.38 - - [04/Apr/2026:01:34:40 -0400] "GET /status/offline/gender/c/age/50-59/hair/black,white/ethnicity/asian HTTP/1.1" 200 17866 "-" "Mozilla/5.0 AppleWebKit/537.36 (KHTML, like Gecko; compatible; ClaudeBot/1.0; +claudebot@anthropic.com)"
74.7.227.134 - - [04/Apr/2026:01:34:40 -0400] "GET /age/30-39,50-59/hair/black/ethnicity/news-leonardo-faz-homenagem-apos-morte-de-assessora-cuidou-de-mim-como-filho,latino,white,black,islander,native,other,east-indian HTTP/1.1" 200 22805 "https://www.nudcam.com/age/30-39,50-59/ethnicity/news-leonardo-faz-homenagem-apos-morte-de-assessora-cuidou-de-mim-como-filho,latino,white,black,islander,native,other,east-indian" "Mozilla/5.0 AppleWebKit/537.36 (KHTML, like Gecko; compatible; GPTBot/1.3; +https://openai.com/gptbot)"
52.167.144.136 - - [04/Apr/2026:01:34:40 -0400] "GET /gender/,f,t/hair/auburn,white,black,red,brown/ethnicity/islander HTTP/1.1" 200 18376 "-" "Mozilla/5.0 AppleWebKit/537.36 (KHTML, like Gecko; compatible; bingbot/2.0; +http://www.bing.com/bingbot.htm) Chrome/116.0.1938.76 Safari/537.36"
216.73.216.38 - - [04/Apr/2026:01:34:40 -0400] "GET /status/offline/gender/m,c,f,t/age/20-29/hair/brown HTTP/1.1" 200 17600 "-" "Mozilla/5.0 AppleWebKit/537.36 (KHTML, like Gecko; compatible; ClaudeBot/1.0; +claudebot@anthropic.com)"
17.246.19.106 - - [04/Apr/2026:01:34:40 -0400] "GET /status/online/gender/m,c,t/age/50-59/ethnicity/white,native,asian/languages/hebrew HTTP/1.1" 200 18912 "-" "Mozilla/5.0 (Macintosh; Intel Mac OS X 10_15_7) AppleWebKit/605.1.15 (KHTML, like Gecko) Version/17.4 Safari/605.1.15 (Applebot/0.1; +http://www.apple.com/go/applebot)"
216.73.216.38 - - [04/Apr/2026:01:34:40 -0400] "GET /status/offline,online/gender/f,c/age/30-39/ethnicity/native,black,islander HTTP/1.1" 200 18596 "-" "Mozilla/5.0 AppleWebKit/537.36 (KHTML, like Gecko; compatible; ClaudeBot/1.0; +claudebot@anthropic.com)"
216.73.216.38 - - [04/Apr/2026:01:34:40 -0400] "GET /status/offline/age/30-39/ethnicity/black,native,islander,asian,white HTTP/1.1" 200 18202 "-" "Mozilla/5.0 AppleWebKit/537.36 (KHTML, like Gecko; compatible; ClaudeBot/1.0; +claudebot@anthropic.com)"
17.241.227.62 - - [04/Apr/2026:01:34:40 -0400] "GET /gender/t/age/50-59/hair/blonde,white/ethnicity/native/languages/danish HTTP/1.1" 200 17871 "-" "Mozilla/5.0 (Macintosh; Intel Mac OS X 10_15_7) AppleWebKit/605.1.15 (KHTML, like Gecko) Version/17.4 Safari/605.1.15 (Applebot/0.1; +http://www.apple.com/go/applebot)"
216.73.216.38 - - [04/Apr/2026:01:34:40 -0400] "GET /gender/f,c/hair/grey,auburn/ethnicity/latino,native HTTP/1.1" 200 17449 "-" "Mozilla/5.0 AppleWebKit/537.36 (KHTML, like Gecko; compatible; ClaudeBot/1.0; +claudebot@anthropic.com)"
52.167.144.136 - - [04/Apr/2026:01:34:40 -0400] "GET /age/50-59,20-29,18-19,60-100/ethnicity/islander,native,black,white HTTP/1.1" 200 18331 "-" "Mozilla/5.0 AppleWebKit/537.36 (KHTML, like Gecko; compatible; bingbot/2.0; +http://www.bing.com/bingbot.htm) Chrome/116.0.1938.76 Safari/537.36"
216.73.216.38 - - [04/Apr/2026:01:34:41 -0400] "GET /status/offline/hair/white,red,grey,brown,black/ethnicity/islander HTTP/1.1" 200 18064 "-" "Mozilla/5.0 AppleWebKit/537.36 (KHTML, like Gecko; compatible; ClaudeBot/1.0; +claudebot@anthropic.com)"
216.73.216.38 - - [04/Apr/2026:01:34:41 -0400] "GET /gender/f/age/20-29/hair/grey,black,auburn/ethnicity/other HTTP/1.1" 200 17585 "-" "Mozilla/5.0 AppleWebKit/537.36 (KHTML, like Gecko; compatible; ClaudeBot/1.0; +claudebot@anthropic.com)"
216.73.216.38 - - [04/Apr/2026:01:34:41 -0400] "GET /gender/f,c,m/age/40-49/hair/white,auburn/ethnicity/native HTTP/1.1" 200 17780 "-" "Mozilla/5.0 AppleWebKit/537.36 (KHTML, like Gecko; compatible; ClaudeBot/1.0; +claudebot@anthropic.com)"
216.73.216.38 - - [04/Apr/2026:01:34:41 -0400] "GET /status/offline/age/40-49/hair/red,black,brown/ethnicity/islander,black HTTP/1.1" 200 18237 "-" "Mozilla/5.0 AppleWebKit/537.36 (KHTML, like Gecko; compatible; ClaudeBot/1.0; +claudebot@anthropic.com)"
144.76.32.236 - - [04/Apr/2026:01:34:41 -0400] "GET /gender/c,t,f,m/age/20-29/hair/auburn,white HTTP/1.1" 200 17130 "-" "Mozilla/5.0 (compatible; SERankingBacklinksBot/1.0; +https://seranking.com/backlinks-crawler)"
216.73.216.38 - - [04/Apr/2026:01:34:41 -0400] "GET /gender/t/hair/brown,auburn,blonde/ethnicity/black HTTP/1.1" 200 17172 "-" "Mozilla/5.0 AppleWebKit/537.36 (KHTML, like Gecko; compatible; ClaudeBot/1.0; +claudebot@anthropic.com)"
216.73.216.38 - - [04/Apr/2026:01:34:41 -0400] "GET /status/online/gender/c/age/40-49/hair/grey/ethnicity/latino,islander HTTP/1.1" 200 17946 "-" "Mozilla/5.0 AppleWebKit/537.36 (KHTML, like Gecko; compatible; ClaudeBot/1.0; +claudebot@anthropic.com)"
216.73.216.38 - - [04/Apr/2026:01:34:41 -0400] "GET /status/online/gender/t,m/age/50-59,40-49/ethnicity/other,native HTTP/1.1" 200 18014 "-" "Mozilla/5.0 AppleWebKit/537.36 (KHTML, like Gecko; compatible; ClaudeBot/1.0; +claudebot@anthropic.com)"
74.7.227.30 - - [04/Apr/2026:01:34:41 -0400] "GET /age/40-49/ethnicity/asian,other,east-indian,white,islander,black,native,latino HTTP/1.1" 200 18734 "https://nudcam.com/ethnicity/asian,other,east-indian,white,islander,black,native,latino" "Mozilla/5.0 AppleWebKit/537.36 (KHTML, like Gecko; compatible; GPTBot/1.3; +https://openai.com/gptbot)"
216.73.216.38 - - [04/Apr/2026:01:34:41 -0400] "GET /age/20-29,30-39,50-59/ethnicity/white,native,east-indian HTTP/1.1" 200 17628 "-" "Mozilla/5.0 AppleWebKit/537.36 (KHTML, like Gecko; compatible; ClaudeBot/1.0; +claudebot@anthropic.com)"
74.7.227.134 - - [04/Apr/2026:01:34:41 -0400] "GET /age/18-19,40-49,20-29/ethnicity/news-leonardo-faz-homenagem-apos-morte-de-assessora-cuidou-de-mim-como-filho,islander,east-indian,other,white,native,latino,asian,black HTTP/1.1" 200 23162 "https://www.nudcam.com/age/18-19,40-49/ethnicity/news-leonardo-faz-homenagem-apos-morte-de-assessora-cuidou-de-mim-como-filho,islander,east-indian,other,white,native,latino,asian,black" "Mozilla/5.0 AppleWebKit/537.36 (KHTML, like Gecko; compatible; GPTBot/1.3; +https://openai.com/gptbot)"
216.73.216.38 - - [04/Apr/2026:01:34:41 -0400] "GET /gender/m/hair/grey,white/ethnicity/latino,other,native HTTP/1.1" 200 17533 "-" "Mozilla/5.0 AppleWebKit/537.36 (KHTML, like Gecko; compatible; ClaudeBot/1.0; +claudebot@anthropic.com)"
216.73.216.38 - - [04/Apr/2026:01:34:41 -0400] "GET /gender/m/age/50-59/hair/grey,red,black/ethnicity/white HTTP/1.1" 200 17484 "-" "Mozilla/5.0 AppleWebKit/537.36 (KHTML, like Gecko; compatible; ClaudeBot/1.0; +claudebot@anthropic.com)"
216.73.216.38 - - [04/Apr/2026:01:34:41 -0400] "GET /status/offline/gender/m,t/hair/grey/ethnicity/white,native,other HTTP/1.1" 200 18037 "-" "Mozilla/5.0 AppleWebKit/537.36 (KHTML, like Gecko; compatible; ClaudeBot/1.0; +claudebot@anthropic.com)"
216.73.216.38 - - [04/Apr/2026:01:34:42 -0400] "GET /status/offline/gender/m,f,t/age/30-39/hair/black,white HTTP/1.1" 200 17743 "-" "Mozilla/5.0 AppleWebKit/537.36 (KHTML, like Gecko; compatible; ClaudeBot/1.0; +claudebot@anthropic.com)"
216.73.216.38 - - [04/Apr/2026:01:34:42 -0400] "GET /status/offline/gender/t,c/age/18-19,20-29,40-49/ethnicity/other HTTP/1.1" 200 17989 "-" "Mozilla/5.0 AppleWebKit/537.36 (KHTML, like Gecko; compatible; ClaudeBot/1.0; +claudebot@anthropic.com)"
17.241.219.194 - - [04/Apr/2026:01:34:42 -0400] "GET /status/online,offline/gender/f,t/ethnicity/other/sites/1 HTTP/1.1" 200 17460 "-" "Mozilla/5.0 (Macintosh; Intel Mac OS X 10_15_7) AppleWebKit/605.1.15 (KHTML, like Gecko) Version/17.4 Safari/605.1.15 (Applebot/0.1; +http://www.apple.com/go/applebot)"
52.204.71.8 - - [04/Apr/2026:01:34:42 -0400] "GET /status/offline,online/gender/t,f,c/age/18-19,50-59,40-49/hair/black/ethnicity/asian,native/languages/english HTTP/1.1" 200 20489 "-" "Mozilla/5.0 AppleWebKit/537.36 (KHTML, like Gecko; compatible; Amazonbot/0.1; +https://developer.amazon.com/support/amazonbot) Chrome/119.0.6045.214 Safari/537.36"
216.73.216.38 - - [04/Apr/2026:01:34:42 -0400] "GET /status/offline,online/age/30-39/ethnicity/east-indian,native,white HTTP/1.1" 200 17952 "-" "Mozilla/5.0 AppleWebKit/537.36 (KHTML, like Gecko; compatible; ClaudeBot/1.0; +claudebot@anthropic.com)"
216.73.216.38 - - [04/Apr/2026:01:34:42 -0400] "GET /age/20-29,40-49,60-100/hair/grey,auburn,red HTTP/1.1" 200 17232 "-" "Mozilla/5.0 AppleWebKit/537.36 (KHTML, like Gecko; compatible; ClaudeBot/1.0; +claudebot@anthropic.com)"
216.73.216.38 - - [04/Apr/2026:01:34:42 -0400] "GET /status/offline/age/30-39/hair/red,grey/ethnicity/black,east-indian HTTP/1.1" 200 17915 "-" "Mozilla/5.0 AppleWebKit/537.36 (KHTML, like Gecko; compatible; ClaudeBot/1.0; +claudebot@anthropic.com)"
216.73.216.38 - - [04/Apr/2026:01:34:42 -0400] "GET /status/offline/hair/black,auburn,red/ethnicity/other,native,islander HTTP/1.1" 200 18194 "-" "Mozilla/5.0 AppleWebKit/537.36 (KHTML, like Gecko; compatible; ClaudeBot/1.0; +claudebot@anthropic.com)"
216.73.216.38 - - [04/Apr/2026:01:34:42 -0400] "GET /status/online,offline/age/50-59/hair/auburn,red/ethnicity/black HTTP/1.1" 200 17804 "-" "Mozilla/5.0 AppleWebKit/537.36 (KHTML, like Gecko; compatible; ClaudeBot/1.0; +claudebot@anthropic.com)"
74.7.227.30 - - [04/Apr/2026:01:34:42 -0400] "GET /age/40-49/ethnicity/islander,native,black,other,asian,latino,east-indian,white HTTP/1.1" 200 18734 "https://nudcam.com/ethnicity/islander,native,black,other,asian,latino,east-indian,white" "Mozilla/5.0 AppleWebKit/537.36 (KHTML, like Gecko; compatible; GPTBot/1.3; +https://openai.com/gptbot)"
216.73.216.38 - - [04/Apr/2026:01:34:42 -0400] "GET /status/online/gender/f/age/18-19,60-100/hair/red,brown HTTP/1.1" 200 17557 "-" "Mozilla/5.0 AppleWebKit/537.36 (KHTML, like Gecko; compatible; ClaudeBot/1.0; +claudebot@anthropic.com)"
216.73.216.38 - - [04/Apr/2026:01:34:42 -0400] "GET /status/offline/gender/c,m,t,f/age/20-29/hair/brown HTTP/1.1" 200 17600 "-" "Mozilla/5.0 AppleWebKit/537.36 (KHTML, like Gecko; compatible; ClaudeBot/1.0; +claudebot@anthropic.com)"
74.7.227.134 - - [04/Apr/2026:01:34:42 -0400] "GET /age/30-39,40-49,50-59/hair/auburn/ethnicity/news-leonardo-faz-homenagem-apos-morte-de-assessora-cuidou-de-mim-como-filho,white,black,east-indian,latino,native,islander,other,asian HTTP/1.1" 200 23898 "https://www.nudcam.com/age/30-39,40-49,50-59/ethnicity/news-leonardo-faz-homenagem-apos-morte-de-assessora-cuidou-de-mim-como-filho,white,black,east-indian,latino,native,islander,other,asian" "Mozilla/5.0 AppleWebKit/537.36 (KHTML, like Gecko; compatible; GPTBot/1.3; +https://openai.com/gptbot)"
216.73.216.38 - - [04/Apr/2026:01:34:42 -0400] "GET /gender/m,c/age/20-29/ethnicity/asian,native,other HTTP/1.1" 200 17385 "-" "Mozilla/5.0 AppleWebKit/537.36 (KHTML, like Gecko; compatible; ClaudeBot/1.0; +claudebot@anthropic.com)"
216.73.216.38 - - [04/Apr/2026:01:34:42 -0400] "GET /status/offline/gender/f/age/60-100/hair/auburn/ethnicity/black,asian HTTP/1.1" 200 17946 "-" "Mozilla/5.0 AppleWebKit/537.36 (KHTML, like Gecko; compatible; ClaudeBot/1.0; +claudebot@anthropic.com)"
216.73.216.38 - - [04/Apr/2026:01:34:43 -0400] "GET /status/offline,online/gender/f,t,m,c/ethnicity/native,black HTTP/1.1" 200 18091 "-" "Mozilla/5.0 AppleWebKit/537.36 (KHTML, like Gecko; compatible; ClaudeBot/1.0; +claudebot@anthropic.com)"
216.73.216.38 - - [04/Apr/2026:01:34:43 -0400] "GET /status/online/gender/f,t/age/40-49/ethnicity/other,latino,native HTTP/1.1" 200 18049 "-" "Mozilla/5.0 AppleWebKit/537.36 (KHTML, like Gecko; compatible; ClaudeBot/1.0; +claudebot@anthropic.com)"
17.246.19.106 - - [04/Apr/2026:01:34:43 -0400] "GET /gender/t,m/age/18-19,50-59/hair/white HTTP/1.1" 200 16859 "-" "Mozilla/5.0 (Macintosh; Intel Mac OS X 10_15_7) AppleWebKit/605.1.15 (KHTML, like Gecko) Version/17.4 Safari/605.1.15 (Applebot/0.1; +http://www.apple.com/go/applebot)"
216.73.216.38 - - [04/Apr/2026:01:34:43 -0400] "GET /age/20-29/hair/black,white,auburn,grey/ethnicity/native,white HTTP/1.1" 200 17947 "-" "Mozilla/5.0 AppleWebKit/537.36 (KHTML, like Gecko; compatible; ClaudeBot/1.0; +claudebot@anthropic.com)"
17.241.219.136 - - [04/Apr/2026:01:34:43 -0400] "GET /gender/c,m/age/20-29/hair/grey/languages/hebrew HTTP/1.1" 200 17056 "-" "Mozilla/5.0 (Macintosh; Intel Mac OS X 10_15_7) AppleWebKit/605.1.15 (KHTML, like Gecko) Version/17.4 Safari/605.1.15 (Applebot/0.1; +http://www.apple.com/go/applebot)"
216.73.216.38 - - [04/Apr/2026:01:34:43 -0400] "GET /status/online/gender/m/age/60-100,20-29/hair/red,auburn HTTP/1.1" 200 17588 "-" "Mozilla/5.0 AppleWebKit/537.36 (KHTML, like Gecko; compatible; ClaudeBot/1.0; +claudebot@anthropic.com)"
216.73.216.38 - - [04/Apr/2026:01:34:43 -0400] "GET /gender/c,m/age/50-59,60-100/ethnicity/native,black,white HTTP/1.1" 200 17797 "-" "Mozilla/5.0 AppleWebKit/537.36 (KHTML, like Gecko; compatible; ClaudeBot/1.0; +claudebot@anthropic.com)"
216.73.216.38 - - [04/Apr/2026:01:34:43 -0400] "GET /gender/t,f,m,c/age/40-49/ethnicity/black,native,white HTTP/1.1" 200 17868 "-" "Mozilla/5.0 AppleWebKit/537.36 (KHTML, like Gecko; compatible; ClaudeBot/1.0; +claudebot@anthropic.com)"
216.73.216.38 - - [04/Apr/2026:01:34:43 -0400] "GET /status/online/age/50-59/hair/auburn,black,blonde/ethnicity/native HTTP/1.1" 200 17858 "-" "Mozilla/5.0 AppleWebKit/537.36 (KHTML, like Gecko; compatible; ClaudeBot/1.0; +claudebot@anthropic.com)"
216.73.216.38 - - [04/Apr/2026:01:34:43 -0400] "GET /age/40-49,18-19/hair/red,white,grey/ethnicity/asian HTTP/1.1" 200 17417 "-" "Mozilla/5.0 AppleWebKit/537.36 (KHTML, like Gecko; compatible; ClaudeBot/1.0; +claudebot@anthropic.com)"
74.7.227.30 - - [04/Apr/2026:01:34:43 -0400] "GET /age/30-39,50-59/hair/grey/ethnicity/native,islander,other,black,white,east-indian,asian,latino HTTP/1.1" 200 19704 "https://nudcam.com/age/30-39,50-59/ethnicity/native,islander,other,black,white,east-indian,asian,latino" "Mozilla/5.0 AppleWebKit/537.36 (KHTML, like Gecko; compatible; GPTBot/1.3; +https://openai.com/gptbot)"
216.73.216.38 - - [04/Apr/2026:01:34:43 -0400] "GET /status/offline/age/40-49/hair/auburn,brown,black,red/ethnicity/white HTTP/1.1" 200 18145 "-" "Mozilla/5.0 AppleWebKit/537.36 (KHTML, like Gecko; compatible; ClaudeBot/1.0; +claudebot@anthropic.com)"
74.7.227.134 - - [04/Apr/2026:01:34:43 -0400] "GET /age/30-39,20-29,18-19/ethnicity/news-leonardo-faz-homenagem-apos-morte-de-assessora-cuidou-de-mim-como-filho,white,east-indian,latino,native,islander,other,asian,black HTTP/1.1" 200 23162 "https://www.nudcam.com/age/30-39,20-29/ethnicity/news-leonardo-faz-homenagem-apos-morte-de-assessora-cuidou-de-mim-como-filho,white,east-indian,latino,native,islander,other,asian,black" "Mozilla/5.0 AppleWebKit/537.36 (KHTML, like Gecko; compatible; GPTBot/1.3; +https://openai.com/gptbot)"
216.73.216.38 - - [04/Apr/2026:01:34:43 -0400] "GET /status/offline,online/age/18-19/hair/white,grey,red/ethnicity/white HTTP/1.1" 200 18123 "-" "Mozilla/5.0 AppleWebKit/537.36 (KHTML, like Gecko; compatible; ClaudeBot/1.0; +claudebot@anthropic.com)"
216.73.216.38 - - [04/Apr/2026:01:34:43 -0400] "GET /status/offline/age/30-39,60-100/hair/brown,white/ethnicity/latino HTTP/1.1" 200 17863 "-" "Mozilla/5.0 AppleWebKit/537.36 (KHTML, like Gecko; compatible; ClaudeBot/1.0; +claudebot@anthropic.com)"
216.73.216.38 - - [04/Apr/2026:01:34:44 -0400] "GET /status/offline/gender/f/age/60-100,40-49/hair/red,white,brown HTTP/1.1" 200 17969 "-" "Mozilla/5.0 AppleWebKit/537.36 (KHTML, like Gecko; compatible; ClaudeBot/1.0; +claudebot@anthropic.com)"
216.73.216.38 - - [04/Apr/2026:01:34:44 -0400] "GET /status/online,offline/age/40-49/ethnicity/white,latino,east-indian HTTP/1.1" 200 17952 "-" "Mozilla/5.0 AppleWebKit/537.36 (KHTML, like Gecko; compatible; ClaudeBot/1.0; +claudebot@anthropic.com)"
3.220.148.166 - - [04/Apr/2026:01:34:44 -0400] "GET /status/offline/gender/f,c,t/ethnicity/native,east-indian,islander,latino,white,black/languages/hindi HTTP/1.1" 200 19779 "-" "Mozilla/5.0 AppleWebKit/537.36 (KHTML, like Gecko; compatible; Amazonbot/0.1; +https://developer.amazon.com/support/amazonbot) Chrome/119.0.6045.214 Safari/537.36"
216.73.216.38 - - [04/Apr/2026:01:34:44 -0400] "GET /gender/f/age/30-39/hair/black/ethnicity/islander,black,white HTTP/1.1" 200 17702 "-" "Mozilla/5.0 AppleWebKit/537.36 (KHTML, like Gecko; compatible; ClaudeBot/1.0; +claudebot@anthropic.com)"
216.73.216.38 - - [04/Apr/2026:01:34:44 -0400] "GET /gender/f/age/40-49/hair/red,brown,grey/ethnicity/white,native HTTP/1.1" 200 17922 "-" "Mozilla/5.0 AppleWebKit/537.36 (KHTML, like Gecko; compatible; ClaudeBot/1.0; +claudebot@anthropic.com)"
66.249.66.43 - - [04/Apr/2026:01:34:44 -0400] "GET /hair/grey,black,auburn,red,blonde,brown,white HTTP/1.1" 200 17258 "-" "Mozilla/5.0 (Linux; Android 6.0.1; Nexus 5X Build/MMB29P) AppleWebKit/537.36 (KHTML, like Gecko) Chrome/146.0.7680.177 Mobile Safari/537.36 (compatible; Googlebot/2.1; +http://www.google.com/bot.html)"
216.73.216.38 - - [04/Apr/2026:01:34:44 -0400] "GET /status/offline/hair/white,red,grey/ethnicity/white,islander,asian HTTP/1.1" 200 18092 "-" "Mozilla/5.0 AppleWebKit/537.36 (KHTML, like Gecko; compatible; ClaudeBot/1.0; +claudebot@anthropic.com)"
17.241.219.194 - - [04/Apr/2026:01:34:44 -0400] "GET /age/40-49/hair/red/ethnicity/asian,other,white/languages/fiji HTTP/1.1" 200 17623 "-" "Mozilla/5.0 (Macintosh; Intel Mac OS X 10_15_7) AppleWebKit/605.1.15 (KHTML, like Gecko) Version/17.4 Safari/605.1.15 (Applebot/0.1; +http://www.apple.com/go/applebot)"
216.73.216.38 - - [04/Apr/2026:01:34:44 -0400] "GET /gender/f/age/20-29/hair/red,white,blonde/ethnicity/white HTTP/1.1" 200 17552 "-" "Mozilla/5.0 AppleWebKit/537.36 (KHTML, like Gecko; compatible; ClaudeBot/1.0; +claudebot@anthropic.com)"
216.73.216.38 - - [04/Apr/2026:01:34:44 -0400] "GET /gender/t/age/40-49/hair/white,auburn,red,brown HTTP/1.1" 200 17303 "-" "Mozilla/5.0 AppleWebKit/537.36 (KHTML, like Gecko; compatible; ClaudeBot/1.0; +claudebot@anthropic.com)"
216.73.216.38 - - [04/Apr/2026:01:34:44 -0400] "GET /status/online/gender/t,c/ethnicity/other,black,white,islander HTTP/1.1" 200 17972 "-" "Mozilla/5.0 AppleWebKit/537.36 (KHTML, like Gecko; compatible; ClaudeBot/1.0; +claudebot@anthropic.com)"
74.7.227.30 - - [04/Apr/2026:01:34:44 -0400] "GET /age/30-39,50-59/hair/blonde/ethnicity/native,islander,other,black,white,east-indian,asian,latino HTTP/1.1" 200 19780 "https://nudcam.com/age/30-39,50-59/ethnicity/native,islander,other,black,white,east-indian,asian,latino" "Mozilla/5.0 AppleWebKit/537.36 (KHTML, like Gecko; compatible; GPTBot/1.3; +https://openai.com/gptbot)"
216.73.216.38 - - [04/Apr/2026:01:34:44 -0400] "GET /gender/t,c/hair/red,black/ethnicity/black,white HTTP/1.1" 200 17316 "-" "Mozilla/5.0 AppleWebKit/537.36 (KHTML, like Gecko; compatible; ClaudeBot/1.0; +claudebot@anthropic.com)"
216.73.216.38 - - [04/Apr/2026:01:34:44 -0400] "GET /status/offline/gender/c/age/18-19/hair/red/ethnicity/native,islander,white HTTP/1.1" 200 18342 "-" "Mozilla/5.0 AppleWebKit/537.36 (KHTML, like Gecko; compatible; ClaudeBot/1.0; +claudebot@anthropic.com)"
74.7.227.134 - - [04/Apr/2026:01:34:44 -0400] "GET /age/30-39,20-29,50-59/ethnicity/news-leonardo-faz-homenagem-apos-morte-de-assessora-cuidou-de-mim-como-filho,white,east-indian,latino,native,islander,other,asian,black HTTP/1.1" 200 23162 "https://www.nudcam.com/age/30-39,20-29/ethnicity/news-leonardo-faz-homenagem-apos-morte-de-assessora-cuidou-de-mim-como-filho,white,east-indian,latino,native,islander,other,asian,black" "Mozilla/5.0 AppleWebKit/537.36 (KHTML, like Gecko; compatible; GPTBot/1.3; +https://openai.com/gptbot)"
216.73.216.38 - - [04/Apr/2026:01:34:44 -0400] "GET /status/offline/age/50-59,20-29/hair/blonde/ethnicity/other,white HTTP/1.1" 200 17844 "-" "Mozilla/5.0 AppleWebKit/537.36 (KHTML, like Gecko; compatible; ClaudeBot/1.0; +claudebot@anthropic.com)"
40.77.167.36 - - [04/Apr/2026:01:34:44 -0400] "GET /gender/age,m,f/ethnicity/east-indian,native,asian,black,white HTTP/1.1" 200 18146 "-" "Mozilla/5.0 AppleWebKit/537.36 (KHTML, like Gecko; compatible; bingbot/2.0; +http://www.bing.com/bingbot.htm) Chrome/116.0.1938.76 Safari/537.36"
216.73.216.38 - - [04/Apr/2026:01:34:45 -0400] "GET /status/offline/age/40-49,60-100,50-59,18-19/ethnicity/white,islander HTTP/1.1" 200 18189 "-" "Mozilla/5.0 AppleWebKit/537.36 (KHTML, like Gecko; compatible; ClaudeBot/1.0; +claudebot@anthropic.com)"
216.73.216.38 - - [04/Apr/2026:01:34:45 -0400] "GET /status/online/gender/f/hair/red,black,white/ethnicity/white,native HTTP/1.1" 200 18097 "-" "Mozilla/5.0 AppleWebKit/537.36 (KHTML, like Gecko; compatible; ClaudeBot/1.0; +claudebot@anthropic.com)"
216.73.216.38 - - [04/Apr/2026:01:34:45 -0400] "GET /status/offline/gender/c/age/40-49/hair/black,white,grey/ethnicity/other HTTP/1.1" 200 18222 "-" "Mozilla/5.0 AppleWebKit/537.36 (KHTML, like Gecko; compatible; ClaudeBot/1.0; +claudebot@anthropic.com)"
216.73.216.38 - - [04/Apr/2026:01:34:45 -0400] "GET /status/online/gender/f,m/age/18-19,30-39/ethnicity/native,asian HTTP/1.1" 200 18015 "-" "Mozilla/5.0 AppleWebKit/537.36 (KHTML, like Gecko; compatible; ClaudeBot/1.0; +claudebot@anthropic.com)"
216.73.216.38 - - [04/Apr/2026:01:34:45 -0400] "GET /status/offline/gender/c/hair/red,white,grey/ethnicity/islander,white HTTP/1.1" 200 18165 "-" "Mozilla/5.0 AppleWebKit/537.36 (KHTML, like Gecko; compatible; ClaudeBot/1.0; +claudebot@anthropic.com)"
216.73.216.38 - - [04/Apr/2026:01:34:45 -0400] "GET /status/offline/gender/f,m,c/hair/white/ethnicity/east-indian HTTP/1.1" 200 17697 "-" "Mozilla/5.0 AppleWebKit/537.36 (KHTML, like Gecko; compatible; ClaudeBot/1.0; +claudebot@anthropic.com)"
216.73.216.38 - - [04/Apr/2026:01:34:45 -0400] "GET /status/online/gender/m/hair/red,auburn/ethnicity/black,islander HTTP/1.1" 200 17810 "-" "Mozilla/5.0 AppleWebKit/537.36 (KHTML, like Gecko; compatible; ClaudeBot/1.0; +claudebot@anthropic.com)"
216.73.216.38 - - [04/Apr/2026:01:34:45 -0400] "GET /gender/t/hair/brown,red/ethnicity/native,east-indian HTTP/1.1" 200 17292 "-" "Mozilla/5.0 AppleWebKit/537.36 (KHTML, like Gecko; compatible; ClaudeBot/1.0; +claudebot@anthropic.com)"
216.73.216.38 - - [04/Apr/2026:01:34:45 -0400] "GET /status/online/hair/brown,auburn,blonde/ethnicity/black,white HTTP/1.1" 200 17738 "-" "Mozilla/5.0 AppleWebKit/537.36 (KHTML, like Gecko; compatible; ClaudeBot/1.0; +claudebot@anthropic.com)"
74.7.227.30 - - [04/Apr/2026:01:34:45 -0400] "GET /age/30-39,20-29/ethnicity/native,islander,other,black,east-indian,asian,latino,white HTTP/1.1" 200 19155 "https://nudcam.com/age/30-39,20-29/ethnicity/native,islander,other,black,east-indian,asian,latino" "Mozilla/5.0 AppleWebKit/537.36 (KHTML, like Gecko; compatible; GPTBot/1.3; +https://openai.com/gptbot)"
17.241.75.186 - - [04/Apr/2026:01:34:45 -0400] "GET /status/offline,online/age/60-100/hair/black,brown/languages/german HTTP/1.1" 200 17847 "-" "Mozilla/5.0 (Macintosh; Intel Mac OS X 10_15_7) AppleWebKit/605.1.15 (KHTML, like Gecko) Version/17.4 Safari/605.1.15 (Applebot/0.1; +http://www.apple.com/go/applebot)"
216.73.216.38 - - [04/Apr/2026:01:34:45 -0400] "GET /gender/m/age/30-39/hair/grey,black/ethnicity/east-indian HTTP/1.1" 200 17374 "-" "Mozilla/5.0 AppleWebKit/537.36 (KHTML, like Gecko; compatible; ClaudeBot/1.0; +claudebot@anthropic.com)"
216.73.216.38 - - [04/Apr/2026:01:34:45 -0400] "GET /age/40-49/hair/white,black,auburn/ethnicity/black,native,white HTTP/1.1" 200 17985 "-" "Mozilla/5.0 AppleWebKit/537.36 (KHTML, like Gecko; compatible; ClaudeBot/1.0; +claudebot@anthropic.com)"
74.7.227.134 - - [04/Apr/2026:01:34:45 -0400] "GET /age/18-19,40-49,30-39/ethnicity/news-leonardo-faz-homenagem-apos-morte-de-assessora-cuidou-de-mim-como-filho,islander,east-indian,other,white,native,latino,asian,black HTTP/1.1" 200 23162 "https://www.nudcam.com/age/18-19,40-49/ethnicity/news-leonardo-faz-homenagem-apos-morte-de-assessora-cuidou-de-mim-como-filho,islander,east-indian,other,white,native,latino,asian,black" "Mozilla/5.0 AppleWebKit/537.36 (KHTML, like Gecko; compatible; GPTBot/1.3; +https://openai.com/gptbot)"
17.246.19.96 - - [04/Apr/2026:01:34:46 -0400] "GET /gender/m,f/age/30-39,40-49/hair/auburn/languages/hindi HTTP/1.1" 200 17234 "-" "Mozilla/5.0 (Macintosh; Intel Mac OS X 10_15_7) AppleWebKit/605.1.15 (KHTML, like Gecko) Version/17.4 Safari/605.1.15 (Applebot/0.1; +http://www.apple.com/go/applebot)"
216.73.216.38 - - [04/Apr/2026:01:34:46 -0400] "GET /gender/t,f,c/hair/grey,white/ethnicity/native,white HTTP/1.1" 200 17622 "-" "Mozilla/5.0 AppleWebKit/537.36 (KHTML, like Gecko; compatible; ClaudeBot/1.0; +claudebot@anthropic.com)"
40.77.167.36 - - [04/Apr/2026:01:34:46 -0400] "GET /gender/age,f,t,c/ethnicity/white,native,asian,latino HTTP/1.1" 200 17831 "-" "Mozilla/5.0 AppleWebKit/537.36 (KHTML, like Gecko; compatible; bingbot/2.0; +http://www.bing.com/bingbot.htm) Chrome/116.0.1938.76 Safari/537.36"
216.73.216.38 - - [04/Apr/2026:01:34:46 -0400] "GET /status/offline/gender/f/age/60-100,30-39/ethnicity/native,black,white,islander HTTP/1.1" 200 18716 "-" "Mozilla/5.0 AppleWebKit/537.36 (KHTML, like Gecko; compatible; ClaudeBot/1.0; +claudebot@anthropic.com)"
216.73.216.38 - - [04/Apr/2026:01:34:46 -0400] "GET /gender/t,f/age/40-49/hair/red,grey/ethnicity/white,native HTTP/1.1" 200 17802 "-" "Mozilla/5.0 AppleWebKit/537.36 (KHTML, like Gecko; compatible; ClaudeBot/1.0; +claudebot@anthropic.com)"
216.73.216.38 - - [04/Apr/2026:01:34:46 -0400] "GET /age/60-100,30-39/hair/grey,white/ethnicity/native,white,black HTTP/1.1" 200 17956 "-" "Mozilla/5.0 AppleWebKit/537.36 (KHTML, like Gecko; compatible; ClaudeBot/1.0; +claudebot@anthropic.com)"
212.241.18.224 - - [04/Apr/2026:01:34:46 -0400] "GET /gender/m,t/languages/estonian HTTP/1.1" 200 16255 "https://www.nudcam.com/" "Mozilla/5.0 (Windows NT 10.0; Win64; x64) AppleWebKit/537.36 (KHTML, like Gecko) Chrome/135.0.0.0 Safari/537.36"
216.73.216.38 - - [04/Apr/2026:01:34:46 -0400] "GET /gender/c/age/20-29/hair/white,brown/ethnicity/east-indian HTTP/1.1" 200 17408 "-" "Mozilla/5.0 AppleWebKit/537.36 (KHTML, like Gecko; compatible; ClaudeBot/1.0; +claudebot@anthropic.com)"
216.73.216.38 - - [04/Apr/2026:01:34:46 -0400] "GET /status/online/gender/m,c,t/age/50-59/ethnicity/white,black HTTP/1.1" 200 17842 "-" "Mozilla/5.0 AppleWebKit/537.36 (KHTML, like Gecko; compatible; ClaudeBot/1.0; +claudebot@anthropic.com)"
216.73.216.38 - - [04/Apr/2026:01:34:46 -0400] "GET /age/40-49/hair/grey,white,brown/ethnicity/islander,other,native HTTP/1.1" 200 18019 "-" "Mozilla/5.0 AppleWebKit/537.36 (KHTML, like Gecko; compatible; ClaudeBot/1.0; +claudebot@anthropic.com)"
216.73.216.38 - - [04/Apr/2026:01:34:46 -0400] "GET /status/offline/gender/m/age/20-29/hair/brown/ethnicity/islander,asian HTTP/1.1" 200 17977 "-" "Mozilla/5.0 AppleWebKit/537.36 (KHTML, like Gecko; compatible; ClaudeBot/1.0; +claudebot@anthropic.com)"
216.73.216.38 - - [04/Apr/2026:01:34:46 -0400] "GET /gender/c,m/hair/red,brown/ethnicity/black,other HTTP/1.1" 200 17315 "-" "Mozilla/5.0 AppleWebKit/537.36 (KHTML, like Gecko; compatible; ClaudeBot/1.0; +claudebot@anthropic.com)"
216.73.216.38 - - [04/Apr/2026:01:34:46 -0400] "GET /status/offline/hair/black,white,brown,grey/ethnicity/other,black HTTP/1.1" 200 18054 "-" "Mozilla/5.0 AppleWebKit/537.36 (KHTML, like Gecko; compatible; ClaudeBot/1.0; +claudebot@anthropic.com)"
74.7.227.30 - - [04/Apr/2026:01:34:46 -0400] "GET /age/30-39,50-59/ethnicity/native,islander,other,black,east-indian,asian,latino HTTP/1.1" 200 18735 "https://nudcam.com/age/30-39,50-59/ethnicity/native,islander,other,black,white,east-indian,asian,latino" "Mozilla/5.0 AppleWebKit/537.36 (KHTML, like Gecko; compatible; GPTBot/1.3; +https://openai.com/gptbot)"
216.73.216.38 - - [04/Apr/2026:01:34:46 -0400] "GET /age/20-29/hair/grey,auburn,red/ethnicity/other,asian HTTP/1.1" 200 17469 "-" "Mozilla/5.0 AppleWebKit/537.36 (KHTML, like Gecko; compatible; ClaudeBot/1.0; +claudebot@anthropic.com)"
74.7.227.134 - - [04/Apr/2026:01:34:47 -0400] "GET /age/18-19,50-59,40-49/ethnicity/news-leonardo-faz-homenagem-apos-morte-de-assessora-cuidou-de-mim-como-filho,other,native,islander,latino,east-indian,white,asian,black HTTP/1.1" 200 23162 "https://www.nudcam.com/age/18-19,50-59/ethnicity/news-leonardo-faz-homenagem-apos-morte-de-assessora-cuidou-de-mim-como-filho,other,native,islander,latino,east-indian,white,asian,black" "Mozilla/5.0 AppleWebKit/537.36 (KHTML, like Gecko; compatible; GPTBot/1.3; +https://openai.com/gptbot)"
216.73.216.38 - - [04/Apr/2026:01:34:47 -0400] "GET /age/30-39,40-49,50-59/hair/grey,auburn/ethnicity/native HTTP/1.1" 200 17546 "-" "Mozilla/5.0 AppleWebKit/537.36 (KHTML, like Gecko; compatible; ClaudeBot/1.0; +claudebot@anthropic.com)"
216.73.216.38 - - [04/Apr/2026:01:34:47 -0400] "GET /status/offline/age/50-59/hair/blonde,black,brown/ethnicity/islander HTTP/1.1" 200 17924 "-" "Mozilla/5.0 AppleWebKit/537.36 (KHTML, like Gecko; compatible; ClaudeBot/1.0; +claudebot@anthropic.com)"
216.73.216.38 - - [04/Apr/2026:01:34:47 -0400] "GET /status/offline/ethnicity/black,islander,other,native,latino,asian HTTP/1.1" 200 18125 "-" "Mozilla/5.0 AppleWebKit/537.36 (KHTML, like Gecko; compatible; ClaudeBot/1.0; +claudebot@anthropic.com)"
216.73.216.38 - - [04/Apr/2026:01:34:47 -0400] "GET /status/offline/gender/m/age/40-49/hair/red,white/ethnicity/native,asian HTTP/1.1" 200 18244 "-" "Mozilla/5.0 AppleWebKit/537.36 (KHTML, like Gecko; compatible; ClaudeBot/1.0; +claudebot@anthropic.com)"
144.76.32.236 - - [04/Apr/2026:01:34:47 -0400] "GET /gender/f,m,c,t/age/20-29/hair/auburn,white HTTP/1.1" 200 17130 "-" "Mozilla/5.0 (compatible; SERankingBacklinksBot/1.0; +https://seranking.com/backlinks-crawler)"
17.241.219.201 - - [04/Apr/2026:01:34:47 -0400] "GET /status/offline,online/age/30-39,18-19/sites/1 HTTP/1.1" 200 17018 "-" "Mozilla/5.0 (Macintosh; Intel Mac OS X 10_15_7) AppleWebKit/605.1.15 (KHTML, like Gecko) Version/17.4 Safari/605.1.15 (Applebot/0.1; +http://www.apple.com/go/applebot)"
216.73.216.38 - - [04/Apr/2026:01:34:47 -0400] "GET /status/offline/age/18-19/hair/black,grey,auburn,white/ethnicity/white HTTP/1.1" 200 18179 "-" "Mozilla/5.0 AppleWebKit/537.36 (KHTML, like Gecko; compatible; ClaudeBot/1.0; +claudebot@anthropic.com)"
216.73.216.38 - - [04/Apr/2026:01:34:47 -0400] "GET /status/offline/hair/red,grey,auburn/ethnicity/white,black,islander HTTP/1.1" 200 18126 "-" "Mozilla/5.0 AppleWebKit/537.36 (KHTML, like Gecko; compatible; ClaudeBot/1.0; +claudebot@anthropic.com)"
216.73.216.38 - - [04/Apr/2026:01:34:47 -0400] "GET /gender/t,c/hair/grey/ethnicity/white,native,latino HTTP/1.1" 200 17409 "-" "Mozilla/5.0 AppleWebKit/537.36 (KHTML, like Gecko; compatible; ClaudeBot/1.0; +claudebot@anthropic.com)"
216.73.216.38 - - [04/Apr/2026:01:34:47 -0400] "GET /status/offline/gender/f,c/age/40-49/hair/red/ethnicity/east-indian HTTP/1.1" 200 17873 "-" "Mozilla/5.0 AppleWebKit/537.36 (KHTML, like Gecko; compatible; ClaudeBot/1.0; +claudebot@anthropic.com)"
216.73.216.38 - - [04/Apr/2026:01:34:47 -0400] "GET /status/online,offline/hair/blonde,black/ethnicity/white,islander HTTP/1.1" 200 17882 "-" "Mozilla/5.0 AppleWebKit/537.36 (KHTML, like Gecko; compatible; ClaudeBot/1.0; +claudebot@anthropic.com)"
216.73.216.38 - - [04/Apr/2026:01:34:47 -0400] "GET /status/offline/gender/c/hair/white,auburn/ethnicity/native,white,islander HTTP/1.1" 200 18339 "-" "Mozilla/5.0 AppleWebKit/537.36 (KHTML, like Gecko; compatible; ClaudeBot/1.0; +claudebot@anthropic.com)"
74.7.227.30 - - [04/Apr/2026:01:34:47 -0400] "GET /age/40-49,30-39/ethnicity/native,asian,other,black,islander,east-indian,latino,white HTTP/1.1" 200 19155 "https://nudcam.com/age/40-49,30-39/ethnicity/native,asian,other,black,islander,east-indian,latino" "Mozilla/5.0 AppleWebKit/537.36 (KHTML, like Gecko; compatible; GPTBot/1.3; +https://openai.com/gptbot)"
216.73.216.38 - - [04/Apr/2026:01:34:47 -0400] "GET /status/online/gender/f/hair/grey,red/ethnicity/native,islander,white HTTP/1.1" 200 18169 "-" "Mozilla/5.0 AppleWebKit/537.36 (KHTML, like Gecko; compatible; ClaudeBot/1.0; +claudebot@anthropic.com)"
216.73.216.38 - - [04/Apr/2026:01:34:48 -0400] "GET /status/offline,online/gender/c,f/age/18-19/hair/grey/ethnicity/native HTTP/1.1" 200 18173 "-" "Mozilla/5.0 AppleWebKit/537.36 (KHTML, like Gecko; compatible; ClaudeBot/1.0; +claudebot@anthropic.com)"
216.73.216.38 - - [04/Apr/2026:01:34:48 -0400] "GET /gender/c/age/30-39,60-100/ethnicity/white,latino,other HTTP/1.1" 200 17540 "-" "Mozilla/5.0 AppleWebKit/537.36 (KHTML, like Gecko; compatible; ClaudeBot/1.0; +claudebot@anthropic.com)"
54.204.12.115 - - [04/Apr/2026:01:34:48 -0400] "GET /status/offline,online/gender/m,f,c,t/age/50-59,30-39/hair/red/ethnicity/islander,asian,native,east-indian/languages/slovak HTTP/1.1" 200 21267 "-" "Mozilla/5.0 AppleWebKit/537.36 (KHTML, like Gecko; compatible; Amazonbot/0.1; +https://developer.amazon.com/support/amazonbot) Chrome/119.0.6045.214 Safari/537.36"
74.7.227.134 - - [04/Apr/2026:01:34:48 -0400] "GET /age/30-39,40-49,18-19/ethnicity/news-leonardo-faz-homenagem-apos-morte-de-assessora-cuidou-de-mim-como-filho,white,black,east-indian,latino,native,islander,other,asian HTTP/1.1" 200 23162 "https://www.nudcam.com/age/30-39,40-49/ethnicity/news-leonardo-faz-homenagem-apos-morte-de-assessora-cuidou-de-mim-como-filho,white,black,east-indian,latino,native,islander,other,asian" "Mozilla/5.0 AppleWebKit/537.36 (KHTML, like Gecko; compatible; GPTBot/1.3; +https://openai.com/gptbot)"
216.73.216.38 - - [04/Apr/2026:01:34:48 -0400] "GET /age/60-100/hair/auburn/ethnicity/native,latino,white,islander HTTP/1.1" 200 17764 "-" "Mozilla/5.0 AppleWebKit/537.36 (KHTML, like Gecko; compatible; ClaudeBot/1.0; +claudebot@anthropic.com)"
216.73.216.38 - - [04/Apr/2026:01:34:48 -0400] "GET /status/offline/gender/c/age/60-100,40-49/ethnicity/latino,white,black HTTP/1.1" 200 18208 "-" "Mozilla/5.0 AppleWebKit/537.36 (KHTML, like Gecko; compatible; ClaudeBot/1.0; +claudebot@anthropic.com)"
216.73.216.38 - - [04/Apr/2026:01:34:48 -0400] "GET /age/50-59/ethnicity/other,east-indian,white,islander HTTP/1.1" 200 17326 "-" "Mozilla/5.0 AppleWebKit/537.36 (KHTML, like Gecko; compatible; ClaudeBot/1.0; +claudebot@anthropic.com)"
66.249.66.4 - - [04/Apr/2026:01:34:48 -0400] "GET /status/offline/hair/white,brown,red,black,blonde HTTP/1.1" 200 17180 "-" "Mozilla/5.0 (Linux; Android 6.0.1; Nexus 5X Build/MMB29P) AppleWebKit/537.36 (KHTML, like Gecko) Chrome/146.0.7680.177 Mobile Safari/537.36 (compatible; Googlebot/2.1; +http://www.google.com/bot.html)"
216.73.216.38 - - [04/Apr/2026:01:34:48 -0400] "GET /status/offline/ethnicity/black,native,other,islander,latino,asian HTTP/1.1" 200 18125 "-" "Mozilla/5.0 AppleWebKit/537.36 (KHTML, like Gecko; compatible; ClaudeBot/1.0; +claudebot@anthropic.com)"
216.73.216.38 - - [04/Apr/2026:01:34:48 -0400] "GET /status/offline/hair/white,brown,auburn,black/ethnicity/native,islander HTTP/1.1" 200 18258 "-" "Mozilla/5.0 AppleWebKit/537.36 (KHTML, like Gecko; compatible; ClaudeBot/1.0; +claudebot@anthropic.com)"
17.241.75.232 - - [04/Apr/2026:01:34:48 -0400] "GET /status/offline/age/18-19/hair/auburn,black HTTP/1.1" 200 16857 "-" "Mozilla/5.0 (Macintosh; Intel Mac OS X 10_15_7) AppleWebKit/605.1.15 (KHTML, like Gecko) Version/17.4 Safari/605.1.15 (Applebot/0.1; +http://www.apple.com/go/applebot)"
216.73.216.38 - - [04/Apr/2026:01:34:48 -0400] "GET /gender/f/age/20-29/hair/blonde,red,black,grey HTTP/1.1" 200 17271 "-" "Mozilla/5.0 AppleWebKit/537.36 (KHTML, like Gecko; compatible; ClaudeBot/1.0; +claudebot@anthropic.com)"
216.73.216.38 - - [04/Apr/2026:01:34:48 -0400] "GET /status/online/age/18-19/hair/brown/ethnicity/native,other,latino HTTP/1.1" 200 17843 "-" "Mozilla/5.0 AppleWebKit/537.36 (KHTML, like Gecko; compatible; ClaudeBot/1.0; +claudebot@anthropic.com)"
216.73.216.38 - - [04/Apr/2026:01:34:48 -0400] "GET /age/40-49,50-59,20-29/hair/auburn/ethnicity/native,white HTTP/1.1" 200 17593 "-" "Mozilla/5.0 AppleWebKit/537.36 (KHTML, like Gecko; compatible; ClaudeBot/1.0; +claudebot@anthropic.com)"
216.73.216.38 - - [04/Apr/2026:01:34:48 -0400] "GET /status/offline/age/50-59,18-19/ethnicity/black,native,latino,white HTTP/1.1" 200 18135 "-" "Mozilla/5.0 AppleWebKit/537.36 (KHTML, like Gecko; compatible; ClaudeBot/1.0; +claudebot@anthropic.com)"
74.7.227.30 - - [04/Apr/2026:01:34:49 -0400] "GET /age/40-49,20-29/ethnicity/native,asian,other,black,islander,east-indian,latino HTTP/1.1" 200 18735 "https://nudcam.com/age/40-49,20-29/ethnicity/native,white,asian,other,black,islander,east-indian,latino" "Mozilla/5.0 AppleWebKit/537.36 (KHTML, like Gecko; compatible; GPTBot/1.3; +https://openai.com/gptbot)"
216.73.216.38 - - [04/Apr/2026:01:34:49 -0400] "GET /gender/m/age/30-39/hair/auburn,red,brown,white HTTP/1.1" 200 17302 "-" "Mozilla/5.0 AppleWebKit/537.36 (KHTML, like Gecko; compatible; ClaudeBot/1.0; +claudebot@anthropic.com)"
74.7.227.134 - - [04/Apr/2026:01:34:49 -0400] "GET /age/30-39,40-49,20-29/ethnicity/news-leonardo-faz-homenagem-apos-morte-de-assessora-cuidou-de-mim-como-filho,white,black,east-indian,latino,native,islander,other,asian HTTP/1.1" 200 23162 "https://www.nudcam.com/age/30-39,40-49/ethnicity/news-leonardo-faz-homenagem-apos-morte-de-assessora-cuidou-de-mim-como-filho,white,black,east-indian,latino,native,islander,other,asian" "Mozilla/5.0 AppleWebKit/537.36 (KHTML, like Gecko; compatible; GPTBot/1.3; +https://openai.com/gptbot)"
216.73.216.38 - - [04/Apr/2026:01:34:49 -0400] "GET /status/online/gender/m,t/age/40-49,20-29/ethnicity/other,native HTTP/1.1" 200 18014 "-" "Mozilla/5.0 AppleWebKit/537.36 (KHTML, like Gecko; compatible; ClaudeBot/1.0; +claudebot@anthropic.com)"
216.73.216.38 - - [04/Apr/2026:01:34:49 -0400] "GET /status/offline/hair/grey,auburn/ethnicity/black,native,white,asian HTTP/1.1" 200 18130 "-" "Mozilla/5.0 AppleWebKit/537.36 (KHTML, like Gecko; compatible; ClaudeBot/1.0; +claudebot@anthropic.com)"
216.73.216.38 - - [04/Apr/2026:01:34:49 -0400] "GET /age/18-19,60-100/hair/grey,auburn,brown,black HTTP/1.1" 200 17301 "-" "Mozilla/5.0 AppleWebKit/537.36 (KHTML, like Gecko; compatible; ClaudeBot/1.0; +claudebot@anthropic.com)"
216.73.216.38 - - [04/Apr/2026:01:34:49 -0400] "GET /status/offline/gender/m,c/age/18-19,60-100/ethnicity/white,asian HTTP/1.1" 200 18049 "-" "Mozilla/5.0 AppleWebKit/537.36 (KHTML, like Gecko; compatible; ClaudeBot/1.0; +claudebot@anthropic.com)"
216.73.216.38 - - [04/Apr/2026:01:34:49 -0400] "GET /age/40-49/hair/black,grey,white/ethnicity/latino,asian HTTP/1.1" 200 17535 "-" "Mozilla/5.0 AppleWebKit/537.36 (KHTML, like Gecko; compatible; ClaudeBot/1.0; +claudebot@anthropic.com)"
66.249.66.192 - - [04/Apr/2026:01:34:49 -0400] "GET /ethnicity/native,other,islander,east-indian,black,white,latino,asian HTTP/1.1" 200 18211 "-" "Mozilla/5.0 (Linux; Android 6.0.1; Nexus 5X Build/MMB29P) AppleWebKit/537.36 (KHTML, like Gecko) Chrome/146.0.7680.177 Mobile Safari/537.36 (compatible; Googlebot/2.1; +http://www.google.com/bot.html)"
216.73.216.38 - - [04/Apr/2026:01:34:49 -0400] "GET /status/online/gender/c/hair/red,white,brown/ethnicity/asian HTTP/1.1" 200 17656 "-" "Mozilla/5.0 AppleWebKit/537.36 (KHTML, like Gecko; compatible; ClaudeBot/1.0; +claudebot@anthropic.com)"
17.246.19.142 - - [04/Apr/2026:01:34:49 -0400] "GET /status/offline,online/gender/f/age/30-39/ethnicity/black/languages/french HTTP/1.1" 200 17985 "-" "Mozilla/5.0 (Macintosh; Intel Mac OS X 10_15_7) AppleWebKit/605.1.15 (KHTML, like Gecko) Version/17.4 Safari/605.1.15 (Applebot/0.1; +http://www.apple.com/go/applebot)"
216.73.216.38 - - [04/Apr/2026:01:34:49 -0400] "GET /gender/f/age/20-29/hair/white/ethnicity/white,black,asian HTTP/1.1" 200 17603 "-" "Mozilla/5.0 AppleWebKit/537.36 (KHTML, like Gecko; compatible; ClaudeBot/1.0; +claudebot@anthropic.com)"
17.241.219.219 - - [04/Apr/2026:01:34:49 -0400] "GET /gender/f/age/20-29/ethnicity/native,latino,east-indian/languages/serbian HTTP/1.1" 200 17987 "-" "Mozilla/5.0 (Macintosh; Intel Mac OS X 10_15_7) AppleWebKit/605.1.15 (KHTML, like Gecko) Version/17.4 Safari/605.1.15 (Applebot/0.1; +http://www.apple.com/go/applebot)"
216.73.216.38 - - [04/Apr/2026:01:34:49 -0400] "GET /gender/m,c,f,t/age/40-49/ethnicity/other,white,native HTTP/1.1" 200 17868 "-" "Mozilla/5.0 AppleWebKit/537.36 (KHTML, like Gecko; compatible; ClaudeBot/1.0; +claudebot@anthropic.com)"
216.73.216.38 - - [04/Apr/2026:01:34:49 -0400] "GET /status/online/gender/f,t,c/age/60-100,30-39/ethnicity/other HTTP/1.1" 200 17859 "-" "Mozilla/5.0 AppleWebKit/537.36 (KHTML, like Gecko; compatible; ClaudeBot/1.0; +claudebot@anthropic.com)"
216.73.216.38 - - [04/Apr/2026:01:34:49 -0400] "GET /gender/f/age/30-39,60-100,40-49/hair/white/ethnicity/black HTTP/1.1" 200 17610 "-" "Mozilla/5.0 AppleWebKit/537.36 (KHTML, like Gecko; compatible; ClaudeBot/1.0; +claudebot@anthropic.com)"
74.7.227.30 - - [04/Apr/2026:01:34:49 -0400] "GET /age/40-49,50-59/ethnicity/native,asian,other,black,islander,east-indian,latino,white HTTP/1.1" 200 19155 "https://nudcam.com/age/40-49,50-59/ethnicity/native,asian,other,black,islander,east-indian,latino" "Mozilla/5.0 AppleWebKit/537.36 (KHTML, like Gecko; compatible; GPTBot/1.3; +https://openai.com/gptbot)"
216.73.216.38 - - [04/Apr/2026:01:34:50 -0400] "GET /status/offline/gender/f,c/hair/brown,grey,white/ethnicity/islander HTTP/1.1" 200 18090 "-" "Mozilla/5.0 AppleWebKit/537.36 (KHTML, like Gecko; compatible; ClaudeBot/1.0; +claudebot@anthropic.com)"
102.64.154.61 - - [04/Apr/2026:01:34:50 -0400] "GET /gender/m,t/languages/estonian HTTP/1.1" 200 16255 "https://www.nudcam.com/" "Mozilla/5.0 (Windows NT 10.0; Win64; x64) AppleWebKit/537.36 (KHTML, like Gecko) Chrome/135.0.0.0 Safari/537.36"
216.73.216.38 - - [04/Apr/2026:01:34:50 -0400] "GET /status/online,offline/gender/m/age/40-49,20-29/ethnicity/latino HTTP/1.1" 200 17803 "-" "Mozilla/5.0 AppleWebKit/537.36 (KHTML, like Gecko; compatible; ClaudeBot/1.0; +claudebot@anthropic.com)"
74.7.227.134 - - [04/Apr/2026:01:34:50 -0400] "GET /age/50-59,18-19,20-29/ethnicity/news-leonardo-faz-homenagem-apos-morte-de-assessora-cuidou-de-mim-como-filho,white,east-indian,latino,other,asian,native,black,islander HTTP/1.1" 200 23162 "https://www.nudcam.com/age/50-59,18-19/ethnicity/news-leonardo-faz-homenagem-apos-morte-de-assessora-cuidou-de-mim-como-filho,white,east-indian,latino,other,asian,native,black,islander" "Mozilla/5.0 AppleWebKit/537.36 (KHTML, like Gecko; compatible; GPTBot/1.3; +https://openai.com/gptbot)"
216.73.216.38 - - [04/Apr/2026:01:34:50 -0400] "GET /status/offline/age/50-59,20-29/hair/black,white/ethnicity/native,white HTTP/1.1" 200 18242 "-" "Mozilla/5.0 AppleWebKit/537.36 (KHTML, like Gecko; compatible; ClaudeBot/1.0; +claudebot@anthropic.com)"
216.73.216.38 - - [04/Apr/2026:01:34:50 -0400] "GET /gender/t,c,f,m/age/18-19/ethnicity/other,islander HTTP/1.1" 200 17555 "-" "Mozilla/5.0 AppleWebKit/537.36 (KHTML, like Gecko; compatible; ClaudeBot/1.0; +claudebot@anthropic.com)"
47.128.50.181 - - [04/Apr/2026:01:34:50 -0400] "GET / HTTP/1.1" 200 17771 "-" "Mozilla/5.0 (Linux; Android 5.0) AppleWebKit/537.36 (KHTML, like Gecko) Mobile Safari/537.36 (compatible; Bytespider; spider-feedback@bytedance.com)"
216.73.216.38 - - [04/Apr/2026:01:34:50 -0400] "GET /status/online/age/40-49/hair/black,grey,red/ethnicity/east-indian HTTP/1.1" 200 17858 "-" "Mozilla/5.0 AppleWebKit/537.36 (KHTML, like Gecko; compatible; ClaudeBot/1.0; +claudebot@anthropic.com)"
216.73.216.38 - - [04/Apr/2026:01:34:50 -0400] "GET /age/30-39/hair/red/ethnicity/black,other,native,latino HTTP/1.1" 200 17533 "-" "Mozilla/5.0 AppleWebKit/537.36 (KHTML, like Gecko; compatible; ClaudeBot/1.0; +claudebot@anthropic.com)"
216.73.216.38 - - [04/Apr/2026:01:34:50 -0400] "GET /status/offline/age/60-100,50-59/hair/brown,black/ethnicity/asian HTTP/1.1" 200 17830 "-" "Mozilla/5.0 AppleWebKit/537.36 (KHTML, like Gecko; compatible; ClaudeBot/1.0; +claudebot@anthropic.com)"
216.73.216.38 - - [04/Apr/2026:01:34:50 -0400] "GET /status/offline/age/20-29,30-39/hair/auburn,brown/ethnicity/asian HTTP/1.1" 200 17830 "-" "Mozilla/5.0 AppleWebKit/537.36 (KHTML, like Gecko; compatible; ClaudeBot/1.0; +claudebot@anthropic.com)"
216.73.216.38 - - [04/Apr/2026:01:34:50 -0400] "GET /age/18-19,40-49/hair/blonde,red,grey/ethnicity/other HTTP/1.1" 200 17450 "-" "Mozilla/5.0 AppleWebKit/537.36 (KHTML, like Gecko; compatible; ClaudeBot/1.0; +claudebot@anthropic.com)"
216.73.216.38 - - [04/Apr/2026:01:34:50 -0400] "GET /status/offline/gender/c,m,f/ethnicity/native,asian,black HTTP/1.1" 200 17800 "-" "Mozilla/5.0 AppleWebKit/537.36 (KHTML, like Gecko; compatible; ClaudeBot/1.0; +claudebot@anthropic.com)"
216.73.216.38 - - [04/Apr/2026:01:34:50 -0400] "GET /status/offline/gender/c/hair/red,auburn,grey/ethnicity/islander,native HTTP/1.1" 200 18233 "-" "Mozilla/5.0 AppleWebKit/537.36 (KHTML, like Gecko; compatible; ClaudeBot/1.0; +claudebot@anthropic.com)"
