File: /home/httpd/logs/hardercopy.com_access_log.1
176.65.151.74 - - [05/Apr/2026:04:04:35 -0400] "GET / HTTP/1.1" 301 - "-" "Mozilla/5.0 (Windows NT 10.0; Win64; x64) AppleWebKit/537.36 (KHTML, like Gecko) Chrome/90.0.4430.85 Safari/537.36 Edg/90.0.818.46"
46.193.69.121 - - [05/Apr/2026:04:07:15 -0400] "GET / HTTP/1.1" 301 - "-" "Mozilla/5.0 (Windows NT 10.0; Win64; x64; rv:127.0) Gecko/20100101 Firefox/127.0"
74.206.190.67 - - [05/Apr/2026:04:07:16 -0400] "POST /wp-cron.php?doing_wp_cron=1775376436.0918478965759277343750 HTTP/1.1" 200 - "-" "WordPress/3.6.1; http://www.hardercopy.com"
46.193.69.121 - - [05/Apr/2026:04:07:16 -0400] "GET / HTTP/1.1" 200 26913 "-" "Mozilla/5.0 (Windows NT 10.0; Win64; x64; rv:127.0) Gecko/20100101 Firefox/127.0"
43.165.65.75 - - [05/Apr/2026:04:09:02 -0400] "GET / HTTP/1.1" 301 - "-" "Mozilla/5.0 (iPhone; CPU iPhone OS 13_2_3 like Mac OS X) AppleWebKit/605.1.15 (KHTML, like Gecko) Version/13.0.3 Mobile/15E148 Safari/604.1"
193.142.146.230 - - [05/Apr/2026:04:09:04 -0400] "POST /goform/formJsonAjaxReq HTTP/1.1" 302 289 "http://74.206.190.67:80/login.asp" "Mozilla/5.0"
37.59.21.100 - - [05/Apr/2026:04:19:37 -0400] "GET /index.php/hardcore-teen/southern-brooke.html/feed HTTP/1.1" 200 852 "-" "Mozilla/5.0 (X11; Linux i686) AppleWebKit/537.36 (KHTML, like Gecko) Chrome/30.0.1599.66 Safari/537.36"
170.106.163.84 - - [05/Apr/2026:04:27:03 -0400] "GET / HTTP/1.1" 301 - "-" "Mozilla/5.0 (iPhone; CPU iPhone OS 13_2_3 like Mac OS X) AppleWebKit/605.1.15 (KHTML, like Gecko) Version/13.0.3 Mobile/15E148 Safari/604.1"
20.171.25.42 - - [05/Apr/2026:04:27:45 -0400] "GET / HTTP/1.1" 301 - "-" "Mozilla/5.0 zgrab/0.x"
176.65.151.74 - - [05/Apr/2026:04:29:16 -0400] "GET / HTTP/1.1" 301 - "-" "Mozilla/5.0 (Windows NT 10.0; Win64; x64) AppleWebKit/537.36 (KHTML, like Gecko) Chrome/90.0.4430.85 Safari/537.36 Edg/90.0.818.46"
4.197.75.18 - - [05/Apr/2026:04:36:17 -0400] "GET /wp-content/plugins/hellopress/wp_filemanager.php HTTP/1.1" 302 290 "-" "-"
4.197.75.18 - - [05/Apr/2026:04:36:18 -0400] "GET /txets.php HTTP/1.1" 302 290 "-" "-"
4.197.75.18 - - [05/Apr/2026:04:36:19 -0400] "GET /7logs.php HTTP/1.1" 302 290 "-" "-"
4.197.75.18 - - [05/Apr/2026:04:36:19 -0400] "GET /css/xp.php HTTP/1.1" 302 290 "-" "-"
4.197.75.18 - - [05/Apr/2026:04:36:20 -0400] "GET /wp-admin/network/admin.php HTTP/1.1" 301 - "-" "-"
4.197.75.18 - - [05/Apr/2026:04:36:21 -0400] "GET /wp-admin/network/admin.php HTTP/1.1" 302 - "-" "-"
4.197.75.18 - - [05/Apr/2026:04:36:21 -0400] "GET /wp-login.php?redirect_to=http%3A%2F%2Fwww.hardercopy.com%2Fwp-admin%2Fnetwork%2Fadmin.php&reauth=1 HTTP/1.1" 200 2296 "-" "-"
4.197.75.18 - - [05/Apr/2026:04:36:21 -0400] "GET /chosen.php HTTP/1.1" 302 290 "-" "-"
4.197.75.18 - - [05/Apr/2026:04:36:22 -0400] "GET /pp.php HTTP/1.1" 302 290 "-" "-"
4.197.75.18 - - [05/Apr/2026:04:36:22 -0400] "GET /wp-includes/ID3/rk2.php HTTP/1.1" 302 290 "-" "-"
4.197.75.18 - - [05/Apr/2026:04:36:23 -0400] "GET /gfile.php HTTP/1.1" 302 290 "-" "-"
4.197.75.18 - - [05/Apr/2026:04:36:23 -0400] "GET /a2.php HTTP/1.1" 302 290 "-" "-"
4.197.75.18 - - [05/Apr/2026:04:36:24 -0400] "GET /sys.php HTTP/1.1" 302 290 "-" "-"
4.197.75.18 - - [05/Apr/2026:04:36:24 -0400] "GET /path.php HTTP/1.1" 302 290 "-" "-"
4.197.75.18 - - [05/Apr/2026:04:36:24 -0400] "GET /wp-tem.php HTTP/1.1" 302 290 "-" "-"
4.197.75.18 - - [05/Apr/2026:04:36:25 -0400] "GET /mga.php HTTP/1.1" 302 290 "-" "-"
4.197.75.18 - - [05/Apr/2026:04:36:25 -0400] "GET /agg.php HTTP/1.1" 302 290 "-" "-"
4.197.75.18 - - [05/Apr/2026:04:36:26 -0400] "GET /G-In.php HTTP/1.1" 302 290 "-" "-"
4.197.75.18 - - [05/Apr/2026:04:36:26 -0400] "GET /edit.php HTTP/1.1" 302 290 "-" "-"
4.197.75.18 - - [05/Apr/2026:04:36:27 -0400] "GET /ioxi-o.php HTTP/1.1" 302 290 "-" "-"
4.197.75.18 - - [05/Apr/2026:04:36:27 -0400] "GET /wp-content/admin.php HTTP/1.1" 302 290 "-" "-"
4.197.75.18 - - [05/Apr/2026:04:36:28 -0400] "GET /66.php HTTP/1.1" 302 290 "-" "-"
4.197.75.18 - - [05/Apr/2026:04:36:28 -0400] "GET /wp-includes/assets/index.php HTTP/1.1" 302 290 "-" "-"
4.197.75.18 - - [05/Apr/2026:04:36:28 -0400] "GET /assets/css/index.php HTTP/1.1" 302 290 "-" "-"
4.197.75.18 - - [05/Apr/2026:04:36:29 -0400] "GET /alfa.php HTTP/1.1" 302 290 "-" "-"
4.197.75.18 - - [05/Apr/2026:04:36:29 -0400] "GET /fm.php HTTP/1.1" 302 290 "-" "-"
4.197.75.18 - - [05/Apr/2026:04:36:30 -0400] "GET /admin.php HTTP/1.1" 302 290 "-" "-"
4.197.75.18 - - [05/Apr/2026:04:36:30 -0400] "GET /wp-admin/css/colors/blue/index.php HTTP/1.1" 302 290 "-" "-"
4.197.75.18 - - [05/Apr/2026:04:36:30 -0400] "GET /bjfl.php HTTP/1.1" 302 290 "-" "-"
4.197.75.18 - - [05/Apr/2026:04:36:31 -0400] "GET /ad1.php HTTP/1.1" 302 290 "-" "-"
4.197.75.18 - - [05/Apr/2026:04:36:31 -0400] "GET /nz.php HTTP/1.1" 302 290 "-" "-"
4.197.75.18 - - [05/Apr/2026:04:36:32 -0400] "GET /inwp.php HTTP/1.1" 302 290 "-" "-"
4.197.75.18 - - [05/Apr/2026:04:36:32 -0400] "GET /X7T6.php HTTP/1.1" 302 290 "-" "-"
4.197.75.18 - - [05/Apr/2026:04:36:33 -0400] "GET /p.php HTTP/1.1" 302 290 "-" "-"
4.197.75.18 - - [05/Apr/2026:04:36:33 -0400] "GET /Rk41.php HTTP/1.1" 302 290 "-" "-"
4.197.75.18 - - [05/Apr/2026:04:36:33 -0400] "GET /fgd.php HTTP/1.1" 302 290 "-" "-"
4.197.75.18 - - [05/Apr/2026:04:36:34 -0400] "GET /wp-mail.php/wp-includes/admin.php HTTP/1.1" 301 - "-" "-"
4.197.75.18 - - [05/Apr/2026:04:36:35 -0400] "GET /wp-mail.php/wp-includes/admin.php HTTP/1.1" 500 4193 "-" "-"
4.197.75.18 - - [05/Apr/2026:04:36:35 -0400] "GET /wp-admin/user/content.php HTTP/1.1" 302 290 "-" "-"
4.197.75.18 - - [05/Apr/2026:04:36:35 -0400] "GET /wp-content/plugins/wp.php HTTP/1.1" 302 290 "-" "-"
4.197.75.18 - - [05/Apr/2026:04:36:36 -0400] "GET /wp-includes/Text/wp-conflg.php HTTP/1.1" 302 290 "-" "-"
4.197.75.18 - - [05/Apr/2026:04:36:36 -0400] "GET /wp-content/plugin.php HTTP/1.1" 302 290 "-" "-"
4.197.75.18 - - [05/Apr/2026:04:36:37 -0400] "GET /wp-admin/network/chosen.php HTTP/1.1" 302 290 "-" "-"
4.197.75.18 - - [05/Apr/2026:04:36:37 -0400] "GET /wp-includes/images/chosen.php HTTP/1.1" 302 290 "-" "-"
4.197.75.18 - - [05/Apr/2026:04:36:37 -0400] "GET /inputs.php HTTP/1.1" 302 290 "-" "-"
4.197.75.18 - - [05/Apr/2026:04:36:38 -0400] "GET /css.php HTTP/1.1" 302 290 "-" "-"
4.197.75.18 - - [05/Apr/2026:04:36:38 -0400] "GET /lock.php HTTP/1.1" 302 290 "-" "-"
4.197.75.18 - - [05/Apr/2026:04:36:39 -0400] "GET /wp-admin/wp-admin.php HTTP/1.1" 302 290 "-" "-"
4.197.75.18 - - [05/Apr/2026:04:36:39 -0400] "GET /byp.php HTTP/1.1" 302 290 "-" "-"
4.197.75.18 - - [05/Apr/2026:04:36:39 -0400] "GET /wp-admin/includes/install.php HTTP/1.1" 302 290 "-" "-"
4.197.75.18 - - [05/Apr/2026:04:36:40 -0400] "GET /admin/ty.php HTTP/1.1" 302 290 "-" "-"
4.197.75.18 - - [05/Apr/2026:04:36:40 -0400] "GET /wp-admin/upgrade.php HTTP/1.1" 200 949 "-" "-"
4.197.75.18 - - [05/Apr/2026:04:36:41 -0400] "GET /wp-admin/media.php HTTP/1.1" 301 - "-" "-"
4.197.75.18 - - [05/Apr/2026:04:36:41 -0400] "GET /wp-admin/media.php HTTP/1.1" 302 - "-" "-"
4.197.75.18 - - [05/Apr/2026:04:36:41 -0400] "GET /wp-login.php?redirect_to=http%3A%2F%2Fwww.hardercopy.com%2Fwp-admin%2Fmedia.php&reauth=1 HTTP/1.1" 200 2288 "-" "-"
4.197.75.18 - - [05/Apr/2026:04:36:41 -0400] "GET /about.php HTTP/1.1" 302 290 "-" "-"
4.197.75.18 - - [05/Apr/2026:04:36:42 -0400] "GET /shell.php HTTP/1.1" 302 290 "-" "-"
4.197.75.18 - - [05/Apr/2026:04:36:42 -0400] "GET /index/lock.php HTTP/1.1" 302 290 "-" "-"
4.197.75.18 - - [05/Apr/2026:04:36:43 -0400] "GET /file.php HTTP/1.1" 302 290 "-" "-"
4.197.75.18 - - [05/Apr/2026:04:36:43 -0400] "GET /assets/edit.php HTTP/1.1" 302 290 "-" "-"
4.197.75.18 - - [05/Apr/2026:04:36:43 -0400] "GET /wp-admin/user/chosen.php HTTP/1.1" 302 290 "-" "-"
4.197.75.18 - - [05/Apr/2026:04:36:44 -0400] "GET /themes.php HTTP/1.1" 302 290 "-" "-"
4.197.75.18 - - [05/Apr/2026:04:36:44 -0400] "GET /wp-includes/assets/themes.php HTTP/1.1" 302 290 "-" "-"
4.197.75.18 - - [05/Apr/2026:04:36:45 -0400] "GET /403.php HTTP/1.1" 302 290 "-" "-"
4.197.75.18 - - [05/Apr/2026:04:36:45 -0400] "GET /plugin.php HTTP/1.1" 302 290 "-" "-"
4.197.75.18 - - [05/Apr/2026:04:36:46 -0400] "GET /wp-includes/Text/wp.php HTTP/1.1" 302 290 "-" "-"
4.197.75.18 - - [05/Apr/2026:04:36:46 -0400] "GET /network.php HTTP/1.1" 302 290 "-" "-"
4.197.75.18 - - [05/Apr/2026:04:36:47 -0400] "GET /css/index.php HTTP/1.1" 302 290 "-" "-"
4.197.75.18 - - [05/Apr/2026:04:36:47 -0400] "GET /user.php HTTP/1.1" 302 290 "-" "-"
4.197.75.18 - - [05/Apr/2026:04:36:48 -0400] "GET /wp-admin/js/about.php HTTP/1.1" 302 290 "-" "-"
4.197.75.18 - - [05/Apr/2026:04:36:48 -0400] "GET /wp-admin/images/index.php HTTP/1.1" 302 290 "-" "-"
4.197.75.18 - - [05/Apr/2026:04:36:48 -0400] "GET /wp-content/plugins/index.php?p= HTTP/1.1" 200 - "-" "-"
4.197.75.18 - - [05/Apr/2026:04:36:49 -0400] "GET /wp-mail.php/wp-includes/ID3/rk2.php HTTP/1.1" 301 - "-" "-"
4.197.75.18 - - [05/Apr/2026:04:36:49 -0400] "GET /wp-mail.php/wp-includes/ID3/rk2.php HTTP/1.1" 500 4144 "-" "-"
4.197.75.18 - - [05/Apr/2026:04:36:49 -0400] "GET /wp-content/upgrade-temp-backup/wp-login.php HTTP/1.1" 302 290 "-" "-"
4.197.75.18 - - [05/Apr/2026:04:36:50 -0400] "GET /wp-admin/css/colors/index.php HTTP/1.1" 302 290 "-" "-"
4.197.75.18 - - [05/Apr/2026:04:36:50 -0400] "GET /wp-includes/SimplePie/about.php HTTP/1.1" 302 290 "-" "-"
4.197.75.18 - - [05/Apr/2026:04:36:51 -0400] "GET /abcd.php HTTP/1.1" 302 290 "-" "-"
4.197.75.18 - - [05/Apr/2026:04:36:51 -0400] "GET /fi.php HTTP/1.1" 302 290 "-" "-"
4.197.75.18 - - [05/Apr/2026:04:36:51 -0400] "GET /class-t.api.php HTTP/1.1" 302 290 "-" "-"
4.197.75.18 - - [05/Apr/2026:04:36:52 -0400] "GET /wp9.php HTTP/1.1" 302 290 "-" "-"
4.197.75.18 - - [05/Apr/2026:04:36:52 -0400] "GET /file59.php HTTP/1.1" 302 290 "-" "-"
4.197.75.18 - - [05/Apr/2026:04:36:53 -0400] "GET /file.php? HTTP/1.1" 302 290 "-" "-"
4.197.75.18 - - [05/Apr/2026:04:36:53 -0400] "GET /wp-admin/images/users.php HTTP/1.1" 302 290 "-" "-"
4.197.75.18 - - [05/Apr/2026:04:36:54 -0400] "GET /wp-admin/includes/index.php HTTP/1.1" 302 290 "-" "-"
4.197.75.18 - - [05/Apr/2026:04:36:54 -0400] "GET /wp-includes/js/wp-login.php HTTP/1.1" 302 290 "-" "-"
4.197.75.18 - - [05/Apr/2026:04:36:54 -0400] "GET /default.php HTTP/1.1" 302 290 "-" "-"
4.197.75.18 - - [05/Apr/2026:04:36:55 -0400] "GET /js/fm.php HTTP/1.1" 302 290 "-" "-"
4.197.75.18 - - [05/Apr/2026:04:36:55 -0400] "GET /wp-includes/Text/network.php HTTP/1.1" 302 290 "-" "-"
4.197.75.18 - - [05/Apr/2026:04:36:56 -0400] "GET /info.php HTTP/1.1" 302 290 "-" "-"
4.197.75.18 - - [05/Apr/2026:04:36:56 -0400] "GET /wordpress/wp-includes/wp-config-sample.php HTTP/1.1" 302 290 "-" "-"
4.197.75.18 - - [05/Apr/2026:04:36:56 -0400] "GET /images/cjfuns.php HTTP/1.1" 302 290 "-" "-"
4.197.75.18 - - [05/Apr/2026:04:36:57 -0400] "GET /js/style.php HTTP/1.1" 302 290 "-" "-"
4.197.75.18 - - [05/Apr/2026:04:36:57 -0400] "GET /index/x.php HTTP/1.1" 302 290 "-" "-"
4.197.75.18 - - [05/Apr/2026:04:36:58 -0400] "GET /wp-content/languages/chosen.php HTTP/1.1" 302 290 "-" "-"
4.197.75.18 - - [05/Apr/2026:04:36:58 -0400] "GET /wp-content/themes/classic/inc/json.php HTTP/1.1" 302 290 "-" "-"
4.197.75.18 - - [05/Apr/2026:04:36:59 -0400] "GET /wp-mail.php/wp-includes/ID3/Core32.php HTTP/1.1" 301 - "-" "-"
4.197.75.18 - - [05/Apr/2026:04:36:59 -0400] "GET /wp-mail.php/wp-includes/ID3/Core32.php HTTP/1.1" 500 4144 "-" "-"
4.197.75.18 - - [05/Apr/2026:04:36:59 -0400] "GET /wp-includes/sitemaps/providers/index.php HTTP/1.1" 302 290 "-" "-"
4.197.75.18 - - [05/Apr/2026:04:36:59 -0400] "GET /uploads/test.php HTTP/1.1" 302 290 "-" "-"
4.197.75.18 - - [05/Apr/2026:04:37:00 -0400] "GET /wp-includes/fonts/about.php HTTP/1.1" 302 290 "-" "-"
4.197.75.18 - - [05/Apr/2026:04:37:00 -0400] "GET /1.php HTTP/1.1" 302 290 "-" "-"
4.197.75.18 - - [05/Apr/2026:04:37:01 -0400] "GET /cgi-bin/about.php HTTP/1.1" 302 290 "-" "-"
4.197.75.18 - - [05/Apr/2026:04:37:01 -0400] "GET /wp-includes/style-engine/wp-login.php HTTP/1.1" 302 290 "-" "-"
4.197.75.18 - - [05/Apr/2026:04:37:02 -0400] "GET /wp-includes/images/about.php HTTP/1.1" 302 290 "-" "-"
4.197.75.18 - - [05/Apr/2026:04:37:02 -0400] "GET /wp-content/upgrade-temp-backup/about.php HTTP/1.1" 302 290 "-" "-"
4.197.75.18 - - [05/Apr/2026:04:37:02 -0400] "GET /wp-admin/wp-conflg.php HTTP/1.1" 302 290 "-" "-"
170.106.187.106 - - [05/Apr/2026:04:41:09 -0400] "GET / HTTP/1.1" 301 - "-" "Mozilla/5.0 (iPhone; CPU iPhone OS 13_2_3 like Mac OS X) AppleWebKit/605.1.15 (KHTML, like Gecko) Version/13.0.3 Mobile/15E148 Safari/604.1"
176.65.151.74 - - [05/Apr/2026:04:53:04 -0400] "GET / HTTP/1.1" 301 - "-" "Mozilla/5.0 (Windows NT 10.0; Win64; x64) AppleWebKit/537.36 (KHTML, like Gecko) Chrome/90.0.4430.85 Safari/537.36 Edg/90.0.818.46"
74.206.190.67 - - [05/Apr/2026:05:06:50 -0400] "POST /wp-cron.php?doing_wp_cron=1775380010.8564190864562988281250 HTTP/1.1" 200 - "-" "WordPress/3.6.1; http://www.hardercopy.com"
37.59.21.100 - - [05/Apr/2026:05:06:50 -0400] "GET /index.php/category/hardcore-amateur/feed HTTP/1.1" 200 4427 "-" "Mozilla/5.0 (X11; Linux i686) AppleWebKit/537.36 (KHTML, like Gecko) Chrome/30.0.1599.66 Safari/537.36"
150.109.46.88 - - [05/Apr/2026:05:08:03 -0400] "GET / HTTP/1.1" 301 - "-" "Mozilla/5.0 (iPhone; CPU iPhone OS 13_2_3 like Mac OS X) AppleWebKit/605.1.15 (KHTML, like Gecko) Version/13.0.3 Mobile/15E148 Safari/604.1"
150.109.46.88 - - [05/Apr/2026:05:08:04 -0400] "GET / HTTP/1.1" 200 26913 "http://hardercopy.com" "Mozilla/5.0 (iPhone; CPU iPhone OS 13_2_3 like Mac OS X) AppleWebKit/605.1.15 (KHTML, like Gecko) Version/13.0.3 Mobile/15E148 Safari/604.1"
205.210.31.5 - - [05/Apr/2026:05:09:26 -0400] "GET /wp-login.php HTTP/1.1" 301 - "-" "Hello from Palo Alto Networks, find out more about our scans in https://docs-cortex.paloaltonetworks.com/r/1/Cortex-Xpanse/Scanning-activity"
176.65.151.74 - - [05/Apr/2026:05:19:49 -0400] "GET / HTTP/1.1" 301 - "-" "Mozilla/5.0 (Windows NT 10.0; Win64; x64) AppleWebKit/537.36 (KHTML, like Gecko) Chrome/90.0.4430.85 Safari/537.36 Edg/90.0.818.46"
43.173.1.69 - - [05/Apr/2026:05:21:51 -0400] "GET / HTTP/1.1" 301 - "-" "Mozilla/5.0 (iPhone; CPU iPhone OS 13_2_3 like Mac OS X) AppleWebKit/605.1.15 (KHTML, like Gecko) Version/13.0.3 Mobile/15E148 Safari/604.1"
52.203.79.108 - - [05/Apr/2026:05:28:43 -0400] "GET /robots.txt HTTP/1.1" 200 24 "-" "Mozilla/5.0 (Macintosh; Intel Mac OS X 10_10_1) AppleWebKit/600.2.5 (KHTML, like Gecko) Version/8.0.2 Safari/600.2.5 (Gort)"
37.59.21.100 - - [05/Apr/2026:05:31:21 -0400] "GET /index.php/category/hardcore-teen/feed HTTP/1.1" 200 9000 "-" "Mozilla/5.0 (X11; Linux i686) AppleWebKit/537.36 (KHTML, like Gecko) Chrome/30.0.1599.66 Safari/537.36"
176.65.151.74 - - [05/Apr/2026:05:46:07 -0400] "GET / HTTP/1.1" 301 - "-" "Mozilla/5.0 (Windows NT 10.0; Win64; x64) AppleWebKit/537.36 (KHTML, like Gecko) Chrome/90.0.4430.85 Safari/537.36 Edg/90.0.818.46"
68.221.137.197 - - [05/Apr/2026:05:46:46 -0400] "GET /wp-content/plugins/hellopress/wp_filemanager.php HTTP/1.1" 302 290 "-" "-"
68.221.137.197 - - [05/Apr/2026:05:46:47 -0400] "GET /RIP.php HTTP/1.1" 302 290 "-" "-"
149.86.227.60 - - [05/Apr/2026:05:51:33 -0400] "GET / HTTP/1.1" 301 - "-" "Mozilla/5.0"
170.106.180.139 - - [05/Apr/2026:06:01:47 -0400] "GET / HTTP/1.1" 301 - "-" "Mozilla/5.0 (iPhone; CPU iPhone OS 13_2_3 like Mac OS X) AppleWebKit/605.1.15 (KHTML, like Gecko) Version/13.0.3 Mobile/15E148 Safari/604.1"
103.203.57.3 - - [05/Apr/2026:06:02:24 -0400] "GET / HTTP/1.1" 301 - "-" "Mozilla/5.0 zgrab/0.x"
176.65.151.74 - - [05/Apr/2026:06:12:50 -0400] "GET / HTTP/1.1" 301 - "-" "Mozilla/5.0 (Windows NT 10.0; Win64; x64) AppleWebKit/537.36 (KHTML, like Gecko) Chrome/90.0.4430.85 Safari/537.36 Edg/90.0.818.46"
5.61.209.107 - - [05/Apr/2026:06:20:49 -0400] "GET /SDK/webLanguage HTTP/1.1" 302 289 "-" "Mozilla/5.0 (Windows NT 10.0; Win64; x64) AppleWebKit/537.36 (KHTML, like Gecko) Chrome/90.0.4430.85 Safari/537.36 Edg/90.0.818.46"
205.210.31.106 - - [05/Apr/2026:06:22:55 -0400] "GET /.well-known/security.txt HTTP/1.1" 302 294 "-" "Hello from Palo Alto Networks, find out more about our scans in https://docs-cortex.paloaltonetworks.com/r/1/Cortex-Xpanse/Scanning-activity"
176.65.151.74 - - [05/Apr/2026:06:37:52 -0400] "GET / HTTP/1.1" 301 - "-" "Mozilla/5.0 (Windows NT 10.0; Win64; x64) AppleWebKit/537.36 (KHTML, like Gecko) Chrome/90.0.4430.85 Safari/537.36 Edg/90.0.818.46"
43.159.143.190 - - [05/Apr/2026:06:47:20 -0400] "GET / HTTP/1.1" 301 - "-" "Mozilla/5.0 (iPhone; CPU iPhone OS 13_2_3 like Mac OS X) AppleWebKit/605.1.15 (KHTML, like Gecko) Version/13.0.3 Mobile/15E148 Safari/604.1"
74.206.190.67 - - [05/Apr/2026:06:58:46 -0400] "POST /wp-cron.php?doing_wp_cron=1775386726.6333160400390625000000 HTTP/1.1" 200 - "-" "WordPress/3.6.1; http://www.hardercopy.com"
43.157.170.13 - - [05/Apr/2026:06:58:46 -0400] "GET / HTTP/1.1" 200 26913 "-" "Mozilla/5.0 (iPhone; CPU iPhone OS 13_2_3 like Mac OS X) AppleWebKit/605.1.15 (KHTML, like Gecko) Version/13.0.3 Mobile/15E148 Safari/604.1"
176.65.151.74 - - [05/Apr/2026:07:03:23 -0400] "GET / HTTP/1.1" 301 - "-" "Mozilla/5.0 (Windows NT 10.0; Win64; x64) AppleWebKit/537.36 (KHTML, like Gecko) Chrome/90.0.4430.85 Safari/537.36 Edg/90.0.818.46"
49.51.73.183 - - [05/Apr/2026:07:12:30 -0400] "GET / HTTP/1.1" 301 - "-" "Mozilla/5.0 (iPhone; CPU iPhone OS 13_2_3 like Mac OS X) AppleWebKit/605.1.15 (KHTML, like Gecko) Version/13.0.3 Mobile/15E148 Safari/604.1"
5.189.148.247 - - [05/Apr/2026:07:22:38 -0400] "POST /hello.world?%ADd+allow_url_include%3d1+%ADd+auto_prepend_file%3dphp://input HTTP/1.1" 302 289 "-" "libredtail-http"
176.65.151.74 - - [05/Apr/2026:07:28:51 -0400] "GET / HTTP/1.1" 301 - "-" "Mozilla/5.0 (Windows NT 10.0; Win64; x64) AppleWebKit/537.36 (KHTML, like Gecko) Chrome/90.0.4430.85 Safari/537.36 Edg/90.0.818.46"
49.51.204.74 - - [05/Apr/2026:07:39:17 -0400] "GET / HTTP/1.1" 301 - "-" "Mozilla/5.0 (iPhone; CPU iPhone OS 13_2_3 like Mac OS X) AppleWebKit/605.1.15 (KHTML, like Gecko) Version/13.0.3 Mobile/15E148 Safari/604.1"
74.206.190.67 - - [05/Apr/2026:07:50:14 -0400] "POST /wp-cron.php?doing_wp_cron=1775389814.4326450824737548828125 HTTP/1.1" 200 - "-" "WordPress/3.6.1; http://www.hardercopy.com"
37.59.21.100 - - [05/Apr/2026:07:50:14 -0400] "GET /index.php/category/hardcore-movies/feed HTTP/1.1" 200 4542 "-" "Mozilla/5.0 (X11; Linux i686) AppleWebKit/537.36 (KHTML, like Gecko) Chrome/30.0.1599.66 Safari/537.36"
176.65.151.74 - - [05/Apr/2026:07:52:05 -0400] "GET / HTTP/1.1" 301 - "-" "Mozilla/5.0 (Windows NT 10.0; Win64; x64) AppleWebKit/537.36 (KHTML, like Gecko) Chrome/90.0.4430.85 Safari/537.36 Edg/90.0.818.46"
43.157.170.126 - - [05/Apr/2026:07:57:27 -0400] "GET / HTTP/1.1" 301 - "-" "Mozilla/5.0 (iPhone; CPU iPhone OS 13_2_3 like Mac OS X) AppleWebKit/605.1.15 (KHTML, like Gecko) Version/13.0.3 Mobile/15E148 Safari/604.1"
43.138.68.113 - - [05/Apr/2026:08:09:42 -0400] "GET / HTTP/1.1" 301 - "-" "Mozilla/5.0 (iPhone; CPU iPhone OS 13_2_3 like Mac OS X) AppleWebKit/605.1.15 (KHTML, like Gecko) Version/13.0.3 Mobile/15E148 Safari/604.1"
74.206.190.67 - - [05/Apr/2026:08:09:46 -0400] "POST /wp-cron.php?doing_wp_cron=1775390986.8273758888244628906250 HTTP/1.1" 200 - "-" "WordPress/3.6.1; http://www.hardercopy.com"
43.138.68.113 - - [05/Apr/2026:08:09:46 -0400] "GET / HTTP/1.1" 200 26913 "http://hardercopy.com" "Mozilla/5.0 (iPhone; CPU iPhone OS 13_2_3 like Mac OS X) AppleWebKit/605.1.15 (KHTML, like Gecko) Version/13.0.3 Mobile/15E148 Safari/604.1"
176.65.151.74 - - [05/Apr/2026:08:17:42 -0400] "GET / HTTP/1.1" 301 - "-" "Mozilla/5.0 (Windows NT 10.0; Win64; x64) AppleWebKit/537.36 (KHTML, like Gecko) Chrome/90.0.4430.85 Safari/537.36 Edg/90.0.818.46"
118.89.121.172 - - [05/Apr/2026:08:24:59 -0400] "GET / HTTP/1.1" 301 - "-" "Mozilla/5.0 (Linux; Android 10; LIO-AN00 Build/HUAWEILIO-AN00; wv) MicroMessenger Weixin QQ AppleWebKit/537.36 (KHTML, like Gecko) Version/4.0 Chrome/78.0.3904.62 XWEB/2692 MMWEBSDK/200901 Mobile Safari/537.36"
118.89.121.172 - - [05/Apr/2026:08:25:19 -0400] "GET / HTTP/1.1" 301 - "-" "Mozilla/5.0 (Linux; Android 10; LIO-AN00 Build/HUAWEILIO-AN00; wv) MicroMessenger Weixin QQ AppleWebKit/537.36 (KHTML, like Gecko) Version/4.0 Chrome/78.0.3904.62 XWEB/2692 MMWEBSDK/200901 Mobile Safari/537.36"
118.89.121.172 - - [05/Apr/2026:08:25:39 -0400] "GET / HTTP/1.1" 301 - "-" "Mozilla/5.0 (Linux; Android 10; LIO-AN00 Build/HUAWEILIO-AN00; wv) MicroMessenger Weixin QQ AppleWebKit/537.36 (KHTML, like Gecko) Version/4.0 Chrome/78.0.3904.62 XWEB/2692 MMWEBSDK/200901 Mobile Safari/537.36"
109.248.170.188 - - [05/Apr/2026:08:33:50 -0400] "POST /hello.world?%ADd+allow_url_include%3d1+%ADd+auto_prepend_file%3dphp://input HTTP/1.1" 302 289 "-" "libredtail-http"
43.135.115.233 - - [05/Apr/2026:08:35:08 -0400] "GET / HTTP/1.1" 301 - "-" "Mozilla/5.0 (iPhone; CPU iPhone OS 13_2_3 like Mac OS X) AppleWebKit/605.1.15 (KHTML, like Gecko) Version/13.0.3 Mobile/15E148 Safari/604.1"
43.135.115.233 - - [05/Apr/2026:08:38:38 -0400] "GET / HTTP/1.1" 301 - "-" "Mozilla/5.0 (iPhone; CPU iPhone OS 13_2_3 like Mac OS X) AppleWebKit/605.1.15 (KHTML, like Gecko) Version/13.0.3 Mobile/15E148 Safari/604.1"
81.168.83.103 - - [05/Apr/2026:08:43:44 -0400] "GET /.cursor/rules HTTP/1.1" 302 289 "-" "Mozilla/5.0 (Windows NT 10.0; Win64; x64) AppleWebKit/537.36 (KHTML, like Gecko) Chrome/124.0.0.0 Safari/537.36"
176.65.151.74 - - [05/Apr/2026:08:45:02 -0400] "GET / HTTP/1.1" 301 - "-" "Mozilla/5.0 (Windows NT 10.0; Win64; x64) AppleWebKit/537.36 (KHTML, like Gecko) Chrome/90.0.4430.85 Safari/537.36 Edg/90.0.818.46"
118.89.121.172 - - [05/Apr/2026:08:45:44 -0400] "GET / HTTP/1.1" 301 - "-" "Mozilla/5.0 (Linux; Android 10; LIO-AN00 Build/HUAWEILIO-AN00; wv) MicroMessenger Weixin QQ AppleWebKit/537.36 (KHTML, like Gecko) Version/4.0 Chrome/78.0.3904.62 XWEB/2692 MMWEBSDK/200901 Mobile Safari/537.36"
118.89.121.172 - - [05/Apr/2026:08:46:03 -0400] "GET / HTTP/1.1" 301 - "-" "Mozilla/5.0 (Linux; Android 10; LIO-AN00 Build/HUAWEILIO-AN00; wv) MicroMessenger Weixin QQ AppleWebKit/537.36 (KHTML, like Gecko) Version/4.0 Chrome/78.0.3904.62 XWEB/2692 MMWEBSDK/200901 Mobile Safari/537.36"
118.89.121.172 - - [05/Apr/2026:08:46:04 -0400] "GET / HTTP/1.1" 301 - "-" "Mozilla/5.0 (Linux; Android 10; LIO-AN00 Build/HUAWEILIO-AN00; wv) MicroMessenger Weixin QQ AppleWebKit/537.36 (KHTML, like Gecko) Version/4.0 Chrome/78.0.3904.62 XWEB/2692 MMWEBSDK/200901 Mobile Safari/537.36"
43.133.66.51 - - [05/Apr/2026:08:53:06 -0400] "GET / HTTP/1.1" 301 - "-" "Mozilla/5.0 (iPhone; CPU iPhone OS 13_2_3 like Mac OS X) AppleWebKit/605.1.15 (KHTML, like Gecko) Version/13.0.3 Mobile/15E148 Safari/604.1"
176.65.151.74 - - [05/Apr/2026:09:08:14 -0400] "GET / HTTP/1.1" 301 - "-" "Mozilla/5.0 (Windows NT 10.0; Win64; x64) AppleWebKit/537.36 (KHTML, like Gecko) Chrome/90.0.4430.85 Safari/537.36 Edg/90.0.818.46"
216.244.66.196 - - [05/Apr/2026:09:09:54 -0400] "GET /robots.txt HTTP/1.1" 302 294 "-" "Mozilla/5.0 (compatible; DotBot/1.2; +https://opensiteexplorer.org/dotbot; help@moz.com)"
74.206.190.67 - - [05/Apr/2026:09:11:11 -0400] "POST /wp-cron.php?doing_wp_cron=1775394671.5908339023590087890625 HTTP/1.1" 200 - "-" "WordPress/3.6.1; http://www.hardercopy.com"
37.59.21.100 - - [05/Apr/2026:09:11:11 -0400] "GET /index.php/category/hardcore-latina/feed HTTP/1.1" 200 918 "-" "Mozilla/5.0 (X11; Linux i686) AppleWebKit/537.36 (KHTML, like Gecko) Chrome/30.0.1599.66 Safari/537.36"
216.73.216.134 - - [05/Apr/2026:09:15:43 -0400] "GET /robots.txt HTTP/1.1" 200 24 "-" "Mozilla/5.0 AppleWebKit/537.36 (KHTML, like Gecko; compatible; ClaudeBot/1.0; +claudebot@anthropic.com)"
216.244.66.196 - - [05/Apr/2026:09:19:36 -0400] "GET /index.php/hardcore-teen/southern-brooke.html/feed HTTP/1.1" 302 294 "-" "Mozilla/5.0 (compatible; DotBot/1.2; +https://opensiteexplorer.org/dotbot; help@moz.com)"
170.106.180.139 - - [05/Apr/2026:09:19:39 -0400] "GET / HTTP/1.1" 301 - "-" "Mozilla/5.0 (iPhone; CPU iPhone OS 13_2_3 like Mac OS X) AppleWebKit/605.1.15 (KHTML, like Gecko) Version/13.0.3 Mobile/15E148 Safari/604.1"
216.244.66.196 - - [05/Apr/2026:09:20:23 -0400] "GET /index.php/hardcore-blonde/shawna-lenee-hardcore.html/feed HTTP/1.1" 302 294 "-" "Mozilla/5.0 (compatible; DotBot/1.2; +https://opensiteexplorer.org/dotbot; help@moz.com)"
216.244.66.196 - - [05/Apr/2026:09:20:28 -0400] "GET /index.php/hardcore-brunette/hardcore-brunette.html/feed HTTP/1.1" 302 294 "-" "Mozilla/5.0 (compatible; DotBot/1.2; +https://opensiteexplorer.org/dotbot; help@moz.com)"
176.65.151.74 - - [05/Apr/2026:09:32:15 -0400] "GET / HTTP/1.1" 301 - "-" "Mozilla/5.0 (Windows NT 10.0; Win64; x64) AppleWebKit/537.36 (KHTML, like Gecko) Chrome/90.0.4430.85 Safari/537.36 Edg/90.0.818.46"
43.153.135.208 - - [05/Apr/2026:09:33:45 -0400] "GET / HTTP/1.1" 301 - "-" "Mozilla/5.0 (iPhone; CPU iPhone OS 13_2_3 like Mac OS X) AppleWebKit/605.1.15 (KHTML, like Gecko) Version/13.0.3 Mobile/15E148 Safari/604.1"
43.159.128.155 - - [05/Apr/2026:09:41:54 -0400] "GET / HTTP/1.1" 301 - "-" "Mozilla/5.0 (iPhone; CPU iPhone OS 13_2_3 like Mac OS X) AppleWebKit/605.1.15 (KHTML, like Gecko) Version/13.0.3 Mobile/15E148 Safari/604.1"
20.29.23.77 - - [05/Apr/2026:09:54:32 -0400] "GET /actuator/health HTTP/1.1" 302 289 "-" "Mozilla/5.0 zgrab/0.x"
176.65.151.74 - - [05/Apr/2026:09:58:05 -0400] "GET / HTTP/1.1" 301 - "-" "Mozilla/5.0 (Windows NT 10.0; Win64; x64) AppleWebKit/537.36 (KHTML, like Gecko) Chrome/90.0.4430.85 Safari/537.36 Edg/90.0.818.46"
223.123.38.33 - - [05/Apr/2026:09:58:24 -0400] "GET /boaform/admin/formLogin?username=adminisp&psd=adminisp HTTP/1.1" 302 294 "-" "-"
43.153.192.98 - - [05/Apr/2026:10:20:00 -0400] "GET / HTTP/1.1" 301 - "-" "Mozilla/5.0 (iPhone; CPU iPhone OS 13_2_3 like Mac OS X) AppleWebKit/605.1.15 (KHTML, like Gecko) Version/13.0.3 Mobile/15E148 Safari/604.1"
176.65.151.74 - - [05/Apr/2026:10:23:55 -0400] "GET / HTTP/1.1" 301 - "-" "Mozilla/5.0 (Windows NT 10.0; Win64; x64) AppleWebKit/537.36 (KHTML, like Gecko) Chrome/90.0.4430.85 Safari/537.36 Edg/90.0.818.46"
49.51.180.2 - - [05/Apr/2026:10:32:30 -0400] "GET / HTTP/1.1" 301 - "-" "Mozilla/5.0 (iPhone; CPU iPhone OS 13_2_3 like Mac OS X) AppleWebKit/605.1.15 (KHTML, like Gecko) Version/13.0.3 Mobile/15E148 Safari/604.1"
20.14.93.239 - - [05/Apr/2026:10:41:30 -0400] "GET /developmentserver/metadatauploader HTTP/1.1" 302 289 "-" "Mozilla/5.0 zgrab/0.x"
216.244.66.196 - - [05/Apr/2026:10:44:55 -0400] "GET /robots.txt HTTP/1.1" 302 294 "-" "Mozilla/5.0 (compatible; DotBot/1.2; +https://opensiteexplorer.org/dotbot; help@moz.com)"
74.206.190.67 - - [05/Apr/2026:10:46:22 -0400] "POST /wp-cron.php?doing_wp_cron=1775400382.7934010028839111328125 HTTP/1.1" 200 - "-" "WordPress/3.6.1; http://www.hardercopy.com"
114.119.152.54 - - [05/Apr/2026:10:46:22 -0400] "GET /index.php/uncategorized/hardcore-virgin-tube.html HTTP/1.1" 301 - "http://www.hardercopy.com/index.php/tag/hardcore-fucking/page/4" "Mozilla/5.0 (Linux; Android 7.0;) AppleWebKit/537.36 (KHTML, like Gecko) Mobile Safari/537.36 (compatible; PetalBot;+https://webmaster.petalsearch.com/site/petalbot)"
114.119.152.54 - - [05/Apr/2026:10:46:25 -0400] "GET /index.php/hardcore-movies/hardcore-virgin-tube.html HTTP/1.1" 200 20277 "http://www.hardercopy.com/index.php/tag/hardcore-fucking/page/4" "Mozilla/5.0 (Linux; Android 7.0;) AppleWebKit/537.36 (KHTML, like Gecko) Mobile Safari/537.36 (compatible; PetalBot;+https://webmaster.petalsearch.com/site/petalbot)"
114.119.155.55 - - [05/Apr/2026:10:51:03 -0400] "GET /index.php/tag/hardcore-anal HTTP/1.1" 200 27036 "http://www.hardercopy.com/index.php/hardcore-teen/young-tube-sex.html" "Mozilla/5.0 (Linux; Android 7.0;) AppleWebKit/537.36 (KHTML, like Gecko) Mobile Safari/537.36 (compatible; PetalBot;+https://webmaster.petalsearch.com/site/petalbot)"
176.65.151.74 - - [05/Apr/2026:10:51:07 -0400] "GET / HTTP/1.1" 301 - "-" "Mozilla/5.0 (Windows NT 10.0; Win64; x64) AppleWebKit/537.36 (KHTML, like Gecko) Chrome/90.0.4430.85 Safari/537.36 Edg/90.0.818.46"
43.130.106.18 - - [05/Apr/2026:10:53:41 -0400] "GET / HTTP/1.1" 301 - "-" "Mozilla/5.0 (iPhone; CPU iPhone OS 13_2_3 like Mac OS X) AppleWebKit/605.1.15 (KHTML, like Gecko) Version/13.0.3 Mobile/15E148 Safari/604.1"
216.244.66.196 - - [05/Apr/2026:10:54:58 -0400] "GET /index.php/tag/xxx/page/2 HTTP/1.1" 302 294 "-" "Mozilla/5.0 (compatible; DotBot/1.2; +https://opensiteexplorer.org/dotbot; help@moz.com)"
216.244.66.196 - - [05/Apr/2026:10:55:51 -0400] "GET /index.php/hardcore-brunette/hardcore-threesome.html/feed HTTP/1.1" 302 294 "-" "Mozilla/5.0 (compatible; DotBot/1.2; +https://opensiteexplorer.org/dotbot; help@moz.com)"
149.86.227.60 - - [05/Apr/2026:11:03:47 -0400] "GET / HTTP/1.1" 301 - "-" "Mozilla/5.0"
138.68.145.73 - - [05/Apr/2026:11:13:44 -0400] "GET / HTTP/1.1" 301 - "-" "Mozilla/5.0 (X11; Linux x86_64; rv:142.0) Gecko/20100101 Firefox/142.0"
176.65.151.74 - - [05/Apr/2026:11:15:19 -0400] "GET / HTTP/1.1" 301 - "-" "Mozilla/5.0 (Windows NT 10.0; Win64; x64) AppleWebKit/537.36 (KHTML, like Gecko) Chrome/90.0.4430.85 Safari/537.36 Edg/90.0.818.46"
43.153.96.79 - - [05/Apr/2026:11:20:07 -0400] "GET / HTTP/1.1" 301 - "-" "Mozilla/5.0 (iPhone; CPU iPhone OS 13_2_3 like Mac OS X) AppleWebKit/605.1.15 (KHTML, like Gecko) Version/13.0.3 Mobile/15E148 Safari/604.1"
74.206.190.67 - - [05/Apr/2026:11:20:08 -0400] "POST /wp-cron.php?doing_wp_cron=1775402408.6955230236053466796875 HTTP/1.1" 200 - "-" "WordPress/3.6.1; http://www.hardercopy.com"
43.153.96.79 - - [05/Apr/2026:11:20:08 -0400] "GET / HTTP/1.1" 200 26913 "http://hardercopy.com" "Mozilla/5.0 (iPhone; CPU iPhone OS 13_2_3 like Mac OS X) AppleWebKit/605.1.15 (KHTML, like Gecko) Version/13.0.3 Mobile/15E148 Safari/604.1"
68.221.137.197 - - [05/Apr/2026:11:20:45 -0400] "GET /wp-content/plugins/hellopress/wp_filemanager.php HTTP/1.1" 302 289 "-" "-"
62.60.130.227 - - [05/Apr/2026:11:26:27 -0400] "GET / HTTP/1.1" 301 - "-" "Mozilla/5.0 (Windows NT 10.0; Win64; x64) AppleWebKit/537.36 (KHTML, like Gecko) Chrome/95.0.4638.69 Safari/537.36"
62.60.130.227 - - [05/Apr/2026:11:26:28 -0400] "GET //wp-includes/ID3/license.txt HTTP/1.1" 200 1290 "-" "Mozilla/5.0 (Windows NT 10.0; Win64; x64) AppleWebKit/537.36 (KHTML, like Gecko) Chrome/95.0.4638.69 Safari/537.36"
62.60.130.227 - - [05/Apr/2026:11:26:28 -0400] "GET //feed/ HTTP/1.1" 302 294 "-" "Mozilla/5.0 (Windows NT 10.0; Win64; x64) AppleWebKit/537.36 (KHTML, like Gecko) Chrome/95.0.4638.69 Safari/537.36"
62.60.130.227 - - [05/Apr/2026:11:26:28 -0400] "GET //xmlrpc.php?rsd HTTP/1.1" 302 294 "-" "Mozilla/5.0 (Windows NT 10.0; Win64; x64) AppleWebKit/537.36 (KHTML, like Gecko) Chrome/95.0.4638.69 Safari/537.36"
216.244.66.196 - - [05/Apr/2026:11:31:49 -0400] "GET /robots.txt HTTP/1.1" 302 294 "-" "Mozilla/5.0 (compatible; DotBot/1.2; +https://opensiteexplorer.org/dotbot; help@moz.com)"
49.51.233.46 - - [05/Apr/2026:11:33:38 -0400] "GET / HTTP/1.1" 301 - "-" "Mozilla/5.0 (iPhone; CPU iPhone OS 13_2_3 like Mac OS X) AppleWebKit/605.1.15 (KHTML, like Gecko) Version/13.0.3 Mobile/15E148 Safari/604.1"
145.239.10.137 - - [05/Apr/2026:11:35:31 -0400] "GET /cnsk.php HTTP/1.1" 302 290 "http://hardercopy.com/cnsk.php" "Mozilla/5.0 (iPhone; CPU iPhone OS 17_5_1 like Mac OS X) AppleWebKit/605.1.15 (KHTML, like Gecko) Version/17.5 Mobile/15E148 Safari/604.1"
216.244.66.196 - - [05/Apr/2026:11:42:24 -0400] "GET /index.php/hardcore-blonde/paris-gables.html/feed HTTP/1.1" 302 294 "-" "Mozilla/5.0 (compatible; DotBot/1.2; +https://opensiteexplorer.org/dotbot; help@moz.com)"
216.244.66.196 - - [05/Apr/2026:11:42:31 -0400] "GET /index.php/hardcore-movies/hardcore-virgin-tube.html/feed HTTP/1.1" 302 294 "-" "Mozilla/5.0 (compatible; DotBot/1.2; +https://opensiteexplorer.org/dotbot; help@moz.com)"
176.65.151.74 - - [05/Apr/2026:11:42:51 -0400] "GET / HTTP/1.1" 301 - "-" "Mozilla/5.0 (Windows NT 10.0; Win64; x64) AppleWebKit/537.36 (KHTML, like Gecko) Chrome/90.0.4430.85 Safari/537.36 Edg/90.0.818.46"
104.28.235.60 - - [05/Apr/2026:11:46:54 -0400] "GET /style.php HTTP/1.1" 302 290 "-" "Go-http-client/1.1"
104.28.235.60 - - [05/Apr/2026:11:47:02 -0400] "GET /wp-content/style.php HTTP/1.1" 302 290 "-" "Go-http-client/1.1"
104.28.235.60 - - [05/Apr/2026:11:47:02 -0400] "GET /wp-content/themes/style.php HTTP/1.1" 302 290 "-" "Go-http-client/1.1"
104.28.235.60 - - [05/Apr/2026:11:47:02 -0400] "GET /wp-admin/style.php HTTP/1.1" 302 290 "-" "Go-http-client/1.1"
104.28.235.60 - - [05/Apr/2026:11:47:02 -0400] "GET /wp-includes/style.php HTTP/1.1" 302 290 "-" "Go-http-client/1.1"
104.28.235.60 - - [05/Apr/2026:11:47:02 -0400] "GET /chosen.php?p= HTTP/1.1" 302 290 "-" "Go-http-client/1.1"
104.28.235.60 - - [05/Apr/2026:11:47:03 -0400] "GET /file.php HTTP/1.1" 302 290 "-" "Go-http-client/1.1"
104.28.235.60 - - [05/Apr/2026:11:47:03 -0400] "GET /flower.php HTTP/1.1" 302 290 "-" "Go-http-client/1.1"
104.28.235.60 - - [05/Apr/2026:11:47:03 -0400] "GET /gifclass.php HTTP/1.1" 302 290 "-" "Go-http-client/1.1"
104.28.235.60 - - [05/Apr/2026:11:47:03 -0400] "GET /bless.php HTTP/1.1" 302 290 "-" "Go-http-client/1.1"
104.28.235.60 - - [05/Apr/2026:11:47:03 -0400] "GET /class-t.api.php HTTP/1.1" 302 290 "-" "Go-http-client/1.1"
104.28.235.60 - - [05/Apr/2026:11:47:03 -0400] "GET /blurbs.php HTTP/1.1" 302 290 "-" "Go-http-client/1.1"
104.28.235.60 - - [05/Apr/2026:11:47:04 -0400] "GET /akcc.php HTTP/1.1" 302 290 "-" "Go-http-client/1.1"
104.28.235.60 - - [05/Apr/2026:11:47:04 -0400] "GET /abcd.php HTTP/1.1" 302 290 "-" "Go-http-client/1.1"
104.28.235.60 - - [05/Apr/2026:11:47:04 -0400] "GET /shelp.php HTTP/1.1" 302 290 "-" "Go-http-client/1.1"
104.28.235.60 - - [05/Apr/2026:11:47:04 -0400] "GET /cord.php HTTP/1.1" 302 290 "-" "Go-http-client/1.1"
104.28.235.60 - - [05/Apr/2026:11:47:04 -0400] "GET /dex.php HTTP/1.1" 302 290 "-" "Go-http-client/1.1"
104.28.235.60 - - [05/Apr/2026:11:47:04 -0400] "GET /wp-admin/admin-ajax.php HTTP/1.1" 301 - "-" "Go-http-client/1.1"
104.28.235.60 - - [05/Apr/2026:11:47:12 -0400] "GET /wp-admin/admin-ajax.php HTTP/1.1" 200 1 "http://hardercopy.com/wp-admin/admin-ajax.php" "Go-http-client/1.1"
104.28.235.60 - - [05/Apr/2026:11:47:15 -0400] "GET /file2.php HTTP/1.1" 302 290 "-" "Go-http-client/1.1"
104.28.235.60 - - [05/Apr/2026:11:47:23 -0400] "GET //zwso.php HTTP/1.1" 302 290 "-" "Go-http-client/1.1"
104.28.235.60 - - [05/Apr/2026:11:47:23 -0400] "GET /wp-admin/zwso.php HTTP/1.1" 302 290 "-" "Go-http-client/1.1"
104.28.235.60 - - [05/Apr/2026:11:47:23 -0400] "GET /wp-content/plugins/hellopress/wp_mna.php HTTP/1.1" 302 290 "-" "Go-http-client/1.1"
104.28.235.60 - - [05/Apr/2026:11:47:23 -0400] "GET /bolt.php HTTP/1.1" 302 290 "-" "Go-http-client/1.1"
104.28.235.60 - - [05/Apr/2026:11:47:23 -0400] "GET /shlo.php HTTP/1.1" 302 290 "-" "Go-http-client/1.1"
104.28.235.60 - - [05/Apr/2026:11:47:24 -0400] "GET /133.php HTTP/1.1" 302 290 "-" "Go-http-client/1.1"
104.28.235.60 - - [05/Apr/2026:11:47:24 -0400] "GET /ahax.php HTTP/1.1" 302 290 "-" "Go-http-client/1.1"
104.28.235.60 - - [05/Apr/2026:11:47:24 -0400] "GET /php8.php HTTP/1.1" 302 290 "-" "Go-http-client/1.1"
104.28.235.60 - - [05/Apr/2026:11:47:24 -0400] "GET /lufix1.php HTTP/1.1" 302 290 "-" "Go-http-client/1.1"
104.28.235.60 - - [05/Apr/2026:11:47:24 -0400] "GET /witmm.php HTTP/1.1" 302 290 "-" "Go-http-client/1.1"
104.28.235.60 - - [05/Apr/2026:11:47:24 -0400] "GET /wp-admin/css/index.php HTTP/1.1" 302 290 "-" "Go-http-client/1.1"
104.28.235.60 - - [05/Apr/2026:11:47:25 -0400] "GET /wp-content/plugins/index.php HTTP/1.1" 200 - "-" "Go-http-client/1.1"
104.28.235.60 - - [05/Apr/2026:11:47:25 -0400] "GET /wp-content/index.php HTTP/1.1" 200 - "-" "Go-http-client/1.1"
104.28.235.60 - - [05/Apr/2026:11:47:25 -0400] "GET /ioxi-o.php HTTP/1.1" 302 290 "-" "Go-http-client/1.1"
104.28.235.60 - - [05/Apr/2026:11:47:25 -0400] "GET /222.php HTTP/1.1" 302 290 "-" "Go-http-client/1.1"
104.28.235.60 - - [05/Apr/2026:11:47:25 -0400] "GET /files.php HTTP/1.1" 302 290 "-" "Go-http-client/1.1"
104.28.235.60 - - [05/Apr/2026:11:47:25 -0400] "GET /wp-editor.php HTTP/1.1" 302 290 "-" "Go-http-client/1.1"
104.28.235.60 - - [05/Apr/2026:11:47:25 -0400] "GET /txets.php HTTP/1.1" 302 290 "-" "Go-http-client/1.1"
104.28.235.60 - - [05/Apr/2026:11:47:26 -0400] "GET /wp-content/txets.php HTTP/1.1" 302 290 "-" "Go-http-client/1.1"
104.28.235.60 - - [05/Apr/2026:11:47:26 -0400] "GET /wp-admin/txets.php HTTP/1.1" 302 290 "-" "Go-http-client/1.1"
104.28.235.60 - - [05/Apr/2026:11:47:26 -0400] "GET /postnews.php HTTP/1.1" 302 290 "-" "Go-http-client/1.1"
104.28.235.60 - - [05/Apr/2026:11:47:26 -0400] "GET /wp-content/postnews.php HTTP/1.1" 302 290 "-" "Go-http-client/1.1"
104.28.235.60 - - [05/Apr/2026:11:47:26 -0400] "GET /wp-admin/postnews.php HTTP/1.1" 302 290 "-" "Go-http-client/1.1"
52.236.68.31 - - [05/Apr/2026:11:50:07 -0400] "GET /wp-content/plugins/hellopress/wp_filemanager.php HTTP/1.1" 302 289 "-" "-"
52.236.68.31 - - [05/Apr/2026:11:50:07 -0400] "GET /prosell2.php HTTP/1.1" 302 289 "-" "-"
52.236.68.31 - - [05/Apr/2026:11:50:08 -0400] "GET /zt2.php HTTP/1.1" 302 289 "-" "-"
185.177.72.31 - - [05/Apr/2026:11:54:33 -0400] "GET / HTTP/1.1" 301 - "-" "curl/8.7.1"
185.177.72.31 - - [05/Apr/2026:11:54:33 -0400] "GET /info.php.bak HTTP/1.1" 302 285 "-" "curl/8.7.1"
185.177.72.31 - - [05/Apr/2026:11:54:34 -0400] "GET /php-info.php HTTP/1.1" 302 285 "-" "curl/8.7.1"
185.177.72.31 - - [05/Apr/2026:11:54:34 -0400] "GET /newinfo.php HTTP/1.1" 302 285 "-" "curl/8.7.1"
185.177.72.31 - - [05/Apr/2026:11:54:35 -0400] "GET /siteinfo.php HTTP/1.1" 302 285 "-" "curl/8.7.1"
185.177.72.31 - - [05/Apr/2026:11:54:35 -0400] "GET /info.php.1 HTTP/1.1" 302 285 "-" "curl/8.7.1"
185.177.72.31 - - [05/Apr/2026:11:54:35 -0400] "GET /admin/phpinfo.php HTTP/1.1" 302 285 "-" "curl/8.7.1"
185.177.72.31 - - [05/Apr/2026:11:54:36 -0400] "GET /pageinfo.php HTTP/1.1" 302 285 "-" "curl/8.7.1"
185.177.72.31 - - [05/Apr/2026:11:54:36 -0400] "GET /info.php.back HTTP/1.1" 302 285 "-" "curl/8.7.1"
185.177.72.31 - - [05/Apr/2026:11:54:37 -0400] "GET /phpbb/phpinfo.php HTTP/1.1" 302 285 "-" "curl/8.7.1"
185.177.72.31 - - [05/Apr/2026:11:54:37 -0400] "GET /release_info.php HTTP/1.1" 302 285 "-" "curl/8.7.1"
185.177.72.31 - - [05/Apr/2026:11:54:38 -0400] "GET /test/info.php HTTP/1.1" 302 285 "-" "curl/8.7.1"
185.177.72.31 - - [05/Apr/2026:11:54:38 -0400] "GET /info HTTP/1.1" 302 285 "-" "curl/8.7.1"
185.177.72.31 - - [05/Apr/2026:11:54:38 -0400] "GET /info.php HTTP/1.1" 302 285 "-" "curl/8.7.1"
185.177.72.31 - - [05/Apr/2026:11:54:39 -0400] "GET /phpinfo.php3 HTTP/1.1" 302 285 "-" "curl/8.7.1"
185.177.72.31 - - [05/Apr/2026:11:54:39 -0400] "GET /phpinfo.php.txt HTTP/1.1" 302 285 "-" "curl/8.7.1"
185.177.72.31 - - [05/Apr/2026:11:54:40 -0400] "GET /info.php.save.1 HTTP/1.1" 302 285 "-" "curl/8.7.1"
185.177.72.31 - - [05/Apr/2026:11:54:40 -0400] "GET /info.php_ HTTP/1.1" 302 285 "-" "curl/8.7.1"
185.177.72.31 - - [05/Apr/2026:11:54:41 -0400] "GET /_info.php HTTP/1.1" 302 285 "-" "curl/8.7.1"
185.177.72.31 - - [05/Apr/2026:11:54:41 -0400] "GET /admin_phpinfo.php HTTP/1.1" 302 285 "-" "curl/8.7.1"
185.177.72.31 - - [05/Apr/2026:11:54:42 -0400] "GET /dbinfo.php HTTP/1.1" 302 285 "-" "curl/8.7.1"
185.177.72.31 - - [05/Apr/2026:11:54:42 -0400] "GET /admin_info.php HTTP/1.1" 302 285 "-" "curl/8.7.1"
185.177.72.31 - - [05/Apr/2026:11:54:42 -0400] "GET /.aws/credentials HTTP/1.1" 302 285 "-" "curl/8.7.1"
185.177.72.31 - - [05/Apr/2026:11:54:43 -0400] "GET /config.php HTTP/1.1" 302 285 "-" "curl/8.7.1"
185.177.72.31 - - [05/Apr/2026:11:54:43 -0400] "GET /phpinfo.php HTTP/1.1" 302 285 "-" "curl/8.7.1"
185.177.72.31 - - [05/Apr/2026:11:54:44 -0400] "GET /phpinfo.php.bak HTTP/1.1" 302 285 "-" "curl/8.7.1"
185.177.72.31 - - [05/Apr/2026:11:54:44 -0400] "GET /admin/admin_phpinfo.php4 HTTP/1.1" 302 285 "-" "curl/8.7.1"
185.177.72.31 - - [05/Apr/2026:11:54:45 -0400] "GET /pinfo.php HTTP/1.1" 302 285 "-" "curl/8.7.1"
185.177.72.31 - - [05/Apr/2026:11:54:45 -0400] "GET /.env.bak HTTP/1.1" 302 285 "-" "curl/8.7.1"
185.177.72.31 - - [05/Apr/2026:11:54:45 -0400] "GET /.env HTTP/1.1" 302 285 "-" "curl/8.7.1"
185.177.72.31 - - [05/Apr/2026:11:54:46 -0400] "GET /.env.backup HTTP/1.1" 302 285 "-" "curl/8.7.1"
185.177.72.31 - - [05/Apr/2026:11:54:46 -0400] "GET /.env_sample HTTP/1.1" 302 285 "-" "curl/8.7.1"
185.177.72.31 - - [05/Apr/2026:11:54:47 -0400] "GET /.env.old HTTP/1.1" 302 285 "-" "curl/8.7.1"
185.177.72.31 - - [05/Apr/2026:11:54:47 -0400] "GET /.env.www HTTP/1.1" 302 285 "-" "curl/8.7.1"
185.177.72.31 - - [05/Apr/2026:11:54:48 -0400] "GET /.docker/.env HTTP/1.1" 302 285 "-" "curl/8.7.1"
185.177.72.31 - - [05/Apr/2026:11:54:48 -0400] "GET /.env.dev HTTP/1.1" 302 285 "-" "curl/8.7.1"
185.177.72.31 - - [05/Apr/2026:11:54:49 -0400] "GET /.env.example HTTP/1.1" 302 285 "-" "curl/8.7.1"
185.177.72.31 - - [05/Apr/2026:11:54:49 -0400] "GET /.env_1 HTTP/1.1" 302 285 "-" "curl/8.7.1"
185.177.72.31 - - [05/Apr/2026:11:54:49 -0400] "GET /.env.stage HTTP/1.1" 302 285 "-" "curl/8.7.1"
185.177.72.31 - - [05/Apr/2026:11:54:50 -0400] "GET /config.env HTTP/1.1" 302 285 "-" "curl/8.7.1"
185.177.72.31 - - [05/Apr/2026:11:54:50 -0400] "GET /.pam_environment HTTP/1.1" 302 285 "-" "curl/8.7.1"
185.177.72.31 - - [05/Apr/2026:11:54:51 -0400] "GET /.environment HTTP/1.1" 302 285 "-" "curl/8.7.1"
185.177.72.31 - - [05/Apr/2026:11:54:51 -0400] "GET /.env.production HTTP/1.1" 302 285 "-" "curl/8.7.1"
185.177.72.31 - - [05/Apr/2026:11:54:52 -0400] "GET /.env.production.local HTTP/1.1" 302 285 "-" "curl/8.7.1"
185.177.72.31 - - [05/Apr/2026:11:54:52 -0400] "GET /.powenv HTTP/1.1" 302 285 "-" "curl/8.7.1"
185.177.72.31 - - [05/Apr/2026:11:54:53 -0400] "GET /.rbenv-gemsets HTTP/1.1" 302 285 "-" "curl/8.7.1"
185.177.72.31 - - [05/Apr/2026:11:54:53 -0400] "GET /.envs HTTP/1.1" 302 285 "-" "curl/8.7.1"
185.177.72.31 - - [05/Apr/2026:11:54:53 -0400] "GET /.env.docker HTTP/1.1" 302 285 "-" "curl/8.7.1"
185.177.72.31 - - [05/Apr/2026:11:54:54 -0400] "GET /.env.sample HTTP/1.1" 302 285 "-" "curl/8.7.1"
185.177.72.31 - - [05/Apr/2026:11:54:54 -0400] "GET /.env_bak HTTP/1.1" 302 285 "-" "curl/8.7.1"
185.177.72.31 - - [05/Apr/2026:11:54:55 -0400] "GET /.env.php HTTP/1.1" 302 285 "-" "curl/8.7.1"
185.177.72.31 - - [05/Apr/2026:11:54:55 -0400] "GET /.env.development.local HTTP/1.1" 302 285 "-" "curl/8.7.1"
185.177.72.31 - - [05/Apr/2026:11:54:56 -0400] "GET /.env-example HTTP/1.1" 302 285 "-" "curl/8.7.1"
185.177.72.31 - - [05/Apr/2026:11:54:56 -0400] "GET /.env.prod HTTP/1.1" 302 285 "-" "curl/8.7.1"
185.177.72.31 - - [05/Apr/2026:11:54:56 -0400] "GET /.env.docker.dev HTTP/1.1" 302 285 "-" "curl/8.7.1"
185.177.72.31 - - [05/Apr/2026:11:54:57 -0400] "GET /.env.test HTTP/1.1" 302 285 "-" "curl/8.7.1"
185.177.72.31 - - [05/Apr/2026:11:54:57 -0400] "GET /env HTTP/1.1" 302 285 "-" "curl/8.7.1"
185.177.72.31 - - [05/Apr/2026:11:54:58 -0400] "GET /env.list HTTP/1.1" 302 285 "-" "curl/8.7.1"
185.177.72.31 - - [05/Apr/2026:11:54:58 -0400] "GET /.ghc.environment HTTP/1.1" 302 285 "-" "curl/8.7.1"
185.177.72.31 - - [05/Apr/2026:11:54:59 -0400] "GET /env.txt HTTP/1.1" 302 285 "-" "curl/8.7.1"
185.177.72.31 - - [05/Apr/2026:11:54:59 -0400] "GET /printenv HTTP/1.1" 302 285 "-" "curl/8.7.1"
185.177.72.31 - - [05/Apr/2026:11:54:59 -0400] "GET /.hsenv HTTP/1.1" 302 285 "-" "curl/8.7.1"
185.177.72.31 - - [05/Apr/2026:11:55:00 -0400] "GET /environment HTTP/1.1" 302 285 "-" "curl/8.7.1"
185.177.72.31 - - [05/Apr/2026:11:55:00 -0400] "GET /env.json HTTP/1.1" 302 285 "-" "curl/8.7.1"
185.177.72.31 - - [05/Apr/2026:11:55:01 -0400] "GET /envrc HTTP/1.1" 302 285 "-" "curl/8.7.1"
185.177.72.31 - - [05/Apr/2026:11:55:01 -0400] "GET /.env.dev.local HTTP/1.1" 302 285 "-" "curl/8.7.1"
185.177.72.31 - - [05/Apr/2026:11:55:02 -0400] "GET /environment.ts HTTP/1.1" 302 285 "-" "curl/8.7.1"
185.177.72.31 - - [05/Apr/2026:11:55:02 -0400] "GET /.env_old HTTP/1.1" 302 285 "-" "curl/8.7.1"
185.177.72.31 - - [05/Apr/2026:11:55:03 -0400] "GET /.zshenv HTTP/1.1" 302 285 "-" "curl/8.7.1"
185.177.72.31 - - [05/Apr/2026:11:55:03 -0400] "GET /.env.development.sample HTTP/1.1" 302 285 "-" "curl/8.7.1"
185.177.72.31 - - [05/Apr/2026:11:55:03 -0400] "GET /.rbenv-version HTTP/1.1" 302 285 "-" "curl/8.7.1"
185.177.72.31 - - [05/Apr/2026:11:55:04 -0400] "GET /.env-sample HTTP/1.1" 302 285 "-" "curl/8.7.1"
185.177.72.31 - - [05/Apr/2026:11:55:04 -0400] "GET /.env.prod.local HTTP/1.1" 302 285 "-" "curl/8.7.1"
185.177.72.31 - - [05/Apr/2026:11:55:05 -0400] "GET /.env.travis HTTP/1.1" 302 285 "-" "curl/8.7.1"
185.177.72.31 - - [05/Apr/2026:11:55:05 -0400] "GET /.env.test.sample HTTP/1.1" 302 285 "-" "curl/8.7.1"
185.177.72.31 - - [05/Apr/2026:11:55:06 -0400] "GET /.env.2 HTTP/1.1" 302 285 "-" "curl/8.7.1"
185.177.72.31 - - [05/Apr/2026:11:55:06 -0400] "GET /.vscode/.env HTTP/1.1" 302 285 "-" "curl/8.7.1"
185.177.72.31 - - [05/Apr/2026:11:55:06 -0400] "GET /.env.local HTTP/1.1" 302 285 "-" "curl/8.7.1"
185.177.72.31 - - [05/Apr/2026:11:55:07 -0400] "GET /.env.txt HTTP/1.1" 302 285 "-" "curl/8.7.1"
185.177.72.31 - - [05/Apr/2026:11:55:07 -0400] "GET /.env.save HTTP/1.1" 302 285 "-" "curl/8.7.1"
185.177.72.31 - - [05/Apr/2026:11:55:08 -0400] "GET /printenv.tmp HTTP/1.1" 302 285 "-" "curl/8.7.1"
185.177.72.31 - - [05/Apr/2026:11:55:08 -0400] "GET /.flaskenv HTTP/1.1" 302 285 "-" "curl/8.7.1"
185.177.72.31 - - [05/Apr/2026:11:55:09 -0400] "GET /.env.test.local HTTP/1.1" 302 285 "-" "curl/8.7.1"
185.177.72.31 - - [05/Apr/2026:11:55:09 -0400] "GET /.jenv-version HTTP/1.1" 302 285 "-" "curl/8.7.1"
185.177.72.31 - - [05/Apr/2026:11:55:10 -0400] "GET /.envrc HTTP/1.1" 302 285 "-" "curl/8.7.1"
185.177.72.31 - - [05/Apr/2026:11:55:10 -0400] "GET /.env.dist HTTP/1.1" 302 285 "-" "curl/8.7.1"
185.177.72.31 - - [05/Apr/2026:11:55:10 -0400] "GET /.env.sample.php HTTP/1.1" 302 285 "-" "curl/8.7.1"
185.177.72.31 - - [05/Apr/2026:11:55:11 -0400] "GET /.env1 HTTP/1.1" 302 285 "-" "curl/8.7.1"
185.177.72.31 - - [05/Apr/2026:11:55:11 -0400] "GET /.venv HTTP/1.1" 302 285 "-" "curl/8.7.1"
185.177.72.31 - - [05/Apr/2026:11:55:12 -0400] "GET /env.bak HTTP/1.1" 302 285 "-" "curl/8.7.1"
185.177.72.31 - - [05/Apr/2026:11:55:12 -0400] "GET /env.php HTTP/1.1" 302 285 "-" "curl/8.7.1"
185.177.72.31 - - [05/Apr/2026:11:55:13 -0400] "GET /admin/config?cmd=cat%20/root/.aws/credentials HTTP/1.1" 302 285 "-" "curl/8.7.1"
185.177.72.31 - - [05/Apr/2026:11:55:13 -0400] "GET /pms?module=logging&file_name=../../../../../../~/.aws/credentials&number_of_lines=10000 HTTP/1.1" 302 285 "-" "curl/8.7.1"
185.177.72.31 - - [05/Apr/2026:11:55:14 -0400] "GET /k8s/.env HTTP/1.1" 302 285 "-" "curl/8.7.1"
185.177.72.31 - - [05/Apr/2026:11:55:14 -0400] "GET /config/.env HTTP/1.1" 302 285 "-" "curl/8.7.1"
185.177.72.31 - - [05/Apr/2026:11:55:15 -0400] "GET /app/.env HTTP/1.1" 302 285 "-" "curl/8.7.1"
185.177.72.31 - - [05/Apr/2026:11:55:15 -0400] "GET /api/.env HTTP/1.1" 302 285 "-" "curl/8.7.1"
185.177.72.31 - - [05/Apr/2026:11:55:15 -0400] "GET /backend/.env HTTP/1.1" 302 285 "-" "curl/8.7.1"
185.177.72.31 - - [05/Apr/2026:11:55:16 -0400] "GET /src/.env HTTP/1.1" 302 285 "-" "curl/8.7.1"
185.177.72.31 - - [05/Apr/2026:11:55:16 -0400] "GET /admin/.env HTTP/1.1" 302 285 "-" "curl/8.7.1"
185.177.72.31 - - [05/Apr/2026:11:55:17 -0400] "GET /public/.env HTTP/1.1" 302 285 "-" "curl/8.7.1"
185.177.72.31 - - [05/Apr/2026:11:55:17 -0400] "GET /web/.env HTTP/1.1" 302 285 "-" "curl/8.7.1"
185.177.72.31 - - [05/Apr/2026:11:55:18 -0400] "GET /server/.env HTTP/1.1" 302 285 "-" "curl/8.7.1"
185.177.72.31 - - [05/Apr/2026:11:55:18 -0400] "GET /client/.env HTTP/1.1" 302 285 "-" "curl/8.7.1"
185.177.72.31 - - [05/Apr/2026:11:55:18 -0400] "GET /frontend/.env HTTP/1.1" 302 285 "-" "curl/8.7.1"
185.177.72.31 - - [05/Apr/2026:11:55:19 -0400] "GET /.env.development HTTP/1.1" 302 285 "-" "curl/8.7.1"
185.177.72.31 - - [05/Apr/2026:11:55:19 -0400] "GET /.env.staging HTTP/1.1" 302 285 "-" "curl/8.7.1"
185.177.72.31 - - [05/Apr/2026:11:55:20 -0400] "GET /.env.live HTTP/1.1" 302 285 "-" "curl/8.7.1"
185.177.72.31 - - [05/Apr/2026:11:55:20 -0400] "GET /config.json HTTP/1.1" 302 285 "-" "curl/8.7.1"
185.177.72.31 - - [05/Apr/2026:11:55:21 -0400] "GET /admin/config.php HTTP/1.1" 302 285 "-" "curl/8.7.1"
185.177.72.31 - - [05/Apr/2026:11:55:21 -0400] "GET /api/config.php HTTP/1.1" 302 285 "-" "curl/8.7.1"
185.177.72.31 - - [05/Apr/2026:11:55:21 -0400] "GET /config/config.php HTTP/1.1" 302 285 "-" "curl/8.7.1"
185.177.72.31 - - [05/Apr/2026:11:55:22 -0400] "GET /app/config.php HTTP/1.1" 302 285 "-" "curl/8.7.1"
185.177.72.31 - - [05/Apr/2026:11:55:22 -0400] "GET /backend/config.php HTTP/1.1" 302 285 "-" "curl/8.7.1"
185.177.72.31 - - [05/Apr/2026:11:55:23 -0400] "GET /src/config.php HTTP/1.1" 302 285 "-" "curl/8.7.1"
185.177.72.31 - - [05/Apr/2026:11:55:23 -0400] "GET /config/database.php HTTP/1.1" 302 285 "-" "curl/8.7.1"
185.177.72.31 - - [05/Apr/2026:11:55:24 -0400] "GET /config/mail.php HTTP/1.1" 302 285 "-" "curl/8.7.1"
185.177.72.31 - - [05/Apr/2026:11:55:24 -0400] "GET /config/app.php HTTP/1.1" 302 285 "-" "curl/8.7.1"
185.177.72.31 - - [05/Apr/2026:11:55:25 -0400] "GET /config/services.php HTTP/1.1" 302 285 "-" "curl/8.7.1"
185.177.72.31 - - [05/Apr/2026:11:55:25 -0400] "GET /wp-config.php HTTP/1.1" 301 - "-" "curl/8.7.1"
185.177.72.31 - - [05/Apr/2026:11:55:25 -0400] "GET /configuration.php HTTP/1.1" 302 285 "-" "curl/8.7.1"
185.177.72.31 - - [05/Apr/2026:11:55:26 -0400] "GET /.aws/config HTTP/1.1" 302 285 "-" "curl/8.7.1"
185.177.72.31 - - [05/Apr/2026:11:55:26 -0400] "GET /config/aws.json HTTP/1.1" 302 285 "-" "curl/8.7.1"
185.177.72.31 - - [05/Apr/2026:11:55:27 -0400] "GET /config/sendgrid.json HTTP/1.1" 302 285 "-" "curl/8.7.1"
185.177.72.31 - - [05/Apr/2026:11:55:27 -0400] "GET /config/mailgun.json HTTP/1.1" 302 285 "-" "curl/8.7.1"
185.177.72.31 - - [05/Apr/2026:11:55:27 -0400] "GET /sendgrid.json HTTP/1.1" 302 285 "-" "curl/8.7.1"
185.177.72.31 - - [05/Apr/2026:11:55:28 -0400] "GET /aws.json HTTP/1.1" 302 285 "-" "curl/8.7.1"
185.177.72.31 - - [05/Apr/2026:11:55:28 -0400] "GET /api_keys.json HTTP/1.1" 302 285 "-" "curl/8.7.1"
