File: /home/httpd/logs/flamingtube.com_access_log
102.129.223.92 - - [04/Apr/2026:04:12:01 -0400] "GET / HTTP/1.1" 301 - "-" "Mozilla/5.0 (Windows NT 10.0; Win64; x64; rv:114.0) Gecko/20100101 Firefox/114.0"
74.206.190.118 - - [04/Apr/2026:04:12:02 -0400] "POST /wp-cron.php?doing_wp_cron=1775290322.2338860034942626953125 HTTP/1.1" 200 - "-" "WordPress/3.6.1; http://www.flamingtube.com"
102.129.223.92 - - [04/Apr/2026:04:12:02 -0400] "GET / HTTP/1.1" 200 84036 "http://flamingtube.com" "Mozilla/5.0 (Windows NT 10.0; Win64; x64; rv:114.0) Gecko/20100101 Firefox/114.0"
102.129.223.92 - - [04/Apr/2026:04:12:03 -0400] "GET /index.php/category/gay-cumshot HTTP/1.1" 200 84347 "http://www.flamingtube.com/" "Mozilla/5.0 (Windows NT 10.0; Win64; x64; rv:114.0) Gecko/20100101 Firefox/114.0"
102.129.223.92 - - [04/Apr/2026:04:12:04 -0400] "GET /index.php/feed HTTP/1.1" 200 15652 "http://www.flamingtube.com/" "Mozilla/5.0 (Windows NT 10.0; Win64; x64; rv:114.0) Gecko/20100101 Firefox/114.0"
102.129.223.92 - - [04/Apr/2026:04:12:05 -0400] "GET /index.php/category/gaytube HTTP/1.1" 200 26922 "http://www.flamingtube.com/" "Mozilla/5.0 (Windows NT 10.0; Win64; x64; rv:114.0) Gecko/20100101 Firefox/114.0"
102.129.223.92 - - [04/Apr/2026:04:12:06 -0400] "GET /wp-content/plugins/wp-postratings/postratings-js.php?ver=1.30 HTTP/1.1" 200 4812 "http://www.flamingtube.com/" "Mozilla/5.0 (Windows NT 10.0; Win64; x64; rv:114.0) Gecko/20100101 Firefox/114.0"
102.129.223.92 - - [04/Apr/2026:04:12:06 -0400] "GET /index.php/gaytube/bareback-free-gays.html HTTP/1.1" 200 12378 "http://www.flamingtube.com/" "Mozilla/5.0 (Windows NT 10.0; Win64; x64; rv:114.0) Gecko/20100101 Firefox/114.0"
102.129.223.92 - - [04/Apr/2026:04:12:08 -0400] "GET /index.php/gay-cumshot/gaytube-vid.html HTTP/1.1" 200 12455 "http://www.flamingtube.com/" "Mozilla/5.0 (Windows NT 10.0; Win64; x64; rv:114.0) Gecko/20100101 Firefox/114.0"
102.129.223.92 - - [04/Apr/2026:04:12:09 -0400] "GET /index.php/gaytube/hot-gaytube.html HTTP/1.1" 200 12469 "http://www.flamingtube.com/" "Mozilla/5.0 (Windows NT 10.0; Win64; x64; rv:114.0) Gecko/20100101 Firefox/114.0"
102.129.223.92 - - [04/Apr/2026:04:12:10 -0400] "GET /xmlrpc.php?rsd HTTP/1.1" 302 279 "http://www.flamingtube.com/" "Mozilla/5.0 (Windows NT 10.0; Win64; x64; rv:114.0) Gecko/20100101 Firefox/114.0"
102.129.223.92 - - [04/Apr/2026:04:12:11 -0400] "GET /index.php/gay-cumshot/gaytube-cum.html HTTP/1.1" 200 12320 "http://www.flamingtube.com/" "Mozilla/5.0 (Windows NT 10.0; Win64; x64; rv:114.0) Gecko/20100101 Firefox/114.0"
102.129.223.92 - - [04/Apr/2026:04:12:12 -0400] "GET /index.php/page/2 HTTP/1.1" 200 71674 "http://www.flamingtube.com/" "Mozilla/5.0 (Windows NT 10.0; Win64; x64; rv:114.0) Gecko/20100101 Firefox/114.0"
102.129.223.92 - - [04/Apr/2026:04:12:13 -0400] "GET /index.php/gay-cumshot/hot-gaystube.html HTTP/1.1" 200 12449 "http://www.flamingtube.com/" "Mozilla/5.0 (Windows NT 10.0; Win64; x64; rv:114.0) Gecko/20100101 Firefox/114.0"
102.129.223.92 - - [04/Apr/2026:04:12:14 -0400] "GET / HTTP/1.1" 200 84036 "http://www.flamingtube.com/" "Mozilla/5.0 (Windows NT 10.0; Win64; x64; rv:114.0) Gecko/20100101 Firefox/114.0"
102.129.223.92 - - [04/Apr/2026:04:12:15 -0400] "GET /index.php/gay-cumshot/gay-homo-tube.html HTTP/1.1" 200 12517 "http://www.flamingtube.com/" "Mozilla/5.0 (Windows NT 10.0; Win64; x64; rv:114.0) Gecko/20100101 Firefox/114.0"
102.129.223.92 - - [04/Apr/2026:04:12:16 -0400] "GET /index.php/gay-cumshot/fucking-gay-tube.html HTTP/1.1" 200 12534 "http://www.flamingtube.com/" "Mozilla/5.0 (Windows NT 10.0; Win64; x64; rv:114.0) Gecko/20100101 Firefox/114.0"
102.129.223.92 - - [04/Apr/2026:04:12:17 -0400] "GET /index.php/gay-cumshot/gay-anal-sex-tube.html HTTP/1.1" 200 12525 "http://www.flamingtube.com/" "Mozilla/5.0 (Windows NT 10.0; Win64; x64; rv:114.0) Gecko/20100101 Firefox/114.0"
102.129.223.92 - - [04/Apr/2026:04:12:18 -0400] "GET /index.php/gay-cumshot/gay-flamer-sex.html HTTP/1.1" 200 12685 "http://www.flamingtube.com/" "Mozilla/5.0 (Windows NT 10.0; Win64; x64; rv:114.0) Gecko/20100101 Firefox/114.0"
102.129.223.92 - - [04/Apr/2026:04:12:19 -0400] "GET /index.php/gay-cumshot/gay-hard-sex.html HTTP/1.1" 200 12518 "http://www.flamingtube.com/" "Mozilla/5.0 (Windows NT 10.0; Win64; x64; rv:114.0) Gecko/20100101 Firefox/114.0"
102.129.223.92 - - [04/Apr/2026:04:12:20 -0400] "GET /index.php/gay-cumshot/gay-cum-facial.html HTTP/1.1" 200 12569 "http://www.flamingtube.com/" "Mozilla/5.0 (Windows NT 10.0; Win64; x64; rv:114.0) Gecko/20100101 Firefox/114.0"
102.129.223.92 - - [04/Apr/2026:04:12:21 -0400] "GET /index.php/gaytube/bareback-anal-sextube.html HTTP/1.1" 200 12553 "http://www.flamingtube.com/" "Mozilla/5.0 (Windows NT 10.0; Win64; x64; rv:114.0) Gecko/20100101 Firefox/114.0"
102.129.223.92 - - [04/Apr/2026:04:12:22 -0400] "GET /index.php/gay-cumshot/flamer-homo-tube.html HTTP/1.1" 200 12527 "http://www.flamingtube.com/" "Mozilla/5.0 (Windows NT 10.0; Win64; x64; rv:114.0) Gecko/20100101 Firefox/114.0"
102.129.223.92 - - [04/Apr/2026:04:12:23 -0400] "GET /index.php/gay-cumshot/ass-cumshots.html HTTP/1.1" 200 12547 "http://www.flamingtube.com/" "Mozilla/5.0 (Windows NT 10.0; Win64; x64; rv:114.0) Gecko/20100101 Firefox/114.0"
102.129.223.92 - - [04/Apr/2026:04:12:24 -0400] "GET /index.php/gay-cumshot/bareback-homo.html HTTP/1.1" 200 12562 "http://www.flamingtube.com/" "Mozilla/5.0 (Windows NT 10.0; Win64; x64; rv:114.0) Gecko/20100101 Firefox/114.0"
102.129.223.92 - - [04/Apr/2026:04:12:25 -0400] "GET /index.php/gay-cumshot/cum-on-cock.html HTTP/1.1" 200 12535 "http://www.flamingtube.com/" "Mozilla/5.0 (Windows NT 10.0; Win64; x64; rv:114.0) Gecko/20100101 Firefox/114.0"
102.129.223.92 - - [04/Apr/2026:04:12:26 -0400] "GET /index.php/gay-cumshot/gay-homo-sex-men.html HTTP/1.1" 200 12541 "http://www.flamingtube.com/" "Mozilla/5.0 (Windows NT 10.0; Win64; x64; rv:114.0) Gecko/20100101 Firefox/114.0"
102.129.223.92 - - [04/Apr/2026:04:12:27 -0400] "GET /index.php/gay-cumshot/149.html HTTP/1.1" 200 12378 "http://www.flamingtube.com/" "Mozilla/5.0 (Windows NT 10.0; Win64; x64; rv:114.0) Gecko/20100101 Firefox/114.0"
102.129.223.92 - - [04/Apr/2026:04:12:29 -0400] "GET /index.php/gay-cumshot/bareback-creampie.html HTTP/1.1" 200 12555 "http://www.flamingtube.com/" "Mozilla/5.0 (Windows NT 10.0; Win64; x64; rv:114.0) Gecko/20100101 Firefox/114.0"
102.129.223.92 - - [04/Apr/2026:04:12:30 -0400] "GET /index.php/gaytube/145.html HTTP/1.1" 200 12420 "http://www.flamingtube.com/" "Mozilla/5.0 (Windows NT 10.0; Win64; x64; rv:114.0) Gecko/20100101 Firefox/114.0"
102.129.223.92 - - [04/Apr/2026:04:12:31 -0400] "GET /index.php/gay-cumshot/gay-hot-asshole.html HTTP/1.1" 200 12459 "http://www.flamingtube.com/" "Mozilla/5.0 (Windows NT 10.0; Win64; x64; rv:114.0) Gecko/20100101 Firefox/114.0"
102.129.223.92 - - [04/Apr/2026:04:12:32 -0400] "GET /index.php/gay-cumshot/gay-hot-cocks.html HTTP/1.1" 200 12472 "http://www.flamingtube.com/" "Mozilla/5.0 (Windows NT 10.0; Win64; x64; rv:114.0) Gecko/20100101 Firefox/114.0"
102.129.223.92 - - [04/Apr/2026:04:12:33 -0400] "GET /index.php/gay-cumshot/raw-ass-gay.html HTTP/1.1" 200 12532 "http://www.flamingtube.com/" "Mozilla/5.0 (Windows NT 10.0; Win64; x64; rv:114.0) Gecko/20100101 Firefox/114.0"
102.129.223.92 - - [04/Apr/2026:04:12:34 -0400] "GET /index.php/gaytube/gay-men-having-sex.html HTTP/1.1" 200 12425 "http://www.flamingtube.com/" "Mozilla/5.0 (Windows NT 10.0; Win64; x64; rv:114.0) Gecko/20100101 Firefox/114.0"
216.73.216.82 - - [04/Apr/2026:05:04:00 -0400] "GET /robots.txt HTTP/1.1" 200 29 "-" "Mozilla/5.0 AppleWebKit/537.36 (KHTML, like Gecko; compatible; ClaudeBot/1.0; +claudebot@anthropic.com)"
43.157.191.20 - - [04/Apr/2026:05:39:11 -0400] "GET / HTTP/1.1" 301 - "-" "Mozilla/5.0 (iPhone; CPU iPhone OS 13_2_3 like Mac OS X) AppleWebKit/605.1.15 (KHTML, like Gecko) Version/13.0.3 Mobile/15E148 Safari/604.1"
74.206.190.118 - - [04/Apr/2026:05:39:12 -0400] "POST /wp-cron.php?doing_wp_cron=1775295552.4402940273284912109375 HTTP/1.1" 200 - "-" "WordPress/3.6.1; http://www.flamingtube.com"
43.157.191.20 - - [04/Apr/2026:05:39:12 -0400] "GET / HTTP/1.1" 200 84036 "http://flamingtube.com" "Mozilla/5.0 (iPhone; CPU iPhone OS 13_2_3 like Mac OS X) AppleWebKit/605.1.15 (KHTML, like Gecko) Version/13.0.3 Mobile/15E148 Safari/604.1"
58.10.170.161 - - [04/Apr/2026:05:42:06 -0400] "GET /index.php/gaytube/145.html HTTP/1.1" 200 12420 "https://www.google.com/" "Mozilla/5.0 (Windows NT 10.0; Win64; x64) AppleWebKit/537.36 (KHTML, like Gecko) Chrome/146.0.0.0 Safari/537.36"
58.10.170.161 - - [04/Apr/2026:05:42:07 -0400] "GET /wp-content/plugins/wp-postratings/postratings-js.php?ver=1.30 HTTP/1.1" 200 4812 "http://www.flamingtube.com/index.php/gaytube/145.html" "Mozilla/5.0 (Windows NT 10.0; Win64; x64) AppleWebKit/537.36 (KHTML, like Gecko) Chrome/146.0.0.0 Safari/537.36"
58.10.170.161 - - [04/Apr/2026:05:42:14 -0400] "GET / HTTP/1.1" 200 84036 "http://www.flamingtube.com/index.php/gaytube/145.html" "Mozilla/5.0 (Windows NT 10.0; Win64; x64) AppleWebKit/537.36 (KHTML, like Gecko) Chrome/146.0.0.0 Safari/537.36"
58.10.170.161 - - [04/Apr/2026:05:42:55 -0400] "GET /index.php/gay-cumshot/gay-homo-tube.html HTTP/1.1" 200 12517 "https://www.google.com/" "Mozilla/5.0 (Windows NT 10.0; Win64; x64) AppleWebKit/537.36 (KHTML, like Gecko) Chrome/146.0.0.0 Safari/537.36"
58.10.170.161 - - [04/Apr/2026:05:44:22 -0400] "GET /index.php/gay-cumshot/hot-gaystube.html HTTP/1.1" 200 12449 "https://www.google.com/" "Mozilla/5.0 (Windows NT 10.0; Win64; x64) AppleWebKit/537.36 (KHTML, like Gecko) Chrome/146.0.0.0 Safari/537.36"
58.10.170.161 - - [04/Apr/2026:05:45:02 -0400] "GET /index.php/gaytube/145.html HTTP/1.1" 200 12420 "https://www.google.com/" "Mozilla/5.0 (Windows NT 10.0; Win64; x64) AppleWebKit/537.36 (KHTML, like Gecko) Chrome/146.0.0.0 Safari/537.36"
185.209.196.172 - - [04/Apr/2026:05:57:52 -0400] "GET /cart HTTP/1.1" 302 275 "-" "Mozilla/5.0 (Windows NT 10.0; WOW64; rv:58.0) Gecko/20100101 Firefox/59.0"
176.65.134.45 - - [04/Apr/2026:06:11:16 -0400] "GET /.env HTTP/1.1" 302 275 "-" "Mozilla/5.0 (Windows NT 10.0; Win64; x64) AppleWebKit/537.36"
91.92.240.32 - - [04/Apr/2026:06:20:41 -0400] "GET /.env HTTP/1.1" 302 275 "-" "Mozilla/5.0 (Macintosh; Intel Mac OS X 10.15; rv:77.0) Gecko/20100101 Firefox/77.0"
74.206.190.118 - - [04/Apr/2026:07:16:51 -0400] "POST /wp-cron.php?doing_wp_cron=1775301411.3216030597686767578125 HTTP/1.1" 200 - "-" "WordPress/3.6.1; http://www.flamingtube.com"
182.42.105.85 - - [04/Apr/2026:07:16:51 -0400] "GET / HTTP/1.1" 200 84036 "-" "Mozilla/5.0 (iPhone; CPU iPhone OS 13_2_3 like Mac OS X) AppleWebKit/605.1.15 (KHTML, like Gecko) Version/13.0.3 Mobile/15E148 Safari/604.1"
216.73.216.82 - - [04/Apr/2026:08:44:14 -0400] "GET /robots.txt HTTP/1.1" 200 29 "-" "Mozilla/5.0 AppleWebKit/537.36 (KHTML, like Gecko; compatible; ClaudeBot/1.0; +claudebot@anthropic.com)"
66.249.75.73 - - [04/Apr/2026:09:03:51 -0400] "GET /robots.txt HTTP/1.1" 200 29 "-" "Mozilla/5.0 (compatible; Googlebot/2.1; +http://www.google.com/bot.html)"
74.206.190.118 - - [04/Apr/2026:09:03:51 -0400] "POST /wp-cron.php?doing_wp_cron=1775307831.6249790191650390625000 HTTP/1.1" 200 - "-" "WordPress/3.6.1; http://www.flamingtube.com"
66.249.75.73 - - [04/Apr/2026:09:03:51 -0400] "GET / HTTP/1.1" 200 84036 "-" "Mozilla/5.0 (Linux; Android 6.0.1; Nexus 5X Build/MMB29P) AppleWebKit/537.36 (KHTML, like Gecko) Chrome/146.0.7680.177 Mobile Safari/537.36 (compatible; Googlebot/2.1; +http://www.google.com/bot.html)"
40.77.167.6 - - [04/Apr/2026:09:19:59 -0400] "GET /index.php/gaytube/bareback-anal-sextube.html HTTP/1.1" 200 12553 "-" "Mozilla/5.0 AppleWebKit/537.36 (KHTML, like Gecko; compatible; bingbot/2.0; +http://www.bing.com/bingbot.htm) Chrome/116.0.1938.76 Safari/537.36"
170.106.163.84 - - [04/Apr/2026:09:23:36 -0400] "GET / HTTP/1.1" 200 84036 "-" "Mozilla/5.0 (iPhone; CPU iPhone OS 13_2_3 like Mac OS X) AppleWebKit/605.1.15 (KHTML, like Gecko) Version/13.0.3 Mobile/15E148 Safari/604.1"
74.206.190.118 - - [04/Apr/2026:09:53:21 -0400] "POST /wp-cron.php?doing_wp_cron=1775310801.1029570102691650390625 HTTP/1.1" 200 - "-" "WordPress/3.6.1; http://www.flamingtube.com"
114.119.156.131 - - [04/Apr/2026:09:53:20 -0400] "GET /index.php/gay-cumshot/shocking-gays.html HTTP/1.1" 200 14127 "http://www.flamingtube.com/index.php/gay-cumshot/free-gays.html" "Mozilla/5.0 (Linux; Android 7.0;) AppleWebKit/537.36 (KHTML, like Gecko) Mobile Safari/537.36 (compatible; PetalBot;+https://webmaster.petalsearch.com/site/petalbot)"
145.239.10.137 - - [04/Apr/2026:10:10:38 -0400] "GET /c15.php HTTP/1.1" 302 275 "http://flamingtube.com/c15.php" "Mozilla/5.0 (iPhone; CPU iPhone OS 17_5_1 like Mac OS X) AppleWebKit/605.1.15 (KHTML, like Gecko) Version/17.5 Mobile/15E148 Safari/604.1"
51.68.247.194 - - [04/Apr/2026:10:26:31 -0400] "GET /robots.txt HTTP/1.1" 302 279 "-" "Mozilla/5.0 (compatible; AhrefsBot/7.0; +http://ahrefs.com/robot/)"
15.235.98.58 - - [04/Apr/2026:10:26:32 -0400] "GET /index.php/gaytube/hot-gaytube.html HTTP/1.1" 302 279 "-" "Mozilla/5.0 (compatible; AhrefsBot/7.0; +http://ahrefs.com/robot/)"
43.159.141.150 - - [04/Apr/2026:10:45:08 -0400] "GET / HTTP/1.1" 301 - "-" "Mozilla/5.0 (iPhone; CPU iPhone OS 13_2_3 like Mac OS X) AppleWebKit/605.1.15 (KHTML, like Gecko) Version/13.0.3 Mobile/15E148 Safari/604.1"
43.159.141.150 - - [04/Apr/2026:10:45:09 -0400] "GET / HTTP/1.1" 200 84036 "http://flamingtube.com" "Mozilla/5.0 (iPhone; CPU iPhone OS 13_2_3 like Mac OS X) AppleWebKit/605.1.15 (KHTML, like Gecko) Version/13.0.3 Mobile/15E148 Safari/604.1"
216.73.216.82 - - [04/Apr/2026:11:45:22 -0400] "GET /robots.txt HTTP/1.1" 200 29 "-" "Mozilla/5.0 AppleWebKit/537.36 (KHTML, like Gecko; compatible; ClaudeBot/1.0; +claudebot@anthropic.com)"
116.76.38.164 - - [04/Apr/2026:12:30:13 -0400] "GET /robots.txt HTTP/1.1" 200 29 "-" "Mozilla/5.0 (Windows NT 10.0; Win64; x64) AppleWebKit/537.36 (KHTML, like Gecko) Chrome/90.0.2896.160 Safari/537.36 Edge/18.18362"
80.94.95.173 - - [04/Apr/2026:13:03:37 -0400] "GET / HTTP/1.1" 301 - "http://flamingtube.com/" "Mozilla/5.0 (Windows NT 10.0; Win64; x64) AppleWebKit/537.36 (KHTML, like Gecko) Chrome/130.0.0.0 Safari/537.36 CCleaner/130.0.0.0"
74.206.190.118 - - [04/Apr/2026:13:03:38 -0400] "POST /wp-cron.php?doing_wp_cron=1775322218.0314929485321044921875 HTTP/1.1" 200 - "-" "WordPress/3.6.1; http://www.flamingtube.com"
80.94.95.173 - - [04/Apr/2026:13:03:37 -0400] "GET / HTTP/1.1" 200 84036 "http://www.flamingtube.com/" "Mozilla/5.0 (Windows NT 10.0; Win64; x64) AppleWebKit/537.36 (KHTML, like Gecko) Chrome/130.0.0.0 Safari/537.36 CCleaner/130.0.0.0"
74.206.190.118 - - [04/Apr/2026:14:30:05 -0400] "POST /wp-cron.php?doing_wp_cron=1775327405.3409800529479980468750 HTTP/1.1" 200 - "-" "WordPress/3.6.1; http://www.flamingtube.com"
51.57.72.253 - - [04/Apr/2026:14:30:05 -0400] "GET / HTTP/1.1" 200 84036 "-" "Mozilla/5.0 (Windows NT 10.0; Win64; x64; rv:128.0) Gecko/20100101 Firefox/128.0"
51.57.72.253 - - [04/Apr/2026:14:30:12 -0400] "GET /_profiler/phpinfo.php HTTP/1.1" 302 279 "-" "Mozilla/5.0 (Windows NT 10.0; Win64; x64; rv:128.0) Gecko/20100101 Firefox/128.0"
51.57.72.253 - - [04/Apr/2026:14:30:22 -0400] "GET /phpinfo HTTP/1.1" 302 279 "-" "Mozilla/5.0 (Windows NT 10.0; Win64; x64; rv:128.0) Gecko/20100101 Firefox/128.0"
51.57.72.253 - - [04/Apr/2026:14:30:32 -0400] "GET /_profiler/phpinfo HTTP/1.1" 302 279 "-" "Mozilla/5.0 (Windows NT 10.0; Win64; x64; rv:128.0) Gecko/20100101 Firefox/128.0"
51.57.72.253 - - [04/Apr/2026:14:30:43 -0400] "GET /info HTTP/1.1" 302 279 "-" "Mozilla/5.0 (Windows NT 10.0; Win64; x64; rv:128.0) Gecko/20100101 Firefox/128.0"
51.57.72.253 - - [04/Apr/2026:14:30:55 -0400] "GET /phpinfo.php HTTP/1.1" 302 279 "-" "Mozilla/5.0 (Windows NT 10.0; Win64; x64; rv:128.0) Gecko/20100101 Firefox/128.0"
51.57.72.253 - - [04/Apr/2026:14:31:03 -0400] "GET /info.php HTTP/1.1" 302 279 "-" "Mozilla/5.0 (Windows NT 10.0; Win64; x64; rv:128.0) Gecko/20100101 Firefox/128.0"
51.57.72.253 - - [04/Apr/2026:14:31:17 -0400] "GET /.env HTTP/1.1" 302 279 "-" "-"
51.57.72.253 - - [04/Apr/2026:14:31:19 -0400] "GET /.env.production HTTP/1.1" 302 279 "-" "-"
51.57.72.253 - - [04/Apr/2026:14:31:22 -0400] "GET /application/.env HTTP/1.1" 302 279 "-" "-"
51.57.72.253 - - [04/Apr/2026:14:31:23 -0400] "GET /prod/.env HTTP/1.1" 302 279 "-" "-"
51.57.72.253 - - [04/Apr/2026:14:31:24 -0400] "GET /.env.save HTTP/1.1" 302 279 "-" "-"
51.57.72.253 - - [04/Apr/2026:14:31:26 -0400] "GET /beta/.env HTTP/1.1" 302 279 "-" "-"
51.57.72.253 - - [04/Apr/2026:14:31:27 -0400] "GET /admin/.env HTTP/1.1" 302 279 "-" "-"
51.57.72.253 - - [04/Apr/2026:14:31:27 -0400] "GET /app/.env HTTP/1.1" 302 279 "-" "-"
51.57.72.253 - - [04/Apr/2026:14:31:28 -0400] "GET /config/.env HTTP/1.1" 302 279 "-" "-"
51.57.72.253 - - [04/Apr/2026:14:31:29 -0400] "GET /api/.env HTTP/1.1" 302 279 "-" "-"
51.57.72.253 - - [04/Apr/2026:14:31:29 -0400] "GET /laravel/.env HTTP/1.1" 302 279 "-" "-"
185.121.13.73 - - [04/Apr/2026:14:36:23 -0400] "GET /wp-json/wp/v2/posts HTTP/1.1" 302 275 "-" "Mozilla/5.0 (Windows NT 10.0; Win64; x64) AppleWebKit/537.36 (KHTML, like Gecko) Chrome/120.0.0.0 Safari/537.36"
74.206.190.118 - - [04/Apr/2026:15:24:55 -0400] "POST /wp-cron.php?doing_wp_cron=1775330695.2076239585876464843750 HTTP/1.1" 200 - "-" "WordPress/3.6.1; http://www.flamingtube.com"
145.220.91.19 - - [04/Apr/2026:15:24:55 -0400] "GET / HTTP/1.1" 200 84036 "-" "Mozilla/5.0 (Macintosh; Intel Mac OS X 10.15; rv:122.0) Gecko/20100101 Firefox/122.0"
32.193.55.192 - - [04/Apr/2026:15:30:36 -0400] "GET /robots.txt HTTP/1.1" 200 29 "-" "Mozilla/5.0 (Macintosh; Intel Mac OS X 10_10_1) AppleWebKit/600.2.5 (KHTML, like Gecko) Version/8.0.2 Safari/600.2.5 (Gort)"
217.216.37.57 - - [04/Apr/2026:15:59:29 -0400] "GET / HTTP/1.1" 301 - "-" "Go-http-client/1.1"
74.206.190.118 - - [04/Apr/2026:15:59:30 -0400] "POST /wp-cron.php?doing_wp_cron=1775332770.4119560718536376953125 HTTP/1.1" 200 - "-" "WordPress/3.6.1; http://www.flamingtube.com"
217.216.37.57 - - [04/Apr/2026:15:59:30 -0400] "GET / HTTP/1.1" 200 84036 "http://flamingtube.com/" "Go-http-client/1.1"
216.73.216.82 - - [04/Apr/2026:16:04:47 -0400] "GET /robots.txt HTTP/1.1" 200 29 "-" "Mozilla/5.0 AppleWebKit/537.36 (KHTML, like Gecko; compatible; ClaudeBot/1.0; +claudebot@anthropic.com)"
74.206.190.118 - - [04/Apr/2026:16:57:44 -0400] "POST /wp-cron.php?doing_wp_cron=1775336264.9687850475311279296875 HTTP/1.1" 200 - "-" "WordPress/3.6.1; http://www.flamingtube.com"
66.249.75.73 - - [04/Apr/2026:16:57:44 -0400] "GET /index.php/feed HTTP/1.1" 200 15652 "-" "Mozilla/5.0 (Linux; Android 6.0.1; Nexus 5X Build/MMB29P) AppleWebKit/537.36 (KHTML, like Gecko) Chrome/146.0.7680.177 Mobile Safari/537.36 (compatible; Googlebot/2.1; +http://www.google.com/bot.html)"
114.119.148.88 - - [04/Apr/2026:17:05:38 -0400] "GET /robots.txt HTTP/1.1" 200 29 "-" "Mozilla/5.0 (compatible;PetalBot;+https://webmaster.petalsearch.com/site/petalbot)"
102.129.223.92 - - [04/Apr/2026:17:06:56 -0400] "GET / HTTP/1.1" 301 - "-" "Mozilla/5.0 (Windows NT 10.0; Win64; x64; rv:114.0) Gecko/20100101 Firefox/114.0"
102.129.223.92 - - [04/Apr/2026:17:06:57 -0400] "GET / HTTP/1.1" 200 84036 "http://flamingtube.com" "Mozilla/5.0 (Windows NT 10.0; Win64; x64; rv:114.0) Gecko/20100101 Firefox/114.0"
102.129.223.92 - - [04/Apr/2026:17:06:58 -0400] "GET /index.php/category/gay-cumshot HTTP/1.1" 200 84347 "http://www.flamingtube.com/" "Mozilla/5.0 (Windows NT 10.0; Win64; x64; rv:114.0) Gecko/20100101 Firefox/114.0"
102.129.223.92 - - [04/Apr/2026:17:06:59 -0400] "GET /index.php/feed HTTP/1.1" 200 15652 "http://www.flamingtube.com/" "Mozilla/5.0 (Windows NT 10.0; Win64; x64; rv:114.0) Gecko/20100101 Firefox/114.0"
102.129.223.92 - - [04/Apr/2026:17:07:00 -0400] "GET /index.php/category/gaytube HTTP/1.1" 200 26922 "http://www.flamingtube.com/" "Mozilla/5.0 (Windows NT 10.0; Win64; x64; rv:114.0) Gecko/20100101 Firefox/114.0"
102.129.223.92 - - [04/Apr/2026:17:07:01 -0400] "GET /wp-content/plugins/wp-postratings/postratings-js.php?ver=1.30 HTTP/1.1" 200 4812 "http://www.flamingtube.com/" "Mozilla/5.0 (Windows NT 10.0; Win64; x64; rv:114.0) Gecko/20100101 Firefox/114.0"
102.129.223.92 - - [04/Apr/2026:17:07:01 -0400] "GET /index.php/gaytube/bareback-free-gays.html HTTP/1.1" 200 12378 "http://www.flamingtube.com/" "Mozilla/5.0 (Windows NT 10.0; Win64; x64; rv:114.0) Gecko/20100101 Firefox/114.0"
102.129.223.92 - - [04/Apr/2026:17:07:04 -0400] "GET /index.php/gay-cumshot/gaytube-vid.html HTTP/1.1" 200 12455 "http://www.flamingtube.com/" "Mozilla/5.0 (Windows NT 10.0; Win64; x64; rv:114.0) Gecko/20100101 Firefox/114.0"
102.129.223.92 - - [04/Apr/2026:17:07:05 -0400] "GET /index.php/gaytube/hot-gaytube.html HTTP/1.1" 200 12469 "http://www.flamingtube.com/" "Mozilla/5.0 (Windows NT 10.0; Win64; x64; rv:114.0) Gecko/20100101 Firefox/114.0"
102.129.223.92 - - [04/Apr/2026:17:07:07 -0400] "GET /xmlrpc.php?rsd HTTP/1.1" 302 279 "http://www.flamingtube.com/" "Mozilla/5.0 (Windows NT 10.0; Win64; x64; rv:114.0) Gecko/20100101 Firefox/114.0"
102.129.223.92 - - [04/Apr/2026:17:07:09 -0400] "GET /index.php/gay-cumshot/gaytube-cum.html HTTP/1.1" 200 12320 "http://www.flamingtube.com/" "Mozilla/5.0 (Windows NT 10.0; Win64; x64; rv:114.0) Gecko/20100101 Firefox/114.0"
102.129.223.92 - - [04/Apr/2026:17:07:10 -0400] "GET /index.php/page/2 HTTP/1.1" 200 71674 "http://www.flamingtube.com/" "Mozilla/5.0 (Windows NT 10.0; Win64; x64; rv:114.0) Gecko/20100101 Firefox/114.0"
102.129.223.92 - - [04/Apr/2026:17:07:11 -0400] "GET /index.php/gay-cumshot/hot-gaystube.html HTTP/1.1" 200 12449 "http://www.flamingtube.com/" "Mozilla/5.0 (Windows NT 10.0; Win64; x64; rv:114.0) Gecko/20100101 Firefox/114.0"
102.129.223.92 - - [04/Apr/2026:17:07:12 -0400] "GET / HTTP/1.1" 200 84036 "http://www.flamingtube.com/" "Mozilla/5.0 (Windows NT 10.0; Win64; x64; rv:114.0) Gecko/20100101 Firefox/114.0"
102.129.223.92 - - [04/Apr/2026:17:07:14 -0400] "GET /index.php/gay-cumshot/gay-homo-tube.html HTTP/1.1" 200 12517 "http://www.flamingtube.com/" "Mozilla/5.0 (Windows NT 10.0; Win64; x64; rv:114.0) Gecko/20100101 Firefox/114.0"
102.129.223.92 - - [04/Apr/2026:17:07:15 -0400] "GET /index.php/gay-cumshot/fucking-gay-tube.html HTTP/1.1" 200 12534 "http://www.flamingtube.com/" "Mozilla/5.0 (Windows NT 10.0; Win64; x64; rv:114.0) Gecko/20100101 Firefox/114.0"
102.129.223.92 - - [04/Apr/2026:17:07:16 -0400] "GET /index.php/gay-cumshot/gay-anal-sex-tube.html HTTP/1.1" 200 12525 "http://www.flamingtube.com/" "Mozilla/5.0 (Windows NT 10.0; Win64; x64; rv:114.0) Gecko/20100101 Firefox/114.0"
102.129.223.92 - - [04/Apr/2026:17:07:17 -0400] "GET /index.php/gay-cumshot/gay-flamer-sex.html HTTP/1.1" 200 12685 "http://www.flamingtube.com/" "Mozilla/5.0 (Windows NT 10.0; Win64; x64; rv:114.0) Gecko/20100101 Firefox/114.0"
102.129.223.92 - - [04/Apr/2026:17:07:18 -0400] "GET /index.php/gay-cumshot/gay-hard-sex.html HTTP/1.1" 200 12518 "http://www.flamingtube.com/" "Mozilla/5.0 (Windows NT 10.0; Win64; x64; rv:114.0) Gecko/20100101 Firefox/114.0"
102.129.223.92 - - [04/Apr/2026:17:07:19 -0400] "GET /index.php/gay-cumshot/gay-cum-facial.html HTTP/1.1" 200 12569 "http://www.flamingtube.com/" "Mozilla/5.0 (Windows NT 10.0; Win64; x64; rv:114.0) Gecko/20100101 Firefox/114.0"
102.129.223.92 - - [04/Apr/2026:17:07:20 -0400] "GET /index.php/gaytube/bareback-anal-sextube.html HTTP/1.1" 200 12553 "http://www.flamingtube.com/" "Mozilla/5.0 (Windows NT 10.0; Win64; x64; rv:114.0) Gecko/20100101 Firefox/114.0"
102.129.223.92 - - [04/Apr/2026:17:07:21 -0400] "GET /index.php/gay-cumshot/flamer-homo-tube.html HTTP/1.1" 200 12527 "http://www.flamingtube.com/" "Mozilla/5.0 (Windows NT 10.0; Win64; x64; rv:114.0) Gecko/20100101 Firefox/114.0"
102.129.223.92 - - [04/Apr/2026:17:07:22 -0400] "GET /index.php/gay-cumshot/ass-cumshots.html HTTP/1.1" 200 12547 "http://www.flamingtube.com/" "Mozilla/5.0 (Windows NT 10.0; Win64; x64; rv:114.0) Gecko/20100101 Firefox/114.0"
102.129.223.92 - - [04/Apr/2026:17:07:24 -0400] "GET /index.php/gay-cumshot/bareback-homo.html HTTP/1.1" 200 12562 "http://www.flamingtube.com/" "Mozilla/5.0 (Windows NT 10.0; Win64; x64; rv:114.0) Gecko/20100101 Firefox/114.0"
102.129.223.92 - - [04/Apr/2026:17:07:25 -0400] "GET /index.php/gay-cumshot/cum-on-cock.html HTTP/1.1" 200 12535 "http://www.flamingtube.com/" "Mozilla/5.0 (Windows NT 10.0; Win64; x64; rv:114.0) Gecko/20100101 Firefox/114.0"
102.129.223.92 - - [04/Apr/2026:17:07:26 -0400] "GET /index.php/gay-cumshot/gay-homo-sex-men.html HTTP/1.1" 200 12541 "http://www.flamingtube.com/" "Mozilla/5.0 (Windows NT 10.0; Win64; x64; rv:114.0) Gecko/20100101 Firefox/114.0"
102.129.223.92 - - [04/Apr/2026:17:07:27 -0400] "GET /index.php/gay-cumshot/149.html HTTP/1.1" 200 12378 "http://www.flamingtube.com/" "Mozilla/5.0 (Windows NT 10.0; Win64; x64; rv:114.0) Gecko/20100101 Firefox/114.0"
102.129.223.92 - - [04/Apr/2026:17:07:28 -0400] "GET /index.php/gay-cumshot/bareback-creampie.html HTTP/1.1" 200 12555 "http://www.flamingtube.com/" "Mozilla/5.0 (Windows NT 10.0; Win64; x64; rv:114.0) Gecko/20100101 Firefox/114.0"
102.129.223.92 - - [04/Apr/2026:17:07:29 -0400] "GET /index.php/gaytube/145.html HTTP/1.1" 200 12420 "http://www.flamingtube.com/" "Mozilla/5.0 (Windows NT 10.0; Win64; x64; rv:114.0) Gecko/20100101 Firefox/114.0"
102.129.223.92 - - [04/Apr/2026:17:07:30 -0400] "GET /index.php/gay-cumshot/gay-hot-asshole.html HTTP/1.1" 200 12459 "http://www.flamingtube.com/" "Mozilla/5.0 (Windows NT 10.0; Win64; x64; rv:114.0) Gecko/20100101 Firefox/114.0"
102.129.223.92 - - [04/Apr/2026:17:07:31 -0400] "GET /index.php/gay-cumshot/gay-hot-cocks.html HTTP/1.1" 200 12472 "http://www.flamingtube.com/" "Mozilla/5.0 (Windows NT 10.0; Win64; x64; rv:114.0) Gecko/20100101 Firefox/114.0"
102.129.223.92 - - [04/Apr/2026:17:07:32 -0400] "GET /index.php/gay-cumshot/raw-ass-gay.html HTTP/1.1" 200 12532 "http://www.flamingtube.com/" "Mozilla/5.0 (Windows NT 10.0; Win64; x64; rv:114.0) Gecko/20100101 Firefox/114.0"
102.129.223.92 - - [04/Apr/2026:17:07:33 -0400] "GET /index.php/gaytube/gay-men-having-sex.html HTTP/1.1" 200 12425 "http://www.flamingtube.com/" "Mozilla/5.0 (Windows NT 10.0; Win64; x64; rv:114.0) Gecko/20100101 Firefox/114.0"
34.69.37.124 - - [04/Apr/2026:17:11:04 -0400] "GET /index.php/gay-cumshot/fucking-gay-tube.html HTTP/1.1" 301 - "-" "Mozilla/5.0 AppleWebKit/537.36 (KHTML, like Gecko; compatible; SleepBot/1.0; +http://sleepbot.com/) Chrome/131.0.0.0 Safari/537.36"
34.69.37.124 - - [04/Apr/2026:17:11:04 -0400] "GET /index.php/gay-cumshot/fucking-gay-tube.html HTTP/1.1" 200 12534 "http://flamingtube.com/index.php/gay-cumshot/fucking-gay-tube.html" "Mozilla/5.0 AppleWebKit/537.36 (KHTML, like Gecko; compatible; SleepBot/1.0; +http://sleepbot.com/) Chrome/131.0.0.0 Safari/537.36"
35.226.62.16 - - [04/Apr/2026:17:12:35 -0400] "GET /robots.txt HTTP/1.1" 200 29 "-" "Mozilla/5.0 AppleWebKit/537.36 (KHTML, like Gecko; compatible; SleepBot/1.0; +http://sleepbot.com/) Chrome/131.0.0.0 Safari/537.36"
43.173.1.57 - - [04/Apr/2026:17:43:26 -0400] "GET / HTTP/1.1" 301 - "-" "Mozilla/5.0 (iPhone; CPU iPhone OS 13_2_3 like Mac OS X) AppleWebKit/605.1.15 (KHTML, like Gecko) Version/13.0.3 Mobile/15E148 Safari/604.1"
43.173.1.57 - - [04/Apr/2026:17:43:28 -0400] "GET / HTTP/1.1" 200 84036 "http://flamingtube.com" "Mozilla/5.0 (iPhone; CPU iPhone OS 13_2_3 like Mac OS X) AppleWebKit/605.1.15 (KHTML, like Gecko) Version/13.0.3 Mobile/15E148 Safari/604.1"
51.68.107.161 - - [04/Apr/2026:17:55:12 -0400] "GET /robots.txt HTTP/1.1" 302 275 "-" "Mozilla/5.0 (compatible; MJ12bot/v2.0.5; http://mj12bot.com/)"
51.68.107.161 - - [04/Apr/2026:17:55:12 -0400] "GET / HTTP/1.1" 302 275 "-" "Mozilla/5.0 (compatible; MJ12bot/v2.0.5; http://mj12bot.com/)"
51.68.107.161 - - [04/Apr/2026:17:55:13 -0400] "GET /robots.txt HTTP/1.1" 302 279 "-" "Mozilla/5.0 (compatible; MJ12bot/v2.0.5; http://mj12bot.com/)"
51.68.107.161 - - [04/Apr/2026:17:55:13 -0400] "GET / HTTP/1.1" 302 279 "-" "Mozilla/5.0 (compatible; MJ12bot/v2.0.5; http://mj12bot.com/)"
74.206.190.118 - - [04/Apr/2026:18:07:51 -0400] "POST /wp-cron.php?doing_wp_cron=1775340471.0138819217681884765625 HTTP/1.1" 200 - "-" "WordPress/3.6.1; http://www.flamingtube.com"
43.159.149.216 - - [04/Apr/2026:18:07:50 -0400] "GET /index.php/gay-cumshot/hot-gaystube.html HTTP/1.1" 200 12449 "-" "Mozilla/5.0 (iPhone; CPU iPhone OS 13_2_3 like Mac OS X) AppleWebKit/605.1.15 (KHTML, like Gecko) Version/13.0.3 Mobile/15E148 Safari/604.1"
178.20.44.82 - - [04/Apr/2026:18:10:50 -0400] "GET /index.php/gaytube/bareback-free-gays.html HTTP/1.1" 200 12378 "http://www.flamingtube.com/index.php/gaytube/bareback-free-gays.html" "Mozilla/5.0 (Windows NT 10.0; Win64; x64) AppleWebKit/537.36 (KHTML, like Gecko) Chrome/131.0.0.0 Safari/537.36 Avast/131.0.0.0"
185.231.154.128 - - [04/Apr/2026:18:33:28 -0400] "GET /index.php/gaytube/bareback-free-gays.html HTTP/1.1" 200 12378 "http://www.flamingtube.com/index.php/gaytube/bareback-free-gays.html" "Mozilla/5.0 (Windows NT 10.0; Win64; x64) AppleWebKit/537.36 (KHTML, like Gecko) Chrome/131.0.0.0 Safari/537.36"
43.133.91.48 - - [04/Apr/2026:18:37:11 -0400] "GET /index.php/gay-cumshot/gay-flamer-sex.html HTTP/1.1" 200 12685 "-" "Mozilla/5.0 (iPhone; CPU iPhone OS 13_2_3 like Mac OS X) AppleWebKit/605.1.15 (KHTML, like Gecko) Version/13.0.3 Mobile/15E148 Safari/604.1"
137.184.227.205 - - [04/Apr/2026:18:39:37 -0400] "HEAD / HTTP/1.1" 301 - "-" "Mozilla/5.0 (Windows NT 10.0; Win64; x64) AppleWebKit/537.36 (KHTML, like Gecko) Chrome/131.0.0.0 Safari/537.36"
66.29.156.225 - - [04/Apr/2026:18:43:01 -0400] "GET / HTTP/1.1" 301 - "-" "Mozilla/5.0 (iPhone; CPU iPhone OS 17_4 like Mac OS X) AppleWebKit/605.1.15 (KHTML, like Gecko) Version/17.4 Mobile/15E148 Safari/604.1"
66.29.156.225 - - [04/Apr/2026:18:43:03 -0400] "GET / HTTP/1.1" 200 84036 "http://flamingtube.com" "Mozilla/5.0 (iPhone; CPU iPhone OS 17_4 like Mac OS X) AppleWebKit/605.1.15 (KHTML, like Gecko) Version/17.4 Mobile/15E148 Safari/604.1"
43.157.46.118 - - [04/Apr/2026:18:46:54 -0400] "GET /index.php/gaytube/gay-men-having-sex.html HTTP/1.1" 200 12425 "-" "Mozilla/5.0 (iPhone; CPU iPhone OS 13_2_3 like Mac OS X) AppleWebKit/605.1.15 (KHTML, like Gecko) Version/13.0.3 Mobile/15E148 Safari/604.1"
74.206.190.118 - - [04/Apr/2026:18:57:48 -0400] "POST /wp-cron.php?doing_wp_cron=1775343468.8011600971221923828125 HTTP/1.1" 200 - "-" "WordPress/3.6.1; http://www.flamingtube.com"
43.159.132.207 - - [04/Apr/2026:18:57:48 -0400] "GET /index.php/gay-cumshot/gay-homo-tube.html HTTP/1.1" 200 12517 "-" "Mozilla/5.0 (iPhone; CPU iPhone OS 13_2_3 like Mac OS X) AppleWebKit/605.1.15 (KHTML, like Gecko) Version/13.0.3 Mobile/15E148 Safari/604.1"
43.130.34.74 - - [04/Apr/2026:19:08:54 -0400] "GET /index.php/gay-cumshot/hot-gaystube.html HTTP/1.1" 200 12449 "-" "Mozilla/5.0 (iPhone; CPU iPhone OS 13_2_3 like Mac OS X) AppleWebKit/605.1.15 (KHTML, like Gecko) Version/13.0.3 Mobile/15E148 Safari/604.1"
43.157.95.131 - - [04/Apr/2026:19:17:46 -0400] "GET /index.php/gay-cumshot/gay-flamer-sex.html HTTP/1.1" 200 12685 "-" "Mozilla/5.0 (iPhone; CPU iPhone OS 13_2_3 like Mac OS X) AppleWebKit/605.1.15 (KHTML, like Gecko) Version/13.0.3 Mobile/15E148 Safari/604.1"
43.156.168.214 - - [04/Apr/2026:19:27:49 -0400] "GET /index.php/category/gaytube HTTP/1.1" 200 26922 "-" "Mozilla/5.0 (iPhone; CPU iPhone OS 13_2_3 like Mac OS X) AppleWebKit/605.1.15 (KHTML, like Gecko) Version/13.0.3 Mobile/15E148 Safari/604.1"
43.153.123.3 - - [04/Apr/2026:19:37:47 -0400] "GET /index.php/gay-cumshot/fucking-gay-tube.html HTTP/1.1" 200 12534 "-" "Mozilla/5.0 (iPhone; CPU iPhone OS 13_2_3 like Mac OS X) AppleWebKit/605.1.15 (KHTML, like Gecko) Version/13.0.3 Mobile/15E148 Safari/604.1"
43.159.136.201 - - [04/Apr/2026:19:47:55 -0400] "GET /index.php/gay-cumshot/raw-ass-gay.html HTTP/1.1" 200 12532 "-" "Mozilla/5.0 (iPhone; CPU iPhone OS 13_2_3 like Mac OS X) AppleWebKit/605.1.15 (KHTML, like Gecko) Version/13.0.3 Mobile/15E148 Safari/604.1"
74.206.190.118 - - [04/Apr/2026:19:57:57 -0400] "POST /wp-cron.php?doing_wp_cron=1775347077.6308319568634033203125 HTTP/1.1" 200 - "-" "WordPress/3.6.1; http://www.flamingtube.com"
43.156.232.190 - - [04/Apr/2026:19:57:57 -0400] "GET /index.php/gay-cumshot/gay-homo-tube.html HTTP/1.1" 200 12517 "-" "Mozilla/5.0 (iPhone; CPU iPhone OS 13_2_3 like Mac OS X) AppleWebKit/605.1.15 (KHTML, like Gecko) Version/13.0.3 Mobile/15E148 Safari/604.1"
114.119.156.131 - - [04/Apr/2026:20:02:22 -0400] "GET /index.php/gay-cumshot/gays-flaming.html HTTP/1.1" 200 13283 "http://www.flamingtube.com/index.php/gay-cumshot/gay-sex.html" "Mozilla/5.0 (Linux; Android 7.0;) AppleWebKit/537.36 (KHTML, like Gecko) Mobile Safari/537.36 (compatible; PetalBot;+https://webmaster.petalsearch.com/site/petalbot)"
145.239.10.137 - - [04/Apr/2026:20:04:20 -0400] "GET /cnsk.php HTTP/1.1" 302 275 "http://flamingtube.com/cnsk.php" "Mozilla/5.0 (iPhone; CPU iPhone OS 17_5_1 like Mac OS X) AppleWebKit/605.1.15 (KHTML, like Gecko) Version/17.5 Mobile/15E148 Safari/604.1"