HEX
Server: Apache
System: Linux msm5694.mjhst.com 3.10.0-1160.119.1.el7.x86_64 #1 SMP Tue Jun 4 14:43:51 UTC 2024 x86_64
User: camjab_ssh (1000)
PHP: 5.3.29
Disabled: NONE
Upload Files
File: /home/httpd/logs/fagottube.com_access_log.3
74.206.190.117 - - [04/Apr/2026:01:35:15 -0400] "POST /wp-cron.php?doing_wp_cron=1775280915.9047889709472656250000 HTTP/1.1" 200 - "http://www.fagottube.com/wp-cron.php?doing_wp_cron=1775280915.9047889709472656250000" "WordPress/5.1.8; http://www.fagottube.com"
74.206.190.117 - - [04/Apr/2026:01:35:15 -0400] "GET / HTTP/1.1" 200 21212 "-" "curl/7.29.0"
74.206.190.117 - - [04/Apr/2026:01:40:13 -0400] "GET / HTTP/1.1" 200 21212 "-" "curl/7.29.0"
74.206.190.117 - - [04/Apr/2026:01:45:09 -0400] "GET / HTTP/1.1" 200 21212 "-" "curl/7.29.0"
176.65.151.74 - - [04/Apr/2026:01:48:30 -0400] "GET / HTTP/1.1" 200 21212 "-" "Mozilla/5.0 (Windows NT 10.0; Win64; x64) AppleWebKit/537.36 (KHTML, like Gecko) Chrome/90.0.4430.85 Safari/537.36 Edg/90.0.818.46"
91.232.238.112 - - [04/Apr/2026:01:49:42 -0400] "GET /robots.txt HTTP/1.1" 200 29 "-" "xfa1"
74.206.190.117 - - [04/Apr/2026:01:50:06 -0400] "GET / HTTP/1.1" 200 21212 "-" "curl/7.29.0"
74.206.190.117 - - [04/Apr/2026:01:55:08 -0400] "GET / HTTP/1.1" 200 21212 "-" "curl/7.29.0"
149.86.227.60 - - [04/Apr/2026:01:56:07 -0400] "GET / HTTP/1.1" 200 21212 "-" "Mozilla/5.0"
176.65.151.74 - - [04/Apr/2026:01:58:15 -0400] "GET / HTTP/1.1" 200 21212 "-" "Mozilla/5.0 (Windows NT 10.0; Win64; x64) AppleWebKit/537.36 (KHTML, like Gecko) Chrome/90.0.4430.85 Safari/537.36 Edg/90.0.818.46"
74.206.190.117 - - [04/Apr/2026:02:00:19 -0400] "GET / HTTP/1.1" 200 21212 "-" "curl/7.29.0"
91.232.238.112 - - [04/Apr/2026:02:01:22 -0400] "GET /robots.txt HTTP/1.1" 200 29 "-" "Mozilla/5.0 (compatible; FreePBX-Scanner/1.0)"
74.206.190.117 - - [04/Apr/2026:02:05:07 -0400] "GET / HTTP/1.1" 200 21212 "-" "curl/7.29.0"
37.59.21.100 - - [04/Apr/2026:02:07:39 -0400] "GET /index.php/latin-fag-tube/fag-tube-porn.html/feed HTTP/1.1" 200 1332 "-" "Mozilla/5.0 (X11; Linux i686) AppleWebKit/537.36 (KHTML, like Gecko) Chrome/30.0.1599.66 Safari/537.36"
74.206.190.117 - - [04/Apr/2026:02:10:07 -0400] "GET / HTTP/1.1" 200 21212 "-" "curl/7.29.0"
198.235.24.238 - - [04/Apr/2026:02:13:21 -0400] "GET /wp-login.php HTTP/1.1" 200 2922 "-" "Hello from Palo Alto Networks, find out more about our scans in https://docs-cortex.paloaltonetworks.com/r/1/Cortex-Xpanse/Scanning-activity"
74.206.190.117 - - [04/Apr/2026:02:15:08 -0400] "GET / HTTP/1.1" 200 21212 "-" "curl/7.29.0"
3.101.23.52 - - [04/Apr/2026:02:18:32 -0400] "GET / HTTP/1.1" 301 - "-" "Mozilla/5.0 (X11; Linux x86_64) AppleWebKit/537.36 (KHTML, like Gecko) Chrome/137.0.0.0 Safari/537.36"
3.101.23.52 - - [04/Apr/2026:02:18:33 -0400] "GET / HTTP/1.1" 200 21212 "-" "Mozilla/5.0 (X11; Linux x86_64) AppleWebKit/537.36 (KHTML, like Gecko) Chrome/137.0.0.0 Safari/537.36"
74.206.190.117 - - [04/Apr/2026:02:20:18 -0400] "GET / HTTP/1.1" 200 21212 "-" "curl/7.29.0"
176.65.151.74 - - [04/Apr/2026:02:24:54 -0400] "GET / HTTP/1.1" 200 21212 "-" "Mozilla/5.0 (Windows NT 10.0; Win64; x64) AppleWebKit/537.36 (KHTML, like Gecko) Chrome/90.0.4430.85 Safari/537.36 Edg/90.0.818.46"
74.206.190.117 - - [04/Apr/2026:02:25:06 -0400] "GET / HTTP/1.1" 200 21212 "-" "curl/7.29.0"
37.59.21.100 - - [04/Apr/2026:02:25:30 -0400] "GET /index.php/category/latin-fag-tube/feed HTTP/1.1" 200 7154 "-" "Mozilla/5.0 (X11; Linux i686) AppleWebKit/537.36 (KHTML, like Gecko) Chrome/30.0.1599.66 Safari/537.36"
74.206.190.117 - - [04/Apr/2026:02:30:07 -0400] "GET / HTTP/1.1" 200 21212 "-" "curl/7.29.0"
74.206.190.117 - - [04/Apr/2026:02:34:23 -0400] "POST /wp-cron.php?doing_wp_cron=1775284463.4857220649719238281250 HTTP/1.1" 200 - "http://www.fagottube.com/wp-cron.php?doing_wp_cron=1775284463.4857220649719238281250" "WordPress/5.1.8; http://www.fagottube.com"
37.59.21.100 - - [04/Apr/2026:02:34:23 -0400] "GET /index.php/tag/raw-papi/feed HTTP/1.1" 200 6446 "-" "Mozilla/5.0 (X11; Linux i686) AppleWebKit/537.36 (KHTML, like Gecko) Chrome/30.0.1599.66 Safari/537.36"
74.206.190.117 - - [04/Apr/2026:02:35:08 -0400] "GET / HTTP/1.1" 200 21212 "-" "curl/7.29.0"
74.206.190.117 - - [04/Apr/2026:02:40:16 -0400] "GET / HTTP/1.1" 200 21212 "-" "curl/7.29.0"
74.206.190.117 - - [04/Apr/2026:02:45:08 -0400] "GET / HTTP/1.1" 200 21212 "-" "curl/7.29.0"
37.59.21.100 - - [04/Apr/2026:02:47:15 -0400] "GET /index.php/feed HTTP/1.1" 200 187188 "-" "Mozilla/5.0 (X11; Linux i686) AppleWebKit/537.36 (KHTML, like Gecko) Chrome/30.0.1599.66 Safari/537.36"
74.206.190.117 - - [04/Apr/2026:02:50:07 -0400] "GET / HTTP/1.1" 200 21212 "-" "curl/7.29.0"
176.65.151.74 - - [04/Apr/2026:02:50:31 -0400] "GET / HTTP/1.1" 200 21212 "-" "Mozilla/5.0 (Windows NT 10.0; Win64; x64) AppleWebKit/537.36 (KHTML, like Gecko) Chrome/90.0.4430.85 Safari/537.36 Edg/90.0.818.46"
209.141.43.33 - - [04/Apr/2026:02:53:20 -0400] "GET /wp-login.php HTTP/1.1" 200 2922 "-" "Mozilla/5.0 (Windows NT 10.0; Win64; x64) AppleWebKit/537.36 (KHTML, like Gecko) Chrome/134.0.0.0 Safari/537.36"
209.141.43.33 - - [04/Apr/2026:02:53:20 -0400] "POST /wp-login.php HTTP/1.1" 200 3942 "http://www.fagottube.com/wp-admin/" "Mozilla/5.0 (Windows NT 10.0; Win64; x64) AppleWebKit/537.36 (KHTML, like Gecko) Chrome/134.0.0.0 Safari/537.36"
104.244.73.186 - - [04/Apr/2026:02:53:26 -0400] "GET /wp-login.php HTTP/1.1" 200 2922 "-" "Mozilla/5.0 (Windows NT 10.0; Win64; x64) AppleWebKit/537.36 (KHTML, like Gecko) Chrome/134.0.0.0 Safari/537.36"
104.244.73.186 - - [04/Apr/2026:02:53:27 -0400] "POST /wp-login.php HTTP/1.1" 200 3942 "http://www.fagottube.com/wp-admin/" "Mozilla/5.0 (Windows NT 10.0; Win64; x64) AppleWebKit/537.36 (KHTML, like Gecko) Chrome/134.0.0.0 Safari/537.36"
209.141.34.190 - - [04/Apr/2026:02:53:31 -0400] "GET /wp-login.php HTTP/1.1" 200 2922 "-" "Mozilla/5.0 (Windows NT 10.0; Win64; x64) AppleWebKit/537.36 (KHTML, like Gecko) Chrome/134.0.0.0 Safari/537.36"
209.141.34.190 - - [04/Apr/2026:02:53:31 -0400] "POST /wp-login.php HTTP/1.1" 200 3938 "http://www.fagottube.com/wp-admin/" "Mozilla/5.0 (Windows NT 10.0; Win64; x64) AppleWebKit/537.36 (KHTML, like Gecko) Chrome/134.0.0.0 Safari/537.36"
209.141.52.183 - - [04/Apr/2026:02:53:52 -0400] "GET /wp-login.php HTTP/1.1" 200 2922 "-" "Mozilla/5.0 (Windows NT 10.0; Win64; x64) AppleWebKit/537.36 (KHTML, like Gecko) Chrome/134.0.0.0 Safari/537.36"
209.141.52.183 - - [04/Apr/2026:02:53:52 -0400] "POST /wp-login.php HTTP/1.1" 200 3942 "http://www.fagottube.com/wp-admin/" "Mozilla/5.0 (Windows NT 10.0; Win64; x64) AppleWebKit/537.36 (KHTML, like Gecko) Chrome/134.0.0.0 Safari/537.36"
186.179.42.42 - - [04/Apr/2026:02:54:10 -0400] "GET /wp-login.php HTTP/1.1" 200 2922 "http://www.fagottube.com/" "Mozilla/5.0 (X11; Ubuntu; Linux i686; rv:114.0) Gecko/20100101 Firefox/114.0"
186.179.42.42 - - [04/Apr/2026:02:54:11 -0400] "GET /wp-login.php HTTP/1.1" 200 2922 "http://www.fagottube.com/wp-login.php" "Mozilla/5.0 (Windows NT 6.3; Win64; x64) AppleWebKit/537.36 (KHTML, like Gecko) Chrome/103.0.0.0 Safari/537.36"
186.179.42.42 - - [04/Apr/2026:02:54:15 -0400] "POST /wp-login.php HTTP/1.1" 302 - "http://www.fagottube.com/wp-login.php" "Mozilla/5.0 (Windows NT 6.3; Win64; x64) AppleWebKit/537.36 (KHTML, like Gecko) Chrome/103.0.0.0 Safari/537.36"
186.179.42.42 - - [04/Apr/2026:02:54:16 -0400] "GET /wp-admin/ HTTP/1.1" 200 72868 "http://www.fagottube.com/wp-login.php" "Mozilla/5.0 (Windows NT 6.3; Win64; x64) AppleWebKit/537.36 (KHTML, like Gecko) Chrome/103.0.0.0 Safari/537.36"
186.179.42.42 - - [04/Apr/2026:02:54:17 -0400] "GET /xmlrpc.php HTTP/1.1" 302 277 "http://www.fagottube.com/wp-admin/" "Mozilla/5.0 (Windows NT 6.3; Win64; x64) AppleWebKit/537.36 (KHTML, like Gecko) Chrome/103.0.0.0 Safari/537.36"
186.179.42.42 - - [04/Apr/2026:02:54:18 -0400] "GET /wp-login.php HTTP/1.1" 200 2939 "http://www.fagottube.com/wp-admin/" "Mozilla/5.0 (Windows NT 6.3; Win64; x64) AppleWebKit/537.36 (KHTML, like Gecko) Chrome/103.0.0.0 Safari/537.36"
186.179.42.42 - - [04/Apr/2026:02:54:19 -0400] "GET /wp-admin/ HTTP/1.1" 200 72868 "http://www.fagottube.com/wp-login.php" "Mozilla/5.0 (Windows NT 6.3; Win64; x64) AppleWebKit/537.36 (KHTML, like Gecko) Chrome/103.0.0.0 Safari/537.36"
186.179.42.42 - - [04/Apr/2026:02:54:20 -0400] "GET /wp-admin/edit-tags.php?taxonomy=category HTTP/1.1" 200 52359 "http://www.fagottube.com/wp-admin/" "Mozilla/5.0 (Windows NT 6.3; Win64; x64) AppleWebKit/537.36 (KHTML, like Gecko) Chrome/103.0.0.0 Safari/537.36"
186.179.42.42 - - [04/Apr/2026:02:54:21 -0400] "GET /wp-admin/load-styles.php?c=1&dir=ltr&load%5B%5D=dashicons,admin-bar,common,forms,admin-menu,dashboard,list-tables,edit,revisions,media,themes,about,nav-menus,wp-pointer,widgets&load%5B%5D=,site-icon,l10n,buttons,wp-auth-check&ver=5.1.8 HTTP/1.1" 200 339095 "http://www.fagottube.com/wp-admin/edit-tags.php?taxonomy=category" "Mozilla/5.0 (Windows NT 10.0; Win64; x64) AppleWebKit/537.36 (KHTML, like Gecko) Chrome/143.0.0.0 Safari/537.36"
209.141.33.127 - - [04/Apr/2026:02:54:22 -0400] "GET /wp-login.php HTTP/1.1" 200 2922 "-" "Mozilla/5.0 (Windows NT 10.0; Win64; x64) AppleWebKit/537.36 (KHTML, like Gecko) Chrome/134.0.0.0 Safari/537.36"
209.141.33.127 - - [04/Apr/2026:02:54:22 -0400] "POST /wp-login.php HTTP/1.1" 200 3932 "http://www.fagottube.com/wp-admin/" "Mozilla/5.0 (Windows NT 10.0; Win64; x64) AppleWebKit/537.36 (KHTML, like Gecko) Chrome/134.0.0.0 Safari/537.36"
198.98.48.6 - - [04/Apr/2026:02:54:23 -0400] "GET /wp-login.php HTTP/1.1" 200 2922 "-" "Mozilla/5.0 (Windows NT 10.0; Win64; x64) AppleWebKit/537.36 (KHTML, like Gecko) Chrome/134.0.0.0 Safari/537.36"
186.179.42.42 - - [04/Apr/2026:02:54:23 -0400] "POST /wp-admin/edit-tags.php HTTP/1.1" 302 - "http://www.fagottube.com/wp-admin/edit-tags.php?taxonomy=category" "Mozilla/5.0 (Windows NT 6.3; Win64; x64) AppleWebKit/537.36 (KHTML, like Gecko) Chrome/103.0.0.0 Safari/537.36"
198.98.48.6 - - [04/Apr/2026:02:54:23 -0400] "POST /wp-login.php HTTP/1.1" 200 3938 "http://www.fagottube.com/wp-admin/" "Mozilla/5.0 (Windows NT 10.0; Win64; x64) AppleWebKit/537.36 (KHTML, like Gecko) Chrome/134.0.0.0 Safari/537.36"
186.179.42.42 - - [04/Apr/2026:02:54:24 -0400] "GET /wp-admin/edit-tags.php?taxonomy=category&error=1&message=4 HTTP/1.1" 200 52447 "http://www.fagottube.com/wp-admin/edit-tags.php" "Mozilla/5.0 (Windows NT 6.3; Win64; x64) AppleWebKit/537.36 (KHTML, like Gecko) Chrome/103.0.0.0 Safari/537.36"
186.179.42.42 - - [04/Apr/2026:02:54:25 -0400] "GET /wp-admin/post-new.php HTTP/1.1" 200 216878 "http://www.fagottube.com/wp-admin/edit-tags.php?taxonomy=category&error=1&message=4" "Mozilla/5.0 (Windows NT 6.3; Win64; x64) AppleWebKit/537.36 (KHTML, like Gecko) Chrome/103.0.0.0 Safari/537.36"
186.179.42.42 - - [04/Apr/2026:02:54:26 -0400] "POST /index.php/wp-json/wp/v2/posts?_wpnonce=1021cc5d58 HTTP/1.1" 201 123498 "http://www.fagottube.com/wp-admin/post-new.php" "Mozilla/5.0 (Windows NT 6.3; Win64; x64) AppleWebKit/537.36 (KHTML, like Gecko) Chrome/103.0.0.0 Safari/537.36"
74.206.190.117 - - [04/Apr/2026:02:54:44 -0400] "POST /wp-cron.php?doing_wp_cron=1775285684.1089799404144287109375 HTTP/1.1" 200 - "http://www.fagottube.com/wp-cron.php?doing_wp_cron=1775285684.1089799404144287109375" "WordPress/5.1.8; http://www.fagottube.com"
45.61.188.43 - - [04/Apr/2026:02:54:43 -0400] "GET /wp-login.php HTTP/1.1" 200 2922 "-" "Mozilla/5.0 (Windows NT 10.0; Win64; x64) AppleWebKit/537.36 (KHTML, like Gecko) Chrome/134.0.0.0 Safari/537.36"
45.61.188.43 - - [04/Apr/2026:02:54:44 -0400] "POST /wp-login.php HTTP/1.1" 200 3942 "http://www.fagottube.com/wp-admin/" "Mozilla/5.0 (Windows NT 10.0; Win64; x64) AppleWebKit/537.36 (KHTML, like Gecko) Chrome/134.0.0.0 Safari/537.36"
45.61.186.111 - - [04/Apr/2026:02:55:01 -0400] "GET /wp-login.php HTTP/1.1" 200 2922 "-" "Mozilla/5.0 (Windows NT 10.0; Win64; x64) AppleWebKit/537.36 (KHTML, like Gecko) Chrome/134.0.0.0 Safari/537.36"
45.61.186.111 - - [04/Apr/2026:02:55:01 -0400] "POST /wp-login.php HTTP/1.1" 200 3942 "http://www.fagottube.com/wp-admin/" "Mozilla/5.0 (Windows NT 10.0; Win64; x64) AppleWebKit/537.36 (KHTML, like Gecko) Chrome/134.0.0.0 Safari/537.36"
74.206.190.117 - - [04/Apr/2026:02:55:08 -0400] "GET / HTTP/1.1" 200 21663 "-" "curl/7.29.0"
107.174.149.3 - - [04/Apr/2026:02:56:48 -0400] "GET /wp-login.php HTTP/1.1" 200 2922 "http://www.fagottube.com/" "Mozilla/5.0 (X11; Ubuntu; Linux i686; rv:114.0) Gecko/20100101 Firefox/114.0"
107.174.149.3 - - [04/Apr/2026:02:56:49 -0400] "GET /wp-login.php HTTP/1.1" 200 2922 "http://www.fagottube.com/wp-login.php" "Mozilla/5.0 (Windows NT 6.3; Win64; x64) AppleWebKit/537.36 (KHTML, like Gecko) Chrome/103.0.0.0 Safari/537.36"
107.174.149.3 - - [04/Apr/2026:02:56:50 -0400] "POST /wp-login.php HTTP/1.1" 200 3894 "http://www.fagottube.com/wp-login.php" "Mozilla/5.0 (Windows NT 6.3; Win64; x64) AppleWebKit/537.36 (KHTML, like Gecko) Chrome/103.0.0.0 Safari/537.36"
107.189.7.189 - - [04/Apr/2026:02:57:13 -0400] "GET /wp-login.php HTTP/1.1" 200 2922 "-" "Mozilla/5.0 (Windows NT 10.0; Win64; x64) AppleWebKit/537.36 (KHTML, like Gecko) Chrome/134.0.0.0 Safari/537.36"
107.189.7.189 - - [04/Apr/2026:02:57:13 -0400] "POST /wp-login.php HTTP/1.1" 200 3928 "http://fagottube.com/wp-admin/" "Mozilla/5.0 (Windows NT 10.0; Win64; x64) AppleWebKit/537.36 (KHTML, like Gecko) Chrome/134.0.0.0 Safari/537.36"
74.206.190.117 - - [04/Apr/2026:03:00:19 -0400] "GET / HTTP/1.1" 200 21664 "-" "curl/7.29.0"
95.214.55.244 - - [04/Apr/2026:03:02:41 -0400] "GET /welcome HTTP/1.1" 302 274 "-" "-"
154.16.20.7 - - [04/Apr/2026:03:03:21 -0400] "GET /index.php/gay-fags/%d0%bf%d1%80%d0%be%d0%b2%d0%b5%d1%80%d0%b5%d0%bd%d0%bd%d1%8b%d0%b5-%d0%ba%d0%b0%d0%b7%d0%b8%d0%bd%d0%be-%d0%be%d0%bd%d0%bb%d0%b0%d0%b9%d0%bd-%d1%81-%d0%bb%d0%b8%d1%86%d0%b5%d0%bd%d0%b7%d0%b8%d0%b5.html HTTP/1.1" 404 9094 "-" "Mozilla/5.0 (compatible; Googlebot/2.1; +http://www.google.com/bot.html)"
74.206.190.117 - - [04/Apr/2026:03:05:07 -0400] "GET / HTTP/1.1" 200 21664 "-" "curl/7.29.0"
74.206.190.117 - - [04/Apr/2026:03:10:13 -0400] "GET / HTTP/1.1" 200 21664 "-" "curl/7.29.0"
176.65.151.74 - - [04/Apr/2026:03:14:33 -0400] "GET / HTTP/1.1" 200 21664 "-" "Mozilla/5.0 (Windows NT 10.0; Win64; x64) AppleWebKit/537.36 (KHTML, like Gecko) Chrome/90.0.4430.85 Safari/537.36 Edg/90.0.818.46"
74.206.190.117 - - [04/Apr/2026:03:15:08 -0400] "GET / HTTP/1.1" 200 21664 "-" "curl/7.29.0"
130.12.180.111 - - [04/Apr/2026:03:17:17 -0400] "GET /.env HTTP/1.1" 302 274 "-" "Mozilla/5.0 (Windows NT 10.0; Win64; x64) AppleWebKit/537.36 (KHTML, like Gecko) Chrome/131.0.0.0 Safari/537.36"
130.12.180.111 - - [04/Apr/2026:03:17:20 -0400] "GET /public/.env HTTP/1.1" 302 274 "-" "Mozilla/5.0 (Windows NT 10.0; Win64; x64) AppleWebKit/537.36 (KHTML, like Gecko) Chrome/131.0.0.0 Safari/537.36"
130.12.180.111 - - [04/Apr/2026:03:17:40 -0400] "GET /dev/.env HTTP/1.1" 302 274 "-" "Mozilla/5.0 (Windows NT 10.0; Win64; x64) AppleWebKit/537.36 (KHTML, like Gecko) Chrome/131.0.0.0 Safari/537.36"
74.206.190.117 - - [04/Apr/2026:03:20:16 -0400] "GET / HTTP/1.1" 200 21664 "-" "curl/7.29.0"
194.26.192.253 - - [04/Apr/2026:03:23:57 -0400] "GET /wp-content/themes/seotheme/db.php?u HTTP/1.1" 302 273 "www.google.com" "Mozlila/5.0 (Linux; Android 7.0; SM-G892A Bulid/NRD90M; wv) AppleWebKit/537.36 (KHTML, like Gecko) Version/4.0 Chrome/60.0.3112.107 Moblie Safari/537.36"
194.26.192.253 - - [04/Apr/2026:03:23:57 -0400] "POST /ALFA_DATA/alfacgiapi/perl.alfa HTTP/1.1" 302 273 "www.google.com" "Mozlila/5.0 (Linux; Android 7.0; SM-G892A Bulid/NRD90M; wv) AppleWebKit/537.36 (KHTML, like Gecko) Version/4.0 Chrome/60.0.3112.107 Moblie Safari/537.36"
194.26.192.253 - - [04/Apr/2026:03:23:57 -0400] "GET /wp-content/plugins/fix/up.php HTTP/1.1" 302 273 "-" "Mozilla/5.0 (Windows NT 10.0; Win64; x64) AppleWebKit/537.36 (KHTML, like Gecko) Chrome/85.0.4183.102 Safari/537.36"
194.26.192.253 - - [04/Apr/2026:03:23:57 -0400] "POST /wp-plain.php HTTP/1.1" 302 273 "www.google.com" "Mozilla/5.0 (Linux; Android 7.0; SM-G892A Bulid/NRD90M; wv) AppleWebKit/537.36 (KHTML, like Gecko) Version/4.0 Chrome/60.0.3112.107 Moblie Safari/537.36"
194.26.192.253 - - [04/Apr/2026:03:23:57 -0400] "GET / HTTP/1.1" 301 - "-" "Mozlila/5.0 (Linux; Android 7.0; SM-G892A Bulid/NRD90M; wv) AppleWebKit/537.36 (KHTML, like Gecko) Version/4.0 Chrome/60.0.3112.107 Moblie Safari/537.36"
194.26.192.253 - - [04/Apr/2026:03:23:57 -0400] "POST /alfacgiapi/perl.alfa HTTP/1.1" 302 273 "www.google.com" "Mozlila/5.0 (Linux; Android 7.0; SM-G892A Bulid/NRD90M; wv) AppleWebKit/537.36 (KHTML, like Gecko) Version/4.0 Chrome/60.0.3112.107 Moblie Safari/537.36"
194.26.192.253 - - [04/Apr/2026:03:23:57 -0400] "GET /enhnfmpx.php?Fox=d3wL7 HTTP/1.1" 302 273 "www.google.com" "Mozilla/5.0 (Linux; Android 7.0; SM-G892A Bulid/NRD90M; wv) AppleWebKit/537.36 (KHTML, like Gecko) Version/4.0 Chrome/60.0.3112.107 Moblie Safari/537.36"
194.26.192.253 - - [04/Apr/2026:03:23:58 -0400] "GET / HTTP/1.1" 200 21664 "-" "Mozlila/5.0 (Linux; Android 7.0; SM-G892A Bulid/NRD90M; wv) AppleWebKit/537.36 (KHTML, like Gecko) Version/4.0 Chrome/60.0.3112.107 Moblie Safari/537.36"
194.26.192.253 - - [04/Apr/2026:03:23:58 -0400] "GET /wp-content/plugins/apikey/apikey.php?test=hello HTTP/1.1" 302 277 "-" "Mozlila/5.0 (Linux; Android 7.0; SM-G892A Bulid/NRD90M; wv) AppleWebKit/537.36 (KHTML, like Gecko) Version/4.0 Chrome/60.0.3112.107 Moblie Safari/537.36"
83.142.209.157 - - [04/Apr/2026:03:24:32 -0400] "GET / HTTP/1.1" 301 - "-" "-"
83.142.209.157 - - [04/Apr/2026:03:24:35 -0400] "GET / HTTP/1.1" 200 21664 "-" "-"
74.206.190.117 - - [04/Apr/2026:03:25:13 -0400] "GET / HTTP/1.1" 200 21664 "-" "curl/7.29.0"
74.206.190.117 - - [04/Apr/2026:03:30:11 -0400] "POST /wp-cron.php?doing_wp_cron=1775287810.9808919429779052734375 HTTP/1.1" 200 - "http://www.fagottube.com/wp-cron.php?doing_wp_cron=1775287810.9808919429779052734375" "WordPress/5.1.8; http://www.fagottube.com"
74.206.190.117 - - [04/Apr/2026:03:30:10 -0400] "GET / HTTP/1.1" 200 21664 "-" "curl/7.29.0"
74.206.190.117 - - [04/Apr/2026:03:33:32 -0400] "POST /wp-cron.php?doing_wp_cron=1775288012.3835189342498779296875 HTTP/1.1" 200 - "http://www.fagottube.com/wp-cron.php?doing_wp_cron=1775288012.3835189342498779296875" "WordPress/5.1.8; http://www.fagottube.com"
184.174.25.101 - - [04/Apr/2026:03:33:32 -0400] "GET /wp-login.php HTTP/1.1" 200 2922 "-" "Mozilla/5.0 (Windows NT 10.0; Win64; x64) AppleWebKit/537.36 (KHTML, like Gecko) Chrome/115.0.0.0 Safari/537.36 Edg/115.0.1901.203"
184.174.25.101 - - [04/Apr/2026:03:33:33 -0400] "POST /wp-login.php HTTP/1.1" 200 3208 "http://www.fagottube.com/wp-login.php" "Mozilla/5.0 (Windows NT 10.0; Win64; x64) AppleWebKit/537.36 (KHTML, like Gecko) Chrome/115.0.0.0 Safari/537.36 Edg/115.0.1901.203"
107.174.149.3 - - [04/Apr/2026:03:35:07 -0400] "GET /index.php/gay-fags/%d0%bf%d1%80%d0%be%d0%b2%d0%b5%d1%80%d0%b5%d0%bd%d0%bd%d1%8b%d0%b5-%d0%ba%d0%b0%d0%b7%d0%b8%d0%bd%d0%be-%d0%be%d0%bd%d0%bb%d0%b0%d0%b9%d0%bd-%d1%81-%d0%bb%d0%b8%d1%86%d0%b5%d0%bd%d0%b7%d0%b8%d0%b5.html HTTP/1.1" 404 9094 "-" "Mozilla/5.0 (compatible; Googlebot/2.1; +http://www.google.com/bot.html)"
74.206.190.117 - - [04/Apr/2026:03:35:16 -0400] "GET / HTTP/1.1" 200 21664 "-" "curl/7.29.0"
74.206.190.117 - - [04/Apr/2026:03:40:14 -0400] "GET / HTTP/1.1" 200 21664 "-" "curl/7.29.0"
34.171.218.177 - - [04/Apr/2026:03:42:13 -0400] "GET /index.php/gay-fags/gay-sex-tube-fags.html HTTP/1.1" 301 - "-" "Mozilla/5.0 AppleWebKit/537.36 (KHTML, like Gecko; compatible; SleepBot/1.0; +http://sleepbot.com/) Chrome/131.0.0.0 Safari/537.36"
34.171.218.177 - - [04/Apr/2026:03:42:13 -0400] "GET /index.php/gay-fags/gay-sex-tube-fags.html HTTP/1.1" 200 23843 "http://fagottube.com/index.php/gay-fags/gay-sex-tube-fags.html" "Mozilla/5.0 AppleWebKit/537.36 (KHTML, like Gecko; compatible; SleepBot/1.0; +http://sleepbot.com/) Chrome/131.0.0.0 Safari/537.36"
34.170.181.225 - - [04/Apr/2026:03:43:02 -0400] "GET /robots.txt HTTP/1.1" 200 29 "-" "Mozilla/5.0 AppleWebKit/537.36 (KHTML, like Gecko; compatible; SleepBot/1.0; +http://sleepbot.com/) Chrome/131.0.0.0 Safari/537.36"
176.65.151.74 - - [04/Apr/2026:03:43:30 -0400] "GET / HTTP/1.1" 200 21664 "-" "Mozilla/5.0 (Windows NT 10.0; Win64; x64) AppleWebKit/537.36 (KHTML, like Gecko) Chrome/90.0.4430.85 Safari/537.36 Edg/90.0.818.46"
74.206.190.117 - - [04/Apr/2026:03:45:13 -0400] "GET / HTTP/1.1" 200 21664 "-" "curl/7.29.0"
181.215.16.232 - - [04/Apr/2026:03:49:36 -0400] "GET /wp-login.php HTTP/1.1" 200 2922 "http://www.fagottube.com/" "Mozilla/5.0 (X11; Ubuntu; Linux i686; rv:114.0) Gecko/20100101 Firefox/114.0"
181.215.16.232 - - [04/Apr/2026:03:49:37 -0400] "GET /wp-login.php HTTP/1.1" 200 2922 "http://www.fagottube.com/wp-login.php" "Mozilla/5.0 (Windows NT 6.3; Win64; x64) AppleWebKit/537.36 (KHTML, like Gecko) Chrome/103.0.0.0 Safari/537.36"
181.215.16.232 - - [04/Apr/2026:03:49:39 -0400] "POST /wp-login.php HTTP/1.1" 200 3894 "http://www.fagottube.com/wp-login.php" "Mozilla/5.0 (Windows NT 6.3; Win64; x64) AppleWebKit/537.36 (KHTML, like Gecko) Chrome/103.0.0.0 Safari/537.36"
74.206.190.117 - - [04/Apr/2026:03:50:09 -0400] "GET / HTTP/1.1" 200 21664 "-" "curl/7.29.0"
66.132.172.38 - - [04/Apr/2026:03:50:26 -0400] "GET / HTTP/1.1" 200 21664 "-" "Mozilla/5.0 (compatible; CensysInspect/1.1; +https://about.censys.io/)"
66.132.172.38 - - [04/Apr/2026:03:50:56 -0400] "GET /.well-known/security.txt HTTP/1.1" 302 274 "-" "Mozilla/5.0 (compatible; CensysInspect/1.1; +https://about.censys.io/)"
209.141.46.13 - - [04/Apr/2026:03:52:41 -0400] "GET /wp-login.php HTTP/1.1" 200 2922 "-" "Mozilla/5.0 (Windows NT 10.0; Win64; x64) AppleWebKit/537.36 (KHTML, like Gecko) Chrome/134.0.0.0 Safari/537.36"
209.141.46.13 - - [04/Apr/2026:03:52:41 -0400] "POST /wp-login.php HTTP/1.1" 200 3942 "http://www.fagottube.com/wp-admin/" "Mozilla/5.0 (Windows NT 10.0; Win64; x64) AppleWebKit/537.36 (KHTML, like Gecko) Chrome/134.0.0.0 Safari/537.36"
74.206.190.117 - - [04/Apr/2026:03:55:08 -0400] "GET / HTTP/1.1" 200 21664 "-" "curl/7.29.0"
74.206.190.117 - - [04/Apr/2026:04:00:12 -0400] "GET / HTTP/1.1" 200 21664 "-" "curl/7.29.0"
37.59.21.100 - - [04/Apr/2026:04:01:11 -0400] "GET /index.php/gay-fags/gay-fags-tube.html/feed HTTP/1.1" 200 1580 "-" "Mozilla/5.0 (X11; Linux i686) AppleWebKit/537.36 (KHTML, like Gecko) Chrome/30.0.1599.66 Safari/537.36"
107.189.7.189 - - [04/Apr/2026:04:02:52 -0400] "GET /wp-login.php HTTP/1.1" 200 2922 "-" "Mozilla/5.0 (Windows NT 10.0; Win64; x64) AppleWebKit/537.36 (KHTML, like Gecko) Chrome/134.0.0.0 Safari/537.36"
107.189.7.189 - - [04/Apr/2026:04:02:52 -0400] "POST /wp-login.php HTTP/1.1" 200 3942 "http://www.fagottube.com/wp-admin/" "Mozilla/5.0 (Windows NT 10.0; Win64; x64) AppleWebKit/537.36 (KHTML, like Gecko) Chrome/134.0.0.0 Safari/537.36"
205.185.118.243 - - [04/Apr/2026:04:03:38 -0400] "GET /wp-login.php HTTP/1.1" 200 2922 "-" "Mozilla/5.0 (Windows NT 10.0; Win64; x64) AppleWebKit/537.36 (KHTML, like Gecko) Chrome/134.0.0.0 Safari/537.36"
205.185.118.243 - - [04/Apr/2026:04:03:38 -0400] "POST /wp-login.php HTTP/1.1" 200 3942 "http://www.fagottube.com/wp-admin/" "Mozilla/5.0 (Windows NT 10.0; Win64; x64) AppleWebKit/537.36 (KHTML, like Gecko) Chrome/134.0.0.0 Safari/537.36"
176.65.151.74 - - [04/Apr/2026:04:05:05 -0400] "GET / HTTP/1.1" 200 21664 "-" "Mozilla/5.0 (Windows NT 10.0; Win64; x64) AppleWebKit/537.36 (KHTML, like Gecko) Chrome/90.0.4430.85 Safari/537.36 Edg/90.0.818.46"
74.206.190.117 - - [04/Apr/2026:04:05:07 -0400] "GET / HTTP/1.1" 200 21664 "-" "curl/7.29.0"
74.206.190.117 - - [04/Apr/2026:04:10:12 -0400] "GET / HTTP/1.1" 200 21664 "-" "curl/7.29.0"
209.141.61.34 - - [04/Apr/2026:04:10:59 -0400] "GET /wp-login.php HTTP/1.1" 200 2922 "-" "Mozilla/5.0 (Windows NT 10.0; Win64; x64) AppleWebKit/537.36 (KHTML, like Gecko) Chrome/134.0.0.0 Safari/537.36"
209.141.61.34 - - [04/Apr/2026:04:11:00 -0400] "POST /wp-login.php HTTP/1.1" 200 3932 "http://www.fagottube.com/wp-admin/" "Mozilla/5.0 (Windows NT 10.0; Win64; x64) AppleWebKit/537.36 (KHTML, like Gecko) Chrome/134.0.0.0 Safari/537.36"
102.165.53.159 - - [04/Apr/2026:04:11:14 -0400] "GET /index.php/gay-fags/%d0%bf%d1%80%d0%be%d0%b2%d0%b5%d1%80%d0%b5%d0%bd%d0%bd%d1%8b%d0%b5-%d0%ba%d0%b0%d0%b7%d0%b8%d0%bd%d0%be-%d0%be%d0%bd%d0%bb%d0%b0%d0%b9%d0%bd-%d1%81-%d0%bb%d0%b8%d1%86%d0%b5%d0%bd%d0%b7%d0%b8%d0%b5.html HTTP/1.1" 404 9094 "-" "Mozilla/5.0 (compatible; Googlebot/2.1; +http://www.google.com/bot.html)"