File: /home/httpd/logs/fagottube.com_access_log
74.206.190.117 - - [04/Apr/2026:04:15:07 -0400] "GET / HTTP/1.1" 200 21664 "-" "curl/7.29.0"
216.73.216.50 - - [04/Apr/2026:04:18:04 -0400] "GET /robots.txt HTTP/1.1" 200 29 "-" "Mozilla/5.0 AppleWebKit/537.36 (KHTML, like Gecko; compatible; ClaudeBot/1.0; +claudebot@anthropic.com)"
216.73.216.50 - - [04/Apr/2026:04:18:09 -0400] "GET /index.php/wp-json/oembed/1.0/embed?format=xml&url=http%3A%2F%2Fwww.fagottube.com%2Findex.php%2Fgay-fags%2Fgay-sex-tube-fags.html HTTP/1.1" 200 2400 "-" "Mozilla/5.0 AppleWebKit/537.36 (KHTML, like Gecko; compatible; ClaudeBot/1.0; +claudebot@anthropic.com)"
216.73.216.50 - - [04/Apr/2026:04:18:14 -0400] "GET /index.php/gay-fags/someone-whos-extra-into-inner-play-than-clitoral-stimulation.html HTTP/1.1" 200 29638 "-" "Mozilla/5.0 AppleWebKit/537.36 (KHTML, like Gecko; compatible; ClaudeBot/1.0; +claudebot@anthropic.com)"
216.73.216.50 - - [04/Apr/2026:04:19:54 -0400] "GET /index.php/wp-json/oembed/1.0/embed?format=xml&url=http%3A%2F%2Fwww.fagottube.com%2Findex.php%2Flatin-fag-tube%2Fporn-tube-faggot.html HTTP/1.1" 200 2392 "-" "Mozilla/5.0 AppleWebKit/537.36 (KHTML, like Gecko; compatible; ClaudeBot/1.0; +claudebot@anthropic.com)"
216.73.216.50 - - [04/Apr/2026:04:20:00 -0400] "GET /index.php/gay-fags/silicone-or-glass-dildos-are-the-greatest-quality.html HTTP/1.1" 200 29855 "-" "Mozilla/5.0 AppleWebKit/537.36 (KHTML, like Gecko; compatible; ClaudeBot/1.0; +claudebot@anthropic.com)"
74.206.190.117 - - [04/Apr/2026:04:20:10 -0400] "GET / HTTP/1.1" 200 21664 "-" "curl/7.29.0"
216.73.216.50 - - [04/Apr/2026:04:21:47 -0400] "GET /index.php/latin-fag-tube/porn-tube-faggot.html/feed HTTP/1.1" 200 4411 "-" "Mozilla/5.0 AppleWebKit/537.36 (KHTML, like Gecko; compatible; ClaudeBot/1.0; +claudebot@anthropic.com)"
209.141.61.34 - - [04/Apr/2026:04:24:38 -0400] "GET /wp-login.php HTTP/1.1" 200 2922 "-" "Mozilla/5.0 (Windows NT 10.0; Win64; x64) AppleWebKit/537.36 (KHTML, like Gecko) Chrome/134.0.0.0 Safari/537.36"
209.141.61.34 - - [04/Apr/2026:04:24:38 -0400] "POST /wp-login.php HTTP/1.1" 200 3938 "http://www.fagottube.com/wp-admin/" "Mozilla/5.0 (Windows NT 10.0; Win64; x64) AppleWebKit/537.36 (KHTML, like Gecko) Chrome/134.0.0.0 Safari/537.36"
216.73.216.50 - - [04/Apr/2026:04:24:53 -0400] "GET /index.php/wp-json/oembed/1.0/embed?url=http%3A%2F%2Fwww.fagottube.com%2Findex.php%2Fgay-fags%2Ffag-gets-hot-mate.html HTTP/1.1" 200 2305 "-" "Mozilla/5.0 AppleWebKit/537.36 (KHTML, like Gecko; compatible; ClaudeBot/1.0; +claudebot@anthropic.com)"
74.206.190.117 - - [04/Apr/2026:04:25:09 -0400] "GET / HTTP/1.1" 200 21664 "-" "curl/7.29.0"
74.206.190.117 - - [04/Apr/2026:04:30:09 -0400] "GET / HTTP/1.1" 200 21664 "-" "curl/7.29.0"
74.206.190.117 - - [04/Apr/2026:04:31:58 -0400] "POST /wp-cron.php?doing_wp_cron=1775291518.7437419891357421875000 HTTP/1.1" 200 - "http://www.fagottube.com/wp-cron.php?doing_wp_cron=1775291518.7437419891357421875000" "WordPress/5.1.8; http://www.fagottube.com"
209.141.34.190 - - [04/Apr/2026:04:31:58 -0400] "GET /wp-login.php HTTP/1.1" 200 2922 "-" "Mozilla/5.0 (Windows NT 10.0; Win64; x64) AppleWebKit/537.36 (KHTML, like Gecko) Chrome/134.0.0.0 Safari/537.36"
209.141.34.190 - - [04/Apr/2026:04:31:59 -0400] "POST /wp-login.php HTTP/1.1" 200 3942 "http://www.fagottube.com/wp-admin/" "Mozilla/5.0 (Windows NT 10.0; Win64; x64) AppleWebKit/537.36 (KHTML, like Gecko) Chrome/134.0.0.0 Safari/537.36"
176.65.151.74 - - [04/Apr/2026:04:33:06 -0400] "GET / HTTP/1.1" 200 21664 "-" "Mozilla/5.0 (Windows NT 10.0; Win64; x64) AppleWebKit/537.36 (KHTML, like Gecko) Chrome/90.0.4430.85 Safari/537.36 Edg/90.0.818.46"
209.141.46.13 - - [04/Apr/2026:04:33:11 -0400] "GET /wp-login.php HTTP/1.1" 200 2922 "-" "Mozilla/5.0 (Windows NT 10.0; Win64; x64) AppleWebKit/537.36 (KHTML, like Gecko) Chrome/134.0.0.0 Safari/537.36"
209.141.46.13 - - [04/Apr/2026:04:33:11 -0400] "POST /wp-login.php HTTP/1.1" 200 3942 "http://www.fagottube.com/wp-admin/" "Mozilla/5.0 (Windows NT 10.0; Win64; x64) AppleWebKit/537.36 (KHTML, like Gecko) Chrome/134.0.0.0 Safari/537.36"
107.189.7.189 - - [04/Apr/2026:04:34:00 -0400] "GET /wp-login.php HTTP/1.1" 200 2922 "-" "Mozilla/5.0 (Windows NT 10.0; Win64; x64) AppleWebKit/537.36 (KHTML, like Gecko) Chrome/134.0.0.0 Safari/537.36"
107.189.7.189 - - [04/Apr/2026:04:34:01 -0400] "POST /wp-login.php HTTP/1.1" 200 3938 "http://www.fagottube.com/wp-admin/" "Mozilla/5.0 (Windows NT 10.0; Win64; x64) AppleWebKit/537.36 (KHTML, like Gecko) Chrome/134.0.0.0 Safari/537.36"
74.206.190.117 - - [04/Apr/2026:04:35:06 -0400] "GET / HTTP/1.1" 200 21664 "-" "curl/7.29.0"
216.73.216.50 - - [04/Apr/2026:04:38:28 -0400] "GET /index.php/wp-json/oembed/1.0/embed?url=http%3A%2F%2Fwww.fagottube.com%2Findex.php%2Fgay-fags%2Fporngay-fags.html HTTP/1.1" 200 2280 "-" "Mozilla/5.0 AppleWebKit/537.36 (KHTML, like Gecko; compatible; ClaudeBot/1.0; +claudebot@anthropic.com)"
216.73.216.50 - - [04/Apr/2026:04:38:29 -0400] "GET /index.php/wp-json/oembed/1.0/embed?url=http%3A%2F%2Fwww.fagottube.com%2Findex.php%2Flatin-fag-tube%2F31.html HTTP/1.1" 200 2269 "-" "Mozilla/5.0 AppleWebKit/537.36 (KHTML, like Gecko; compatible; ClaudeBot/1.0; +claudebot@anthropic.com)"
74.206.190.117 - - [04/Apr/2026:04:40:15 -0400] "GET / HTTP/1.1" 200 21664 "-" "curl/7.29.0"
209.141.45.41 - - [04/Apr/2026:04:44:54 -0400] "GET /wp-login.php HTTP/1.1" 200 2922 "-" "Mozilla/5.0 (Windows NT 10.0; Win64; x64) AppleWebKit/537.36 (KHTML, like Gecko) Chrome/134.0.0.0 Safari/537.36"
209.141.45.41 - - [04/Apr/2026:04:44:54 -0400] "POST /wp-login.php HTTP/1.1" 200 3942 "http://www.fagottube.com/wp-admin/" "Mozilla/5.0 (Windows NT 10.0; Win64; x64) AppleWebKit/537.36 (KHTML, like Gecko) Chrome/134.0.0.0 Safari/537.36"
74.206.190.117 - - [04/Apr/2026:04:45:07 -0400] "GET / HTTP/1.1" 200 21664 "-" "curl/7.29.0"
216.73.216.50 - - [04/Apr/2026:04:46:06 -0400] "GET /index.php/tag/raw-papi HTTP/1.1" 200 12448 "-" "Mozilla/5.0 AppleWebKit/537.36 (KHTML, like Gecko; compatible; ClaudeBot/1.0; +claudebot@anthropic.com)"
74.206.190.117 - - [04/Apr/2026:04:50:08 -0400] "GET / HTTP/1.1" 200 21664 "-" "curl/7.29.0"
209.141.52.183 - - [04/Apr/2026:04:50:56 -0400] "GET /wp-login.php HTTP/1.1" 200 2922 "-" "Mozilla/5.0 (Windows NT 10.0; Win64; x64) AppleWebKit/537.36 (KHTML, like Gecko) Chrome/134.0.0.0 Safari/537.36"
209.141.52.183 - - [04/Apr/2026:04:50:56 -0400] "POST /wp-login.php HTTP/1.1" 200 3932 "http://www.fagottube.com/wp-admin/" "Mozilla/5.0 (Windows NT 10.0; Win64; x64) AppleWebKit/537.36 (KHTML, like Gecko) Chrome/134.0.0.0 Safari/537.36"
107.189.2.171 - - [04/Apr/2026:04:51:47 -0400] "GET /wp-login.php HTTP/1.1" 200 2922 "-" "Mozilla/5.0 (Windows NT 10.0; Win64; x64) AppleWebKit/537.36 (KHTML, like Gecko) Chrome/134.0.0.0 Safari/537.36"
107.189.2.171 - - [04/Apr/2026:04:51:47 -0400] "POST /wp-login.php HTTP/1.1" 200 3938 "http://www.fagottube.com/wp-admin/" "Mozilla/5.0 (Windows NT 10.0; Win64; x64) AppleWebKit/537.36 (KHTML, like Gecko) Chrome/134.0.0.0 Safari/537.36"
74.206.190.117 - - [04/Apr/2026:04:55:07 -0400] "GET / HTTP/1.1" 200 21664 "-" "curl/7.29.0"
176.65.151.74 - - [04/Apr/2026:05:00:04 -0400] "GET / HTTP/1.1" 200 21664 "-" "Mozilla/5.0 (Windows NT 10.0; Win64; x64) AppleWebKit/537.36 (KHTML, like Gecko) Chrome/90.0.4430.85 Safari/537.36 Edg/90.0.818.46"
74.206.190.117 - - [04/Apr/2026:05:00:23 -0400] "GET / HTTP/1.1" 200 21664 "-" "curl/7.29.0"
40.77.167.108 - - [04/Apr/2026:05:02:19 -0400] "GET /robots.txt HTTP/1.1" 200 29 "-" "Mozilla/5.0 AppleWebKit/537.36 (KHTML, like Gecko; compatible; bingbot/2.0; +http://www.bing.com/bingbot.htm) Chrome/116.0.1938.76 Safari/537.36"
52.167.144.233 - - [04/Apr/2026:05:02:24 -0400] "GET /index.php/page/1?Submit=Search&s HTTP/1.1" 200 21902 "-" "Mozilla/5.0 AppleWebKit/537.36 (KHTML, like Gecko; compatible; bingbot/2.0; +http://www.bing.com/bingbot.htm) Chrome/116.0.1938.76 Safari/537.36"
74.206.190.117 - - [04/Apr/2026:05:05:08 -0400] "GET / HTTP/1.1" 200 21664 "-" "curl/7.29.0"
114.119.158.74 - - [04/Apr/2026:05:05:21 -0400] "GET /robots.txt HTTP/1.1" 200 29 "-" "Mozilla/5.0 (compatible;PetalBot;+https://webmaster.petalsearch.com/site/petalbot)"
101.32.52.164 - - [04/Apr/2026:05:08:19 -0400] "GET / HTTP/1.1" 301 - "-" "Mozilla/5.0 (iPhone; CPU iPhone OS 13_2_3 like Mac OS X) AppleWebKit/605.1.15 (KHTML, like Gecko) Version/13.0.3 Mobile/15E148 Safari/604.1"
101.32.52.164 - - [04/Apr/2026:05:08:21 -0400] "GET / HTTP/1.1" 200 21664 "http://fagottube.com" "Mozilla/5.0 (iPhone; CPU iPhone OS 13_2_3 like Mac OS X) AppleWebKit/605.1.15 (KHTML, like Gecko) Version/13.0.3 Mobile/15E148 Safari/604.1"
37.59.21.100 - - [04/Apr/2026:05:08:24 -0400] "GET /index.php/tag/raw-papi/feed HTTP/1.1" 200 6446 "-" "Mozilla/5.0 (X11; Linux i686) AppleWebKit/537.36 (KHTML, like Gecko) Chrome/30.0.1599.66 Safari/537.36"
74.206.190.117 - - [04/Apr/2026:05:10:07 -0400] "GET / HTTP/1.1" 200 21664 "-" "curl/7.29.0"
37.59.21.100 - - [04/Apr/2026:05:13:40 -0400] "GET /index.php/latin-fag-tube/fag-tube-porn.html/feed HTTP/1.1" 200 1332 "-" "Mozilla/5.0 (X11; Linux i686) AppleWebKit/537.36 (KHTML, like Gecko) Chrome/30.0.1599.66 Safari/537.36"
74.206.190.117 - - [04/Apr/2026:05:15:06 -0400] "GET / HTTP/1.1" 200 21664 "-" "curl/7.29.0"
199.195.251.81 - - [04/Apr/2026:05:16:54 -0400] "GET /wp-login.php HTTP/1.1" 200 2922 "-" "Mozilla/5.0 (Windows NT 10.0; Win64; x64) AppleWebKit/537.36 (KHTML, like Gecko) Chrome/134.0.0.0 Safari/537.36"
199.195.251.81 - - [04/Apr/2026:05:16:55 -0400] "POST /wp-login.php HTTP/1.1" 200 3928 "http://fagottube.com/wp-admin/" "Mozilla/5.0 (Windows NT 10.0; Win64; x64) AppleWebKit/537.36 (KHTML, like Gecko) Chrome/134.0.0.0 Safari/537.36"
17.246.23.235 - - [04/Apr/2026:05:17:31 -0400] "GET /robots.txt HTTP/1.1" 200 29 "-" "Mozilla/5.0 (Macintosh; Intel Mac OS X 10_15_7) AppleWebKit/605.1.15 (KHTML, like Gecko) Version/17.4 Safari/605.1.15 (Applebot/0.1; +http://www.apple.com/go/applebot)"
17.246.23.235 - - [04/Apr/2026:05:17:31 -0400] "GET /index.php/gay-fags/we-vibes-wand-2-makes-use-of-haptic-expertise.html HTTP/1.1" 200 30297 "-" "Mozilla/5.0 (Macintosh; Intel Mac OS X 10_15_7) AppleWebKit/605.1.15 (KHTML, like Gecko) Version/17.4 Safari/605.1.15 (Applebot/0.1; +http://www.apple.com/go/applebot)"
74.206.190.117 - - [04/Apr/2026:05:20:17 -0400] "GET / HTTP/1.1" 200 21664 "-" "curl/7.29.0"
74.206.190.117 - - [04/Apr/2026:05:25:07 -0400] "GET / HTTP/1.1" 200 21664 "-" "curl/7.29.0"
176.65.151.74 - - [04/Apr/2026:05:25:30 -0400] "GET / HTTP/1.1" 200 21664 "-" "Mozilla/5.0 (Windows NT 10.0; Win64; x64) AppleWebKit/537.36 (KHTML, like Gecko) Chrome/90.0.4430.85 Safari/537.36 Edg/90.0.818.46"
74.206.190.117 - - [04/Apr/2026:05:30:07 -0400] "GET / HTTP/1.1" 200 21664 "-" "curl/7.29.0"
216.73.216.50 - - [04/Apr/2026:05:30:33 -0400] "GET /robots.txt HTTP/1.1" 200 29 "-" "Mozilla/5.0 AppleWebKit/537.36 (KHTML, like Gecko; compatible; ClaudeBot/1.0; +claudebot@anthropic.com)"
74.206.190.117 - - [04/Apr/2026:05:30:36 -0400] "POST /wp-cron.php?doing_wp_cron=1775295036.7163100242614746093750 HTTP/1.1" 200 - "http://www.fagottube.com/wp-cron.php?doing_wp_cron=1775295036.7163100242614746093750" "WordPress/5.1.8; http://www.fagottube.com"
216.73.216.50 - - [04/Apr/2026:05:30:36 -0400] "GET /index.php/gay-fags/%d0%b4%d1%80%d0%b0%d0%b3%d0%be%d0%bd-%d0%bc%d0%b0%d0%bd%d0%b8-%d0%be%d0%b1%d0%b7%d0%be%d1%80-%d0%bf%d0%bb%d0%b0%d1%82%d1%84%d0%be%d1%80%d0%bc%d1%8b-%d1%81-%d0%b0%d0%bd%d0%b0%d0%bb%d0%b8%d0%b7%d0%be.html HTTP/1.1" 404 9094 "-" "Mozilla/5.0 AppleWebKit/537.36 (KHTML, like Gecko; compatible; ClaudeBot/1.0; +claudebot@anthropic.com)"
216.73.216.50 - - [04/Apr/2026:05:30:43 -0400] "GET /index.php/gay-fags/what-the-dalai-lama-can-teach-you-about-pandido.html HTTP/1.1" 200 28835 "-" "Mozilla/5.0 AppleWebKit/537.36 (KHTML, like Gecko; compatible; ClaudeBot/1.0; +claudebot@anthropic.com)"
216.73.216.50 - - [04/Apr/2026:05:33:04 -0400] "GET /index.php/gay-fags/someone-whos-extra-into-inner-play-than-clitoral-stimulation.html/feed HTTP/1.1" 200 964 "-" "Mozilla/5.0 AppleWebKit/537.36 (KHTML, like Gecko; compatible; ClaudeBot/1.0; +claudebot@anthropic.com)"
216.73.216.50 - - [04/Apr/2026:05:33:17 -0400] "GET /index.php/gay-fags/%d0%bb%d0%b0%d0%ba%d0%b8-%d0%b2%d0%be%d1%80%d0%bb%d0%b4-%d0%ba%d0%b0%d0%b7%d0%b8%d0%bd%d0%be-%d0%bb%d1%83%d1%87%d1%88%d0%b8%d0%b5-%d0%bf%d1%80%d0%b5%d0%b4%d0%bb%d0%be%d0%b6%d0%b5%d0%bd%d0%b8.html HTTP/1.1" 404 9094 "-" "Mozilla/5.0 AppleWebKit/537.36 (KHTML, like Gecko; compatible; ClaudeBot/1.0; +claudebot@anthropic.com)"
216.73.216.50 - - [04/Apr/2026:05:33:40 -0400] "GET /index.php/gay-fags/laki-world-%d0%ba%d0%b0%d0%b7%d0%b8%d0%bd%d0%be-%d1%81%d0%bb%d0%be%d1%82%d1%8b-%d0%bb%d1%83%d1%87%d1%88%d0%b8%d0%b5-%d0%b0%d0%b2%d1%82%d0%be%d0%bc%d0%b0%d1%82%d1%8b-%d1%81-%d0%b2%d1%8b%d1%81.html HTTP/1.1" 404 9094 "-" "Mozilla/5.0 AppleWebKit/537.36 (KHTML, like Gecko; compatible; ClaudeBot/1.0; +claudebot@anthropic.com)"
216.73.216.50 - - [04/Apr/2026:05:33:47 -0400] "GET /?p=204 HTTP/1.1" 301 - "-" "Mozilla/5.0 AppleWebKit/537.36 (KHTML, like Gecko; compatible; ClaudeBot/1.0; +claudebot@anthropic.com)"
216.73.216.50 - - [04/Apr/2026:05:33:47 -0400] "GET /index.php/gay-fags/someone-whos-extra-into-inner-play-than-clitoral-stimulation.html HTTP/1.1" 200 29638 "http://www.fagottube.com/?p=204" "Mozilla/5.0 AppleWebKit/537.36 (KHTML, like Gecko; compatible; ClaudeBot/1.0; +claudebot@anthropic.com)"
74.206.190.117 - - [04/Apr/2026:05:35:07 -0400] "GET / HTTP/1.1" 200 21664 "-" "curl/7.29.0"
216.73.216.50 - - [04/Apr/2026:05:35:10 -0400] "GET /index.php/gay-fags/laki-world-casino-%d0%b2%d1%85%d0%be%d0%b4-%d0%b1%d0%b5%d0%b7%d0%be%d0%bf%d0%b0%d1%81%d0%bd%d1%8b%d0%b9-%d0%b4%d0%be%d1%81%d1%82%d1%83%d0%bf-%d0%ba-%d0%b0%d0%ba%d0%ba%d0%b0%d1%83%d0%bd%d1%82.html HTTP/1.1" 404 9094 "-" "Mozilla/5.0 AppleWebKit/537.36 (KHTML, like Gecko; compatible; ClaudeBot/1.0; +claudebot@anthropic.com)"
119.28.89.249 - - [04/Apr/2026:05:35:28 -0400] "GET / HTTP/1.1" 200 21664 "-" "Mozilla/5.0 (iPhone; CPU iPhone OS 13_2_3 like Mac OS X) AppleWebKit/605.1.15 (KHTML, like Gecko) Version/13.0.3 Mobile/15E148 Safari/604.1"
216.73.216.50 - - [04/Apr/2026:05:36:23 -0400] "GET /index.php/gay-fags/%d0%bb%d0%b0%d0%ba%d0%b8-%d0%b2%d0%be%d1%80%d0%bb%d0%b4-%d0%b7%d0%b5%d1%80%d0%ba%d0%b0%d0%bb%d0%be-%d1%80%d0%b0%d0%b1%d0%be%d1%87%d0%b8%d0%b9-%d0%b4%d0%be%d0%bc%d0%b5%d0%bd-%d0%b4%d0%bb.html HTTP/1.1" 404 9094 "-" "Mozilla/5.0 AppleWebKit/537.36 (KHTML, like Gecko; compatible; ClaudeBot/1.0; +claudebot@anthropic.com)"
216.73.216.50 - - [04/Apr/2026:05:36:32 -0400] "GET /index.php/wp-json/oembed/1.0/embed?url=http%3A%2F%2Fwww.fagottube.com%2Findex.php%2Flatin-fag-tube%2Fporn-tube-faggot.html HTTP/1.1" 200 2297 "-" "Mozilla/5.0 AppleWebKit/537.36 (KHTML, like Gecko; compatible; ClaudeBot/1.0; +claudebot@anthropic.com)"
216.73.216.50 - - [04/Apr/2026:05:37:01 -0400] "GET /index.php/gay-fags/ever-heard-about-extreme-shining-crown-slot-gratis-well-about-that.html HTTP/1.1" 200 29578 "-" "Mozilla/5.0 AppleWebKit/537.36 (KHTML, like Gecko; compatible; ClaudeBot/1.0; +claudebot@anthropic.com)"
216.73.216.50 - - [04/Apr/2026:05:38:20 -0400] "GET /index.php/gay-fags/%d0%ba%d0%b0%d0%b7%d0%b8%d0%bd%d0%be-7%d0%ba-%d0%b8%d0%b3%d1%80%d0%be%d0%b2%d1%8b%d0%b5-%d0%b0%d0%b2%d1%82%d0%be%d0%bc%d0%b0%d1%82%d1%8b-%d0%bb%d1%83%d1%87%d1%88%d0%b8%d0%b5-%d1%81%d0%bb.html HTTP/1.1" 404 9094 "-" "Mozilla/5.0 AppleWebKit/537.36 (KHTML, like Gecko; compatible; ClaudeBot/1.0; +claudebot@anthropic.com)"
216.73.216.50 - - [04/Apr/2026:05:38:25 -0400] "GET /index.php/gay-fags/%d0%bf%d1%80%d0%be%d0%b2%d0%b5%d1%80%d0%b5%d0%bd%d0%bd%d1%8b%d0%b5-%d0%ba%d0%b0%d0%b7%d0%b8%d0%bd%d0%be-%d0%be%d0%bd%d0%bb%d0%b0%d0%b9%d0%bd-%d1%81-%d0%bb%d0%b8%d1%86%d0%b5%d0%bd%d0%b7%d0%b8%d0%b5.html HTTP/1.1" 404 9094 "-" "Mozilla/5.0 AppleWebKit/537.36 (KHTML, like Gecko; compatible; ClaudeBot/1.0; +claudebot@anthropic.com)"
172.202.118.82 - - [04/Apr/2026:05:39:25 -0400] "GET /developmentserver/metadatauploader HTTP/1.1" 302 274 "-" "Mozilla/5.0 zgrab/0.x"
74.206.190.117 - - [04/Apr/2026:05:40:13 -0400] "GET / HTTP/1.1" 200 21664 "-" "curl/7.29.0"
45.91.64.7 - - [04/Apr/2026:05:43:02 -0400] "GET / HTTP/1.1" 200 21664 "-" "Mozilla/5.0 (Windows NT 10.0; Win64; x64) AppleWebKit/537.36 (KHTML, like Gecko) Chrome/91.0.4472.77 Safari/537.36"
45.61.188.43 - - [04/Apr/2026:05:44:18 -0400] "GET /wp-login.php HTTP/1.1" 200 2922 "-" "Mozilla/5.0 (Windows NT 10.0; Win64; x64) AppleWebKit/537.36 (KHTML, like Gecko) Chrome/134.0.0.0 Safari/537.36"
45.61.188.43 - - [04/Apr/2026:05:44:18 -0400] "POST /wp-login.php HTTP/1.1" 200 3942 "http://www.fagottube.com/wp-admin/" "Mozilla/5.0 (Windows NT 10.0; Win64; x64) AppleWebKit/537.36 (KHTML, like Gecko) Chrome/134.0.0.0 Safari/537.36"
74.206.190.117 - - [04/Apr/2026:05:45:07 -0400] "GET / HTTP/1.1" 200 21664 "-" "curl/7.29.0"
216.73.216.50 - - [04/Apr/2026:05:47:14 -0400] "GET /?p=206 HTTP/1.1" 301 - "-" "Mozilla/5.0 AppleWebKit/537.36 (KHTML, like Gecko; compatible; ClaudeBot/1.0; +claudebot@anthropic.com)"
216.73.216.50 - - [04/Apr/2026:05:47:14 -0400] "GET /index.php/gay-fags/silicone-or-glass-dildos-are-the-greatest-quality.html HTTP/1.1" 200 29855 "http://www.fagottube.com/?p=206" "Mozilla/5.0 AppleWebKit/537.36 (KHTML, like Gecko; compatible; ClaudeBot/1.0; +claudebot@anthropic.com)"
176.65.151.74 - - [04/Apr/2026:05:47:32 -0400] "GET / HTTP/1.1" 200 21664 "-" "Mozilla/5.0 (Windows NT 10.0; Win64; x64) AppleWebKit/537.36 (KHTML, like Gecko) Chrome/90.0.4430.85 Safari/537.36 Edg/90.0.818.46"
74.206.190.117 - - [04/Apr/2026:05:50:07 -0400] "GET / HTTP/1.1" 200 21664 "-" "curl/7.29.0"
216.73.216.50 - - [04/Apr/2026:05:52:04 -0400] "GET /index.php/gay-fags/silicone-or-glass-dildos-are-the-greatest-quality.html/feed HTTP/1.1" 200 924 "-" "Mozilla/5.0 AppleWebKit/537.36 (KHTML, like Gecko; compatible; ClaudeBot/1.0; +claudebot@anthropic.com)"
74.206.190.117 - - [04/Apr/2026:05:55:07 -0400] "GET / HTTP/1.1" 200 21664 "-" "curl/7.29.0"
45.61.186.111 - - [04/Apr/2026:05:56:31 -0400] "GET /wp-login.php HTTP/1.1" 200 2922 "-" "Mozilla/5.0 (Windows NT 10.0; Win64; x64) AppleWebKit/537.36 (KHTML, like Gecko) Chrome/134.0.0.0 Safari/537.36"
45.61.186.111 - - [04/Apr/2026:05:56:31 -0400] "POST /wp-login.php HTTP/1.1" 200 3942 "http://www.fagottube.com/wp-admin/" "Mozilla/5.0 (Windows NT 10.0; Win64; x64) AppleWebKit/537.36 (KHTML, like Gecko) Chrome/134.0.0.0 Safari/537.36"
77.83.24.190 - - [04/Apr/2026:05:59:45 -0400] "GET /wp-login.php HTTP/1.1" 200 2922 "-" "Mozilla/5.0 (Windows NT 10.0; Win64; x64; rv:127.0) Gecko/20100101 Firefox/127.0"
77.83.24.190 - - [04/Apr/2026:05:59:46 -0400] "POST /xmlrpc.php HTTP/1.1" 302 277 "-" "Mozilla/5.0 (Windows NT 10.0; Win64; x64; rv:127.0) Gecko/20100101 Firefox/127.0"
157.22.125.171 - - [04/Apr/2026:05:59:47 -0400] "POST /xmlrpc.php HTTP/1.1" 302 277 "-" "Mozilla/5.0 (Windows NT 10.0; Win64; x64; rv:127.0) Gecko/20100101 Firefox/127.0"
146.19.78.63 - - [04/Apr/2026:05:59:48 -0400] "POST /xmlrpc.php HTTP/1.1" 302 277 "-" "Mozilla/5.0 (Windows NT 10.0; Win64; x64; rv:127.0) Gecko/20100101 Firefox/127.0"
130.49.113.44 - - [04/Apr/2026:05:59:49 -0400] "POST /xmlrpc.php HTTP/1.1" 302 277 "-" "Mozilla/5.0 (Windows NT 10.0; Win64; x64; rv:127.0) Gecko/20100101 Firefox/127.0"
157.22.126.70 - - [04/Apr/2026:05:59:57 -0400] "POST /xmlrpc.php HTTP/1.1" 302 277 "-" "Mozilla/5.0 (Macintosh; Intel Mac OS X 13_5) AppleWebKit/605.1.15 (KHTML, like Gecko) Version/17.5 Safari/605.1.15"
45.135.1.244 - - [04/Apr/2026:05:59:58 -0400] "POST /xmlrpc.php HTTP/1.1" 302 277 "-" "Mozilla/5.0 (Macintosh; Intel Mac OS X 13_5) AppleWebKit/605.1.15 (KHTML, like Gecko) Version/17.5 Safari/605.1.15"
157.22.127.248 - - [04/Apr/2026:05:59:59 -0400] "POST /xmlrpc.php HTTP/1.1" 302 277 "-" "Mozilla/5.0 (Windows NT 10.0; Win64; x64; rv:127.0) Gecko/20100101 Firefox/127.0"
170.168.172.13 - - [04/Apr/2026:06:00:00 -0400] "POST /xmlrpc.php HTTP/1.1" 302 277 "-" "Mozilla/5.0 (Macintosh; Intel Mac OS X 13_5) AppleWebKit/605.1.15 (KHTML, like Gecko) Version/17.5 Safari/605.1.15"
122.8.45.247 - - [04/Apr/2026:06:00:00 -0400] "POST /xmlrpc.php HTTP/1.1" 302 277 "-" "Mozilla/5.0 (Windows NT 10.0; Win64; x64; rv:127.0) Gecko/20100101 Firefox/127.0"
193.202.9.44 - - [04/Apr/2026:06:00:01 -0400] "POST /xmlrpc.php HTTP/1.1" 302 277 "-" "Mozilla/5.0 (Windows NT 10.0; Win64; x64; rv:127.0) Gecko/20100101 Firefox/127.0"
157.22.74.139 - - [04/Apr/2026:06:00:02 -0400] "POST /xmlrpc.php HTTP/1.1" 302 277 "-" "Mozilla/5.0 (Windows NT 10.0; Win64; x64) AppleWebKit/537.36 (KHTML, like Gecko) Chrome/124.0.6367.207 Safari/537.36"
77.83.24.190 - - [04/Apr/2026:06:00:03 -0400] "GET /wp-login.php HTTP/1.1" 200 2922 "-" "Mozilla/5.0 (Windows NT 10.0; Win64; x64) AppleWebKit/537.36 (KHTML, like Gecko) Chrome/124.0.6367.207 Safari/537.36"
77.83.24.190 - - [04/Apr/2026:06:00:03 -0400] "POST /wp-login.php HTTP/1.1" 302 - "http://www.fagottube.com/wp-login.php" "Mozilla/5.0 (Windows NT 10.0; Win64; x64) AppleWebKit/537.36 (KHTML, like Gecko) Chrome/124.0.6367.207 Safari/537.36"
77.83.24.190 - - [04/Apr/2026:06:00:04 -0400] "GET /wp-admin/ HTTP/1.1" 200 72871 "http://www.fagottube.com/wp-login.php" "Mozilla/5.0 (Windows NT 10.0; Win64; x64) AppleWebKit/537.36 (KHTML, like Gecko) Chrome/124.0.6367.207 Safari/537.36"
77.83.24.190 - - [04/Apr/2026:06:00:05 -0400] "GET /wp-admin/admin-ajax.php?action=rest-nonce HTTP/1.1" 400 1 "-" "Mozilla/5.0 (Windows NT 10.0; Win64; x64) AppleWebKit/537.36 (KHTML, like Gecko) Chrome/124.0.6367.207 Safari/537.36"
77.83.24.190 - - [04/Apr/2026:06:00:06 -0400] "GET /wp-admin/admin-ajax.php?action=rest-nonce HTTP/1.1" 400 1 "-" "Mozilla/5.0 (Windows NT 10.0; Win64; x64) AppleWebKit/537.36 (KHTML, like Gecko) Chrome/124.0.6367.207 Safari/537.36"
77.83.24.190 - - [04/Apr/2026:06:00:06 -0400] "GET /wp-admin/admin-ajax.php?action=rest-nonce HTTP/1.1" 400 1 "-" "Mozilla/5.0 (Windows NT 10.0; Win64; x64) AppleWebKit/537.36 (KHTML, like Gecko) Chrome/124.0.6367.207 Safari/537.36"
77.83.24.190 - - [04/Apr/2026:06:00:07 -0400] "GET /wp-admin/admin-ajax.php?action=rest-nonce HTTP/1.1" 400 1 "-" "Mozilla/5.0 (Windows NT 10.0; Win64; x64) AppleWebKit/537.36 (KHTML, like Gecko) Chrome/124.0.6367.207 Safari/537.36"
77.83.24.190 - - [04/Apr/2026:06:00:07 -0400] "GET /wp-admin/admin-ajax.php?action=rest-nonce HTTP/1.1" 400 1 "-" "Mozilla/5.0 (Windows NT 10.0; Win64; x64) AppleWebKit/537.36 (KHTML, like Gecko) Chrome/124.0.6367.207 Safari/537.36"
77.83.24.190 - - [04/Apr/2026:06:00:08 -0400] "GET /wp-json/wp/v2/users/me HTTP/1.1" 302 277 "-" "Mozilla/5.0 (Windows NT 10.0; Win64; x64) AppleWebKit/537.36 (KHTML, like Gecko) Chrome/124.0.6367.207 Safari/537.36"
77.83.24.190 - - [04/Apr/2026:06:00:08 -0400] "GET /wp-json/wp/v2/users/me HTTP/1.1" 302 277 "-" "Mozilla/5.0 (Windows NT 10.0; Win64; x64) AppleWebKit/537.36 (KHTML, like Gecko) Chrome/124.0.6367.207 Safari/537.36"
77.83.24.190 - - [04/Apr/2026:06:00:08 -0400] "GET /wp-json/wp/v2/users/me HTTP/1.1" 302 277 "-" "Mozilla/5.0 (Windows NT 10.0; Win64; x64) AppleWebKit/537.36 (KHTML, like Gecko) Chrome/124.0.6367.207 Safari/537.36"
77.83.24.190 - - [04/Apr/2026:06:00:09 -0400] "GET /wp-json/wp/v2/users/me HTTP/1.1" 302 277 "-" "Mozilla/5.0 (Windows NT 10.0; Win64; x64) AppleWebKit/537.36 (KHTML, like Gecko) Chrome/124.0.6367.207 Safari/537.36"
77.83.24.190 - - [04/Apr/2026:06:00:09 -0400] "GET /wp-json/wp/v2/users/me HTTP/1.1" 302 277 "-" "Mozilla/5.0 (Windows NT 10.0; Win64; x64) AppleWebKit/537.36 (KHTML, like Gecko) Chrome/124.0.6367.207 Safari/537.36"
77.83.24.190 - - [04/Apr/2026:06:00:09 -0400] "GET /wp-admin/plugins.php HTTP/1.1" 200 48312 "-" "Mozilla/5.0 (Windows NT 10.0; Win64; x64) AppleWebKit/537.36 (KHTML, like Gecko) Chrome/124.0.6367.207 Safari/537.36"
74.206.190.117 - - [04/Apr/2026:06:00:15 -0400] "GET / HTTP/1.1" 200 21664 "-" "curl/7.29.0"
43.159.138.217 - - [04/Apr/2026:06:00:31 -0400] "GET / HTTP/1.1" 200 21664 "-" "Mozilla/5.0 (iPhone; CPU iPhone OS 13_2_3 like Mac OS X) AppleWebKit/605.1.15 (KHTML, like Gecko) Version/13.0.3 Mobile/15E148 Safari/604.1"
216.73.216.50 - - [04/Apr/2026:06:01:21 -0400] "GET /index.php/tag/raw-papi/feed HTTP/1.1" 200 6446 "-" "Mozilla/5.0 AppleWebKit/537.36 (KHTML, like Gecko; compatible; ClaudeBot/1.0; +claudebot@anthropic.com)"
5.61.209.107 - - [04/Apr/2026:06:01:25 -0400] "GET /SDK/webLanguage HTTP/1.1" 302 274 "-" "Mozilla/5.0 (Windows NT 10.0; Win64; x64) AppleWebKit/537.36 (KHTML, like Gecko) Chrome/90.0.4430.85 Safari/537.36 Edg/90.0.818.46"
74.206.190.117 - - [04/Apr/2026:06:05:06 -0400] "GET / HTTP/1.1" 200 21664 "-" "curl/7.29.0"
142.248.80.38 - - [04/Apr/2026:06:08:38 -0400] "GET / HTTP/1.1" 200 21664 "-" "Shodan-Pull/1.0"
74.206.190.117 - - [04/Apr/2026:06:10:08 -0400] "GET / HTTP/1.1" 200 21664 "-" "curl/7.29.0"
194.88.98.83 - - [04/Apr/2026:06:11:08 -0400] "GET / HTTP/1.1" 200 21664 "-" "Mozilla/5.0 (compatible; Infrawatch/1.0; +https://infrawat.ch/)"
37.59.21.100 - - [04/Apr/2026:06:12:16 -0400] "GET /index.php/feed HTTP/1.1" 200 203132 "-" "Mozilla/5.0 (X11; Linux i686) AppleWebKit/537.36 (KHTML, like Gecko) Chrome/30.0.1599.66 Safari/537.36"
37.59.253.52 - - [04/Apr/2026:06:12:17 -0400] "GET /index.php/gay-fags/%D0%BF%D1%80%D0%BE%D0%B2%D0%B5%D1%80%D0%B5%D0%BD%D0%BD%D1%8B%D0%B5-%D0%BA%D0%B0%D0%B7%D0%B8%D0%BD%D0%BE-%D0%BE%D0%BD%D0%BB%D0%B0%D0%B9%D0%BD-%D1%81-%D0%BB%D0%B8%D1%86%D0%B5%D0%BD%D0%B7%D0%B8%D0%B5.html HTTP/1.1" 404 9094 "-" "Mozilla/5.0 (Macintosh; Intel Mac OS X 10_14_1) AppleWebKit/537.36 (KHTML, like Gecko) Chrome/71.0.3578.62 Safari/537.36"
74.206.190.117 - - [04/Apr/2026:06:15:12 -0400] "GET / HTTP/1.1" 200 21664 "-" "curl/7.29.0"
176.65.151.74 - - [04/Apr/2026:06:15:28 -0400] "GET / HTTP/1.1" 200 21664 "-" "Mozilla/5.0 (Windows NT 10.0; Win64; x64) AppleWebKit/537.36 (KHTML, like Gecko) Chrome/90.0.4430.85 Safari/537.36 Edg/90.0.818.46"
114.119.147.58 - - [04/Apr/2026:06:20:16 -0400] "GET /index.php/page/3 HTTP/1.1" 200 17970 "http://74.206.190.117/" "Mozilla/5.0 (Linux; Android 7.0;) AppleWebKit/537.36 (KHTML, like Gecko) Mobile Safari/537.36 (compatible; PetalBot;+https://webmaster.petalsearch.com/site/petalbot)"
74.206.190.117 - - [04/Apr/2026:06:20:18 -0400] "GET / HTTP/1.1" 200 21664 "-" "curl/7.29.0"
74.206.190.117 - - [04/Apr/2026:06:25:07 -0400] "GET / HTTP/1.1" 200 21664 "-" "curl/7.29.0"
145.239.10.137 - - [04/Apr/2026:06:27:46 -0400] "GET /c15.php HTTP/1.1" 302 273 "http://fagottube.com/c15.php" "Mozilla/5.0 (iPhone; CPU iPhone OS 17_5_1 like Mac OS X) AppleWebKit/605.1.15 (KHTML, like Gecko) Version/17.5 Mobile/15E148 Safari/604.1"
74.206.190.117 - - [04/Apr/2026:06:30:09 -0400] "GET / HTTP/1.1" 200 21664 "-" "curl/7.29.0"
74.206.190.117 - - [04/Apr/2026:06:32:59 -0400] "POST /wp-cron.php?doing_wp_cron=1775298779.8021419048309326171875 HTTP/1.1" 200 - "http://www.fagottube.com/wp-cron.php?doing_wp_cron=1775298779.8021419048309326171875" "WordPress/5.1.8; http://www.fagottube.com"
149.86.227.60 - - [04/Apr/2026:06:32:59 -0400] "GET / HTTP/1.1" 200 21664 "-" "Mozilla/5.0"
37.59.21.100 - - [04/Apr/2026:06:34:12 -0400] "GET /index.php/gay-fags/gay-fags-tube.html/feed HTTP/1.1" 200 1580 "-" "Mozilla/5.0 (X11; Linux i686) AppleWebKit/537.36 (KHTML, like Gecko) Chrome/30.0.1599.66 Safari/537.36"
74.206.190.117 - - [04/Apr/2026:06:35:08 -0400] "GET / HTTP/1.1" 200 21664 "-" "curl/7.29.0"
209.141.34.190 - - [04/Apr/2026:06:35:27 -0400] "GET /wp-login.php HTTP/1.1" 200 2922 "-" "Mozilla/5.0 (Windows NT 10.0; Win64; x64) AppleWebKit/537.36 (KHTML, like Gecko) Chrome/134.0.0.0 Safari/537.36"
209.141.34.190 - - [04/Apr/2026:06:35:27 -0400] "POST /wp-login.php HTTP/1.1" 200 3942 "http://www.fagottube.com/wp-admin/" "Mozilla/5.0 (Windows NT 10.0; Win64; x64) AppleWebKit/537.36 (KHTML, like Gecko) Chrome/134.0.0.0 Safari/537.36"
205.185.115.18 - - [04/Apr/2026:06:35:37 -0400] "GET /wp-login.php HTTP/1.1" 200 2922 "-" "Mozilla/5.0 (Windows NT 10.0; Win64; x64) AppleWebKit/537.36 (KHTML, like Gecko) Chrome/134.0.0.0 Safari/537.36"
205.185.115.18 - - [04/Apr/2026:06:35:37 -0400] "POST /wp-login.php HTTP/1.1" 200 3938 "http://www.fagottube.com/wp-admin/" "Mozilla/5.0 (Windows NT 10.0; Win64; x64) AppleWebKit/537.36 (KHTML, like Gecko) Chrome/134.0.0.0 Safari/537.36"
45.61.186.111 - - [04/Apr/2026:06:37:20 -0400] "GET /wp-login.php HTTP/1.1" 200 2922 "-" "Mozilla/5.0 (Windows NT 10.0; Win64; x64) AppleWebKit/537.36 (KHTML, like Gecko) Chrome/134.0.0.0 Safari/537.36"
45.61.186.111 - - [04/Apr/2026:06:37:20 -0400] "POST /wp-login.php HTTP/1.1" 200 3938 "http://www.fagottube.com/wp-admin/" "Mozilla/5.0 (Windows NT 10.0; Win64; x64) AppleWebKit/537.36 (KHTML, like Gecko) Chrome/134.0.0.0 Safari/537.36"
74.206.190.117 - - [04/Apr/2026:06:40:14 -0400] "GET / HTTP/1.1" 200 21664 "-" "curl/7.29.0"
107.189.7.189 - - [04/Apr/2026:06:42:33 -0400] "GET /wp-login.php HTTP/1.1" 200 2922 "-" "Mozilla/5.0 (Windows NT 10.0; Win64; x64) AppleWebKit/537.36 (KHTML, like Gecko) Chrome/134.0.0.0 Safari/537.36"
107.189.7.189 - - [04/Apr/2026:06:42:33 -0400] "POST /wp-login.php HTTP/1.1" 200 3942 "http://www.fagottube.com/wp-admin/" "Mozilla/5.0 (Windows NT 10.0; Win64; x64) AppleWebKit/537.36 (KHTML, like Gecko) Chrome/134.0.0.0 Safari/537.36"
18.215.219.36 - - [04/Apr/2026:06:44:25 -0400] "GET /robots.txt HTTP/1.1" 200 29 "-" "Mozilla/5.0 (Macintosh; Intel Mac OS X 10_10_1) AppleWebKit/600.2.5 (KHTML, like Gecko) Version/8.0.2 Safari/600.2.5 (Gort)"
209.141.34.190 - - [04/Apr/2026:06:44:47 -0400] "GET /wp-login.php HTTP/1.1" 200 2922 "-" "Mozilla/5.0 (Windows NT 10.0; Win64; x64) AppleWebKit/537.36 (KHTML, like Gecko) Chrome/134.0.0.0 Safari/537.36"
209.141.34.190 - - [04/Apr/2026:06:44:48 -0400] "POST /wp-login.php HTTP/1.1" 200 3932 "http://www.fagottube.com/wp-admin/" "Mozilla/5.0 (Windows NT 10.0; Win64; x64) AppleWebKit/537.36 (KHTML, like Gecko) Chrome/134.0.0.0 Safari/537.36"
74.206.190.117 - - [04/Apr/2026:06:45:09 -0400] "GET / HTTP/1.1" 200 21664 "-" "curl/7.29.0"
216.73.216.50 - - [04/Apr/2026:06:45:57 -0400] "GET /robots.txt HTTP/1.1" 200 29 "-" "Mozilla/5.0 AppleWebKit/537.36 (KHTML, like Gecko; compatible; ClaudeBot/1.0; +claudebot@anthropic.com)"
216.73.216.50 - - [04/Apr/2026:06:46:01 -0400] "GET /index.php/gay-fags/the-pros-and-cons-of-instaspin-casino.html HTTP/1.1" 200 28811 "-" "Mozilla/5.0 AppleWebKit/537.36 (KHTML, like Gecko; compatible; ClaudeBot/1.0; +claudebot@anthropic.com)"
74.206.190.117 - - [04/Apr/2026:06:50:06 -0400] "GET / HTTP/1.1" 200 21664 "-" "curl/7.29.0"
209.141.61.34 - - [04/Apr/2026:06:51:06 -0400] "GET /wp-login.php HTTP/1.1" 200 2922 "-" "Mozilla/5.0 (Windows NT 10.0; Win64; x64) AppleWebKit/537.36 (KHTML, like Gecko) Chrome/134.0.0.0 Safari/537.36"
209.141.61.34 - - [04/Apr/2026:06:51:07 -0400] "POST /wp-login.php HTTP/1.1" 200 3942 "http://www.fagottube.com/wp-admin/" "Mozilla/5.0 (Windows NT 10.0; Win64; x64) AppleWebKit/537.36 (KHTML, like Gecko) Chrome/134.0.0.0 Safari/537.36"
216.73.216.50 - - [04/Apr/2026:06:52:09 -0400] "GET /?p=246 HTTP/1.1" 301 - "-" "Mozilla/5.0 AppleWebKit/537.36 (KHTML, like Gecko; compatible; ClaudeBot/1.0; +claudebot@anthropic.com)"
216.73.216.50 - - [04/Apr/2026:06:52:09 -0400] "GET /index.php/gay-fags/what-the-dalai-lama-can-teach-you-about-pandido.html HTTP/1.1" 200 28835 "http://www.fagottube.com/?p=246" "Mozilla/5.0 AppleWebKit/537.36 (KHTML, like Gecko; compatible; ClaudeBot/1.0; +claudebot@anthropic.com)"
216.73.216.50 - - [04/Apr/2026:06:52:11 -0400] "GET /?p=248 HTTP/1.1" 301 - "-" "Mozilla/5.0 AppleWebKit/537.36 (KHTML, like Gecko; compatible; ClaudeBot/1.0; +claudebot@anthropic.com)"
216.73.216.50 - - [04/Apr/2026:06:52:11 -0400] "GET /index.php/gay-fags/ever-heard-about-extreme-shining-crown-slot-gratis-well-about-that.html HTTP/1.1" 200 29578 "http://www.fagottube.com/?p=248" "Mozilla/5.0 AppleWebKit/537.36 (KHTML, like Gecko; compatible; ClaudeBot/1.0; +claudebot@anthropic.com)"
34.69.138.50 - - [04/Apr/2026:06:54:21 -0400] "GET /index.php/gay-fags/gay-fagtube-2.html HTTP/1.1" 301 - "-" "Mozilla/5.0 AppleWebKit/537.36 (KHTML, like Gecko; compatible; SleepBot/1.0; +http://sleepbot.com/) Chrome/131.0.0.0 Safari/537.36"
34.69.138.50 - - [04/Apr/2026:06:54:21 -0400] "GET /index.php/gay-fags/gay-fagtube-2.html HTTP/1.1" 200 23660 "http://fagottube.com/index.php/gay-fags/gay-fagtube-2.html" "Mozilla/5.0 AppleWebKit/537.36 (KHTML, like Gecko; compatible; SleepBot/1.0; +http://sleepbot.com/) Chrome/131.0.0.0 Safari/537.36"
74.206.190.117 - - [04/Apr/2026:06:55:08 -0400] "GET / HTTP/1.1" 200 21664 "-" "curl/7.29.0"
123.190.235.231 - - [04/Apr/2026:06:57:44 -0400] "GET /boaform/admin/formLogin?username=ec8&psd=ec8 HTTP/1.1" 302 277 "-" "-"
198.98.48.6 - - [04/Apr/2026:06:57:52 -0400] "GET /wp-login.php HTTP/1.1" 200 2922 "-" "Mozilla/5.0 (Windows NT 10.0; Win64; x64) AppleWebKit/537.36 (KHTML, like Gecko) Chrome/134.0.0.0 Safari/537.36"
198.98.48.6 - - [04/Apr/2026:06:57:52 -0400] "POST /wp-login.php HTTP/1.1" 200 3942 "http://www.fagottube.com/wp-admin/" "Mozilla/5.0 (Windows NT 10.0; Win64; x64) AppleWebKit/537.36 (KHTML, like Gecko) Chrome/134.0.0.0 Safari/537.36"
74.206.190.117 - - [04/Apr/2026:07:00:21 -0400] "POST /wp-cron.php?doing_wp_cron=1775300421.4083819389343261718750 HTTP/1.1" 200 - "http://www.fagottube.com/wp-cron.php?doing_wp_cron=1775300421.4083819389343261718750" "WordPress/5.1.8; http://www.fagottube.com"
74.206.190.117 - - [04/Apr/2026:07:00:21 -0400] "GET / HTTP/1.1" 200 21664 "-" "curl/7.29.0"
43.153.86.78 - - [04/Apr/2026:07:01:24 -0400] "GET / HTTP/1.1" 200 21664 "-" "Mozilla/5.0 (iPhone; CPU iPhone OS 13_2_3 like Mac OS X) AppleWebKit/605.1.15 (KHTML, like Gecko) Version/13.0.3 Mobile/15E148 Safari/604.1"
176.65.151.74 - - [04/Apr/2026:07:03:19 -0400] "GET / HTTP/1.1" 200 21664 "-" "Mozilla/5.0 (Windows NT 10.0; Win64; x64) AppleWebKit/537.36 (KHTML, like Gecko) Chrome/90.0.4430.85 Safari/537.36 Edg/90.0.818.46"
74.206.190.117 - - [04/Apr/2026:07:05:08 -0400] "GET / HTTP/1.1" 200 21664 "-" "curl/7.29.0"
45.61.188.43 - - [04/Apr/2026:07:09:25 -0400] "GET /wp-login.php HTTP/1.1" 200 2922 "-" "Mozilla/5.0 (Windows NT 10.0; Win64; x64) AppleWebKit/537.36 (KHTML, like Gecko) Chrome/134.0.0.0 Safari/537.36"
45.61.188.43 - - [04/Apr/2026:07:09:25 -0400] "POST /wp-login.php HTTP/1.1" 200 3932 "http://www.fagottube.com/wp-admin/" "Mozilla/5.0 (Windows NT 10.0; Win64; x64) AppleWebKit/537.36 (KHTML, like Gecko) Chrome/134.0.0.0 Safari/537.36"
74.206.190.117 - - [04/Apr/2026:07:10:07 -0400] "GET / HTTP/1.1" 200 21664 "-" "curl/7.29.0"
121.229.185.160 - - [04/Apr/2026:07:10:29 -0400] "GET / HTTP/1.1" 200 21664 "-" "Mozilla/5.0 (iPhone; CPU iPhone OS 13_2_3 like Mac OS X) AppleWebKit/605.1.15 (KHTML, like Gecko) Version/13.0.3 Mobile/15E148 Safari/604.1"
13.80.134.180 - - [04/Apr/2026:07:11:04 -0400] "GET /wp-json/wp/v2/posts HTTP/1.1" 302 273 "-" "Mozilla/5.0 (Windows NT 10.0; Win64; x64) AppleWebKit/537.36 (KHTML, like Gecko) Chrome/120.0.0.0 Safari/537.36"
74.206.190.117 - - [04/Apr/2026:07:15:08 -0400] "GET / HTTP/1.1" 200 21664 "-" "curl/7.29.0"
84.247.148.26 - - [04/Apr/2026:07:15:11 -0400] "POST /hello.world?%ADd+allow_url_include%3d1+%ADd+auto_prepend_file%3dphp://input HTTP/1.1" 302 274 "-" "libredtail-http"
23.236.216.116 - - [04/Apr/2026:07:15:16 -0400] "GET /wp-login.php HTTP/1.1" 200 2922 "-" "Mozilla/5.0 (Windows NT 10.0; Win64; x64) AppleWebKit/537.36 (KHTML, like Gecko) Chrome/115.0.0.0 Safari/537.36 Edg/115.0.1901.203"
23.236.216.116 - - [04/Apr/2026:07:15:16 -0400] "POST /wp-login.php HTTP/1.1" 200 3208 "http://www.fagottube.com/wp-login.php" "Mozilla/5.0 (Windows NT 10.0; Win64; x64) AppleWebKit/537.36 (KHTML, like Gecko) Chrome/115.0.0.0 Safari/537.36 Edg/115.0.1901.203"
45.61.186.111 - - [04/Apr/2026:07:16:08 -0400] "GET /wp-login.php HTTP/1.1" 200 2922 "-" "Mozilla/5.0 (Windows NT 10.0; Win64; x64) AppleWebKit/537.36 (KHTML, like Gecko) Chrome/134.0.0.0 Safari/537.36"
45.61.186.111 - - [04/Apr/2026:07:16:08 -0400] "POST /wp-login.php HTTP/1.1" 200 3942 "http://www.fagottube.com/wp-admin/" "Mozilla/5.0 (Windows NT 10.0; Win64; x64) AppleWebKit/537.36 (KHTML, like Gecko) Chrome/134.0.0.0 Safari/537.36"
74.206.190.117 - - [04/Apr/2026:07:20:18 -0400] "GET / HTTP/1.1" 200 21664 "-" "curl/7.29.0"
107.189.7.189 - - [04/Apr/2026:07:22:27 -0400] "GET /wp-login.php HTTP/1.1" 200 2922 "-" "Mozilla/5.0 (Windows NT 10.0; Win64; x64) AppleWebKit/537.36 (KHTML, like Gecko) Chrome/134.0.0.0 Safari/537.36"
107.189.7.189 - - [04/Apr/2026:07:22:27 -0400] "POST /wp-login.php HTTP/1.1" 200 3942 "http://www.fagottube.com/wp-admin/" "Mozilla/5.0 (Windows NT 10.0; Win64; x64) AppleWebKit/537.36 (KHTML, like Gecko) Chrome/134.0.0.0 Safari/537.36"
205.185.115.18 - - [04/Apr/2026:07:22:34 -0400] "GET /wp-login.php HTTP/1.1" 200 2922 "-" "Mozilla/5.0 (Windows NT 10.0; Win64; x64) AppleWebKit/537.36 (KHTML, like Gecko) Chrome/134.0.0.0 Safari/537.36"
205.185.115.18 - - [04/Apr/2026:07:22:34 -0400] "POST /wp-login.php HTTP/1.1" 200 3938 "http://www.fagottube.com/wp-admin/" "Mozilla/5.0 (Windows NT 10.0; Win64; x64) AppleWebKit/537.36 (KHTML, like Gecko) Chrome/134.0.0.0 Safari/537.36"
74.206.190.117 - - [04/Apr/2026:07:25:07 -0400] "GET / HTTP/1.1" 200 21664 "-" "curl/7.29.0"
176.65.151.74 - - [04/Apr/2026:07:29:16 -0400] "GET / HTTP/1.1" 200 21664 "-" "Mozilla/5.0 (Windows NT 10.0; Win64; x64) AppleWebKit/537.36 (KHTML, like Gecko) Chrome/90.0.4430.85 Safari/537.36 Edg/90.0.818.46"
74.206.190.117 - - [04/Apr/2026:07:30:08 -0400] "GET / HTTP/1.1" 200 21664 "-" "curl/7.29.0"
74.206.190.117 - - [04/Apr/2026:07:33:11 -0400] "POST /wp-cron.php?doing_wp_cron=1775302391.6967549324035644531250 HTTP/1.1" 200 - "http://www.fagottube.com/wp-cron.php?doing_wp_cron=1775302391.6967549324035644531250" "WordPress/5.1.8; http://www.fagottube.com"
209.141.45.41 - - [04/Apr/2026:07:33:11 -0400] "GET /wp-login.php HTTP/1.1" 200 2922 "-" "Mozilla/5.0 (Windows NT 10.0; Win64; x64) AppleWebKit/537.36 (KHTML, like Gecko) Chrome/134.0.0.0 Safari/537.36"
209.141.45.41 - - [04/Apr/2026:07:33:12 -0400] "POST /wp-login.php HTTP/1.1" 200 3942 "http://www.fagottube.com/wp-admin/" "Mozilla/5.0 (Windows NT 10.0; Win64; x64) AppleWebKit/537.36 (KHTML, like Gecko) Chrome/134.0.0.0 Safari/537.36"
74.206.190.117 - - [04/Apr/2026:07:35:07 -0400] "GET / HTTP/1.1" 200 21664 "-" "curl/7.29.0"
209.141.46.13 - - [04/Apr/2026:07:37:18 -0400] "GET /wp-login.php HTTP/1.1" 200 2922 "-" "Mozilla/5.0 (Windows NT 10.0; Win64; x64) AppleWebKit/537.36 (KHTML, like Gecko) Chrome/134.0.0.0 Safari/537.36"
209.141.46.13 - - [04/Apr/2026:07:37:18 -0400] "POST /wp-login.php HTTP/1.1" 200 3942 "http://www.fagottube.com/wp-admin/" "Mozilla/5.0 (Windows NT 10.0; Win64; x64) AppleWebKit/537.36 (KHTML, like Gecko) Chrome/134.0.0.0 Safari/537.36"
52.167.144.189 - - [04/Apr/2026:07:37:46 -0400] "GET /index.php/gay-fags/despite-their-petiteness-bullet-vibrators-provide-highly.html HTTP/1.1" 200 28524 "-" "Mozilla/5.0 AppleWebKit/537.36 (KHTML, like Gecko; compatible; bingbot/2.0; +http://www.bing.com/bingbot.htm) Chrome/116.0.1938.76 Safari/537.36"
74.206.190.117 - - [04/Apr/2026:07:40:17 -0400] "GET / HTTP/1.1" 200 21664 "-" "curl/7.29.0"
104.244.73.186 - - [04/Apr/2026:07:41:25 -0400] "GET /wp-login.php HTTP/1.1" 200 2922 "-" "Mozilla/5.0 (Windows NT 10.0; Win64; x64) AppleWebKit/537.36 (KHTML, like Gecko) Chrome/134.0.0.0 Safari/537.36"
104.244.73.186 - - [04/Apr/2026:07:41:26 -0400] "POST /wp-login.php HTTP/1.1" 200 3942 "http://www.fagottube.com/wp-admin/" "Mozilla/5.0 (Windows NT 10.0; Win64; x64) AppleWebKit/537.36 (KHTML, like Gecko) Chrome/134.0.0.0 Safari/537.36"
205.185.118.243 - - [04/Apr/2026:07:43:20 -0400] "GET /wp-login.php HTTP/1.1" 200 2922 "-" "Mozilla/5.0 (Windows NT 10.0; Win64; x64) AppleWebKit/537.36 (KHTML, like Gecko) Chrome/134.0.0.0 Safari/537.36"
205.185.118.243 - - [04/Apr/2026:07:43:20 -0400] "POST /wp-login.php HTTP/1.1" 200 3942 "http://www.fagottube.com/wp-admin/" "Mozilla/5.0 (Windows NT 10.0; Win64; x64) AppleWebKit/537.36 (KHTML, like Gecko) Chrome/134.0.0.0 Safari/537.36"
209.141.49.119 - - [04/Apr/2026:07:43:51 -0400] "GET /wp-login.php HTTP/1.1" 200 2922 "-" "Mozilla/5.0 (Windows NT 10.0; Win64; x64) AppleWebKit/537.36 (KHTML, like Gecko) Chrome/134.0.0.0 Safari/537.36"
209.141.49.119 - - [04/Apr/2026:07:43:51 -0400] "POST /wp-login.php HTTP/1.1" 200 3932 "http://www.fagottube.com/wp-admin/" "Mozilla/5.0 (Windows NT 10.0; Win64; x64) AppleWebKit/537.36 (KHTML, like Gecko) Chrome/134.0.0.0 Safari/537.36"
74.206.190.117 - - [04/Apr/2026:07:45:07 -0400] "GET / HTTP/1.1" 200 21664 "-" "curl/7.29.0"
107.189.10.248 - - [04/Apr/2026:07:45:33 -0400] "GET /wp-login.php HTTP/1.1" 200 2922 "-" "Mozilla/5.0 (Windows NT 10.0; Win64; x64) AppleWebKit/537.36 (KHTML, like Gecko) Chrome/134.0.0.0 Safari/537.36"
107.189.10.248 - - [04/Apr/2026:07:45:33 -0400] "POST /wp-login.php HTTP/1.1" 200 3942 "http://www.fagottube.com/wp-admin/" "Mozilla/5.0 (Windows NT 10.0; Win64; x64) AppleWebKit/537.36 (KHTML, like Gecko) Chrome/134.0.0.0 Safari/537.36"
198.98.48.6 - - [04/Apr/2026:07:47:24 -0400] "GET /wp-login.php HTTP/1.1" 200 2922 "-" "Mozilla/5.0 (Windows NT 10.0; Win64; x64) AppleWebKit/537.36 (KHTML, like Gecko) Chrome/134.0.0.0 Safari/537.36"
198.98.48.6 - - [04/Apr/2026:07:47:24 -0400] "POST /wp-login.php HTTP/1.1" 200 3942 "http://www.fagottube.com/wp-admin/" "Mozilla/5.0 (Windows NT 10.0; Win64; x64) AppleWebKit/537.36 (KHTML, like Gecko) Chrome/134.0.0.0 Safari/537.36"
107.189.10.248 - - [04/Apr/2026:07:48:36 -0400] "GET /wp-login.php HTTP/1.1" 200 2922 "-" "Mozilla/5.0 (Windows NT 10.0; Win64; x64) AppleWebKit/537.36 (KHTML, like Gecko) Chrome/134.0.0.0 Safari/537.36"
107.189.10.248 - - [04/Apr/2026:07:48:36 -0400] "POST /wp-login.php HTTP/1.1" 200 3942 "http://www.fagottube.com/wp-admin/" "Mozilla/5.0 (Windows NT 10.0; Win64; x64) AppleWebKit/537.36 (KHTML, like Gecko) Chrome/134.0.0.0 Safari/537.36"
74.206.190.117 - - [04/Apr/2026:07:50:06 -0400] "GET / HTTP/1.1" 200 21664 "-" "curl/7.29.0"
209.141.44.76 - - [04/Apr/2026:07:54:47 -0400] "GET /wp-login.php HTTP/1.1" 200 2922 "-" "Mozilla/5.0 (Windows NT 10.0; Win64; x64) AppleWebKit/537.36 (KHTML, like Gecko) Chrome/134.0.0.0 Safari/537.36"
209.141.44.76 - - [04/Apr/2026:07:54:47 -0400] "POST /wp-login.php HTTP/1.1" 200 3928 "http://fagottube.com/wp-admin/" "Mozilla/5.0 (Windows NT 10.0; Win64; x64) AppleWebKit/537.36 (KHTML, like Gecko) Chrome/134.0.0.0 Safari/537.36"
216.73.216.50 - - [04/Apr/2026:07:55:04 -0400] "GET /robots.txt HTTP/1.1" 200 29 "-" "Mozilla/5.0 AppleWebKit/537.36 (KHTML, like Gecko; compatible; ClaudeBot/1.0; +claudebot@anthropic.com)"
216.73.216.50 - - [04/Apr/2026:07:55:05 -0400] "GET /index.php/wp-json/oembed/1.0/embed?url=http%3A%2F%2Fwww.fagottube.com%2Findex.php%2Fgay-fags%2Fthe-pros-and-cons-of-instaspin-casino.html HTTP/1.1" 200 2405 "-" "Mozilla/5.0 AppleWebKit/537.36 (KHTML, like Gecko; compatible; ClaudeBot/1.0; +claudebot@anthropic.com)"
74.206.190.117 - - [04/Apr/2026:07:55:07 -0400] "GET / HTTP/1.1" 200 21664 "-" "curl/7.29.0"
176.65.151.74 - - [04/Apr/2026:07:55:27 -0400] "GET / HTTP/1.1" 200 21664 "-" "Mozilla/5.0 (Windows NT 10.0; Win64; x64) AppleWebKit/537.36 (KHTML, like Gecko) Chrome/90.0.4430.85 Safari/537.36 Edg/90.0.818.46"
5.181.169.139 - - [04/Apr/2026:07:56:30 -0400] "GET /wp-login.php HTTP/1.1" 200 2922 "-" "Mozilla/5.0 (Windows NT 10.0; Win64; x64; rv:127.0) Gecko/20100101 Firefox/127.0"
5.181.169.139 - - [04/Apr/2026:07:56:35 -0400] "GET /wp-login.php?wp_lang=en_US HTTP/1.1" 200 2922 "-" "Mozilla/5.0 (Windows NT 10.0; Win64; x64) AppleWebKit/537.36 (KHTML, like Gecko) Chrome/124.0.6367.207 Safari/537.36"
5.181.169.139 - - [04/Apr/2026:07:56:41 -0400] "POST /wp-login.php?wp_lang=en_US HTTP/1.1" 302 - "http://www.fagottube.com/wp-login.php?wp_lang=en_US" "Mozilla/5.0 (Windows NT 10.0; Win64; x64) AppleWebKit/537.36 (KHTML, like Gecko) Chrome/124.0.6367.207 Safari/537.36"
5.181.169.139 - - [04/Apr/2026:07:56:41 -0400] "GET /wp-admin/ HTTP/1.1" 200 72871 "http://www.fagottube.com/wp-login.php?wp_lang=en_US" "Mozilla/5.0 (Windows NT 10.0; Win64; x64) AppleWebKit/537.36 (KHTML, like Gecko) Chrome/124.0.6367.207 Safari/537.36"
5.181.169.139 - - [04/Apr/2026:07:56:44 -0400] "GET /wp-admin/plugins.php HTTP/1.1" 200 48312 "-" "Mozilla/5.0 (Windows NT 10.0; Win64; x64) AppleWebKit/537.36 (KHTML, like Gecko) Chrome/124.0.6367.207 Safari/537.36"
5.181.169.139 - - [04/Apr/2026:07:56:46 -0400] "GET /wp-admin/plugins.php HTTP/1.1" 200 48312 "-" "Mozilla/5.0 (Windows NT 10.0; Win64; x64) AppleWebKit/537.36 (KHTML, like Gecko) Chrome/124.0.6367.207 Safari/537.36"
5.181.169.139 - - [04/Apr/2026:07:56:49 -0400] "GET /wp-admin/plugins.php HTTP/1.1" 200 48312 "-" "Mozilla/5.0 (Windows NT 10.0; Win64; x64) AppleWebKit/537.36 (KHTML, like Gecko) Chrome/124.0.6367.207 Safari/537.36"
5.181.169.139 - - [04/Apr/2026:07:56:51 -0400] "GET /wp-admin/plugin-install.php HTTP/1.1" 200 80985 "-" "Mozilla/5.0 (Windows NT 10.0; Win64; x64) AppleWebKit/537.36 (KHTML, like Gecko) Chrome/124.0.6367.207 Safari/537.36"
5.181.169.139 - - [04/Apr/2026:07:56:54 -0400] "POST /wp-admin/update.php?action=upload-plugin HTTP/1.1" 500 2798 "http://www.fagottube.com/wp-admin/update.php?action=upload-plugin" "Mozilla/5.0 (Windows NT 10.0; Win64; x64) AppleWebKit/537.36 (KHTML, like Gecko) Chrome/124.0.6367.207 Safari/537.36"
5.181.169.139 - - [04/Apr/2026:07:56:59 -0400] "POST /wp-admin/update.php?action=upload-plugin HTTP/1.1" 500 2798 "http://www.fagottube.com/wp-admin/update.php?action=upload-plugin" "Mozilla/5.0 (Windows NT 10.0; Win64; x64) AppleWebKit/537.36 (KHTML, like Gecko) Chrome/124.0.6367.207 Safari/537.36"
5.181.169.139 - - [04/Apr/2026:07:57:00 -0400] "POST /wp-admin/update.php?action=upload-plugin HTTP/1.1" 500 2798 "http://www.fagottube.com/wp-admin/update.php?action=upload-plugin" "Mozilla/5.0 (Windows NT 10.0; Win64; x64) AppleWebKit/537.36 (KHTML, like Gecko) Chrome/124.0.6367.207 Safari/537.36"
5.181.169.139 - - [04/Apr/2026:07:57:02 -0400] "POST /wp-admin/update.php?action=upload-plugin HTTP/1.1" 500 2798 "http://www.fagottube.com/wp-admin/update.php?action=upload-plugin" "Mozilla/5.0 (Windows NT 10.0; Win64; x64) AppleWebKit/537.36 (KHTML, like Gecko) Chrome/124.0.6367.207 Safari/537.36"
5.181.169.139 - - [04/Apr/2026:07:57:03 -0400] "POST /wp-admin/update.php?action=upload-plugin HTTP/1.1" 500 2798 "http://www.fagottube.com/wp-admin/update.php?action=upload-plugin" "Mozilla/5.0 (Windows NT 10.0; Win64; x64) AppleWebKit/537.36 (KHTML, like Gecko) Chrome/124.0.6367.207 Safari/537.36"
216.73.216.50 - - [04/Apr/2026:07:57:40 -0400] "GET /?p=243 HTTP/1.1" 301 - "-" "Mozilla/5.0 AppleWebKit/537.36 (KHTML, like Gecko; compatible; ClaudeBot/1.0; +claudebot@anthropic.com)"
216.73.216.50 - - [04/Apr/2026:07:57:40 -0400] "GET /index.php/gay-fags/the-pros-and-cons-of-instaspin-casino.html HTTP/1.1" 200 28811 "http://www.fagottube.com/?p=243" "Mozilla/5.0 AppleWebKit/537.36 (KHTML, like Gecko; compatible; ClaudeBot/1.0; +claudebot@anthropic.com)"
37.59.21.100 - - [04/Apr/2026:07:58:40 -0400] "GET /index.php/latin-fag-tube/fag-tube-porn.html/feed HTTP/1.1" 200 1332 "-" "Mozilla/5.0 (X11; Linux i686) AppleWebKit/537.36 (KHTML, like Gecko) Chrome/30.0.1599.66 Safari/537.36"
74.206.190.117 - - [04/Apr/2026:08:00:24 -0400] "GET / HTTP/1.1" 200 21664 "-" "curl/7.29.0"
69.167.32.6 - - [04/Apr/2026:08:01:43 -0400] "GET /index.php/gay-fags/fag-tube-porn-2.html HTTP/1.1" 200 23951 "http://www.fagottube.com/index.php/gay-fags/fag-tube-porn-2.html" "Mozilla/5.0 (Windows NT 10.0; Win64; x64) AppleWebKit/537.36 (KHTML, like Gecko) Chrome/130.0.0.0 Safari/537.36 CCleaner/130.0.0.0"
34.77.191.38 - - [04/Apr/2026:08:04:31 -0400] "GET / HTTP/1.1" 200 21664 "-" "python-requests/2.32.5"
74.206.190.117 - - [04/Apr/2026:08:05:08 -0400] "GET / HTTP/1.1" 200 21664 "-" "curl/7.29.0"
209.141.46.13 - - [04/Apr/2026:08:08:58 -0400] "GET /wp-login.php HTTP/1.1" 200 2922 "-" "Mozilla/5.0 (Windows NT 10.0; Win64; x64) AppleWebKit/537.36 (KHTML, like Gecko) Chrome/134.0.0.0 Safari/537.36"
209.141.46.13 - - [04/Apr/2026:08:08:58 -0400] "POST /wp-login.php HTTP/1.1" 200 3938 "http://www.fagottube.com/wp-admin/" "Mozilla/5.0 (Windows NT 10.0; Win64; x64) AppleWebKit/537.36 (KHTML, like Gecko) Chrome/134.0.0.0 Safari/537.36"
74.206.190.117 - - [04/Apr/2026:08:10:07 -0400] "GET / HTTP/1.1" 200 21664 "-" "curl/7.29.0"
74.206.190.117 - - [04/Apr/2026:08:15:07 -0400] "GET / HTTP/1.1" 200 21664 "-" "curl/7.29.0"
209.141.46.13 - - [04/Apr/2026:08:16:40 -0400] "GET /wp-login.php HTTP/1.1" 200 2922 "-" "Mozilla/5.0 (Windows NT 10.0; Win64; x64) AppleWebKit/537.36 (KHTML, like Gecko) Chrome/134.0.0.0 Safari/537.36"
209.141.46.13 - - [04/Apr/2026:08:16:40 -0400] "POST /wp-login.php HTTP/1.1" 200 3932 "http://www.fagottube.com/wp-admin/" "Mozilla/5.0 (Windows NT 10.0; Win64; x64) AppleWebKit/537.36 (KHTML, like Gecko) Chrome/134.0.0.0 Safari/537.36"
107.189.7.189 - - [04/Apr/2026:08:19:17 -0400] "GET /wp-login.php HTTP/1.1" 200 2922 "-" "Mozilla/5.0 (Windows NT 10.0; Win64; x64) AppleWebKit/537.36 (KHTML, like Gecko) Chrome/134.0.0.0 Safari/537.36"
107.189.7.189 - - [04/Apr/2026:08:19:17 -0400] "POST /wp-login.php HTTP/1.1" 200 3942 "http://www.fagottube.com/wp-admin/" "Mozilla/5.0 (Windows NT 10.0; Win64; x64) AppleWebKit/537.36 (KHTML, like Gecko) Chrome/134.0.0.0 Safari/537.36"
74.206.190.117 - - [04/Apr/2026:08:20:16 -0400] "GET / HTTP/1.1" 200 21664 "-" "curl/7.29.0"
209.141.44.76 - - [04/Apr/2026:08:22:28 -0400] "GET /wp-login.php HTTP/1.1" 200 2922 "-" "Mozilla/5.0 (Windows NT 10.0; Win64; x64) AppleWebKit/537.36 (KHTML, like Gecko) Chrome/134.0.0.0 Safari/537.36"
209.141.44.76 - - [04/Apr/2026:08:22:28 -0400] "POST /wp-login.php HTTP/1.1" 200 3942 "http://www.fagottube.com/wp-admin/" "Mozilla/5.0 (Windows NT 10.0; Win64; x64) AppleWebKit/537.36 (KHTML, like Gecko) Chrome/134.0.0.0 Safari/537.36"
176.65.151.74 - - [04/Apr/2026:08:23:30 -0400] "GET / HTTP/1.1" 200 21664 "-" "Mozilla/5.0 (Windows NT 10.0; Win64; x64) AppleWebKit/537.36 (KHTML, like Gecko) Chrome/90.0.4430.85 Safari/537.36 Edg/90.0.818.46"
