47.128.116.229 - - [04/Apr/2026:12:44:43 -0400] "GET /index.php/gay-fags/laki-world-%D0%BA%D0%B0%D0%B7%D0%B8%D0%BD%D0%BE-%D0%B2%D1%85%D0%BE%D0%B4-%D0%B1%D1%8B%D1%81%D1%82%D1%80%D1%8B%D0%B9-%D0%B4%D0%BE%D1%81%D1%82%D1%83%D0%BF-%D0%BA-%D0%B0%D0%BA%D0%BA%D0%B0%D1%83.html HTTP/1.1" 404 9094 "-" "Mozilla/5.0 (Linux; Android 5.0) AppleWebKit/537.36 (KHTML, like Gecko) Mobile Safari/537.36 (compatible; Bytespider; spider-feedback@bytedance.com)"
47.128.116.200 - - [04/Apr/2026:12:44:48 -0400] "GET /index.php/gay-fags/%D0%BA%D0%B0%D0%B7%D0%B8%D0%BD%D0%BE-7%D0%BA-%D0%B8%D0%B3%D1%80%D0%BE%D0%B2%D1%8B%D0%B5-%D0%B0%D0%B2%D1%82%D0%BE%D0%BC%D0%B0%D1%82%D1%8B-%D0%BB%D1%83%D1%87%D1%88%D0%B8%D0%B5-%D1%81%D0%BB.html HTTP/1.1" 404 9094 "-" "Mozilla/5.0 (Linux; Android 5.0) AppleWebKit/537.36 (KHTML, like Gecko) Mobile Safari/537.36 (compatible; Bytespider; spider-feedback@bytedance.com)"
47.128.116.234 - - [04/Apr/2026:12:44:50 -0400] "GET /index.php/gay-fags/%D0%BF%D1%80%D0%BE%D0%B2%D0%B5%D1%80%D0%B5%D0%BD%D0%BD%D1%8B%D0%B5-%D0%BA%D0%B0%D0%B7%D0%B8%D0%BD%D0%BE-%D0%BE%D0%BD%D0%BB%D0%B0%D0%B9%D0%BD-%D1%81-%D0%BB%D0%B8%D1%86%D0%B5%D0%BD%D0%B7%D0%B8%D0%B5.html HTTP/1.1" 404 9094 "-" "Mozilla/5.0 (Linux; Android 5.0) AppleWebKit/537.36 (KHTML, like Gecko) Mobile Safari/537.36 (compatible; Bytespider; spider-feedback@bytedance.com)"
47.128.116.21 - - [04/Apr/2026:12:44:55 -0400] "GET /index.php/gay-fags/what-the-dalai-lama-can-teach-you-about-pandido.html HTTP/1.1" 200 28835 "-" "Mozilla/5.0 (Linux; Android 5.0) AppleWebKit/537.36 (KHTML, like Gecko) Mobile Safari/537.36 (compatible; Bytespider; spider-feedback@bytedance.com)"
74.206.190.117 - - [04/Apr/2026:12:45:06 -0400] "GET / HTTP/1.1" 200 21664 "-" "curl/7.29.0"
47.128.116.203 - - [04/Apr/2026:12:45:10 -0400] "GET /index.php/gay-fags/laki-world-casino-%D0%B2%D1%85%D0%BE%D0%B4-%D0%B1%D0%B5%D0%B7%D0%BE%D0%BF%D0%B0%D1%81%D0%BD%D1%8B%D0%B9-%D0%B4%D0%BE%D1%81%D1%82%D1%83%D0%BF-%D0%BA-%D0%B0%D0%BA%D0%BA%D0%B0%D1%83%D0%BD%D1%82.html HTTP/1.1" 404 9094 "-" "Mozilla/5.0 (Linux; Android 5.0) AppleWebKit/537.36 (KHTML, like Gecko) Mobile Safari/537.36 (compatible; Bytespider; spider-feedback@bytedance.com)"
47.128.116.207 - - [04/Apr/2026:12:45:15 -0400] "GET /index.php/gay-fags/%D0%B2%D1%81%D0%B5-%D0%BA%D0%B0%D0%B7%D0%B8%D0%BD%D0%BE-%D1%81-%D0%BB%D0%B8%D1%86%D0%B5%D0%BD%D0%B7%D0%B8%D0%B5%D0%B9-%D0%BF%D1%80%D0%BE%D0%B2%D0%B5%D1%80%D0%B5%D0%BD%D0%BD%D1%8B%D0%BC%D0%B8-%D0%B2.html HTTP/1.1" 404 9094 "-" "Mozilla/5.0 (Linux; Android 5.0) AppleWebKit/537.36 (KHTML, like Gecko) Mobile Safari/537.36 (compatible; Bytespider; spider-feedback@bytedance.com)"
47.128.116.235 - - [04/Apr/2026:12:45:24 -0400] "GET /index.php/gay-fags/%D0%BB%D0%B0%D0%BA%D0%B8-%D0%B2%D0%BE%D1%80%D0%BB%D0%B4-%D0%BA%D0%B0%D0%B7%D0%B8%D0%BD%D0%BE-%D0%BB%D1%83%D1%87%D1%88%D0%B8%D0%B5-%D0%BF%D1%80%D0%B5%D0%B4%D0%BB%D0%BE%D0%B6%D0%B5%D0%BD%D0%B8.html HTTP/1.1" 404 9094 "-" "Mozilla/5.0 (Linux; Android 5.0) AppleWebKit/537.36 (KHTML, like Gecko) Mobile Safari/537.36 (compatible; Bytespider; spider-feedback@bytedance.com)"
47.128.120.175 - - [04/Apr/2026:12:48:19 -0400] "GET /index.php/page/6 HTTP/1.1" 200 12359 "-" "Mozilla/5.0 (Linux; Android 5.0) AppleWebKit/537.36 (KHTML, like Gecko) Mobile Safari/537.36 (compatible; TikTokSpider; ttspider-feedback@tiktok.com)"
176.65.151.74 - - [04/Apr/2026:12:49:57 -0400] "GET / HTTP/1.1" 200 21664 "-" "Mozilla/5.0 (Windows NT 10.0; Win64; x64) AppleWebKit/537.36 (KHTML, like Gecko) Chrome/90.0.4430.85 Safari/537.36 Edg/90.0.818.46"
74.206.190.117 - - [04/Apr/2026:12:50:11 -0400] "GET / HTTP/1.1" 200 21664 "-" "curl/7.29.0"
47.128.120.231 - - [04/Apr/2026:12:54:00 -0400] "GET /index.php/page/5 HTTP/1.1" 200 17591 "-" "Mozilla/5.0 (Linux; Android 5.0) AppleWebKit/537.36 (KHTML, like Gecko) Mobile Safari/537.36 (compatible; TikTokSpider; ttspider-feedback@tiktok.com)"
74.206.190.117 - - [04/Apr/2026:12:55:07 -0400] "GET / HTTP/1.1" 200 21664 "-" "curl/7.29.0"
47.128.120.205 - - [04/Apr/2026:12:56:17 -0400] "GET /index.php/gay-fags/what-the-dalai-lama-can-teach-you-about-pandido.html HTTP/1.1" 200 28835 "-" "Mozilla/5.0 (Linux; Android 5.0) AppleWebKit/537.36 (KHTML, like Gecko) Mobile Safari/537.36 (compatible; TikTokSpider; ttspider-feedback@tiktok.com)"
74.206.190.117 - - [04/Apr/2026:13:00:17 -0400] "GET / HTTP/1.1" 200 21664 "-" "curl/7.29.0"
91.231.89.206 - - [04/Apr/2026:13:02:17 -0400] "GET / HTTP/1.1" 200 21664 "-" "Mozilla/5.0 (X11; Ubuntu; Linux x86_64; rv:134.0) Gecko/20100101 Firefox/134.0"
47.128.120.154 - - [04/Apr/2026:13:02:25 -0400] "GET /index.php/gay-fags/ever-heard-about-extreme-shining-crown-slot-gratis-well-about-that.html HTTP/1.1" 200 29578 "-" "Mozilla/5.0 (Linux; Android 5.0) AppleWebKit/537.36 (KHTML, like Gecko) Mobile Safari/537.36 (compatible; TikTokSpider; ttspider-feedback@tiktok.com)"
47.128.120.197 - - [04/Apr/2026:13:04:09 -0400] "GET /index.php/gay-fags/be-taught-exactly-how-we-made-tower-rush-last-month.html HTTP/1.1" 200 29088 "-" "Mozilla/5.0 (Linux; Android 5.0) AppleWebKit/537.36 (KHTML, like Gecko) Mobile Safari/537.36 (compatible; TikTokSpider; ttspider-feedback@tiktok.com)"
74.206.190.117 - - [04/Apr/2026:13:05:08 -0400] "GET / HTTP/1.1" 200 21664 "-" "curl/7.29.0"
47.128.120.160 - - [04/Apr/2026:13:07:59 -0400] "GET /robots.txt HTTP/1.1" 200 29 "-" "-"
107.189.2.171 - - [04/Apr/2026:13:08:26 -0400] "GET /wp-login.php HTTP/1.1" 200 2922 "-" "Mozilla/5.0 (Windows NT 10.0; Win64; x64) AppleWebKit/537.36 (KHTML, like Gecko) Chrome/134.0.0.0 Safari/537.36"
107.189.2.171 - - [04/Apr/2026:13:08:26 -0400] "POST /wp-login.php HTTP/1.1" 200 3942 "http://www.fagottube.com/wp-admin/" "Mozilla/5.0 (Windows NT 10.0; Win64; x64) AppleWebKit/537.36 (KHTML, like Gecko) Chrome/134.0.0.0 Safari/537.36"
74.206.190.117 - - [04/Apr/2026:13:10:06 -0400] "GET / HTTP/1.1" 200 21664 "-" "curl/7.29.0"
176.65.151.74 - - [04/Apr/2026:13:12:26 -0400] "GET / HTTP/1.1" 200 21664 "-" "Mozilla/5.0 (Windows NT 10.0; Win64; x64) AppleWebKit/537.36 (KHTML, like Gecko) Chrome/90.0.4430.85 Safari/537.36 Edg/90.0.818.46"
37.59.21.100 - - [04/Apr/2026:13:13:14 -0400] "GET /index.php/gay-fags/gay-fags-tube.html/feed HTTP/1.1" 200 1580 "-" "Mozilla/5.0 (X11; Linux i686) AppleWebKit/537.36 (KHTML, like Gecko) Chrome/30.0.1599.66 Safari/537.36"
74.206.190.117 - - [04/Apr/2026:13:15:09 -0400] "GET / HTTP/1.1" 200 21664 "-" "curl/7.29.0"
107.189.7.189 - - [04/Apr/2026:13:17:03 -0400] "GET /wp-login.php HTTP/1.1" 200 2922 "-" "Mozilla/5.0 (Windows NT 10.0; Win64; x64) AppleWebKit/537.36 (KHTML, like Gecko) Chrome/134.0.0.0 Safari/537.36"
107.189.7.189 - - [04/Apr/2026:13:17:03 -0400] "POST /wp-login.php HTTP/1.1" 200 3942 "http://www.fagottube.com/wp-admin/" "Mozilla/5.0 (Windows NT 10.0; Win64; x64) AppleWebKit/537.36 (KHTML, like Gecko) Chrome/134.0.0.0 Safari/537.36"
74.206.190.117 - - [04/Apr/2026:13:20:16 -0400] "GET / HTTP/1.1" 200 21664 "-" "curl/7.29.0"
107.189.29.12 - - [04/Apr/2026:13:20:52 -0400] "GET /wp-login.php HTTP/1.1" 200 2922 "-" "Mozilla/5.0 (Macintosh; Intel Mac OS X 10_9_3) AppleWebKit/537.76.4 (KHTML, like Gecko) Version/7.0.4 Safari/537.76.4"
107.189.29.12 - - [04/Apr/2026:13:20:52 -0400] "POST /wp-login.php HTTP/1.1" 200 3928 "-" "Mozilla/5.0 (Macintosh; Intel Mac OS X 10_9_3) AppleWebKit/537.76.4 (KHTML, like Gecko) Version/7.0.4 Safari/537.76.4"
74.206.190.117 - - [04/Apr/2026:13:25:07 -0400] "POST /wp-cron.php?doing_wp_cron=1775323507.1372110843658447265625 HTTP/1.1" 200 - "http://www.fagottube.com/wp-cron.php?doing_wp_cron=1775323507.1372110843658447265625" "WordPress/5.1.8; http://www.fagottube.com"
74.206.190.117 - - [04/Apr/2026:13:25:06 -0400] "GET / HTTP/1.1" 200 21664 "-" "curl/7.29.0"
74.206.190.117 - - [04/Apr/2026:13:30:15 -0400] "GET / HTTP/1.1" 200 21664 "-" "curl/7.29.0"
74.206.190.117 - - [04/Apr/2026:13:31:23 -0400] "POST /wp-cron.php?doing_wp_cron=1775323883.1452279090881347656250 HTTP/1.1" 200 - "http://www.fagottube.com/wp-cron.php?doing_wp_cron=1775323883.1452279090881347656250" "WordPress/5.1.8; http://www.fagottube.com"
194.165.16.5 - - [04/Apr/2026:13:31:22 -0400] "GET /wp-login.php HTTP/1.1" 200 2922 "-" "Mozilla/5.0 (Windows NT 10.0; Win64; x64; rv:127.0) Gecko/20100101 Firefox/127.0"
194.165.16.5 - - [04/Apr/2026:13:31:24 -0400] "POST /xmlrpc.php HTTP/1.1" 302 277 "-" "Mozilla/5.0 (Windows NT 10.0; Win64; x64; rv:127.0) Gecko/20100101 Firefox/127.0"
79.117.245.11 - - [04/Apr/2026:13:31:26 -0400] "POST /xmlrpc.php HTTP/1.1" 302 277 "-" "Mozilla/5.0 (Windows NT 10.0; Win64; x64) AppleWebKit/537.36 (KHTML, like Gecko) Chrome/124.0.6367.207 Safari/537.36"
79.117.245.11 - - [04/Apr/2026:13:31:26 -0400] "GET / HTTP/1.1" 200 21664 "-" "Mozilla/5.0 (Windows NT 10.0; Win64; x64) AppleWebKit/537.36 (KHTML, like Gecko) Chrome/124.0.6367.207 Safari/537.36"
109.164.50.94 - - [04/Apr/2026:13:31:34 -0400] "POST /xmlrpc.php HTTP/1.1" 302 277 "-" "Mozilla/5.0 (Macintosh; Intel Mac OS X 13_5) AppleWebKit/605.1.15 (KHTML, like Gecko) Version/17.5 Safari/605.1.15"
92.220.240.219 - - [04/Apr/2026:13:31:37 -0400] "POST /xmlrpc.php HTTP/1.1" 302 277 "-" "Mozilla/5.0 (Windows NT 10.0; Win64; x64) AppleWebKit/537.36 (KHTML, like Gecko) Chrome/124.0.6367.207 Safari/537.36"
188.216.228.240 - - [04/Apr/2026:13:31:41 -0400] "POST /xmlrpc.php HTTP/1.1" 302 277 "-" "Mozilla/5.0 (Macintosh; Intel Mac OS X 13_5) AppleWebKit/605.1.15 (KHTML, like Gecko) Version/17.5 Safari/605.1.15"
37.59.21.100 - - [04/Apr/2026:13:31:47 -0400] "GET /index.php/tag/barebacked/feed HTTP/1.1" 200 5291 "-" "Mozilla/5.0 (X11; Linux i686) AppleWebKit/537.36 (KHTML, like Gecko) Chrome/30.0.1599.66 Safari/537.36"
193.179.34.205 - - [04/Apr/2026:13:32:09 -0400] "POST /xmlrpc.php HTTP/1.1" 302 277 "-" "Mozilla/5.0 (Macintosh; Intel Mac OS X 13_5) AppleWebKit/605.1.15 (KHTML, like Gecko) Version/17.5 Safari/605.1.15"
193.179.34.205 - - [04/Apr/2026:13:32:10 -0400] "GET / HTTP/1.1" 200 21664 "-" "Mozilla/5.0 (Macintosh; Intel Mac OS X 13_5) AppleWebKit/605.1.15 (KHTML, like Gecko) Version/17.5 Safari/605.1.15"
86.58.111.246 - - [04/Apr/2026:13:32:16 -0400] "POST /xmlrpc.php HTTP/1.1" 302 277 "-" "Mozilla/5.0 (Windows NT 10.0; Win64; x64; rv:127.0) Gecko/20100101 Firefox/127.0"
78.92.47.242 - - [04/Apr/2026:13:32:24 -0400] "POST /xmlrpc.php HTTP/1.1" 302 277 "-" "Mozilla/5.0 (Macintosh; Intel Mac OS X 13_5) AppleWebKit/605.1.15 (KHTML, like Gecko) Version/17.5 Safari/605.1.15"
95.86.51.153 - - [04/Apr/2026:13:32:42 -0400] "POST /xmlrpc.php HTTP/1.1" 302 277 "-" "Mozilla/5.0 (Windows NT 10.0; Win64; x64; rv:127.0) Gecko/20100101 Firefox/127.0"
194.165.16.5 - - [04/Apr/2026:13:32:46 -0400] "GET /wp-login.php?wp_lang=en_US HTTP/1.1" 200 2922 "-" "Mozilla/5.0 (Windows NT 10.0; Win64; x64) AppleWebKit/537.36 (KHTML, like Gecko) Chrome/124.0.6367.207 Safari/537.36"
194.165.16.5 - - [04/Apr/2026:13:32:49 -0400] "POST /wp-login.php?wp_lang=en_US HTTP/1.1" 302 - "http://www.fagottube.com/wp-login.php?wp_lang=en_US" "Mozilla/5.0 (Windows NT 10.0; Win64; x64) AppleWebKit/537.36 (KHTML, like Gecko) Chrome/124.0.6367.207 Safari/537.36"
194.165.16.5 - - [04/Apr/2026:13:32:50 -0400] "GET /wp-admin/ HTTP/1.1" 200 72368 "http://www.fagottube.com/wp-login.php?wp_lang=en_US" "Mozilla/5.0 (Windows NT 10.0; Win64; x64) AppleWebKit/537.36 (KHTML, like Gecko) Chrome/124.0.6367.207 Safari/537.36"
194.165.16.5 - - [04/Apr/2026:13:32:52 -0400] "GET /wp-admin/admin-ajax.php?action=rest-nonce HTTP/1.1" 400 1 "-" "Mozilla/5.0 (Windows NT 10.0; Win64; x64) AppleWebKit/537.36 (KHTML, like Gecko) Chrome/124.0.6367.207 Safari/537.36"
194.165.16.5 - - [04/Apr/2026:13:32:53 -0400] "GET /wp-admin/admin-ajax.php?action=rest-nonce HTTP/1.1" 400 1 "-" "Mozilla/5.0 (Windows NT 10.0; Win64; x64) AppleWebKit/537.36 (KHTML, like Gecko) Chrome/124.0.6367.207 Safari/537.36"
194.165.16.5 - - [04/Apr/2026:13:32:55 -0400] "GET /wp-admin/admin-ajax.php?action=rest-nonce HTTP/1.1" 400 1 "-" "Mozilla/5.0 (Windows NT 10.0; Win64; x64) AppleWebKit/537.36 (KHTML, like Gecko) Chrome/124.0.6367.207 Safari/537.36"
74.206.190.117 - - [04/Apr/2026:13:35:08 -0400] "GET / HTTP/1.1" 200 21664 "-" "curl/7.29.0"
44.202.56.60 - - [04/Apr/2026:13:37:24 -0400] "GET / HTTP/1.1" 200 21664 "-" "Mozilla/5.0 (Windows NT 10.0; Win64; x64) AppleWebKit/537.36 (KHTML, like Gecko) Chrome/136.0.0.0 Safari/537.36"
176.65.151.74 - - [04/Apr/2026:13:39:14 -0400] "GET / HTTP/1.1" 200 21664 "-" "Mozilla/5.0 (Windows NT 10.0; Win64; x64) AppleWebKit/537.36 (KHTML, like Gecko) Chrome/90.0.4430.85 Safari/537.36 Edg/90.0.818.46"
74.206.190.117 - - [04/Apr/2026:13:40:15 -0400] "GET / HTTP/1.1" 200 21664 "-" "curl/7.29.0"
45.227.255.105 - - [04/Apr/2026:13:44:37 -0400] "GET /wp-login.php HTTP/1.1" 200 2922 "-" "Mozilla/5.0 (Windows NT 10.0; Win64; x64; rv:127.0) Gecko/20100101 Firefox/127.0"
45.227.255.105 - - [04/Apr/2026:13:44:38 -0400] "POST /xmlrpc.php HTTP/1.1" 302 277 "-" "Mozilla/5.0 (Windows NT 10.0; Win64; x64; rv:127.0) Gecko/20100101 Firefox/127.0"
74.206.190.117 - - [04/Apr/2026:13:45:07 -0400] "GET / HTTP/1.1" 200 21664 "-" "curl/7.29.0"
209.141.49.119 - - [04/Apr/2026:13:48:21 -0400] "GET /wp-login.php HTTP/1.1" 200 2922 "-" "Mozilla/5.0 (Windows NT 10.0; Win64; x64) AppleWebKit/537.36 (KHTML, like Gecko) Chrome/134.0.0.0 Safari/537.36"
209.141.49.119 - - [04/Apr/2026:13:48:22 -0400] "POST /wp-login.php HTTP/1.1" 200 3942 "http://www.fagottube.com/wp-admin/" "Mozilla/5.0 (Windows NT 10.0; Win64; x64) AppleWebKit/537.36 (KHTML, like Gecko) Chrome/134.0.0.0 Safari/537.36"
45.61.188.43 - - [04/Apr/2026:13:49:27 -0400] "GET /wp-login.php HTTP/1.1" 200 2922 "-" "Mozilla/5.0 (Windows NT 10.0; Win64; x64) AppleWebKit/537.36 (KHTML, like Gecko) Chrome/134.0.0.0 Safari/537.36"
45.61.188.43 - - [04/Apr/2026:13:49:27 -0400] "POST /wp-login.php HTTP/1.1" 200 3942 "http://www.fagottube.com/wp-admin/" "Mozilla/5.0 (Windows NT 10.0; Win64; x64) AppleWebKit/537.36 (KHTML, like Gecko) Chrome/134.0.0.0 Safari/537.36"
115.248.8.65 - - [04/Apr/2026:13:49:59 -0400] "GET /public/index.php?s=/index/\\think\\app/invokefunction&function=call_user_func_array&vars[0]=md5&vars[1][]=Hello HTTP/1.1" 302 274 "-" "libredtail-http"
115.248.8.65 - - [04/Apr/2026:13:50:00 -0400] "GET /index.php?lang=../../../../../../../../usr/local/lib/php/pearcmd&+config-create+/&/<?echo(md5(\"hi\"));?>+/tmp/index1.php HTTP/1.1" 301 - "-" "libredtail-http"
115.248.8.65 - - [04/Apr/2026:13:50:02 -0400] "GET /index.php?lang=../../../../../../../../tmp/index1 HTTP/1.1" 301 - "-" "libredtail-http"
115.248.8.65 - - [04/Apr/2026:13:50:04 -0400] "GET /containers/json HTTP/1.1" 302 274 "-" "libredtail-http"
74.206.190.117 - - [04/Apr/2026:13:50:07 -0400] "GET / HTTP/1.1" 200 21664 "-" "curl/7.29.0"
3.151.241.153 - - [04/Apr/2026:13:52:55 -0400] "GET / HTTP/1.1" 200 21664 "-" "visionheight.com/scan Mozilla/5.0 (Macintosh; Intel Mac OS X 10_15_7) Chrome/126.0.0.0 Safari/537.36"
209.141.49.119 - - [04/Apr/2026:13:54:11 -0400] "GET /wp-login.php HTTP/1.1" 200 2922 "-" "Mozilla/5.0 (Windows NT 10.0; Win64; x64) AppleWebKit/537.36 (KHTML, like Gecko) Chrome/134.0.0.0 Safari/537.36"
209.141.49.119 - - [04/Apr/2026:13:54:12 -0400] "POST /wp-login.php HTTP/1.1" 200 3942 "http://www.fagottube.com/wp-admin/" "Mozilla/5.0 (Windows NT 10.0; Win64; x64) AppleWebKit/537.36 (KHTML, like Gecko) Chrome/134.0.0.0 Safari/537.36"
37.59.21.100 - - [04/Apr/2026:13:54:42 -0400] "GET /index.php/latin-fag-tube/fag-tube-porn.html/feed HTTP/1.1" 200 1332 "-" "Mozilla/5.0 (X11; Linux i686) AppleWebKit/537.36 (KHTML, like Gecko) Chrome/30.0.1599.66 Safari/537.36"
74.206.190.117 - - [04/Apr/2026:13:55:07 -0400] "GET / HTTP/1.1" 200 21664 "-" "curl/7.29.0"
209.141.43.172 - - [04/Apr/2026:13:55:38 -0400] "GET /wp-login.php HTTP/1.1" 200 2922 "-" "Mozilla/5.0 (Windows NT 10.0; Win64; x64) AppleWebKit/537.36 (KHTML, like Gecko) Chrome/134.0.0.0 Safari/537.36"
209.141.43.172 - - [04/Apr/2026:13:55:39 -0400] "POST /wp-login.php HTTP/1.1" 200 3942 "http://www.fagottube.com/wp-admin/" "Mozilla/5.0 (Windows NT 10.0; Win64; x64) AppleWebKit/537.36 (KHTML, like Gecko) Chrome/134.0.0.0 Safari/537.36"
205.185.118.243 - - [04/Apr/2026:13:58:28 -0400] "GET /wp-login.php HTTP/1.1" 200 2922 "-" "Mozilla/5.0 (Windows NT 10.0; Win64; x64) AppleWebKit/537.36 (KHTML, like Gecko) Chrome/134.0.0.0 Safari/537.36"
205.185.118.243 - - [04/Apr/2026:13:58:28 -0400] "POST /wp-login.php HTTP/1.1" 200 3942 "http://www.fagottube.com/wp-admin/" "Mozilla/5.0 (Windows NT 10.0; Win64; x64) AppleWebKit/537.36 (KHTML, like Gecko) Chrome/134.0.0.0 Safari/537.36"
209.141.34.190 - - [04/Apr/2026:13:58:50 -0400] "GET /wp-login.php HTTP/1.1" 200 2922 "-" "Mozilla/5.0 (Windows NT 10.0; Win64; x64) AppleWebKit/537.36 (KHTML, like Gecko) Chrome/134.0.0.0 Safari/537.36"
209.141.34.190 - - [04/Apr/2026:13:58:51 -0400] "POST /wp-login.php HTTP/1.1" 200 3932 "http://www.fagottube.com/wp-admin/" "Mozilla/5.0 (Windows NT 10.0; Win64; x64) AppleWebKit/537.36 (KHTML, like Gecko) Chrome/134.0.0.0 Safari/537.36"
74.206.190.117 - - [04/Apr/2026:14:00:20 -0400] "GET / HTTP/1.1" 200 21664 "-" "curl/7.29.0"
66.249.65.64 - - [04/Apr/2026:14:02:57 -0400] "GET /robots.txt HTTP/1.1" 200 29 "-" "Mozilla/5.0 (compatible; Googlebot/2.1; +http://www.google.com/bot.html)"
66.249.65.74 - - [04/Apr/2026:14:02:57 -0400] "GET / HTTP/1.1" 200 21664 "-" "Mozilla/5.0 (compatible; Googlebot/2.1; +http://www.google.com/bot.html)"
66.249.65.64 - - [04/Apr/2026:14:02:58 -0400] "GET / HTTP/1.1" 200 21664 "-" "Mozilla/5.0 (Linux; Android 6.0.1; Nexus 5X Build/MMB29P) AppleWebKit/537.36 (KHTML, like Gecko) Chrome/99.0.4844.84 Mobile Safari/537.36 (compatible; Googlebot/2.1; +http://www.google.com/bot.html)"
107.189.7.189 - - [04/Apr/2026:14:04:59 -0400] "GET /wp-login.php HTTP/1.1" 200 2922 "-" "Mozilla/5.0 (Windows NT 10.0; Win64; x64) AppleWebKit/537.36 (KHTML, like Gecko) Chrome/134.0.0.0 Safari/537.36"
107.189.7.189 - - [04/Apr/2026:14:04:59 -0400] "POST /wp-login.php HTTP/1.1" 200 3938 "http://www.fagottube.com/wp-admin/" "Mozilla/5.0 (Windows NT 10.0; Win64; x64) AppleWebKit/537.36 (KHTML, like Gecko) Chrome/134.0.0.0 Safari/537.36"
74.206.190.117 - - [04/Apr/2026:14:05:06 -0400] "GET / HTTP/1.1" 200 21664 "-" "curl/7.29.0"
176.65.151.74 - - [04/Apr/2026:14:05:14 -0400] "GET / HTTP/1.1" 200 21664 "-" "Mozilla/5.0 (Windows NT 10.0; Win64; x64) AppleWebKit/537.36 (KHTML, like Gecko) Chrome/90.0.4430.85 Safari/537.36 Edg/90.0.818.46"
209.141.43.172 - - [04/Apr/2026:14:06:42 -0400] "GET /wp-login.php HTTP/1.1" 200 2922 "-" "Mozilla/5.0 (Windows NT 10.0; Win64; x64) AppleWebKit/537.36 (KHTML, like Gecko) Chrome/134.0.0.0 Safari/537.36"
209.141.43.172 - - [04/Apr/2026:14:06:44 -0400] "POST /wp-login.php HTTP/1.1" 200 3942 "http://www.fagottube.com/wp-admin/" "Mozilla/5.0 (Windows NT 10.0; Win64; x64) AppleWebKit/537.36 (KHTML, like Gecko) Chrome/134.0.0.0 Safari/537.36"
209.141.49.119 - - [04/Apr/2026:14:07:20 -0400] "GET /wp-login.php HTTP/1.1" 200 2922 "-" "Mozilla/5.0 (Windows NT 10.0; Win64; x64) AppleWebKit/537.36 (KHTML, like Gecko) Chrome/134.0.0.0 Safari/537.36"
209.141.49.119 - - [04/Apr/2026:14:07:21 -0400] "POST /wp-login.php HTTP/1.1" 200 3938 "http://www.fagottube.com/wp-admin/" "Mozilla/5.0 (Windows NT 10.0; Win64; x64) AppleWebKit/537.36 (KHTML, like Gecko) Chrome/134.0.0.0 Safari/537.36"
74.206.190.117 - - [04/Apr/2026:14:10:06 -0400] "GET / HTTP/1.1" 200 21664 "-" "curl/7.29.0"
216.73.216.50 - - [04/Apr/2026:14:11:45 -0400] "GET /robots.txt HTTP/1.1" 200 29 "-" "Mozilla/5.0 AppleWebKit/537.36 (KHTML, like Gecko; compatible; ClaudeBot/1.0; +claudebot@anthropic.com)"
74.206.190.117 - - [04/Apr/2026:14:15:07 -0400] "GET / HTTP/1.1" 200 21664 "-" "curl/7.29.0"
45.61.184.165 - - [04/Apr/2026:14:16:12 -0400] "GET /wp-login.php HTTP/1.1" 200 2922 "-" "Mozilla/5.0 (Windows NT 10.0; Win64; x64) AppleWebKit/537.36 (KHTML, like Gecko) Chrome/134.0.0.0 Safari/537.36"
45.61.184.165 - - [04/Apr/2026:14:16:12 -0400] "POST /wp-login.php HTTP/1.1" 200 3932 "http://www.fagottube.com/wp-admin/" "Mozilla/5.0 (Windows NT 10.0; Win64; x64) AppleWebKit/537.36 (KHTML, like Gecko) Chrome/134.0.0.0 Safari/537.36"
209.141.49.119 - - [04/Apr/2026:14:17:47 -0400] "GET /wp-login.php HTTP/1.1" 200 2922 "-" "Mozilla/5.0 (Windows NT 10.0; Win64; x64) AppleWebKit/537.36 (KHTML, like Gecko) Chrome/134.0.0.0 Safari/537.36"
209.141.49.119 - - [04/Apr/2026:14:17:47 -0400] "POST /wp-login.php HTTP/1.1" 200 3938 "http://www.fagottube.com/wp-admin/" "Mozilla/5.0 (Windows NT 10.0; Win64; x64) AppleWebKit/537.36 (KHTML, like Gecko) Chrome/134.0.0.0 Safari/537.36"
74.206.190.117 - - [04/Apr/2026:14:20:22 -0400] "GET / HTTP/1.1" 200 21664 "-" "curl/7.29.0"
57.141.4.7 - - [04/Apr/2026:14:21:36 -0400] "GET /index.php/gay-fags/gay-fagtube.html HTTP/1.1" 200 24129 "-" "meta-externalagent/1.1 (+https://developers.facebook.com/docs/sharing/webmasters/crawler)"
57.141.4.38 - - [04/Apr/2026:14:21:54 -0400] "GET /index.php/gay-fags/%d0%bf%d1%80%d0%be%d0%b2%d0%b5%d1%80%d0%b5%d0%bd%d0%bd%d1%8b%d0%b5-%d0%ba%d0%b0%d0%b7%d0%b8%d0%bd%d0%be-%d0%be%d0%bd%d0%bb%d0%b0%d0%b9%d0%bd-%d1%81-%d0%bb%d0%b8%d1%86%d0%b5%d0%bd%d0%b7%d0%b8%d0%b5.html HTTP/1.1" 404 9094 "-" "meta-externalagent/1.1 (+https://developers.facebook.com/docs/sharing/webmasters/crawler)"
74.206.190.117 - - [04/Apr/2026:14:25:07 -0400] "GET / HTTP/1.1" 200 21664 "-" "curl/7.29.0"
37.59.21.100 - - [04/Apr/2026:14:26:27 -0400] "GET /index.php/tag/raw-papi/feed HTTP/1.1" 200 6446 "-" "Mozilla/5.0 (X11; Linux i686) AppleWebKit/537.36 (KHTML, like Gecko) Chrome/30.0.1599.66 Safari/537.36"
209.141.52.183 - - [04/Apr/2026:14:26:35 -0400] "GET /wp-login.php HTTP/1.1" 200 2922 "-" "Mozilla/5.0 (Windows NT 10.0; Win64; x64) AppleWebKit/537.36 (KHTML, like Gecko) Chrome/134.0.0.0 Safari/537.36"
194.165.16.5 - - [04/Apr/2026:14:26:38 -0400] "GET /wp-login.php HTTP/1.1" 200 2922 "-" "Mozilla/5.0 (Macintosh; Intel Mac OS X 13_5) AppleWebKit/605.1.15 (KHTML, like Gecko) Version/17.5 Safari/605.1.15"
209.141.52.183 - - [04/Apr/2026:14:26:38 -0400] "POST /wp-login.php HTTP/1.1" 200 3942 "http://www.fagottube.com/wp-admin/" "Mozilla/5.0 (Windows NT 10.0; Win64; x64) AppleWebKit/537.36 (KHTML, like Gecko) Chrome/134.0.0.0 Safari/537.36"
194.165.16.5 - - [04/Apr/2026:14:26:41 -0400] "POST /xmlrpc.php HTTP/1.1" 302 277 "-" "Mozilla/5.0 (Windows NT 10.0; Win64; x64) AppleWebKit/537.36 (KHTML, like Gecko) Chrome/124.0.6367.207 Safari/537.36"
2.122.133.53 - - [04/Apr/2026:14:26:43 -0400] "POST /xmlrpc.php HTTP/1.1" 302 277 "-" "Mozilla/5.0 (Windows NT 10.0; Win64; x64; rv:127.0) Gecko/20100101 Firefox/127.0"
2.122.133.53 - - [04/Apr/2026:14:26:44 -0400] "GET / HTTP/1.1" 200 21664 "-" "Mozilla/5.0 (Windows NT 10.0; Win64; x64; rv:127.0) Gecko/20100101 Firefox/127.0"
88.147.56.51 - - [04/Apr/2026:14:26:52 -0400] "POST /xmlrpc.php HTTP/1.1" 302 277 "-" "Mozilla/5.0 (Windows NT 10.0; Win64; x64; rv:127.0) Gecko/20100101 Firefox/127.0"
93.71.240.145 - - [04/Apr/2026:14:27:08 -0400] "POST /xmlrpc.php HTTP/1.1" 302 277 "-" "Mozilla/5.0 (Macintosh; Intel Mac OS X 13_5) AppleWebKit/605.1.15 (KHTML, like Gecko) Version/17.5 Safari/605.1.15"
93.66.64.100 - - [04/Apr/2026:14:27:14 -0400] "POST /xmlrpc.php HTTP/1.1" 302 277 "-" "Mozilla/5.0 (Macintosh; Intel Mac OS X 13_5) AppleWebKit/605.1.15 (KHTML, like Gecko) Version/17.5 Safari/605.1.15"
93.66.64.100 - - [04/Apr/2026:14:27:15 -0400] "GET / HTTP/1.1" 200 21664 "-" "Mozilla/5.0 (Macintosh; Intel Mac OS X 13_5) AppleWebKit/605.1.15 (KHTML, like Gecko) Version/17.5 Safari/605.1.15"
80.42.137.249 - - [04/Apr/2026:14:27:18 -0400] "POST /xmlrpc.php HTTP/1.1" 302 277 "-" "Mozilla/5.0 (Windows NT 10.0; Win64; x64; rv:127.0) Gecko/20100101 Firefox/127.0"
80.42.137.249 - - [04/Apr/2026:14:27:18 -0400] "GET / HTTP/1.1" 200 21664 "-" "Mozilla/5.0 (Windows NT 10.0; Win64; x64; rv:127.0) Gecko/20100101 Firefox/127.0"
46.10.62.44 - - [04/Apr/2026:14:27:21 -0400] "POST /xmlrpc.php HTTP/1.1" 302 277 "-" "Mozilla/5.0 (Windows NT 10.0; Win64; x64) AppleWebKit/537.36 (KHTML, like Gecko) Chrome/124.0.6367.207 Safari/537.36"
85.221.154.218 - - [04/Apr/2026:14:27:30 -0400] "POST /xmlrpc.php HTTP/1.1" 302 277 "-" "Mozilla/5.0 (Windows NT 10.0; Win64; x64; rv:127.0) Gecko/20100101 Firefox/127.0"
176.63.15.228 - - [04/Apr/2026:14:27:44 -0400] "POST /xmlrpc.php HTTP/1.1" 302 277 "-" "Mozilla/5.0 (Macintosh; Intel Mac OS X 13_5) AppleWebKit/605.1.15 (KHTML, like Gecko) Version/17.5 Safari/605.1.15"
193.121.45.124 - - [04/Apr/2026:14:27:52 -0400] "POST /xmlrpc.php HTTP/1.1" 302 277 "-" "Mozilla/5.0 (Macintosh; Intel Mac OS X 13_5) AppleWebKit/605.1.15 (KHTML, like Gecko) Version/17.5 Safari/605.1.15"
209.141.49.119 - - [04/Apr/2026:14:27:56 -0400] "GET /wp-login.php HTTP/1.1" 200 2922 "-" "Mozilla/5.0 (Windows NT 10.0; Win64; x64) AppleWebKit/537.36 (KHTML, like Gecko) Chrome/134.0.0.0 Safari/537.36"
209.141.49.119 - - [04/Apr/2026:14:27:56 -0400] "POST /wp-login.php HTTP/1.1" 200 3942 "http://www.fagottube.com/wp-admin/" "Mozilla/5.0 (Windows NT 10.0; Win64; x64) AppleWebKit/537.36 (KHTML, like Gecko) Chrome/134.0.0.0 Safari/537.36"
194.165.16.5 - - [04/Apr/2026:14:27:58 -0400] "GET /wp-login.php?wp_lang=en_US HTTP/1.1" 200 2922 "-" "Mozilla/5.0 (Windows NT 10.0; Win64; x64) AppleWebKit/537.36 (KHTML, like Gecko) Chrome/124.0.6367.207 Safari/537.36"
194.165.16.5 - - [04/Apr/2026:14:27:59 -0400] "POST /wp-login.php?wp_lang=en_US HTTP/1.1" 302 - "http://www.fagottube.com/wp-login.php?wp_lang=en_US" "Mozilla/5.0 (Windows NT 10.0; Win64; x64) AppleWebKit/537.36 (KHTML, like Gecko) Chrome/124.0.6367.207 Safari/537.36"
194.165.16.5 - - [04/Apr/2026:14:28:00 -0400] "GET /wp-admin/ HTTP/1.1" 200 72368 "http://www.fagottube.com/wp-login.php?wp_lang=en_US" "Mozilla/5.0 (Windows NT 10.0; Win64; x64) AppleWebKit/537.36 (KHTML, like Gecko) Chrome/124.0.6367.207 Safari/537.36"
194.165.16.5 - - [04/Apr/2026:14:28:03 -0400] "GET /wp-admin/admin-ajax.php?action=rest-nonce HTTP/1.1" 400 1 "-" "Mozilla/5.0 (Windows NT 10.0; Win64; x64) AppleWebKit/537.36 (KHTML, like Gecko) Chrome/124.0.6367.207 Safari/537.36"
194.165.16.5 - - [04/Apr/2026:14:28:03 -0400] "GET /wp-admin/admin-ajax.php?action=rest-nonce HTTP/1.1" 400 1 "-" "Mozilla/5.0 (Windows NT 10.0; Win64; x64) AppleWebKit/537.36 (KHTML, like Gecko) Chrome/124.0.6367.207 Safari/537.36"
194.165.16.5 - - [04/Apr/2026:14:28:05 -0400] "GET /wp-admin/admin-ajax.php?action=rest-nonce HTTP/1.1" 400 1 "-" "Mozilla/5.0 (Windows NT 10.0; Win64; x64) AppleWebKit/537.36 (KHTML, like Gecko) Chrome/124.0.6367.207 Safari/537.36"
74.206.190.117 - - [04/Apr/2026:14:30:15 -0400] "GET / HTTP/1.1" 200 21664 "-" "curl/7.29.0"
45.61.184.165 - - [04/Apr/2026:14:30:19 -0400] "GET /wp-login.php HTTP/1.1" 200 2922 "-" "Mozilla/5.0 (Windows NT 10.0; Win64; x64) AppleWebKit/537.36 (KHTML, like Gecko) Chrome/134.0.0.0 Safari/537.36"
45.61.184.165 - - [04/Apr/2026:14:30:19 -0400] "POST /wp-login.php HTTP/1.1" 200 3942 "http://www.fagottube.com/wp-admin/" "Mozilla/5.0 (Windows NT 10.0; Win64; x64) AppleWebKit/537.36 (KHTML, like Gecko) Chrome/134.0.0.0 Safari/537.36"
74.206.190.117 - - [04/Apr/2026:14:31:22 -0400] "POST /wp-cron.php?doing_wp_cron=1775327482.2610430717468261718750 HTTP/1.1" 200 - "http://www.fagottube.com/wp-cron.php?doing_wp_cron=1775327482.2610430717468261718750" "WordPress/5.1.8; http://www.fagottube.com"
176.65.151.74 - - [04/Apr/2026:14:31:22 -0400] "GET / HTTP/1.1" 200 21664 "-" "Mozilla/5.0 (Windows NT 10.0; Win64; x64) AppleWebKit/537.36 (KHTML, like Gecko) Chrome/90.0.4430.85 Safari/537.36 Edg/90.0.818.46"
149.86.227.60 - - [04/Apr/2026:14:31:44 -0400] "GET / HTTP/1.1" 200 21664 "-" "Mozilla/5.0"
209.141.33.127 - - [04/Apr/2026:14:31:57 -0400] "GET /wp-login.php HTTP/1.1" 200 2922 "-" "Mozilla/5.0 (Windows NT 10.0; Win64; x64) AppleWebKit/537.36 (KHTML, like Gecko) Chrome/134.0.0.0 Safari/537.36"
209.141.33.127 - - [04/Apr/2026:14:31:57 -0400] "POST /wp-login.php HTTP/1.1" 200 3932 "http://www.fagottube.com/wp-admin/" "Mozilla/5.0 (Windows NT 10.0; Win64; x64) AppleWebKit/537.36 (KHTML, like Gecko) Chrome/134.0.0.0 Safari/537.36"
74.206.190.117 - - [04/Apr/2026:14:35:13 -0400] "GET / HTTP/1.1" 200 21664 "-" "curl/7.29.0"
209.141.43.172 - - [04/Apr/2026:14:38:10 -0400] "GET /wp-login.php HTTP/1.1" 200 2922 "-" "Mozilla/5.0 (Windows NT 10.0; Win64; x64) AppleWebKit/537.36 (KHTML, like Gecko) Chrome/134.0.0.0 Safari/537.36"
209.141.43.172 - - [04/Apr/2026:14:38:10 -0400] "POST /wp-login.php HTTP/1.1" 200 3942 "http://www.fagottube.com/wp-admin/" "Mozilla/5.0 (Windows NT 10.0; Win64; x64) AppleWebKit/537.36 (KHTML, like Gecko) Chrome/134.0.0.0 Safari/537.36"
74.206.190.117 - - [04/Apr/2026:14:40:11 -0400] "GET / HTTP/1.1" 200 21664 "-" "curl/7.29.0"
45.61.184.165 - - [04/Apr/2026:14:43:36 -0400] "GET /wp-login.php HTTP/1.1" 200 2922 "-" "Mozilla/5.0 (Windows NT 10.0; Win64; x64) AppleWebKit/537.36 (KHTML, like Gecko) Chrome/134.0.0.0 Safari/537.36"
45.61.184.165 - - [04/Apr/2026:14:43:36 -0400] "POST /wp-login.php HTTP/1.1" 200 3942 "http://www.fagottube.com/wp-admin/" "Mozilla/5.0 (Windows NT 10.0; Win64; x64) AppleWebKit/537.36 (KHTML, like Gecko) Chrome/134.0.0.0 Safari/537.36"
74.206.190.117 - - [04/Apr/2026:14:45:18 -0400] "GET / HTTP/1.1" 200 21664 "-" "curl/7.29.0"
37.59.21.100 - - [04/Apr/2026:14:48:21 -0400] "GET /index.php/feed HTTP/1.1" 200 203132 "-" "Mozilla/5.0 (X11; Linux i686) AppleWebKit/537.36 (KHTML, like Gecko) Chrome/30.0.1599.66 Safari/537.36"
74.206.190.117 - - [04/Apr/2026:14:50:08 -0400] "GET / HTTP/1.1" 200 21664 "-" "curl/7.29.0"
176.65.151.74 - - [04/Apr/2026:14:54:58 -0400] "GET / HTTP/1.1" 200 21664 "-" "Mozilla/5.0 (Windows NT 10.0; Win64; x64) AppleWebKit/537.36 (KHTML, like Gecko) Chrome/90.0.4430.85 Safari/537.36 Edg/90.0.818.46"
74.206.190.117 - - [04/Apr/2026:14:55:07 -0400] "GET / HTTP/1.1" 200 21664 "-" "curl/7.29.0"
74.206.190.117 - - [04/Apr/2026:15:00:18 -0400] "GET / HTTP/1.1" 200 21664 "-" "curl/7.29.0"
74.206.190.117 - - [04/Apr/2026:15:05:08 -0400] "GET / HTTP/1.1" 200 21664 "-" "curl/7.29.0"
74.206.190.117 - - [04/Apr/2026:15:10:07 -0400] "GET / HTTP/1.1" 200 21664 "-" "curl/7.29.0"
194.165.16.5 - - [04/Apr/2026:15:11:39 -0400] "GET /wp-login.php HTTP/1.1" 200 2922 "-" "Mozilla/5.0 (Windows NT 10.0; Win64; x64; rv:127.0) Gecko/20100101 Firefox/127.0"
194.165.16.5 - - [04/Apr/2026:15:11:40 -0400] "POST /xmlrpc.php HTTP/1.1" 302 277 "-" "Mozilla/5.0 (Macintosh; Intel Mac OS X 13_5) AppleWebKit/605.1.15 (KHTML, like Gecko) Version/17.5 Safari/605.1.15"
88.156.139.227 - - [04/Apr/2026:15:11:44 -0400] "POST /xmlrpc.php HTTP/1.1" 302 277 "-" "Mozilla/5.0 (Windows NT 10.0; Win64; x64) AppleWebKit/537.36 (KHTML, like Gecko) Chrome/124.0.6367.207 Safari/537.36"
88.156.139.227 - - [04/Apr/2026:15:11:44 -0400] "GET / HTTP/1.1" 200 21664 "-" "Mozilla/5.0 (Windows NT 10.0; Win64; x64) AppleWebKit/537.36 (KHTML, like Gecko) Chrome/124.0.6367.207 Safari/537.36"
178.143.46.178 - - [04/Apr/2026:15:11:47 -0400] "POST /xmlrpc.php HTTP/1.1" 302 277 "-" "Mozilla/5.0 (Windows NT 10.0; Win64; x64) AppleWebKit/537.36 (KHTML, like Gecko) Chrome/124.0.6367.207 Safari/537.36"
89.132.181.120 - - [04/Apr/2026:15:11:50 -0400] "POST /xmlrpc.php HTTP/1.1" 302 277 "-" "Mozilla/5.0 (Windows NT 10.0; Win64; x64; rv:127.0) Gecko/20100101 Firefox/127.0"
92.209.220.122 - - [04/Apr/2026:15:11:56 -0400] "POST /xmlrpc.php HTTP/1.1" 302 277 "-" "Mozilla/5.0 (Windows NT 10.0; Win64; x64) AppleWebKit/537.36 (KHTML, like Gecko) Chrome/124.0.6367.207 Safari/537.36"
37.159.82.39 - - [04/Apr/2026:15:12:05 -0400] "POST /xmlrpc.php HTTP/1.1" 302 277 "-" "Mozilla/5.0 (Macintosh; Intel Mac OS X 13_5) AppleWebKit/605.1.15 (KHTML, like Gecko) Version/17.5 Safari/605.1.15"
37.159.82.39 - - [04/Apr/2026:15:12:05 -0400] "GET / HTTP/1.1" 200 21664 "-" "Mozilla/5.0 (Macintosh; Intel Mac OS X 13_5) AppleWebKit/605.1.15 (KHTML, like Gecko) Version/17.5 Safari/605.1.15"
37.30.2.41 - - [04/Apr/2026:15:12:08 -0400] "POST /xmlrpc.php HTTP/1.1" 302 277 "-" "Mozilla/5.0 (Macintosh; Intel Mac OS X 13_5) AppleWebKit/605.1.15 (KHTML, like Gecko) Version/17.5 Safari/605.1.15"
213.13.196.239 - - [04/Apr/2026:15:12:16 -0400] "POST /xmlrpc.php HTTP/1.1" 302 277 "-" "Mozilla/5.0 (Windows NT 10.0; Win64; x64) AppleWebKit/537.36 (KHTML, like Gecko) Chrome/124.0.6367.207 Safari/537.36"
213.13.196.239 - - [04/Apr/2026:15:12:18 -0400] "GET / HTTP/1.1" 200 21664 "-" "Mozilla/5.0 (Windows NT 10.0; Win64; x64) AppleWebKit/537.36 (KHTML, like Gecko) Chrome/124.0.6367.207 Safari/537.36"
2.122.133.53 - - [04/Apr/2026:15:12:28 -0400] "POST /xmlrpc.php HTTP/1.1" 302 277 "-" "Mozilla/5.0 (Windows NT 10.0; Win64; x64) AppleWebKit/537.36 (KHTML, like Gecko) Chrome/124.0.6367.207 Safari/537.36"
2.122.133.53 - - [04/Apr/2026:15:12:29 -0400] "GET / HTTP/1.1" 200 21664 "-" "Mozilla/5.0 (Windows NT 10.0; Win64; x64) AppleWebKit/537.36 (KHTML, like Gecko) Chrome/124.0.6367.207 Safari/537.36"
194.165.16.5 - - [04/Apr/2026:15:12:31 -0400] "GET /wp-login.php?wp_lang=en_US HTTP/1.1" 200 2922 "-" "Mozilla/5.0 (Windows NT 10.0; Win64; x64) AppleWebKit/537.36 (KHTML, like Gecko) Chrome/124.0.6367.207 Safari/537.36"
194.165.16.5 - - [04/Apr/2026:15:12:32 -0400] "POST /wp-login.php?wp_lang=en_US HTTP/1.1" 302 - "http://www.fagottube.com/wp-login.php?wp_lang=en_US" "Mozilla/5.0 (Windows NT 10.0; Win64; x64) AppleWebKit/537.36 (KHTML, like Gecko) Chrome/124.0.6367.207 Safari/537.36"
194.165.16.5 - - [04/Apr/2026:15:12:33 -0400] "GET /wp-admin/ HTTP/1.1" 200 72368 "http://www.fagottube.com/wp-login.php?wp_lang=en_US" "Mozilla/5.0 (Windows NT 10.0; Win64; x64) AppleWebKit/537.36 (KHTML, like Gecko) Chrome/124.0.6367.207 Safari/537.36"
194.165.16.5 - - [04/Apr/2026:15:12:38 -0400] "GET /wp-admin/admin-ajax.php?action=rest-nonce HTTP/1.1" 400 1 "-" "Mozilla/5.0 (Windows NT 10.0; Win64; x64) AppleWebKit/537.36 (KHTML, like Gecko) Chrome/124.0.6367.207 Safari/537.36"
194.165.16.5 - - [04/Apr/2026:15:12:41 -0400] "GET /wp-admin/admin-ajax.php?action=rest-nonce HTTP/1.1" 400 1 "-" "Mozilla/5.0 (Windows NT 10.0; Win64; x64) AppleWebKit/537.36 (KHTML, like Gecko) Chrome/124.0.6367.207 Safari/537.36"
194.165.16.5 - - [04/Apr/2026:15:12:42 -0400] "GET /wp-admin/admin-ajax.php?action=rest-nonce HTTP/1.1" 400 1 "-" "Mozilla/5.0 (Windows NT 10.0; Win64; x64) AppleWebKit/537.36 (KHTML, like Gecko) Chrome/124.0.6367.207 Safari/537.36"
209.141.33.127 - - [04/Apr/2026:15:14:49 -0400] "GET /wp-login.php HTTP/1.1" 200 2922 "-" "Mozilla/5.0 (Windows NT 10.0; Win64; x64) AppleWebKit/537.36 (KHTML, like Gecko) Chrome/134.0.0.0 Safari/537.36"
209.141.33.127 - - [04/Apr/2026:15:14:50 -0400] "POST /wp-login.php HTTP/1.1" 200 3932 "http://www.fagottube.com/wp-admin/" "Mozilla/5.0 (Windows NT 10.0; Win64; x64) AppleWebKit/537.36 (KHTML, like Gecko) Chrome/134.0.0.0 Safari/537.36"
74.206.190.117 - - [04/Apr/2026:15:15:09 -0400] "GET / HTTP/1.1" 200 21664 "-" "curl/7.29.0"
205.185.118.243 - - [04/Apr/2026:15:16:41 -0400] "GET /wp-login.php HTTP/1.1" 200 2922 "-" "Mozilla/5.0 (Windows NT 10.0; Win64; x64) AppleWebKit/537.36 (KHTML, like Gecko) Chrome/134.0.0.0 Safari/537.36"
205.185.118.243 - - [04/Apr/2026:15:16:42 -0400] "POST /wp-login.php HTTP/1.1" 200 3928 "http://fagottube.com/wp-admin/" "Mozilla/5.0 (Windows NT 10.0; Win64; x64) AppleWebKit/537.36 (KHTML, like Gecko) Chrome/134.0.0.0 Safari/537.36"
45.61.184.165 - - [04/Apr/2026:15:17:00 -0400] "GET /wp-login.php HTTP/1.1" 200 2922 "-" "Mozilla/5.0 (Windows NT 10.0; Win64; x64) AppleWebKit/537.36 (KHTML, like Gecko) Chrome/134.0.0.0 Safari/537.36"
45.61.184.165 - - [04/Apr/2026:15:17:01 -0400] "POST /wp-login.php HTTP/1.1" 200 3938 "http://www.fagottube.com/wp-admin/" "Mozilla/5.0 (Windows NT 10.0; Win64; x64) AppleWebKit/537.36 (KHTML, like Gecko) Chrome/134.0.0.0 Safari/537.36"
209.141.43.172 - - [04/Apr/2026:15:17:33 -0400] "GET /wp-login.php HTTP/1.1" 200 2922 "-" "Mozilla/5.0 (Windows NT 10.0; Win64; x64) AppleWebKit/537.36 (KHTML, like Gecko) Chrome/134.0.0.0 Safari/537.36"
209.141.43.172 - - [04/Apr/2026:15:17:33 -0400] "POST /wp-login.php HTTP/1.1" 200 3942 "http://www.fagottube.com/wp-admin/" "Mozilla/5.0 (Windows NT 10.0; Win64; x64) AppleWebKit/537.36 (KHTML, like Gecko) Chrome/134.0.0.0 Safari/537.36"
74.206.190.117 - - [04/Apr/2026:15:20:20 -0400] "GET / HTTP/1.1" 200 21664 "-" "curl/7.29.0"
176.65.151.74 - - [04/Apr/2026:15:21:04 -0400] "GET / HTTP/1.1" 200 21664 "-" "Mozilla/5.0 (Windows NT 10.0; Win64; x64) AppleWebKit/537.36 (KHTML, like Gecko) Chrome/90.0.4430.85 Safari/537.36 Edg/90.0.818.46"
74.206.190.117 - - [04/Apr/2026:15:25:08 -0400] "GET / HTTP/1.1" 200 21664 "-" "curl/7.29.0"
74.206.190.117 - - [04/Apr/2026:15:30:08 -0400] "GET / HTTP/1.1" 200 21664 "-" "curl/7.29.0"
74.206.190.117 - - [04/Apr/2026:15:35:19 -0400] "POST /wp-cron.php?doing_wp_cron=1775331319.5867300033569335937500 HTTP/1.1" 200 - "http://www.fagottube.com/wp-cron.php?doing_wp_cron=1775331319.5867300033569335937500" "WordPress/5.1.8; http://www.fagottube.com"
74.206.190.117 - - [04/Apr/2026:15:35:17 -0400] "GET / HTTP/1.1" 200 21664 "-" "curl/7.29.0"
74.206.190.117 - - [04/Apr/2026:15:40:11 -0400] "GET / HTTP/1.1" 200 21664 "-" "curl/7.29.0"
45.61.184.165 - - [04/Apr/2026:15:41:18 -0400] "GET /wp-login.php HTTP/1.1" 200 2922 "-" "Mozilla/5.0 (Windows NT 10.0; Win64; x64) AppleWebKit/537.36 (KHTML, like Gecko) Chrome/134.0.0.0 Safari/537.36"
45.61.184.165 - - [04/Apr/2026:15:41:18 -0400] "POST /wp-login.php HTTP/1.1" 200 3938 "http://www.fagottube.com/wp-admin/" "Mozilla/5.0 (Windows NT 10.0; Win64; x64) AppleWebKit/537.36 (KHTML, like Gecko) Chrome/134.0.0.0 Safari/537.36"
74.206.190.117 - - [04/Apr/2026:15:45:08 -0400] "GET / HTTP/1.1" 200 21664 "-" "curl/7.29.0"
209.141.43.172 - - [04/Apr/2026:15:46:56 -0400] "GET /wp-login.php HTTP/1.1" 200 2922 "-" "Mozilla/5.0 (Windows NT 10.0; Win64; x64) AppleWebKit/537.36 (KHTML, like Gecko) Chrome/134.0.0.0 Safari/537.36"
209.141.43.172 - - [04/Apr/2026:15:46:56 -0400] "POST /wp-login.php HTTP/1.1" 200 3938 "http://www.fagottube.com/wp-admin/" "Mozilla/5.0 (Windows NT 10.0; Win64; x64) AppleWebKit/537.36 (KHTML, like Gecko) Chrome/134.0.0.0 Safari/537.36"
176.65.151.74 - - [04/Apr/2026:15:49:01 -0400] "GET / HTTP/1.1" 200 21664 "-" "Mozilla/5.0 (Windows NT 10.0; Win64; x64) AppleWebKit/537.36 (KHTML, like Gecko) Chrome/90.0.4430.85 Safari/537.36 Edg/90.0.818.46"
74.206.190.117 - - [04/Apr/2026:15:50:07 -0400] "GET / HTTP/1.1" 200 21664 "-" "curl/7.29.0"
74.206.190.117 - - [04/Apr/2026:15:55:08 -0400] "GET / HTTP/1.1" 200 21664 "-" "curl/7.29.0"
71.6.167.142 - - [04/Apr/2026:15:55:28 -0400] "GET / HTTP/1.1" 200 21664 "-" "Mozilla/5.0 (Windows NT 6.1) AppleWebKit/537.36 (KHTML, like Gecko) Chrome/41.0.2228.0 Safari/537.36"
71.6.167.142 - - [04/Apr/2026:15:55:30 -0400] "GET /robots.txt HTTP/1.1" 200 29 "-" "-"
71.6.167.142 - - [04/Apr/2026:15:55:32 -0400] "GET /.well-known/security.txt HTTP/1.1" 302 274 "-" "-"
74.206.190.117 - - [04/Apr/2026:16:00:19 -0400] "GET / HTTP/1.1" 200 21664 "-" "curl/7.29.0"
37.59.21.100 - - [04/Apr/2026:16:01:03 -0400] "GET /index.php/tag/creampie/feed HTTP/1.1" 200 4291 "-" "Mozilla/5.0 (X11; Linux i686) AppleWebKit/537.36 (KHTML, like Gecko) Chrome/30.0.1599.66 Safari/537.36"
87.121.84.62 - - [04/Apr/2026:16:02:45 -0400] "GET /public/assets/plugins/plupload/examples/upload.php HTTP/1.1" 302 273 "-" "ALittle Client"
74.206.190.117 - - [04/Apr/2026:16:05:09 -0400] "GET / HTTP/1.1" 200 21664 "-" "curl/7.29.0"
4.223.104.110 - - [04/Apr/2026:16:07:24 -0400] "GET /wp-content/plugins/hellopress/wp_filemanager.php HTTP/1.1" 302 273 "-" "-"
4.223.104.110 - - [04/Apr/2026:16:07:25 -0400] "GET /xsas.php HTTP/1.1" 302 273 "-" "-"
74.206.190.117 - - [04/Apr/2026:16:10:07 -0400] "GET / HTTP/1.1" 200 21664 "-" "curl/7.29.0"
176.65.151.74 - - [04/Apr/2026:16:14:03 -0400] "GET / HTTP/1.1" 200 21664 "-" "Mozilla/5.0 (Windows NT 10.0; Win64; x64) AppleWebKit/537.36 (KHTML, like Gecko) Chrome/90.0.4430.85 Safari/537.36 Edg/90.0.818.46"
74.206.190.117 - - [04/Apr/2026:16:15:08 -0400] "GET / HTTP/1.1" 200 21664 "-" "curl/7.29.0"
74.206.190.117 - - [04/Apr/2026:16:20:13 -0400] "GET / HTTP/1.1" 200 21664 "-" "curl/7.29.0"
45.61.184.165 - - [04/Apr/2026:16:23:50 -0400] "GET /wp-login.php HTTP/1.1" 200 2922 "-" "Mozilla/5.0 (Windows NT 10.0; Win64; x64) AppleWebKit/537.36 (KHTML, like Gecko) Chrome/134.0.0.0 Safari/537.36"
45.61.184.165 - - [04/Apr/2026:16:23:51 -0400] "POST /wp-login.php HTTP/1.1" 200 3942 "http://www.fagottube.com/wp-admin/" "Mozilla/5.0 (Windows NT 10.0; Win64; x64) AppleWebKit/537.36 (KHTML, like Gecko) Chrome/134.0.0.0 Safari/537.36"
107.189.7.189 - - [04/Apr/2026:16:24:16 -0400] "GET /wp-login.php HTTP/1.1" 200 2922 "-" "Mozilla/5.0 (Windows NT 10.0; Win64; x64) AppleWebKit/537.36 (KHTML, like Gecko) Chrome/134.0.0.0 Safari/537.36"
107.189.7.189 - - [04/Apr/2026:16:24:17 -0400] "POST /wp-login.php HTTP/1.1" 200 3942 "http://www.fagottube.com/wp-admin/" "Mozilla/5.0 (Windows NT 10.0; Win64; x64) AppleWebKit/537.36 (KHTML, like Gecko) Chrome/134.0.0.0 Safari/537.36"
107.189.7.189 - - [04/Apr/2026:16:25:07 -0400] "GET /wp-login.php HTTP/1.1" 200 2922 "-" "Mozilla/5.0 (Windows NT 10.0; Win64; x64) AppleWebKit/537.36 (KHTML, like Gecko) Chrome/134.0.0.0 Safari/537.36"
74.206.190.117 - - [04/Apr/2026:16:25:07 -0400] "GET / HTTP/1.1" 200 21664 "-" "curl/7.29.0"
107.189.7.189 - - [04/Apr/2026:16:25:08 -0400] "POST /wp-login.php HTTP/1.1" 200 3938 "http://www.fagottube.com/wp-admin/" "Mozilla/5.0 (Windows NT 10.0; Win64; x64) AppleWebKit/537.36 (KHTML, like Gecko) Chrome/134.0.0.0 Safari/537.36"
145.239.10.137 - - [04/Apr/2026:16:28:10 -0400] "GET /cnsk.php HTTP/1.1" 302 273 "http://fagottube.com/cnsk.php" "Mozilla/5.0 (iPhone; CPU iPhone OS 17_5_1 like Mac OS X) AppleWebKit/605.1.15 (KHTML, like Gecko) Version/17.5 Mobile/15E148 Safari/604.1"
199.195.251.81 - - [04/Apr/2026:16:28:59 -0400] "GET /wp-login.php HTTP/1.1" 200 2922 "-" "Mozilla/5.0 (Windows NT 10.0; Win64; x64) AppleWebKit/537.36 (KHTML, like Gecko) Chrome/134.0.0.0 Safari/537.36"
199.195.251.81 - - [04/Apr/2026:16:28:59 -0400] "POST /wp-login.php HTTP/1.1" 200 3942 "http://www.fagottube.com/wp-admin/" "Mozilla/5.0 (Windows NT 10.0; Win64; x64) AppleWebKit/537.36 (KHTML, like Gecko) Chrome/134.0.0.0 Safari/537.36"
74.206.190.117 - - [04/Apr/2026:16:30:07 -0400] "GET / HTTP/1.1" 200 21664 "-" "curl/7.29.0"
74.206.190.117 - - [04/Apr/2026:16:30:37 -0400] "POST /wp-cron.php?doing_wp_cron=1775334637.9724509716033935546875 HTTP/1.1" 200 - "http://www.fagottube.com/wp-cron.php?doing_wp_cron=1775334637.9724509716033935546875" "WordPress/5.1.8; http://www.fagottube.com"
45.61.184.165 - - [04/Apr/2026:16:30:37 -0400] "GET /wp-login.php HTTP/1.1" 200 2922 "-" "Mozilla/5.0 (Windows NT 10.0; Win64; x64) AppleWebKit/537.36 (KHTML, like Gecko) Chrome/134.0.0.0 Safari/537.36"
45.61.184.165 - - [04/Apr/2026:16:30:38 -0400] "POST /wp-login.php HTTP/1.1" 200 3942 "http://www.fagottube.com/wp-admin/" "Mozilla/5.0 (Windows NT 10.0; Win64; x64) AppleWebKit/537.36 (KHTML, like Gecko) Chrome/134.0.0.0 Safari/537.36"
37.59.21.100 - - [04/Apr/2026:16:33:14 -0400] "GET /index.php/gay-fags/gay-fags-tube.html/feed HTTP/1.1" 200 1580 "-" "Mozilla/5.0 (X11; Linux i686) AppleWebKit/537.36 (KHTML, like Gecko) Chrome/30.0.1599.66 Safari/537.36"
74.206.190.117 - - [04/Apr/2026:16:35:08 -0400] "GET / HTTP/1.1" 200 21664 "-" "curl/7.29.0"
176.65.151.74 - - [04/Apr/2026:16:35:40 -0400] "GET / HTTP/1.1" 200 21664 "-" "Mozilla/5.0 (Windows NT 10.0; Win64; x64) AppleWebKit/537.36 (KHTML, like Gecko) Chrome/90.0.4430.85 Safari/537.36 Edg/90.0.818.46"
37.59.21.100 - - [04/Apr/2026:16:35:43 -0400] "GET /index.php/latin-fag-tube/fag-tube-porn.html/feed HTTP/1.1" 200 1332 "-" "Mozilla/5.0 (X11; Linux i686) AppleWebKit/537.36 (KHTML, like Gecko) Chrome/30.0.1599.66 Safari/537.36"
40.124.172.146 - - [04/Apr/2026:16:38:37 -0400] "GET /ReportServer HTTP/1.1" 302 274 "-" "Mozilla/5.0 zgrab/0.x"
45.61.184.165 - - [04/Apr/2026:16:39:17 -0400] "GET /wp-login.php HTTP/1.1" 200 2922 "-" "Mozilla/5.0 (Windows NT 10.0; Win64; x64) AppleWebKit/537.36 (KHTML, like Gecko) Chrome/134.0.0.0 Safari/537.36"
45.61.184.165 - - [04/Apr/2026:16:39:17 -0400] "POST /wp-login.php HTTP/1.1" 200 3942 "http://www.fagottube.com/wp-admin/" "Mozilla/5.0 (Windows NT 10.0; Win64; x64) AppleWebKit/537.36 (KHTML, like Gecko) Chrome/134.0.0.0 Safari/537.36"
198.235.24.31 - - [04/Apr/2026:16:39:32 -0400] "GET / HTTP/1.1" 200 21664 "-" "Hello from Palo Alto Networks, find out more about our scans in https://docs-cortex.paloaltonetworks.com/r/1/Cortex-Xpanse/Scanning-activity"
74.206.190.117 - - [04/Apr/2026:16:40:11 -0400] "GET / HTTP/1.1" 200 21664 "-" "curl/7.29.0"
145.239.10.137 - - [04/Apr/2026:16:40:20 -0400] "GET /lx.php HTTP/1.1" 302 273 "http://fagottube.com/lx.php" "Mozilla/5.0 (iPhone; CPU iPhone OS 17_5_1 like Mac OS X) AppleWebKit/605.1.15 (KHTML, like Gecko) Version/17.5 Mobile/15E148 Safari/604.1"
74.206.190.117 - - [04/Apr/2026:16:45:07 -0400] "GET / HTTP/1.1" 200 21664 "-" "curl/7.29.0"
74.206.190.117 - - [04/Apr/2026:16:50:06 -0400] "GET / HTTP/1.1" 200 21664 "-" "curl/7.29.0"
74.206.190.117 - - [04/Apr/2026:16:55:06 -0400] "GET / HTTP/1.1" 200 21664 "-" "curl/7.29.0"
74.206.190.117 - - [04/Apr/2026:17:00:20 -0400] "GET / HTTP/1.1" 200 21664 "-" "curl/7.29.0"
176.65.151.74 - - [04/Apr/2026:17:02:17 -0400] "GET / HTTP/1.1" 200 21664 "-" "Mozilla/5.0 (Windows NT 10.0; Win64; x64) AppleWebKit/537.36 (KHTML, like Gecko) Chrome/90.0.4430.85 Safari/537.36 Edg/90.0.818.46"
159.26.109.38 - - [04/Apr/2026:17:04:52 -0400] "GET /wp-login.php HTTP/1.1" 200 2922 "-" "Mozilla/5.0 (Windows NT 10.0; Win64; x64) AppleWebKit/537.36 (KHTML, like Gecko) Chrome/141.0.0.0 Safari/537.36"
159.26.109.38 - - [04/Apr/2026:17:04:53 -0400] "GET /wp-admin/images/wordpress-logo.svg?ver=20131107 HTTP/1.1" 200 1521 "http://www.fagottube.com/wp-admin/css/login.min.css?ver=5.1.8" "Mozilla/5.0 (Windows NT 10.0; Win64; x64) AppleWebKit/537.36 (KHTML, like Gecko) Chrome/141.0.0.0 Safari/537.36"
159.26.109.38 - - [04/Apr/2026:17:04:53 -0400] "POST /wp-login.php HTTP/1.1" 302 - "http://www.fagottube.com/wp-login.php" "Mozilla/5.0 (Windows NT 10.0; Win64; x64) AppleWebKit/537.36 (KHTML, like Gecko) Chrome/141.0.0.0 Safari/537.36"
159.26.109.38 - - [04/Apr/2026:17:04:53 -0400] "GET /wp-admin/ HTTP/1.1" 200 72368 "http://www.fagottube.com/wp-login.php" "Mozilla/5.0 (Windows NT 10.0; Win64; x64) AppleWebKit/537.36 (KHTML, like Gecko) Chrome/141.0.0.0 Safari/537.36"
159.26.109.38 - - [04/Apr/2026:17:04:54 -0400] "GET /wp-admin/load-styles.php?c=1&dir=ltr&load%5B%5D=dashicons,admin-bar,common,forms,admin-menu,dashboard,list-tables,edit,revisions,media,themes,about,nav-menus,wp-pointer,widgets&load%5B%5D=,site-icon,l10n,buttons,wp-auth-check&ver=5.1.8 HTTP/1.1" 200 339095 "http://www.fagottube.com/wp-admin/" "Mozilla/5.0 (Windows NT 10.0; Win64; x64) AppleWebKit/537.36 (KHTML, like Gecko) Chrome/141.0.0.0 Safari/537.36"
159.26.109.38 - - [04/Apr/2026:17:04:54 -0400] "GET /wp-admin/load-scripts.php?c=1&load%5B%5D=jquery-core,jquery-migrate,utils&ver=5.1.8 HTTP/1.1" 200 108792 "http://www.fagottube.com/wp-admin/" "Mozilla/5.0 (Windows NT 10.0; Win64; x64) AppleWebKit/537.36 (KHTML, like Gecko) Chrome/141.0.0.0 Safari/537.36"
159.26.109.38 - - [04/Apr/2026:17:04:54 -0400] "GET /wp-admin/load-scripts.php?c=1&load%5B%5D=hoverIntent,common,admin-bar,wp-ajax-response,jquery-color,wp-lists,quicktags,jquery-query,admin-comments,jquery-ui-core,jquery-&load%5B%5D=ui-widget,jquery-ui-mouse,jquery-ui-sortable,postbox,underscore,wp-util,wp-a11y,dashboard,thickbox,plugin-install,updates,shortc&load%5B%5D=ode,media-upload,svg-painter&ver=5.1.8 HTTP/1.1" 200 201345 "http://www.fagottube.com/wp-admin/" "Mozilla/5.0 (Windows NT 10.0; Win64; x64) AppleWebKit/537.36 (KHTML, like Gecko) Chrome/141.0.0.0 Safari/537.36"
159.26.109.38 - - [04/Apr/2026:17:04:55 -0400] "POST /wp-admin/admin-ajax.php HTTP/1.1" 200 96 "http://www.fagottube.com/wp-admin/" "Mozilla/5.0 (Windows NT 10.0; Win64; x64) AppleWebKit/537.36 (KHTML, like Gecko) Chrome/141.0.0.0 Safari/537.36"
159.26.109.38 - - [04/Apr/2026:17:04:55 -0400] "GET /wp-admin/admin-ajax.php?action=dashboard-widgets&widget=dashboard_primary&pagenow=dashboard HTTP/1.1" 200 278 "http://www.fagottube.com/wp-admin/" "Mozilla/5.0 (Windows NT 10.0; Win64; x64) AppleWebKit/537.36 (KHTML, like Gecko) Chrome/141.0.0.0 Safari/537.36"
159.26.109.38 - - [04/Apr/2026:17:04:58 -0400] "GET /wp-admin/edit.php?post_type=page&post_status=publish&orderby=title&order=desc HTTP/1.1" 200 46321 "-" "Mozilla/5.0 (Windows NT 10.0; Win64; x64) AppleWebKit/537.36 (KHTML, like Gecko) Chrome/141.0.0.0 Safari/537.36"
159.26.109.38 - - [04/Apr/2026:17:04:59 -0400] "GET /wp-admin/load-scripts.php?c=1&load%5B%5D=hoverIntent,common,admin-bar,jquery-ui-core,jquery-ui-widget,jquery-ui-position,jquery-ui-menu,wp-a11y,jquery-ui-autocomplete,ta&load%5B%5D=gs-suggest,inline-edit-post&ver=5.1.8 HTTP/1.1" 200 69205 "http://www.fagottube.com/wp-admin/edit.php?post_type=page&post_status=publish&orderby=title&order=desc" "Mozilla/5.0 (Windows NT 10.0; Win64; x64) AppleWebKit/537.36 (KHTML, like Gecko) Chrome/141.0.0.0 Safari/537.36"
159.26.109.38 - - [04/Apr/2026:17:04:59 -0400] "POST /wp-admin/admin-ajax.php HTTP/1.1" 200 47 "http://www.fagottube.com/wp-admin/edit.php?post_type=page&post_status=publish&orderby=title&order=desc" "Mozilla/5.0 (Windows NT 10.0; Win64; x64) AppleWebKit/537.36 (KHTML, like Gecko) Chrome/141.0.0.0 Safari/537.36"
159.26.109.38 - - [04/Apr/2026:17:05:00 -0400] "GET /wp-admin/post.php?post=2&action=edit HTTP/1.1" 200 219976 "http://www.fagottube.com/wp-admin/edit.php?post_type=page&post_status=publish&orderby=title&order=desc" "Mozilla/5.0 (Windows NT 10.0; Win64; x64) AppleWebKit/537.36 (KHTML, like Gecko) Chrome/141.0.0.0 Safari/537.36"
