HEX
Server: Apache
System: Linux msm5694.mjhst.com 3.10.0-1160.119.1.el7.x86_64 #1 SMP Tue Jun 4 14:43:51 UTC 2024 x86_64
User: camjab_ssh (1000)
PHP: 5.3.29
Disabled: NONE
Upload Files
File: /home/httpd/logs/dowork.biz_access_log
208.122.222.39 - - [05/Apr/2026:04:00:29 -0400] "GET /public/index.php?path_info=incoming-mail/count-pending HTTP/1.1" 403 1215 "https://www.dowork.biz/public/index.php?path_info=projects%2F33%2Ftickets%2F13414&page=5" "Mozilla/5.0 (Windows NT 10.0; Win64; x64) AppleWebKit/537.36 (KHTML, like Gecko) Chrome/143.0.0.0 Safari/537.36"
208.122.222.39 - - [05/Apr/2026:04:00:29 -0400] "GET /public/index.php?path_info=refresh-session HTTP/1.1" 200 43 "https://www.dowork.biz/public/index.php?path_info=projects%2F33%2Ftickets%2F13330&page=6" "Mozilla/5.0 (Windows NT 10.0; Win64; x64) AppleWebKit/537.36 (KHTML, like Gecko) Chrome/143.0.0.0 Safari/537.36"
208.122.222.39 - - [05/Apr/2026:04:00:29 -0400] "GET /public/index.php?path_info=incoming-mail/count-pending HTTP/1.1" 403 1215 "https://www.dowork.biz/public/index.php?path_info=projects%2F33" "Mozilla/5.0 (Windows NT 10.0; Win64; x64) AppleWebKit/537.36 (KHTML, like Gecko) Chrome/143.0.0.0 Safari/537.36"
208.122.222.39 - - [05/Apr/2026:04:00:29 -0400] "GET /public/index.php?path_info=refresh-session HTTP/1.1" 200 43 "https://www.dowork.biz/public/index.php?path_info=projects%2F33%2Ftickets%2F13350&page=6" "Mozilla/5.0 (Windows NT 10.0; Win64; x64) AppleWebKit/537.36 (KHTML, like Gecko) Chrome/143.0.0.0 Safari/537.36"
208.122.222.39 - - [05/Apr/2026:04:00:29 -0400] "GET /public/index.php?path_info=incoming-mail/count-pending HTTP/1.1" 403 1215 "https://www.dowork.biz/public/index.php?path_info=projects%2F33%2Ftickets%2F11411&page=68" "Mozilla/5.0 (Windows NT 10.0; Win64; x64) AppleWebKit/537.36 (KHTML, like Gecko) Chrome/143.0.0.0 Safari/537.36"
208.122.222.39 - - [05/Apr/2026:04:00:29 -0400] "GET /public/index.php?path_info=refresh-session HTTP/1.1" 200 43 "https://www.dowork.biz/public/index.php?path_info=projects%2F33%2Ftickets%2F11551&page=18" "Mozilla/5.0 (Windows NT 10.0; Win64; x64) AppleWebKit/537.36 (KHTML, like Gecko) Chrome/143.0.0.0 Safari/537.36"
208.122.222.39 - - [05/Apr/2026:04:00:29 -0400] "GET /public/index.php?path_info=incoming-mail/count-pending HTTP/1.1" 403 1215 "https://www.dowork.biz/public/index.php?path_info=projects%2F33%2Ftickets%2F12316&page=13" "Mozilla/5.0 (Windows NT 10.0; Win64; x64) AppleWebKit/537.36 (KHTML, like Gecko) Chrome/143.0.0.0 Safari/537.36"
208.122.222.39 - - [05/Apr/2026:04:00:29 -0400] "GET /public/index.php?path_info=refresh-session HTTP/1.1" 200 43 "https://www.dowork.biz/public/index.php?path_info=projects%2F33%2Ftickets%2F13579&page=5" "Mozilla/5.0 (Windows NT 10.0; Win64; x64) AppleWebKit/537.36 (KHTML, like Gecko) Chrome/143.0.0.0 Safari/537.36"
208.122.222.39 - - [05/Apr/2026:04:00:30 -0400] "GET /public/index.php?path_info=incoming-mail/count-pending HTTP/1.1" 403 1215 "https://www.dowork.biz/public/index.php?path_info=projects%2F33%2Ftickets%2F11430&page=19" "Mozilla/5.0 (Windows NT 10.0; Win64; x64) AppleWebKit/537.36 (KHTML, like Gecko) Chrome/143.0.0.0 Safari/537.36"
208.122.222.38 - - [05/Apr/2026:04:00:44 -0400] "GET /public/index.php?path_info=incoming-mail/count-pending HTTP/1.1" 403 1215 "https://www.dowork.biz/public/index.php?path_info=projects%2F33%2Ftickets%2F11749&page=19" "Mozilla/5.0 (Windows NT 10.0; Win64; x64) AppleWebKit/537.36 (KHTML, like Gecko) Chrome/143.0.0.0 Safari/537.36"
208.122.222.38 - - [05/Apr/2026:04:00:44 -0400] "GET /public/index.php?path_info=refresh-session HTTP/1.1" 200 43 "https://www.dowork.biz/public/index.php?path_info=projects%2F33%2Ftickets%2F13048&page=5" "Mozilla/5.0 (Windows NT 10.0; Win64; x64) AppleWebKit/537.36 (KHTML, like Gecko) Chrome/143.0.0.0 Safari/537.36"
208.122.222.38 - - [05/Apr/2026:04:00:44 -0400] "GET /public/index.php?path_info=incoming-mail/count-pending HTTP/1.1" 403 1215 "https://www.dowork.biz/public/index.php?path_info=projects%2F33%2Ftickets%2F14095&page=1" "Mozilla/5.0 (Windows NT 10.0; Win64; x64) AppleWebKit/537.36 (KHTML, like Gecko) Chrome/143.0.0.0 Safari/537.36"
208.122.222.38 - - [05/Apr/2026:04:00:44 -0400] "GET /public/index.php?path_info=refresh-session HTTP/1.1" 200 43 "https://www.dowork.biz/public/index.php?path_info=projects%2F33%2Ftickets%2F13580&page=1" "Mozilla/5.0 (Windows NT 10.0; Win64; x64) AppleWebKit/537.36 (KHTML, like Gecko) Chrome/143.0.0.0 Safari/537.36"
208.122.222.38 - - [05/Apr/2026:04:00:45 -0400] "GET /public/index.php?path_info=incoming-mail/count-pending HTTP/1.1" 403 1215 "https://www.dowork.biz/public/index.php?path_info=projects%2F33%2Ftickets%2F12704&page=10" "Mozilla/5.0 (Windows NT 10.0; Win64; x64) AppleWebKit/537.36 (KHTML, like Gecko) Chrome/143.0.0.0 Safari/537.36"
208.122.222.38 - - [05/Apr/2026:04:00:45 -0400] "GET /public/index.php?path_info=refresh-session HTTP/1.1" 200 43 "https://www.dowork.biz/public/index.php?path_info=projects%2F33%2Ftickets%2F13649&page=1" "Mozilla/5.0 (Windows NT 10.0; Win64; x64) AppleWebKit/537.36 (KHTML, like Gecko) Chrome/143.0.0.0 Safari/537.36"
208.122.222.38 - - [05/Apr/2026:04:00:45 -0400] "GET /public/index.php?path_info=incoming-mail/count-pending HTTP/1.1" 403 1215 "https://www.dowork.biz/public/index.php?path_info=projects%2F33%2Ftickets%2F11799&page=17" "Mozilla/5.0 (Windows NT 10.0; Win64; x64) AppleWebKit/537.36 (KHTML, like Gecko) Chrome/143.0.0.0 Safari/537.36"
208.122.222.38 - - [05/Apr/2026:04:00:45 -0400] "GET /public/index.php?path_info=refresh-session HTTP/1.1" 200 43 "https://www.dowork.biz/public/index.php?path_info=projects%2F33%2Ftickets%2F11411&page=68" "Mozilla/5.0 (Windows NT 10.0; Win64; x64) AppleWebKit/537.36 (KHTML, like Gecko) Chrome/143.0.0.0 Safari/537.36"
208.122.222.38 - - [05/Apr/2026:04:00:45 -0400] "GET /public/index.php?path_info=incoming-mail/count-pending HTTP/1.1" 403 1215 "https://www.dowork.biz/public/index.php?path_info=projects%2F33%2Ftickets%2F13044&page=6" "Mozilla/5.0 (Windows NT 10.0; Win64; x64) AppleWebKit/537.36 (KHTML, like Gecko) Chrome/143.0.0.0 Safari/537.36"
208.122.222.38 - - [05/Apr/2026:04:00:46 -0400] "GET /public/index.php?path_info=incoming-mail/count-pending HTTP/1.1" 403 1215 "https://www.dowork.biz/public/index.php?path_info=projects%2F33%2Ftickets%2F12000&page=15" "Mozilla/5.0 (Windows NT 10.0; Win64; x64) AppleWebKit/537.36 (KHTML, like Gecko) Chrome/143.0.0.0 Safari/537.36"
64.59.72.148 - - [05/Apr/2026:04:00:49 -0400] "GET /public HTTP/1.1" 301 301 "-" "check_http/v2.4.9 (nagios-plugins 2.4.9)"
64.59.72.148 - - [05/Apr/2026:04:00:49 -0400] "GET /public/ HTTP/1.1" 302 - "-" "check_http/v2.4.9 (nagios-plugins 2.4.9)"
64.59.72.148 - - [05/Apr/2026:04:00:49 -0400] "GET /public/index.php?path_info=login&re_route=homepage HTTP/1.1" 200 4304 "-" "check_http/v2.4.9 (nagios-plugins 2.4.9)"
112.206.73.52 - - [05/Apr/2026:04:01:02 -0400] "GET /public/index.php?path_info=refresh-session HTTP/1.1" 200 43 "https://www.dowork.biz/public/index.php?path_info=projects%2F33%2Ftickets%2F14137" "Mozilla/5.0 (Windows NT 10.0; Win64; x64) AppleWebKit/537.36 (KHTML, like Gecko) Chrome/146.0.0.0 Safari/537.36"
112.206.73.52 - - [05/Apr/2026:04:01:03 -0400] "GET /public/index.php?path_info=incoming-mail/count-pending HTTP/1.1" 403 1215 "https://www.dowork.biz/public/index.php?path_info=projects%2F33%2Ftickets%2F14137" "Mozilla/5.0 (Windows NT 10.0; Win64; x64) AppleWebKit/537.36 (KHTML, like Gecko) Chrome/146.0.0.0 Safari/537.36"
208.122.222.39 - - [05/Apr/2026:04:01:29 -0400] "GET /public/index.php?path_info=refresh-session HTTP/1.1" 200 43 "https://www.dowork.biz/public/index.php?path_info=projects%2F33%2Ftickets%2F12316&page=13" "Mozilla/5.0 (Windows NT 10.0; Win64; x64) AppleWebKit/537.36 (KHTML, like Gecko) Chrome/143.0.0.0 Safari/537.36"
208.122.222.39 - - [05/Apr/2026:04:01:29 -0400] "GET /public/index.php?path_info=refresh-session HTTP/1.1" 200 43 "https://www.dowork.biz/public/index.php?path_info=projects%2F33%2Ftickets%2F13414&page=5" "Mozilla/5.0 (Windows NT 10.0; Win64; x64) AppleWebKit/537.36 (KHTML, like Gecko) Chrome/143.0.0.0 Safari/537.36"
208.122.222.39 - - [05/Apr/2026:04:01:29 -0400] "GET /public/index.php?path_info=refresh-session HTTP/1.1" 200 43 "https://www.dowork.biz/public/index.php?path_info=projects%2F33%2Ftickets%2F11411&page=68" "Mozilla/5.0 (Windows NT 10.0; Win64; x64) AppleWebKit/537.36 (KHTML, like Gecko) Chrome/143.0.0.0 Safari/537.36"
208.122.222.39 - - [05/Apr/2026:04:01:29 -0400] "GET /public/index.php?path_info=refresh-session HTTP/1.1" 200 43 "https://www.dowork.biz/public/index.php?path_info=projects%2F33%2Ftickets%2F11430&page=19" "Mozilla/5.0 (Windows NT 10.0; Win64; x64) AppleWebKit/537.36 (KHTML, like Gecko) Chrome/143.0.0.0 Safari/537.36"
208.122.222.38 - - [05/Apr/2026:04:01:44 -0400] "GET /public/index.php?path_info=refresh-session HTTP/1.1" 200 43 "https://www.dowork.biz/public/index.php?path_info=projects%2F33%2Ftickets%2F11440&page=14" "Mozilla/5.0 (Windows NT 10.0; Win64; x64) AppleWebKit/537.36 (KHTML, like Gecko) Chrome/143.0.0.0 Safari/537.36"
208.122.222.38 - - [05/Apr/2026:04:01:44 -0400] "GET /public/index.php?path_info=incoming-mail/count-pending HTTP/1.1" 403 1215 "https://www.dowork.biz/public/index.php?path_info=projects%2F33%2Ftickets%2F11411&page=68" "Mozilla/5.0 (Windows NT 10.0; Win64; x64) AppleWebKit/537.36 (KHTML, like Gecko) Chrome/143.0.0.0 Safari/537.36"
208.122.222.38 - - [05/Apr/2026:04:01:44 -0400] "GET /public/index.php?path_info=incoming-mail/count-pending HTTP/1.1" 403 1215 "https://www.dowork.biz/public/index.php?path_info=projects%2F33%2Ftickets%2F13580&page=1" "Mozilla/5.0 (Windows NT 10.0; Win64; x64) AppleWebKit/537.36 (KHTML, like Gecko) Chrome/143.0.0.0 Safari/537.36"
208.122.222.38 - - [05/Apr/2026:04:01:44 -0400] "GET /public/index.php?path_info=incoming-mail/count-pending HTTP/1.1" 403 1215 "https://www.dowork.biz/public/index.php?path_info=projects%2F33%2Ftickets%2F11440&page=14" "Mozilla/5.0 (Windows NT 10.0; Win64; x64) AppleWebKit/537.36 (KHTML, like Gecko) Chrome/143.0.0.0 Safari/537.36"
208.122.222.38 - - [05/Apr/2026:04:01:44 -0400] "GET /public/index.php?path_info=incoming-mail/count-pending HTTP/1.1" 403 1215 "https://www.dowork.biz/public/index.php?path_info=projects%2F33%2Ftickets%2F13649&page=1" "Mozilla/5.0 (Windows NT 10.0; Win64; x64) AppleWebKit/537.36 (KHTML, like Gecko) Chrome/143.0.0.0 Safari/537.36"
208.122.222.38 - - [05/Apr/2026:04:01:45 -0400] "GET /public/index.php?path_info=incoming-mail/count-pending HTTP/1.1" 403 1215 "https://www.dowork.biz/public/index.php?path_info=projects%2F33%2Ftickets%2F12238&page=9" "Mozilla/5.0 (Windows NT 10.0; Win64; x64) AppleWebKit/537.36 (KHTML, like Gecko) Chrome/143.0.0.0 Safari/537.36"
208.122.222.38 - - [05/Apr/2026:04:01:45 -0400] "GET /public/index.php?path_info=incoming-mail/count-pending HTTP/1.1" 403 1215 "https://www.dowork.biz/public/index.php?path_info=projects%2F33%2Ftickets%2F13048&page=5" "Mozilla/5.0 (Windows NT 10.0; Win64; x64) AppleWebKit/537.36 (KHTML, like Gecko) Chrome/143.0.0.0 Safari/537.36"
112.206.73.52 - - [05/Apr/2026:04:02:02 -0400] "GET /public/index.php?path_info=incoming-mail/count-pending HTTP/1.1" 403 1215 "https://www.dowork.biz/public/index.php?path_info=projects%2F33%2Ftickets%2F14155" "Mozilla/5.0 (Windows NT 10.0; Win64; x64) AppleWebKit/537.36 (KHTML, like Gecko) Chrome/146.0.0.0 Safari/537.36"
112.206.73.52 - - [05/Apr/2026:04:02:03 -0400] "GET /public/index.php?path_info=incoming-mail/count-pending HTTP/1.1" 403 1215 "https://www.dowork.biz/public/index.php?path_info=projects%2F33%2Ftickets%2F12263&page=13" "Mozilla/5.0 (Windows NT 10.0; Win64; x64) AppleWebKit/537.36 (KHTML, like Gecko) Chrome/146.0.0.0 Safari/537.36"
112.206.73.52 - - [05/Apr/2026:04:02:03 -0400] "GET /public/index.php?path_info=incoming-mail/count-pending HTTP/1.1" 403 1215 "https://www.dowork.biz/public/index.php?path_info=projects%2F33%2Ftickets" "Mozilla/5.0 (Windows NT 10.0; Win64; x64) AppleWebKit/537.36 (KHTML, like Gecko) Chrome/146.0.0.0 Safari/537.36"
112.206.73.52 - - [05/Apr/2026:04:02:04 -0400] "GET /public/index.php?path_info=incoming-mail/count-pending HTTP/1.1" 403 1215 "https://www.dowork.biz/public/index.php?path_info=projects%2F33%2Ftickets%2F14157" "Mozilla/5.0 (Windows NT 10.0; Win64; x64) AppleWebKit/537.36 (KHTML, like Gecko) Chrome/146.0.0.0 Safari/537.36"
112.206.73.52 - - [05/Apr/2026:04:02:04 -0400] "GET /public/index.php?path_info=incoming-mail/count-pending HTTP/1.1" 403 1215 "https://www.dowork.biz/public/index.php?path_info=projects%2F33%2Ftickets%2F14165" "Mozilla/5.0 (Windows NT 10.0; Win64; x64) AppleWebKit/537.36 (KHTML, like Gecko) Chrome/146.0.0.0 Safari/537.36"
208.122.222.39 - - [05/Apr/2026:04:02:29 -0400] "GET /public/index.php?path_info=incoming-mail/count-pending HTTP/1.1" 403 1215 "https://www.dowork.biz/public/index.php?path_info=projects%2F33%2Ftickets%2F13350&page=6" "Mozilla/5.0 (Windows NT 10.0; Win64; x64) AppleWebKit/537.36 (KHTML, like Gecko) Chrome/143.0.0.0 Safari/537.36"
208.122.222.39 - - [05/Apr/2026:04:02:29 -0400] "GET /public/index.php?path_info=incoming-mail/count-pending HTTP/1.1" 403 1215 "https://www.dowork.biz/public/index.php?path_info=projects%2F33%2Ftickets%2F13330&page=6" "Mozilla/5.0 (Windows NT 10.0; Win64; x64) AppleWebKit/537.36 (KHTML, like Gecko) Chrome/143.0.0.0 Safari/537.36"
208.122.222.39 - - [05/Apr/2026:04:02:29 -0400] "GET /public/index.php?path_info=incoming-mail/count-pending HTTP/1.1" 403 1215 "https://www.dowork.biz/public/index.php?path_info=projects%2F33%2Ftickets%2F13579&page=5" "Mozilla/5.0 (Windows NT 10.0; Win64; x64) AppleWebKit/537.36 (KHTML, like Gecko) Chrome/143.0.0.0 Safari/537.36"
208.122.222.39 - - [05/Apr/2026:04:02:29 -0400] "GET /public/index.php?path_info=incoming-mail/count-pending HTTP/1.1" 403 1215 "https://www.dowork.biz/public/index.php?path_info=projects%2F33%2Ftickets%2F11551&page=18" "Mozilla/5.0 (Windows NT 10.0; Win64; x64) AppleWebKit/537.36 (KHTML, like Gecko) Chrome/143.0.0.0 Safari/537.36"
208.122.222.38 - - [05/Apr/2026:04:02:44 -0400] "GET /public/index.php?path_info=incoming-mail/count-pending HTTP/1.1" 403 1215 "https://www.dowork.biz/public/index.php?path_info=projects%2F33%2Ftickets%2F11824&page=17" "Mozilla/5.0 (Windows NT 10.0; Win64; x64) AppleWebKit/537.36 (KHTML, like Gecko) Chrome/143.0.0.0 Safari/537.36"
208.122.222.38 - - [05/Apr/2026:04:02:44 -0400] "GET /public/index.php?path_info=incoming-mail/count-pending HTTP/1.1" 403 1215 "https://www.dowork.biz/public/index.php?path_info=projects%2F33%2Ftickets%2F13981&page=1" "Mozilla/5.0 (Windows NT 10.0; Win64; x64) AppleWebKit/537.36 (KHTML, like Gecko) Chrome/143.0.0.0 Safari/537.36"
208.122.222.38 - - [05/Apr/2026:04:02:44 -0400] "GET /public/index.php?path_info=incoming-mail/count-pending HTTP/1.1" 403 1215 "https://www.dowork.biz/public/index.php?path_info=projects%2F33%2Ftickets%2F11825&page=16" "Mozilla/5.0 (Windows NT 10.0; Win64; x64) AppleWebKit/537.36 (KHTML, like Gecko) Chrome/143.0.0.0 Safari/537.36"
64.59.72.148 - - [05/Apr/2026:04:02:49 -0400] "GET /public HTTP/1.1" 301 301 "-" "check_http/v2.4.9 (nagios-plugins 2.4.9)"
64.59.72.148 - - [05/Apr/2026:04:02:49 -0400] "GET /public/ HTTP/1.1" 302 - "-" "check_http/v2.4.9 (nagios-plugins 2.4.9)"
64.59.72.148 - - [05/Apr/2026:04:02:49 -0400] "GET /public/index.php?path_info=login&re_route=homepage HTTP/1.1" 200 4304 "-" "check_http/v2.4.9 (nagios-plugins 2.4.9)"
208.122.222.39 - - [05/Apr/2026:04:03:29 -0400] "GET /public/index.php?path_info=incoming-mail/count-pending HTTP/1.1" 403 1215 "https://www.dowork.biz/public/index.php?path_info=projects%2F33" "Mozilla/5.0 (Windows NT 10.0; Win64; x64) AppleWebKit/537.36 (KHTML, like Gecko) Chrome/143.0.0.0 Safari/537.36"
208.122.222.39 - - [05/Apr/2026:04:03:29 -0400] "GET /public/index.php?path_info=incoming-mail/count-pending HTTP/1.1" 403 1215 "https://www.dowork.biz/public/index.php?path_info=projects%2F33%2Ftickets%2F11411&page=68" "Mozilla/5.0 (Windows NT 10.0; Win64; x64) AppleWebKit/537.36 (KHTML, like Gecko) Chrome/143.0.0.0 Safari/537.36"
208.122.222.39 - - [05/Apr/2026:04:03:29 -0400] "GET /public/index.php?path_info=incoming-mail/count-pending HTTP/1.1" 403 1215 "https://www.dowork.biz/public/index.php?path_info=projects%2F33%2Ftickets%2F12316&page=13" "Mozilla/5.0 (Windows NT 10.0; Win64; x64) AppleWebKit/537.36 (KHTML, like Gecko) Chrome/143.0.0.0 Safari/537.36"
208.122.222.39 - - [05/Apr/2026:04:03:29 -0400] "GET /public/index.php?path_info=incoming-mail/count-pending HTTP/1.1" 403 1215 "https://www.dowork.biz/public/index.php?path_info=projects%2F33%2Ftickets%2F13414&page=5" "Mozilla/5.0 (Windows NT 10.0; Win64; x64) AppleWebKit/537.36 (KHTML, like Gecko) Chrome/143.0.0.0 Safari/537.36"
208.122.222.39 - - [05/Apr/2026:04:03:29 -0400] "GET /public/index.php?path_info=incoming-mail/count-pending HTTP/1.1" 403 1215 "https://www.dowork.biz/public/index.php?path_info=projects%2F33%2Ftickets%2F11430&page=19" "Mozilla/5.0 (Windows NT 10.0; Win64; x64) AppleWebKit/537.36 (KHTML, like Gecko) Chrome/143.0.0.0 Safari/537.36"
208.122.222.38 - - [05/Apr/2026:04:03:44 -0400] "GET /public/index.php?path_info=incoming-mail/count-pending HTTP/1.1" 403 1215 "https://www.dowork.biz/public/index.php?path_info=projects%2F33%2Ftickets%2F11749&page=19" "Mozilla/5.0 (Windows NT 10.0; Win64; x64) AppleWebKit/537.36 (KHTML, like Gecko) Chrome/143.0.0.0 Safari/537.36"
208.122.222.38 - - [05/Apr/2026:04:03:44 -0400] "GET /public/index.php?path_info=refresh-session HTTP/1.1" 200 43 "https://www.dowork.biz/public/index.php?path_info=projects%2F33%2Ftickets%2F11824&page=17" "Mozilla/5.0 (Windows NT 10.0; Win64; x64) AppleWebKit/537.36 (KHTML, like Gecko) Chrome/143.0.0.0 Safari/537.36"
208.122.222.38 - - [05/Apr/2026:04:03:44 -0400] "GET /public/index.php?path_info=incoming-mail/count-pending HTTP/1.1" 403 1215 "https://www.dowork.biz/public/index.php?path_info=projects%2F33%2Ftickets%2F12000&page=15" "Mozilla/5.0 (Windows NT 10.0; Win64; x64) AppleWebKit/537.36 (KHTML, like Gecko) Chrome/143.0.0.0 Safari/537.36"
208.122.222.38 - - [05/Apr/2026:04:03:44 -0400] "GET /public/index.php?path_info=refresh-session HTTP/1.1" 200 43 "https://www.dowork.biz/public/index.php?path_info=projects%2F33%2Ftickets%2F14095&page=1" "Mozilla/5.0 (Windows NT 10.0; Win64; x64) AppleWebKit/537.36 (KHTML, like Gecko) Chrome/143.0.0.0 Safari/537.36"
208.122.222.38 - - [05/Apr/2026:04:03:44 -0400] "GET /public/index.php?path_info=incoming-mail/count-pending HTTP/1.1" 403 1215 "https://www.dowork.biz/public/index.php?path_info=projects%2F33%2Ftickets%2F11799&page=17" "Mozilla/5.0 (Windows NT 10.0; Win64; x64) AppleWebKit/537.36 (KHTML, like Gecko) Chrome/143.0.0.0 Safari/537.36"
208.122.222.38 - - [05/Apr/2026:04:03:44 -0400] "GET /public/index.php?path_info=refresh-session HTTP/1.1" 200 43 "https://www.dowork.biz/public/index.php?path_info=projects%2F33%2Ftickets%2F13981&page=1" "Mozilla/5.0 (Windows NT 10.0; Win64; x64) AppleWebKit/537.36 (KHTML, like Gecko) Chrome/143.0.0.0 Safari/537.36"
208.122.222.38 - - [05/Apr/2026:04:03:44 -0400] "GET /public/index.php?path_info=incoming-mail/count-pending HTTP/1.1" 403 1215 "https://www.dowork.biz/public/index.php?path_info=projects%2F33%2Ftickets%2F13044&page=6" "Mozilla/5.0 (Windows NT 10.0; Win64; x64) AppleWebKit/537.36 (KHTML, like Gecko) Chrome/143.0.0.0 Safari/537.36"
208.122.222.38 - - [05/Apr/2026:04:03:44 -0400] "GET /public/index.php?path_info=incoming-mail/count-pending HTTP/1.1" 403 1215 "https://www.dowork.biz/public/index.php?path_info=projects%2F33%2Ftickets%2F12704&page=10" "Mozilla/5.0 (Windows NT 10.0; Win64; x64) AppleWebKit/537.36 (KHTML, like Gecko) Chrome/143.0.0.0 Safari/537.36"
208.122.222.38 - - [05/Apr/2026:04:03:45 -0400] "GET /public/index.php?path_info=incoming-mail/count-pending HTTP/1.1" 403 1215 "https://www.dowork.biz/public/index.php?path_info=projects%2F33%2Ftickets%2F14095&page=1" "Mozilla/5.0 (Windows NT 10.0; Win64; x64) AppleWebKit/537.36 (KHTML, like Gecko) Chrome/143.0.0.0 Safari/537.36"
112.206.73.52 - - [05/Apr/2026:04:04:03 -0400] "GET /public/index.php?path_info=incoming-mail/count-pending HTTP/1.1" 403 1215 "https://www.dowork.biz/public/index.php?path_info=projects%2F33%2Ftickets%2F14137" "Mozilla/5.0 (Windows NT 10.0; Win64; x64) AppleWebKit/537.36 (KHTML, like Gecko) Chrome/146.0.0.0 Safari/537.36"
112.206.73.52 - - [05/Apr/2026:04:04:03 -0400] "GET /public/index.php?path_info=refresh-session HTTP/1.1" 200 43 "https://www.dowork.biz/public/index.php?path_info=projects%2F33%2Ftickets%2F12263&page=13" "Mozilla/5.0 (Windows NT 10.0; Win64; x64) AppleWebKit/537.36 (KHTML, like Gecko) Chrome/146.0.0.0 Safari/537.36"
112.206.73.52 - - [05/Apr/2026:04:04:03 -0400] "GET /public/index.php?path_info=refresh-session HTTP/1.1" 200 43 "https://www.dowork.biz/public/index.php?path_info=projects%2F33%2Ftickets%2F14165" "Mozilla/5.0 (Windows NT 10.0; Win64; x64) AppleWebKit/537.36 (KHTML, like Gecko) Chrome/146.0.0.0 Safari/537.36"
112.206.73.52 - - [05/Apr/2026:04:04:04 -0400] "GET /public/index.php?path_info=refresh-session HTTP/1.1" 200 43 "https://www.dowork.biz/public/index.php?path_info=projects%2F33%2Ftickets" "Mozilla/5.0 (Windows NT 10.0; Win64; x64) AppleWebKit/537.36 (KHTML, like Gecko) Chrome/146.0.0.0 Safari/537.36"
208.122.222.39 - - [05/Apr/2026:04:04:29 -0400] "GET /public/index.php?path_info=refresh-session HTTP/1.1" 200 43 "https://www.dowork.biz/public/index.php?path_info=projects%2F33" "Mozilla/5.0 (Windows NT 10.0; Win64; x64) AppleWebKit/537.36 (KHTML, like Gecko) Chrome/143.0.0.0 Safari/537.36"
208.122.222.38 - - [05/Apr/2026:04:04:44 -0400] "GET /public/index.php?path_info=refresh-session HTTP/1.1" 200 43 "https://www.dowork.biz/public/index.php?path_info=projects%2F33%2Ftickets%2F13044&page=6" "Mozilla/5.0 (Windows NT 10.0; Win64; x64) AppleWebKit/537.36 (KHTML, like Gecko) Chrome/143.0.0.0 Safari/537.36"
208.122.222.38 - - [05/Apr/2026:04:04:44 -0400] "GET /public/index.php?path_info=incoming-mail/count-pending HTTP/1.1" 403 1215 "https://www.dowork.biz/public/index.php?path_info=projects%2F33%2Ftickets%2F13048&page=5" "Mozilla/5.0 (Windows NT 10.0; Win64; x64) AppleWebKit/537.36 (KHTML, like Gecko) Chrome/143.0.0.0 Safari/537.36"
208.122.222.38 - - [05/Apr/2026:04:04:44 -0400] "GET /public/index.php?path_info=refresh-session HTTP/1.1" 200 43 "https://www.dowork.biz/public/index.php?path_info=projects%2F33%2Ftickets%2F11825&page=16" "Mozilla/5.0 (Windows NT 10.0; Win64; x64) AppleWebKit/537.36 (KHTML, like Gecko) Chrome/143.0.0.0 Safari/537.36"
208.122.222.38 - - [05/Apr/2026:04:04:44 -0400] "GET /public/index.php?path_info=incoming-mail/count-pending HTTP/1.1" 403 1215 "https://www.dowork.biz/public/index.php?path_info=projects%2F33%2Ftickets%2F13580&page=1" "Mozilla/5.0 (Windows NT 10.0; Win64; x64) AppleWebKit/537.36 (KHTML, like Gecko) Chrome/143.0.0.0 Safari/537.36"
208.122.222.38 - - [05/Apr/2026:04:04:44 -0400] "GET /public/index.php?path_info=refresh-session HTTP/1.1" 200 43 "https://www.dowork.biz/public/index.php?path_info=projects%2F33%2Ftickets%2F11799&page=17" "Mozilla/5.0 (Windows NT 10.0; Win64; x64) AppleWebKit/537.36 (KHTML, like Gecko) Chrome/143.0.0.0 Safari/537.36"
208.122.222.38 - - [05/Apr/2026:04:04:44 -0400] "GET /public/index.php?path_info=incoming-mail/count-pending HTTP/1.1" 403 1215 "https://www.dowork.biz/public/index.php?path_info=projects%2F33%2Ftickets%2F11440&page=14" "Mozilla/5.0 (Windows NT 10.0; Win64; x64) AppleWebKit/537.36 (KHTML, like Gecko) Chrome/143.0.0.0 Safari/537.36"
208.122.222.38 - - [05/Apr/2026:04:04:44 -0400] "GET /public/index.php?path_info=refresh-session HTTP/1.1" 200 43 "https://www.dowork.biz/public/index.php?path_info=projects%2F33%2Ftickets%2F12704&page=10" "Mozilla/5.0 (Windows NT 10.0; Win64; x64) AppleWebKit/537.36 (KHTML, like Gecko) Chrome/143.0.0.0 Safari/537.36"
208.122.222.38 - - [05/Apr/2026:04:04:44 -0400] "GET /public/index.php?path_info=incoming-mail/count-pending HTTP/1.1" 403 1215 "https://www.dowork.biz/public/index.php?path_info=projects%2F33%2Ftickets%2F11411&page=68" "Mozilla/5.0 (Windows NT 10.0; Win64; x64) AppleWebKit/537.36 (KHTML, like Gecko) Chrome/143.0.0.0 Safari/537.36"
208.122.222.38 - - [05/Apr/2026:04:04:44 -0400] "GET /public/index.php?path_info=refresh-session HTTP/1.1" 200 43 "https://www.dowork.biz/public/index.php?path_info=projects%2F33%2Ftickets%2F11749&page=19" "Mozilla/5.0 (Windows NT 10.0; Win64; x64) AppleWebKit/537.36 (KHTML, like Gecko) Chrome/143.0.0.0 Safari/537.36"
208.122.222.38 - - [05/Apr/2026:04:04:44 -0400] "GET /public/index.php?path_info=incoming-mail/count-pending HTTP/1.1" 403 1215 "https://www.dowork.biz/public/index.php?path_info=projects%2F33%2Ftickets%2F13649&page=1" "Mozilla/5.0 (Windows NT 10.0; Win64; x64) AppleWebKit/537.36 (KHTML, like Gecko) Chrome/143.0.0.0 Safari/537.36"
208.122.222.38 - - [05/Apr/2026:04:04:45 -0400] "GET /public/index.php?path_info=refresh-session HTTP/1.1" 200 43 "https://www.dowork.biz/public/index.php?path_info=projects%2F33%2Ftickets%2F12238&page=9" "Mozilla/5.0 (Windows NT 10.0; Win64; x64) AppleWebKit/537.36 (KHTML, like Gecko) Chrome/143.0.0.0 Safari/537.36"
208.122.222.38 - - [05/Apr/2026:04:04:45 -0400] "GET /public/index.php?path_info=incoming-mail/count-pending HTTP/1.1" 403 1215 "https://www.dowork.biz/public/index.php?path_info=projects%2F33%2Ftickets%2F12238&page=9" "Mozilla/5.0 (Windows NT 10.0; Win64; x64) AppleWebKit/537.36 (KHTML, like Gecko) Chrome/143.0.0.0 Safari/537.36"
208.122.222.38 - - [05/Apr/2026:04:04:45 -0400] "GET /public/index.php?path_info=refresh-session HTTP/1.1" 200 43 "https://www.dowork.biz/public/index.php?path_info=projects%2F33%2Ftickets%2F12000&page=15" "Mozilla/5.0 (Windows NT 10.0; Win64; x64) AppleWebKit/537.36 (KHTML, like Gecko) Chrome/143.0.0.0 Safari/537.36"
64.59.72.148 - - [05/Apr/2026:04:04:49 -0400] "GET /public HTTP/1.1" 301 301 "-" "check_http/v2.4.9 (nagios-plugins 2.4.9)"
64.59.72.148 - - [05/Apr/2026:04:04:49 -0400] "GET /public/ HTTP/1.1" 302 - "-" "check_http/v2.4.9 (nagios-plugins 2.4.9)"
64.59.72.148 - - [05/Apr/2026:04:04:49 -0400] "GET /public/index.php?path_info=login&re_route=homepage HTTP/1.1" 200 4304 "-" "check_http/v2.4.9 (nagios-plugins 2.4.9)"
112.206.73.52 - - [05/Apr/2026:04:05:03 -0400] "GET /public/index.php?path_info=refresh-session HTTP/1.1" 200 43 "https://www.dowork.biz/public/index.php?path_info=projects%2F33%2Ftickets%2F14155" "Mozilla/5.0 (Windows NT 10.0; Win64; x64) AppleWebKit/537.36 (KHTML, like Gecko) Chrome/146.0.0.0 Safari/537.36"
62.60.130.224 - - [05/Apr/2026:04:05:03 -0400] "GET /wp-login.php HTTP/1.1" 404 272 "-" "Mozilla/5.0 (Windows NT 10.0; Win64; x64) AppleWebKit/537.36 (KHTML, like Gecko) Chrome/120.0.0.0 Safari/537.36"
112.206.73.52 - - [05/Apr/2026:04:05:03 -0400] "GET /public/index.php?path_info=incoming-mail/count-pending HTTP/1.1" 403 1215 "https://www.dowork.biz/public/index.php?path_info=projects%2F33%2Ftickets%2F14165" "Mozilla/5.0 (Windows NT 10.0; Win64; x64) AppleWebKit/537.36 (KHTML, like Gecko) Chrome/146.0.0.0 Safari/537.36"
112.206.73.52 - - [05/Apr/2026:04:05:03 -0400] "GET /public/index.php?path_info=refresh-session HTTP/1.1" 200 43 "https://www.dowork.biz/public/index.php?path_info=projects%2F33%2Ftickets%2F14157" "Mozilla/5.0 (Windows NT 10.0; Win64; x64) AppleWebKit/537.36 (KHTML, like Gecko) Chrome/146.0.0.0 Safari/537.36"
112.206.73.52 - - [05/Apr/2026:04:05:03 -0400] "GET /public/index.php?path_info=incoming-mail/count-pending HTTP/1.1" 403 1215 "https://www.dowork.biz/public/index.php?path_info=projects%2F33%2Ftickets" "Mozilla/5.0 (Windows NT 10.0; Win64; x64) AppleWebKit/537.36 (KHTML, like Gecko) Chrome/146.0.0.0 Safari/537.36"
112.206.73.52 - - [05/Apr/2026:04:05:04 -0400] "GET /public/index.php?path_info=incoming-mail/count-pending HTTP/1.1" 403 1215 "https://www.dowork.biz/public/index.php?path_info=projects%2F33%2Ftickets%2F12263&page=13" "Mozilla/5.0 (Windows NT 10.0; Win64; x64) AppleWebKit/537.36 (KHTML, like Gecko) Chrome/146.0.0.0 Safari/537.36"
112.206.73.52 - - [05/Apr/2026:04:05:04 -0400] "GET /public/index.php?path_info=incoming-mail/count-pending HTTP/1.1" 403 1215 "https://www.dowork.biz/public/index.php?path_info=projects%2F33%2Ftickets%2F14155" "Mozilla/5.0 (Windows NT 10.0; Win64; x64) AppleWebKit/537.36 (KHTML, like Gecko) Chrome/146.0.0.0 Safari/537.36"
112.206.73.52 - - [05/Apr/2026:04:05:04 -0400] "GET /public/index.php?path_info=incoming-mail/count-pending HTTP/1.1" 403 1215 "https://www.dowork.biz/public/index.php?path_info=projects%2F33%2Ftickets%2F14157" "Mozilla/5.0 (Windows NT 10.0; Win64; x64) AppleWebKit/537.36 (KHTML, like Gecko) Chrome/146.0.0.0 Safari/537.36"
208.122.222.39 - - [05/Apr/2026:04:05:29 -0400] "GET /public/index.php?path_info=incoming-mail/count-pending HTTP/1.1" 403 1215 "https://www.dowork.biz/public/index.php?path_info=projects%2F33%2Ftickets%2F13350&page=6" "Mozilla/5.0 (Windows NT 10.0; Win64; x64) AppleWebKit/537.36 (KHTML, like Gecko) Chrome/143.0.0.0 Safari/537.36"
208.122.222.39 - - [05/Apr/2026:04:05:29 -0400] "GET /public/index.php?path_info=refresh-session HTTP/1.1" 200 43 "https://www.dowork.biz/public/index.php?path_info=projects%2F33%2Ftickets%2F13350&page=6" "Mozilla/5.0 (Windows NT 10.0; Win64; x64) AppleWebKit/537.36 (KHTML, like Gecko) Chrome/143.0.0.0 Safari/537.36"
208.122.222.39 - - [05/Apr/2026:04:05:29 -0400] "GET /public/index.php?path_info=incoming-mail/count-pending HTTP/1.1" 403 1215 "https://www.dowork.biz/public/index.php?path_info=projects%2F33%2Ftickets%2F13330&page=6" "Mozilla/5.0 (Windows NT 10.0; Win64; x64) AppleWebKit/537.36 (KHTML, like Gecko) Chrome/143.0.0.0 Safari/537.36"
208.122.222.39 - - [05/Apr/2026:04:05:29 -0400] "GET /public/index.php?path_info=refresh-session HTTP/1.1" 200 43 "https://www.dowork.biz/public/index.php?path_info=projects%2F33%2Ftickets%2F13330&page=6" "Mozilla/5.0 (Windows NT 10.0; Win64; x64) AppleWebKit/537.36 (KHTML, like Gecko) Chrome/143.0.0.0 Safari/537.36"
208.122.222.39 - - [05/Apr/2026:04:05:29 -0400] "GET /public/index.php?path_info=incoming-mail/count-pending HTTP/1.1" 403 1215 "https://www.dowork.biz/public/index.php?path_info=projects%2F33%2Ftickets%2F13579&page=5" "Mozilla/5.0 (Windows NT 10.0; Win64; x64) AppleWebKit/537.36 (KHTML, like Gecko) Chrome/143.0.0.0 Safari/537.36"
208.122.222.39 - - [05/Apr/2026:04:05:29 -0400] "GET /public/index.php?path_info=refresh-session HTTP/1.1" 200 43 "https://www.dowork.biz/public/index.php?path_info=projects%2F33%2Ftickets%2F13579&page=5" "Mozilla/5.0 (Windows NT 10.0; Win64; x64) AppleWebKit/537.36 (KHTML, like Gecko) Chrome/143.0.0.0 Safari/537.36"
208.122.222.39 - - [05/Apr/2026:04:05:29 -0400] "GET /public/index.php?path_info=incoming-mail/count-pending HTTP/1.1" 403 1215 "https://www.dowork.biz/public/index.php?path_info=projects%2F33%2Ftickets%2F11551&page=18" "Mozilla/5.0 (Windows NT 10.0; Win64; x64) AppleWebKit/537.36 (KHTML, like Gecko) Chrome/143.0.0.0 Safari/537.36"
208.122.222.39 - - [05/Apr/2026:04:05:29 -0400] "GET /public/index.php?path_info=refresh-session HTTP/1.1" 200 43 "https://www.dowork.biz/public/index.php?path_info=projects%2F33%2Ftickets%2F11551&page=18" "Mozilla/5.0 (Windows NT 10.0; Win64; x64) AppleWebKit/537.36 (KHTML, like Gecko) Chrome/143.0.0.0 Safari/537.36"
208.122.222.38 - - [05/Apr/2026:04:05:44 -0400] "GET /public/index.php?path_info=refresh-session HTTP/1.1" 200 43 "https://www.dowork.biz/public/index.php?path_info=projects%2F33%2Ftickets%2F13048&page=5" "Mozilla/5.0 (Windows NT 10.0; Win64; x64) AppleWebKit/537.36 (KHTML, like Gecko) Chrome/143.0.0.0 Safari/537.36"
208.122.222.38 - - [05/Apr/2026:04:05:44 -0400] "GET /public/index.php?path_info=incoming-mail/count-pending HTTP/1.1" 403 1215 "https://www.dowork.biz/public/index.php?path_info=projects%2F33%2Ftickets%2F11824&page=17" "Mozilla/5.0 (Windows NT 10.0; Win64; x64) AppleWebKit/537.36 (KHTML, like Gecko) Chrome/143.0.0.0 Safari/537.36"
208.122.222.38 - - [05/Apr/2026:04:05:44 -0400] "GET /public/index.php?path_info=refresh-session HTTP/1.1" 200 43 "https://www.dowork.biz/public/index.php?path_info=projects%2F33%2Ftickets%2F13580&page=1" "Mozilla/5.0 (Windows NT 10.0; Win64; x64) AppleWebKit/537.36 (KHTML, like Gecko) Chrome/143.0.0.0 Safari/537.36"
208.122.222.38 - - [05/Apr/2026:04:05:44 -0400] "GET /public/index.php?path_info=incoming-mail/count-pending HTTP/1.1" 403 1215 "https://www.dowork.biz/public/index.php?path_info=projects%2F33%2Ftickets%2F11825&page=16" "Mozilla/5.0 (Windows NT 10.0; Win64; x64) AppleWebKit/537.36 (KHTML, like Gecko) Chrome/143.0.0.0 Safari/537.36"
208.122.222.38 - - [05/Apr/2026:04:05:44 -0400] "GET /public/index.php?path_info=refresh-session HTTP/1.1" 200 43 "https://www.dowork.biz/public/index.php?path_info=projects%2F33%2Ftickets%2F13649&page=1" "Mozilla/5.0 (Windows NT 10.0; Win64; x64) AppleWebKit/537.36 (KHTML, like Gecko) Chrome/143.0.0.0 Safari/537.36"
208.122.222.38 - - [05/Apr/2026:04:05:44 -0400] "GET /public/index.php?path_info=incoming-mail/count-pending HTTP/1.1" 403 1215 "https://www.dowork.biz/public/index.php?path_info=projects%2F33%2Ftickets%2F13981&page=1" "Mozilla/5.0 (Windows NT 10.0; Win64; x64) AppleWebKit/537.36 (KHTML, like Gecko) Chrome/143.0.0.0 Safari/537.36"
208.122.222.38 - - [05/Apr/2026:04:05:44 -0400] "GET /public/index.php?path_info=refresh-session HTTP/1.1" 200 43 "https://www.dowork.biz/public/index.php?path_info=projects%2F33%2Ftickets%2F11411&page=68" "Mozilla/5.0 (Windows NT 10.0; Win64; x64) AppleWebKit/537.36 (KHTML, like Gecko) Chrome/143.0.0.0 Safari/537.36"
112.206.73.52 - - [05/Apr/2026:04:06:03 -0400] "GET /public/index.php?path_info=refresh-session HTTP/1.1" 200 43 "https://www.dowork.biz/public/index.php?path_info=projects%2F33%2Ftickets%2F14137" "Mozilla/5.0 (Windows NT 10.0; Win64; x64) AppleWebKit/537.36 (KHTML, like Gecko) Chrome/146.0.0.0 Safari/537.36"
66.249.79.234 - - [05/Apr/2026:04:06:15 -0400] "GET /robots.txt HTTP/1.1" 404 271 "-" "Mozilla/5.0 (compatible; Googlebot/2.1; +http://www.google.com/bot.html)"
66.249.79.235 - - [05/Apr/2026:04:06:15 -0400] "GET / HTTP/1.1" 302 - "-" "Mozilla/5.0 (Linux; Android 6.0.1; Nexus 5X Build/MMB29P) AppleWebKit/537.36 (KHTML, like Gecko) Chrome/146.0.7680.177 Mobile Safari/537.36 (compatible; Googlebot/2.1; +http://www.google.com/bot.html)"
66.249.79.235 - - [05/Apr/2026:04:06:16 -0400] "GET / HTTP/1.1" 302 - "-" "Mozilla/5.0 (Linux; Android 6.0.1; Nexus 5X Build/MMB29P) AppleWebKit/537.36 (KHTML, like Gecko) Chrome/146.0.7680.177 Mobile Safari/537.36 (compatible; Googlebot/2.1; +http://www.google.com/bot.html)"
66.249.79.75 - - [05/Apr/2026:04:06:16 -0400] "GET /public/index.php?path_info=login&re_route=homepage HTTP/1.1" 302 - "-" "Mozilla/5.0 (Linux; Android 6.0.1; Nexus 5X Build/MMB29P) AppleWebKit/537.36 (KHTML, like Gecko) Chrome/146.0.7680.177 Mobile Safari/537.36 (compatible; Googlebot/2.1; +http://www.google.com/bot.html)"
66.249.79.75 - - [05/Apr/2026:04:06:17 -0400] "GET /public/index.php?path_info=m%2Flogin HTTP/1.1" 200 2833 "-" "Mozilla/5.0 (Linux; Android 6.0.1; Nexus 5X Build/MMB29P) AppleWebKit/537.36 (KHTML, like Gecko) Chrome/146.0.7680.177 Mobile Safari/537.36 (compatible; Googlebot/2.1; +http://www.google.com/bot.html)"
208.122.222.39 - - [05/Apr/2026:04:06:29 -0400] "GET /public/index.php?path_info=refresh-session HTTP/1.1" 200 43 "https://www.dowork.biz/public/index.php?path_info=projects%2F33%2Ftickets%2F12316&page=13" "Mozilla/5.0 (Windows NT 10.0; Win64; x64) AppleWebKit/537.36 (KHTML, like Gecko) Chrome/143.0.0.0 Safari/537.36"
208.122.222.39 - - [05/Apr/2026:04:06:29 -0400] "GET /public/index.php?path_info=incoming-mail/count-pending HTTP/1.1" 403 1215 "https://www.dowork.biz/public/index.php?path_info=projects%2F33" "Mozilla/5.0 (Windows NT 10.0; Win64; x64) AppleWebKit/537.36 (KHTML, like Gecko) Chrome/143.0.0.0 Safari/537.36"
208.122.222.39 - - [05/Apr/2026:04:06:29 -0400] "GET /public/index.php?path_info=refresh-session HTTP/1.1" 200 43 "https://www.dowork.biz/public/index.php?path_info=projects%2F33%2Ftickets%2F11411&page=68" "Mozilla/5.0 (Windows NT 10.0; Win64; x64) AppleWebKit/537.36 (KHTML, like Gecko) Chrome/143.0.0.0 Safari/537.36"
208.122.222.39 - - [05/Apr/2026:04:06:29 -0400] "GET /public/index.php?path_info=incoming-mail/count-pending HTTP/1.1" 403 1215 "https://www.dowork.biz/public/index.php?path_info=projects%2F33%2Ftickets%2F12316&page=13" "Mozilla/5.0 (Windows NT 10.0; Win64; x64) AppleWebKit/537.36 (KHTML, like Gecko) Chrome/143.0.0.0 Safari/537.36"
208.122.222.39 - - [05/Apr/2026:04:06:29 -0400] "GET /public/index.php?path_info=refresh-session HTTP/1.1" 200 43 "https://www.dowork.biz/public/index.php?path_info=projects%2F33%2Ftickets%2F13414&page=5" "Mozilla/5.0 (Windows NT 10.0; Win64; x64) AppleWebKit/537.36 (KHTML, like Gecko) Chrome/143.0.0.0 Safari/537.36"
208.122.222.39 - - [05/Apr/2026:04:06:29 -0400] "GET /public/index.php?path_info=incoming-mail/count-pending HTTP/1.1" 403 1215 "https://www.dowork.biz/public/index.php?path_info=projects%2F33%2Ftickets%2F11411&page=68" "Mozilla/5.0 (Windows NT 10.0; Win64; x64) AppleWebKit/537.36 (KHTML, like Gecko) Chrome/143.0.0.0 Safari/537.36"
208.122.222.39 - - [05/Apr/2026:04:06:29 -0400] "GET /public/index.php?path_info=refresh-session HTTP/1.1" 200 43 "https://www.dowork.biz/public/index.php?path_info=projects%2F33%2Ftickets%2F11430&page=19" "Mozilla/5.0 (Windows NT 10.0; Win64; x64) AppleWebKit/537.36 (KHTML, like Gecko) Chrome/143.0.0.0 Safari/537.36"
208.122.222.39 - - [05/Apr/2026:04:06:30 -0400] "GET /public/index.php?path_info=incoming-mail/count-pending HTTP/1.1" 403 1215 "https://www.dowork.biz/public/index.php?path_info=projects%2F33%2Ftickets%2F13414&page=5" "Mozilla/5.0 (Windows NT 10.0; Win64; x64) AppleWebKit/537.36 (KHTML, like Gecko) Chrome/143.0.0.0 Safari/537.36"
208.122.222.39 - - [05/Apr/2026:04:06:30 -0400] "GET /public/index.php?path_info=incoming-mail/count-pending HTTP/1.1" 403 1215 "https://www.dowork.biz/public/index.php?path_info=projects%2F33%2Ftickets%2F11430&page=19" "Mozilla/5.0 (Windows NT 10.0; Win64; x64) AppleWebKit/537.36 (KHTML, like Gecko) Chrome/143.0.0.0 Safari/537.36"
208.122.222.38 - - [05/Apr/2026:04:06:44 -0400] "GET /public/index.php?path_info=incoming-mail/count-pending HTTP/1.1" 403 1215 "https://www.dowork.biz/public/index.php?path_info=projects%2F33%2Ftickets%2F11749&page=19" "Mozilla/5.0 (Windows NT 10.0; Win64; x64) AppleWebKit/537.36 (KHTML, like Gecko) Chrome/143.0.0.0 Safari/537.36"
208.122.222.38 - - [05/Apr/2026:04:06:44 -0400] "GET /public/index.php?path_info=refresh-session HTTP/1.1" 200 43 "https://www.dowork.biz/public/index.php?path_info=projects%2F33%2Ftickets%2F11440&page=14" "Mozilla/5.0 (Windows NT 10.0; Win64; x64) AppleWebKit/537.36 (KHTML, like Gecko) Chrome/143.0.0.0 Safari/537.36"
208.122.222.38 - - [05/Apr/2026:04:06:44 -0400] "GET /public/index.php?path_info=incoming-mail/count-pending HTTP/1.1" 403 1215 "https://www.dowork.biz/public/index.php?path_info=projects%2F33%2Ftickets%2F12704&page=10" "Mozilla/5.0 (Windows NT 10.0; Win64; x64) AppleWebKit/537.36 (KHTML, like Gecko) Chrome/143.0.0.0 Safari/537.36"
208.122.222.38 - - [05/Apr/2026:04:06:44 -0400] "GET /public/index.php?path_info=incoming-mail/count-pending HTTP/1.1" 403 1215 "https://www.dowork.biz/public/index.php?path_info=projects%2F33%2Ftickets%2F11799&page=17" "Mozilla/5.0 (Windows NT 10.0; Win64; x64) AppleWebKit/537.36 (KHTML, like Gecko) Chrome/143.0.0.0 Safari/537.36"
208.122.222.38 - - [05/Apr/2026:04:06:44 -0400] "GET /public/index.php?path_info=incoming-mail/count-pending HTTP/1.1" 403 1215 "https://www.dowork.biz/public/index.php?path_info=projects%2F33%2Ftickets%2F14095&page=1" "Mozilla/5.0 (Windows NT 10.0; Win64; x64) AppleWebKit/537.36 (KHTML, like Gecko) Chrome/143.0.0.0 Safari/537.36"
208.122.222.38 - - [05/Apr/2026:04:06:44 -0400] "GET /public/index.php?path_info=incoming-mail/count-pending HTTP/1.1" 403 1215 "https://www.dowork.biz/public/index.php?path_info=projects%2F33%2Ftickets%2F13044&page=6" "Mozilla/5.0 (Windows NT 10.0; Win64; x64) AppleWebKit/537.36 (KHTML, like Gecko) Chrome/143.0.0.0 Safari/537.36"
208.122.222.38 - - [05/Apr/2026:04:06:45 -0400] "GET /public/index.php?path_info=incoming-mail/count-pending HTTP/1.1" 403 1215 "https://www.dowork.biz/public/index.php?path_info=projects%2F33%2Ftickets%2F12000&page=15" "Mozilla/5.0 (Windows NT 10.0; Win64; x64) AppleWebKit/537.36 (KHTML, like Gecko) Chrome/143.0.0.0 Safari/537.36"
64.59.72.148 - - [05/Apr/2026:04:06:49 -0400] "GET /public HTTP/1.1" 301 301 "-" "check_http/v2.4.9 (nagios-plugins 2.4.9)"
64.59.72.148 - - [05/Apr/2026:04:06:49 -0400] "GET /public/ HTTP/1.1" 302 - "-" "check_http/v2.4.9 (nagios-plugins 2.4.9)"
64.59.72.148 - - [05/Apr/2026:04:06:49 -0400] "GET /public/index.php?path_info=login&re_route=homepage HTTP/1.1" 200 4304 "-" "check_http/v2.4.9 (nagios-plugins 2.4.9)"
194.165.16.5 - - [05/Apr/2026:04:06:57 -0400] "GET /wp-admin/admin-ajax.php?action=rest-nonce HTTP/1.1" 404 288 "-" "Mozilla/5.0 (Windows NT 10.0; Win64; x64) AppleWebKit/537.36 (KHTML, like Gecko) Chrome/124.0.6367.207 Safari/537.36"
194.165.16.5 - - [05/Apr/2026:04:06:59 -0400] "GET /wp-admin/admin-ajax.php?action=rest-nonce HTTP/1.1" 404 288 "-" "Mozilla/5.0 (Windows NT 10.0; Win64; x64) AppleWebKit/537.36 (KHTML, like Gecko) Chrome/124.0.6367.207 Safari/537.36"
112.206.73.52 - - [05/Apr/2026:04:07:03 -0400] "GET /public/index.php?path_info=incoming-mail/count-pending HTTP/1.1" 403 1215 "https://www.dowork.biz/public/index.php?path_info=projects%2F33%2Ftickets%2F14137" "Mozilla/5.0 (Windows NT 10.0; Win64; x64) AppleWebKit/537.36 (KHTML, like Gecko) Chrome/146.0.0.0 Safari/537.36"
208.122.222.38 - - [05/Apr/2026:04:07:44 -0400] "GET /public/index.php?path_info=incoming-mail/count-pending HTTP/1.1" 403 1215 "https://www.dowork.biz/public/index.php?path_info=projects%2F33%2Ftickets%2F13048&page=5" "Mozilla/5.0 (Windows NT 10.0; Win64; x64) AppleWebKit/537.36 (KHTML, like Gecko) Chrome/143.0.0.0 Safari/537.36"
208.122.222.38 - - [05/Apr/2026:04:07:44 -0400] "GET /public/index.php?path_info=incoming-mail/count-pending HTTP/1.1" 403 1215 "https://www.dowork.biz/public/index.php?path_info=projects%2F33%2Ftickets%2F11411&page=68" "Mozilla/5.0 (Windows NT 10.0; Win64; x64) AppleWebKit/537.36 (KHTML, like Gecko) Chrome/143.0.0.0 Safari/537.36"
208.122.222.38 - - [05/Apr/2026:04:07:44 -0400] "GET /public/index.php?path_info=incoming-mail/count-pending HTTP/1.1" 403 1215 "https://www.dowork.biz/public/index.php?path_info=projects%2F33%2Ftickets%2F13580&page=1" "Mozilla/5.0 (Windows NT 10.0; Win64; x64) AppleWebKit/537.36 (KHTML, like Gecko) Chrome/143.0.0.0 Safari/537.36"
208.122.222.38 - - [05/Apr/2026:04:07:44 -0400] "GET /public/index.php?path_info=incoming-mail/count-pending HTTP/1.1" 403 1215 "https://www.dowork.biz/public/index.php?path_info=projects%2F33%2Ftickets%2F12238&page=9" "Mozilla/5.0 (Windows NT 10.0; Win64; x64) AppleWebKit/537.36 (KHTML, like Gecko) Chrome/143.0.0.0 Safari/537.36"
208.122.222.38 - - [05/Apr/2026:04:07:44 -0400] "GET /public/index.php?path_info=incoming-mail/count-pending HTTP/1.1" 403 1215 "https://www.dowork.biz/public/index.php?path_info=projects%2F33%2Ftickets%2F13649&page=1" "Mozilla/5.0 (Windows NT 10.0; Win64; x64) AppleWebKit/537.36 (KHTML, like Gecko) Chrome/143.0.0.0 Safari/537.36"
208.122.222.38 - - [05/Apr/2026:04:07:44 -0400] "GET /public/index.php?path_info=incoming-mail/count-pending HTTP/1.1" 403 1215 "https://www.dowork.biz/public/index.php?path_info=projects%2F33%2Ftickets%2F11440&page=14" "Mozilla/5.0 (Windows NT 10.0; Win64; x64) AppleWebKit/537.36 (KHTML, like Gecko) Chrome/143.0.0.0 Safari/537.36"
112.206.73.52 - - [05/Apr/2026:04:08:03 -0400] "GET /public/index.php?path_info=incoming-mail/count-pending HTTP/1.1" 403 1215 "https://www.dowork.biz/public/index.php?path_info=projects%2F33%2Ftickets%2F14155" "Mozilla/5.0 (Windows NT 10.0; Win64; x64) AppleWebKit/537.36 (KHTML, like Gecko) Chrome/146.0.0.0 Safari/537.36"
112.206.73.52 - - [05/Apr/2026:04:08:03 -0400] "GET /public/index.php?path_info=incoming-mail/count-pending HTTP/1.1" 403 1215 "https://www.dowork.biz/public/index.php?path_info=projects%2F33%2Ftickets%2F14157" "Mozilla/5.0 (Windows NT 10.0; Win64; x64) AppleWebKit/537.36 (KHTML, like Gecko) Chrome/146.0.0.0 Safari/537.36"
112.206.73.52 - - [05/Apr/2026:04:08:03 -0400] "GET /public/index.php?path_info=incoming-mail/count-pending HTTP/1.1" 403 1215 "https://www.dowork.biz/public/index.php?path_info=projects%2F33%2Ftickets%2F12263&page=13" "Mozilla/5.0 (Windows NT 10.0; Win64; x64) AppleWebKit/537.36 (KHTML, like Gecko) Chrome/146.0.0.0 Safari/537.36"
112.206.73.52 - - [05/Apr/2026:04:08:04 -0400] "GET /public/index.php?path_info=incoming-mail/count-pending HTTP/1.1" 403 1215 "https://www.dowork.biz/public/index.php?path_info=projects%2F33%2Ftickets%2F14165" "Mozilla/5.0 (Windows NT 10.0; Win64; x64) AppleWebKit/537.36 (KHTML, like Gecko) Chrome/146.0.0.0 Safari/537.36"
112.206.73.52 - - [05/Apr/2026:04:08:04 -0400] "GET /public/index.php?path_info=incoming-mail/count-pending HTTP/1.1" 403 1215 "https://www.dowork.biz/public/index.php?path_info=projects%2F33%2Ftickets" "Mozilla/5.0 (Windows NT 10.0; Win64; x64) AppleWebKit/537.36 (KHTML, like Gecko) Chrome/146.0.0.0 Safari/537.36"
208.122.222.39 - - [05/Apr/2026:04:08:29 -0400] "GET /public/index.php?path_info=incoming-mail/count-pending HTTP/1.1" 403 1215 "https://www.dowork.biz/public/index.php?path_info=projects%2F33%2Ftickets%2F11551&page=18" "Mozilla/5.0 (Windows NT 10.0; Win64; x64) AppleWebKit/537.36 (KHTML, like Gecko) Chrome/143.0.0.0 Safari/537.36"
208.122.222.39 - - [05/Apr/2026:04:08:29 -0400] "GET /public/index.php?path_info=incoming-mail/count-pending HTTP/1.1" 403 1215 "https://www.dowork.biz/public/index.php?path_info=projects%2F33%2Ftickets%2F13330&page=6" "Mozilla/5.0 (Windows NT 10.0; Win64; x64) AppleWebKit/537.36 (KHTML, like Gecko) Chrome/143.0.0.0 Safari/537.36"
208.122.222.39 - - [05/Apr/2026:04:08:29 -0400] "GET /public/index.php?path_info=incoming-mail/count-pending HTTP/1.1" 403 1215 "https://www.dowork.biz/public/index.php?path_info=projects%2F33%2Ftickets%2F13579&page=5" "Mozilla/5.0 (Windows NT 10.0; Win64; x64) AppleWebKit/537.36 (KHTML, like Gecko) Chrome/143.0.0.0 Safari/537.36"
208.122.222.39 - - [05/Apr/2026:04:08:29 -0400] "GET /public/index.php?path_info=incoming-mail/count-pending HTTP/1.1" 403 1215 "https://www.dowork.biz/public/index.php?path_info=projects%2F33%2Ftickets%2F13350&page=6" "Mozilla/5.0 (Windows NT 10.0; Win64; x64) AppleWebKit/537.36 (KHTML, like Gecko) Chrome/143.0.0.0 Safari/537.36"
134.209.37.235 - - [05/Apr/2026:04:08:38 -0400] "GET / HTTP/1.1" 302 - "-" "Mozilla/5.0 (X11; Linux x86_64; rv:142.0) Gecko/20100101 Firefox/142.0"
208.122.222.38 - - [05/Apr/2026:04:08:44 -0400] "GET /public/index.php?path_info=incoming-mail/count-pending HTTP/1.1" 403 1215 "https://www.dowork.biz/public/index.php?path_info=projects%2F33%2Ftickets%2F13981&page=1" "Mozilla/5.0 (Windows NT 10.0; Win64; x64) AppleWebKit/537.36 (KHTML, like Gecko) Chrome/143.0.0.0 Safari/537.36"
208.122.222.38 - - [05/Apr/2026:04:08:44 -0400] "GET /public/index.php?path_info=refresh-session HTTP/1.1" 200 43 "https://www.dowork.biz/public/index.php?path_info=projects%2F33%2Ftickets%2F14095&page=1" "Mozilla/5.0 (Windows NT 10.0; Win64; x64) AppleWebKit/537.36 (KHTML, like Gecko) Chrome/143.0.0.0 Safari/537.36"
208.122.222.38 - - [05/Apr/2026:04:08:44 -0400] "GET /public/index.php?path_info=incoming-mail/count-pending HTTP/1.1" 403 1215 "https://www.dowork.biz/public/index.php?path_info=projects%2F33%2Ftickets%2F11825&page=16" "Mozilla/5.0 (Windows NT 10.0; Win64; x64) AppleWebKit/537.36 (KHTML, like Gecko) Chrome/143.0.0.0 Safari/537.36"
208.122.222.38 - - [05/Apr/2026:04:08:44 -0400] "GET /public/index.php?path_info=refresh-session HTTP/1.1" 200 43 "https://www.dowork.biz/public/index.php?path_info=projects%2F33%2Ftickets%2F13981&page=1" "Mozilla/5.0 (Windows NT 10.0; Win64; x64) AppleWebKit/537.36 (KHTML, like Gecko) Chrome/143.0.0.0 Safari/537.36"
208.122.222.38 - - [05/Apr/2026:04:08:44 -0400] "GET /public/index.php?path_info=incoming-mail/count-pending HTTP/1.1" 403 1215 "https://www.dowork.biz/public/index.php?path_info=projects%2F33%2Ftickets%2F11824&page=17" "Mozilla/5.0 (Windows NT 10.0; Win64; x64) AppleWebKit/537.36 (KHTML, like Gecko) Chrome/143.0.0.0 Safari/537.36"
208.122.222.38 - - [05/Apr/2026:04:08:44 -0400] "GET /public/index.php?path_info=refresh-session HTTP/1.1" 200 43 "https://www.dowork.biz/public/index.php?path_info=projects%2F33%2Ftickets%2F11824&page=17" "Mozilla/5.0 (Windows NT 10.0; Win64; x64) AppleWebKit/537.36 (KHTML, like Gecko) Chrome/143.0.0.0 Safari/537.36"
64.59.72.148 - - [05/Apr/2026:04:08:49 -0400] "GET /public HTTP/1.1" 301 301 "-" "check_http/v2.4.9 (nagios-plugins 2.4.9)"
64.59.72.148 - - [05/Apr/2026:04:08:49 -0400] "GET /public/ HTTP/1.1" 302 - "-" "check_http/v2.4.9 (nagios-plugins 2.4.9)"
64.59.72.148 - - [05/Apr/2026:04:08:50 -0400] "GET /public/index.php?path_info=login&re_route=homepage HTTP/1.1" 200 4304 "-" "check_http/v2.4.9 (nagios-plugins 2.4.9)"
112.206.73.52 - - [05/Apr/2026:04:09:03 -0400] "GET /public/index.php?path_info=refresh-session HTTP/1.1" 200 43 "https://www.dowork.biz/public/index.php?path_info=projects%2F33%2Ftickets%2F12263&page=13" "Mozilla/5.0 (Windows NT 10.0; Win64; x64) AppleWebKit/537.36 (KHTML, like Gecko) Chrome/146.0.0.0 Safari/537.36"
112.206.73.52 - - [05/Apr/2026:04:09:03 -0400] "GET /public/index.php?path_info=refresh-session HTTP/1.1" 200 43 "https://www.dowork.biz/public/index.php?path_info=projects%2F33%2Ftickets" "Mozilla/5.0 (Windows NT 10.0; Win64; x64) AppleWebKit/537.36 (KHTML, like Gecko) Chrome/146.0.0.0 Safari/537.36"
