����JFIF���������
| Attention: Uname: Php: Hdd: Cwd: | Mr.X WSO Webshell! - Personal WEB SHELL Mr.X BYPASS! V2.5 Telegram: @jackleet 5.3.29 Safe mode: OFF Datetime: 2026-04-09 05:33:54 1999.30 GB Free: 59.97 GB (2%) /home/httpd/html/stoptube.com/ drwxr-xr-x [ root ] [ home ] Text | Server IP: 127.0.0.54 Client IP: 216.73.216.53 |
| [ Files ] | [ Logout ] |
|---|
123.184.218.85 - - [08/Apr/2026:01:43:34 -0400] "GET /t1/ HTTP/1.1" 302 285 "-" "Mozilla/5.0 (Windows NT 10.0; Win64; x64) AppleWebKit/537.36 (KHTML, like Gecko) Chrome/142.0.0.0 Safari/537.36"
167.86.102.235 - - [08/Apr/2026:01:43:41 -0400] "GET / HTTP/1.1" 302 287 "binance.com" "Mozilla/5.0 (Windows NT 10.0; Win64; x64) AppleWebKit/537.36 (KHTML, like Gecko) Chrome/90.0.4430.85 Safari/537.36"
167.86.102.235 - - [08/Apr/2026:01:43:56 -0400] "GET / HTTP/1.1" 302 287 "binance.com" "Mozilla/5.0 (Windows NT 10.0; Win64; x64) AppleWebKit/537.36 (KHTML, like Gecko) Chrome/90.0.4430.85 Safari/537.36"
43.131.32.36 - - [08/Apr/2026:01:44:13 -0400] "GET / HTTP/1.1" 302 287 "-" "Mozilla/5.0 (iPhone; CPU iPhone OS 13_2_3 like Mac OS X) AppleWebKit/605.1.15 (KHTML, like Gecko) Version/13.0.3 Mobile/15E148 Safari/604.1"
51.68.236.69 - - [08/Apr/2026:01:44:31 -0400] "GET /robots.txt HTTP/1.1" 403 276 "-" "Mozilla/5.0 (compatible; MJ12bot/v2.0.5; http://mj12bot.com/)"
79.124.40.174 - - [08/Apr/2026:01:44:33 -0400] "GET / HTTP/1.1" 302 287 "http://74.206.190.70:80/actuator/gateway/routes" "Mozilla/5.0 (Windows NT 10.0; Win64; x64) AppleWebKit/537.36 (KHTML, like Gecko) Chrome/78.0.3904.108 Safari/537.36"
78.138.127.62 - - [08/Apr/2026:01:45:03 -0400] "GET / HTTP/1.1" 302 287 "http://404.barebacked.com/" "Mozilla/5.0 (Windows NT 10.0; Win64; x64) AppleWebKit/537.36 (KHTML, like Gecko) Chrome/129.0.0.0 Safari/537.36"
14.182.127.53 - - [08/Apr/2026:01:45:32 -0400] "GET /t1/ HTTP/1.1" 302 285 "http://a.manbuttered.com/track/MTgyMjQxOjI6MTQ/" "Mozilla/5.0 (Windows NT 10.0; Win64; x64) AppleWebKit/537.36 (KHTML, like Gecko) Chrome/109.0.0.0 Safari/537.36"
101.33.116.39 - - [08/Apr/2026:01:45:39 -0400] "GET /t1/ HTTP/1.1" 302 285 "http://a.manbuttered.com/track/MTgyMjQxOjI6MTQ/" "Mozilla/5.0 (Windows NT 10.0; Win64; x64) AppleWebKit/537.36 (KHTML, like Gecko) Chrome/112.0.0.0 Safari/537.36"
47.84.35.149 - - [08/Apr/2026:01:45:44 -0400] "GET /t1/ HTTP/1.1" 302 285 "http://a.manbuttered.com/track/MTgyMjQxOjI6MTQ/" "Mozilla/5.0 (Windows NT 10.0; Win64; x64) AppleWebKit/537.36 (KHTML, like Gecko) Chrome/112.0.0.0 Safari/537.36"
14.191.46.158 - - [08/Apr/2026:01:45:48 -0400] "GET /t1/ HTTP/1.1" 302 285 "http://a.manbuttered.com/track/MTgyMjQxOjI6MTQ/" "Mozilla/5.0 (Windows NT 10.0; Win64; x64) AppleWebKit/537.36 (KHTML, like Gecko) Chrome/109.0.0.0 Safari/537.36"
150.5.132.99 - - [08/Apr/2026:01:45:55 -0400] "GET /t1/ HTTP/1.1" 302 287 "-" "Mozilla/5.0 (Windows NT 10.0; Win64; x64) AppleWebKit/537.36 (KHTML, like Gecko) Chrome/109.0.0.0 Safari/537.36"
131.72.93.184 - - [08/Apr/2026:01:45:55 -0400] "GET /t1/ HTTP/1.1" 302 287 "-" "Mozilla/5.0 (Windows NT 10.0; Win64; x64) AppleWebKit/537.36 (KHTML, like Gecko) Chrome/131.0.0.0 Safari/537.36"
47.236.143.193 - - [08/Apr/2026:01:46:13 -0400] "GET /t1/ HTTP/1.1" 302 287 "http://a.barebackedshemales.com/spam.html" "Mozilla/5.0 (Windows NT 10.0; Win64; x64) AppleWebKit/537.36 (KHTML, like Gecko) Chrome/117.0.0.0 Safari/537.36"
113.190.4.99 - - [08/Apr/2026:01:46:14 -0400] "GET /t1/ HTTP/1.1" 302 287 "-" "Mozilla/5.0 (Windows NT 10.0; Win64; x64) AppleWebKit/537.36 (KHTML, like Gecko) Chrome/118.0.0.0 Safari/537.36"
20.63.84.172 - - [08/Apr/2026:01:46:17 -0400] "POST / HTTP/1.1" 302 287 "www.google.com" "Mozilla/5.0 (Linux; Android 7.0; SM-G892A Bulid/NRD90M; wv) AppleWebKit/537.36 (KHTML, like Gecko) Version/4.0 Chrome/60.0.3112.107 Moblie Safari/537.36"
20.63.84.172 - - [08/Apr/2026:01:46:17 -0400] "GET / HTTP/1.1" 302 287 "www.google.com" "Mozlila/5.0 (Linux; Android 7.0; SM-G892A Bulid/NRD90M; wv) AppleWebKit/537.36 (KHTML, like Gecko) Version/4.0 Chrome/60.0.3112.107 Moblie Safari/537.36"
20.63.84.172 - - [08/Apr/2026:01:46:17 -0400] "POST / HTTP/1.1" 302 287 "www.google.com" "Mozlila/5.0 (Linux; Android 7.0; SM-G892A Bulid/NRD90M; wv) AppleWebKit/537.36 (KHTML, like Gecko) Version/4.0 Chrome/60.0.3112.107 Moblie Safari/537.36"
20.63.84.172 - - [08/Apr/2026:01:46:17 -0400] "GET / HTTP/1.1" 302 287 "-" "Mozlila/5.0 (Linux; Android 7.0; SM-G892A Bulid/NRD90M; wv) AppleWebKit/537.36 (KHTML, like Gecko) Version/4.0 Chrome/60.0.3112.107 Moblie Safari/537.36"
51.68.236.59 - - [08/Apr/2026:01:46:22 -0400] "GET /robots.txt HTTP/1.1" 403 280 "-" "Mozilla/5.0 (compatible; MJ12bot/v2.0.5; http://mj12bot.com/)"
20.63.84.172 - - [08/Apr/2026:01:46:30 -0400] "POST / HTTP/1.1" 302 287 "www.google.com" "Mozlila/5.0 (Linux; Android 7.0; SM-G892A Bulid/NRD90M; wv) AppleWebKit/537.36 (KHTML, like Gecko) Version/4.0 Chrome/60.0.3112.107 Moblie Safari/537.36"
47.238.231.191 - - [08/Apr/2026:01:46:34 -0400] "GET /t1/ HTTP/1.1" 302 287 "http://a.barebackedshemales.com/spam.html" "Mozilla/5.0 (Windows NT 10.0; Win64; x64) AppleWebKit/537.36 (KHTML, like Gecko) Chrome/117.0.0.0 Safari/537.36"
141.98.102.187 - - [08/Apr/2026:01:47:36 -0400] "GET / HTTP/1.1" 302 287 "http://gayeporn.com/xmlrpc.php" "Go-http-client/1.1"
103.59.160.135 - - [08/Apr/2026:01:49:37 -0400] "GET / HTTP/1.1" 302 291 "-" "Mozilla/5.0 (X11; Linux x86_64) AppleWebKit/537.36 (KHTML, like Gecko) Chrome/131.0.0.0 Safari/537.36"
14.191.112.81 - - [08/Apr/2026:01:49:42 -0400] "GET /t1/ HTTP/1.1" 302 287 "-" "Mozilla/5.0 (Windows NT 10.0; Win64; x64) AppleWebKit/537.36 (KHTML, like Gecko) Chrome/131.0.0.0 Safari/537.36"
68.221.137.197 - - [08/Apr/2026:01:49:49 -0400] "GET / HTTP/1.1" 403 270 "-" "-"
68.221.137.197 - - [08/Apr/2026:01:49:49 -0400] "GET / HTTP/1.1" 403 270 "-" "-"
68.221.137.197 - - [08/Apr/2026:01:49:49 -0400] "GET / HTTP/1.1" 403 270 "-" "-"
8.216.48.191 - - [08/Apr/2026:01:50:01 -0400] "GET /t1/ HTTP/1.1" 302 287 "http://a.barebackedshemales.com/spam.html" "Mozilla/5.0 (Windows NT 10.0; Win64; x64) AppleWebKit/537.36 (KHTML, like Gecko) Chrome/117.0.0.0 Safari/537.36"
101.47.19.212 - - [08/Apr/2026:01:51:29 -0400] "GET /t1/ HTTP/1.1" 302 287 "-" "Mozilla/5.0 (Windows NT 10.0; Win64; x64) AppleWebKit/537.36 (KHTML, like Gecko) Chrome/111.0.0.0 Safari/537.36"
74.248.146.253 - - [08/Apr/2026:01:52:16 -0400] "GET / HTTP/1.1" 403 270 "-" "-"
74.248.146.253 - - [08/Apr/2026:01:52:16 -0400] "GET / HTTP/1.1" 403 270 "-" "-"
74.248.146.253 - - [08/Apr/2026:01:52:16 -0400] "GET / HTTP/1.1" 403 270 "-" "-"
114.99.196.131 - - [08/Apr/2026:01:52:32 -0400] "GET /t1/ HTTP/1.1" 302 287 "-" "Mozilla/5.0 (Windows NT 10.0; Win64; x64) AppleWebKit/537.36 (KHTML, like Gecko) Chrome/142.0.0.0 Safari/537.36"
20.78.145.252 - - [08/Apr/2026:01:52:40 -0400] "GET /file.php HTTP/1.1" 302 287 "-" "Mozilla/5.0 (Windows NT 10.0; Win64; x64) AppleWebKit/537.36 (KHTML, like Gecko) Chrome/120.0.0.0 Safari/537.36"
20.78.145.252 - - [08/Apr/2026:01:52:40 -0400] "GET /gettest.php HTTP/1.1" 302 287 "-" "Mozilla/5.0 (Windows NT 10.0; Win64; x64) AppleWebKit/537.36 (KHTML, like Gecko) Chrome/120.0.0.0 Safari/537.36"
20.78.145.252 - - [08/Apr/2026:01:52:40 -0400] "GET /gg.php HTTP/1.1" 302 287 "-" "Mozilla/5.0 (Windows NT 10.0; Win64; x64) AppleWebKit/537.36 (KHTML, like Gecko) Chrome/120.0.0.0 Safari/537.36"
20.78.145.252 - - [08/Apr/2026:01:52:40 -0400] "GET /goods.php HTTP/1.1" 302 287 "-" "Mozilla/5.0 (Windows NT 10.0; Win64; x64) AppleWebKit/537.36 (KHTML, like Gecko) Chrome/120.0.0.0 Safari/537.36"
20.78.145.252 - - [08/Apr/2026:01:52:41 -0400] "GET /info.php HTTP/1.1" 302 287 "-" "Mozilla/5.0 (Windows NT 10.0; Win64; x64) AppleWebKit/537.36 (KHTML, like Gecko) Chrome/120.0.0.0 Safari/537.36"
20.78.145.252 - - [08/Apr/2026:01:52:41 -0400] "GET /install.php HTTP/1.1" 302 287 "-" "Mozilla/5.0 (Windows NT 10.0; Win64; x64) AppleWebKit/537.36 (KHTML, like Gecko) Chrome/120.0.0.0 Safari/537.36"
20.78.145.252 - - [08/Apr/2026:01:52:41 -0400] "GET /item.php HTTP/1.1" 302 287 "-" "Mozilla/5.0 (Windows NT 10.0; Win64; x64) AppleWebKit/537.36 (KHTML, like Gecko) Chrome/120.0.0.0 Safari/537.36"
20.78.145.252 - - [08/Apr/2026:01:52:41 -0400] "GET /jga.php HTTP/1.1" 302 287 "-" "Mozilla/5.0 (Windows NT 10.0; Win64; x64) AppleWebKit/537.36 (KHTML, like Gecko) Chrome/120.0.0.0 Safari/537.36"
20.78.145.252 - - [08/Apr/2026:01:52:41 -0400] "GET /leaf.php HTTP/1.1" 302 287 "-" "Mozilla/5.0 (Windows NT 10.0; Win64; x64) AppleWebKit/537.36 (KHTML, like Gecko) Chrome/120.0.0.0 Safari/537.36"
20.78.145.252 - - [08/Apr/2026:01:52:41 -0400] "GET /load.php HTTP/1.1" 302 287 "-" "Mozilla/5.0 (Windows NT 10.0; Win64; x64) AppleWebKit/537.36 (KHTML, like Gecko) Chrome/120.0.0.0 Safari/537.36"
20.78.145.252 - - [08/Apr/2026:01:52:42 -0400] "GET /lock.php HTTP/1.1" 302 287 "-" "Mozilla/5.0 (Windows NT 10.0; Win64; x64) AppleWebKit/537.36 (KHTML, like Gecko) Chrome/120.0.0.0 Safari/537.36"
20.78.145.252 - - [08/Apr/2026:01:52:42 -0400] "GET /lock360.php HTTP/1.1" 302 287 "-" "Mozilla/5.0 (Windows NT 10.0; Win64; x64) AppleWebKit/537.36 (KHTML, like Gecko) Chrome/120.0.0.0 Safari/537.36"
20.78.145.252 - - [08/Apr/2026:01:52:42 -0400] "GET /log.php HTTP/1.1" 302 287 "-" "Mozilla/5.0 (Windows NT 10.0; Win64; x64) AppleWebKit/537.36 (KHTML, like Gecko) Chrome/120.0.0.0 Safari/537.36"
20.78.145.252 - - [08/Apr/2026:01:52:42 -0400] "GET /manager.php HTTP/1.1" 302 287 "-" "Mozilla/5.0 (Windows NT 10.0; Win64; x64) AppleWebKit/537.36 (KHTML, like Gecko) Chrome/120.0.0.0 Safari/537.36"
20.78.145.252 - - [08/Apr/2026:01:52:42 -0400] "GET /meta.php HTTP/1.1" 302 287 "-" "Mozilla/5.0 (Windows NT 10.0; Win64; x64) AppleWebKit/537.36 (KHTML, like Gecko) Chrome/120.0.0.0 Safari/537.36"
20.78.145.252 - - [08/Apr/2026:01:52:42 -0400] "GET /mini.php HTTP/1.1" 302 287 "-" "Mozilla/5.0 (Windows NT 10.0; Win64; x64) AppleWebKit/537.36 (KHTML, like Gecko) Chrome/120.0.0.0 Safari/537.36"
20.78.145.252 - - [08/Apr/2026:01:52:43 -0400] "GET /mjq.php HTTP/1.1" 302 287 "-" "Mozilla/5.0 (Windows NT 10.0; Win64; x64) AppleWebKit/537.36 (KHTML, like Gecko) Chrome/120.0.0.0 Safari/537.36"
20.78.145.252 - - [08/Apr/2026:01:52:43 -0400] "GET /new.php HTTP/1.1" 302 287 "-" "Mozilla/5.0 (Windows NT 10.0; Win64; x64) AppleWebKit/537.36 (KHTML, like Gecko) Chrome/120.0.0.0 Safari/537.36"
20.78.145.252 - - [08/Apr/2026:01:52:43 -0400] "GET /onclickfuns.php HTTP/1.1" 302 287 "-" "Mozilla/5.0 (Windows NT 10.0; Win64; x64) AppleWebKit/537.36 (KHTML, like Gecko) Chrome/120.0.0.0 Safari/537.36"
20.78.145.252 - - [08/Apr/2026:01:52:43 -0400] "GET /option.php HTTP/1.1" 302 287 "-" "Mozilla/5.0 (Windows NT 10.0; Win64; x64) AppleWebKit/537.36 (KHTML, like Gecko) Chrome/120.0.0.0 Safari/537.36"
20.78.145.252 - - [08/Apr/2026:01:52:44 -0400] "GET /plugin-editor.php HTTP/1.1" 302 287 "-" "Mozilla/5.0 (Windows NT 10.0; Win64; x64) AppleWebKit/537.36 (KHTML, like Gecko) Chrome/120.0.0.0 Safari/537.36"
20.78.145.252 - - [08/Apr/2026:01:52:44 -0400] "GET /profile.php HTTP/1.1" 302 287 "-" "Mozilla/5.0 (Windows NT 10.0; Win64; x64) AppleWebKit/537.36 (KHTML, like Gecko) Chrome/120.0.0.0 Safari/537.36"
20.78.145.252 - - [08/Apr/2026:01:52:44 -0400] "GET /qw_03b4ad31.php HTTP/1.1" 302 287 "-" "Mozilla/5.0 (Windows NT 10.0; Win64; x64) AppleWebKit/537.36 (KHTML, like Gecko) Chrome/120.0.0.0 Safari/537.36"
20.78.145.252 - - [08/Apr/2026:01:52:44 -0400] "GET /radio.php HTTP/1.1" 302 287 "-" "Mozilla/5.0 (Windows NT 10.0; Win64; x64) AppleWebKit/537.36 (KHTML, like Gecko) Chrome/120.0.0.0 Safari/537.36"
20.78.145.252 - - [08/Apr/2026:01:52:44 -0400] "GET /sf.php HTTP/1.1" 302 287 "-" "Mozilla/5.0 (Windows NT 10.0; Win64; x64) AppleWebKit/537.36 (KHTML, like Gecko) Chrome/120.0.0.0 Safari/537.36"
20.78.145.252 - - [08/Apr/2026:01:52:45 -0400] "GET /simple.php HTTP/1.1" 302 287 "-" "Mozilla/5.0 (Windows NT 10.0; Win64; x64) AppleWebKit/537.36 (KHTML, like Gecko) Chrome/120.0.0.0 Safari/537.36"
20.78.145.252 - - [08/Apr/2026:01:52:45 -0400] "GET /sql.php HTTP/1.1" 302 287 "-" "Mozilla/5.0 (Windows NT 10.0; Win64; x64) AppleWebKit/537.36 (KHTML, like Gecko) Chrome/120.0.0.0 Safari/537.36"
20.78.145.252 - - [08/Apr/2026:01:52:45 -0400] "GET /test.php HTTP/1.1" 302 287 "-" "Mozilla/5.0 (Windows NT 10.0; Win64; x64) AppleWebKit/537.36 (KHTML, like Gecko) Chrome/120.0.0.0 Safari/537.36"
20.78.145.252 - - [08/Apr/2026:01:52:45 -0400] "GET /test1.php HTTP/1.1" 302 287 "-" "Mozilla/5.0 (Windows NT 10.0; Win64; x64) AppleWebKit/537.36 (KHTML, like Gecko) Chrome/120.0.0.0 Safari/537.36"
20.78.145.252 - - [08/Apr/2026:01:52:45 -0400] "GET /themes.php HTTP/1.1" 302 287 "-" "Mozilla/5.0 (Windows NT 10.0; Win64; x64) AppleWebKit/537.36 (KHTML, like Gecko) Chrome/120.0.0.0 Safari/537.36"
20.78.145.252 - - [08/Apr/2026:01:52:46 -0400] "GET /upload/medialibrary HTTP/1.1" 302 287 "-" "Mozilla/5.0 (Windows NT 10.0; Win64; x64) AppleWebKit/537.36 (KHTML, like Gecko) Chrome/120.0.0.0 Safari/537.36"
20.78.145.252 - - [08/Apr/2026:01:52:46 -0400] "GET /wp-admin.php HTTP/1.1" 302 287 "-" "Mozilla/5.0 (Windows NT 10.0; Win64; x64) AppleWebKit/537.36 (KHTML, like Gecko) Chrome/120.0.0.0 Safari/537.36"
20.78.145.252 - - [08/Apr/2026:01:52:46 -0400] "GET /wp-admin/ HTTP/1.1" 302 287 "-" "Mozilla/5.0 (Windows NT 10.0; Win64; x64) AppleWebKit/537.36 (KHTML, like Gecko) Chrome/120.0.0.0 Safari/537.36"
20.78.145.252 - - [08/Apr/2026:01:52:46 -0400] "GET /wp-blog-header.php HTTP/1.1" 302 287 "-" "Mozilla/5.0 (Windows NT 10.0; Win64; x64) AppleWebKit/537.36 (KHTML, like Gecko) Chrome/120.0.0.0 Safari/537.36"
20.78.145.252 - - [08/Apr/2026:01:52:46 -0400] "GET /wp-config-sample.php HTTP/1.1" 302 287 "-" "Mozilla/5.0 (Windows NT 10.0; Win64; x64) AppleWebKit/537.36 (KHTML, like Gecko) Chrome/120.0.0.0 Safari/537.36"
20.78.145.252 - - [08/Apr/2026:01:52:46 -0400] "GET /wp-content/languages/ HTTP/1.1" 302 287 "-" "Mozilla/5.0 (Windows NT 10.0; Win64; x64) AppleWebKit/537.36 (KHTML, like Gecko) Chrome/120.0.0.0 Safari/537.36"
20.78.145.252 - - [08/Apr/2026:01:52:47 -0400] "GET /wp-content/plugins/ HTTP/1.1" 302 287 "-" "Mozilla/5.0 (Windows NT 10.0; Win64; x64) AppleWebKit/537.36 (KHTML, like Gecko) Chrome/120.0.0.0 Safari/537.36"
20.78.145.252 - - [08/Apr/2026:01:52:47 -0400] "GET /wp-content/themes/ HTTP/1.1" 302 287 "-" "Mozilla/5.0 (Windows NT 10.0; Win64; x64) AppleWebKit/537.36 (KHTML, like Gecko) Chrome/120.0.0.0 Safari/537.36"
20.78.145.252 - - [08/Apr/2026:01:52:47 -0400] "GET /wp-includes/phpmailer/phpmailer.php HTTP/1.1" 302 287 "-" "Mozilla/5.0 (Windows NT 10.0; Win64; x64) AppleWebKit/537.36 (KHTML, like Gecko) Chrome/120.0.0.0 Safari/537.36"
20.78.145.252 - - [08/Apr/2026:01:52:47 -0400] "GET /wp.php HTTP/1.1" 302 287 "-" "Mozilla/5.0 (Windows NT 10.0; Win64; x64) AppleWebKit/537.36 (KHTML, like Gecko) Chrome/120.0.0.0 Safari/537.36"
20.78.145.252 - - [08/Apr/2026:01:52:47 -0400] "GET /xmlrpc.php HTTP/1.1" 403 280 "-" "Mozilla/5.0 (Windows NT 10.0; Win64; x64) AppleWebKit/537.36 (KHTML, like Gecko) Chrome/120.0.0.0 Safari/537.36"
216.244.66.232 - - [08/Apr/2026:01:53:49 -0400] "GET / HTTP/1.1" 403 270 "-" "Mozilla/5.0 (compatible; DotBot/1.2; +https://opensiteexplorer.org/dotbot; help@moz.com)"
216.244.66.240 - - [08/Apr/2026:01:56:11 -0400] "GET / HTTP/1.1" 403 270 "-" "Mozilla/5.0 (compatible; DotBot/1.2; +https://opensiteexplorer.org/dotbot; help@moz.com)"
141.98.102.187 - - [08/Apr/2026:01:56:55 -0400] "GET / HTTP/1.1" 302 287 "http://gayeporn.com/xmlrpc.php" "Go-http-client/1.1"
141.98.102.187 - - [08/Apr/2026:01:57:56 -0400] "GET / HTTP/1.1" 302 287 "http://gayeporn.com/xmlrpc.php" "Go-http-client/1.1"
71.6.134.231 - - [08/Apr/2026:01:57:56 -0400] "GET / HTTP/1.1" 302 287 "-" "Mozilla/5.0 (Windows NT 10.0; Win64; x64) AppleWebKit/537.36 (KHTML, like Gecko) Chrome/133.0.0.0 Safari/537.36"
77.75.72.26 - - [08/Apr/2026:01:59:12 -0400] "GET /t1/ HTTP/1.1" 406 322 "-" "Mozilla/5.0 (compatible; SeznamBot/4.0; +https://o-seznam.cz/napoveda/vyhledavani/en/seznambot-crawler/)"
74.235.238.88 - - [08/Apr/2026:01:59:22 -0400] "GET / HTTP/1.1" 403 270 "-" "-"
74.235.238.88 - - [08/Apr/2026:01:59:22 -0400] "GET / HTTP/1.1" 403 270 "-" "-"
74.235.238.88 - - [08/Apr/2026:01:59:22 -0400] "GET / HTTP/1.1" 403 270 "-" "-"
74.235.238.88 - - [08/Apr/2026:01:59:22 -0400] "GET / HTTP/1.1" 403 270 "-" "-"
74.235.238.88 - - [08/Apr/2026:01:59:22 -0400] "GET / HTTP/1.1" 403 270 "-" "-"
74.235.238.88 - - [08/Apr/2026:01:59:22 -0400] "GET / HTTP/1.1" 403 270 "-" "-"
74.235.238.88 - - [08/Apr/2026:01:59:22 -0400] "GET / HTTP/1.1" 403 270 "-" "-"
74.235.238.88 - - [08/Apr/2026:01:59:22 -0400] "GET / HTTP/1.1" 403 270 "-" "-"
74.235.238.88 - - [08/Apr/2026:01:59:22 -0400] "GET / HTTP/1.1" 403 270 "-" "-"
74.235.238.88 - - [08/Apr/2026:01:59:23 -0400] "GET / HTTP/1.1" 403 270 "-" "-"
74.235.238.88 - - [08/Apr/2026:01:59:23 -0400] "GET / HTTP/1.1" 403 270 "-" "-"
74.235.238.88 - - [08/Apr/2026:01:59:23 -0400] "GET / HTTP/1.1" 403 270 "-" "-"
74.235.238.88 - - [08/Apr/2026:01:59:23 -0400] "GET / HTTP/1.1" 403 270 "-" "-"
74.235.238.88 - - [08/Apr/2026:01:59:23 -0400] "GET / HTTP/1.1" 403 270 "-" "-"
74.235.238.88 - - [08/Apr/2026:01:59:23 -0400] "GET / HTTP/1.1" 403 270 "-" "-"
74.235.238.88 - - [08/Apr/2026:01:59:23 -0400] "GET / HTTP/1.1" 403 270 "-" "-"
74.235.238.88 - - [08/Apr/2026:01:59:23 -0400] "GET / HTTP/1.1" 403 270 "-" "-"
74.235.238.88 - - [08/Apr/2026:01:59:23 -0400] "GET / HTTP/1.1" 403 270 "-" "-"
74.235.238.88 - - [08/Apr/2026:01:59:23 -0400] "GET / HTTP/1.1" 403 270 "-" "-"
74.235.238.88 - - [08/Apr/2026:01:59:23 -0400] "GET / HTTP/1.1" 403 270 "-" "-"
74.235.238.88 - - [08/Apr/2026:01:59:23 -0400] "GET / HTTP/1.1" 403 270 "-" "-"
74.235.238.88 - - [08/Apr/2026:01:59:23 -0400] "GET / HTTP/1.1" 403 270 "-" "-"
74.235.238.88 - - [08/Apr/2026:01:59:24 -0400] "GET / HTTP/1.1" 403 270 "-" "-"
74.235.238.88 - - [08/Apr/2026:01:59:24 -0400] "GET / HTTP/1.1" 403 270 "-" "-"
74.235.238.88 - - [08/Apr/2026:01:59:24 -0400] "GET / HTTP/1.1" 403 270 "-" "-"
74.235.238.88 - - [08/Apr/2026:01:59:24 -0400] "GET / HTTP/1.1" 403 270 "-" "-"
74.235.238.88 - - [08/Apr/2026:01:59:24 -0400] "GET / HTTP/1.1" 403 270 "-" "-"
74.235.238.88 - - [08/Apr/2026:01:59:24 -0400] "GET / HTTP/1.1" 403 270 "-" "-"
74.235.238.88 - - [08/Apr/2026:01:59:24 -0400] "GET / HTTP/1.1" 403 270 "-" "-"
74.235.238.88 - - [08/Apr/2026:01:59:24 -0400] "GET / HTTP/1.1" 403 270 "-" "-"
74.235.238.88 - - [08/Apr/2026:01:59:24 -0400] "GET / HTTP/1.1" 403 270 "-" "-"
74.235.238.88 - - [08/Apr/2026:01:59:24 -0400] "GET / HTTP/1.1" 403 270 "-" "-"
74.235.238.88 - - [08/Apr/2026:01:59:24 -0400] "GET / HTTP/1.1" 403 270 "-" "-"
74.235.238.88 - - [08/Apr/2026:01:59:24 -0400] "GET / HTTP/1.1" 403 270 "-" "-"
74.235.238.88 - - [08/Apr/2026:01:59:24 -0400] "GET / HTTP/1.1" 403 270 "-" "-"
74.235.238.88 - - [08/Apr/2026:01:59:24 -0400] "GET / HTTP/1.1" 403 270 "-" "-"
74.235.238.88 - - [08/Apr/2026:01:59:24 -0400] "GET / HTTP/1.1" 403 270 "-" "-"
74.235.238.88 - - [08/Apr/2026:01:59:25 -0400] "GET / HTTP/1.1" 403 270 "-" "-"
74.235.238.88 - - [08/Apr/2026:01:59:25 -0400] "GET / HTTP/1.1" 403 270 "-" "-"
74.235.238.88 - - [08/Apr/2026:01:59:25 -0400] "GET / HTTP/1.1" 403 270 "-" "-"
74.235.238.88 - - [08/Apr/2026:01:59:25 -0400] "GET / HTTP/1.1" 403 270 "-" "-"
74.235.238.88 - - [08/Apr/2026:01:59:25 -0400] "GET / HTTP/1.1" 403 270 "-" "-"
74.235.238.88 - - [08/Apr/2026:01:59:25 -0400] "GET / HTTP/1.1" 403 270 "-" "-"
74.235.238.88 - - [08/Apr/2026:01:59:25 -0400] "GET / HTTP/1.1" 403 270 "-" "-"
74.235.238.88 - - [08/Apr/2026:01:59:25 -0400] "GET / HTTP/1.1" 403 270 "-" "-"
74.235.238.88 - - [08/Apr/2026:01:59:25 -0400] "GET / HTTP/1.1" 403 270 "-" "-"
74.235.238.88 - - [08/Apr/2026:01:59:25 -0400] "GET / HTTP/1.1" 403 270 "-" "-"
74.235.238.88 - - [08/Apr/2026:01:59:25 -0400] "GET / HTTP/1.1" 403 270 "-" "-"
74.235.238.88 - - [08/Apr/2026:01:59:25 -0400] "GET / HTTP/1.1" 403 270 "-" "-"
74.235.238.88 - - [08/Apr/2026:01:59:25 -0400] "GET / HTTP/1.1" 403 270 "-" "-"
74.235.238.88 - - [08/Apr/2026:01:59:26 -0400] "GET / HTTP/1.1" 403 270 "-" "-"
74.235.238.88 - - [08/Apr/2026:01:59:26 -0400] "GET / HTTP/1.1" 403 270 "-" "-"
74.235.238.88 - - [08/Apr/2026:01:59:26 -0400] "GET / HTTP/1.1" 403 270 "-" "-"
74.235.238.88 - - [08/Apr/2026:01:59:26 -0400] "GET / HTTP/1.1" 403 270 "-" "-"
74.235.238.88 - - [08/Apr/2026:01:59:26 -0400] "GET / HTTP/1.1" 403 270 "-" "-"
74.235.238.88 - - [08/Apr/2026:01:59:26 -0400] "GET / HTTP/1.1" 403 270 "-" "-"
74.235.238.88 - - [08/Apr/2026:01:59:26 -0400] "GET / HTTP/1.1" 403 270 "-" "-"
74.235.238.88 - - [08/Apr/2026:01:59:26 -0400] "GET / HTTP/1.1" 403 270 "-" "-"
74.235.238.88 - - [08/Apr/2026:01:59:26 -0400] "GET / HTTP/1.1" 403 270 "-" "-"
74.235.238.88 - - [08/Apr/2026:01:59:26 -0400] "GET / HTTP/1.1" 403 270 "-" "-"
74.235.238.88 - - [08/Apr/2026:01:59:26 -0400] "GET / HTTP/1.1" 403 270 "-" "-"
74.235.238.88 - - [08/Apr/2026:01:59:26 -0400] "GET / HTTP/1.1" 403 270 "-" "-"
74.235.238.88 - - [08/Apr/2026:01:59:26 -0400] "GET / HTTP/1.1" 403 270 "-" "-"
74.235.238.88 - - [08/Apr/2026:01:59:26 -0400] "GET / HTTP/1.1" 403 270 "-" "-"
74.235.238.88 - - [08/Apr/2026:01:59:26 -0400] "GET / HTTP/1.1" 403 270 "-" "-"
74.235.238.88 - - [08/Apr/2026:01:59:26 -0400] "GET / HTTP/1.1" 403 270 "-" "-"
74.235.238.88 - - [08/Apr/2026:01:59:27 -0400] "GET / HTTP/1.1" 403 270 "-" "-"
74.235.238.88 - - [08/Apr/2026:01:59:27 -0400] "GET / HTTP/1.1" 403 270 "-" "-"
74.235.238.88 - - [08/Apr/2026:01:59:27 -0400] "GET / HTTP/1.1" 403 270 "-" "-"
74.235.238.88 - - [08/Apr/2026:01:59:27 -0400] "GET / HTTP/1.1" 403 270 "-" "-"
74.235.238.88 - - [08/Apr/2026:01:59:27 -0400] "GET / HTTP/1.1" 403 270 "-" "-"
74.235.238.88 - - [08/Apr/2026:01:59:27 -0400] "GET / HTTP/1.1" 403 270 "-" "-"
74.235.238.88 - - [08/Apr/2026:01:59:27 -0400] "GET / HTTP/1.1" 403 270 "-" "-"
74.235.238.88 - - [08/Apr/2026:01:59:27 -0400] "GET / HTTP/1.1" 403 270 "-" "-"
74.235.238.88 - - [08/Apr/2026:01:59:27 -0400] "GET / HTTP/1.1" 403 270 "-" "-"
74.235.238.88 - - [08/Apr/2026:01:59:27 -0400] "GET / HTTP/1.1" 403 270 "-" "-"
74.235.238.88 - - [08/Apr/2026:01:59:27 -0400] "GET / HTTP/1.1" 403 270 "-" "-"
74.235.238.88 - - [08/Apr/2026:01:59:27 -0400] "GET / HTTP/1.1" 403 270 "-" "-"
74.235.238.88 - - [08/Apr/2026:01:59:27 -0400] "GET / HTTP/1.1" 403 270 "-" "-"
74.235.238.88 - - [08/Apr/2026:01:59:28 -0400] "GET / HTTP/1.1" 403 270 "-" "-"
74.235.238.88 - - [08/Apr/2026:01:59:28 -0400] "GET / HTTP/1.1" 403 270 "-" "-"
74.235.238.88 - - [08/Apr/2026:01:59:28 -0400] "GET / HTTP/1.1" 403 270 "-" "-"
74.235.238.88 - - [08/Apr/2026:01:59:28 -0400] "GET / HTTP/1.1" 403 270 "-" "-"
74.235.238.88 - - [08/Apr/2026:01:59:28 -0400] "GET / HTTP/1.1" 403 270 "-" "-"
74.235.238.88 - - [08/Apr/2026:01:59:28 -0400] "GET / HTTP/1.1" 403 270 "-" "-"
74.235.238.88 - - [08/Apr/2026:01:59:28 -0400] "GET / HTTP/1.1" 403 270 "-" "-"
74.235.238.88 - - [08/Apr/2026:01:59:28 -0400] "GET / HTTP/1.1" 403 270 "-" "-"
74.235.238.88 - - [08/Apr/2026:01:59:28 -0400] "GET / HTTP/1.1" 403 270 "-" "-"
74.235.238.88 - - [08/Apr/2026:01:59:28 -0400] "GET / HTTP/1.1" 403 270 "-" "-"
74.235.238.88 - - [08/Apr/2026:01:59:28 -0400] "GET / HTTP/1.1" 403 270 "-" "-"
74.235.238.88 - - [08/Apr/2026:01:59:28 -0400] "GET / HTTP/1.1" 403 270 "-" "-"
74.235.238.88 - - [08/Apr/2026:01:59:28 -0400] "GET / HTTP/1.1" 403 270 "-" "-"
74.235.238.88 - - [08/Apr/2026:01:59:28 -0400] "GET / HTTP/1.1" 403 270 "-" "-"
74.235.238.88 - - [08/Apr/2026:01:59:29 -0400] "GET / HTTP/1.1" 403 270 "-" "-"
74.235.238.88 - - [08/Apr/2026:01:59:29 -0400] "GET / HTTP/1.1" 403 270 "-" "-"
74.235.238.88 - - [08/Apr/2026:01:59:29 -0400] "GET / HTTP/1.1" 403 270 "-" "-"
74.235.238.88 - - [08/Apr/2026:01:59:29 -0400] "GET / HTTP/1.1" 403 270 "-" "-"
74.235.238.88 - - [08/Apr/2026:01:59:29 -0400] "GET / HTTP/1.1" 403 270 "-" "-"
74.235.238.88 - - [08/Apr/2026:01:59:29 -0400] "GET / HTTP/1.1" 403 270 "-" "-"
74.235.238.88 - - [08/Apr/2026:01:59:29 -0400] "GET / HTTP/1.1" 403 270 "-" "-"
74.235.238.88 - - [08/Apr/2026:01:59:29 -0400] "GET / HTTP/1.1" 403 270 "-" "-"
74.235.238.88 - - [08/Apr/2026:01:59:29 -0400] "GET / HTTP/1.1" 403 270 "-" "-"
74.235.238.88 - - [08/Apr/2026:01:59:29 -0400] "GET / HTTP/1.1" 403 270 "-" "-"
74.235.238.88 - - [08/Apr/2026:01:59:29 -0400] "GET / HTTP/1.1" 403 270 "-" "-"
74.235.238.88 - - [08/Apr/2026:01:59:29 -0400] "GET / HTTP/1.1" 403 270 "-" "-"
74.235.238.88 - - [08/Apr/2026:01:59:30 -0400] "GET / HTTP/1.1" 403 270 "-" "-"
74.235.238.88 - - [08/Apr/2026:01:59:30 -0400] "GET / HTTP/1.1" 403 270 "-" "-"
74.235.238.88 - - [08/Apr/2026:01:59:30 -0400] "GET / HTTP/1.1" 403 270 "-" "-"
74.235.238.88 - - [08/Apr/2026:01:59:30 -0400] "GET / HTTP/1.1" 403 270 "-" "-"
74.235.238.88 - - [08/Apr/2026:01:59:30 -0400] "GET / HTTP/1.1" 403 270 "-" "-"
74.235.238.88 - - [08/Apr/2026:01:59:30 -0400] "GET / HTTP/1.1" 403 270 "-" "-"
74.235.238.88 - - [08/Apr/2026:01:59:30 -0400] "GET / HTTP/1.1" 403 270 "-" "-"
74.235.238.88 - - [08/Apr/2026:01:59:30 -0400] "GET / HTTP/1.1" 403 270 "-" "-"
74.235.238.88 - - [08/Apr/2026:01:59:30 -0400] "GET / HTTP/1.1" 403 270 "-" "-"
74.235.238.88 - - [08/Apr/2026:01:59:30 -0400] "GET / HTTP/1.1" 403 270 "-" "-"
74.235.238.88 - - [08/Apr/2026:01:59:30 -0400] "GET / HTTP/1.1" 403 270 "-" "-"
74.235.238.88 - - [08/Apr/2026:01:59:31 -0400] "GET / HTTP/1.1" 403 270 "-" "-"
74.235.238.88 - - [08/Apr/2026:01:59:31 -0400] "GET / HTTP/1.1" 403 270 "-" "-"
74.235.238.88 - - [08/Apr/2026:01:59:31 -0400] "GET / HTTP/1.1" 403 270 "-" "-"
74.235.238.88 - - [08/Apr/2026:01:59:31 -0400] "GET / HTTP/1.1" 403 270 "-" "-"
74.235.238.88 - - [08/Apr/2026:01:59:31 -0400] "GET / HTTP/1.1" 403 270 "-" "-"
74.235.238.88 - - [08/Apr/2026:01:59:31 -0400] "GET / HTTP/1.1" 403 270 "-" "-"
74.235.238.88 - - [08/Apr/2026:01:59:31 -0400] "GET / HTTP/1.1" 403 270 "-" "-"
74.235.238.88 - - [08/Apr/2026:01:59:31 -0400] "GET / HTTP/1.1" 403 270 "-" "-"
74.235.238.88 - - [08/Apr/2026:01:59:31 -0400] "GET / HTTP/1.1" 403 270 "-" "-"
74.235.238.88 - - [08/Apr/2026:01:59:31 -0400] "GET / HTTP/1.1" 403 270 "-" "-"
74.235.238.88 - - [08/Apr/2026:01:59:31 -0400] "GET / HTTP/1.1" 403 270 "-" "-"
74.235.238.88 - - [08/Apr/2026:01:59:31 -0400] "GET / HTTP/1.1" 403 270 "-" "-"
74.235.238.88 - - [08/Apr/2026:01:59:31 -0400] "GET / HTTP/1.1" 403 270 "-" "-"
74.235.238.88 - - [08/Apr/2026:01:59:32 -0400] "GET / HTTP/1.1" 403 270 "-" "-"
74.235.238.88 - - [08/Apr/2026:01:59:32 -0400] "GET / HTTP/1.1" 403 270 "-" "-"
74.235.238.88 - - [08/Apr/2026:01:59:32 -0400] "GET / HTTP/1.1" 403 270 "-" "-"
74.235.238.88 - - [08/Apr/2026:01:59:32 -0400] "GET / HTTP/1.1" 403 270 "-" "-"
74.235.238.88 - - [08/Apr/2026:01:59:32 -0400] "GET / HTTP/1.1" 403 270 "-" "-"
74.235.238.88 - - [08/Apr/2026:01:59:32 -0400] "GET / HTTP/1.1" 403 270 "-" "-"
74.235.238.88 - - [08/Apr/2026:01:59:32 -0400] "GET / HTTP/1.1" 403 270 "-" "-"
87.101.92.171 - - [08/Apr/2026:02:00:52 -0400] "GET / HTTP/1.1" 302 287 "http://gayeporn.com/xmlrpc.php" "Go-http-client/1.1"
129.226.146.37 - - [08/Apr/2026:02:01:47 -0400] "GET /t1/ HTTP/1.1" 302 285 "http://a.manbuttered.com/track/MTgyMjQxOjI6MTQ/" "Mozilla/5.0 (Windows NT 10.0; Win64; x64) AppleWebKit/537.36 (KHTML, like Gecko) Chrome/131.0.0.0 Safari/537.36"
87.101.92.171 - - [08/Apr/2026:02:01:58 -0400] "GET / HTTP/1.1" 302 287 "http://gayeporn.com/xmlrpc.php" "Go-http-client/1.1"
95.217.203.91 - - [08/Apr/2026:02:03:13 -0400] "GET / HTTP/1.1" 302 287 "-" "Mozilla/5.0 (Macintosh; Intel Mac OS X 12_5) AppleWebKit/537.36 (KHTML, like Gecko) Chrome/114.0.0.0 YaBrowser/22.7.0 Yowser/2.5 Safari/537.36"
95.217.203.91 - - [08/Apr/2026:02:03:16 -0400] "GET / HTTP/1.1" 302 287 "-" "Mozilla/5.0 (Macintosh; Intel Mac OS X 12_5) AppleWebKit/537.36 (KHTML, like Gecko) Chrome/114.0.0.0 YaBrowser/22.7.0 Yowser/2.5 Safari/537.36"
95.217.203.91 - - [08/Apr/2026:02:03:18 -0400] "GET / HTTP/1.1" 302 287 "-" "Mozilla/5.0 (Macintosh; Intel Mac OS X 12_5) AppleWebKit/537.36 (KHTML, like Gecko) Chrome/114.0.0.0 YaBrowser/22.7.0 Yowser/2.5 Safari/537.36"
95.217.203.91 - - [08/Apr/2026:02:03:21 -0400] "GET / HTTP/1.1" 302 287 "-" "Mozilla/5.0 (Macintosh; Intel Mac OS X 12_5) AppleWebKit/537.36 (KHTML, like Gecko) Chrome/114.0.0.0 YaBrowser/22.7.0 Yowser/2.5 Safari/537.36"
95.217.203.91 - - [08/Apr/2026:02:03:21 -0400] "GET / HTTP/1.1" 302 287 "-" "Mozilla/5.0 (Windows NT 10.0; Win64; x64; Xbox; Xbox One) AppleWebKit/537.36 (KHTML, like Gecko) Chrome/114.0.0.0 Safari/537.36 Edge/44.18363.8131"
95.217.203.91 - - [08/Apr/2026:02:03:23 -0400] "GET / HTTP/1.1" 302 287 "-" "Mozilla/5.0 (Macintosh; Intel Mac OS X 12_5) AppleWebKit/537.36 (KHTML, like Gecko) Chrome/114.0.0.0 YaBrowser/22.7.0 Yowser/2.5 Safari/537.36"
95.217.203.91 - - [08/Apr/2026:02:03:23 -0400] "GET / HTTP/1.1" 302 287 "-" "Mozilla/5.0 (Windows NT 10.0; Win64; x64; Xbox; Xbox One) AppleWebKit/537.36 (KHTML, like Gecko) Chrome/114.0.0.0 Safari/537.36 Edge/44.18363.8131"
95.217.203.91 - - [08/Apr/2026:02:03:25 -0400] "GET / HTTP/1.1" 302 287 "-" "Mozilla/5.0 (Macintosh; Intel Mac OS X 12_5) AppleWebKit/537.36 (KHTML, like Gecko) Chrome/114.0.0.0 YaBrowser/22.7.0 Yowser/2.5 Safari/537.36"
95.217.203.91 - - [08/Apr/2026:02:03:26 -0400] "GET / HTTP/1.1" 302 287 "-" "Mozilla/5.0 (Windows NT 10.0; Win64; x64; Xbox; Xbox One) AppleWebKit/537.36 (KHTML, like Gecko) Chrome/114.0.0.0 Safari/537.36 Edge/44.18363.8131"
95.217.203.91 - - [08/Apr/2026:02:03:28 -0400] "GET / HTTP/1.1" 302 287 "-" "Mozilla/5.0 (Macintosh; Intel Mac OS X 12_5) AppleWebKit/537.36 (KHTML, like Gecko) Chrome/114.0.0.0 YaBrowser/22.7.0 Yowser/2.5 Safari/537.36"
95.217.203.91 - - [08/Apr/2026:02:03:28 -0400] "GET / HTTP/1.1" 302 287 "-" "Mozilla/5.0 (Windows NT 10.0; Win64; x64; Xbox; Xbox One) AppleWebKit/537.36 (KHTML, like Gecko) Chrome/114.0.0.0 Safari/537.36 Edge/44.18363.8131"
95.217.203.91 - - [08/Apr/2026:02:03:30 -0400] "GET / HTTP/1.1" 302 287 "-" "Mozilla/5.0 (Macintosh; Intel Mac OS X 12_5) AppleWebKit/537.36 (KHTML, like Gecko) Chrome/114.0.0.0 YaBrowser/22.7.0 Yowser/2.5 Safari/537.36"
95.217.203.91 - - [08/Apr/2026:02:03:31 -0400] "GET / HTTP/1.1" 302 287 "-" "Mozilla/5.0 (Windows NT 10.0; Win64; x64; Xbox; Xbox One) AppleWebKit/537.36 (KHTML, like Gecko) Chrome/114.0.0.0 Safari/537.36 Edge/44.18363.8131"
95.217.203.91 - - [08/Apr/2026:02:03:33 -0400] "GET / HTTP/1.1" 302 287 "-" "Mozilla/5.0 (Macintosh; Intel Mac OS X 12_5) AppleWebKit/537.36 (KHTML, like Gecko) Chrome/114.0.0.0 YaBrowser/22.7.0 Yowser/2.5 Safari/537.36"
95.217.203.91 - - [08/Apr/2026:02:03:33 -0400] "GET / HTTP/1.1" 302 287 "-" "Mozilla/5.0 (Windows NT 10.0; Win64; x64; Xbox; Xbox One) AppleWebKit/537.36 (KHTML, like Gecko) Chrome/114.0.0.0 Safari/537.36 Edge/44.18363.8131"
95.217.203.91 - - [08/Apr/2026:02:03:36 -0400] "GET / HTTP/1.1" 302 287 "-" "Mozilla/5.0 (Windows NT 10.0; Win64; x64; Xbox; Xbox One) AppleWebKit/537.36 (KHTML, like Gecko) Chrome/114.0.0.0 Safari/537.36 Edge/44.18363.8131"
95.217.203.91 - - [08/Apr/2026:02:03:38 -0400] "GET / HTTP/1.1" 302 287 "-" "Mozilla/5.0 (Windows NT 10.0; Win64; x64; Xbox; Xbox One) AppleWebKit/537.36 (KHTML, like Gecko) Chrome/114.0.0.0 Safari/537.36 Edge/44.18363.8131"
95.217.203.91 - - [08/Apr/2026:02:03:40 -0400] "GET / HTTP/1.1" 302 287 "-" "Mozilla/5.0 (Windows NT 10.0; Win64; x64; Xbox; Xbox One) AppleWebKit/537.36 (KHTML, like Gecko) Chrome/114.0.0.0 Safari/537.36 Edge/44.18363.8131"
113.176.240.163 - - [08/Apr/2026:02:03:47 -0400] "GET / HTTP/1.1" 302 287 "-" "Mozilla/5.0 (Windows NT 10.0; WOW64; rv:45.0) Gecko/20100101 Firefox/45.0"
172.225.233.24 - - [08/Apr/2026:02:04:02 -0400] "GET / HTTP/1.1" 302 283 "-" "Mozilla/5.0 (Macintosh; Intel Mac OS X 10_15_7) AppleWebKit/605.1.15 (KHTML, like Gecko) Version/26.3 Safari/605.1.15"
119.28.187.107 - - [08/Apr/2026:02:04:25 -0400] "GET /t1/ HTTP/1.1" 302 285 "-" "Mozilla/5.0 (Windows NT 10.0; Win64; x64) AppleWebKit/537.36 (KHTML, like Gecko) Chrome/143.0.0.0 Safari/537.36"
47.254.155.122 - - [08/Apr/2026:02:04:37 -0400] "GET /t1/ HTTP/1.1" 302 285 "http://a.manbuttered.com/track/MTgyMjQxOjI6MTQ/" "Mozilla/5.0 (Windows NT 10.0; Win64; x64) AppleWebKit/537.36 (KHTML, like Gecko) Chrome/106.0.5249.119 Safari/537.36"
87.101.92.171 - - [08/Apr/2026:02:04:53 -0400] "GET / HTTP/1.1" 302 287 "http://gayeporn.com/xmlrpc.php" "Go-http-client/1.1"
47.243.216.62 - - [08/Apr/2026:02:04:57 -0400] "GET /t1/ HTTP/1.1" 302 285 "http://a.manbuttered.com/track/MTgyMjQxOjI6MTQ/" "Mozilla/5.0 (Windows NT 10.0; Win64; x64) AppleWebKit/537.36 (KHTML, like Gecko) Chrome/106.0.5249.119 Safari/537.36"
170.106.74.108 - - [08/Apr/2026:02:05:03 -0400] "GET /t1/ HTTP/1.1" 302 285 "-" "Mozilla/5.0 (Windows NT 10.0; Win64; x64) AppleWebKit/537.36 (KHTML, like Gecko) Chrome/116.0.0.0 Safari/537.36"
87.101.92.171 - - [08/Apr/2026:02:05:21 -0400] "GET / HTTP/1.1" 302 287 "http://gayeporn.com/xmlrpc.php" "Go-http-client/1.1"
43.131.51.29 - - [08/Apr/2026:02:06:01 -0400] "GET /t1/ HTTP/1.1" 302 285 "-" "Mozilla/5.0 (Windows NT 10.0; Win64; x64) AppleWebKit/537.36 (KHTML, like Gecko) Chrome/111.0.0.0 Safari/537.36"
43.131.54.3 - - [08/Apr/2026:02:08:19 -0400] "GET /t1/ HTTP/1.1" 302 285 "-" "Mozilla/5.0 (Windows NT 10.0; Win64; x64) AppleWebKit/537.36 (KHTML, like Gecko) Chrome/114.0.0.0 Safari/537.36"
20.63.84.172 - - [08/Apr/2026:02:08:51 -0400] "GET / HTTP/1.1" 302 287 "www.google.com" "Mozlila/5.0 (Linux; Android 7.0; SM-G892A Bulid/NRD90M; wv) AppleWebKit/537.36 (KHTML, like Gecko) Version/4.0 Chrome/60.0.3112.107 Moblie Safari/537.36"
20.63.84.172 - - [08/Apr/2026:02:08:51 -0400] "POST / HTTP/1.1" 302 287 "www.google.com" "Mozilla/5.0 (Linux; Android 7.0; SM-G892A Bulid/NRD90M; wv) AppleWebKit/537.36 (KHTML, like Gecko) Version/4.0 Chrome/60.0.3112.107 Moblie Safari/537.36"
20.63.84.172 - - [08/Apr/2026:02:08:51 -0400] "POST / HTTP/1.1" 302 287 "www.google.com" "Mozlila/5.0 (Linux; Android 7.0; SM-G892A Bulid/NRD90M; wv) AppleWebKit/537.36 (KHTML, like Gecko) Version/4.0 Chrome/60.0.3112.107 Moblie Safari/537.36"
20.63.84.172 - - [08/Apr/2026:02:08:52 -0400] "GET / HTTP/1.1" 302 287 "-" "Mozlila/5.0 (Linux; Android 7.0; SM-G892A Bulid/NRD90M; wv) AppleWebKit/537.36 (KHTML, like Gecko) Version/4.0 Chrome/60.0.3112.107 Moblie Safari/537.36"
20.63.84.172 - - [08/Apr/2026:02:08:59 -0400] "POST / HTTP/1.1" 302 287 "www.google.com" "Mozlila/5.0 (Linux; Android 7.0; SM-G892A Bulid/NRD90M; wv) AppleWebKit/537.36 (KHTML, like Gecko) Version/4.0 Chrome/60.0.3112.107 Moblie Safari/537.36"
52.55.22.3 - - [08/Apr/2026:02:09:09 -0400] "GET /robots.txt HTTP/1.1" 403 276 "-" "Mozilla/5.0 (compatible; WebCrawler/1.0)"
100.30.69.104 - - [08/Apr/2026:02:09:29 -0400] "GET /robots.txt HTTP/1.1" 403 276 "-" "Mozilla/5.0 (compatible; WebCrawler/1.0)"
172.104.11.46 - - [08/Apr/2026:02:09:38 -0400] "GET /t1/ HTTP/1.1" 302 285 "http://66.115.174.159:443/" "Mozilla/5.0 (Macintosh; Intel Mac OS X 13_1) AppleWebKit/537.36 (KHTML, like Gecko) Chrome/108.0.0.0 Safari/537.36"
205.210.31.86 - - [08/Apr/2026:02:10:27 -0400] "GET /t1/ HTTP/1.1" 302 285 "http://66.115.174.159:80/" "Hello from Palo Alto Networks, find out more about our scans in https://docs-cortex.paloaltonetworks.com/r/1/Cortex-Xpanse/Scanning-activity"
113.163.68.7 - - [08/Apr/2026:02:11:33 -0400] "GET /t1/ HTTP/1.1" 302 287 "-" "Mozilla/5.0 (Windows NT 10.0; Win64; x64) AppleWebKit/537.36 (KHTML, like Gecko) Chrome/109.0.0.0 Safari/537.36"
167.86.102.235 - - [08/Apr/2026:02:11:45 -0400] "GET / HTTP/1.1" 302 287 "binance.com" "Mozilla/5.0 (Windows NT 10.0; Win64; x64) AppleWebKit/537.36 (KHTML, like Gecko) Chrome/90.0.4430.85 Safari/537.36"
193.37.32.10 - - [08/Apr/2026:02:11:54 -0400] "GET / HTTP/1.1" 302 287 "http://fluidbonding.com/inputs.php" "Mozilla/5.0 (Windows NT 10.0; Win64; x64) AppleWebKit/537.36 (KHTML, like Gecko) Chrome/58.0.3029.110 Safari/537.3"
193.37.32.10 - - [08/Apr/2026:02:11:57 -0400] "GET / HTTP/1.1" 302 287 "http://fluidbonding.com/.well-known/core.php" "Mozilla/5.0 (Windows NT 10.0; Win64; x64) AppleWebKit/537.36 (KHTML, like Gecko) Chrome/58.0.3029.110 Safari/537.3"
193.37.32.10 - - [08/Apr/2026:02:11:58 -0400] "GET / HTTP/1.1" 302 287 "http://fluidbonding.com/wp-content/users.php" "Mozilla/5.0 (Windows NT 10.0; Win64; x64) AppleWebKit/537.36 (KHTML, like Gecko) Chrome/58.0.3029.110 Safari/537.3"
193.37.32.10 - - [08/Apr/2026:02:11:59 -0400] "GET / HTTP/1.1" 302 287 "http://fluidbonding.com/wp-content/wp-activate.php" "Mozilla/5.0 (Windows NT 10.0; Win64; x64) AppleWebKit/537.36 (KHTML, like Gecko) Chrome/58.0.3029.110 Safari/537.3"
193.37.32.10 - - [08/Apr/2026:02:12:00 -0400] "GET / HTTP/1.1" 302 287 "http://fluidbonding.com/num.php" "Mozilla/5.0 (Windows NT 10.0; Win64; x64) AppleWebKit/537.36 (KHTML, like Gecko) Chrome/58.0.3029.110 Safari/537.3"
193.37.32.10 - - [08/Apr/2026:02:12:01 -0400] "GET / HTTP/1.1" 302 287 "http://fluidbonding.com/app.php" "Mozilla/5.0 (Windows NT 10.0; Win64; x64) AppleWebKit/537.36 (KHTML, like Gecko) Chrome/58.0.3029.110 Safari/537.3"
193.37.32.10 - - [08/Apr/2026:02:12:02 -0400] "GET / HTTP/1.1" 302 287 "http://fluidbonding.com/wp-includes/php-compat/" "Mozilla/5.0 (Windows NT 10.0; Win64; x64) AppleWebKit/537.36 (KHTML, like Gecko) Chrome/58.0.3029.110 Safari/537.3"
114.66.17.37 - - [08/Apr/2026:02:12:02 -0400] "GET /t1/ HTTP/1.1" 302 285 "https://a.manbuttered.com/login8.php" "Mozilla/5.0 (Windows NT 10.0; Win64; x64) AppleWebKit/537.36 (KHTML, like Gecko) Chrome/83.0.4103.61 Safari/537.36"
193.37.32.10 - - [08/Apr/2026:02:12:03 -0400] "GET / HTTP/1.1" 302 287 "http://fluidbonding.com/wp-includes/js/codemirror/config.php" "Mozilla/5.0 (Windows NT 10.0; Win64; x64) AppleWebKit/537.36 (KHTML, like Gecko) Chrome/58.0.3029.110 Safari/537.3"
193.37.32.10 - - [08/Apr/2026:02:12:03 -0400] "GET / HTTP/1.1" 302 287 "http://fluidbonding.com/wp-content/test.php" "Mozilla/5.0 (Windows NT 10.0; Win64; x64) AppleWebKit/537.36 (KHTML, like Gecko) Chrome/58.0.3029.110 Safari/537.3"
193.37.32.10 - - [08/Apr/2026:02:12:04 -0400] "GET / HTTP/1.1" 302 287 "http://fluidbonding.com/wp-includes/header.php" "Mozilla/5.0 (Windows NT 10.0; Win64; x64) AppleWebKit/537.36 (KHTML, like Gecko) Chrome/58.0.3029.110 Safari/537.3"
114.66.17.37 - - [08/Apr/2026:02:12:05 -0400] "GET /t1/ HTTP/1.1" 302 285 "https://a.manbuttered.com/login9.php" "Mozilla/5.0 (Windows NT 10.0; Win64; x64) AppleWebKit/537.36 (KHTML, like Gecko) Chrome/83.0.4103.61 Safari/537.36"
193.37.32.10 - - [08/Apr/2026:02:12:05 -0400] "GET / HTTP/1.1" 302 287 "http://fluidbonding.com/wp-includes/block-bindings/system_core.php" "Mozilla/5.0 (Windows NT 10.0; Win64; x64) AppleWebKit/537.36 (KHTML, like Gecko) Chrome/58.0.3029.110 Safari/537.3"
114.66.17.37 - - [08/Apr/2026:02:12:06 -0400] "GET /t1/?ote HTTP/1.1" 302 289 "https://a.manbuttered.com/fun.php?ote" "Mozilla/5.0 (Windows NT 10.0; Win64; x64) AppleWebKit/537.36 (KHTML, like Gecko) Chrome/83.0.4103.61 Safari/537.36"
193.37.32.10 - - [08/Apr/2026:02:12:06 -0400] "GET / HTTP/1.1" 302 287 "http://fluidbonding.com/system_core.php" "Mozilla/5.0 (Windows NT 10.0; Win64; x64) AppleWebKit/537.36 (KHTML, like Gecko) Chrome/58.0.3029.110 Safari/537.3"
193.37.32.10 - - [08/Apr/2026:02:12:07 -0400] "GET / HTTP/1.1" 302 287 "http://fluidbonding.com/rip.php" "Mozilla/5.0 (Windows NT 10.0; Win64; x64) AppleWebKit/537.36 (KHTML, like Gecko) Chrome/58.0.3029.110 Safari/537.3"
193.37.32.10 - - [08/Apr/2026:02:12:08 -0400] "GET / HTTP/1.1" 302 287 "http://fluidbonding.com/wp-content/uploads/admin.php" "Mozilla/5.0 (Windows NT 10.0; Win64; x64) AppleWebKit/537.36 (KHTML, like Gecko) Chrome/58.0.3029.110 Safari/537.3"
193.37.32.10 - - [08/Apr/2026:02:12:09 -0400] "GET / HTTP/1.1" 302 287 "http://fluidbonding.com/wp-content/plugins/pwnd/pwnd.php" "Mozilla/5.0 (Windows NT 10.0; Win64; x64) AppleWebKit/537.36 (KHTML, like Gecko) Chrome/58.0.3029.110 Safari/537.3"
114.66.17.37 - - [08/Apr/2026:02:12:10 -0400] "GET /t1/ HTTP/1.1" 302 285 "https://a.manbuttered.com/logins.php" "Mozilla/5.0 (Windows NT 10.0; Win64; x64) AppleWebKit/537.36 (KHTML, like Gecko) Chrome/83.0.4103.61 Safari/537.36"
193.37.32.10 - - [08/Apr/2026:02:12:10 -0400] "GET / HTTP/1.1" 302 287 "http://fluidbonding.com/admin.php" "Mozilla/5.0 (Windows NT 10.0; Win64; x64) AppleWebKit/537.36 (KHTML, like Gecko) Chrome/58.0.3029.110 Safari/537.3"
114.66.17.37 - - [08/Apr/2026:02:12:11 -0400] "GET /t1/ HTTP/1.1" 302 285 "https://a.manbuttered.com/indexl.php" "Mozilla/5.0 (Windows NT 10.0; Win64; x64) AppleWebKit/537.36 (KHTML, like Gecko) Chrome/83.0.4103.61 Safari/537.36"
193.37.32.10 - - [08/Apr/2026:02:12:11 -0400] "GET / HTTP/1.1" 302 287 "http://fluidbonding.com/upload/zczv.php" "Mozilla/5.0 (Windows NT 10.0; Win64; x64) AppleWebKit/537.36 (KHTML, like Gecko) Chrome/58.0.3029.110 Safari/537.3"
193.37.32.10 - - [08/Apr/2026:02:12:13 -0400] "GET / HTTP/1.1" 302 287 "http://fluidbonding.com/filemanager.php" "Mozilla/5.0 (Windows NT 10.0; Win64; x64) AppleWebKit/537.36 (KHTML, like Gecko) Chrome/58.0.3029.110 Safari/537.3"
193.37.32.10 - - [08/Apr/2026:02:12:14 -0400] "GET / HTTP/1.1" 302 287 "http://fluidbonding.com/admin/" "Mozilla/5.0 (Windows NT 10.0; Win64; x64) AppleWebKit/537.36 (KHTML, like Gecko) Chrome/58.0.3029.110 Safari/537.3"
114.66.17.37 - - [08/Apr/2026:02:12:14 -0400] "GET /t1/ HTTP/1.1" 302 285 "https://a.manbuttered.com/wuti.php" "Mozilla/5.0 (Windows NT 10.0; Win64; x64) AppleWebKit/537.36 (KHTML, like Gecko) Chrome/83.0.4103.61 Safari/537.36"
193.37.32.10 - - [08/Apr/2026:02:12:15 -0400] "GET / HTTP/1.1" 302 287 "http://fluidbonding.com/wp-includes/speculative8.php" "Mozilla/5.0 (Windows NT 10.0; Win64; x64) AppleWebKit/537.36 (KHTML, like Gecko) Chrome/58.0.3029.110 Safari/537.3"
114.66.17.37 - - [08/Apr/2026:02:12:15 -0400] "GET /t1/ HTTP/1.1" 302 285 "https://a.manbuttered.com/dnn.php" "Mozilla/5.0 (Windows NT 10.0; Win64; x64) AppleWebKit/537.36 (KHTML, like Gecko) Chrome/83.0.4103.61 Safari/537.36"
193.37.32.10 - - [08/Apr/2026:02:12:16 -0400] "GET / HTTP/1.1" 302 287 "http://fluidbonding.com/assets/images/selam.php" "Mozilla/5.0 (Windows NT 10.0; Win64; x64) AppleWebKit/537.36 (KHTML, like Gecko) Chrome/58.0.3029.110 Safari/537.3"
114.66.17.37 - - [08/Apr/2026:02:12:16 -0400] "GET /t1/ HTTP/1.1" 302 285 "https://a.manbuttered.com/admin.php" "Mozilla/5.0 (Windows NT 10.0; Win64; x64) AppleWebKit/537.36 (KHTML, like Gecko) Chrome/83.0.4103.61 Safari/537.36"
193.37.32.10 - - [08/Apr/2026:02:12:17 -0400] "GET / HTTP/1.1" 302 287 "http://fluidbonding.com/item.php" "Mozilla/5.0 (Windows NT 10.0; Win64; x64) AppleWebKit/537.36 (KHTML, like Gecko) Chrome/58.0.3029.110 Safari/537.3"
193.37.32.10 - - [08/Apr/2026:02:12:18 -0400] "GET / HTTP/1.1" 302 287 "http://fluidbonding.com/3PJcpMFsD8B.php" "Mozilla/5.0 (Windows NT 10.0; Win64; x64) AppleWebKit/537.36 (KHTML, like Gecko) Chrome/58.0.3029.110 Safari/537.3"
114.66.17.37 - - [08/Apr/2026:02:12:18 -0400] "GET /t1/ HTTP/1.1" 302 285 "https://a.manbuttered.com/api.php" "Mozilla/5.0 (Windows NT 10.0; Win64; x64) AppleWebKit/537.36 (KHTML, like Gecko) Chrome/83.0.4103.61 Safari/537.36"
193.37.32.10 - - [08/Apr/2026:02:12:19 -0400] "GET / HTTP/1.1" 302 287 "http://fluidbonding.com/1.php" "Mozilla/5.0 (Windows NT 10.0; Win64; x64) AppleWebKit/537.36 (KHTML, like Gecko) Chrome/58.0.3029.110 Safari/537.3"
114.66.17.37 - - [08/Apr/2026:02:12:19 -0400] "GET /t1/?ote HTTP/1.1" 302 289 "https://a.manbuttered.com/id.php?ote" "Mozilla/5.0 (Windows NT 10.0; Win64; x64) AppleWebKit/537.36 (KHTML, like Gecko) Chrome/83.0.4103.61 Safari/537.36"
193.37.32.10 - - [08/Apr/2026:02:12:20 -0400] "GET / HTTP/1.1" 302 287 "http://fluidbonding.com/wp-content/plugins/hello-plus/classes/ehp-sarang.php" "Mozilla/5.0 (Windows NT 10.0; Win64; x64) AppleWebKit/537.36 (KHTML, like Gecko) Chrome/58.0.3029.110 Safari/537.3"
43.156.63.119 - - [08/Apr/2026:02:12:20 -0400] "GET /t1/ HTTP/1.1" 302 285 "http://a.manbuttered.com/track/MTgyMjQxOjI6MTQ/" "Mozilla/5.0 (Windows NT 10.0; Win64; x64) AppleWebKit/537.36 (KHTML, like Gecko) Chrome/112.0.0.0 Safari/537.36"
114.66.17.37 - - [08/Apr/2026:02:12:20 -0400] "GET /t1/?type=2 HTTP/1.1" 302 292 "https://a.manbuttered.com/.index_bak.php?type=2" "Mozilla/5.0 (Windows NT 10.0; Win64; x64) AppleWebKit/537.36 (KHTML, like Gecko) Chrome/83.0.4103.61 Safari/537.36"
193.37.32.10 - - [08/Apr/2026:02:12:21 -0400] "GET / HTTP/1.1" 302 287 "http://fluidbonding.com/fm.php" "Mozilla/5.0 (Windows NT 10.0; Win64; x64) AppleWebKit/537.36 (KHTML, like Gecko) Chrome/58.0.3029.110 Safari/537.3"
193.37.32.10 - - [08/Apr/2026:02:12:22 -0400] "GET / HTTP/1.1" 302 287 "http://fluidbonding.com/wp-content/updraft/plugins-old/updraftplus/vendor/team-updraft/" "Mozilla/5.0 (Windows NT 10.0; Win64; x64) AppleWebKit/537.36 (KHTML, like Gecko) Chrome/58.0.3029.110 Safari/537.3"
114.66.17.37 - - [08/Apr/2026:02:12:22 -0400] "GET /t1/?type=2 HTTP/1.1" 302 292 "https://a.manbuttered.com/czunkn.php?type=2" "Mozilla/5.0 (Windows NT 10.0; Win64; x64) AppleWebKit/537.36 (KHTML, like Gecko) Chrome/83.0.4103.61 Safari/537.36"
193.37.32.10 - - [08/Apr/2026:02:12:23 -0400] "GET / HTTP/1.1" 302 287 "http://fluidbonding.com/wp-admin/css/" "Mozilla/5.0 (Windows NT 10.0; Win64; x64) AppleWebKit/537.36 (KHTML, like Gecko) Chrome/58.0.3029.110 Safari/537.3"
114.66.17.37 - - [08/Apr/2026:02:12:23 -0400] "GET /t1/ HTTP/1.1" 302 285 "https://a.manbuttered.com/indexback.php" "Mozilla/5.0 (Windows NT 10.0; Win64; x64) AppleWebKit/537.36 (KHTML, like Gecko) Chrome/83.0.4103.61 Safari/537.36"
193.37.32.10 - - [08/Apr/2026:02:12:24 -0400] "GET / HTTP/1.1" 302 287 "http://fluidbonding.com/wp-content/updates.php" "Mozilla/5.0 (Windows NT 10.0; Win64; x64) AppleWebKit/537.36 (KHTML, like Gecko) Chrome/58.0.3029.110 Safari/537.3"
114.66.17.37 - - [08/Apr/2026:02:12:25 -0400] "GET /t1/ HTTP/1.1" 302 285 "https://a.manbuttered.com/no_basdir.php" "Mozilla/5.0 (Windows NT 10.0; Win64; x64) AppleWebKit/537.36 (KHTML, like Gecko) Chrome/83.0.4103.61 Safari/537.36"
193.37.32.10 - - [08/Apr/2026:02:12:25 -0400] "GET / HTTP/1.1" 302 287 "http://fluidbonding.com/wp-admin/js/" "Mozilla/5.0 (Windows NT 10.0; Win64; x64) AppleWebKit/537.36 (KHTML, like Gecko) Chrome/58.0.3029.110 Safari/537.3"
193.37.32.10 - - [08/Apr/2026:02:12:26 -0400] "GET / HTTP/1.1" 302 287 "http://fluidbonding.com/wp-admin/css/colors/modern/" "Mozilla/5.0 (Windows NT 10.0; Win64; x64) AppleWebKit/537.36 (KHTML, like Gecko) Chrome/58.0.3029.110 Safari/537.3"
114.66.17.37 - - [08/Apr/2026:02:12:26 -0400] "GET /t1/ HTTP/1.1" 302 285 "https://a.manbuttered.com/123.php" "Mozilla/5.0 (Windows NT 10.0; Win64; x64) AppleWebKit/537.36 (KHTML, like Gecko) Chrome/83.0.4103.61 Safari/537.36"
193.37.32.10 - - [08/Apr/2026:02:12:27 -0400] "GET / HTTP/1.1" 302 287 "http://fluidbonding.com/class.api.php" "Mozilla/5.0 (Windows NT 10.0; Win64; x64) AppleWebKit/537.36 (KHTML, like Gecko) Chrome/58.0.3029.110 Safari/537.3"
114.66.17.37 - - [08/Apr/2026:02:12:29 -0400] "GET /t1/ HTTP/1.1" 302 285 "https://a.manbuttered.com/core/basic/Mod.php" "Mozilla/5.0 (Windows NT 10.0; Win64; x64) AppleWebKit/537.36 (KHTML, like Gecko) Chrome/83.0.4103.61 Safari/537.36"
193.37.32.10 - - [08/Apr/2026:02:12:29 -0400] "GET / HTTP/1.1" 302 287 "http://fluidbonding.com/adminfuns.php" "Mozilla/5.0 (Windows NT 10.0; Win64; x64) AppleWebKit/537.36 (KHTML, like Gecko) Chrome/58.0.3029.110 Safari/537.3"
193.37.32.10 - - [08/Apr/2026:02:12:30 -0400] "GET / HTTP/1.1" 302 287 "http://fluidbonding.com/comments/feed/" "Mozilla/5.0 (Windows NT 10.0; Win64; x64) AppleWebKit/537.36 (KHTML, like Gecko) Chrome/58.0.3029.110 Safari/537.3"
193.37.32.10 - - [08/Apr/2026:02:12:31 -0400] "GET / HTTP/1.1" 302 287 "http://fluidbonding.com/wp-content/admin.php" "Mozilla/5.0 (Windows NT 10.0; Win64; x64) AppleWebKit/537.36 (KHTML, like Gecko) Chrome/58.0.3029.110 Safari/537.3"
193.37.32.10 - - [08/Apr/2026:02:12:32 -0400] "GET / HTTP/1.1" 302 287 "http://fluidbonding.com/wp-admin/network/cache/" "Mozilla/5.0 (Windows NT 10.0; Win64; x64) AppleWebKit/537.36 (KHTML, like Gecko) Chrome/58.0.3029.110 Safari/537.3"
114.66.17.37 - - [08/Apr/2026:02:12:33 -0400] "GET /t1/ HTTP/1.1" 302 285 "https://a.manbuttered.com/nkdalao.php" "Mozilla/5.0 (Windows NT 10.0; Win64; x64) AppleWebKit/537.36 (KHTML, like Gecko) Chrome/83.0.4103.61 Safari/537.36"
193.37.32.10 - - [08/Apr/2026:02:12:33 -0400] "GET / HTTP/1.1" 302 287 "http://fluidbonding.com/mah.php" "Mozilla/5.0 (Windows NT 10.0; Win64; x64) AppleWebKit/537.36 (KHTML, like Gecko) Chrome/58.0.3029.110 Safari/537.3"
193.37.32.10 - - [08/Apr/2026:02:12:34 -0400] "GET / HTTP/1.1" 302 287 "http://fluidbonding.com/wp-admin/shell.php" "Mozilla/5.0 (Windows NT 10.0; Win64; x64) AppleWebKit/537.36 (KHTML, like Gecko) Chrome/58.0.3029.110 Safari/537.3"
114.66.17.37 - - [08/Apr/2026:02:12:34 -0400] "GET /t1/ HTTP/1.1" 302 285 "https://a.manbuttered.com/she11.php" "Mozilla/5.0 (Windows NT 10.0; Win64; x64) AppleWebKit/537.36 (KHTML, like Gecko) Chrome/83.0.4103.61 Safari/537.36"
193.37.32.10 - - [08/Apr/2026:02:12:35 -0400] "GET / HTTP/1.1" 302 287 "http://fluidbonding.com/goods.php" "Mozilla/5.0 (Windows NT 10.0; Win64; x64) AppleWebKit/537.36 (KHTML, like Gecko) Chrome/58.0.3029.110 Safari/537.3"
114.66.17.37 - - [08/Apr/2026:02:12:36 -0400] "GET /t1/ HTTP/1.1" 302 285 "https://a.manbuttered.com/shell.php" "Mozilla/5.0 (Windows NT 10.0; Win64; x64) AppleWebKit/537.36 (KHTML, like Gecko) Chrome/83.0.4103.61 Safari/537.36"
193.37.32.10 - - [08/Apr/2026:02:12:36 -0400] "GET / HTTP/1.1" 302 287 "http://fluidbonding.com/wp-content/plugins/revslider/includes/external/page/" "Mozilla/5.0 (Windows NT 10.0; Win64; x64) AppleWebKit/537.36 (KHTML, like Gecko) Chrome/58.0.3029.110 Safari/537.3"
114.66.17.37 - - [08/Apr/2026:02:12:37 -0400] "GET /t1/ HTTP/1.1" 302 285 "https://a.manbuttered.com/debug.php" "Mozilla/5.0 (Windows NT 10.0; Win64; x64) AppleWebKit/537.36 (KHTML, like Gecko) Chrome/83.0.4103.61 Safari/537.36"
