74.206.190.98 - - [02/Feb/2026:15:16:11 -0500] "POST /wp-cron.php?doing_wp_cron=1770063371.1778340339660644531250 HTTP/1.1" 406 327 "-" "WordPress/4.5.8; http://www.xxxdads.com"
104.244.74.96 - - [02/Feb/2026:15:16:10 -0500] "GET /wp-login.php HTTP/1.1" 200 2590 "-" "Mozilla/5.0 (Windows NT 6.1; Trident/7.0; rv:11.0) like Gecko"
104.244.74.96 - - [02/Feb/2026:15:16:11 -0500] "POST /wp-login.php HTTP/1.1" 200 3597 "-" "Mozilla/5.0 (Windows NT 6.1; Trident/7.0; rv:11.0) like Gecko"
74.206.190.98 - - [02/Feb/2026:15:20:59 -0500] "GET / HTTP/1.1" 200 67946 "-" "curl/7.29.0"
74.206.190.98 - - [02/Feb/2026:15:25:44 -0500] "GET / HTTP/1.1" 200 67946 "-" "curl/7.29.0"
74.206.190.98 - - [02/Feb/2026:15:30:44 -0500] "GET / HTTP/1.1" 200 67946 "-" "curl/7.29.0"
74.206.190.98 - - [02/Feb/2026:15:35:44 -0500] "GET / HTTP/1.1" 200 67946 "-" "curl/7.29.0"
74.206.190.98 - - [02/Feb/2026:15:38:41 -0500] "POST /wp-cron.php?doing_wp_cron=1770064721.8947799205780029296875 HTTP/1.1" 406 327 "-" "WordPress/4.5.8; http://www.xxxdads.com"
114.119.132.34 - - [02/Feb/2026:15:38:41 -0500] "GET /index.php/gay-daddy-porn/gay-daddy-boy.html HTTP/1.1" 200 6230 "http://www.xxxdads.com/index.php/gay-daddy-porn/79.html" "Mozilla/5.0 (Linux; Android 7.0;) AppleWebKit/537.36 (KHTML, like Gecko) Mobile Safari/537.36 (compatible; PetalBot;+https://webmaster.petalsearch.com/site/petalbot)"
74.206.190.98 - - [02/Feb/2026:15:41:30 -0500] "GET / HTTP/1.1" 200 67946 "-" "curl/7.29.0"
74.206.190.98 - - [02/Feb/2026:15:45:55 -0500] "POST /wp-cron.php?doing_wp_cron=1770065155.2424600124359130859375 HTTP/1.1" 406 327 "-" "WordPress/4.5.8; http://www.xxxdads.com"
74.206.190.98 - - [02/Feb/2026:15:45:55 -0500] "GET / HTTP/1.1" 200 67946 "-" "curl/7.29.0"
74.206.190.98 - - [02/Feb/2026:15:50:39 -0500] "GET / HTTP/1.1" 200 67946 "-" "curl/7.29.0"
74.206.190.98 - - [02/Feb/2026:15:55:45 -0500] "GET / HTTP/1.1" 200 67946 "-" "curl/7.29.0"
43.159.140.236 - - [02/Feb/2026:16:00:00 -0500] "GET / HTTP/1.1" 301 20 "-" "Mozilla/5.0 (iPhone; CPU iPhone OS 13_2_3 like Mac OS X) AppleWebKit/605.1.15 (KHTML, like Gecko) Version/13.0.3 Mobile/15E148 Safari/604.1"
43.159.140.236 - - [02/Feb/2026:16:00:00 -0500] "GET / HTTP/1.1" 200 6875 "http://xxxdads.com" "Mozilla/5.0 (iPhone; CPU iPhone OS 13_2_3 like Mac OS X) AppleWebKit/605.1.15 (KHTML, like Gecko) Version/13.0.3 Mobile/15E148 Safari/604.1"
74.206.190.98 - - [02/Feb/2026:16:00:54 -0500] "GET / HTTP/1.1" 200 67946 "-" "curl/7.29.0"
74.206.190.98 - - [02/Feb/2026:16:05:57 -0500] "GET / HTTP/1.1" 200 67946 "-" "curl/7.29.0"
74.206.190.98 - - [02/Feb/2026:16:10:41 -0500] "GET / HTTP/1.1" 200 67946 "-" "curl/7.29.0"
74.206.190.98 - - [02/Feb/2026:16:15:43 -0500] "GET / HTTP/1.1" 200 67946 "-" "curl/7.29.0"
74.206.190.98 - - [02/Feb/2026:16:20:53 -0500] "GET / HTTP/1.1" 200 67946 "-" "curl/7.29.0"
74.206.190.98 - - [02/Feb/2026:16:25:43 -0500] "GET / HTTP/1.1" 200 67946 "-" "curl/7.29.0"
74.206.190.98 - - [02/Feb/2026:16:30:44 -0500] "GET / HTTP/1.1" 200 67946 "-" "curl/7.29.0"
74.206.190.98 - - [02/Feb/2026:16:30:58 -0500] "POST /wp-cron.php?doing_wp_cron=1770067858.7966558933258056640625 HTTP/1.1" 406 327 "-" "WordPress/4.5.8; http://www.xxxdads.com"
40.77.167.57 - - [02/Feb/2026:16:30:58 -0500] "GET /?Submit=Search&s= HTTP/1.1" 200 6792 "-" "Mozilla/5.0 AppleWebKit/537.36 (KHTML, like Gecko; compatible; bingbot/2.0; +http://www.bing.com/bingbot.htm) Chrome/116.0.1938.76 Safari/537.36"
74.206.190.98 - - [02/Feb/2026:16:35:45 -0500] "GET / HTTP/1.1" 200 67946 "-" "curl/7.29.0"
74.206.190.98 - - [02/Feb/2026:16:41:09 -0500] "GET / HTTP/1.1" 200 67946 "-" "curl/7.29.0"
74.206.190.98 - - [02/Feb/2026:16:45:52 -0500] "GET / HTTP/1.1" 200 67946 "-" "curl/7.29.0"
74.206.190.98 - - [02/Feb/2026:16:50:43 -0500] "POST /wp-cron.php?doing_wp_cron=1770069043.4346001148223876953125 HTTP/1.1" 406 327 "-" "WordPress/4.5.8; http://www.xxxdads.com"
45.61.188.177 - - [02/Feb/2026:16:50:43 -0500] "GET /wp-login.php HTTP/1.1" 200 2590 "-" "Mozilla/5.0 (Macintosh; Intel Mac OS X 10_7_5) AppleWebKit/537.77.4 (KHTML, like Gecko) Version/6.1.5 Safari/537.77.4"
45.61.188.177 - - [02/Feb/2026:16:50:44 -0500] "POST /wp-login.php HTTP/1.1" 200 3579 "-" "Mozilla/5.0 (Macintosh; Intel Mac OS X 10_7_5) AppleWebKit/537.77.4 (KHTML, like Gecko) Version/6.1.5 Safari/537.77.4"
74.206.190.98 - - [02/Feb/2026:16:50:43 -0500] "GET / HTTP/1.1" 200 67946 "-" "curl/7.29.0"
101.32.52.164 - - [02/Feb/2026:16:50:57 -0500] "GET / HTTP/1.1" 200 6876 "-" "Mozilla/5.0 (iPhone; CPU iPhone OS 13_2_3 like Mac OS X) AppleWebKit/605.1.15 (KHTML, like Gecko) Version/13.0.3 Mobile/15E148 Safari/604.1"
74.206.190.98 - - [02/Feb/2026:16:55:43 -0500] "GET / HTTP/1.1" 200 67946 "-" "curl/7.29.0"
74.206.190.98 - - [02/Feb/2026:17:01:00 -0500] "GET / HTTP/1.1" 200 67946 "-" "curl/7.29.0"
74.206.190.98 - - [02/Feb/2026:17:05:51 -0500] "GET / HTTP/1.1" 200 67946 "-" "curl/7.29.0"
74.206.190.98 - - [02/Feb/2026:17:10:48 -0500] "GET / HTTP/1.1" 200 67946 "-" "curl/7.29.0"
74.206.190.98 - - [02/Feb/2026:17:15:48 -0500] "GET / HTTP/1.1" 200 67946 "-" "curl/7.29.0"
74.206.190.98 - - [02/Feb/2026:17:21:09 -0500] "GET / HTTP/1.1" 200 67946 "-" "curl/7.29.0"
74.206.190.98 - - [02/Feb/2026:17:25:55 -0500] "GET / HTTP/1.1" 200 67946 "-" "curl/7.29.0"
74.206.190.98 - - [02/Feb/2026:17:30:47 -0500] "GET / HTTP/1.1" 200 67946 "-" "curl/7.29.0"
74.206.190.98 - - [02/Feb/2026:17:32:28 -0500] "POST /wp-cron.php?doing_wp_cron=1770071548.3874258995056152343750 HTTP/1.1" 406 327 "-" "WordPress/4.5.8; http://www.xxxdads.com"
101.47.132.137 - - [02/Feb/2026:17:32:28 -0500] "GET /index.php/tag/cumshot HTTP/1.1" 200 5009 "-" "Mozilla/5.0 (Macintosh; Intel Mac OS X 10_15_7) AppleWebKit/537.36 (KHTML, like Gecko) Chrome/120.0.0.0 Safari/537.36"
74.206.190.98 - - [02/Feb/2026:17:35:46 -0500] "GET / HTTP/1.1" 200 67946 "-" "curl/7.29.0"
74.206.190.98 - - [02/Feb/2026:17:40:59 -0500] "GET / HTTP/1.1" 200 67946 "-" "curl/7.29.0"
74.206.190.98 - - [02/Feb/2026:17:45:51 -0500] "POST /wp-cron.php?doing_wp_cron=1770072351.3409729003906250000000 HTTP/1.1" 406 327 "-" "WordPress/4.5.8; http://www.xxxdads.com"
101.47.133.149 - - [02/Feb/2026:17:45:51 -0500] "GET /index.php/tag/dad-anal HTTP/1.1" 200 4881 "-" "Mozilla/5.0 (Macintosh; Intel Mac OS X 10_15_7) AppleWebKit/537.36 (KHTML, like Gecko) Chrome/123.0.0.0 Safari/537.36"
74.206.190.98 - - [02/Feb/2026:17:45:56 -0500] "GET / HTTP/1.1" 200 67946 "-" "curl/7.29.0"
74.206.190.98 - - [02/Feb/2026:17:50:48 -0500] "POST /wp-cron.php?doing_wp_cron=1770072648.4020509719848632812500 HTTP/1.1" 406 327 "-" "WordPress/4.5.8; http://www.xxxdads.com"
74.206.190.98 - - [02/Feb/2026:17:50:48 -0500] "GET / HTTP/1.1" 200 67946 "-" "curl/7.29.0"
74.206.190.98 - - [02/Feb/2026:17:55:45 -0500] "GET / HTTP/1.1" 200 67946 "-" "curl/7.29.0"
74.206.190.98 - - [02/Feb/2026:18:00:10 -0500] "POST /wp-cron.php?doing_wp_cron=1770073210.0635030269622802734375 HTTP/1.1" 406 327 "-" "WordPress/4.5.8; http://www.xxxdads.com"
52.2.58.41 - - [02/Feb/2026:18:00:09 -0500] "GET /index.php/tag/daddy HTTP/1.1" 200 5362 "-" "Mozilla/5.0 AppleWebKit/537.36 (KHTML, like Gecko; compatible; Amazonbot/0.1; +https://developer.amazon.com/support/amazonbot) Chrome/119.0.6045.214 Safari/537.36"
74.206.190.98 - - [02/Feb/2026:18:01:10 -0500] "GET / HTTP/1.1" 200 67946 "-" "curl/7.29.0"
74.206.190.98 - - [02/Feb/2026:18:05:46 -0500] "GET / HTTP/1.1" 200 67946 "-" "curl/7.29.0"
74.206.190.98 - - [02/Feb/2026:18:10:24 -0500] "POST /wp-cron.php?doing_wp_cron=1770073824.7431640625000000000000 HTTP/1.1" 406 327 "-" "WordPress/4.5.8; http://www.xxxdads.com"
101.47.135.191 - - [02/Feb/2026:18:10:24 -0500] "GET /index.php/gay-daddy-sex/hardcore-gay-dad-bareback.html HTTP/1.1" 200 6333 "-" "Mozilla/5.0 (Macintosh; Intel Mac OS X 13_5) AppleWebKit/605.1.15 (KHTML, like Gecko) Version/17.0 Safari/184.1"
74.206.190.98 - - [02/Feb/2026:18:10:47 -0500] "GET / HTTP/1.1" 200 67946 "-" "curl/7.29.0"
74.206.190.98 - - [02/Feb/2026:18:15:48 -0500] "GET / HTTP/1.1" 200 67946 "-" "curl/7.29.0"
182.44.2.148 - - [02/Feb/2026:18:16:04 -0500] "GET / HTTP/1.1" 200 6876 "-" "Mozilla/5.0 (iPhone; CPU iPhone OS 13_2_3 like Mac OS X) AppleWebKit/605.1.15 (KHTML, like Gecko) Version/13.0.3 Mobile/15E148 Safari/604.1"
17.22.237.158 - - [02/Feb/2026:18:17:22 -0500] "GET /robots.txt HTTP/1.1" 200 49 "-" "Mozilla/5.0 (Macintosh; Intel Mac OS X 10_15_7) AppleWebKit/605.1.15 (KHTML, like Gecko) Version/17.4 Safari/605.1.15 (Applebot/0.1; +http://www.apple.com/go/applebot)"
74.206.190.98 - - [02/Feb/2026:18:17:29 -0500] "POST /wp-cron.php?doing_wp_cron=1770074249.8890409469604492187500 HTTP/1.1" 406 327 "-" "WordPress/4.5.8; http://www.xxxdads.com"
17.22.237.158 - - [02/Feb/2026:18:17:29 -0500] "GET /index.php/page/2 HTTP/1.1" 200 5705 "-" "Mozilla/5.0 (Macintosh; Intel Mac OS X 10_15_7) AppleWebKit/605.1.15 (KHTML, like Gecko) Version/17.4 Safari/605.1.15 (Applebot/0.1; +http://www.apple.com/go/applebot)"
74.206.190.98 - - [02/Feb/2026:18:20:53 -0500] "GET / HTTP/1.1" 200 67946 "-" "curl/7.29.0"
74.206.190.98 - - [02/Feb/2026:18:25:50 -0500] "GET / HTTP/1.1" 200 67946 "-" "curl/7.29.0"
74.206.190.98 - - [02/Feb/2026:18:30:48 -0500] "GET / HTTP/1.1" 200 67946 "-" "curl/7.29.0"
74.206.190.98 - - [02/Feb/2026:18:35:48 -0500] "GET / HTTP/1.1" 200 67946 "-" "curl/7.29.0"
114.119.141.201 - - [02/Feb/2026:18:39:03 -0500] "GET /robots.txt HTTP/1.1" 200 49 "-" "Mozilla/5.0 (compatible;PetalBot;+https://webmaster.petalsearch.com/site/petalbot)"
17.241.227.119 - - [02/Feb/2026:18:40:14 -0500] "GET /robots.txt HTTP/1.1" 200 49 "-" "Mozilla/5.0 (Macintosh; Intel Mac OS X 10_15_7) AppleWebKit/605.1.15 (KHTML, like Gecko) Version/17.4 Safari/605.1.15 (Applebot/0.1; +http://www.apple.com/go/applebot)"
74.206.190.98 - - [02/Feb/2026:18:40:16 -0500] "POST /wp-cron.php?doing_wp_cron=1770075616.2865180969238281250000 HTTP/1.1" 406 327 "-" "WordPress/4.5.8; http://www.xxxdads.com"
17.241.227.119 - - [02/Feb/2026:18:40:14 -0500] "GET /index.php/tag/doggy-style/feed HTTP/1.1" 200 2500 "-" "Mozilla/5.0 (Macintosh; Intel Mac OS X 10_15_7) AppleWebKit/605.1.15 (KHTML, like Gecko) Version/17.4 Safari/605.1.15 (Applebot/0.1; +http://www.apple.com/go/applebot)"
74.206.190.98 - - [02/Feb/2026:18:41:20 -0500] "GET / HTTP/1.1" 200 67946 "-" "curl/7.29.0"
74.206.190.98 - - [02/Feb/2026:18:46:02 -0500] "GET / HTTP/1.1" 200 67946 "-" "curl/7.29.0"
74.206.190.98 - - [02/Feb/2026:18:50:47 -0500] "GET / HTTP/1.1" 200 67946 "-" "curl/7.29.0"
74.206.190.98 - - [02/Feb/2026:18:55:46 -0500] "POST /wp-cron.php?doing_wp_cron=1770076546.5355958938598632812500 HTTP/1.1" 406 327 "-" "WordPress/4.5.8; http://www.xxxdads.com"
74.206.190.98 - - [02/Feb/2026:18:55:46 -0500] "GET / HTTP/1.1" 200 67946 "-" "curl/7.29.0"
74.206.190.98 - - [02/Feb/2026:19:01:02 -0500] "GET / HTTP/1.1" 200 67946 "-" "curl/7.29.0"
74.206.190.98 - - [02/Feb/2026:19:05:57 -0500] "GET / HTTP/1.1" 200 67946 "-" "curl/7.29.0"
74.206.190.98 - - [02/Feb/2026:19:10:45 -0500] "GET / HTTP/1.1" 200 67946 "-" "curl/7.29.0"
74.206.190.98 - - [02/Feb/2026:19:15:51 -0500] "GET / HTTP/1.1" 200 67946 "-" "curl/7.29.0"
74.206.190.98 - - [02/Feb/2026:19:19:29 -0500] "POST /wp-cron.php?doing_wp_cron=1770077969.9509770870208740234375 HTTP/1.1" 406 327 "-" "WordPress/4.5.8; http://www.xxxdads.com"
114.119.132.34 - - [02/Feb/2026:19:19:29 -0500] "GET /index.php/tag/blowjob HTTP/1.1" 200 5006 "http://www.xxxdads.com/index.php/tag/daddy-gay" "Mozilla/5.0 (Linux; Android 7.0;) AppleWebKit/537.36 (KHTML, like Gecko) Mobile Safari/537.36 (compatible; PetalBot;+https://webmaster.petalsearch.com/site/petalbot)"
74.206.190.98 - - [02/Feb/2026:19:20:53 -0500] "POST /wp-cron.php?doing_wp_cron=1770078053.7768878936767578125000 HTTP/1.1" 406 327 "-" "WordPress/4.5.8; http://www.xxxdads.com"
114.119.133.56 - - [02/Feb/2026:19:20:53 -0500] "GET /index.php/gay-daddy-porn/gay-daddy-videos-tube.html HTTP/1.1" 200 6347 "http://www.xxxdads.com/index.php/gay-daddy-porn/79.html" "Mozilla/5.0 (Linux; Android 7.0;) AppleWebKit/537.36 (KHTML, like Gecko) Mobile Safari/537.36 (compatible; PetalBot;+https://webmaster.petalsearch.com/site/petalbot)"
172.90.144.66 - - [02/Feb/2026:19:20:57 -0500] "GET /index.php/page/2 HTTP/1.1" 200 5706 "-" "Mozilla/5.0 (Macintosh; Intel Mac OS X 10_15_7) AppleWebKit/605.1.15 (KHTML, like Gecko) Version/26.2 Safari/605.1.15"
74.206.190.98 - - [02/Feb/2026:19:21:06 -0500] "GET / HTTP/1.1" 200 67946 "-" "curl/7.29.0"
172.90.144.66 - - [02/Feb/2026:19:21:09 -0500] "GET /index.php/page/2 HTTP/1.1" 200 5706 "-" "Mozilla/5.0 (Macintosh; Intel Mac OS X 10_15_7) AppleWebKit/605.1.15 (KHTML, like Gecko) Version/26.2 Safari/605.1.15"
172.90.144.66 - - [02/Feb/2026:19:21:22 -0500] "GET / HTTP/1.1" 200 6876 "http://www.xxxdads.com/index.php/page/2" "Mozilla/5.0 (Macintosh; Intel Mac OS X 10_15_7) AppleWebKit/605.1.15 (KHTML, like Gecko) Version/26.2 Safari/605.1.15"
74.206.190.98 - - [02/Feb/2026:19:25:59 -0500] "GET / HTTP/1.1" 200 67946 "-" "curl/7.29.0"
74.206.190.98 - - [02/Feb/2026:19:30:13 -0500] "POST /wp-cron.php?doing_wp_cron=1770078613.9836530685424804687500 HTTP/1.1" 406 327 "-" "WordPress/4.5.8; http://www.xxxdads.com"
107.189.5.231 - - [02/Feb/2026:19:30:13 -0500] "GET /wp-login.php HTTP/1.1" 200 2590 "-" "Mozilla/5.0 (Macintosh; Intel Mac OS X 10_10_0) AppleWebKit/537.36 (KHTML, like Gecko) Chrome/36.0.1985.125 Safari/537.36"
107.189.5.231 - - [02/Feb/2026:19:30:14 -0500] "POST /wp-login.php HTTP/1.1" 200 3579 "-" "Mozilla/5.0 (Macintosh; Intel Mac OS X 10_10_0) AppleWebKit/537.36 (KHTML, like Gecko) Chrome/36.0.1985.125 Safari/537.36"
74.206.190.98 - - [02/Feb/2026:19:30:50 -0500] "GET / HTTP/1.1" 200 67946 "-" "curl/7.29.0"
74.206.190.98 - - [02/Feb/2026:19:32:15 -0500] "POST /wp-cron.php?doing_wp_cron=1770078735.7236471176147460937500 HTTP/1.1" 406 327 "-" "WordPress/4.5.8; http://www.xxxdads.com"
172.90.144.66 - - [02/Feb/2026:19:32:15 -0500] "GET /index.php/tag/dad-porn HTTP/1.1" 200 4883 "-" "Mozilla/5.0 (Macintosh; Intel Mac OS X 10_15_7) AppleWebKit/605.1.15 (KHTML, like Gecko) Version/26.2 Safari/605.1.15"
74.206.190.98 - - [02/Feb/2026:19:35:48 -0500] "GET / HTTP/1.1" 200 67946 "-" "curl/7.29.0"
74.206.190.98 - - [02/Feb/2026:19:41:09 -0500] "GET / HTTP/1.1" 200 67946 "-" "curl/7.29.0"
74.206.190.98 - - [02/Feb/2026:19:46:02 -0500] "GET / HTTP/1.1" 200 67946 "-" "curl/7.29.0"
74.206.190.98 - - [02/Feb/2026:19:50:57 -0500] "GET / HTTP/1.1" 200 67946 "-" "curl/7.29.0"
74.206.190.98 - - [02/Feb/2026:19:55:51 -0500] "POST /wp-cron.php?doing_wp_cron=1770080151.7695980072021484375000 HTTP/1.1" 406 327 "-" "WordPress/4.5.8; http://www.xxxdads.com"
74.206.190.98 - - [02/Feb/2026:19:55:51 -0500] "GET / HTTP/1.1" 200 67946 "-" "curl/7.29.0"
74.206.190.98 - - [02/Feb/2026:20:01:13 -0500] "GET / HTTP/1.1" 200 67946 "-" "curl/7.29.0"
74.206.190.98 - - [02/Feb/2026:20:05:59 -0500] "GET / HTTP/1.1" 200 67946 "-" "curl/7.29.0"
74.206.190.98 - - [02/Feb/2026:20:10:56 -0500] "GET / HTTP/1.1" 200 67946 "-" "curl/7.29.0"
74.206.190.98 - - [02/Feb/2026:20:15:57 -0500] "GET / HTTP/1.1" 200 67946 "-" "curl/7.29.0"
74.206.190.98 - - [02/Feb/2026:20:21:25 -0500] "GET / HTTP/1.1" 200 67946 "-" "curl/7.29.0"
74.206.190.98 - - [02/Feb/2026:20:25:58 -0500] "GET / HTTP/1.1" 200 67946 "-" "curl/7.29.0"
74.206.190.98 - - [02/Feb/2026:20:30:52 -0500] "GET / HTTP/1.1" 200 67946 "-" "curl/7.29.0"
74.206.190.98 - - [02/Feb/2026:20:35:53 -0500] "GET / HTTP/1.1" 200 67946 "-" "curl/7.29.0"
74.206.190.98 - - [02/Feb/2026:20:41:20 -0500] "GET / HTTP/1.1" 200 67946 "-" "curl/7.29.0"
74.206.190.98 - - [02/Feb/2026:20:46:05 -0500] "GET / HTTP/1.1" 200 67946 "-" "curl/7.29.0"
54.225.181.161 - - [02/Feb/2026:20:48:21 -0500] "GET /robots.txt HTTP/1.1" 200 49 "-" "Mozilla/5.0 AppleWebKit/537.36 (KHTML, like Gecko; compatible; Amazonbot/0.1; +https://developer.amazon.com/support/amazonbot) Chrome/119.0.6045.214 Safari/537.36"
74.206.190.98 - - [02/Feb/2026:20:48:44 -0500] "POST /wp-cron.php?doing_wp_cron=1770083324.1805860996246337890625 HTTP/1.1" 406 327 "-" "WordPress/4.5.8; http://www.xxxdads.com"
34.206.212.24 - - [02/Feb/2026:20:48:43 -0500] "GET /index.php/tag/gay-dad HTTP/1.1" 200 5437 "-" "Mozilla/5.0 AppleWebKit/537.36 (KHTML, like Gecko; compatible; Amazonbot/0.1; +https://developer.amazon.com/support/amazonbot) Chrome/119.0.6045.214 Safari/537.36"
3.217.82.254 - - [02/Feb/2026:20:48:46 -0500] "GET /index.php/tag/daddy-sex HTTP/1.1" 200 5116 "-" "Mozilla/5.0 AppleWebKit/537.36 (KHTML, like Gecko; compatible; Amazonbot/0.1; +https://developer.amazon.com/support/amazonbot) Chrome/119.0.6045.214 Safari/537.36"
54.221.203.24 - - [02/Feb/2026:20:48:51 -0500] "GET /index.php/tag/breeding-cum HTTP/1.1" 200 5005 "-" "Mozilla/5.0 AppleWebKit/537.36 (KHTML, like Gecko; compatible; Amazonbot/0.1; +https://developer.amazon.com/support/amazonbot) Chrome/119.0.6045.214 Safari/537.36"
74.206.190.98 - - [02/Feb/2026:20:50:55 -0500] "GET / HTTP/1.1" 200 67946 "-" "curl/7.29.0"
74.206.190.98 - - [02/Feb/2026:20:55:53 -0500] "POST /wp-cron.php?doing_wp_cron=1770083753.4938759803771972656250 HTTP/1.1" 406 327 "-" "WordPress/4.5.8; http://www.xxxdads.com"
74.206.190.98 - - [02/Feb/2026:20:55:53 -0500] "GET / HTTP/1.1" 200 67946 "-" "curl/7.29.0"
74.206.190.98 - - [02/Feb/2026:21:01:02 -0500] "GET / HTTP/1.1" 200 67946 "-" "curl/7.29.0"
74.206.190.98 - - [02/Feb/2026:21:05:57 -0500] "GET / HTTP/1.1" 200 67946 "-" "curl/7.29.0"
74.206.190.98 - - [02/Feb/2026:21:10:49 -0500] "GET / HTTP/1.1" 200 67946 "-" "curl/7.29.0"
74.206.190.98 - - [02/Feb/2026:21:15:47 -0500] "GET / HTTP/1.1" 200 67946 "-" "curl/7.29.0"
74.206.190.98 - - [02/Feb/2026:21:21:07 -0500] "GET / HTTP/1.1" 200 67946 "-" "curl/7.29.0"
74.206.190.98 - - [02/Feb/2026:21:25:55 -0500] "GET / HTTP/1.1" 200 67946 "-" "curl/7.29.0"
74.206.190.98 - - [02/Feb/2026:21:25:59 -0500] "POST /wp-cron.php?doing_wp_cron=1770085559.8762040138244628906250 HTTP/1.1" 406 327 "-" "WordPress/4.5.8; http://www.xxxdads.com"
101.47.162.255 - - [02/Feb/2026:21:25:59 -0500] "GET /index.php/tag/daddy-tube HTTP/1.1" 200 4871 "-" "Mozilla/5.0 (Macintosh; Intel Mac OS X 10_15_7) AppleWebKit/537.36 (KHTML, like Gecko) Chrome/131.0.0.0 Safari/537.36"
157.245.72.37 - - [02/Feb/2026:21:26:18 -0500] "GET / HTTP/1.1" 301 20 "-" "Mozilla/5.0 (X11; Linux x86_64; rv:142.0) Gecko/20100101 Firefox/142.0"
74.206.190.98 - - [02/Feb/2026:21:30:55 -0500] "GET / HTTP/1.1" 200 67946 "-" "curl/7.29.0"
192.71.126.53 - - [02/Feb/2026:21:33:59 -0500] "GET / HTTP/1.1" 301 20 "-" "Mozilla/5.0 (Linux; Android 12; SAMSUNG SM-A415F) AppleWebKit/537.36 (KHTML, like Gecko) SamsungBrowser/23.0 Chrome/115.0.0.0 Mobile Safari/537.3"
192.71.142.146 - - [02/Feb/2026:21:33:59 -0500] "GET / HTTP/1.1" 200 6877 "http://xxxdads.com/" "Mozilla/5.0 (Linux; Android 12; SAMSUNG SM-A415F) AppleWebKit/537.36 (KHTML, like Gecko) SamsungBrowser/23.0 Chrome/115.0.0.0 Mobile Safari/537.3"
74.206.190.98 - - [02/Feb/2026:21:34:00 -0500] "POST /wp-cron.php?doing_wp_cron=1770086040.2007980346679687500000 HTTP/1.1" 406 327 "-" "WordPress/4.5.8; http://www.xxxdads.com"
194.103.212.184 - - [02/Feb/2026:21:34:00 -0500] "GET /index.php/gay-daddy-porn/free-video-bareback-daddy-gay.html HTTP/1.1" 200 6192 "-" "Mozilla/5.0 (Linux; Android 12; SAMSUNG SM-A415F) AppleWebKit/537.36 (KHTML, like Gecko) SamsungBrowser/23.0 Chrome/115.0.0.0 Mobile Safari/537.3"
192.71.142.150 - - [02/Feb/2026:21:34:00 -0500] "GET /index.php/gay-daddy-porn/rough-gay-daddy-bareback.html HTTP/1.1" 200 6349 "-" "Mozilla/5.0 (Linux; Android 12; SAMSUNG SM-A415F) AppleWebKit/537.36 (KHTML, like Gecko) SamsungBrowser/23.0 Chrome/115.0.0.0 Mobile Safari/537.3"
192.71.2.9 - - [02/Feb/2026:21:34:01 -0500] "GET /index.php/gay-daddy-porn/gay-daddy-videos-tube.html HTTP/1.1" 200 6347 "-" "Mozilla/5.0 (Linux; Android 12; SAMSUNG SM-A415F) AppleWebKit/537.36 (KHTML, like Gecko) SamsungBrowser/23.0 Chrome/115.0.0.0 Mobile Safari/537.3"
74.206.190.98 - - [02/Feb/2026:21:35:54 -0500] "GET / HTTP/1.1" 200 67946 "-" "curl/7.29.0"
74.206.190.98 - - [02/Feb/2026:21:41:24 -0500] "GET / HTTP/1.1" 200 67946 "-" "curl/7.29.0"
74.206.190.98 - - [02/Feb/2026:21:45:46 -0500] "POST /wp-cron.php?doing_wp_cron=1770086746.3351390361785888671875 HTTP/1.1" 406 327 "-" "WordPress/4.5.8; http://www.xxxdads.com"
45.61.188.177 - - [02/Feb/2026:21:45:46 -0500] "GET /wp-login.php HTTP/1.1" 200 2590 "-" "Mozilla/5.0 (Windows NT 6.2; WOW64; rv:31.0) Gecko/20100101 Firefox/31.0"
45.61.188.177 - - [02/Feb/2026:21:45:46 -0500] "POST /wp-login.php HTTP/1.1" 200 3579 "-" "Mozilla/5.0 (Windows NT 6.2; WOW64; rv:31.0) Gecko/20100101 Firefox/31.0"
74.206.190.98 - - [02/Feb/2026:21:46:00 -0500] "GET / HTTP/1.1" 200 67946 "-" "curl/7.29.0"
74.206.190.98 - - [02/Feb/2026:21:50:51 -0500] "GET / HTTP/1.1" 200 67946 "-" "curl/7.29.0"
74.206.190.98 - - [02/Feb/2026:21:51:06 -0500] "POST /wp-cron.php?doing_wp_cron=1770087066.6573491096496582031250 HTTP/1.1" 406 327 "-" "WordPress/4.5.8; http://www.xxxdads.com"
18.215.24.66 - - [02/Feb/2026:21:51:06 -0500] "GET /index.php/gay-daddy-porn/gay-daddy-tube-2.html HTTP/1.1" 200 6161 "-" "Mozilla/5.0 AppleWebKit/537.36 (KHTML, like Gecko; compatible; Amazonbot/0.1; +https://developer.amazon.com/support/amazonbot) Chrome/119.0.6045.214 Safari/537.36"
100.28.44.58 - - [02/Feb/2026:21:51:10 -0500] "GET /index.php/tag/dad-fuck HTTP/1.1" 200 4885 "-" "Mozilla/5.0 AppleWebKit/537.36 (KHTML, like Gecko; compatible; Amazonbot/0.1; +https://developer.amazon.com/support/amazonbot) Chrome/119.0.6045.214 Safari/537.36"
74.206.190.98 - - [02/Feb/2026:21:55:57 -0500] "POST /wp-cron.php?doing_wp_cron=1770087357.4478139877319335937500 HTTP/1.1" 406 327 "-" "WordPress/4.5.8; http://www.xxxdads.com"
177.24.25.219 - - [02/Feb/2026:21:55:57 -0500] "GET /index.php/tag/bareback HTTP/1.1" 200 5297 "https://www.google.com/" "Mozilla/5.0 (Windows NT 10.0; Win64; x64) AppleWebKit/537.36 (KHTML, like Gecko) Chrome/144.0.0.0 Safari/537.36"
74.206.190.98 - - [02/Feb/2026:21:55:57 -0500] "GET / HTTP/1.1" 200 67946 "-" "curl/7.29.0"
74.206.190.98 - - [02/Feb/2026:22:01:30 -0500] "GET / HTTP/1.1" 200 67946 "-" "curl/7.29.0"
74.206.190.98 - - [02/Feb/2026:22:05:58 -0500] "GET / HTTP/1.1" 200 67946 "-" "curl/7.29.0"
74.206.190.98 - - [02/Feb/2026:22:10:58 -0500] "GET / HTTP/1.1" 200 67946 "-" "curl/7.29.0"
74.206.190.98 - - [02/Feb/2026:22:12:55 -0500] "POST /wp-cron.php?doing_wp_cron=1770088375.6322240829467773437500 HTTP/1.1" 406 327 "-" "WordPress/4.5.8; http://www.xxxdads.com"
101.47.179.103 - - [02/Feb/2026:22:12:55 -0500] "GET /index.php/gay-daddy-sex/gay-daddies.html HTTP/1.1" 200 6232 "-" "Mozilla/5.0 (Macintosh; Intel Mac OS X 10_15_7) AppleWebKit/537.36 (KHTML, like Gecko) Chrome/120.0.0.0 Safari/537.36"
40.77.167.58 - - [02/Feb/2026:22:13:45 -0500] "GET /?Submit=Search&s=2025 HTTP/1.1" 200 4577 "-" "Mozilla/5.0 AppleWebKit/537.36 (KHTML, like Gecko; compatible; bingbot/2.0; +http://www.bing.com/bingbot.htm) Chrome/116.0.1938.76 Safari/537.36"
74.206.190.98 - - [02/Feb/2026:22:15:54 -0500] "GET / HTTP/1.1" 200 67946 "-" "curl/7.29.0"
43.157.50.58 - - [02/Feb/2026:22:20:14 -0500] "GET / HTTP/1.1" 301 20 "-" "Mozilla/5.0 (iPhone; CPU iPhone OS 13_2_3 like Mac OS X) AppleWebKit/605.1.15 (KHTML, like Gecko) Version/13.0.3 Mobile/15E148 Safari/604.1"
43.157.50.58 - - [02/Feb/2026:22:20:15 -0500] "GET / HTTP/1.1" 200 6877 "http://xxxdads.com" "Mozilla/5.0 (iPhone; CPU iPhone OS 13_2_3 like Mac OS X) AppleWebKit/605.1.15 (KHTML, like Gecko) Version/13.0.3 Mobile/15E148 Safari/604.1"
74.206.190.98 - - [02/Feb/2026:22:21:37 -0500] "GET / HTTP/1.1" 200 67946 "-" "curl/7.29.0"
74.206.190.98 - - [02/Feb/2026:22:25:53 -0500] "GET / HTTP/1.1" 200 67946 "-" "curl/7.29.0"
74.206.190.98 - - [02/Feb/2026:22:30:53 -0500] "GET / HTTP/1.1" 200 67946 "-" "curl/7.29.0"
74.206.190.98 - - [02/Feb/2026:22:35:50 -0500] "GET / HTTP/1.1" 200 67946 "-" "curl/7.29.0"
74.206.190.98 - - [02/Feb/2026:22:41:24 -0500] "GET / HTTP/1.1" 200 67946 "-" "curl/7.29.0"
74.206.190.98 - - [02/Feb/2026:22:45:59 -0500] "GET / HTTP/1.1" 200 67946 "-" "curl/7.29.0"
74.206.190.98 - - [02/Feb/2026:22:50:48 -0500] "GET / HTTP/1.1" 200 67946 "-" "curl/7.29.0"
74.206.190.98 - - [02/Feb/2026:22:55:49 -0500] "GET / HTTP/1.1" 200 67946 "-" "curl/7.29.0"
74.206.190.98 - - [02/Feb/2026:23:01:40 -0500] "POST /wp-cron.php?doing_wp_cron=1770091300.1960670948028564453125 HTTP/1.1" 406 327 "-" "WordPress/4.5.8; http://www.xxxdads.com"
74.206.190.98 - - [02/Feb/2026:23:01:39 -0500] "GET / HTTP/1.1" 200 67946 "-" "curl/7.29.0"
74.206.190.98 - - [02/Feb/2026:23:06:21 -0500] "GET / HTTP/1.1" 200 67946 "-" "curl/7.29.0"
49.51.252.146 - - [02/Feb/2026:23:10:12 -0500] "GET / HTTP/1.1" 200 6876 "-" "Mozilla/5.0 (iPhone; CPU iPhone OS 13_2_3 like Mac OS X) AppleWebKit/605.1.15 (KHTML, like Gecko) Version/13.0.3 Mobile/15E148 Safari/604.1"
74.206.190.98 - - [02/Feb/2026:23:10:57 -0500] "GET / HTTP/1.1" 200 67946 "-" "curl/7.29.0"
20.191.45.212 - - [02/Feb/2026:23:15:41 -0500] "GET / HTTP/1.1" 301 20 "-" "DuckDuckBot/1.1; (+http://duckduckgo.com/duckduckbot.html)"
20.191.45.212 - - [02/Feb/2026:23:15:42 -0500] "GET / HTTP/1.1" 200 6876 "http://xxxdads.com" "DuckDuckBot/1.1; (+http://duckduckgo.com/duckduckbot.html)"
74.206.190.98 - - [02/Feb/2026:23:16:18 -0500] "GET / HTTP/1.1" 200 67946 "-" "curl/7.29.0"
74.206.190.98 - - [02/Feb/2026:23:20:45 -0500] "POST /wp-cron.php?doing_wp_cron=1770092445.5593531131744384765625 HTTP/1.1" 406 327 "-" "WordPress/4.5.8; http://www.xxxdads.com"
37.59.21.100 - - [02/Feb/2026:23:20:44 -0500] "GET /index.php/feed HTTP/1.1" 200 10745 "-" "Mozilla/5.0 (X11; Linux i686) AppleWebKit/537.36 (KHTML, like Gecko) Chrome/30.0.1599.66 Safari/537.36"
74.206.190.98 - - [02/Feb/2026:23:21:10 -0500] "GET / HTTP/1.1" 200 67946 "-" "curl/7.29.0"
74.206.190.98 - - [02/Feb/2026:23:25:54 -0500] "GET / HTTP/1.1" 200 67946 "-" "curl/7.29.0"
74.206.190.98 - - [02/Feb/2026:23:30:53 -0500] "GET / HTTP/1.1" 200 67946 "-" "curl/7.29.0"
74.206.190.98 - - [02/Feb/2026:23:33:42 -0500] "POST /wp-cron.php?doing_wp_cron=1770093222.6105189323425292968750 HTTP/1.1" 406 327 "-" "WordPress/4.5.8; http://www.xxxdads.com"
34.233.114.237 - - [02/Feb/2026:23:33:42 -0500] "GET /index.php/gay-daddy-porn/gay-daddy-videos-tube.html HTTP/1.1" 200 6347 "-" "Mozilla/5.0 AppleWebKit/537.36 (KHTML, like Gecko; compatible; Amazonbot/0.1; +https://developer.amazon.com/support/amazonbot) Chrome/119.0.6045.214 Safari/537.36"
74.206.190.98 - - [02/Feb/2026:23:35:56 -0500] "GET / HTTP/1.1" 200 67946 "-" "curl/7.29.0"
74.206.190.98 - - [02/Feb/2026:23:41:42 -0500] "GET / HTTP/1.1" 200 67946 "-" "curl/7.29.0"
74.206.190.98 - - [02/Feb/2026:23:45:57 -0500] "GET / HTTP/1.1" 200 67946 "-" "curl/7.29.0"
104.210.140.129 - - [02/Feb/2026:23:46:11 -0500] "GET /robots.txt HTTP/1.1" 200 49 "-" "Mozilla/5.0 (Macintosh; Intel Mac OS X 10_15_7) AppleWebKit/537.36 (KHTML, like Gecko) Chrome/131.0.0.0 Safari/537.36; compatible; OAI-SearchBot/1.0; +https://openai.com/searchbot"
74.206.190.98 - - [02/Feb/2026:23:50:53 -0500] "GET / HTTP/1.1" 200 67946 "-" "curl/7.29.0"
74.206.190.98 - - [02/Feb/2026:23:55:50 -0500] "GET / HTTP/1.1" 200 67946 "-" "curl/7.29.0"
74.206.190.98 - - [03/Feb/2026:00:01:35 -0500] "GET / HTTP/1.1" 200 67946 "-" "curl/7.29.0"
74.206.190.98 - - [03/Feb/2026:00:06:19 -0500] "POST /wp-cron.php?doing_wp_cron=1770095179.0697350502014160156250 HTTP/1.1" 406 327 "-" "WordPress/4.5.8; http://www.xxxdads.com"
74.206.190.98 - - [03/Feb/2026:00:06:18 -0500] "GET / HTTP/1.1" 200 67946 "-" "curl/7.29.0"
74.206.190.98 - - [03/Feb/2026:00:10:57 -0500] "GET / HTTP/1.1" 200 67946 "-" "curl/7.29.0"
74.206.190.98 - - [03/Feb/2026:00:12:14 -0500] "POST /wp-cron.php?doing_wp_cron=1770095534.8086938858032226562500 HTTP/1.1" 406 327 "-" "WordPress/4.5.8; http://www.xxxdads.com"
95.85.238.19 - - [03/Feb/2026:00:12:14 -0500] "GET /wp-login.php HTTP/1.1" 200 2590 "-" "Mozilla/5.0 (Windows NT 6.1; WOW64; Trident/7.0; rv:11.0) like Gecko"
95.85.238.19 - - [03/Feb/2026:00:12:15 -0500] "POST /wp-login.php HTTP/1.1" 200 3579 "-" "Mozilla/5.0 (Windows NT 6.1; WOW64; Trident/7.0; rv:11.0) like Gecko"
74.206.190.98 - - [03/Feb/2026:00:15:47 -0500] "GET / HTTP/1.1" 200 67946 "-" "curl/7.29.0"
154.6.23.113 - - [03/Feb/2026:00:16:02 -0500] "GET / HTTP/1.1" 301 20 "-" "Mozilla/5.0 (Windows NT 10.0; Win64; x64) AppleWebKit/537.36 (KHTML, like Gecko) Chrome/122.0.0.0 Safari/537.36"
104.252.28.231 - - [03/Feb/2026:00:16:02 -0500] "GET / HTTP/1.1" 200 6877 "-" "Mozilla/5.0 (Windows NT 10.0; Win64; x64) AppleWebKit/537.36 (KHTML, like Gecko) Chrome/122.0.0.0 Safari/537.36"
74.206.190.98 - - [03/Feb/2026:00:21:04 -0500] "GET / HTTP/1.1" 200 67946 "-" "curl/7.29.0"
74.206.190.98 - - [03/Feb/2026:00:25:56 -0500] "GET / HTTP/1.1" 200 67946 "-" "curl/7.29.0"
74.206.190.98 - - [03/Feb/2026:00:30:50 -0500] "GET / HTTP/1.1" 200 67946 "-" "curl/7.29.0"
74.206.190.98 - - [03/Feb/2026:00:35:53 -0500] "GET / HTTP/1.1" 200 67946 "-" "curl/7.29.0"
74.206.190.98 - - [03/Feb/2026:00:41:24 -0500] "GET / HTTP/1.1" 200 67946 "-" "curl/7.29.0"
74.206.190.98 - - [03/Feb/2026:00:46:18 -0500] "GET / HTTP/1.1" 200 67946 "-" "curl/7.29.0"
74.206.190.98 - - [03/Feb/2026:00:50:43 -0500] "GET / HTTP/1.1" 200 67946 "-" "curl/7.29.0"
74.206.190.98 - - [03/Feb/2026:00:55:53 -0500] "GET / HTTP/1.1" 200 67946 "-" "curl/7.29.0"
74.206.190.98 - - [03/Feb/2026:00:56:14 -0500] "POST /wp-cron.php?doing_wp_cron=1770098174.1640400886535644531250 HTTP/1.1" 406 327 "-" "WordPress/4.5.8; http://www.xxxdads.com"
54.85.126.86 - - [03/Feb/2026:00:56:13 -0500] "GET /index.php/gay-daddy-porn/gay-dad-and-son.html HTTP/1.1" 200 6174 "-" "Mozilla/5.0 AppleWebKit/537.36 (KHTML, like Gecko; compatible; Amazonbot/0.1; +https://developer.amazon.com/support/amazonbot) Chrome/119.0.6045.214 Safari/537.36"
74.206.190.98 - - [03/Feb/2026:01:01:13 -0500] "GET / HTTP/1.1" 200 67946 "-" "curl/7.29.0"
120.71.59.24 - - [03/Feb/2026:01:04:00 -0500] "GET / HTTP/1.1" 301 20 "-" "Mozilla/5.0 (iPhone; CPU iPhone OS 13_2_3 like Mac OS X) AppleWebKit/605.1.15 (KHTML, like Gecko) Version/13.0.3 Mobile/15E148 Safari/604.1"
120.71.59.24 - - [03/Feb/2026:01:04:10 -0500] "GET / HTTP/1.1" 200 6877 "http://xxxdads.com" "Mozilla/5.0 (iPhone; CPU iPhone OS 13_2_3 like Mac OS X) AppleWebKit/605.1.15 (KHTML, like Gecko) Version/13.0.3 Mobile/15E148 Safari/604.1"
74.206.190.98 - - [03/Feb/2026:01:05:46 -0500] "GET / HTTP/1.1" 200 67946 "-" "curl/7.29.0"
74.206.190.98 - - [03/Feb/2026:01:10:49 -0500] "POST /wp-cron.php?doing_wp_cron=1770099049.7320339679718017578125 HTTP/1.1" 406 327 "-" "WordPress/4.5.8; http://www.xxxdads.com"
74.206.190.98 - - [03/Feb/2026:01:10:49 -0500] "GET / HTTP/1.1" 200 67946 "-" "curl/7.29.0"
74.206.190.98 - - [03/Feb/2026:01:15:54 -0500] "GET / HTTP/1.1" 200 67946 "-" "curl/7.29.0"
74.206.190.98 - - [03/Feb/2026:01:22:22 -0500] "GET / HTTP/1.1" 200 67946 "-" "curl/7.29.0"
74.206.190.98 - - [03/Feb/2026:01:26:03 -0500] "POST /wp-cron.php?doing_wp_cron=1770099963.7399969100952148437500 HTTP/1.1" 406 327 "-" "WordPress/4.5.8; http://www.xxxdads.com"
114.119.128.219 - - [03/Feb/2026:01:26:03 -0500] "GET /index.php/tag/blowjob HTTP/1.1" 200 5006 "http://www.xxxdads.com/index.php/american-dad-porn/xxx-dad-sex.html" "Mozilla/5.0 (Linux; Android 7.0;) AppleWebKit/537.36 (KHTML, like Gecko) Mobile Safari/537.36 (compatible; PetalBot;+https://webmaster.petalsearch.com/site/petalbot)"
74.206.190.98 - - [03/Feb/2026:01:26:17 -0500] "GET / HTTP/1.1" 200 67946 "-" "curl/7.29.0"
74.206.190.98 - - [03/Feb/2026:01:31:02 -0500] "GET / HTTP/1.1" 200 67946 "-" "curl/7.29.0"
192.165.45.205 - - [03/Feb/2026:01:32:11 -0500] "GET / HTTP/1.1" 301 20 "-" "Mozilla/5.0 (Windows NT 10.0; Win64; x64) AppleWebKit/537.36 (KHTML, like Gecko) Chrome/121.0.0.0 Safari/537.3"
192.36.121.172 - - [03/Feb/2026:01:32:12 -0500] "GET / HTTP/1.1" 200 6876 "http://xxxdads.com/" "Mozilla/5.0 (Windows NT 10.0; Win64; x64) AppleWebKit/537.36 (KHTML, like Gecko) Chrome/121.0.0.0 Safari/537.3"
74.206.190.98 - - [03/Feb/2026:01:32:13 -0500] "POST /wp-cron.php?doing_wp_cron=1770100333.0671229362487792968750 HTTP/1.1" 406 327 "-" "WordPress/4.5.8; http://www.xxxdads.com"
192.36.226.103 - - [03/Feb/2026:01:32:12 -0500] "GET /index.php/gay-daddy-porn/free-video-bareback-daddy-gay.html HTTP/1.1" 200 6192 "-" "Mozilla/5.0 (Windows NT 10.0; Win64; x64) AppleWebKit/537.36 (KHTML, like Gecko) Chrome/121.0.0.0 Safari/537.3"
192.36.198.147 - - [03/Feb/2026:01:32:13 -0500] "GET /index.php/gay-daddy-porn/rough-gay-daddy-bareback.html HTTP/1.1" 200 6349 "-" "Mozilla/5.0 (Windows NT 10.0; Win64; x64) AppleWebKit/537.36 (KHTML, like Gecko) Chrome/121.0.0.0 Safari/537.3"
192.36.173.21 - - [03/Feb/2026:01:32:13 -0500] "GET /index.php/gay-daddy-porn/gay-daddy-videos-tube.html HTTP/1.1" 200 6347 "-" "Mozilla/5.0 (Windows NT 10.0; Win64; x64) AppleWebKit/537.36 (KHTML, like Gecko) Chrome/121.0.0.0 Safari/537.3"
109.205.179.242 - - [03/Feb/2026:01:34:18 -0500] "GET /wp-admin/css/ HTTP/1.1" 401 328 "binance.com" "Mozilla/5.0 (Windows NT 10.0; Win64; x64) AppleWebKit/537.36 (KHTML, like Gecko) Chrome/90.0.4430.85 Safari/537.36"
74.206.190.98 - - [03/Feb/2026:01:36:30 -0500] "GET / HTTP/1.1" 200 67946 "-" "curl/7.29.0"
98.89.254.180 - - [03/Feb/2026:01:37:36 -0500] "GET /robots.txt HTTP/1.1" 200 49 "-" "Mozilla/5.0 (Macintosh; Intel Mac OS X 10_10_1) AppleWebKit/600.2.5 (KHTML, like Gecko) Version/8.0.2 Safari/600.2.5 (TestUserAgent)"
74.206.190.98 - - [03/Feb/2026:01:42:31 -0500] "GET / HTTP/1.1" 200 67946 "-" "curl/7.29.0"
74.206.190.98 - - [03/Feb/2026:01:45:55 -0500] "GET / HTTP/1.1" 200 67946 "-" "curl/7.29.0"
74.206.190.98 - - [03/Feb/2026:01:50:43 -0500] "GET / HTTP/1.1" 200 67946 "-" "curl/7.29.0"
74.206.190.98 - - [03/Feb/2026:01:52:34 -0500] "POST /wp-cron.php?doing_wp_cron=1770101554.2171089649200439453125 HTTP/1.1" 406 327 "-" "WordPress/4.5.8; http://www.xxxdads.com"
3.213.46.222 - - [03/Feb/2026:01:52:34 -0500] "GET /index.php/tag/snowball HTTP/1.1" 200 4976 "-" "Mozilla/5.0 AppleWebKit/537.36 (KHTML, like Gecko; compatible; Amazonbot/0.1; +https://developer.amazon.com/support/amazonbot) Chrome/119.0.6045.214 Safari/537.36"
52.7.33.248 - - [03/Feb/2026:01:52:38 -0500] "GET /index.php/tag/daddy-gay HTTP/1.1" 200 5149 "-" "Mozilla/5.0 AppleWebKit/537.36 (KHTML, like Gecko; compatible; Amazonbot/0.1; +https://developer.amazon.com/support/amazonbot) Chrome/119.0.6045.214 Safari/537.36"
74.206.190.98 - - [03/Feb/2026:01:55:41 -0500] "GET / HTTP/1.1" 200 67946 "-" "curl/7.29.0"
74.206.190.98 - - [03/Feb/2026:02:00:56 -0500] "GET / HTTP/1.1" 200 67946 "-" "curl/7.29.0"
66.249.70.140 - - [03/Feb/2026:02:04:43 -0500] "GET /robots.txt HTTP/1.1" 200 49 "-" "Mozilla/5.0 (compatible; Googlebot/2.1; +http://www.google.com/bot.html)"
74.206.190.98 - - [03/Feb/2026:02:04:44 -0500] "POST /wp-cron.php?doing_wp_cron=1770102284.4095730781555175781250 HTTP/1.1" 406 327 "-" "WordPress/4.5.8; http://www.xxxdads.com"
66.249.70.141 - - [03/Feb/2026:02:04:44 -0500] "GET /index.php/tag/cumswap HTTP/1.1" 200 4981 "-" "Mozilla/5.0 (Linux; Android 6.0.1; Nexus 5X Build/MMB29P) AppleWebKit/537.36 (KHTML, like Gecko) Chrome/144.0.7559.109 Mobile Safari/537.36 (compatible; Googlebot/2.1; +http://www.google.com/bot.html)"
74.206.190.98 - - [03/Feb/2026:02:05:39 -0500] "GET / HTTP/1.1" 200 67946 "-" "curl/7.29.0"
74.206.190.98 - - [03/Feb/2026:02:10:43 -0500] "GET / HTTP/1.1" 200 67946 "-" "curl/7.29.0"
34.177.100.148 - - [03/Feb/2026:02:12:49 -0500] "GET / HTTP/1.1" 301 20 "-" "Mozilla/5.0 (Windows NT 10.0; Win64; x64) AppleWebKit/537.36 (KHTML, like Gecko) Chrome/58.0.3029.110 Safari/537.3"
74.206.190.98 - - [03/Feb/2026:02:12:50 -0500] "POST /wp-cron.php?doing_wp_cron=1770102770.3206059932708740234375 HTTP/1.1" 406 327 "-" "WordPress/4.5.8; http://www.xxxdads.com"
34.177.100.148 - - [03/Feb/2026:02:12:50 -0500] "GET / HTTP/1.1" 200 6876 "-" "Mozilla/5.0 (Windows NT 10.0; Win64; x64) AppleWebKit/537.36 (KHTML, like Gecko) Chrome/58.0.3029.110 Safari/537.3"
74.206.190.98 - - [03/Feb/2026:02:15:41 -0500] "GET / HTTP/1.1" 200 67946 "-" "curl/7.29.0"
74.206.190.98 - - [03/Feb/2026:02:17:55 -0500] "POST /wp-cron.php?doing_wp_cron=1770103075.5395500659942626953125 HTTP/1.1" 406 327 "-" "WordPress/4.5.8; http://www.xxxdads.com"
101.47.174.79 - - [03/Feb/2026:02:17:55 -0500] "GET /index.php/tag/day-daddies HTTP/1.1" 200 4879 "-" "Mozilla/5.0 (Macintosh; Intel Mac OS X 13_5) AppleWebKit/605.1.15 (KHTML, like Gecko) Version/17.0 Safari/184.1"
74.206.190.98 - - [03/Feb/2026:02:20:51 -0500] "GET / HTTP/1.1" 200 67946 "-" "curl/7.29.0"
74.206.190.98 - - [03/Feb/2026:02:25:38 -0500] "GET / HTTP/1.1" 200 67946 "-" "curl/7.29.0"
74.206.190.98 - - [03/Feb/2026:02:30:39 -0500] "GET / HTTP/1.1" 200 67946 "-" "curl/7.29.0"
74.206.190.98 - - [03/Feb/2026:02:35:46 -0500] "GET / HTTP/1.1" 200 67946 "-" "curl/7.29.0"
74.206.190.98 - - [03/Feb/2026:02:40:56 -0500] "GET / HTTP/1.1" 200 67946 "-" "curl/7.29.0"
74.206.190.98 - - [03/Feb/2026:02:43:07 -0500] "POST /wp-cron.php?doing_wp_cron=1770104587.3718190193176269531250 HTTP/1.1" 406 327 "-" "WordPress/4.5.8; http://www.xxxdads.com"
3.90.73.206 - - [03/Feb/2026:02:43:07 -0500] "GET /index.php/tag/gay-dads HTTP/1.1" 200 4877 "-" "Mozilla/5.0 AppleWebKit/537.36 (KHTML, like Gecko; compatible; Amazonbot/0.1; +https://developer.amazon.com/support/amazonbot) Chrome/119.0.6045.214 Safari/537.36"
74.206.190.98 - - [03/Feb/2026:02:45:41 -0500] "GET / HTTP/1.1" 200 67946 "-" "curl/7.29.0"
74.206.190.98 - - [03/Feb/2026:02:50:42 -0500] "GET / HTTP/1.1" 200 67946 "-" "curl/7.29.0"
74.206.190.98 - - [03/Feb/2026:02:55:39 -0500] "GET / HTTP/1.1" 200 67946 "-" "curl/7.29.0"
74.206.190.98 - - [03/Feb/2026:03:00:52 -0500] "GET / HTTP/1.1" 200 67946 "-" "curl/7.29.0"
74.206.190.98 - - [03/Feb/2026:03:05:42 -0500] "GET / HTTP/1.1" 200 67946 "-" "curl/7.29.0"
74.206.190.98 - - [03/Feb/2026:03:10:43 -0500] "GET / HTTP/1.1" 200 67946 "-" "curl/7.29.0"
74.206.190.98 - - [03/Feb/2026:03:15:42 -0500] "POST /wp-cron.php?doing_wp_cron=1770106542.1808381080627441406250 HTTP/1.1" 406 327 "-" "WordPress/4.5.8; http://www.xxxdads.com"
74.206.190.98 - - [03/Feb/2026:03:15:42 -0500] "GET / HTTP/1.1" 200 67946 "-" "curl/7.29.0"
74.206.190.98 - - [03/Feb/2026:03:20:53 -0500] "GET / HTTP/1.1" 200 67946 "-" "curl/7.29.0"
74.206.190.98 - - [03/Feb/2026:03:25:41 -0500] "GET / HTTP/1.1" 200 67946 "-" "curl/7.29.0"
74.206.190.98 - - [03/Feb/2026:03:30:44 -0500] "GET / HTTP/1.1" 200 67946 "-" "curl/7.29.0"
74.206.190.98 - - [03/Feb/2026:03:35:44 -0500] "GET / HTTP/1.1" 200 67946 "-" "curl/7.29.0"
74.206.190.98 - - [03/Feb/2026:03:41:51 -0500] "GET / HTTP/1.1" 200 67946 "-" "curl/7.29.0"