74.206.190.89 - - [29/Jan/2026:18:32:54 -0500] "GET /wp-admin/theme-editor.php?theme=tubetheme-2017-v3-filled&file=functions.php&wp_scrape_key=ef3cca84c8a7b3ee4787d825152f5d03&wp_scrape_nonce=436868155 HTTP/1.1" 200 68725 "http://www.tacotube.com/wp-admin/theme-editor.php?theme=tubetheme-2017-v3-filled&file=functions.php&wp_scrape_key=ef3cca84c8a7b3ee4787d825152f5d03&wp_scrape_nonce=436868155" "WordPress/4.9.16; http://www.tacotube.com"
74.206.190.89 - - [29/Jan/2026:18:32:55 -0500] "GET /?wp_scrape_key=ef3cca84c8a7b3ee4787d825152f5d03&wp_scrape_nonce=436868155 HTTP/1.1" 200 46217 "http://www.tacotube.com/?wp_scrape_key=ef3cca84c8a7b3ee4787d825152f5d03&wp_scrape_nonce=436868155" "WordPress/4.9.16; http://www.tacotube.com"
193.24.211.22 - - [29/Jan/2026:18:32:54 -0500] "POST /wp-admin/admin-ajax.php HTTP/1.1" 200 63 "http://www.tacotube.com/wp-admin/admin-ajax.php" "Mozilla/5.0 (Windows NT 10.0; Win64; x64) AppleWebKit/537.36 (KHTML, like Gecko) Chrome/124.0.6367.207 Safari/537.36"
193.24.211.22 - - [29/Jan/2026:18:32:56 -0500] "GET /wp-admin/theme-editor.php?file=header.php&theme=tubetheme-2017-v3-filled HTTP/1.1" 200 53256 "-" "Mozilla/5.0 (Windows NT 10.0; Win64; x64) AppleWebKit/537.36 (KHTML, like Gecko) Chrome/124.0.6367.207 Safari/537.36"
74.206.190.89 - - [29/Jan/2026:18:32:57 -0500] "GET /wp-admin/theme-editor.php?theme=tubetheme-2017-v3-filled&file=header.php&wp_scrape_key=e2c6e24222093d6ae0674fc8fcf912bf&wp_scrape_nonce=2113038415 HTTP/1.1" 200 58201 "http://www.tacotube.com/wp-admin/theme-editor.php?theme=tubetheme-2017-v3-filled&file=header.php&wp_scrape_key=e2c6e24222093d6ae0674fc8fcf912bf&wp_scrape_nonce=2113038415" "WordPress/4.9.16; http://www.tacotube.com"
74.206.190.89 - - [29/Jan/2026:18:32:58 -0500] "GET /?wp_scrape_key=e2c6e24222093d6ae0674fc8fcf912bf&wp_scrape_nonce=2113038415 HTTP/1.1" 200 46226 "http://www.tacotube.com/?wp_scrape_key=e2c6e24222093d6ae0674fc8fcf912bf&wp_scrape_nonce=2113038415" "WordPress/4.9.16; http://www.tacotube.com"
193.24.211.22 - - [29/Jan/2026:18:32:57 -0500] "POST /wp-admin/admin-ajax.php HTTP/1.1" 200 63 "http://www.tacotube.com/wp-admin/admin-ajax.php" "Mozilla/5.0 (Windows NT 10.0; Win64; x64) AppleWebKit/537.36 (KHTML, like Gecko) Chrome/124.0.6367.207 Safari/537.36"
74.206.190.89 - - [29/Jan/2026:18:33:00 -0500] "GET /wp-admin/theme-editor.php?theme=tubetheme-2017-v3-filled&file=header.php&wp_scrape_key=1f60e819b513b8960bbc759358037629&wp_scrape_nonce=919162181 HTTP/1.1" 200 53653 "http://www.tacotube.com/wp-admin/theme-editor.php?theme=tubetheme-2017-v3-filled&file=header.php&wp_scrape_key=1f60e819b513b8960bbc759358037629&wp_scrape_nonce=919162181" "WordPress/4.9.16; http://www.tacotube.com"
74.206.190.89 - - [29/Jan/2026:18:33:00 -0500] "GET /?wp_scrape_key=1f60e819b513b8960bbc759358037629&wp_scrape_nonce=919162181 HTTP/1.1" 200 46217 "http://www.tacotube.com/?wp_scrape_key=1f60e819b513b8960bbc759358037629&wp_scrape_nonce=919162181" "WordPress/4.9.16; http://www.tacotube.com"
193.24.211.22 - - [29/Jan/2026:18:32:59 -0500] "POST /wp-admin/admin-ajax.php HTTP/1.1" 200 63 "http://www.tacotube.com/wp-admin/admin-ajax.php" "Mozilla/5.0 (Windows NT 10.0; Win64; x64) AppleWebKit/537.36 (KHTML, like Gecko) Chrome/124.0.6367.207 Safari/537.36"
193.24.211.22 - - [29/Jan/2026:18:33:02 -0500] "GET /wp-admin/theme-editor.php?file=comments.php&theme=tubetheme-2017-v3-filled HTTP/1.1" 200 54884 "-" "Mozilla/5.0 (Windows NT 10.0; Win64; x64) AppleWebKit/537.36 (KHTML, like Gecko) Chrome/124.0.6367.207 Safari/537.36"
74.206.190.89 - - [29/Jan/2026:18:33:03 -0500] "GET /wp-admin/theme-editor.php?theme=tubetheme-2017-v3-filled&file=comments.php&wp_scrape_key=59cceb78390c62ac96e22ea832085631&wp_scrape_nonce=165105474 HTTP/1.1" 200 59752 "http://www.tacotube.com/wp-admin/theme-editor.php?theme=tubetheme-2017-v3-filled&file=comments.php&wp_scrape_key=59cceb78390c62ac96e22ea832085631&wp_scrape_nonce=165105474" "WordPress/4.9.16; http://www.tacotube.com"
74.206.190.89 - - [29/Jan/2026:18:33:04 -0500] "GET /?wp_scrape_key=59cceb78390c62ac96e22ea832085631&wp_scrape_nonce=165105474 HTTP/1.1" 200 46217 "http://www.tacotube.com/?wp_scrape_key=59cceb78390c62ac96e22ea832085631&wp_scrape_nonce=165105474" "WordPress/4.9.16; http://www.tacotube.com"
193.24.211.22 - - [29/Jan/2026:18:33:02 -0500] "POST /wp-admin/admin-ajax.php HTTP/1.1" 200 63 "http://www.tacotube.com/wp-admin/admin-ajax.php" "Mozilla/5.0 (Windows NT 10.0; Win64; x64) AppleWebKit/537.36 (KHTML, like Gecko) Chrome/124.0.6367.207 Safari/537.36"
74.206.190.89 - - [29/Jan/2026:18:33:05 -0500] "GET /wp-admin/theme-editor.php?theme=tubetheme-2017-v3-filled&file=comments.php&wp_scrape_key=fee94e6105c9ad0a8e1729ab4b10f545&wp_scrape_nonce=629997881 HTTP/1.1" 200 55257 "http://www.tacotube.com/wp-admin/theme-editor.php?theme=tubetheme-2017-v3-filled&file=comments.php&wp_scrape_key=fee94e6105c9ad0a8e1729ab4b10f545&wp_scrape_nonce=629997881" "WordPress/4.9.16; http://www.tacotube.com"
74.206.190.89 - - [29/Jan/2026:18:33:06 -0500] "GET /?wp_scrape_key=fee94e6105c9ad0a8e1729ab4b10f545&wp_scrape_nonce=629997881 HTTP/1.1" 200 46217 "http://www.tacotube.com/?wp_scrape_key=fee94e6105c9ad0a8e1729ab4b10f545&wp_scrape_nonce=629997881" "WordPress/4.9.16; http://www.tacotube.com"
193.24.211.22 - - [29/Jan/2026:18:33:05 -0500] "POST /wp-admin/admin-ajax.php HTTP/1.1" 200 63 "http://www.tacotube.com/wp-admin/admin-ajax.php" "Mozilla/5.0 (Windows NT 10.0; Win64; x64) AppleWebKit/537.36 (KHTML, like Gecko) Chrome/124.0.6367.207 Safari/537.36"
193.24.211.22 - - [29/Jan/2026:18:33:07 -0500] "GET /wp-admin/theme-editor.php?file=footer.php&theme=tubetheme-2017-v3-filled HTTP/1.1" 200 48072 "-" "Mozilla/5.0 (Windows NT 10.0; Win64; x64) AppleWebKit/537.36 (KHTML, like Gecko) Chrome/124.0.6367.207 Safari/537.36"
74.206.190.89 - - [29/Jan/2026:18:33:09 -0500] "GET /wp-admin/theme-editor.php?theme=tubetheme-2017-v3-filled&file=footer.php&wp_scrape_key=f4d24b9ac3a4435373e7307ee45fb537&wp_scrape_nonce=446595542 HTTP/1.1" 200 53025 "http://www.tacotube.com/wp-admin/theme-editor.php?theme=tubetheme-2017-v3-filled&file=footer.php&wp_scrape_key=f4d24b9ac3a4435373e7307ee45fb537&wp_scrape_nonce=446595542" "WordPress/4.9.16; http://www.tacotube.com"
74.206.190.89 - - [29/Jan/2026:18:33:10 -0500] "GET /?wp_scrape_key=f4d24b9ac3a4435373e7307ee45fb537&wp_scrape_nonce=446595542 HTTP/1.1" 200 38983 "http://www.tacotube.com/?wp_scrape_key=f4d24b9ac3a4435373e7307ee45fb537&wp_scrape_nonce=446595542" "WordPress/4.9.16; http://www.tacotube.com"
193.24.211.22 - - [29/Jan/2026:18:33:09 -0500] "POST /wp-admin/admin-ajax.php HTTP/1.1" 200 175 "http://www.tacotube.com/wp-admin/admin-ajax.php" "Mozilla/5.0 (Windows NT 10.0; Win64; x64) AppleWebKit/537.36 (KHTML, like Gecko) Chrome/124.0.6367.207 Safari/537.36"
193.24.211.22 - - [29/Jan/2026:18:33:11 -0500] "GET /wp-admin/theme-editor.php?file=index.php&theme=tubetheme-2017-v3-filled HTTP/1.1" 200 66128 "-" "Mozilla/5.0 (Windows NT 10.0; Win64; x64) AppleWebKit/537.36 (KHTML, like Gecko) Chrome/124.0.6367.207 Safari/537.36"
74.206.190.89 - - [29/Jan/2026:18:33:13 -0500] "GET /wp-admin/theme-editor.php?theme=tubetheme-2017-v3-filled&file=index.php&wp_scrape_key=c353de144fa461c6d7869d340bd07828&wp_scrape_nonce=1723910004 HTTP/1.1" 200 70373 "http://www.tacotube.com/wp-admin/theme-editor.php?theme=tubetheme-2017-v3-filled&file=index.php&wp_scrape_key=c353de144fa461c6d7869d340bd07828&wp_scrape_nonce=1723910004" "WordPress/4.9.16; http://www.tacotube.com"
74.206.190.89 - - [29/Jan/2026:18:33:13 -0500] "GET /?wp_scrape_key=c353de144fa461c6d7869d340bd07828&wp_scrape_nonce=1723910004 HTTP/1.1" 200 46226 "http://www.tacotube.com/?wp_scrape_key=c353de144fa461c6d7869d340bd07828&wp_scrape_nonce=1723910004" "WordPress/4.9.16; http://www.tacotube.com"
193.24.211.22 - - [29/Jan/2026:18:33:12 -0500] "POST /wp-admin/admin-ajax.php HTTP/1.1" 200 63 "http://www.tacotube.com/wp-admin/admin-ajax.php" "Mozilla/5.0 (Windows NT 10.0; Win64; x64) AppleWebKit/537.36 (KHTML, like Gecko) Chrome/124.0.6367.207 Safari/537.36"
74.206.190.89 - - [29/Jan/2026:18:33:15 -0500] "GET /wp-admin/theme-editor.php?theme=tubetheme-2017-v3-filled&file=index.php&wp_scrape_key=9f54a0e3d90ca2b84e9c4ac1cd4ad8f8&wp_scrape_nonce=1217308611 HTTP/1.1" 200 66529 "http://www.tacotube.com/wp-admin/theme-editor.php?theme=tubetheme-2017-v3-filled&file=index.php&wp_scrape_key=9f54a0e3d90ca2b84e9c4ac1cd4ad8f8&wp_scrape_nonce=1217308611" "WordPress/4.9.16; http://www.tacotube.com"
74.206.190.89 - - [29/Jan/2026:18:33:16 -0500] "GET /?wp_scrape_key=9f54a0e3d90ca2b84e9c4ac1cd4ad8f8&wp_scrape_nonce=1217308611 HTTP/1.1" 200 46226 "http://www.tacotube.com/?wp_scrape_key=9f54a0e3d90ca2b84e9c4ac1cd4ad8f8&wp_scrape_nonce=1217308611" "WordPress/4.9.16; http://www.tacotube.com"
193.24.211.22 - - [29/Jan/2026:18:33:15 -0500] "POST /wp-admin/admin-ajax.php HTTP/1.1" 200 63 "http://www.tacotube.com/wp-admin/admin-ajax.php" "Mozilla/5.0 (Windows NT 10.0; Win64; x64) AppleWebKit/537.36 (KHTML, like Gecko) Chrome/124.0.6367.207 Safari/537.36"
193.24.211.22 - - [29/Jan/2026:18:33:17 -0500] "GET /wp-admin/theme-editor.php?file=home.php&theme=tubetheme-2017-v3-filled HTTP/1.1" 200 50023 "-" "Mozilla/5.0 (Windows NT 10.0; Win64; x64) AppleWebKit/537.36 (KHTML, like Gecko) Chrome/124.0.6367.207 Safari/537.36"
74.206.190.89 - - [29/Jan/2026:18:33:19 -0500] "GET /wp-admin/theme-editor.php?theme=tubetheme-2017-v3-filled&file=home.php&wp_scrape_key=eca6b9f4d353a8c5285777c47a8c09f7&wp_scrape_nonce=1460975002 HTTP/1.1" 200 54963 "http://www.tacotube.com/wp-admin/theme-editor.php?theme=tubetheme-2017-v3-filled&file=home.php&wp_scrape_key=eca6b9f4d353a8c5285777c47a8c09f7&wp_scrape_nonce=1460975002" "WordPress/4.9.16; http://www.tacotube.com"
74.206.190.89 - - [29/Jan/2026:18:33:19 -0500] "GET /?wp_scrape_key=eca6b9f4d353a8c5285777c47a8c09f7&wp_scrape_nonce=1460975002 HTTP/1.1" 200 46226 "http://www.tacotube.com/?wp_scrape_key=eca6b9f4d353a8c5285777c47a8c09f7&wp_scrape_nonce=1460975002" "WordPress/4.9.16; http://www.tacotube.com"
193.24.211.22 - - [29/Jan/2026:18:33:18 -0500] "POST /wp-admin/admin-ajax.php HTTP/1.1" 200 63 "http://www.tacotube.com/wp-admin/admin-ajax.php" "Mozilla/5.0 (Windows NT 10.0; Win64; x64) AppleWebKit/537.36 (KHTML, like Gecko) Chrome/124.0.6367.207 Safari/537.36"
74.206.190.89 - - [29/Jan/2026:18:33:21 -0500] "GET /wp-admin/theme-editor.php?theme=tubetheme-2017-v3-filled&file=home.php&wp_scrape_key=0333ec2f0e93de0fe087dd60aaf9fe81&wp_scrape_nonce=239397287 HTTP/1.1" 200 50412 "http://www.tacotube.com/wp-admin/theme-editor.php?theme=tubetheme-2017-v3-filled&file=home.php&wp_scrape_key=0333ec2f0e93de0fe087dd60aaf9fe81&wp_scrape_nonce=239397287" "WordPress/4.9.16; http://www.tacotube.com"
74.206.190.89 - - [29/Jan/2026:18:33:21 -0500] "GET /?wp_scrape_key=0333ec2f0e93de0fe087dd60aaf9fe81&wp_scrape_nonce=239397287 HTTP/1.1" 200 46217 "http://www.tacotube.com/?wp_scrape_key=0333ec2f0e93de0fe087dd60aaf9fe81&wp_scrape_nonce=239397287" "WordPress/4.9.16; http://www.tacotube.com"
193.24.211.22 - - [29/Jan/2026:18:33:20 -0500] "POST /wp-admin/admin-ajax.php HTTP/1.1" 200 63 "http://www.tacotube.com/wp-admin/admin-ajax.php" "Mozilla/5.0 (Windows NT 10.0; Win64; x64) AppleWebKit/537.36 (KHTML, like Gecko) Chrome/124.0.6367.207 Safari/537.36"
193.24.211.22 - - [29/Jan/2026:18:33:22 -0500] "GET /wp-admin/theme-editor.php?file=page.php&theme=tubetheme-2017-v3-filled HTTP/1.1" 200 52690 "-" "Mozilla/5.0 (Windows NT 10.0; Win64; x64) AppleWebKit/537.36 (KHTML, like Gecko) Chrome/124.0.6367.207 Safari/537.36"
74.206.190.89 - - [29/Jan/2026:18:33:23 -0500] "GET /wp-admin/theme-editor.php?theme=tubetheme-2017-v3-filled&file=page.php&wp_scrape_key=fafa40cb69f55b84faab20845eaec8ba&wp_scrape_nonce=922083350 HTTP/1.1" 200 56936 "http://www.tacotube.com/wp-admin/theme-editor.php?theme=tubetheme-2017-v3-filled&file=page.php&wp_scrape_key=fafa40cb69f55b84faab20845eaec8ba&wp_scrape_nonce=922083350" "WordPress/4.9.16; http://www.tacotube.com"
74.206.190.89 - - [29/Jan/2026:18:33:24 -0500] "GET /?wp_scrape_key=fafa40cb69f55b84faab20845eaec8ba&wp_scrape_nonce=922083350 HTTP/1.1" 200 46217 "http://www.tacotube.com/?wp_scrape_key=fafa40cb69f55b84faab20845eaec8ba&wp_scrape_nonce=922083350" "WordPress/4.9.16; http://www.tacotube.com"
193.24.211.22 - - [29/Jan/2026:18:33:23 -0500] "POST /wp-admin/admin-ajax.php HTTP/1.1" 200 63 "http://www.tacotube.com/wp-admin/admin-ajax.php" "Mozilla/5.0 (Windows NT 10.0; Win64; x64) AppleWebKit/537.36 (KHTML, like Gecko) Chrome/124.0.6367.207 Safari/537.36"
74.206.190.89 - - [29/Jan/2026:18:33:25 -0500] "GET /wp-admin/theme-editor.php?theme=tubetheme-2017-v3-filled&file=page.php&wp_scrape_key=6c8e6d1c995c72240c4aeea8461a7dea&wp_scrape_nonce=1982764197 HTTP/1.1" 200 53094 "http://www.tacotube.com/wp-admin/theme-editor.php?theme=tubetheme-2017-v3-filled&file=page.php&wp_scrape_key=6c8e6d1c995c72240c4aeea8461a7dea&wp_scrape_nonce=1982764197" "WordPress/4.9.16; http://www.tacotube.com"
74.206.190.89 - - [29/Jan/2026:18:33:26 -0500] "GET /?wp_scrape_key=6c8e6d1c995c72240c4aeea8461a7dea&wp_scrape_nonce=1982764197 HTTP/1.1" 200 46226 "http://www.tacotube.com/?wp_scrape_key=6c8e6d1c995c72240c4aeea8461a7dea&wp_scrape_nonce=1982764197" "WordPress/4.9.16; http://www.tacotube.com"
193.24.211.22 - - [29/Jan/2026:18:33:25 -0500] "POST /wp-admin/admin-ajax.php HTTP/1.1" 200 63 "http://www.tacotube.com/wp-admin/admin-ajax.php" "Mozilla/5.0 (Windows NT 10.0; Win64; x64) AppleWebKit/537.36 (KHTML, like Gecko) Chrome/124.0.6367.207 Safari/537.36"
193.24.211.22 - - [29/Jan/2026:18:33:26 -0500] "GET /wp-admin/theme-editor.php?file=searchform.php&theme=tubetheme-2017-v3-filled HTTP/1.1" 200 47298 "-" "Mozilla/5.0 (Windows NT 10.0; Win64; x64) AppleWebKit/537.36 (KHTML, like Gecko) Chrome/124.0.6367.207 Safari/537.36"
74.206.190.89 - - [29/Jan/2026:18:33:28 -0500] "GET /wp-admin/theme-editor.php?theme=tubetheme-2017-v3-filled&file=searchform.php&wp_scrape_key=b7f9e3dc794f06083fd059892e18a9ce&wp_scrape_nonce=1763566430 HTTP/1.1" 200 52196 "http://www.tacotube.com/wp-admin/theme-editor.php?theme=tubetheme-2017-v3-filled&file=searchform.php&wp_scrape_key=b7f9e3dc794f06083fd059892e18a9ce&wp_scrape_nonce=1763566430" "WordPress/4.9.16; http://www.tacotube.com"
74.206.190.89 - - [29/Jan/2026:18:33:28 -0500] "GET /?wp_scrape_key=b7f9e3dc794f06083fd059892e18a9ce&wp_scrape_nonce=1763566430 HTTP/1.1" 200 7381 "http://www.tacotube.com/?wp_scrape_key=b7f9e3dc794f06083fd059892e18a9ce&wp_scrape_nonce=1763566430" "WordPress/4.9.16; http://www.tacotube.com"
193.24.211.22 - - [29/Jan/2026:18:33:27 -0500] "POST /wp-admin/admin-ajax.php HTTP/1.1" 200 179 "http://www.tacotube.com/wp-admin/admin-ajax.php" "Mozilla/5.0 (Windows NT 10.0; Win64; x64) AppleWebKit/537.36 (KHTML, like Gecko) Chrome/124.0.6367.207 Safari/537.36"
193.24.211.22 - - [29/Jan/2026:18:33:29 -0500] "GET /wp-admin/theme-editor.php?file=sidebar_single.php&theme=tubetheme-2017-v3-filled HTTP/1.1" 200 47898 "-" "Mozilla/5.0 (Windows NT 10.0; Win64; x64) AppleWebKit/537.36 (KHTML, like Gecko) Chrome/124.0.6367.207 Safari/537.36"
74.206.190.89 - - [29/Jan/2026:18:33:30 -0500] "GET /wp-admin/theme-editor.php?theme=tubetheme-2017-v3-filled&file=sidebar_single.php&wp_scrape_key=4f2d2a4362bb621ea927c1467469e899&wp_scrape_nonce=431472466 HTTP/1.1" 200 52830 "http://www.tacotube.com/wp-admin/theme-editor.php?theme=tubetheme-2017-v3-filled&file=sidebar_single.php&wp_scrape_key=4f2d2a4362bb621ea927c1467469e899&wp_scrape_nonce=431472466" "WordPress/4.9.16; http://www.tacotube.com"
74.206.190.89 - - [29/Jan/2026:18:33:30 -0500] "GET /?wp_scrape_key=4f2d2a4362bb621ea927c1467469e899&wp_scrape_nonce=431472466 HTTP/1.1" 200 46217 "http://www.tacotube.com/?wp_scrape_key=4f2d2a4362bb621ea927c1467469e899&wp_scrape_nonce=431472466" "WordPress/4.9.16; http://www.tacotube.com"
193.24.211.22 - - [29/Jan/2026:18:33:29 -0500] "POST /wp-admin/admin-ajax.php HTTP/1.1" 200 63 "http://www.tacotube.com/wp-admin/admin-ajax.php" "Mozilla/5.0 (Windows NT 10.0; Win64; x64) AppleWebKit/537.36 (KHTML, like Gecko) Chrome/124.0.6367.207 Safari/537.36"
74.206.190.89 - - [29/Jan/2026:18:33:31 -0500] "GET /wp-admin/theme-editor.php?theme=tubetheme-2017-v3-filled&file=sidebar_single.php&wp_scrape_key=a559bbbb7523da64bc4d3a45ddd9bf8d&wp_scrape_nonce=264469590 HTTP/1.1" 200 48291 "http://www.tacotube.com/wp-admin/theme-editor.php?theme=tubetheme-2017-v3-filled&file=sidebar_single.php&wp_scrape_key=a559bbbb7523da64bc4d3a45ddd9bf8d&wp_scrape_nonce=264469590" "WordPress/4.9.16; http://www.tacotube.com"
74.206.190.89 - - [29/Jan/2026:18:33:32 -0500] "GET /?wp_scrape_key=a559bbbb7523da64bc4d3a45ddd9bf8d&wp_scrape_nonce=264469590 HTTP/1.1" 200 46217 "http://www.tacotube.com/?wp_scrape_key=a559bbbb7523da64bc4d3a45ddd9bf8d&wp_scrape_nonce=264469590" "WordPress/4.9.16; http://www.tacotube.com"
193.24.211.22 - - [29/Jan/2026:18:33:31 -0500] "POST /wp-admin/admin-ajax.php HTTP/1.1" 200 63 "http://www.tacotube.com/wp-admin/admin-ajax.php" "Mozilla/5.0 (Windows NT 10.0; Win64; x64) AppleWebKit/537.36 (KHTML, like Gecko) Chrome/124.0.6367.207 Safari/537.36"
193.24.211.22 - - [29/Jan/2026:18:33:33 -0500] "GET /wp-admin/theme-editor.php?file=single.php&theme=tubetheme-2017-v3-filled HTTP/1.1" 200 53282 "-" "Mozilla/5.0 (Windows NT 10.0; Win64; x64) AppleWebKit/537.36 (KHTML, like Gecko) Chrome/124.0.6367.207 Safari/537.36"
74.206.190.89 - - [29/Jan/2026:18:33:34 -0500] "GET /wp-admin/theme-editor.php?theme=tubetheme-2017-v3-filled&file=single.php&wp_scrape_key=db4a3e0d997b7b435aa24c0548e10ce3&wp_scrape_nonce=106420421 HTTP/1.1" 200 58288 "http://www.tacotube.com/wp-admin/theme-editor.php?theme=tubetheme-2017-v3-filled&file=single.php&wp_scrape_key=db4a3e0d997b7b435aa24c0548e10ce3&wp_scrape_nonce=106420421" "WordPress/4.9.16; http://www.tacotube.com"
74.206.190.89 - - [29/Jan/2026:18:33:34 -0500] "GET /?wp_scrape_key=db4a3e0d997b7b435aa24c0548e10ce3&wp_scrape_nonce=106420421 HTTP/1.1" 200 46217 "http://www.tacotube.com/?wp_scrape_key=db4a3e0d997b7b435aa24c0548e10ce3&wp_scrape_nonce=106420421" "WordPress/4.9.16; http://www.tacotube.com"
193.24.211.22 - - [29/Jan/2026:18:33:33 -0500] "POST /wp-admin/admin-ajax.php HTTP/1.1" 200 63 "http://www.tacotube.com/wp-admin/admin-ajax.php" "Mozilla/5.0 (Windows NT 10.0; Win64; x64) AppleWebKit/537.36 (KHTML, like Gecko) Chrome/124.0.6367.207 Safari/537.36"
74.206.190.89 - - [29/Jan/2026:18:33:35 -0500] "GET /wp-admin/theme-editor.php?theme=tubetheme-2017-v3-filled&file=single.php&wp_scrape_key=228f9407c66f2c5e3e5511c24c3176b1&wp_scrape_nonce=1702396274 HTTP/1.1" 200 53692 "http://www.tacotube.com/wp-admin/theme-editor.php?theme=tubetheme-2017-v3-filled&file=single.php&wp_scrape_key=228f9407c66f2c5e3e5511c24c3176b1&wp_scrape_nonce=1702396274" "WordPress/4.9.16; http://www.tacotube.com"
74.206.190.89 - - [29/Jan/2026:18:33:36 -0500] "GET /?wp_scrape_key=228f9407c66f2c5e3e5511c24c3176b1&wp_scrape_nonce=1702396274 HTTP/1.1" 200 46226 "http://www.tacotube.com/?wp_scrape_key=228f9407c66f2c5e3e5511c24c3176b1&wp_scrape_nonce=1702396274" "WordPress/4.9.16; http://www.tacotube.com"
193.24.211.22 - - [29/Jan/2026:18:33:35 -0500] "POST /wp-admin/admin-ajax.php HTTP/1.1" 200 63 "http://www.tacotube.com/wp-admin/admin-ajax.php" "Mozilla/5.0 (Windows NT 10.0; Win64; x64) AppleWebKit/537.36 (KHTML, like Gecko) Chrome/124.0.6367.207 Safari/537.36"
193.24.211.22 - - [29/Jan/2026:18:33:36 -0500] "GET /wp-admin/theme-editor.php?file=404.php&theme=tubetheme-2017-v3-filled HTTP/1.1" 200 56147 "-" "Mozilla/5.0 (Windows NT 10.0; Win64; x64) AppleWebKit/537.36 (KHTML, like Gecko) Chrome/124.0.6367.207 Safari/537.36"
74.206.190.89 - - [29/Jan/2026:18:33:37 -0500] "GET /wp-admin/theme-editor.php?theme=tubetheme-2017-v3-filled&file=404.php&wp_scrape_key=090cf2d9c770c0f331085b34385adb16&wp_scrape_nonce=387513820 HTTP/1.1" 200 60365 "http://www.tacotube.com/wp-admin/theme-editor.php?theme=tubetheme-2017-v3-filled&file=404.php&wp_scrape_key=090cf2d9c770c0f331085b34385adb16&wp_scrape_nonce=387513820" "WordPress/4.9.16; http://www.tacotube.com"
74.206.190.89 - - [29/Jan/2026:18:33:38 -0500] "GET /?wp_scrape_key=090cf2d9c770c0f331085b34385adb16&wp_scrape_nonce=387513820 HTTP/1.1" 200 46217 "http://www.tacotube.com/?wp_scrape_key=090cf2d9c770c0f331085b34385adb16&wp_scrape_nonce=387513820" "WordPress/4.9.16; http://www.tacotube.com"
193.24.211.22 - - [29/Jan/2026:18:33:37 -0500] "POST /wp-admin/admin-ajax.php HTTP/1.1" 200 63 "http://www.tacotube.com/wp-admin/admin-ajax.php" "Mozilla/5.0 (Windows NT 10.0; Win64; x64) AppleWebKit/537.36 (KHTML, like Gecko) Chrome/124.0.6367.207 Safari/537.36"
74.206.190.89 - - [29/Jan/2026:18:33:39 -0500] "GET /wp-admin/theme-editor.php?theme=tubetheme-2017-v3-filled&file=404.php&wp_scrape_key=104a9d6ed8adfb58a722b95a1c79c899&wp_scrape_nonce=860733952 HTTP/1.1" 200 56541 "http://www.tacotube.com/wp-admin/theme-editor.php?theme=tubetheme-2017-v3-filled&file=404.php&wp_scrape_key=104a9d6ed8adfb58a722b95a1c79c899&wp_scrape_nonce=860733952" "WordPress/4.9.16; http://www.tacotube.com"
74.206.190.89 - - [29/Jan/2026:18:33:39 -0500] "GET /?wp_scrape_key=104a9d6ed8adfb58a722b95a1c79c899&wp_scrape_nonce=860733952 HTTP/1.1" 200 46217 "http://www.tacotube.com/?wp_scrape_key=104a9d6ed8adfb58a722b95a1c79c899&wp_scrape_nonce=860733952" "WordPress/4.9.16; http://www.tacotube.com"
193.24.211.22 - - [29/Jan/2026:18:33:38 -0500] "POST /wp-admin/admin-ajax.php HTTP/1.1" 200 63 "http://www.tacotube.com/wp-admin/admin-ajax.php" "Mozilla/5.0 (Windows NT 10.0; Win64; x64) AppleWebKit/537.36 (KHTML, like Gecko) Chrome/124.0.6367.207 Safari/537.36"
193.24.211.22 - - [29/Jan/2026:18:33:40 -0500] "GET /wp-admin/theme-editor.php?file=custom%2Fmeta.php&theme=tubetheme-2017-v3-filled HTTP/1.1" 200 47711 "-" "Mozilla/5.0 (Windows NT 10.0; Win64; x64) AppleWebKit/537.36 (KHTML, like Gecko) Chrome/124.0.6367.207 Safari/537.36"
74.206.190.89 - - [29/Jan/2026:18:33:41 -0500] "GET /wp-admin/theme-editor.php?theme=tubetheme-2017-v3-filled&file=custom%2Fmeta.php&wp_scrape_key=6dd34950e24a9acdc5d8f2f050d1d7e1&wp_scrape_nonce=1470770502 HTTP/1.1" 200 53199 "http://www.tacotube.com/wp-admin/theme-editor.php?theme=tubetheme-2017-v3-filled&file=custom%2Fmeta.php&wp_scrape_key=6dd34950e24a9acdc5d8f2f050d1d7e1&wp_scrape_nonce=1470770502" "WordPress/4.9.16; http://www.tacotube.com"
74.206.190.89 - - [29/Jan/2026:18:33:41 -0500] "GET /?wp_scrape_key=6dd34950e24a9acdc5d8f2f050d1d7e1&wp_scrape_nonce=1470770502 HTTP/1.1" 200 46226 "http://www.tacotube.com/?wp_scrape_key=6dd34950e24a9acdc5d8f2f050d1d7e1&wp_scrape_nonce=1470770502" "WordPress/4.9.16; http://www.tacotube.com"
193.24.211.22 - - [29/Jan/2026:18:33:40 -0500] "POST /wp-admin/admin-ajax.php HTTP/1.1" 200 63 "http://www.tacotube.com/wp-admin/admin-ajax.php" "Mozilla/5.0 (Windows NT 10.0; Win64; x64) AppleWebKit/537.36 (KHTML, like Gecko) Chrome/124.0.6367.207 Safari/537.36"
74.206.190.89 - - [29/Jan/2026:18:33:42 -0500] "GET /wp-admin/theme-editor.php?theme=tubetheme-2017-v3-filled&file=custom%2Fmeta.php&wp_scrape_key=2d2a6b5d089bf51b826392c7c69ce437&wp_scrape_nonce=1555260176 HTTP/1.1" 200 48114 "http://www.tacotube.com/wp-admin/theme-editor.php?theme=tubetheme-2017-v3-filled&file=custom%2Fmeta.php&wp_scrape_key=2d2a6b5d089bf51b826392c7c69ce437&wp_scrape_nonce=1555260176" "WordPress/4.9.16; http://www.tacotube.com"
74.206.190.89 - - [29/Jan/2026:18:33:43 -0500] "GET /?wp_scrape_key=2d2a6b5d089bf51b826392c7c69ce437&wp_scrape_nonce=1555260176 HTTP/1.1" 200 46226 "http://www.tacotube.com/?wp_scrape_key=2d2a6b5d089bf51b826392c7c69ce437&wp_scrape_nonce=1555260176" "WordPress/4.9.16; http://www.tacotube.com"
193.24.211.22 - - [29/Jan/2026:18:33:42 -0500] "POST /wp-admin/admin-ajax.php HTTP/1.1" 200 63 "http://www.tacotube.com/wp-admin/admin-ajax.php" "Mozilla/5.0 (Windows NT 10.0; Win64; x64) AppleWebKit/537.36 (KHTML, like Gecko) Chrome/124.0.6367.207 Safari/537.36"
193.24.211.22 - - [29/Jan/2026:18:33:44 -0500] "GET /wp-admin/theme-editor.php?file=sidebar.php&theme=tubetheme-2017-v3-filled HTTP/1.1" 200 48598 "-" "Mozilla/5.0 (Windows NT 10.0; Win64; x64) AppleWebKit/537.36 (KHTML, like Gecko) Chrome/124.0.6367.207 Safari/537.36"
74.206.190.89 - - [29/Jan/2026:18:33:44 -0500] "GET /wp-admin/theme-editor.php?theme=tubetheme-2017-v3-filled&file=sidebar.php&wp_scrape_key=9639a776d05996f6070de334ce2ab188&wp_scrape_nonce=1019127268 HTTP/1.1" 200 53510 "http://www.tacotube.com/wp-admin/theme-editor.php?theme=tubetheme-2017-v3-filled&file=sidebar.php&wp_scrape_key=9639a776d05996f6070de334ce2ab188&wp_scrape_nonce=1019127268" "WordPress/4.9.16; http://www.tacotube.com"
74.206.190.89 - - [29/Jan/2026:18:33:45 -0500] "GET /?wp_scrape_key=9639a776d05996f6070de334ce2ab188&wp_scrape_nonce=1019127268 HTTP/1.1" 200 28232 "http://www.tacotube.com/?wp_scrape_key=9639a776d05996f6070de334ce2ab188&wp_scrape_nonce=1019127268" "WordPress/4.9.16; http://www.tacotube.com"
193.24.211.22 - - [29/Jan/2026:18:33:44 -0500] "POST /wp-admin/admin-ajax.php HTTP/1.1" 200 176 "http://www.tacotube.com/wp-admin/admin-ajax.php" "Mozilla/5.0 (Windows NT 10.0; Win64; x64) AppleWebKit/537.36 (KHTML, like Gecko) Chrome/124.0.6367.207 Safari/537.36"
193.24.211.22 - - [29/Jan/2026:18:33:46 -0500] "GET /wp-login.php HTTP/1.1" 200 2377 "-" "Mozilla/5.0 (Windows NT 10.0; Win64; x64) AppleWebKit/537.36 (KHTML, like Gecko) Chrome/124.0.6367.207 Safari/537.36"
193.24.211.22 - - [29/Jan/2026:18:33:46 -0500] "GET /wp-login.php?wp_lang=en_US HTTP/1.1" 200 2377 "-" "Mozilla/5.0 (Windows NT 10.0; Win64; x64) AppleWebKit/537.36 (KHTML, like Gecko) Chrome/124.0.6367.207 Safari/537.36"
193.24.211.22 - - [29/Jan/2026:18:33:47 -0500] "POST /wp-login.php?wp_lang=en_US HTTP/1.1" 302 - "http://www.tacotube.com/wp-login.php?wp_lang=en_US" "Mozilla/5.0 (Windows NT 10.0; Win64; x64) AppleWebKit/537.36 (KHTML, like Gecko) Chrome/124.0.6367.207 Safari/537.36"
193.24.211.22 - - [29/Jan/2026:18:33:47 -0500] "GET /wp-admin/ HTTP/1.1" 200 70120 "http://www.tacotube.com/wp-login.php?wp_lang=en_US" "Mozilla/5.0 (Windows NT 10.0; Win64; x64) AppleWebKit/537.36 (KHTML, like Gecko) Chrome/124.0.6367.207 Safari/537.36"
193.24.211.22 - - [29/Jan/2026:18:33:48 -0500] "GET /wp-admin/plugin-install.php HTTP/1.1" 200 80549 "-" "Mozilla/5.0 (Windows NT 10.0; Win64; x64) AppleWebKit/537.36 (KHTML, like Gecko) Chrome/124.0.6367.207 Safari/537.36"
193.24.211.22 - - [29/Jan/2026:18:33:49 -0500] "POST /wp-admin/update.php?action=upload-plugin HTTP/1.1" 500 2808 "http://www.tacotube.com/wp-admin/update.php?action=upload-plugin" "Mozilla/5.0 (Windows NT 10.0; Win64; x64) AppleWebKit/537.36 (KHTML, like Gecko) Chrome/124.0.6367.207 Safari/537.36"
193.24.211.22 - - [29/Jan/2026:18:33:50 -0500] "POST /wp-admin/update.php?action=upload-plugin HTTP/1.1" 500 2808 "http://www.tacotube.com/wp-admin/update.php?action=upload-plugin" "Mozilla/5.0 (Windows NT 10.0; Win64; x64) AppleWebKit/537.36 (KHTML, like Gecko) Chrome/124.0.6367.207 Safari/537.36"
193.24.211.22 - - [29/Jan/2026:18:33:50 -0500] "POST /wp-admin/update.php?action=upload-plugin HTTP/1.1" 500 2808 "http://www.tacotube.com/wp-admin/update.php?action=upload-plugin" "Mozilla/5.0 (Windows NT 10.0; Win64; x64) AppleWebKit/537.36 (KHTML, like Gecko) Chrome/124.0.6367.207 Safari/537.36"
193.24.211.22 - - [29/Jan/2026:18:33:51 -0500] "POST /wp-admin/update.php?action=upload-plugin HTTP/1.1" 500 2808 "http://www.tacotube.com/wp-admin/update.php?action=upload-plugin" "Mozilla/5.0 (Windows NT 10.0; Win64; x64) AppleWebKit/537.36 (KHTML, like Gecko) Chrome/124.0.6367.207 Safari/537.36"
193.24.211.22 - - [29/Jan/2026:18:33:51 -0500] "POST /wp-admin/update.php?action=upload-plugin HTTP/1.1" 500 2808 "http://www.tacotube.com/wp-admin/update.php?action=upload-plugin" "Mozilla/5.0 (Windows NT 10.0; Win64; x64) AppleWebKit/537.36 (KHTML, like Gecko) Chrome/124.0.6367.207 Safari/537.36"
74.206.190.89 - - [29/Jan/2026:18:35:37 -0500] "GET / HTTP/1.1" 200 38686 "-" "curl/7.29.0"
74.206.190.89 - - [29/Jan/2026:18:40:53 -0500] "GET / HTTP/1.1" 200 38686 "-" "curl/7.29.0"
74.206.190.89 - - [29/Jan/2026:18:45:47 -0500] "GET / HTTP/1.1" 200 38686 "-" "curl/7.29.0"
74.206.190.89 - - [29/Jan/2026:18:50:37 -0500] "POST /wp-cron.php?doing_wp_cron=1769730637.1319530010223388671875 HTTP/1.1" 200 - "http://www.tacotube.com/wp-cron.php?doing_wp_cron=1769730637.1319530010223388671875" "WordPress/4.9.16; http://www.tacotube.com"
74.206.190.89 - - [29/Jan/2026:18:50:36 -0500] "GET / HTTP/1.1" 200 38686 "-" "curl/7.29.0"
74.206.190.89 - - [29/Jan/2026:18:55:45 -0500] "GET / HTTP/1.1" 200 38686 "-" "curl/7.29.0"
141.94.194.132 - - [29/Jan/2026:18:57:09 -0500] "GET /index.php/feed HTTP/1.1" 200 80099 "-" "Mozilla/5.0 (X11; Linux i686) AppleWebKit/537.36 (KHTML, like Gecko) Chrome/30.0.1599.66 Safari/537.36"
74.206.190.89 - - [29/Jan/2026:19:00:54 -0500] "POST /wp-cron.php?doing_wp_cron=1769731254.0519530773162841796875 HTTP/1.1" 200 - "http://www.tacotube.com/wp-cron.php?doing_wp_cron=1769731254.0519530773162841796875" "WordPress/4.9.16; http://www.tacotube.com"
74.206.190.89 - - [29/Jan/2026:19:00:53 -0500] "GET / HTTP/1.1" 200 38686 "-" "curl/7.29.0"
74.206.190.89 - - [29/Jan/2026:19:05:42 -0500] "GET / HTTP/1.1" 200 38686 "-" "curl/7.29.0"
74.206.190.89 - - [29/Jan/2026:19:10:37 -0500] "POST /wp-cron.php?doing_wp_cron=1769731837.8449850082397460937500 HTTP/1.1" 200 - "http://www.tacotube.com/wp-cron.php?doing_wp_cron=1769731837.8449850082397460937500" "WordPress/4.9.16; http://www.tacotube.com"
74.206.190.89 - - [29/Jan/2026:19:10:37 -0500] "GET / HTTP/1.1" 200 38686 "-" "curl/7.29.0"
74.206.190.89 - - [29/Jan/2026:19:15:55 -0500] "GET / HTTP/1.1" 200 38686 "-" "curl/7.29.0"
74.206.190.89 - - [29/Jan/2026:19:21:25 -0500] "GET / HTTP/1.1" 200 38686 "-" "curl/7.29.0"
74.206.190.89 - - [29/Jan/2026:19:25:34 -0500] "GET / HTTP/1.1" 200 38686 "-" "curl/7.29.0"
74.206.190.89 - - [29/Jan/2026:19:30:34 -0500] "GET / HTTP/1.1" 200 38686 "-" "curl/7.29.0"
40.77.167.15 - - [29/Jan/2026:19:32:03 -0500] "GET /?Submit=Search&s= HTTP/1.1" 200 38386 "-" "Mozilla/5.0 AppleWebKit/537.36 (KHTML, like Gecko; compatible; bingbot/2.0; +http://www.bing.com/bingbot.htm) Chrome/116.0.1938.76 Safari/537.36"
74.206.190.89 - - [29/Jan/2026:19:35:37 -0500] "GET / HTTP/1.1" 200 38686 "-" "curl/7.29.0"
141.94.194.132 - - [29/Jan/2026:19:37:06 -0500] "GET /index.php/category/big-ass/feed HTTP/1.1" 200 10946 "-" "Mozilla/5.0 (X11; Linux i686) AppleWebKit/537.36 (KHTML, like Gecko) Chrome/30.0.1599.66 Safari/537.36"
74.206.190.89 - - [29/Jan/2026:19:41:04 -0500] "GET / HTTP/1.1" 200 38686 "-" "curl/7.29.0"
114.119.158.112 - - [29/Jan/2026:19:42:58 -0500] "GET /index.php/tag/petite HTTP/1.1" 200 21337 "http://www.tacotube.com/index.php/latinawebcam/teen-latina-porn.html" "Mozilla/5.0 (Linux; Android 7.0;) AppleWebKit/537.36 (KHTML, like Gecko) Mobile Safari/537.36 (compatible; PetalBot;+https://webmaster.petalsearch.com/site/petalbot)"
114.119.136.51 - - [29/Jan/2026:19:44:17 -0500] "GET /index.php/page/2 HTTP/1.1" 200 37787 "http://www.tacotube.com/" "Mozilla/5.0 (Linux; Android 7.0;) AppleWebKit/537.36 (KHTML, like Gecko) Mobile Safari/537.36 (compatible; PetalBot;+https://webmaster.petalsearch.com/site/petalbot)"
141.94.194.132 - - [29/Jan/2026:19:44:40 -0500] "GET /index.php/category/latina-milf/feed HTTP/1.1" 200 6570 "-" "Mozilla/5.0 (X11; Linux i686) AppleWebKit/537.36 (KHTML, like Gecko) Chrome/30.0.1599.66 Safari/537.36"
74.206.190.89 - - [29/Jan/2026:19:45:37 -0500] "GET / HTTP/1.1" 200 38686 "-" "curl/7.29.0"
114.119.150.252 - - [29/Jan/2026:19:45:39 -0500] "GET /index.php/big-ass/big-ass-tube.html HTTP/1.1" 200 29301 "http://www.tacotube.com/index.php/big-ass/27.html" "Mozilla/5.0 (Linux; Android 7.0;) AppleWebKit/537.36 (KHTML, like Gecko) Mobile Safari/537.36 (compatible; PetalBot;+https://webmaster.petalsearch.com/site/petalbot)"
107.189.11.186 - - [29/Jan/2026:19:48:02 -0500] "GET /wp-login.php HTTP/1.1" 200 2377 "-" "Mozilla/5.0 (Windows NT 6.1; rv:30.0) Gecko/20100101 Firefox/30.0"
107.189.11.186 - - [29/Jan/2026:19:48:02 -0500] "POST /wp-login.php HTTP/1.1" 200 3362 "-" "Mozilla/5.0 (Windows NT 6.1; rv:30.0) Gecko/20100101 Firefox/30.0"
141.94.194.132 - - [29/Jan/2026:19:48:38 -0500] "GET /index.php/tag/thong/feed HTTP/1.1" 200 2919 "-" "Mozilla/5.0 (X11; Linux i686) AppleWebKit/537.36 (KHTML, like Gecko) Chrome/30.0.1599.66 Safari/537.36"
74.206.190.89 - - [29/Jan/2026:19:50:36 -0500] "GET / HTTP/1.1" 200 38686 "-" "curl/7.29.0"
141.94.194.132 - - [29/Jan/2026:19:54:43 -0500] "GET /index.php/category/blonde-latina/feed HTTP/1.1" 200 8324 "-" "Mozilla/5.0 (X11; Linux i686) AppleWebKit/537.36 (KHTML, like Gecko) Chrome/30.0.1599.66 Safari/537.36"
74.206.190.89 - - [29/Jan/2026:19:55:36 -0500] "GET / HTTP/1.1" 200 38686 "-" "curl/7.29.0"
54.203.217.102 - - [29/Jan/2026:19:56:27 -0500] "GET /robots.txt HTTP/1.1" 200 29 "-" "expo-research-bot"
52.27.67.232 - - [29/Jan/2026:19:56:28 -0500] "GET /index.php/category/latina-anal HTTP/1.1" 200 23573 "-" "expo-research-bot"
52.27.67.232 - - [29/Jan/2026:19:56:28 -0500] "GET /index.php/category/video.mp4 HTTP/1.1" 404 18072 "http://www.tacotube.com/index.php/category/latina-anal" "expo-research-bot"
74.206.190.89 - - [29/Jan/2026:20:00:49 -0500] "POST /wp-cron.php?doing_wp_cron=1769734849.6107800006866455078125 HTTP/1.1" 200 - "http://www.tacotube.com/wp-cron.php?doing_wp_cron=1769734849.6107800006866455078125" "WordPress/4.9.16; http://www.tacotube.com"
74.206.190.89 - - [29/Jan/2026:20:00:49 -0500] "GET / HTTP/1.1" 200 38686 "-" "curl/7.29.0"
114.119.136.51 - - [29/Jan/2026:20:02:54 -0500] "GET /index.php/page/3 HTTP/1.1" 200 33657 "http://www.tacotube.com/" "Mozilla/5.0 (Linux; Android 7.0;) AppleWebKit/537.36 (KHTML, like Gecko) Mobile Safari/537.36 (compatible; PetalBot;+https://webmaster.petalsearch.com/site/petalbot)"
74.206.190.89 - - [29/Jan/2026:20:05:52 -0500] "GET / HTTP/1.1" 200 38686 "-" "curl/7.29.0"
95.85.238.20 - - [29/Jan/2026:20:07:05 -0500] "GET /wp-login.php HTTP/1.1" 200 2377 "-" "Mozilla/5.0 (Macintosh; Intel Mac OS X 10_7_5) AppleWebKit/537.77.4 (KHTML, like Gecko) Version/6.1.5 Safari/537.77.4"
95.85.238.20 - - [29/Jan/2026:20:07:06 -0500] "POST /wp-login.php HTTP/1.1" 200 3364 "-" "Mozilla/5.0 (Macintosh; Intel Mac OS X 10_7_5) AppleWebKit/537.77.4 (KHTML, like Gecko) Version/6.1.5 Safari/537.77.4"
171.4.2.136 - - [29/Jan/2026:20:07:21 -0500] "GET /wp-json/wp/v2/posts HTTP/1.1" 404 279 "-" "Mozilla/5.0 (Windows NT 10.0; Win64; x64) AppleWebKit/537.36 (KHTML, like Gecko) Chrome/120.0.0.0 Safari/537.36"
74.206.190.89 - - [29/Jan/2026:20:10:42 -0500] "POST /wp-cron.php?doing_wp_cron=1769735442.3250350952148437500000 HTTP/1.1" 200 - "http://www.tacotube.com/wp-cron.php?doing_wp_cron=1769735442.3250350952148437500000" "WordPress/4.9.16; http://www.tacotube.com"
74.206.190.89 - - [29/Jan/2026:20:10:42 -0500] "GET / HTTP/1.1" 200 38686 "-" "curl/7.29.0"
74.206.190.89 - - [29/Jan/2026:20:15:43 -0500] "GET / HTTP/1.1" 200 38686 "-" "curl/7.29.0"
74.206.190.89 - - [29/Jan/2026:20:20:52 -0500] "GET / HTTP/1.1" 200 38686 "-" "curl/7.29.0"
198.98.51.43 - - [29/Jan/2026:20:23:51 -0500] "GET /wp-login.php HTTP/1.1" 200 2377 "-" "Mozilla/5.0 (X11; Ubuntu; Linux x86_64; rv:30.0) Gecko/20100101 Firefox/30.0"
198.98.51.43 - - [29/Jan/2026:20:23:51 -0500] "POST /wp-login.php HTTP/1.1" 200 3380 "-" "Mozilla/5.0 (X11; Ubuntu; Linux x86_64; rv:30.0) Gecko/20100101 Firefox/30.0"
74.206.190.89 - - [29/Jan/2026:20:25:39 -0500] "GET / HTTP/1.1" 200 38686 "-" "curl/7.29.0"
74.206.190.89 - - [29/Jan/2026:20:30:36 -0500] "GET / HTTP/1.1" 200 38686 "-" "curl/7.29.0"
114.119.139.19 - - [29/Jan/2026:20:34:18 -0500] "GET /index.php/tag/booty HTTP/1.1" 200 21341 "http://www.tacotube.com/index.php/teen-latinas/hot-latina-gets-smashed-from-behind.html" "Mozilla/5.0 (Linux; Android 7.0;) AppleWebKit/537.36 (KHTML, like Gecko) Mobile Safari/537.36 (compatible; PetalBot;+https://webmaster.petalsearch.com/site/petalbot)"
74.206.190.89 - - [29/Jan/2026:20:35:37 -0500] "GET / HTTP/1.1" 200 38686 "-" "curl/7.29.0"
114.119.139.19 - - [29/Jan/2026:20:35:42 -0500] "GET /index.php/latinawebcam/breaking-news-the-evolution-of-high-end-escort-dubai-market-in-2024.html HTTP/1.1" 200 39186 "http://www.tacotube.com/index.php/category/latinawebcam/page/1" "Mozilla/5.0 (Linux; Android 7.0;) AppleWebKit/537.36 (KHTML, like Gecko) Mobile Safari/537.36 (compatible; PetalBot;+https://webmaster.petalsearch.com/site/petalbot)"
74.206.190.89 - - [29/Jan/2026:20:40:46 -0500] "GET / HTTP/1.1" 200 38686 "-" "curl/7.29.0"
198.98.60.91 - - [29/Jan/2026:20:42:42 -0500] "GET /wp-login.php HTTP/1.1" 200 2377 "-" "Mozilla/5.0 (Windows NT 6.3; WOW64) AppleWebKit/537.36 (KHTML, like Gecko) Chrome/35.0.1916.153 Safari/537.36"
198.98.60.91 - - [29/Jan/2026:20:42:42 -0500] "POST /wp-login.php HTTP/1.1" 200 3362 "-" "Mozilla/5.0 (Windows NT 6.3; WOW64) AppleWebKit/537.36 (KHTML, like Gecko) Chrome/35.0.1916.153 Safari/537.36"
74.206.190.89 - - [29/Jan/2026:20:45:48 -0500] "GET / HTTP/1.1" 200 38686 "-" "curl/7.29.0"
45.3.34.154 - - [29/Jan/2026:20:46:35 -0500] "GET /wp-login.php HTTP/1.1" 200 2377 "-" "Mozilla/5.0 (Windows NT 10.0; Win64; x64) AppleWebKit/537.36 (KHTML, like Gecko) Chrome/124.0.6367.207 Safari/537.36"
45.3.34.154 - - [29/Jan/2026:20:46:36 -0500] "POST /xmlrpc.php HTTP/1.1" 403 278 "-" "Mozilla/5.0 (Windows NT 10.0; Win64; x64) AppleWebKit/537.36 (KHTML, like Gecko) Chrome/124.0.6367.207 Safari/537.36"
104.207.34.211 - - [29/Jan/2026:20:46:36 -0500] "POST /xmlrpc.php HTTP/1.1" 403 278 "-" "Mozilla/5.0 (Windows NT 10.0; Win64; x64; rv:127.0) Gecko/20100101 Firefox/127.0"
209.50.174.146 - - [29/Jan/2026:20:46:37 -0500] "POST /xmlrpc.php HTTP/1.1" 403 278 "-" "Mozilla/5.0 (Macintosh; Intel Mac OS X 13_5) AppleWebKit/605.1.15 (KHTML, like Gecko) Version/17.5 Safari/605.1.15"
209.50.177.117 - - [29/Jan/2026:20:46:37 -0500] "POST /xmlrpc.php HTTP/1.1" 403 278 "-" "Mozilla/5.0 (Macintosh; Intel Mac OS X 13_5) AppleWebKit/605.1.15 (KHTML, like Gecko) Version/17.5 Safari/605.1.15"
104.207.60.175 - - [29/Jan/2026:20:46:39 -0500] "POST /xmlrpc.php HTTP/1.1" 403 278 "-" "Mozilla/5.0 (Windows NT 10.0; Win64; x64; rv:127.0) Gecko/20100101 Firefox/127.0"
65.111.7.117 - - [29/Jan/2026:20:46:39 -0500] "POST /xmlrpc.php HTTP/1.1" 403 278 "-" "Mozilla/5.0 (Macintosh; Intel Mac OS X 13_5) AppleWebKit/605.1.15 (KHTML, like Gecko) Version/17.5 Safari/605.1.15"
45.3.39.192 - - [29/Jan/2026:20:46:40 -0500] "POST /xmlrpc.php HTTP/1.1" 403 278 "-" "Mozilla/5.0 (Windows NT 10.0; Win64; x64) AppleWebKit/537.36 (KHTML, like Gecko) Chrome/124.0.6367.207 Safari/537.36"
216.26.229.134 - - [29/Jan/2026:20:46:41 -0500] "POST /xmlrpc.php HTTP/1.1" 403 278 "-" "Mozilla/5.0 (Windows NT 10.0; Win64; x64) AppleWebKit/537.36 (KHTML, like Gecko) Chrome/124.0.6367.207 Safari/537.36"
209.50.183.79 - - [29/Jan/2026:20:46:41 -0500] "POST /xmlrpc.php HTTP/1.1" 403 278 "-" "Mozilla/5.0 (Windows NT 10.0; Win64; x64) AppleWebKit/537.36 (KHTML, like Gecko) Chrome/124.0.6367.207 Safari/537.36"
104.167.25.163 - - [29/Jan/2026:20:46:42 -0500] "POST /xmlrpc.php HTTP/1.1" 403 278 "-" "Mozilla/5.0 (Windows NT 10.0; Win64; x64; rv:127.0) Gecko/20100101 Firefox/127.0"
216.26.250.118 - - [29/Jan/2026:20:46:42 -0500] "POST /xmlrpc.php HTTP/1.1" 403 278 "-" "Mozilla/5.0 (Windows NT 10.0; Win64; x64) AppleWebKit/537.36 (KHTML, like Gecko) Chrome/124.0.6367.207 Safari/537.36"
45.3.34.154 - - [29/Jan/2026:20:46:43 -0500] "GET /wp-login.php HTTP/1.1" 200 2377 "-" "Mozilla/5.0 (Windows NT 10.0; Win64; x64) AppleWebKit/537.36 (KHTML, like Gecko) Chrome/124.0.6367.207 Safari/537.36"
45.3.34.154 - - [29/Jan/2026:20:46:43 -0500] "POST /wp-login.php HTTP/1.1" 302 - "http://www.tacotube.com/wp-login.php" "Mozilla/5.0 (Windows NT 10.0; Win64; x64) AppleWebKit/537.36 (KHTML, like Gecko) Chrome/124.0.6367.207 Safari/537.36"
45.3.34.154 - - [29/Jan/2026:20:46:44 -0500] "GET /wp-admin/ HTTP/1.1" 200 70115 "http://www.tacotube.com/wp-login.php" "Mozilla/5.0 (Windows NT 10.0; Win64; x64) AppleWebKit/537.36 (KHTML, like Gecko) Chrome/124.0.6367.207 Safari/537.36"
45.3.34.154 - - [29/Jan/2026:20:46:45 -0500] "GET /wp-admin/admin-ajax.php?action=rest-nonce HTTP/1.1" 400 1 "-" "Mozilla/5.0 (Windows NT 10.0; Win64; x64) AppleWebKit/537.36 (KHTML, like Gecko) Chrome/124.0.6367.207 Safari/537.36"
45.3.34.154 - - [29/Jan/2026:20:46:45 -0500] "GET /wp-admin/admin-ajax.php?action=rest-nonce HTTP/1.1" 400 1 "-" "Mozilla/5.0 (Windows NT 10.0; Win64; x64) AppleWebKit/537.36 (KHTML, like Gecko) Chrome/124.0.6367.207 Safari/537.36"
45.3.34.154 - - [29/Jan/2026:20:46:46 -0500] "GET /wp-admin/admin-ajax.php?action=rest-nonce HTTP/1.1" 400 1 "-" "Mozilla/5.0 (Windows NT 10.0; Win64; x64) AppleWebKit/537.36 (KHTML, like Gecko) Chrome/124.0.6367.207 Safari/537.36"
45.3.34.154 - - [29/Jan/2026:20:46:46 -0500] "GET /wp-admin/admin-ajax.php?action=rest-nonce HTTP/1.1" 400 1 "-" "Mozilla/5.0 (Windows NT 10.0; Win64; x64) AppleWebKit/537.36 (KHTML, like Gecko) Chrome/124.0.6367.207 Safari/537.36"
45.3.34.154 - - [29/Jan/2026:20:46:47 -0500] "GET /wp-admin/admin-ajax.php?action=rest-nonce HTTP/1.1" 400 1 "-" "Mozilla/5.0 (Windows NT 10.0; Win64; x64) AppleWebKit/537.36 (KHTML, like Gecko) Chrome/124.0.6367.207 Safari/537.36"
45.3.34.154 - - [29/Jan/2026:20:46:48 -0500] "GET /wp-json/wp/v2/users/me HTTP/1.1" 404 286 "-" "Mozilla/5.0 (Windows NT 10.0; Win64; x64) AppleWebKit/537.36 (KHTML, like Gecko) Chrome/124.0.6367.207 Safari/537.36"
45.3.34.154 - - [29/Jan/2026:20:46:48 -0500] "GET /wp-json/wp/v2/users/me HTTP/1.1" 404 286 "-" "Mozilla/5.0 (Windows NT 10.0; Win64; x64) AppleWebKit/537.36 (KHTML, like Gecko) Chrome/124.0.6367.207 Safari/537.36"
45.3.34.154 - - [29/Jan/2026:20:46:48 -0500] "GET /wp-json/wp/v2/users/me HTTP/1.1" 404 286 "-" "Mozilla/5.0 (Windows NT 10.0; Win64; x64) AppleWebKit/537.36 (KHTML, like Gecko) Chrome/124.0.6367.207 Safari/537.36"
45.3.34.154 - - [29/Jan/2026:20:46:48 -0500] "GET /wp-json/wp/v2/users/me HTTP/1.1" 404 286 "-" "Mozilla/5.0 (Windows NT 10.0; Win64; x64) AppleWebKit/537.36 (KHTML, like Gecko) Chrome/124.0.6367.207 Safari/537.36"
45.3.34.154 - - [29/Jan/2026:20:46:48 -0500] "GET /wp-json/wp/v2/users/me HTTP/1.1" 404 286 "-" "Mozilla/5.0 (Windows NT 10.0; Win64; x64) AppleWebKit/537.36 (KHTML, like Gecko) Chrome/124.0.6367.207 Safari/537.36"
45.3.34.154 - - [29/Jan/2026:20:46:49 -0500] "GET /wp-admin/theme-editor.php HTTP/1.1" 200 46898 "-" "Mozilla/5.0 (Windows NT 10.0; Win64; x64) AppleWebKit/537.36 (KHTML, like Gecko) Chrome/124.0.6367.207 Safari/537.36"
45.3.34.154 - - [29/Jan/2026:20:46:50 -0500] "GET /wp-admin/plugin-editor.php HTTP/1.1" 200 50367 "-" "Mozilla/5.0 (Windows NT 10.0; Win64; x64) AppleWebKit/537.36 (KHTML, like Gecko) Chrome/124.0.6367.207 Safari/537.36"
45.3.34.154 - - [29/Jan/2026:20:46:51 -0500] "GET /wp-admin/theme-install.php HTTP/1.1" 200 44454 "-" "Mozilla/5.0 (Windows NT 10.0; Win64; x64) AppleWebKit/537.36 (KHTML, like Gecko) Chrome/124.0.6367.207 Safari/537.36"
45.3.34.154 - - [29/Jan/2026:20:46:52 -0500] "GET /wp-admin/plugin-install.php HTTP/1.1" 200 80547 "-" "Mozilla/5.0 (Windows NT 10.0; Win64; x64) AppleWebKit/537.36 (KHTML, like Gecko) Chrome/124.0.6367.207 Safari/537.36"
45.3.34.154 - - [29/Jan/2026:20:46:54 -0500] "POST /wp-admin/update.php?action=upload-plugin HTTP/1.1" 500 2808 "http://www.tacotube.com/wp-admin/update.php?action=upload-plugin" "Mozilla/5.0 (Windows NT 10.0; Win64; x64) AppleWebKit/537.36 (KHTML, like Gecko) Chrome/124.0.6367.207 Safari/537.36"
45.3.34.154 - - [29/Jan/2026:20:46:55 -0500] "GET /wp-admin/plugins.php?plugin_status=all HTTP/1.1" 200 51358 "-" "Mozilla/5.0 (Windows NT 10.0; Win64; x64) AppleWebKit/537.36 (KHTML, like Gecko) Chrome/124.0.6367.207 Safari/537.36"
45.3.34.154 - - [29/Jan/2026:20:46:55 -0500] "GET /wp-admin/plugins.php?plugin_status=all HTTP/1.1" 200 51331 "-" "Mozilla/5.0 (Windows NT 10.0; Win64; x64) AppleWebKit/537.36 (KHTML, like Gecko) Chrome/124.0.6367.207 Safari/537.36"
45.3.34.154 - - [29/Jan/2026:20:46:56 -0500] "GET /wp-admin/plugins.php?plugin_status=all HTTP/1.1" 200 51358 "-" "Mozilla/5.0 (Windows NT 10.0; Win64; x64) AppleWebKit/537.36 (KHTML, like Gecko) Chrome/124.0.6367.207 Safari/537.36"
45.3.34.154 - - [29/Jan/2026:20:46:57 -0500] "GET /wp-admin/plugins.php?plugin_status=all HTTP/1.1" 200 51314 "-" "Mozilla/5.0 (Windows NT 10.0; Win64; x64) AppleWebKit/537.36 (KHTML, like Gecko) Chrome/124.0.6367.207 Safari/537.36"
45.3.34.154 - - [29/Jan/2026:20:46:57 -0500] "GET /wp-admin/plugins.php?plugin_status=all HTTP/1.1" 200 51336 "-" "Mozilla/5.0 (Windows NT 10.0; Win64; x64) AppleWebKit/537.36 (KHTML, like Gecko) Chrome/124.0.6367.207 Safari/537.36"
45.3.34.154 - - [29/Jan/2026:20:46:58 -0500] "GET /wp-admin/plugins.php HTTP/1.1" 200 51276 "-" "Mozilla/5.0 (Windows NT 10.0; Win64; x64) AppleWebKit/537.36 (KHTML, like Gecko) Chrome/124.0.6367.207 Safari/537.36"
74.206.190.89 - - [29/Jan/2026:20:50:37 -0500] "GET / HTTP/1.1" 200 38686 "-" "curl/7.29.0"
74.206.190.89 - - [29/Jan/2026:20:55:36 -0500] "GET / HTTP/1.1" 200 38686 "-" "curl/7.29.0"
74.206.190.89 - - [29/Jan/2026:21:00:44 -0500] "POST /wp-cron.php?doing_wp_cron=1769738444.8583879470825195312500 HTTP/1.1" 200 - "http://www.tacotube.com/wp-cron.php?doing_wp_cron=1769738444.8583879470825195312500" "WordPress/4.9.16; http://www.tacotube.com"
74.206.190.89 - - [29/Jan/2026:21:00:44 -0500] "GET / HTTP/1.1" 200 38686 "-" "curl/7.29.0"
74.206.190.89 - - [29/Jan/2026:21:05:37 -0500] "GET / HTTP/1.1" 200 38686 "-" "curl/7.29.0"
52.37.216.73 - - [29/Jan/2026:21:07:29 -0500] "GET /robots.txt HTTP/1.1" 200 29 "-" "expo-research-bot"
74.206.190.89 - - [29/Jan/2026:21:07:29 -0500] "POST /wp-cron.php?doing_wp_cron=1769738849.5034279823303222656250 HTTP/1.1" 200 - "http://www.tacotube.com/wp-cron.php?doing_wp_cron=1769738849.5034279823303222656250" "WordPress/4.9.16; http://www.tacotube.com"
52.37.216.73 - - [29/Jan/2026:21:07:29 -0500] "GET /index.php/tag/ass HTTP/1.1" 200 23367 "-" "expo-research-bot"
54.148.230.83 - - [29/Jan/2026:21:07:30 -0500] "GET /index.php/tag/video.mp4 HTTP/1.1" 404 18062 "http://www.tacotube.com/index.php/tag/ass" "expo-research-bot"
74.206.190.89 - - [29/Jan/2026:21:10:37 -0500] "GET / HTTP/1.1" 200 38686 "-" "curl/7.29.0"
74.206.190.89 - - [29/Jan/2026:21:15:35 -0500] "GET / HTTP/1.1" 200 38686 "-" "curl/7.29.0"
141.94.194.132 - - [29/Jan/2026:21:18:31 -0500] "GET /index.php/category/teen-latinas/feed HTTP/1.1" 200 12649 "-" "Mozilla/5.0 (X11; Linux i686) AppleWebKit/537.36 (KHTML, like Gecko) Chrome/30.0.1599.66 Safari/537.36"
74.206.190.89 - - [29/Jan/2026:21:20:58 -0500] "GET / HTTP/1.1" 200 38686 "-" "curl/7.29.0"
74.206.190.89 - - [29/Jan/2026:21:25:40 -0500] "GET / HTTP/1.1" 200 38686 "-" "curl/7.29.0"
74.206.190.89 - - [29/Jan/2026:21:30:38 -0500] "GET / HTTP/1.1" 200 38686 "-" "curl/7.29.0"
74.206.190.89 - - [29/Jan/2026:21:35:36 -0500] "GET / HTTP/1.1" 200 38686 "-" "curl/7.29.0"
141.94.194.132 - - [29/Jan/2026:21:37:10 -0500] "GET /index.php/feed HTTP/1.1" 200 80099 "-" "Mozilla/5.0 (X11; Linux i686) AppleWebKit/537.36 (KHTML, like Gecko) Chrome/30.0.1599.66 Safari/537.36"
43.130.31.17 - - [29/Jan/2026:21:40:05 -0500] "GET / HTTP/1.1" 200 38686 "-" "Mozilla/5.0 (iPhone; CPU iPhone OS 13_2_3 like Mac OS X) AppleWebKit/605.1.15 (KHTML, like Gecko) Version/13.0.3 Mobile/15E148 Safari/604.1"
74.206.190.89 - - [29/Jan/2026:21:40:52 -0500] "GET / HTTP/1.1" 200 38686 "-" "curl/7.29.0"
74.206.190.89 - - [29/Jan/2026:21:45:37 -0500] "GET / HTTP/1.1" 200 38686 "-" "curl/7.29.0"
54.212.108.117 - - [29/Jan/2026:21:50:28 -0500] "GET /robots.txt HTTP/1.1" 200 29 "-" "expo-research-bot"
54.212.108.117 - - [29/Jan/2026:21:50:28 -0500] "GET /index.php/tag/hairy-pussy HTTP/1.1" 200 21368 "-" "expo-research-bot"
54.71.159.193 - - [29/Jan/2026:21:50:29 -0500] "GET /index.php/tag/video.mp4 HTTP/1.1" 404 18062 "http://www.tacotube.com/index.php/tag/hairy-pussy" "expo-research-bot"
74.206.190.89 - - [29/Jan/2026:21:50:38 -0500] "GET / HTTP/1.1" 200 38686 "-" "curl/7.29.0"
54.218.85.130 - - [29/Jan/2026:21:52:31 -0500] "GET /index.php/tag/panties HTTP/1.1" 200 21371 "-" "expo-research-bot"
54.218.85.130 - - [29/Jan/2026:21:52:32 -0500] "GET /index.php/tag/video.mp4 HTTP/1.1" 404 18062 "http://www.tacotube.com/index.php/tag/panties" "expo-research-bot"
95.85.238.22 - - [29/Jan/2026:21:53:29 -0500] "GET /wp-login.php HTTP/1.1" 200 2377 "-" "Mozilla/5.0 (Macintosh; Intel Mac OS X 10_9_4) AppleWebKit/537.36 (KHTML, like Gecko) Chrome/36.0.1985.143 Safari/537.36"
95.85.238.22 - - [29/Jan/2026:21:53:29 -0500] "POST /wp-login.php HTTP/1.1" 200 3362 "-" "Mozilla/5.0 (Macintosh; Intel Mac OS X 10_9_4) AppleWebKit/537.36 (KHTML, like Gecko) Chrome/36.0.1985.143 Safari/537.36"
74.206.190.89 - - [29/Jan/2026:21:55:37 -0500] "GET / HTTP/1.1" 200 38686 "-" "curl/7.29.0"
195.2.84.198 - - [29/Jan/2026:21:59:25 -0500] "GET /index.php/blonde-latina/spanish-tube.html/comment-page-1 HTTP/1.1" 301 - "http://tacotube.com/index.php/blonde-latina/spanish-tube.html/comment-page-1" "Mozilla/5.0 (Windows NT 10.0; Win64; x64) AppleWebKit/537.36 (KHTML, like Gecko) Chrome/129.0.0.0 Safari/537.36"
195.2.84.198 - - [29/Jan/2026:21:59:26 -0500] "GET /index.php/blonde-latina/spanish-tube.html/comment-page-1 HTTP/1.1" 200 27163 "http://www.tacotube.com/index.php/blonde-latina/spanish-tube.html/comment-page-1" "Mozilla/5.0 (Windows NT 10.0; Win64; x64) AppleWebKit/537.36 (KHTML, like Gecko) Chrome/129.0.0.0 Safari/537.36"
195.2.84.198 - - [29/Jan/2026:21:59:27 -0500] "GET /index.php/blonde-latina/spanish-tube.html/comment-page-1 HTTP/1.1" 200 27163 "http://www.tacotube.com/index.php/blonde-latina/spanish-tube.html/comment-page-1" "Mozilla/5.0 (Windows NT 10.0; Win64; x64) AppleWebKit/537.36 (KHTML, like Gecko) Chrome/129.0.0.0 Safari/537.36"
54.69.157.174 - - [29/Jan/2026:21:59:34 -0500] "GET /robots.txt HTTP/1.1" 200 29 "-" "expo-research-bot"
44.225.135.207 - - [29/Jan/2026:21:59:35 -0500] "GET /index.php/tag/pussy-licking HTTP/1.1" 200 21357 "-" "expo-research-bot"
