54.69.157.174 - - [29/Jan/2026:21:59:35 -0500] "GET /index.php/tag/video.mp4 HTTP/1.1" 404 21217 "http://www.tacotube.com/index.php/tag/pussy-licking" "expo-research-bot"
74.206.190.89 - - [29/Jan/2026:22:00:48 -0500] "POST /wp-cron.php?doing_wp_cron=1769742048.8575489521026611328125 HTTP/1.1" 200 - "http://www.tacotube.com/wp-cron.php?doing_wp_cron=1769742048.8575489521026611328125" "WordPress/4.9.16; http://www.tacotube.com"
74.206.190.89 - - [29/Jan/2026:22:00:48 -0500] "GET / HTTP/1.1" 200 38686 "-" "curl/7.29.0"
74.206.190.89 - - [29/Jan/2026:22:05:40 -0500] "GET / HTTP/1.1" 200 38686 "-" "curl/7.29.0"
74.206.190.89 - - [29/Jan/2026:22:10:40 -0500] "POST /wp-cron.php?doing_wp_cron=1769742640.4566719532012939453125 HTTP/1.1" 200 - "http://www.tacotube.com/wp-cron.php?doing_wp_cron=1769742640.4566719532012939453125" "WordPress/4.9.16; http://www.tacotube.com"
74.206.190.89 - - [29/Jan/2026:22:10:40 -0500] "GET / HTTP/1.1" 200 38686 "-" "curl/7.29.0"
74.206.190.89 - - [29/Jan/2026:22:15:36 -0500] "GET / HTTP/1.1" 200 38686 "-" "curl/7.29.0"
104.244.74.96 - - [29/Jan/2026:22:15:41 -0500] "GET /wp-login.php HTTP/1.1" 200 2377 "-" "Mozilla/5.0 (Windows NT 6.3; WOW64) AppleWebKit/537.36 (KHTML, like Gecko) Chrome/35.0.1916.153 Safari/537.36"
104.244.74.96 - - [29/Jan/2026:22:19:00 -0500] "POST /wp-login.php HTTP/1.1" 200 3382 "-" "Mozilla/5.0 (Windows NT 6.3; WOW64) AppleWebKit/537.36 (KHTML, like Gecko) Chrome/35.0.1916.153 Safari/537.36"
74.206.190.89 - - [29/Jan/2026:22:20:51 -0500] "GET / HTTP/1.1" 200 38686 "-" "curl/7.29.0"
74.206.190.89 - - [29/Jan/2026:22:25:42 -0500] "GET / HTTP/1.1" 200 38686 "-" "curl/7.29.0"
74.206.190.89 - - [29/Jan/2026:22:30:35 -0500] "GET / HTTP/1.1" 200 38686 "-" "curl/7.29.0"
141.94.194.132 - - [29/Jan/2026:22:30:39 -0500] "GET /index.php/tag/thong/feed HTTP/1.1" 200 2919 "-" "Mozilla/5.0 (X11; Linux i686) AppleWebKit/537.36 (KHTML, like Gecko) Chrome/30.0.1599.66 Safari/537.36"
74.206.190.89 - - [29/Jan/2026:22:35:35 -0500] "GET / HTTP/1.1" 200 38686 "-" "curl/7.29.0"
35.155.86.170 - - [29/Jan/2026:22:36:55 -0500] "GET /robots.txt HTTP/1.1" 200 29 "-" "expo-research-bot"
35.81.194.182 - - [29/Jan/2026:22:36:56 -0500] "GET /index.php/tag/anal HTTP/1.1" 200 21325 "-" "expo-research-bot"
35.155.86.170 - - [29/Jan/2026:22:36:56 -0500] "GET /index.php/tag/video.mp4 HTTP/1.1" 404 18062 "http://www.tacotube.com/index.php/tag/anal" "expo-research-bot"
74.206.190.89 - - [29/Jan/2026:22:40:44 -0500] "GET / HTTP/1.1" 200 38686 "-" "curl/7.29.0"
34.210.37.147 - - [29/Jan/2026:22:41:54 -0500] "GET /robots.txt HTTP/1.1" 200 29 "-" "expo-research-bot"
52.24.115.146 - - [29/Jan/2026:22:41:55 -0500] "GET /index.php/tag/teen HTTP/1.1" 200 22672 "-" "expo-research-bot"
52.24.115.146 - - [29/Jan/2026:22:41:55 -0500] "GET /index.php/tag/video.mp4 HTTP/1.1" 404 18062 "http://www.tacotube.com/index.php/tag/teen" "expo-research-bot"
107.189.30.53 - - [29/Jan/2026:22:42:47 -0500] "GET /wp-login.php HTTP/1.1" 200 2377 "https://www.google.com/" "Mozilla/5.0 (Macintosh; Intel Mac OS X 14.7; rv:131.0) Gecko/20100101 Firefox/131.0"
107.189.30.53 - - [29/Jan/2026:22:42:50 -0500] "POST /wp-login.php HTTP/1.1" 200 3380 "https://www.google.com/" "Mozilla/5.0 (Macintosh; Intel Mac OS X 14.7; rv:131.0) Gecko/20100101 Firefox/131.0"
74.206.190.89 - - [29/Jan/2026:22:45:37 -0500] "GET / HTTP/1.1" 200 38686 "-" "curl/7.29.0"
141.94.194.132 - - [29/Jan/2026:22:47:41 -0500] "GET /index.php/category/latina-milf/feed HTTP/1.1" 200 6570 "-" "Mozilla/5.0 (X11; Linux i686) AppleWebKit/537.36 (KHTML, like Gecko) Chrome/30.0.1599.66 Safari/537.36"
107.189.28.173 - - [29/Jan/2026:22:49:12 -0500] "GET /wp-login.php HTTP/1.1" 200 2377 "-" "Mozilla/5.0 (Macintosh; Intel Mac OS X 10_9_2) AppleWebKit/537.74.9 (KHTML, like Gecko) Version/7.0.2 Safari/537.74.9"
107.189.28.173 - - [29/Jan/2026:22:49:13 -0500] "POST /wp-login.php HTTP/1.1" 200 3364 "-" "Mozilla/5.0 (Macintosh; Intel Mac OS X 10_9_2) AppleWebKit/537.74.9 (KHTML, like Gecko) Version/7.0.2 Safari/537.74.9"
74.206.190.89 - - [29/Jan/2026:22:50:38 -0500] "GET / HTTP/1.1" 200 38686 "-" "curl/7.29.0"
74.206.190.89 - - [29/Jan/2026:22:55:43 -0500] "GET / HTTP/1.1" 200 38686 "-" "curl/7.29.0"
52.167.144.16 - - [29/Jan/2026:22:59:31 -0500] "GET /?Submit=Search&s=2025 HTTP/1.1" 200 22771 "-" "Mozilla/5.0 AppleWebKit/537.36 (KHTML, like Gecko; compatible; bingbot/2.0; +http://www.bing.com/bingbot.htm) Chrome/116.0.1938.76 Safari/537.36"
74.206.190.89 - - [29/Jan/2026:22:59:44 -0500] "POST /wp-cron.php?doing_wp_cron=1769745584.7233929634094238281250 HTTP/1.1" 200 - "http://www.tacotube.com/wp-cron.php?doing_wp_cron=1769745584.7233929634094238281250" "WordPress/4.9.16; http://www.tacotube.com"
141.94.194.132 - - [29/Jan/2026:22:59:44 -0500] "GET /index.php/category/blonde-latina/feed HTTP/1.1" 200 8324 "-" "Mozilla/5.0 (X11; Linux i686) AppleWebKit/537.36 (KHTML, like Gecko) Chrome/30.0.1599.66 Safari/537.36"
74.206.190.89 - - [29/Jan/2026:23:00:47 -0500] "GET / HTTP/1.1" 200 38686 "-" "curl/7.29.0"
54.148.230.83 - - [29/Jan/2026:23:00:50 -0500] "GET /robots.txt HTTP/1.1" 200 29 "-" "expo-research-bot"
54.148.230.83 - - [29/Jan/2026:23:00:51 -0500] "GET /index.php/tag/big-ass HTTP/1.1" 200 21297 "-" "expo-research-bot"
54.148.230.83 - - [29/Jan/2026:23:00:51 -0500] "GET /index.php/tag/video.mp4 HTTP/1.1" 404 18062 "http://www.tacotube.com/index.php/tag/big-ass" "expo-research-bot"
74.206.190.89 - - [29/Jan/2026:23:05:36 -0500] "GET / HTTP/1.1" 200 38686 "-" "curl/7.29.0"
74.206.190.89 - - [29/Jan/2026:23:10:42 -0500] "POST /wp-cron.php?doing_wp_cron=1769746242.9016470909118652343750 HTTP/1.1" 200 - "http://www.tacotube.com/wp-cron.php?doing_wp_cron=1769746242.9016470909118652343750" "WordPress/4.9.16; http://www.tacotube.com"
74.206.190.89 - - [29/Jan/2026:23:10:42 -0500] "GET / HTTP/1.1" 200 38686 "-" "curl/7.29.0"
74.206.190.89 - - [29/Jan/2026:23:15:39 -0500] "GET / HTTP/1.1" 200 38686 "-" "curl/7.29.0"
74.206.190.89 - - [29/Jan/2026:23:15:39 -0500] "POST /wp-cron.php?doing_wp_cron=1769746539.6471478939056396484375 HTTP/1.1" 200 - "http://www.tacotube.com/wp-cron.php?doing_wp_cron=1769746539.6471478939056396484375" "WordPress/4.9.16; http://www.tacotube.com"
74.206.190.89 - - [29/Jan/2026:23:21:18 -0500] "GET / HTTP/1.1" 200 38686 "-" "curl/7.29.0"
74.206.190.89 - - [29/Jan/2026:23:25:36 -0500] "GET / HTTP/1.1" 200 38686 "-" "curl/7.29.0"
43.131.253.14 - - [29/Jan/2026:23:28:21 -0500] "GET / HTTP/1.1" 301 - "-" "Mozilla/5.0 (iPhone; CPU iPhone OS 13_2_3 like Mac OS X) AppleWebKit/605.1.15 (KHTML, like Gecko) Version/13.0.3 Mobile/15E148 Safari/604.1"
43.131.253.14 - - [29/Jan/2026:23:28:23 -0500] "GET / HTTP/1.1" 200 38686 "http://tacotube.com" "Mozilla/5.0 (iPhone; CPU iPhone OS 13_2_3 like Mac OS X) AppleWebKit/605.1.15 (KHTML, like Gecko) Version/13.0.3 Mobile/15E148 Safari/604.1"
74.206.190.89 - - [29/Jan/2026:23:30:41 -0500] "GET / HTTP/1.1" 200 38686 "-" "curl/7.29.0"
40.77.167.58 - - [29/Jan/2026:23:33:20 -0500] "GET /index.php/latinawebcam/dragon-money-casino-%D1%81%D0%B2%D0%B5%D0%B6%D0%B8%D0%B5-%D0%BD%D0%BE%D0%B2%D0%BE%D1%81%D1%82%D0%B8-%D0%B8%D0%B7-%D0%BC%D0%B8%D1%80%D0%B0-%D0%B0%D0%B7%D0%B0%D1%80%D1%82%D0%BD%D1%8B%D1%85.html HTTP/1.1" 404 21589 "-" "Mozilla/5.0 AppleWebKit/537.36 (KHTML, like Gecko; compatible; bingbot/2.0; +http://www.bing.com/bingbot.htm) Chrome/116.0.1938.76 Safari/537.36"
74.206.190.89 - - [29/Jan/2026:23:35:41 -0500] "GET / HTTP/1.1" 200 38686 "-" "curl/7.29.0"
74.206.190.89 - - [29/Jan/2026:23:40:54 -0500] "GET / HTTP/1.1" 200 38686 "-" "curl/7.29.0"
81.29.142.100 - - [29/Jan/2026:23:42:09 -0500] "GET / HTTP/1.1" 200 38686 "-" "Mozilla/5.0 (Windows NT 10.0; Win64; x64) AppleWebKit/537.36 (KHTML, like Gecko) Chrome/90.0.4430.93 Safari/537.36"
74.206.190.89 - - [29/Jan/2026:23:45:36 -0500] "GET / HTTP/1.1" 200 38686 "-" "curl/7.29.0"
5.230.170.128 - - [29/Jan/2026:23:46:28 -0500] "GET /index.php/blonde-latina/spanish-tube.html/comment-page-1 HTTP/1.1" 200 27163 "http://www.tacotube.com/index.php/blonde-latina/spanish-tube.html/comment-page-1" "Mozilla/5.0 (Windows NT 10.0; Win64; x64) AppleWebKit/537.36 (KHTML, like Gecko) Chrome/131.0.0.0 Safari/537.36"
182.44.9.147 - - [29/Jan/2026:23:49:02 -0500] "GET / HTTP/1.1" 200 38686 "-" "Mozilla/5.0 (iPhone; CPU iPhone OS 13_2_3 like Mac OS X) AppleWebKit/605.1.15 (KHTML, like Gecko) Version/13.0.3 Mobile/15E148 Safari/604.1"
74.206.190.89 - - [29/Jan/2026:23:50:41 -0500] "GET / HTTP/1.1" 200 38686 "-" "curl/7.29.0"
40.77.167.235 - - [29/Jan/2026:23:50:47 -0500] "GET /index.php/category/blonde-latina HTTP/1.1" 200 24892 "-" "Mozilla/5.0 AppleWebKit/537.36 (KHTML, like Gecko; compatible; bingbot/2.0; +http://www.bing.com/bingbot.htm) Chrome/116.0.1938.76 Safari/537.36"
74.206.190.89 - - [29/Jan/2026:23:55:51 -0500] "GET / HTTP/1.1" 200 38686 "-" "curl/7.29.0"
104.244.72.245 - - [29/Jan/2026:23:56:57 -0500] "GET /wp-login.php HTTP/1.1" 200 2377 "-" "Mozilla/5.0 (iPhone; CPU iPhone OS 7_1 like Mac OS X) AppleWebKit/537.51.2 (KHTML, like Gecko) Version/7.0 Mobile/11D167 Safari/9537.53"
104.244.72.245 - - [29/Jan/2026:23:56:58 -0500] "POST /wp-login.php HTTP/1.1" 200 3362 "-" "Mozilla/5.0 (iPhone; CPU iPhone OS 7_1 like Mac OS X) AppleWebKit/537.51.2 (KHTML, like Gecko) Version/7.0 Mobile/11D167 Safari/9537.53"
74.206.190.89 - - [30/Jan/2026:00:00:47 -0500] "POST /wp-cron.php?doing_wp_cron=1769749247.5586400032043457031250 HTTP/1.1" 200 - "http://www.tacotube.com/wp-cron.php?doing_wp_cron=1769749247.5586400032043457031250" "WordPress/4.9.16; http://www.tacotube.com"
74.206.190.89 - - [30/Jan/2026:00:00:47 -0500] "GET / HTTP/1.1" 200 38686 "-" "curl/7.29.0"
107.189.29.20 - - [30/Jan/2026:00:04:28 -0500] "GET /wp-login.php HTTP/1.1" 200 2377 "-" "Mozilla/5.0 (Windows NT 6.1; WOW64) AppleWebKit/537.36 (KHTML, like Gecko) Chrome/36.0.1985.125 Safari/537.36"
107.189.29.20 - - [30/Jan/2026:00:04:29 -0500] "POST /wp-login.php HTTP/1.1" 200 3364 "-" "Mozilla/5.0 (Windows NT 6.1; WOW64) AppleWebKit/537.36 (KHTML, like Gecko) Chrome/36.0.1985.125 Safari/537.36"
74.206.190.89 - - [30/Jan/2026:00:05:33 -0500] "GET / HTTP/1.1" 200 38686 "-" "curl/7.29.0"
110.249.201.9 - - [30/Jan/2026:00:10:29 -0500] "GET /robots.txt HTTP/1.1" 200 29 "-" "Mozilla/5.0 (Linux; Android 5.0) AppleWebKit/537.36 (KHTML, like Gecko) Mobile Safari/537.36 (compatible; Bytespider; https://zhanzhang.toutiao.com/)"
74.206.190.89 - - [30/Jan/2026:00:10:42 -0500] "POST /wp-cron.php?doing_wp_cron=1769749842.6634879112243652343750 HTTP/1.1" 200 - "http://www.tacotube.com/wp-cron.php?doing_wp_cron=1769749842.6634879112243652343750" "WordPress/4.9.16; http://www.tacotube.com"
74.206.190.89 - - [30/Jan/2026:00:10:42 -0500] "GET / HTTP/1.1" 200 38686 "-" "curl/7.29.0"
74.206.190.89 - - [30/Jan/2026:00:15:39 -0500] "GET / HTTP/1.1" 200 38686 "-" "curl/7.29.0"
95.85.238.22 - - [30/Jan/2026:00:18:36 -0500] "GET /wp-login.php HTTP/1.1" 200 2377 "-" "Mozilla/5.0 (Windows NT 10.0; Win64; x64)"
95.85.238.22 - - [30/Jan/2026:00:18:37 -0500] "POST /wp-login.php HTTP/1.1" 200 3362 "-" "Mozilla/5.0 (Windows NT 10.0; Win64; x64)"
107.189.11.186 - - [30/Jan/2026:00:18:43 -0500] "GET /wp-login.php HTTP/1.1" 200 2377 "-" "Mozilla/5.0 (Macintosh; Intel Mac OS X 10_8_5) AppleWebKit/537.36 (KHTML, like Gecko) Chrome/36.0.1985.125 Safari/537.36"
107.189.11.186 - - [30/Jan/2026:00:18:44 -0500] "POST /wp-login.php HTTP/1.1" 200 3364 "-" "Mozilla/5.0 (Macintosh; Intel Mac OS X 10_8_5) AppleWebKit/537.36 (KHTML, like Gecko) Chrome/36.0.1985.125 Safari/537.36"
42.236.17.90 - - [30/Jan/2026:00:19:43 -0500] "GET / HTTP/1.1" 200 38686 "http://www.tacotube.com/" "Mozilla/5.0 (Windows NT 10.0; Win64; x64) AppleWebKit/537.36 (KHTML, like Gecko) Chrome/140.0.0.0 Safari/537.36 Edg/140.0.0.0; 360Spider"
40.77.167.26 - - [30/Jan/2026:00:21:02 -0500] "GET /index.php/latinawebcam/rising-trends-dubai-call-girls-vip-escorts-dubai-set-new-standards-in-luxury-entertainment.html HTTP/1.1" 200 39730 "-" "Mozilla/5.0 AppleWebKit/537.36 (KHTML, like Gecko; compatible; bingbot/2.0; +http://www.bing.com/bingbot.htm) Chrome/116.0.1938.76 Safari/537.36"
74.206.190.89 - - [30/Jan/2026:00:21:05 -0500] "GET / HTTP/1.1" 200 38686 "-" "curl/7.29.0"
141.94.194.132 - - [30/Jan/2026:00:23:32 -0500] "GET /index.php/category/teen-latinas/feed HTTP/1.1" 200 12649 "-" "Mozilla/5.0 (X11; Linux i686) AppleWebKit/537.36 (KHTML, like Gecko) Chrome/30.0.1599.66 Safari/537.36"
52.167.144.188 - - [30/Jan/2026:00:25:02 -0500] "GET /index.php/latinawebcam/luxuryrest-agency-dubai-launches-new-chapter-in-elite-escort-services.html HTTP/1.1" 200 40609 "-" "Mozilla/5.0 AppleWebKit/537.36 (KHTML, like Gecko; compatible; bingbot/2.0; +http://www.bing.com/bingbot.htm) Chrome/116.0.1938.76 Safari/537.36"
74.206.190.89 - - [30/Jan/2026:00:25:35 -0500] "GET / HTTP/1.1" 200 38686 "-" "curl/7.29.0"
34.215.47.94 - - [30/Jan/2026:00:26:44 -0500] "GET /robots.txt HTTP/1.1" 200 29 "-" "expo-research-bot"
34.215.47.94 - - [30/Jan/2026:00:26:44 -0500] "GET /index.php/category/latinawebcam HTTP/1.1" 200 38322 "-" "expo-research-bot"
34.215.47.94 - - [30/Jan/2026:00:26:44 -0500] "GET /index.php/category/video.mp4 HTTP/1.1" 404 18072 "http://www.tacotube.com/index.php/category/latinawebcam" "expo-research-bot"
115.45.43.182 - - [30/Jan/2026:00:27:35 -0500] "GET /robots.txt HTTP/1.1" 200 29 "-" "Mozilla/5.0 (Windows NT 10.0; WOW64) AppleWebKit/537.36 (KHTML, like Gecko) Chrome/93.0.3218.63 Safari/537.36 Core/1.70.3722.400 QQBrowser/10.5.3739.400"
74.206.190.89 - - [30/Jan/2026:00:30:35 -0500] "GET / HTTP/1.1" 200 38686 "-" "curl/7.29.0"
74.206.190.89 - - [30/Jan/2026:00:35:35 -0500] "GET / HTTP/1.1" 200 38686 "-" "curl/7.29.0"
114.119.158.112 - - [30/Jan/2026:00:38:34 -0500] "GET /index.php/category/latina-anal HTTP/1.1" 200 23573 "http://www.tacotube.com/index.php/teen-latinas/hot-latina-gets-smashed-from-behind.html" "Mozilla/5.0 (Linux; Android 7.0;) AppleWebKit/537.36 (KHTML, like Gecko) Mobile Safari/537.36 (compatible; PetalBot;+https://webmaster.petalsearch.com/site/petalbot)"
74.206.190.89 - - [30/Jan/2026:00:40:50 -0500] "GET / HTTP/1.1" 200 38686 "-" "curl/7.29.0"
83.217.208.173 - - [30/Jan/2026:00:41:13 -0500] "GET /wp-login.php HTTP/1.1" 200 2377 "-" "Mozilla/5.0 (Windows NT 5.1; rv:31.0) Gecko/20100101 Firefox/31.0"
83.217.208.173 - - [30/Jan/2026:00:41:14 -0500] "POST /wp-login.php HTTP/1.1" 200 3362 "-" "Mozilla/5.0 (Windows NT 5.1; rv:31.0) Gecko/20100101 Firefox/31.0"
74.206.190.89 - - [30/Jan/2026:00:45:37 -0500] "GET / HTTP/1.1" 200 38686 "-" "curl/7.29.0"
42.236.12.252 - - [30/Jan/2026:00:47:08 -0500] "GET / HTTP/1.1" 301 - "http://tacotube.com/" "Mozilla/5.0 (Windows NT 10.0; Win64; x64) AppleWebKit/537.36 (KHTML, like Gecko) Chrome/140.0.0.0 Safari/537.36 Edg/140.0.0.0; 360Spider"
42.236.12.252 - - [30/Jan/2026:00:47:27 -0500] "GET / HTTP/1.1" 200 38686 "http://www.tacotube.com/" "Mozilla/5.0 (Windows NT 10.0; Win64; x64) AppleWebKit/537.36 (KHTML, like Gecko) Chrome/140.0.0.0 Safari/537.36 Edg/140.0.0.0; 360Spider"
74.206.190.89 - - [30/Jan/2026:00:50:34 -0500] "GET / HTTP/1.1" 200 38686 "-" "curl/7.29.0"
34.214.90.166 - - [30/Jan/2026:00:54:32 -0500] "GET /robots.txt HTTP/1.1" 200 29 "-" "expo-research-bot"
35.82.226.35 - - [30/Jan/2026:00:54:33 -0500] "GET /index.php/category/teen-latinas HTTP/1.1" 200 29141 "-" "expo-research-bot"
35.82.226.35 - - [30/Jan/2026:00:54:33 -0500] "GET /index.php/category/video.mp4 HTTP/1.1" 404 18072 "http://www.tacotube.com/index.php/category/teen-latinas" "expo-research-bot"
74.206.190.89 - - [30/Jan/2026:00:55:36 -0500] "GET / HTTP/1.1" 200 38686 "-" "curl/7.29.0"
141.94.194.132 - - [30/Jan/2026:00:58:12 -0500] "GET /index.php/feed HTTP/1.1" 200 80099 "-" "Mozilla/5.0 (X11; Linux i686) AppleWebKit/537.36 (KHTML, like Gecko) Chrome/30.0.1599.66 Safari/537.36"
74.206.190.89 - - [30/Jan/2026:01:00:47 -0500] "POST /wp-cron.php?doing_wp_cron=1769752847.8434460163116455078125 HTTP/1.1" 200 - "http://www.tacotube.com/wp-cron.php?doing_wp_cron=1769752847.8434460163116455078125" "WordPress/4.9.16; http://www.tacotube.com"
74.206.190.89 - - [30/Jan/2026:01:00:47 -0500] "GET / HTTP/1.1" 200 38686 "-" "curl/7.29.0"
74.206.190.89 - - [30/Jan/2026:01:05:35 -0500] "GET / HTTP/1.1" 200 38686 "-" "curl/7.29.0"
74.206.190.89 - - [30/Jan/2026:01:07:22 -0500] "POST /wp-cron.php?doing_wp_cron=1769753242.2079689502716064453125 HTTP/1.1" 200 - "http://www.tacotube.com/wp-cron.php?doing_wp_cron=1769753242.2079689502716064453125" "WordPress/4.9.16; http://www.tacotube.com"
31.59.106.72 - - [30/Jan/2026:01:07:22 -0500] "GET /index.php/tag/latina-ass HTTP/1.1" 200 21366 "http://www.tacotube.com/index.php/tag/latina-ass" "Mozilla/5.0 (Windows NT 10.0; Win64; x64) AppleWebKit/537.36 (KHTML, like Gecko) Chrome/129.0.0.0 Safari/537.36"
74.206.190.89 - - [30/Jan/2026:01:10:34 -0500] "GET / HTTP/1.1" 200 38686 "-" "curl/7.29.0"
54.184.62.123 - - [30/Jan/2026:01:11:02 -0500] "GET /robots.txt HTTP/1.1" 200 29 "-" "expo-research-bot"
54.184.62.123 - - [30/Jan/2026:01:11:02 -0500] "GET /index.php/category/big-ass HTTP/1.1" 200 26947 "-" "expo-research-bot"
54.71.153.40 - - [30/Jan/2026:01:11:03 -0500] "GET /index.php/category/video.mp4 HTTP/1.1" 404 21227 "http://www.tacotube.com/index.php/category/big-ass" "expo-research-bot"
74.206.190.89 - - [30/Jan/2026:01:15:42 -0500] "GET / HTTP/1.1" 200 38686 "-" "curl/7.29.0"
74.206.190.89 - - [30/Jan/2026:01:22:30 -0500] "GET / HTTP/1.1" 200 38686 "-" "curl/7.29.0"
74.206.190.89 - - [30/Jan/2026:01:25:54 -0500] "GET / HTTP/1.1" 200 38686 "-" "curl/7.29.0"
141.94.194.132 - - [30/Jan/2026:01:26:39 -0500] "GET /index.php/tag/thong/feed HTTP/1.1" 200 2919 "-" "Mozilla/5.0 (X11; Linux i686) AppleWebKit/537.36 (KHTML, like Gecko) Chrome/30.0.1599.66 Safari/537.36"
74.206.190.89 - - [30/Jan/2026:01:30:48 -0500] "GET / HTTP/1.1" 200 38686 "-" "curl/7.29.0"
74.206.190.89 - - [30/Jan/2026:01:35:41 -0500] "GET / HTTP/1.1" 200 38686 "-" "curl/7.29.0"
74.206.190.89 - - [30/Jan/2026:01:40:48 -0500] "GET / HTTP/1.1" 200 38686 "-" "curl/7.29.0"
74.206.190.89 - - [30/Jan/2026:01:45:36 -0500] "GET / HTTP/1.1" 200 38686 "-" "curl/7.29.0"
141.94.194.132 - - [30/Jan/2026:01:47:42 -0500] "GET /index.php/category/latina-milf/feed HTTP/1.1" 200 6570 "-" "Mozilla/5.0 (X11; Linux i686) AppleWebKit/537.36 (KHTML, like Gecko) Chrome/30.0.1599.66 Safari/537.36"
74.206.190.89 - - [30/Jan/2026:01:50:36 -0500] "GET / HTTP/1.1" 200 38686 "-" "curl/7.29.0"
74.206.190.89 - - [30/Jan/2026:01:55:54 -0500] "GET / HTTP/1.1" 200 38686 "-" "curl/7.29.0"
74.206.190.89 - - [30/Jan/2026:02:01:04 -0500] "POST /wp-cron.php?doing_wp_cron=1769756464.7855150699615478515625 HTTP/1.1" 200 - "http://www.tacotube.com/wp-cron.php?doing_wp_cron=1769756464.7855150699615478515625" "WordPress/4.9.16; http://www.tacotube.com"
74.206.190.89 - - [30/Jan/2026:02:01:04 -0500] "GET / HTTP/1.1" 200 38686 "-" "curl/7.29.0"
74.206.190.89 - - [30/Jan/2026:02:05:37 -0500] "GET / HTTP/1.1" 200 38686 "-" "curl/7.29.0"
74.206.190.89 - - [30/Jan/2026:02:10:36 -0500] "POST /wp-cron.php?doing_wp_cron=1769757036.2127809524536132812500 HTTP/1.1" 200 - "http://www.tacotube.com/wp-cron.php?doing_wp_cron=1769757036.2127809524536132812500" "WordPress/4.9.16; http://www.tacotube.com"
74.206.190.89 - - [30/Jan/2026:02:10:36 -0500] "GET / HTTP/1.1" 200 38686 "-" "curl/7.29.0"
178.20.44.140 - - [30/Jan/2026:02:13:41 -0500] "GET /index.php/blonde-latina/spanish-tube.html/comment-page-1 HTTP/1.1" 301 - "http://tacotube.com/index.php/blonde-latina/spanish-tube.html/comment-page-1" "Mozilla/5.0 (Windows NT 10.0; Win64; x64) AppleWebKit/537.36 (KHTML, like Gecko) Chrome/131.0.0.0 Safari/537.36 Avast/131.0.0.0"
178.20.44.140 - - [30/Jan/2026:02:13:41 -0500] "GET /index.php/blonde-latina/spanish-tube.html/comment-page-1 HTTP/1.1" 301 - "http://tacotube.com/index.php/blonde-latina/spanish-tube.html/comment-page-1" "Mozilla/5.0 (Windows NT 10.0; Win64; x64) AppleWebKit/537.36 (KHTML, like Gecko) Chrome/129.0.0.0 Safari/537.36"
178.20.44.140 - - [30/Jan/2026:02:13:42 -0500] "GET /index.php/blonde-latina/spanish-tube.html/comment-page-1 HTTP/1.1" 200 27163 "http://www.tacotube.com/index.php/blonde-latina/spanish-tube.html/comment-page-1" "Mozilla/5.0 (Windows NT 10.0; Win64; x64) AppleWebKit/537.36 (KHTML, like Gecko) Chrome/131.0.0.0 Safari/537.36 Avast/131.0.0.0"
178.20.44.140 - - [30/Jan/2026:02:13:42 -0500] "GET /index.php/blonde-latina/spanish-tube.html/comment-page-1 HTTP/1.1" 200 27163 "http://www.tacotube.com/index.php/blonde-latina/spanish-tube.html/comment-page-1" "Mozilla/5.0 (Windows NT 10.0; Win64; x64) AppleWebKit/537.36 (KHTML, like Gecko) Chrome/129.0.0.0 Safari/537.36"
178.20.44.140 - - [30/Jan/2026:02:13:42 -0500] "GET /index.php/blonde-latina/spanish-tube.html/comment-page-1 HTTP/1.1" 200 27163 "http://www.tacotube.com/index.php/blonde-latina/spanish-tube.html/comment-page-1" "Mozilla/5.0 (Windows NT 10.0; Win64; x64) AppleWebKit/537.36 (KHTML, like Gecko) Chrome/129.0.0.0 Safari/537.36"
178.20.44.140 - - [30/Jan/2026:02:13:42 -0500] "GET /index.php/blonde-latina/spanish-tube.html/comment-page-1 HTTP/1.1" 200 27163 "http://www.tacotube.com/index.php/blonde-latina/spanish-tube.html/comment-page-1" "Mozilla/5.0 (Windows NT 10.0; Win64; x64) AppleWebKit/537.36 (KHTML, like Gecko) Chrome/131.0.0.0 Safari/537.36 Avast/131.0.0.0"
45.61.188.95 - - [30/Jan/2026:02:15:15 -0500] "GET /wp-login.php HTTP/1.1" 200 2377 "-" "Mozilla/5.0 (X11; Ubuntu; Linux i686; rv:31.0) Gecko/20100101 Firefox/31.0"
45.61.188.95 - - [30/Jan/2026:02:15:16 -0500] "POST /wp-login.php HTTP/1.1" 200 3362 "-" "Mozilla/5.0 (X11; Ubuntu; Linux i686; rv:31.0) Gecko/20100101 Firefox/31.0"
74.206.190.89 - - [30/Jan/2026:02:15:40 -0500] "GET / HTTP/1.1" 200 38686 "-" "curl/7.29.0"
178.20.44.140 - - [30/Jan/2026:02:19:18 -0500] "GET /index.php/blonde-latina/spanish-tube.html/comment-page-1 HTTP/1.1" 301 - "http://tacotube.com/index.php/blonde-latina/spanish-tube.html/comment-page-1" "Mozilla/5.0 (Windows NT 10.0; Win64; x64) AppleWebKit/537.36 (KHTML, like Gecko) Chrome/130.0.0.0 Safari/537.36"
178.20.44.140 - - [30/Jan/2026:02:19:19 -0500] "GET /index.php/blonde-latina/spanish-tube.html/comment-page-1 HTTP/1.1" 200 27163 "http://www.tacotube.com/index.php/blonde-latina/spanish-tube.html/comment-page-1" "Mozilla/5.0 (Windows NT 10.0; Win64; x64) AppleWebKit/537.36 (KHTML, like Gecko) Chrome/130.0.0.0 Safari/537.36"
178.20.44.140 - - [30/Jan/2026:02:19:19 -0500] "GET /index.php/blonde-latina/spanish-tube.html/comment-page-1 HTTP/1.1" 200 27163 "http://www.tacotube.com/index.php/blonde-latina/spanish-tube.html/comment-page-1" "Mozilla/5.0 (Windows NT 10.0; Win64; x64) AppleWebKit/537.36 (KHTML, like Gecko) Chrome/130.0.0.0 Safari/537.36"
178.20.44.140 - - [30/Jan/2026:02:19:56 -0500] "GET /index.php/blonde-latina/spanish-tube.html/comment-page-1 HTTP/1.1" 301 - "http://tacotube.com/index.php/blonde-latina/spanish-tube.html/comment-page-1" "Mozilla/5.0 (Windows NT 10.0; Win64; x64) AppleWebKit/537.36 (KHTML, like Gecko) Chrome/130.0.0.0 Safari/537.36 CCleaner/130.0.0.0"
178.20.44.140 - - [30/Jan/2026:02:19:57 -0500] "GET /index.php/blonde-latina/spanish-tube.html/comment-page-1 HTTP/1.1" 200 27163 "http://www.tacotube.com/index.php/blonde-latina/spanish-tube.html/comment-page-1" "Mozilla/5.0 (Windows NT 10.0; Win64; x64) AppleWebKit/537.36 (KHTML, like Gecko) Chrome/130.0.0.0 Safari/537.36 CCleaner/130.0.0.0"
178.20.44.140 - - [30/Jan/2026:02:19:57 -0500] "GET /index.php/blonde-latina/spanish-tube.html/comment-page-1 HTTP/1.1" 200 27163 "http://www.tacotube.com/index.php/blonde-latina/spanish-tube.html/comment-page-1" "Mozilla/5.0 (Windows NT 10.0; Win64; x64) AppleWebKit/537.36 (KHTML, like Gecko) Chrome/130.0.0.0 Safari/537.36 CCleaner/130.0.0.0"
74.206.190.89 - - [30/Jan/2026:02:21:00 -0500] "GET / HTTP/1.1" 200 38686 "-" "curl/7.29.0"
150.109.12.53 - - [30/Jan/2026:02:25:13 -0500] "GET /robots.txt HTTP/1.1" 200 29 "-" "Mozilla/5.0 (Windows NT 10.0; Win64; x64) AppleWebKit/537.36 (KHTML, like Gecko) Chrome/131.0.0.0 Safari/537.36"
74.206.190.89 - - [30/Jan/2026:02:25:35 -0500] "GET / HTTP/1.1" 200 38686 "-" "curl/7.29.0"
141.94.194.132 - - [30/Jan/2026:02:28:45 -0500] "GET /index.php/category/blonde-latina/feed HTTP/1.1" 200 8324 "-" "Mozilla/5.0 (X11; Linux i686) AppleWebKit/537.36 (KHTML, like Gecko) Chrome/30.0.1599.66 Safari/537.36"
74.206.190.89 - - [30/Jan/2026:02:30:35 -0500] "GET / HTTP/1.1" 200 38686 "-" "curl/7.29.0"
178.20.44.140 - - [30/Jan/2026:02:34:39 -0500] "GET /index.php/blonde-latina/spanish-tube.html/comment-page-1 HTTP/1.1" 301 - "http://tacotube.com/index.php/blonde-latina/spanish-tube.html/comment-page-1" "Mozilla/5.0 (Windows NT 10.0; Win64; x64) AppleWebKit/537.36 (KHTML, like Gecko) Chrome/130.0.0.0 Safari/537.36 CCleaner/130.0.0.0"
178.20.44.140 - - [30/Jan/2026:02:34:39 -0500] "GET /index.php/blonde-latina/spanish-tube.html/comment-page-1 HTTP/1.1" 200 27163 "http://www.tacotube.com/index.php/blonde-latina/spanish-tube.html/comment-page-1" "Mozilla/5.0 (Windows NT 10.0; Win64; x64) AppleWebKit/537.36 (KHTML, like Gecko) Chrome/130.0.0.0 Safari/537.36 CCleaner/130.0.0.0"
178.20.44.140 - - [30/Jan/2026:02:34:40 -0500] "GET /index.php/blonde-latina/spanish-tube.html/comment-page-1 HTTP/1.1" 200 27163 "http://www.tacotube.com/index.php/blonde-latina/spanish-tube.html/comment-page-1" "Mozilla/5.0 (Windows NT 10.0; Win64; x64) AppleWebKit/537.36 (KHTML, like Gecko) Chrome/130.0.0.0 Safari/537.36 CCleaner/130.0.0.0"
74.206.190.89 - - [30/Jan/2026:02:35:40 -0500] "GET / HTTP/1.1" 200 38686 "-" "curl/7.29.0"
74.206.190.89 - - [30/Jan/2026:02:40:48 -0500] "GET / HTTP/1.1" 200 38686 "-" "curl/7.29.0"
201.173.66.46 - - [30/Jan/2026:02:41:11 -0500] "GET / HTTP/1.1" 200 38686 "-" "Mozilla/5.0 (Windows NT 10.0; Win64; x64) AppleWebKit/537.36 (KHTML, like Gecko) Chrome/120.0.0.0 Safari/537.36"
142.120.216.96 - - [30/Jan/2026:02:41:13 -0500] "GET /wp-login.php HTTP/1.1" 200 2377 "-" "Mozilla/5.0 (Windows NT 10.0; Win64; x64) AppleWebKit/537.36 (KHTML, like Gecko) Chrome/120.0.0.0 Safari/537.36"
142.120.216.96 - - [30/Jan/2026:02:41:13 -0500] "POST /wp-login.php HTTP/1.1" 302 - "http://www.tacotube.com/wp-login.php" "Mozilla/5.0 (Windows NT 10.0; Win64; x64) AppleWebKit/537.36 (KHTML, like Gecko) Chrome/120.0.0.0 Safari/537.36"
142.120.216.96 - - [30/Jan/2026:02:41:14 -0500] "GET /wp-admin/ HTTP/1.1" 200 70118 "http://www.tacotube.com/wp-login.php" "Mozilla/5.0 (Windows NT 10.0; Win64; x64) AppleWebKit/537.36 (KHTML, like Gecko) Chrome/120.0.0.0 Safari/537.36"
77.20.70.223 - - [30/Jan/2026:02:41:16 -0500] "POST /xmlrpc.php HTTP/1.1" 403 278 "-" "WordPress/5.0; http://www.tacotube.com"
77.20.70.223 - - [30/Jan/2026:02:41:17 -0500] "GET /wp-admin/admin-ajax.php?action=rest-nonce HTTP/1.1" 400 1 "-" "Mozilla/5.0 (Windows NT 10.0; Win64; x64) AppleWebKit/537.36 (KHTML, like Gecko) Chrome/120.0.0.0 Safari/537.36"
77.20.70.223 - - [30/Jan/2026:02:41:17 -0500] "GET /wp-admin/ HTTP/1.1" 200 70122 "-" "Mozilla/5.0 (Windows NT 10.0; Win64; x64) AppleWebKit/537.36 (KHTML, like Gecko) Chrome/120.0.0.0 Safari/537.36"
74.206.190.89 - - [30/Jan/2026:02:45:36 -0500] "GET / HTTP/1.1" 200 38686 "-" "curl/7.29.0"
209.141.32.196 - - [30/Jan/2026:02:47:47 -0500] "GET /wp-login.php HTTP/1.1" 200 2377 "-" "Mozilla/5.0 (Macintosh; Intel Mac OS X 10_9_4) AppleWebKit/537.36 (KHTML, like Gecko) Chrome/35.0.1916.153 Safari/537.36"
209.141.32.196 - - [30/Jan/2026:02:47:47 -0500] "POST /wp-login.php HTTP/1.1" 200 3380 "-" "Mozilla/5.0 (Macintosh; Intel Mac OS X 10_9_4) AppleWebKit/537.36 (KHTML, like Gecko) Chrome/35.0.1916.153 Safari/537.36"
74.206.190.89 - - [30/Jan/2026:02:50:54 -0500] "GET / HTTP/1.1" 200 38686 "-" "curl/7.29.0"
74.206.190.89 - - [30/Jan/2026:02:55:35 -0500] "GET / HTTP/1.1" 200 38686 "-" "curl/7.29.0"
74.206.190.89 - - [30/Jan/2026:03:00:46 -0500] "POST /wp-cron.php?doing_wp_cron=1769760046.9759440422058105468750 HTTP/1.1" 200 - "http://www.tacotube.com/wp-cron.php?doing_wp_cron=1769760046.9759440422058105468750" "WordPress/4.9.16; http://www.tacotube.com"
74.206.190.89 - - [30/Jan/2026:03:00:46 -0500] "GET / HTTP/1.1" 200 38686 "-" "curl/7.29.0"
74.206.190.89 - - [30/Jan/2026:03:05:35 -0500] "GET / HTTP/1.1" 200 38686 "-" "curl/7.29.0"
74.206.190.89 - - [30/Jan/2026:03:10:40 -0500] "POST /wp-cron.php?doing_wp_cron=1769760640.0273439884185791015625 HTTP/1.1" 200 - "http://www.tacotube.com/wp-cron.php?doing_wp_cron=1769760640.0273439884185791015625" "WordPress/4.9.16; http://www.tacotube.com"
74.206.190.89 - - [30/Jan/2026:03:10:39 -0500] "GET / HTTP/1.1" 200 38686 "-" "curl/7.29.0"
107.189.29.20 - - [30/Jan/2026:03:15:43 -0500] "GET /wp-login.php HTTP/1.1" 200 2377 "-" "Mozilla/5.0 (Windows NT 6.1; WOW64) AppleWebKit/537.36 (KHTML, like Gecko) Chrome/36.0.1985.143 Safari/537.36"
107.189.29.20 - - [30/Jan/2026:03:15:44 -0500] "POST /wp-login.php HTTP/1.1" 200 3364 "-" "Mozilla/5.0 (Windows NT 6.1; WOW64) AppleWebKit/537.36 (KHTML, like Gecko) Chrome/36.0.1985.143 Safari/537.36"
74.206.190.89 - - [30/Jan/2026:03:15:45 -0500] "GET / HTTP/1.1" 200 38686 "-" "curl/7.29.0"
52.167.144.159 - - [30/Jan/2026:03:19:27 -0500] "GET /?Submit=Search&s= HTTP/1.1" 200 38386 "-" "Mozilla/5.0 AppleWebKit/537.36 (KHTML, like Gecko; compatible; bingbot/2.0; +http://www.bing.com/bingbot.htm) Chrome/116.0.1938.76 Safari/537.36"
74.206.190.89 - - [30/Jan/2026:03:20:55 -0500] "GET / HTTP/1.1" 200 38686 "-" "curl/7.29.0"
74.206.190.89 - - [30/Jan/2026:03:25:50 -0500] "GET / HTTP/1.1" 200 38686 "-" "curl/7.29.0"
74.206.190.89 - - [30/Jan/2026:03:30:42 -0500] "GET / HTTP/1.1" 200 38686 "-" "curl/7.29.0"
141.94.194.132 - - [30/Jan/2026:03:35:13 -0500] "GET /index.php/feed HTTP/1.1" 200 80099 "-" "Mozilla/5.0 (X11; Linux i686) AppleWebKit/537.36 (KHTML, like Gecko) Chrome/30.0.1599.66 Safari/537.36"
74.206.190.89 - - [30/Jan/2026:03:35:37 -0500] "GET / HTTP/1.1" 200 38686 "-" "curl/7.29.0"
209.141.33.188 - - [30/Jan/2026:03:39:36 -0500] "GET /wp-login.php HTTP/1.1" 200 2377 "-" "Mozilla/5.0 (X11; Linux x86_64) AppleWebKit/537.36 (KHTML, like Gecko) Chrome/36.0.1985.125 Safari/537.36"
209.141.33.188 - - [30/Jan/2026:03:39:37 -0500] "POST /wp-login.php HTTP/1.1" 200 3362 "-" "Mozilla/5.0 (X11; Linux x86_64) AppleWebKit/537.36 (KHTML, like Gecko) Chrome/36.0.1985.125 Safari/537.36"
74.206.190.89 - - [30/Jan/2026:03:40:56 -0500] "GET / HTTP/1.1" 200 38686 "-" "curl/7.29.0"
74.206.190.89 - - [30/Jan/2026:03:45:47 -0500] "GET / HTTP/1.1" 200 38686 "-" "curl/7.29.0"
141.94.194.132 - - [30/Jan/2026:03:48:33 -0500] "GET /index.php/category/teen-latinas/feed HTTP/1.1" 200 12649 "-" "Mozilla/5.0 (X11; Linux i686) AppleWebKit/537.36 (KHTML, like Gecko) Chrome/30.0.1599.66 Safari/537.36"
74.206.190.89 - - [30/Jan/2026:03:50:54 -0500] "GET / HTTP/1.1" 200 38686 "-" "curl/7.29.0"
5.16.72.126 - - [30/Jan/2026:03:52:21 -0500] "GET /index.php/blonde-latina/spanish-tube.html/comment-page-1 HTTP/1.1" 301 - "http://tacotube.com/index.php/blonde-latina/spanish-tube.html/comment-page-1" "Mozilla/5.0 (Windows NT 10.0; Win64; x64) AppleWebKit/537.36 (KHTML, like Gecko) Chrome/129.0.0.0 Safari/537.36"