File: //home/httpd/logs/tacotube.com_access_log.1
74.206.190.89 - - [29/Jan/2026:03:50:48 -0500] "GET / HTTP/1.1" 200 38686 "-" "curl/7.29.0"
213.180.203.240 - - [29/Jan/2026:03:51:38 -0500] "GET /robots.txt HTTP/1.1" 406 327 "-" "Mozilla/5.0 (compatible; YandexBot/3.0; +http://yandex.com/bots)"
213.180.203.140 - - [29/Jan/2026:03:51:39 -0500] "GET /index.php/teen-latinas/hairy-latina-tube.html HTTP/1.1" 406 362 "-" "Mozilla/5.0 (compatible; YandexBot/3.0; +http://yandex.com/bots)"
74.206.190.89 - - [29/Jan/2026:03:55:54 -0500] "GET / HTTP/1.1" 200 38686 "-" "curl/7.29.0"
42.236.101.221 - - [29/Jan/2026:03:58:36 -0500] "GET / HTTP/1.1" 200 38686 "http://www.tacotube.com/" "Mozilla/5.0 (Windows NT 10.0; Win64; x64) AppleWebKit/537.36 (KHTML, like Gecko) Chrome/140.0.0.0 Safari/537.36 Edg/140.0.0.0; 360Spider"
74.206.190.89 - - [29/Jan/2026:04:01:45 -0500] "POST /wp-cron.php?doing_wp_cron=1769677305.9577589035034179687500 HTTP/1.1" 200 - "http://www.tacotube.com/wp-cron.php?doing_wp_cron=1769677305.9577589035034179687500" "WordPress/4.9.16; http://www.tacotube.com"
74.206.190.89 - - [29/Jan/2026:04:01:45 -0500] "GET / HTTP/1.1" 200 38686 "-" "curl/7.29.0"
141.94.194.132 - - [29/Jan/2026:04:02:39 -0500] "GET /index.php/category/blonde-latina/feed HTTP/1.1" 200 8324 "-" "Mozilla/5.0 (X11; Linux i686) AppleWebKit/537.36 (KHTML, like Gecko) Chrome/30.0.1599.66 Safari/537.36"
154.213.164.154 - - [29/Jan/2026:04:03:54 -0500] "GET /wp-login.php HTTP/1.1" 200 2377 "-" "Mozilla/5.0 (Windows NT 10.0; Win64; x64) AppleWebKit/537.36 (KHTML, like Gecko) Chrome/124.0.6367.207 Safari/537.36"
154.213.164.154 - - [29/Jan/2026:04:03:54 -0500] "POST /xmlrpc.php HTTP/1.1" 403 278 "-" "Mozilla/5.0 (Windows NT 10.0; Win64; x64; rv:127.0) Gecko/20100101 Firefox/127.0"
216.26.234.77 - - [29/Jan/2026:04:03:55 -0500] "POST /xmlrpc.php HTTP/1.1" 403 278 "-" "Mozilla/5.0 (Windows NT 10.0; Win64; x64) AppleWebKit/537.36 (KHTML, like Gecko) Chrome/124.0.6367.207 Safari/537.36"
216.26.233.134 - - [29/Jan/2026:04:03:55 -0500] "POST /xmlrpc.php HTTP/1.1" 403 278 "-" "Mozilla/5.0 (Windows NT 10.0; Win64; x64) AppleWebKit/537.36 (KHTML, like Gecko) Chrome/124.0.6367.207 Safari/537.36"
65.111.6.216 - - [29/Jan/2026:04:03:56 -0500] "POST /xmlrpc.php HTTP/1.1" 403 278 "-" "Mozilla/5.0 (Windows NT 10.0; Win64; x64; rv:127.0) Gecko/20100101 Firefox/127.0"
209.50.160.97 - - [29/Jan/2026:04:03:56 -0500] "POST /xmlrpc.php HTTP/1.1" 403 278 "-" "Mozilla/5.0 (Windows NT 10.0; Win64; x64) AppleWebKit/537.36 (KHTML, like Gecko) Chrome/124.0.6367.207 Safari/537.36"
154.213.164.208 - - [29/Jan/2026:04:03:57 -0500] "POST /xmlrpc.php HTTP/1.1" 403 278 "-" "Mozilla/5.0 (Windows NT 10.0; Win64; x64) AppleWebKit/537.36 (KHTML, like Gecko) Chrome/124.0.6367.207 Safari/537.36"
154.213.162.83 - - [29/Jan/2026:04:03:57 -0500] "POST /xmlrpc.php HTTP/1.1" 403 278 "-" "Mozilla/5.0 (Windows NT 10.0; Win64; x64) AppleWebKit/537.36 (KHTML, like Gecko) Chrome/124.0.6367.207 Safari/537.36"
45.3.38.252 - - [29/Jan/2026:04:03:58 -0500] "POST /xmlrpc.php HTTP/1.1" 403 278 "-" "Mozilla/5.0 (Windows NT 10.0; Win64; x64) AppleWebKit/537.36 (KHTML, like Gecko) Chrome/124.0.6367.207 Safari/537.36"
45.3.48.121 - - [29/Jan/2026:04:03:58 -0500] "POST /xmlrpc.php HTTP/1.1" 403 278 "-" "Mozilla/5.0 (Windows NT 10.0; Win64; x64) AppleWebKit/537.36 (KHTML, like Gecko) Chrome/124.0.6367.207 Safari/537.36"
104.207.56.4 - - [29/Jan/2026:04:03:59 -0500] "POST /xmlrpc.php HTTP/1.1" 403 278 "-" "Mozilla/5.0 (Macintosh; Intel Mac OS X 13_5) AppleWebKit/605.1.15 (KHTML, like Gecko) Version/17.5 Safari/605.1.15"
45.3.33.200 - - [29/Jan/2026:04:03:59 -0500] "POST /xmlrpc.php HTTP/1.1" 403 278 "-" "Mozilla/5.0 (Windows NT 10.0; Win64; x64) AppleWebKit/537.36 (KHTML, like Gecko) Chrome/124.0.6367.207 Safari/537.36"
154.213.164.154 - - [29/Jan/2026:04:04:01 -0500] "GET /wp-login.php?wp_lang=en_US HTTP/1.1" 200 2377 "-" "Mozilla/5.0 (Windows NT 10.0; Win64; x64) AppleWebKit/537.36 (KHTML, like Gecko) Chrome/124.0.6367.207 Safari/537.36"
154.213.164.154 - - [29/Jan/2026:04:04:01 -0500] "POST /wp-login.php?wp_lang=en_US HTTP/1.1" 302 - "http://www.tacotube.com/wp-login.php?wp_lang=en_US" "Mozilla/5.0 (Windows NT 10.0; Win64; x64) AppleWebKit/537.36 (KHTML, like Gecko) Chrome/124.0.6367.207 Safari/537.36"
154.213.164.154 - - [29/Jan/2026:04:04:02 -0500] "GET /wp-admin/ HTTP/1.1" 200 70122 "http://www.tacotube.com/wp-login.php?wp_lang=en_US" "Mozilla/5.0 (Windows NT 10.0; Win64; x64) AppleWebKit/537.36 (KHTML, like Gecko) Chrome/124.0.6367.207 Safari/537.36"
141.94.194.132 - - [29/Jan/2026:04:04:02 -0500] "GET /index.php/feed HTTP/1.1" 200 80099 "-" "Mozilla/5.0 (X11; Linux i686) AppleWebKit/537.36 (KHTML, like Gecko) Chrome/30.0.1599.66 Safari/537.36"
154.213.164.154 - - [29/Jan/2026:04:04:03 -0500] "GET /wp-admin/admin-ajax.php?action=rest-nonce HTTP/1.1" 400 1 "-" "Mozilla/5.0 (Windows NT 10.0; Win64; x64) AppleWebKit/537.36 (KHTML, like Gecko) Chrome/124.0.6367.207 Safari/537.36"
154.213.164.154 - - [29/Jan/2026:04:04:04 -0500] "GET /wp-admin/admin-ajax.php?action=rest-nonce HTTP/1.1" 400 1 "-" "Mozilla/5.0 (Windows NT 10.0; Win64; x64) AppleWebKit/537.36 (KHTML, like Gecko) Chrome/124.0.6367.207 Safari/537.36"
154.213.164.154 - - [29/Jan/2026:04:04:04 -0500] "GET /wp-admin/admin-ajax.php?action=rest-nonce HTTP/1.1" 400 1 "-" "Mozilla/5.0 (Windows NT 10.0; Win64; x64) AppleWebKit/537.36 (KHTML, like Gecko) Chrome/124.0.6367.207 Safari/537.36"
74.206.190.89 - - [29/Jan/2026:04:05:47 -0500] "GET / HTTP/1.1" 200 38686 "-" "curl/7.29.0"
74.206.190.89 - - [29/Jan/2026:04:07:29 -0500] "POST /wp-cron.php?doing_wp_cron=1769677649.8700649738311767578125 HTTP/1.1" 200 - "http://www.tacotube.com/wp-cron.php?doing_wp_cron=1769677649.8700649738311767578125" "WordPress/4.9.16; http://www.tacotube.com"
216.68.128.121 - - [29/Jan/2026:04:07:29 -0500] "GET / HTTP/1.1" 200 38686 "-" "Mozilla/5.0 (Windows NT 10.0; Win64; x64) AppleWebKit/537.36 (KHTML, like Gecko) Chrome/114.0.0.0 YaBrowser/22.7.0 Yowser/2.5 Safari/537.36"
216.68.128.121 - - [29/Jan/2026:04:07:36 -0500] "GET / HTTP/1.1" 200 38686 "http://www.tacotube.com/" "Mozilla/5.0 (Windows NT 10.0; Win64; x64) AppleWebKit/537.36 (KHTML, like Gecko) Chrome/114.0.0.0 YaBrowser/22.7.0 Yowser/2.5 Safari/537.36"
216.68.128.121 - - [29/Jan/2026:04:07:40 -0500] "GET / HTTP/1.1" 200 38686 "http://www.tacotube.com/" "Mozilla/5.0 (Windows NT 10.0; Win64; x64) AppleWebKit/537.36 (KHTML, like Gecko) Chrome/114.0.0.0 YaBrowser/22.7.0 Yowser/2.5 Safari/537.36"
216.68.128.121 - - [29/Jan/2026:04:07:45 -0500] "GET /index.php/category/big-ass HTTP/1.1" 200 26947 "http://www.tacotube.com/" "Mozilla/5.0 (Windows NT 10.0; Win64; x64) AppleWebKit/537.36 (KHTML, like Gecko) Chrome/114.0.0.0 YaBrowser/22.7.0 Yowser/2.5 Safari/537.36"
216.68.128.121 - - [29/Jan/2026:04:07:51 -0500] "GET /index.php/feed HTTP/1.1" 200 80099 "http://www.tacotube.com/" "Mozilla/5.0 (Windows NT 10.0; Win64; x64) AppleWebKit/537.36 (KHTML, like Gecko) Chrome/114.0.0.0 YaBrowser/22.7.0 Yowser/2.5 Safari/537.36"
74.206.190.89 - - [29/Jan/2026:04:10:33 -0500] "GET / HTTP/1.1" 200 38686 "-" "curl/7.29.0"
3.222.190.107 - - [29/Jan/2026:04:13:35 -0500] "GET /index.php/category/hairy-latina HTTP/1.1" 200 21443 "-" "Mozilla/5.0 AppleWebKit/537.36 (KHTML, like Gecko; compatible; Amazonbot/0.1; +https://developer.amazon.com/support/amazonbot) Chrome/119.0.6045.214 Safari/537.36"
74.206.190.89 - - [29/Jan/2026:04:15:37 -0500] "GET / HTTP/1.1" 200 38686 "-" "curl/7.29.0"
77.238.239.20 - - [29/Jan/2026:04:16:59 -0500] "GET /index.php/blonde-latina/spanish-tube.html/comment-page-1 HTTP/1.1" 301 - "http://tacotube.com/index.php/blonde-latina/spanish-tube.html/comment-page-1" "Mozilla/5.0 (Windows NT 6.1; Win64; x64) AppleWebKit/537.36 (KHTML, like Gecko) Chrome/103.0.5060.66 Safari/537.36"
77.238.239.20 - - [29/Jan/2026:04:17:00 -0500] "GET /index.php/blonde-latina/spanish-tube.html/comment-page-1 HTTP/1.1" 200 27163 "http://www.tacotube.com/index.php/blonde-latina/spanish-tube.html/comment-page-1" "Mozilla/5.0 (Windows NT 6.1; Win64; x64) AppleWebKit/537.36 (KHTML, like Gecko) Chrome/103.0.5060.66 Safari/537.36"
77.238.239.20 - - [29/Jan/2026:04:17:02 -0500] "GET /index.php/blonde-latina/spanish-tube.html/comment-page-1 HTTP/1.1" 200 27163 "http://www.tacotube.com/index.php/blonde-latina/spanish-tube.html/comment-page-1" "Mozilla/5.0 (Windows NT 6.1; Win64; x64) AppleWebKit/537.36 (KHTML, like Gecko) Chrome/103.0.5060.66 Safari/537.36"
74.206.190.89 - - [29/Jan/2026:04:21:00 -0500] "GET / HTTP/1.1" 200 38686 "-" "curl/7.29.0"
40.77.167.138 - - [29/Jan/2026:04:23:00 -0500] "GET /robots.txt HTTP/1.1" 200 29 "-" "Mozilla/5.0 AppleWebKit/537.36 (KHTML, like Gecko; compatible; bingbot/2.0; +http://www.bing.com/bingbot.htm) Chrome/116.0.1938.76 Safari/537.36"
52.167.144.19 - - [29/Jan/2026:04:23:09 -0500] "GET /index.php/latinawebcam/rising-trends-dubai-call-girls-vip-escorts-dubai-set-new-standards-in-luxury-entertainment.html HTTP/1.1" 200 39730 "-" "Mozilla/5.0 AppleWebKit/537.36 (KHTML, like Gecko; compatible; bingbot/2.0; +http://www.bing.com/bingbot.htm) Chrome/116.0.1938.76 Safari/537.36"
74.206.190.89 - - [29/Jan/2026:04:25:44 -0500] "GET / HTTP/1.1" 200 38686 "-" "curl/7.29.0"
52.167.144.150 - - [29/Jan/2026:04:28:28 -0500] "GET /index.php/latinawebcam/luxuryrest-agency-dubai-launches-new-chapter-in-elite-escort-services.html HTTP/1.1" 200 40609 "-" "Mozilla/5.0 AppleWebKit/537.36 (KHTML, like Gecko; compatible; bingbot/2.0; +http://www.bing.com/bingbot.htm) Chrome/116.0.1938.76 Safari/537.36"
74.206.190.89 - - [29/Jan/2026:04:30:36 -0500] "GET / HTTP/1.1" 200 38686 "-" "curl/7.29.0"
74.206.190.89 - - [29/Jan/2026:04:35:35 -0500] "GET / HTTP/1.1" 200 38686 "-" "curl/7.29.0"
74.206.190.89 - - [29/Jan/2026:04:40:44 -0500] "GET / HTTP/1.1" 200 38686 "-" "curl/7.29.0"
74.206.190.89 - - [29/Jan/2026:04:42:33 -0500] "POST /wp-cron.php?doing_wp_cron=1769679753.7720649242401123046875 HTTP/1.1" 200 - "http://www.tacotube.com/wp-cron.php?doing_wp_cron=1769679753.7720649242401123046875" "WordPress/4.9.16; http://www.tacotube.com"
141.94.194.132 - - [29/Jan/2026:04:42:33 -0500] "GET /index.php/tag/thong/feed HTTP/1.1" 200 2919 "-" "Mozilla/5.0 (X11; Linux i686) AppleWebKit/537.36 (KHTML, like Gecko) Chrome/30.0.1599.66 Safari/537.36"
40.77.167.36 - - [29/Jan/2026:04:45:01 -0500] "GET /?Submit=Search&s=2026 HTTP/1.1" 200 20946 "-" "Mozilla/5.0 AppleWebKit/537.36 (KHTML, like Gecko; compatible; bingbot/2.0; +http://www.bing.com/bingbot.htm) Chrome/116.0.1938.76 Safari/537.36"
177.53.154.163 - - [29/Jan/2026:04:45:35 -0500] "GET / HTTP/1.1" 200 38686 "-" "Mozilla/5.0 (Windows NT 10.0; Win64; x64) AppleWebKit/537.36 (KHTML, like Gecko) Chrome/120.0.0.0 Safari/537.36"
89.89.241.30 - - [29/Jan/2026:04:45:42 -0500] "GET /wp-login.php HTTP/1.1" 200 2377 "-" "Mozilla/5.0 (Windows NT 10.0; Win64; x64) AppleWebKit/537.36 (KHTML, like Gecko) Chrome/120.0.0.0 Safari/537.36"
89.89.241.30 - - [29/Jan/2026:04:45:43 -0500] "POST /wp-login.php HTTP/1.1" 302 - "http://www.tacotube.com/wp-login.php" "Mozilla/5.0 (Windows NT 10.0; Win64; x64) AppleWebKit/537.36 (KHTML, like Gecko) Chrome/120.0.0.0 Safari/537.36"
89.89.241.30 - - [29/Jan/2026:04:45:44 -0500] "GET /wp-admin/ HTTP/1.1" 200 70120 "http://www.tacotube.com/wp-login.php" "Mozilla/5.0 (Windows NT 10.0; Win64; x64) AppleWebKit/537.36 (KHTML, like Gecko) Chrome/120.0.0.0 Safari/537.36"
74.206.190.89 - - [29/Jan/2026:04:45:46 -0500] "GET / HTTP/1.1" 200 38686 "-" "curl/7.29.0"
179.107.248.119 - - [29/Jan/2026:04:45:47 -0500] "POST /xmlrpc.php HTTP/1.1" 403 278 "-" "WordPress/5.0; http://www.tacotube.com"
179.107.248.119 - - [29/Jan/2026:04:45:47 -0500] "GET /wp-admin/admin-ajax.php?action=rest-nonce HTTP/1.1" 400 1 "-" "Mozilla/5.0 (Windows NT 10.0; Win64; x64) AppleWebKit/537.36 (KHTML, like Gecko) Chrome/120.0.0.0 Safari/537.36"
179.107.248.119 - - [29/Jan/2026:04:45:48 -0500] "GET /wp-admin/ HTTP/1.1" 200 70115 "-" "Mozilla/5.0 (Windows NT 10.0; Win64; x64) AppleWebKit/537.36 (KHTML, like Gecko) Chrome/120.0.0.0 Safari/537.36"
141.94.194.132 - - [29/Jan/2026:04:49:35 -0500] "GET /index.php/category/latina-milf/feed HTTP/1.1" 200 6570 "-" "Mozilla/5.0 (X11; Linux i686) AppleWebKit/537.36 (KHTML, like Gecko) Chrome/30.0.1599.66 Safari/537.36"
74.206.190.89 - - [29/Jan/2026:04:50:41 -0500] "GET / HTTP/1.1" 200 38686 "-" "curl/7.29.0"
45.61.185.101 - - [29/Jan/2026:04:54:15 -0500] "GET / HTTP/1.1" 301 - "http://tacotube.com/wp-login.php" "Mozilla/5.0 (Windows NT 10.0; Win64; x64) AppleWebKit/537.36 (KHTML, like Gecko) Chrome/120.0.0.0 Safari/537.36"
45.61.185.101 - - [29/Jan/2026:04:55:31 -0500] "GET / HTTP/1.1" 200 38686 "http://tacotube.com/wp-login.php" "Mozilla/5.0 (Windows NT 10.0; Win64; x64) AppleWebKit/537.36 (KHTML, like Gecko) Chrome/120.0.0.0 Safari/537.36"
74.206.190.89 - - [29/Jan/2026:04:55:37 -0500] "GET / HTTP/1.1" 200 38686 "-" "curl/7.29.0"
45.61.185.101 - - [29/Jan/2026:04:56:45 -0500] "GET /wp-login.php HTTP/1.1" 200 2377 "http://tacotube.com/wp-login.php" "Mozilla/5.0 (Windows NT 10.0; Win64; x64) AppleWebKit/537.36 (KHTML, like Gecko) Chrome/120.0.0.0 Safari/537.36"
45.61.185.101 - - [29/Jan/2026:04:58:28 -0500] "POST /wp-login.php HTTP/1.1" 200 3384 "http://tacotube.com/wp-login.php" "Mozilla/5.0 (Windows NT 10.0; Win64; x64) AppleWebKit/537.36 (KHTML, like Gecko) Chrome/120.0.0.0 Safari/537.36"
74.206.190.89 - - [29/Jan/2026:05:00:50 -0500] "POST /wp-cron.php?doing_wp_cron=1769680850.3171060085296630859375 HTTP/1.1" 200 - "http://www.tacotube.com/wp-cron.php?doing_wp_cron=1769680850.3171060085296630859375" "WordPress/4.9.16; http://www.tacotube.com"
74.206.190.89 - - [29/Jan/2026:05:00:50 -0500] "GET / HTTP/1.1" 200 38686 "-" "curl/7.29.0"
74.206.190.89 - - [29/Jan/2026:05:05:46 -0500] "GET / HTTP/1.1" 200 38686 "-" "curl/7.29.0"
74.206.190.89 - - [29/Jan/2026:05:10:35 -0500] "POST /wp-cron.php?doing_wp_cron=1769681435.8965389728546142578125 HTTP/1.1" 200 - "http://www.tacotube.com/wp-cron.php?doing_wp_cron=1769681435.8965389728546142578125" "WordPress/4.9.16; http://www.tacotube.com"
74.206.190.89 - - [29/Jan/2026:05:10:35 -0500] "GET / HTTP/1.1" 200 38686 "-" "curl/7.29.0"
74.206.190.89 - - [29/Jan/2026:05:15:39 -0500] "GET / HTTP/1.1" 200 38686 "-" "curl/7.29.0"
74.206.190.89 - - [29/Jan/2026:05:20:42 -0500] "GET / HTTP/1.1" 200 38686 "-" "curl/7.29.0"
74.206.190.89 - - [29/Jan/2026:05:25:39 -0500] "GET / HTTP/1.1" 200 38686 "-" "curl/7.29.0"
74.206.190.89 - - [29/Jan/2026:05:30:37 -0500] "GET / HTTP/1.1" 200 38686 "-" "curl/7.29.0"
141.94.194.132 - - [29/Jan/2026:05:35:20 -0500] "GET /index.php/big-ass/big-ass-tube.html/feed HTTP/1.1" 200 1265 "-" "Mozilla/5.0 (X11; Linux i686) AppleWebKit/537.36 (KHTML, like Gecko) Chrome/30.0.1599.66 Safari/537.36"
74.206.190.89 - - [29/Jan/2026:05:35:37 -0500] "GET / HTTP/1.1" 200 38686 "-" "curl/7.29.0"
74.206.190.89 - - [29/Jan/2026:05:40:49 -0500] "POST /wp-cron.php?doing_wp_cron=1769683249.2140190601348876953125 HTTP/1.1" 200 - "http://www.tacotube.com/wp-cron.php?doing_wp_cron=1769683249.2140190601348876953125" "WordPress/4.9.16; http://www.tacotube.com"
74.206.190.89 - - [29/Jan/2026:05:40:49 -0500] "GET / HTTP/1.1" 200 38686 "-" "curl/7.29.0"
74.206.190.89 - - [29/Jan/2026:05:45:37 -0500] "GET / HTTP/1.1" 200 38686 "-" "curl/7.29.0"
110.249.201.183 - - [29/Jan/2026:05:47:49 -0500] "GET /robots.txt HTTP/1.1" 200 29 "-" "Mozilla/5.0 (Linux; Android 5.0) AppleWebKit/537.36 (KHTML, like Gecko) Mobile Safari/537.36 (compatible; Bytespider; https://zhanzhang.toutiao.com/)"
74.206.190.89 - - [29/Jan/2026:05:50:36 -0500] "GET / HTTP/1.1" 200 38686 "-" "curl/7.29.0"
74.206.190.89 - - [29/Jan/2026:05:55:38 -0500] "POST /wp-cron.php?doing_wp_cron=1769684138.7689449787139892578125 HTTP/1.1" 200 - "http://www.tacotube.com/wp-cron.php?doing_wp_cron=1769684138.7689449787139892578125" "WordPress/4.9.16; http://www.tacotube.com"
74.206.190.89 - - [29/Jan/2026:05:55:38 -0500] "GET / HTTP/1.1" 200 38686 "-" "curl/7.29.0"
74.206.190.89 - - [29/Jan/2026:06:01:49 -0500] "POST /wp-cron.php?doing_wp_cron=1769684509.2661368846893310546875 HTTP/1.1" 200 - "http://www.tacotube.com/wp-cron.php?doing_wp_cron=1769684509.2661368846893310546875" "WordPress/4.9.16; http://www.tacotube.com"
74.206.190.89 - - [29/Jan/2026:06:01:49 -0500] "GET / HTTP/1.1" 200 38686 "-" "curl/7.29.0"
74.206.190.89 - - [29/Jan/2026:06:05:46 -0500] "GET / HTTP/1.1" 200 38686 "-" "curl/7.29.0"
74.206.190.89 - - [29/Jan/2026:06:10:35 -0500] "POST /wp-cron.php?doing_wp_cron=1769685035.1401269435882568359375 HTTP/1.1" 200 - "http://www.tacotube.com/wp-cron.php?doing_wp_cron=1769685035.1401269435882568359375" "WordPress/4.9.16; http://www.tacotube.com"
74.206.190.89 - - [29/Jan/2026:06:10:35 -0500] "GET / HTTP/1.1" 200 38686 "-" "curl/7.29.0"
141.94.194.132 - - [29/Jan/2026:06:13:26 -0500] "GET /index.php/category/teen-latinas/feed HTTP/1.1" 200 12649 "-" "Mozilla/5.0 (X11; Linux i686) AppleWebKit/537.36 (KHTML, like Gecko) Chrome/30.0.1599.66 Safari/537.36"
74.206.190.89 - - [29/Jan/2026:06:15:37 -0500] "GET / HTTP/1.1" 200 38686 "-" "curl/7.29.0"
198.98.57.217 - - [29/Jan/2026:06:18:05 -0500] "GET /wp-login.php HTTP/1.1" 200 2377 "-" "Mozilla/5.0 (Macintosh; Intel Mac OS X 10_9_3) AppleWebKit/537.36 (KHTML, like Gecko) Chrome/36.0.1985.125 Safari/537.36"
198.98.57.217 - - [29/Jan/2026:06:18:05 -0500] "POST /wp-login.php HTTP/1.1" 200 3382 "-" "Mozilla/5.0 (Macintosh; Intel Mac OS X 10_9_3) AppleWebKit/537.36 (KHTML, like Gecko) Chrome/36.0.1985.125 Safari/537.36"
162.62.213.187 - - [29/Jan/2026:06:20:22 -0500] "GET / HTTP/1.1" 200 38686 "-" "Mozilla/5.0 (iPhone; CPU iPhone OS 13_2_3 like Mac OS X) AppleWebKit/605.1.15 (KHTML, like Gecko) Version/13.0.3 Mobile/15E148 Safari/604.1"
74.206.190.89 - - [29/Jan/2026:06:20:51 -0500] "GET / HTTP/1.1" 200 38686 "-" "curl/7.29.0"
104.196.137.10 - - [29/Jan/2026:06:23:05 -0500] "GET /admin HTTP/1.1" 404 269 "-" "Mozilla/5.0 (Windows NT 10.0; Win64; x64) AppleWebKit/537.36 (KHTML, like Gecko) Chrome/125.0.0.0 Safari/537.36"
74.206.190.89 - - [29/Jan/2026:06:25:40 -0500] "GET / HTTP/1.1" 200 38686 "-" "curl/7.29.0"
74.206.190.89 - - [29/Jan/2026:06:30:43 -0500] "GET / HTTP/1.1" 200 38686 "-" "curl/7.29.0"
74.206.190.89 - - [29/Jan/2026:06:35:36 -0500] "GET / HTTP/1.1" 200 38686 "-" "curl/7.29.0"
74.206.190.89 - - [29/Jan/2026:06:40:57 -0500] "GET / HTTP/1.1" 200 38686 "-" "curl/7.29.0"
104.244.75.194 - - [29/Jan/2026:06:42:03 -0500] "GET /wp-login.php HTTP/1.1" 200 2377 "-" "Mozilla/5.0 (Macintosh; Intel Mac OS X 10.8; rv:31.0) Gecko/20100101 Firefox/31.0"
104.244.75.194 - - [29/Jan/2026:06:42:04 -0500] "POST /wp-login.php HTTP/1.1" 200 3364 "-" "Mozilla/5.0 (Macintosh; Intel Mac OS X 10.8; rv:31.0) Gecko/20100101 Firefox/31.0"
74.206.190.89 - - [29/Jan/2026:06:45:53 -0500] "GET / HTTP/1.1" 200 38686 "-" "curl/7.29.0"
74.206.190.89 - - [29/Jan/2026:06:50:44 -0500] "POST /wp-cron.php?doing_wp_cron=1769687444.1280241012573242187500 HTTP/1.1" 200 - "http://www.tacotube.com/wp-cron.php?doing_wp_cron=1769687444.1280241012573242187500" "WordPress/4.9.16; http://www.tacotube.com"
74.206.190.89 - - [29/Jan/2026:06:50:44 -0500] "GET / HTTP/1.1" 200 38686 "-" "curl/7.29.0"
141.94.194.132 - - [29/Jan/2026:06:52:08 -0500] "GET /index.php/tag/landing-strip-pussy/feed HTTP/1.1" 200 2432 "-" "Mozilla/5.0 (X11; Linux i686) AppleWebKit/537.36 (KHTML, like Gecko) Chrome/30.0.1599.66 Safari/537.36"
74.206.190.89 - - [29/Jan/2026:06:55:43 -0500] "GET / HTTP/1.1" 200 38686 "-" "curl/7.29.0"
74.206.190.89 - - [29/Jan/2026:07:01:05 -0500] "POST /wp-cron.php?doing_wp_cron=1769688065.5935940742492675781250 HTTP/1.1" 200 - "http://www.tacotube.com/wp-cron.php?doing_wp_cron=1769688065.5935940742492675781250" "WordPress/4.9.16; http://www.tacotube.com"
74.206.190.89 - - [29/Jan/2026:07:01:04 -0500] "GET / HTTP/1.1" 200 38686 "-" "curl/7.29.0"
198.98.56.172 - - [29/Jan/2026:07:04:18 -0500] "GET /wp-login.php HTTP/1.1" 200 2377 "-" "Mozilla/5.0 (iPhone; CPU iPhone OS 7_1_2 like Mac OS X) AppleWebKit/537.51.2 (KHTML, like Gecko) Version/7.0 Mobile/11D257 Safari/9537.53"
198.98.56.172 - - [29/Jan/2026:07:04:19 -0500] "POST /wp-login.php HTTP/1.1" 200 3362 "-" "Mozilla/5.0 (iPhone; CPU iPhone OS 7_1_2 like Mac OS X) AppleWebKit/537.51.2 (KHTML, like Gecko) Version/7.0 Mobile/11D257 Safari/9537.53"
74.206.190.89 - - [29/Jan/2026:07:05:47 -0500] "GET / HTTP/1.1" 200 38686 "-" "curl/7.29.0"
74.206.190.89 - - [29/Jan/2026:07:08:00 -0500] "POST /wp-cron.php?doing_wp_cron=1769688480.4660270214080810546875 HTTP/1.1" 200 - "http://www.tacotube.com/wp-cron.php?doing_wp_cron=1769688480.4660270214080810546875" "WordPress/4.9.16; http://www.tacotube.com"
176.106.249.237 - - [29/Jan/2026:07:08:00 -0500] "GET /index.php/blonde-latina/spanish-tube.html/comment-page-1 HTTP/1.1" 301 - "http://tacotube.com/index.php/blonde-latina/spanish-tube.html/comment-page-1" "Mozilla/5.0 (Windows NT 10.0; Win64; x64) AppleWebKit/537.36 (KHTML, like Gecko) Chrome/103.0.5060.53 Safari/537.36"
176.106.249.237 - - [29/Jan/2026:07:08:01 -0500] "GET /index.php/blonde-latina/spanish-tube.html/comment-page-1 HTTP/1.1" 200 27163 "http://www.tacotube.com/index.php/blonde-latina/spanish-tube.html/comment-page-1" "Mozilla/5.0 (Windows NT 10.0; Win64; x64) AppleWebKit/537.36 (KHTML, like Gecko) Chrome/103.0.5060.53 Safari/537.36"
74.206.190.89 - - [29/Jan/2026:07:10:44 -0500] "GET / HTTP/1.1" 200 38686 "-" "curl/7.29.0"
74.206.190.89 - - [29/Jan/2026:07:15:38 -0500] "GET / HTTP/1.1" 200 38686 "-" "curl/7.29.0"
74.206.190.89 - - [29/Jan/2026:07:21:00 -0500] "GET / HTTP/1.1" 200 38686 "-" "curl/7.29.0"
74.206.190.89 - - [29/Jan/2026:07:25:47 -0500] "GET / HTTP/1.1" 200 38686 "-" "curl/7.29.0"
98.89.254.180 - - [29/Jan/2026:07:27:56 -0500] "GET /robots.txt HTTP/1.1" 200 29 "-" "Mozilla/5.0 (Macintosh; Intel Mac OS X 10_10_1) AppleWebKit/600.2.5 (KHTML, like Gecko) Version/8.0.2 Safari/600.2.5 (TestUserAgent)"
74.206.190.89 - - [29/Jan/2026:07:30:34 -0500] "GET / HTTP/1.1" 200 38686 "-" "curl/7.29.0"
177.128.127.173 - - [29/Jan/2026:07:30:36 -0500] "GET / HTTP/1.1" 200 38686 "-" "Mozilla/5.0 (Windows NT 10.0; Win64; x64) AppleWebKit/537.36 (KHTML, like Gecko) Chrome/120.0.0.0 Safari/537.36"
141.94.194.132 - - [29/Jan/2026:07:30:40 -0500] "GET /index.php/category/blonde-latina/feed HTTP/1.1" 200 8324 "-" "Mozilla/5.0 (X11; Linux i686) AppleWebKit/537.36 (KHTML, like Gecko) Chrome/30.0.1599.66 Safari/537.36"
181.59.153.185 - - [29/Jan/2026:07:30:53 -0500] "POST /wp-login.php HTTP/1.1" 302 - "http://www.tacotube.com/wp-login.php" "Mozilla/5.0 (Windows NT 10.0; Win64; x64) AppleWebKit/537.36 (KHTML, like Gecko) Chrome/120.0.0.0 Safari/537.36"
181.59.153.185 - - [29/Jan/2026:07:30:54 -0500] "GET /wp-admin/ HTTP/1.1" 200 70108 "http://www.tacotube.com/wp-login.php" "Mozilla/5.0 (Windows NT 10.0; Win64; x64) AppleWebKit/537.36 (KHTML, like Gecko) Chrome/120.0.0.0 Safari/537.36"
148.56.246.151 - - [29/Jan/2026:07:30:58 -0500] "POST /xmlrpc.php HTTP/1.1" 403 278 "-" "WordPress/5.0; http://www.tacotube.com"
148.56.246.151 - - [29/Jan/2026:07:30:58 -0500] "GET /wp-admin/admin-ajax.php?action=rest-nonce HTTP/1.1" 400 1 "-" "Mozilla/5.0 (Windows NT 10.0; Win64; x64) AppleWebKit/537.36 (KHTML, like Gecko) Chrome/120.0.0.0 Safari/537.36"
148.56.246.151 - - [29/Jan/2026:07:30:59 -0500] "GET /wp-admin/ HTTP/1.1" 200 70122 "-" "Mozilla/5.0 (Windows NT 10.0; Win64; x64) AppleWebKit/537.36 (KHTML, like Gecko) Chrome/120.0.0.0 Safari/537.36"
141.94.194.132 - - [29/Jan/2026:07:33:36 -0500] "GET /index.php/category/latina-milf/feed HTTP/1.1" 200 6570 "-" "Mozilla/5.0 (X11; Linux i686) AppleWebKit/537.36 (KHTML, like Gecko) Chrome/30.0.1599.66 Safari/537.36"
141.94.194.132 - - [29/Jan/2026:07:34:03 -0500] "GET /index.php/feed HTTP/1.1" 200 80099 "-" "Mozilla/5.0 (X11; Linux i686) AppleWebKit/537.36 (KHTML, like Gecko) Chrome/30.0.1599.66 Safari/537.36"
74.206.190.89 - - [29/Jan/2026:07:35:39 -0500] "GET / HTTP/1.1" 200 38686 "-" "curl/7.29.0"
74.206.190.89 - - [29/Jan/2026:07:40:50 -0500] "GET / HTTP/1.1" 200 38686 "-" "curl/7.29.0"
114.119.158.112 - - [29/Jan/2026:07:42:29 -0500] "GET /index.php/teen-latinas/hot-latina-gets-smashed-from-behind.html HTTP/1.1" 200 31406 "http://www.tacotube.com/index.php/latinawebcam/tattooed-latina-sucks-cock.html" "Mozilla/5.0 (Linux; Android 7.0;) AppleWebKit/537.36 (KHTML, like Gecko) Mobile Safari/537.36 (compatible; PetalBot;+https://webmaster.petalsearch.com/site/petalbot)"
54.167.32.123 - - [29/Jan/2026:07:45:13 -0500] "GET /robots.txt HTTP/1.1" 200 29 "-" "Mozilla/5.0 AppleWebKit/537.36 (KHTML, like Gecko; compatible; Amazonbot/0.1; +https://developer.amazon.com/support/amazonbot) Chrome/119.0.6045.214 Safari/537.36"
52.203.152.231 - - [29/Jan/2026:07:45:31 -0500] "GET / HTTP/1.1" 301 - "-" "Mozilla/5.0 AppleWebKit/537.36 (KHTML, like Gecko; compatible; Amazonbot/0.1; +https://developer.amazon.com/support/amazonbot) Chrome/119.0.6045.214 Safari/537.36"
34.203.111.15 - - [29/Jan/2026:07:45:31 -0500] "GET / HTTP/1.1" 200 38686 "-" "Mozilla/5.0 AppleWebKit/537.36 (KHTML, like Gecko; compatible; Amazonbot/0.1; +https://developer.amazon.com/support/amazonbot) Chrome/119.0.6045.214 Safari/537.36"
74.206.190.89 - - [29/Jan/2026:07:45:48 -0500] "GET / HTTP/1.1" 200 38686 "-" "curl/7.29.0"
74.206.190.89 - - [29/Jan/2026:07:50:46 -0500] "GET / HTTP/1.1" 200 38686 "-" "curl/7.29.0"
43.157.148.38 - - [29/Jan/2026:07:55:18 -0500] "GET / HTTP/1.1" 301 - "-" "Mozilla/5.0 (iPhone; CPU iPhone OS 13_2_3 like Mac OS X) AppleWebKit/605.1.15 (KHTML, like Gecko) Version/13.0.3 Mobile/15E148 Safari/604.1"
43.157.148.38 - - [29/Jan/2026:07:55:19 -0500] "GET / HTTP/1.1" 200 38686 "http://tacotube.com" "Mozilla/5.0 (iPhone; CPU iPhone OS 13_2_3 like Mac OS X) AppleWebKit/605.1.15 (KHTML, like Gecko) Version/13.0.3 Mobile/15E148 Safari/604.1"
74.206.190.89 - - [29/Jan/2026:07:55:50 -0500] "GET / HTTP/1.1" 200 38686 "-" "curl/7.29.0"
34.194.165.45 - - [29/Jan/2026:07:57:49 -0500] "GET /index.php/tag/anal/feed HTTP/1.1" 200 2447 "-" "Mozilla/5.0 AppleWebKit/537.36 (KHTML, like Gecko; compatible; Amazonbot/0.1; +https://developer.amazon.com/support/amazonbot) Chrome/119.0.6045.214 Safari/537.36"
198.98.51.43 - - [29/Jan/2026:07:59:09 -0500] "GET /wp-login.php HTTP/1.1" 200 2377 "-" "Mozilla/5.0 (Windows NT 6.0) AppleWebKit/537.36 (KHTML, like Gecko) Chrome/36.0.1985.125 Safari/537.36"
198.98.51.43 - - [29/Jan/2026:07:59:09 -0500] "POST /wp-login.php HTTP/1.1" 200 3382 "-" "Mozilla/5.0 (Windows NT 6.0) AppleWebKit/537.36 (KHTML, like Gecko) Chrome/36.0.1985.125 Safari/537.36"
74.206.190.89 - - [29/Jan/2026:08:01:19 -0500] "POST /wp-cron.php?doing_wp_cron=1769691679.8301119804382324218750 HTTP/1.1" 200 - "http://www.tacotube.com/wp-cron.php?doing_wp_cron=1769691679.8301119804382324218750" "WordPress/4.9.16; http://www.tacotube.com"
74.206.190.89 - - [29/Jan/2026:08:01:19 -0500] "GET / HTTP/1.1" 200 38686 "-" "curl/7.29.0"
104.244.73.251 - - [29/Jan/2026:08:03:25 -0500] "GET /wp-login.php HTTP/1.1" 200 2377 "-" "Mozilla/5.0 (Macintosh; Intel Mac OS X 10_10_0) AppleWebKit/537.36 (KHTML, like Gecko) Chrome/36.0.1985.125 Safari/537.36"
104.244.73.251 - - [29/Jan/2026:08:03:26 -0500] "POST /wp-login.php HTTP/1.1" 200 3362 "-" "Mozilla/5.0 (Macintosh; Intel Mac OS X 10_10_0) AppleWebKit/537.36 (KHTML, like Gecko) Chrome/36.0.1985.125 Safari/537.36"
5.16.72.126 - - [29/Jan/2026:08:03:47 -0500] "GET /index.php/blonde-latina/spanish-tube.html/comment-page-1 HTTP/1.1" 301 - "http://tacotube.com/index.php/blonde-latina/spanish-tube.html/comment-page-1" "Mozilla/5.0 (Windows NT 10.0; Win64; x64) AppleWebKit/537.36 (KHTML, like Gecko) Chrome/130.0.0.0 Safari/537.36"
5.16.72.126 - - [29/Jan/2026:08:03:50 -0500] "GET /index.php/blonde-latina/spanish-tube.html/comment-page-1 HTTP/1.1" 200 27163 "http://www.tacotube.com/index.php/blonde-latina/spanish-tube.html/comment-page-1" "Mozilla/5.0 (Windows NT 10.0; Win64; x64) AppleWebKit/537.36 (KHTML, like Gecko) Chrome/130.0.0.0 Safari/537.36"
141.94.194.132 - - [29/Jan/2026:08:04:34 -0500] "GET /index.php/tag/thong/feed HTTP/1.1" 200 2919 "-" "Mozilla/5.0 (X11; Linux i686) AppleWebKit/537.36 (KHTML, like Gecko) Chrome/30.0.1599.66 Safari/537.36"
74.206.190.89 - - [29/Jan/2026:08:05:39 -0500] "GET / HTTP/1.1" 200 38686 "-" "curl/7.29.0"
74.206.190.89 - - [29/Jan/2026:08:10:37 -0500] "POST /wp-cron.php?doing_wp_cron=1769692237.5771639347076416015625 HTTP/1.1" 200 - "http://www.tacotube.com/wp-cron.php?doing_wp_cron=1769692237.5771639347076416015625" "WordPress/4.9.16; http://www.tacotube.com"
74.206.190.89 - - [29/Jan/2026:08:10:37 -0500] "GET / HTTP/1.1" 200 38686 "-" "curl/7.29.0"
3.93.98.99 - - [29/Jan/2026:08:12:29 -0500] "GET /index.php/teen-latinas/puffy-nipples-tube.html HTTP/1.1" 200 31123 "-" "Mozilla/5.0 AppleWebKit/537.36 (KHTML, like Gecko; compatible; Amazonbot/0.1; +https://developer.amazon.com/support/amazonbot) Chrome/119.0.6045.214 Safari/537.36"
74.206.190.89 - - [29/Jan/2026:08:15:37 -0500] "GET / HTTP/1.1" 200 38686 "-" "curl/7.29.0"
110.172.98.2 - - [29/Jan/2026:08:16:56 -0500] "GET / HTTP/1.1" 301 - "-" "Mozilla/5.0 (Windows NT 10.0; Win64; x64) AppleWebKit/537.36 (KHTML, like Gecko) Chrome/79.0.3945.130 Safari/537.36"
44.193.115.232 - - [29/Jan/2026:08:20:37 -0500] "GET /index.php/big-ass/hot-latina-webcams.html HTTP/1.1" 200 28919 "-" "Mozilla/5.0 AppleWebKit/537.36 (KHTML, like Gecko; compatible; Amazonbot/0.1; +https://developer.amazon.com/support/amazonbot) Chrome/119.0.6045.214 Safari/537.36"
74.206.190.89 - - [29/Jan/2026:08:20:57 -0500] "GET / HTTP/1.1" 200 38686 "-" "curl/7.29.0"
85.17.145.110 - - [29/Jan/2026:08:23:07 -0500] "GET /index.php/tag/panties HTTP/1.1" 200 21371 "-" "Mozilla/5.0 (Windows NT 10.0; Win64; x64) AppleWebKit/537.36 (KHTML, like Gecko) Chrome/101.0.4951.64 Safari/537.36 Edg/101.0.1210.47"
74.206.190.89 - - [29/Jan/2026:08:25:42 -0500] "GET / HTTP/1.1" 200 38686 "-" "curl/7.29.0"
141.94.194.132 - - [29/Jan/2026:08:30:24 -0500] "GET /index.php/tag/petite/feed HTTP/1.1" 200 2589 "-" "Mozilla/5.0 (X11; Linux i686) AppleWebKit/537.36 (KHTML, like Gecko) Chrome/30.0.1599.66 Safari/537.36"
74.206.190.89 - - [29/Jan/2026:08:30:38 -0500] "GET / HTTP/1.1" 200 38686 "-" "curl/7.29.0"
74.206.190.89 - - [29/Jan/2026:08:35:36 -0500] "GET / HTTP/1.1" 200 38686 "-" "curl/7.29.0"
74.206.190.89 - - [29/Jan/2026:08:40:51 -0500] "GET / HTTP/1.1" 200 38686 "-" "curl/7.29.0"
141.94.194.132 - - [29/Jan/2026:08:45:27 -0500] "GET /index.php/category/teen-latinas/feed HTTP/1.1" 200 12649 "-" "Mozilla/5.0 (X11; Linux i686) AppleWebKit/537.36 (KHTML, like Gecko) Chrome/30.0.1599.66 Safari/537.36"
74.206.190.89 - - [29/Jan/2026:08:45:41 -0500] "GET / HTTP/1.1" 200 38686 "-" "curl/7.29.0"
74.206.190.89 - - [29/Jan/2026:08:50:36 -0500] "GET / HTTP/1.1" 200 38686 "-" "curl/7.29.0"
114.119.148.1 - - [29/Jan/2026:08:51:47 -0500] "GET /robots.txt HTTP/1.1" 200 29 "-" "Mozilla/5.0 (Linux; Android 7.0;) AppleWebKit/537.36 (KHTML, like Gecko) Mobile Safari/537.36 (compatible; PetalBot;+https://webmaster.petalsearch.com/site/petalbot)"
74.206.190.89 - - [29/Jan/2026:08:55:40 -0500] "GET / HTTP/1.1" 200 38686 "-" "curl/7.29.0"
74.206.190.89 - - [29/Jan/2026:09:01:00 -0500] "POST /wp-cron.php?doing_wp_cron=1769695260.1481630802154541015625 HTTP/1.1" 200 - "http://www.tacotube.com/wp-cron.php?doing_wp_cron=1769695260.1481630802154541015625" "WordPress/4.9.16; http://www.tacotube.com"
74.206.190.89 - - [29/Jan/2026:09:00:59 -0500] "GET / HTTP/1.1" 200 38686 "-" "curl/7.29.0"
74.206.190.89 - - [29/Jan/2026:09:05:41 -0500] "GET / HTTP/1.1" 200 38686 "-" "curl/7.29.0"
74.206.190.89 - - [29/Jan/2026:09:10:38 -0500] "POST /wp-cron.php?doing_wp_cron=1769695838.9053978919982910156250 HTTP/1.1" 200 - "http://www.tacotube.com/wp-cron.php?doing_wp_cron=1769695838.9053978919982910156250" "WordPress/4.9.16; http://www.tacotube.com"
74.206.190.89 - - [29/Jan/2026:09:10:38 -0500] "GET / HTTP/1.1" 200 38686 "-" "curl/7.29.0"
104.207.38.123 - - [29/Jan/2026:09:11:48 -0500] "GET /wp-login.php HTTP/1.1" 200 2377 "-" "Mozilla/5.0 (Windows NT 10.0; Win64; x64; rv:127.0) Gecko/20100101 Firefox/127.0"
216.26.254.102 - - [29/Jan/2026:09:11:49 -0500] "GET /wp-login.php HTTP/1.1" 200 20 "-" "Mozilla/5.0 (Windows NT 10.0; Win64; x64) AppleWebKit/537.36 (KHTML, like Gecko) Chrome/124.0.6367.207 Safari/537.36"
74.206.190.89 - - [29/Jan/2026:09:15:36 -0500] "GET / HTTP/1.1" 200 38686 "-" "curl/7.29.0"
74.206.190.89 - - [29/Jan/2026:09:20:46 -0500] "GET / HTTP/1.1" 200 38686 "-" "curl/7.29.0"
157.55.39.55 - - [29/Jan/2026:09:22:02 -0500] "GET /?Submit=Search&s=2025 HTTP/1.1" 200 22771 "-" "Mozilla/5.0 AppleWebKit/537.36 (KHTML, like Gecko; compatible; bingbot/2.0; +http://www.bing.com/bingbot.htm) Chrome/116.0.1938.76 Safari/537.36"
74.206.190.89 - - [29/Jan/2026:09:25:37 -0500] "GET / HTTP/1.1" 200 38686 "-" "curl/7.29.0"
74.206.190.89 - - [29/Jan/2026:09:30:36 -0500] "GET / HTTP/1.1" 200 38686 "-" "curl/7.29.0"
74.206.190.89 - - [29/Jan/2026:09:35:40 -0500] "GET / HTTP/1.1" 200 38686 "-" "curl/7.29.0"
74.206.190.89 - - [29/Jan/2026:09:40:57 -0500] "GET / HTTP/1.1" 200 38686 "-" "curl/7.29.0"
114.119.136.51 - - [29/Jan/2026:09:44:20 -0500] "GET /index.php/teen-latinas/latin-pussy-tube.html HTTP/1.1" 200 30901 "http://www.tacotube.com/index.php/latinawebcam/latinatube.html" "Mozilla/5.0 (Linux; Android 7.0;) AppleWebKit/537.36 (KHTML, like Gecko) Mobile Safari/537.36 (compatible; PetalBot;+https://webmaster.petalsearch.com/site/petalbot)"
74.206.190.89 - - [29/Jan/2026:09:45:36 -0500] "GET / HTTP/1.1" 200 38686 "-" "curl/7.29.0"
74.206.190.89 - - [29/Jan/2026:09:50:40 -0500] "GET / HTTP/1.1" 200 38686 "-" "curl/7.29.0"
74.206.190.89 - - [29/Jan/2026:09:55:38 -0500] "GET / HTTP/1.1" 200 38686 "-" "curl/7.29.0"
74.206.190.89 - - [29/Jan/2026:10:00:52 -0500] "POST /wp-cron.php?doing_wp_cron=1769698852.4834330081939697265625 HTTP/1.1" 200 - "http://www.tacotube.com/wp-cron.php?doing_wp_cron=1769698852.4834330081939697265625" "WordPress/4.9.16; http://www.tacotube.com"
74.206.190.89 - - [29/Jan/2026:10:00:52 -0500] "GET / HTTP/1.1" 200 38686 "-" "curl/7.29.0"
52.167.144.179 - - [29/Jan/2026:10:05:09 -0500] "GET /?Submit=Search&s= HTTP/1.1" 200 38386 "-" "Mozilla/5.0 AppleWebKit/537.36 (KHTML, like Gecko; compatible; bingbot/2.0; +http://www.bing.com/bingbot.htm) Chrome/116.0.1938.76 Safari/537.36"
74.206.190.89 - - [29/Jan/2026:10:05:40 -0500] "GET / HTTP/1.1" 200 38686 "-" "curl/7.29.0"
52.167.144.166 - - [29/Jan/2026:10:06:51 -0500] "GET /index.php/latinawebcam/sensual-massage-dubai-new-trends-and-innovations-in-dubai-escort-agency-services.html HTTP/1.1" 200 39471 "-" "Mozilla/5.0 AppleWebKit/537.36 (KHTML, like Gecko; compatible; bingbot/2.0; +http://www.bing.com/bingbot.htm) Chrome/116.0.1938.76 Safari/537.36"
52.167.144.179 - - [29/Jan/2026:10:07:00 -0500] "GET /index.php/latinawebcam/breaking-news-the-evolution-of-high-end-escort-dubai-market-in-2024.html HTTP/1.1" 200 39186 "-" "Mozilla/5.0 AppleWebKit/537.36 (KHTML, like Gecko; compatible; bingbot/2.0; +http://www.bing.com/bingbot.htm) Chrome/116.0.1938.76 Safari/537.36"
74.206.190.89 - - [29/Jan/2026:10:10:45 -0500] "POST /wp-cron.php?doing_wp_cron=1769699445.9218840599060058593750 HTTP/1.1" 200 - "http://www.tacotube.com/wp-cron.php?doing_wp_cron=1769699445.9218840599060058593750" "WordPress/4.9.16; http://www.tacotube.com"
74.206.190.89 - - [29/Jan/2026:10:10:45 -0500] "GET / HTTP/1.1" 200 38686 "-" "curl/7.29.0"
194.219.132.66 - - [29/Jan/2026:10:14:37 -0500] "GET /index.php/blonde-latina/spanish-tube.html/comment-page-1 HTTP/1.1" 301 - "http://tacotube.com/" "Mozilla/5.0 (X11; Linux x86_64) AppleWebKit/537.36 (KHTML, like Gecko) Chrome/114.0.0.0 Safari/537.36 OPR/89.0.4447.51"
194.219.132.66 - - [29/Jan/2026:10:14:39 -0500] "GET /index.php/blonde-latina/spanish-tube.html/comment-page-1 HTTP/1.1" 200 27163 "http://tacotube.com/index.php/blonde-latina/spanish-tube.html/comment-page-1" "Mozilla/5.0 (X11; Linux x86_64) AppleWebKit/537.36 (KHTML, like Gecko) Chrome/114.0.0.0 Safari/537.36 OPR/89.0.4447.51"
74.206.190.89 - - [29/Jan/2026:10:15:42 -0500] "GET / HTTP/1.1" 200 38686 "-" "curl/7.29.0"
141.94.194.132 - - [29/Jan/2026:10:20:04 -0500] "GET /index.php/feed HTTP/1.1" 200 80099 "-" "Mozilla/5.0 (X11; Linux i686) AppleWebKit/537.36 (KHTML, like Gecko) Chrome/30.0.1599.66 Safari/537.36"
74.206.190.89 - - [29/Jan/2026:10:21:04 -0500] "GET / HTTP/1.1" 200 38686 "-" "curl/7.29.0"
74.206.190.89 - - [29/Jan/2026:10:25:54 -0500] "GET / HTTP/1.1" 200 38686 "-" "curl/7.29.0"
74.206.190.89 - - [29/Jan/2026:10:30:48 -0500] "GET / HTTP/1.1" 200 38686 "-" "curl/7.29.0"
141.94.194.132 - - [29/Jan/2026:10:33:37 -0500] "GET /index.php/category/latina-milf/feed HTTP/1.1" 200 6570 "-" "Mozilla/5.0 (X11; Linux i686) AppleWebKit/537.36 (KHTML, like Gecko) Chrome/30.0.1599.66 Safari/537.36"
74.206.190.89 - - [29/Jan/2026:10:35:38 -0500] "GET / HTTP/1.1" 200 38686 "-" "curl/7.29.0"
74.206.190.89 - - [29/Jan/2026:10:41:11 -0500] "GET / HTTP/1.1" 200 38686 "-" "curl/7.29.0"
74.206.190.89 - - [29/Jan/2026:10:45:43 -0500] "GET / HTTP/1.1" 200 38686 "-" "curl/7.29.0"
141.94.194.132 - - [29/Jan/2026:10:48:41 -0500] "GET /index.php/category/blonde-latina/feed HTTP/1.1" 200 8324 "-" "Mozilla/5.0 (X11; Linux i686) AppleWebKit/537.36 (KHTML, like Gecko) Chrome/30.0.1599.66 Safari/537.36"
74.206.190.89 - - [29/Jan/2026:10:50:34 -0500] "GET / HTTP/1.1" 200 38686 "-" "curl/7.29.0"
141.94.194.132 - - [29/Jan/2026:10:51:51 -0500] "GET /index.php/blonde-latina/thick-ass-tube.html/feed HTTP/1.1" 200 1283 "-" "Mozilla/5.0 (X11; Linux i686) AppleWebKit/537.36 (KHTML, like Gecko) Chrome/30.0.1599.66 Safari/537.36"
74.206.190.89 - - [29/Jan/2026:10:55:40 -0500] "GET / HTTP/1.1" 200 38686 "-" "curl/7.29.0"
107.189.14.25 - - [29/Jan/2026:10:59:26 -0500] "GET /wp-login.php HTTP/1.1" 200 2377 "-" "Mozilla/5.0 (X11; Linux x86_64; rv:30.0) Gecko/20100101 Firefox/30.0"
107.189.14.25 - - [29/Jan/2026:10:59:27 -0500] "POST /wp-login.php HTTP/1.1" 200 3364 "-" "Mozilla/5.0 (X11; Linux x86_64; rv:30.0) Gecko/20100101 Firefox/30.0"
74.206.190.89 - - [29/Jan/2026:11:01:00 -0500] "POST /wp-cron.php?doing_wp_cron=1769702460.1977438926696777343750 HTTP/1.1" 200 - "http://www.tacotube.com/wp-cron.php?doing_wp_cron=1769702460.1977438926696777343750" "WordPress/4.9.16; http://www.tacotube.com"
74.206.190.89 - - [29/Jan/2026:11:01:00 -0500] "GET / HTTP/1.1" 200 38686 "-" "curl/7.29.0"
74.206.190.89 - - [29/Jan/2026:11:05:45 -0500] "GET / HTTP/1.1" 200 38686 "-" "curl/7.29.0"
74.206.190.89 - - [29/Jan/2026:11:10:39 -0500] "POST /wp-cron.php?doing_wp_cron=1769703039.5122718811035156250000 HTTP/1.1" 200 - "http://www.tacotube.com/wp-cron.php?doing_wp_cron=1769703039.5122718811035156250000" "WordPress/4.9.16; http://www.tacotube.com"
74.206.190.89 - - [29/Jan/2026:11:10:39 -0500] "GET / HTTP/1.1" 200 38686 "-" "curl/7.29.0"
74.206.190.89 - - [29/Jan/2026:11:15:38 -0500] "GET / HTTP/1.1" 200 38686 "-" "curl/7.29.0"
74.206.190.89 - - [29/Jan/2026:11:15:38 -0500] "POST /wp-cron.php?doing_wp_cron=1769703338.5558838844299316406250 HTTP/1.1" 200 - "http://www.tacotube.com/wp-cron.php?doing_wp_cron=1769703338.5558838844299316406250" "WordPress/4.9.16; http://www.tacotube.com"
138.226.240.227 - - [29/Jan/2026:11:19:42 -0500] "GET / HTTP/1.1" 301 - "-" "Mozilla/5.0 (Windows NT 10.0; Win64; x64) AppleWebKit/537.36 (KHTML, like Gecko) Chrome/57.0.2987.133 Safari/537.36"
138.226.240.227 - - [29/Jan/2026:11:19:45 -0500] "GET / HTTP/1.1" 200 38686 "-" "Mozilla/5.0 (Windows NT 10.0; Win64; x64) AppleWebKit/537.36 (KHTML, like Gecko) Chrome/57.0.2987.133 Safari/537.36"
74.206.190.89 - - [29/Jan/2026:11:20:50 -0500] "GET / HTTP/1.1" 200 38686 "-" "curl/7.29.0"
74.206.190.89 - - [29/Jan/2026:11:25:44 -0500] "GET / HTTP/1.1" 200 38686 "-" "curl/7.29.0"
182.42.111.213 - - [29/Jan/2026:11:28:58 -0500] "GET / HTTP/1.1" 200 38686 "-" "Mozilla/5.0 (iPhone; CPU iPhone OS 13_2_3 like Mac OS X) AppleWebKit/605.1.15 (KHTML, like Gecko) Version/13.0.3 Mobile/15E148 Safari/604.1"
74.206.190.89 - - [29/Jan/2026:11:30:41 -0500] "GET / HTTP/1.1" 200 38686 "-" "curl/7.29.0"
141.94.194.132 - - [29/Jan/2026:11:32:35 -0500] "GET /index.php/tag/thong/feed HTTP/1.1" 200 2919 "-" "Mozilla/5.0 (X11; Linux i686) AppleWebKit/537.36 (KHTML, like Gecko) Chrome/30.0.1599.66 Safari/537.36"
74.206.190.89 - - [29/Jan/2026:11:35:38 -0500] "GET / HTTP/1.1" 200 38686 "-" "curl/7.29.0"
141.94.194.132 - - [29/Jan/2026:11:36:28 -0500] "GET /index.php/category/teen-latinas/feed HTTP/1.1" 200 12649 "-" "Mozilla/5.0 (X11; Linux i686) AppleWebKit/537.36 (KHTML, like Gecko) Chrome/30.0.1599.66 Safari/537.36"
74.206.190.89 - - [29/Jan/2026:11:40:58 -0500] "GET / HTTP/1.1" 200 38686 "-" "curl/7.29.0"
74.206.190.89 - - [29/Jan/2026:11:45:43 -0500] "GET / HTTP/1.1" 200 38686 "-" "curl/7.29.0"
74.206.190.89 - - [29/Jan/2026:11:50:37 -0500] "GET / HTTP/1.1" 200 38686 "-" "curl/7.29.0"
74.206.190.89 - - [29/Jan/2026:11:55:38 -0500] "GET / HTTP/1.1" 200 38686 "-" "curl/7.29.0"
107.189.14.99 - - [29/Jan/2026:11:57:44 -0500] "GET /wp-login.php HTTP/1.1" 200 2377 "-" "Mozilla/5.0 (Windows NT 6.2; WOW64; rv:31.0) Gecko/20100101 Firefox/31.0"
107.189.14.99 - - [29/Jan/2026:11:57:45 -0500] "POST /wp-login.php HTTP/1.1" 200 3362 "-" "Mozilla/5.0 (Windows NT 6.2; WOW64; rv:31.0) Gecko/20100101 Firefox/31.0"
104.207.60.118 - - [29/Jan/2026:11:58:29 -0500] "GET /wp-login.php HTTP/1.1" 200 2377 "-" "Mozilla/5.0 (Windows NT 10.0; Win64; x64; rv:127.0) Gecko/20100101 Firefox/127.0"
104.207.60.118 - - [29/Jan/2026:11:58:30 -0500] "POST /xmlrpc.php HTTP/1.1" 403 278 "-" "Mozilla/5.0 (Windows NT 10.0; Win64; x64; rv:127.0) Gecko/20100101 Firefox/127.0"
65.111.4.91 - - [29/Jan/2026:11:58:30 -0500] "POST /xmlrpc.php HTTP/1.1" 403 278 "-" "Mozilla/5.0 (Macintosh; Intel Mac OS X 13_5) AppleWebKit/605.1.15 (KHTML, like Gecko) Version/17.5 Safari/605.1.15"
65.111.10.52 - - [29/Jan/2026:11:58:31 -0500] "POST /xmlrpc.php HTTP/1.1" 403 278 "-" "Mozilla/5.0 (Windows NT 10.0; Win64; x64; rv:127.0) Gecko/20100101 Firefox/127.0"
65.111.15.234 - - [29/Jan/2026:11:58:31 -0500] "POST /xmlrpc.php HTTP/1.1" 403 278 "-" "Mozilla/5.0 (Windows NT 10.0; Win64; x64; rv:127.0) Gecko/20100101 Firefox/127.0"
216.26.231.219 - - [29/Jan/2026:11:58:32 -0500] "POST /xmlrpc.php HTTP/1.1" 403 278 "-" "Mozilla/5.0 (Windows NT 10.0; Win64; x64) AppleWebKit/537.36 (KHTML, like Gecko) Chrome/124.0.6367.207 Safari/537.36"
65.111.10.218 - - [29/Jan/2026:11:58:33 -0500] "POST /xmlrpc.php HTTP/1.1" 403 278 "-" "Mozilla/5.0 (Windows NT 10.0; Win64; x64) AppleWebKit/537.36 (KHTML, like Gecko) Chrome/124.0.6367.207 Safari/537.36"
104.207.33.207 - - [29/Jan/2026:11:58:33 -0500] "POST /xmlrpc.php HTTP/1.1" 403 278 "-" "Mozilla/5.0 (Macintosh; Intel Mac OS X 13_5) AppleWebKit/605.1.15 (KHTML, like Gecko) Version/17.5 Safari/605.1.15"
216.26.238.154 - - [29/Jan/2026:11:58:34 -0500] "POST /xmlrpc.php HTTP/1.1" 403 278 "-" "Mozilla/5.0 (Windows NT 10.0; Win64; x64) AppleWebKit/537.36 (KHTML, like Gecko) Chrome/124.0.6367.207 Safari/537.36"
65.111.13.147 - - [29/Jan/2026:11:58:34 -0500] "POST /xmlrpc.php HTTP/1.1" 403 278 "-" "Mozilla/5.0 (Windows NT 10.0; Win64; x64; rv:127.0) Gecko/20100101 Firefox/127.0"
104.207.32.13 - - [29/Jan/2026:11:58:35 -0500] "POST /xmlrpc.php HTTP/1.1" 403 278 "-" "Mozilla/5.0 (Windows NT 10.0; Win64; x64; rv:127.0) Gecko/20100101 Firefox/127.0"
104.167.25.38 - - [29/Jan/2026:11:58:35 -0500] "POST /xmlrpc.php HTTP/1.1" 403 278 "-" "Mozilla/5.0 (Macintosh; Intel Mac OS X 13_5) AppleWebKit/605.1.15 (KHTML, like Gecko) Version/17.5 Safari/605.1.15"
104.207.60.118 - - [29/Jan/2026:11:58:36 -0500] "GET /wp-login.php?wp_lang=en_US HTTP/1.1" 200 2377 "-" "Mozilla/5.0 (Windows NT 10.0; Win64; x64) AppleWebKit/537.36 (KHTML, like Gecko) Chrome/124.0.6367.207 Safari/537.36"
104.207.60.118 - - [29/Jan/2026:11:58:37 -0500] "POST /wp-login.php?wp_lang=en_US HTTP/1.1" 302 - "http://www.tacotube.com/wp-login.php?wp_lang=en_US" "Mozilla/5.0 (Windows NT 10.0; Win64; x64) AppleWebKit/537.36 (KHTML, like Gecko) Chrome/124.0.6367.207 Safari/537.36"
104.207.60.118 - - [29/Jan/2026:11:58:37 -0500] "GET /wp-admin/ HTTP/1.1" 200 70115 "http://www.tacotube.com/wp-login.php?wp_lang=en_US" "Mozilla/5.0 (Windows NT 10.0; Win64; x64) AppleWebKit/537.36 (KHTML, like Gecko) Chrome/124.0.6367.207 Safari/537.36"
104.207.60.118 - - [29/Jan/2026:11:58:38 -0500] "GET /wp-admin/admin-ajax.php?action=rest-nonce HTTP/1.1" 400 1 "-" "Mozilla/5.0 (Windows NT 10.0; Win64; x64) AppleWebKit/537.36 (KHTML, like Gecko) Chrome/124.0.6367.207 Safari/537.36"
104.207.60.118 - - [29/Jan/2026:11:58:39 -0500] "GET /wp-admin/admin-ajax.php?action=rest-nonce HTTP/1.1" 400 1 "-" "Mozilla/5.0 (Windows NT 10.0; Win64; x64) AppleWebKit/537.36 (KHTML, like Gecko) Chrome/124.0.6367.207 Safari/537.36"
104.207.60.118 - - [29/Jan/2026:11:58:39 -0500] "GET /wp-admin/admin-ajax.php?action=rest-nonce HTTP/1.1" 400 1 "-" "Mozilla/5.0 (Windows NT 10.0; Win64; x64) AppleWebKit/537.36 (KHTML, like Gecko) Chrome/124.0.6367.207 Safari/537.36"
74.206.190.89 - - [29/Jan/2026:12:00:57 -0500] "POST /wp-cron.php?doing_wp_cron=1769706057.7842140197753906250000 HTTP/1.1" 200 - "http://www.tacotube.com/wp-cron.php?doing_wp_cron=1769706057.7842140197753906250000" "WordPress/4.9.16; http://www.tacotube.com"
74.206.190.89 - - [29/Jan/2026:12:00:57 -0500] "GET / HTTP/1.1" 200 38686 "-" "curl/7.29.0"
74.206.190.89 - - [29/Jan/2026:12:05:45 -0500] "GET / HTTP/1.1" 200 38686 "-" "curl/7.29.0"
74.206.190.89 - - [29/Jan/2026:12:10:38 -0500] "POST /wp-cron.php?doing_wp_cron=1769706638.4455330371856689453125 HTTP/1.1" 200 - "http://www.tacotube.com/wp-cron.php?doing_wp_cron=1769706638.4455330371856689453125" "WordPress/4.9.16; http://www.tacotube.com"
74.206.190.89 - - [29/Jan/2026:12:10:38 -0500] "GET / HTTP/1.1" 200 38686 "-" "curl/7.29.0"
95.85.238.23 - - [29/Jan/2026:12:15:25 -0500] "GET /wp-login.php HTTP/1.1" 200 2377 "-" "Mozilla/5.0 (Windows NT 6.2; WOW64; rv:30.0) Gecko/20100101 Firefox/30.0"
74.206.190.89 - - [29/Jan/2026:12:15:38 -0500] "GET / HTTP/1.1" 200 38686 "-" "curl/7.29.0"
95.85.238.23 - - [29/Jan/2026:12:16:14 -0500] "POST /wp-login.php HTTP/1.1" 200 3382 "-" "Mozilla/5.0 (Windows NT 6.2; WOW64; rv:30.0) Gecko/20100101 Firefox/30.0"
45.61.188.5 - - [29/Jan/2026:12:19:26 -0500] "GET /wp-login.php HTTP/1.1" 200 2377 "-" "Mozilla/5.0 (X11; Linux x86_64) AppleWebKit/537.36 (KHTML, like Gecko) Chrome/35.0.1916.153 Safari/537.36"
45.61.188.5 - - [29/Jan/2026:12:19:27 -0500] "POST /wp-login.php HTTP/1.1" 200 3362 "-" "Mozilla/5.0 (X11; Linux x86_64) AppleWebKit/537.36 (KHTML, like Gecko) Chrome/35.0.1916.153 Safari/537.36"
74.206.190.89 - - [29/Jan/2026:12:20:43 -0500] "GET / HTTP/1.1" 200 38686 "-" "curl/7.29.0"
74.206.190.89 - - [29/Jan/2026:12:25:49 -0500] "GET / HTTP/1.1" 200 38686 "-" "curl/7.29.0"
74.206.190.89 - - [29/Jan/2026:12:30:36 -0500] "GET / HTTP/1.1" 200 38686 "-" "curl/7.29.0"
37.77.150.124 - - [29/Jan/2026:12:34:38 -0500] "GET /wp-login.php?wp_lang=en_US HTTP/1.1" 200 2377 "http://www.tacotube.com/wp-login.php" "Mozilla/5.0 (Windows NT 10.0; Win64; x64; rv:141.0) Gecko/20100101 Firefox/141.0"
37.77.150.124 - - [29/Jan/2026:12:34:43 -0500] "POST /wp-login.php?wp_lang=en_US HTTP/1.1" 200 3323 "http://www.tacotube.com/wp-login.php" "Mozilla/5.0 (Windows NT 10.0; Win64; x64; rv:141.0) Gecko/20100101 Firefox/141.0"
65.111.13.219 - - [29/Jan/2026:12:35:16 -0500] "GET /wp-login.php HTTP/1.1" 200 2377 "-" "Mozilla/5.0 (Macintosh; Intel Mac OS X 13_5) AppleWebKit/605.1.15 (KHTML, like Gecko) Version/17.5 Safari/605.1.15"
65.111.13.219 - - [29/Jan/2026:12:35:17 -0500] "POST /xmlrpc.php HTTP/1.1" 403 278 "-" "Mozilla/5.0 (Macintosh; Intel Mac OS X 13_5) AppleWebKit/605.1.15 (KHTML, like Gecko) Version/17.5 Safari/605.1.15"
104.207.49.171 - - [29/Jan/2026:12:35:18 -0500] "POST /xmlrpc.php HTTP/1.1" 403 278 "-" "Mozilla/5.0 (Macintosh; Intel Mac OS X 13_5) AppleWebKit/605.1.15 (KHTML, like Gecko) Version/17.5 Safari/605.1.15"
45.3.48.174 - - [29/Jan/2026:12:35:18 -0500] "POST /xmlrpc.php HTTP/1.1" 403 278 "-" "Mozilla/5.0 (Macintosh; Intel Mac OS X 13_5) AppleWebKit/605.1.15 (KHTML, like Gecko) Version/17.5 Safari/605.1.15"
45.3.42.143 - - [29/Jan/2026:12:35:19 -0500] "POST /xmlrpc.php HTTP/1.1" 403 278 "-" "Mozilla/5.0 (Windows NT 10.0; Win64; x64) AppleWebKit/537.36 (KHTML, like Gecko) Chrome/124.0.6367.207 Safari/537.36"
65.111.0.113 - - [29/Jan/2026:12:35:20 -0500] "POST /xmlrpc.php HTTP/1.1" 403 278 "-" "Mozilla/5.0 (Windows NT 10.0; Win64; x64) AppleWebKit/537.36 (KHTML, like Gecko) Chrome/124.0.6367.207 Safari/537.36"
45.3.39.93 - - [29/Jan/2026:12:35:20 -0500] "GET /wp-login.php HTTP/1.1" 200 2377 "-" "Mozilla/5.0 (Macintosh; Intel Mac OS X 13_5) AppleWebKit/605.1.15 (KHTML, like Gecko) Version/17.5 Safari/605.1.15"
104.207.53.178 - - [29/Jan/2026:12:35:21 -0500] "POST /xmlrpc.php HTTP/1.1" 403 278 "-" "Mozilla/5.0 (Windows NT 10.0; Win64; x64) AppleWebKit/537.36 (KHTML, like Gecko) Chrome/124.0.6367.207 Safari/537.36"
45.3.39.93 - - [29/Jan/2026:12:35:21 -0500] "POST /xmlrpc.php HTTP/1.1" 403 278 "-" "Mozilla/5.0 (Windows NT 10.0; Win64; x64; rv:127.0) Gecko/20100101 Firefox/127.0"
154.213.163.251 - - [29/Jan/2026:12:35:22 -0500] "POST /xmlrpc.php HTTP/1.1" 403 278 "-" "Mozilla/5.0 (Windows NT 10.0; Win64; x64; rv:127.0) Gecko/20100101 Firefox/127.0"
45.3.35.180 - - [29/Jan/2026:12:35:22 -0500] "GET /wp-login.php HTTP/1.1" 200 2377 "-" "Mozilla/5.0 (Windows NT 10.0; Win64; x64) AppleWebKit/537.36 (KHTML, like Gecko) Chrome/124.0.6367.207 Safari/537.36"
45.3.46.181 - - [29/Jan/2026:12:35:22 -0500] "POST /xmlrpc.php HTTP/1.1" 403 278 "-" "Mozilla/5.0 (Macintosh; Intel Mac OS X 13_5) AppleWebKit/605.1.15 (KHTML, like Gecko) Version/17.5 Safari/605.1.15"
45.3.55.225 - - [29/Jan/2026:12:35:22 -0500] "POST /xmlrpc.php HTTP/1.1" 403 278 "-" "Mozilla/5.0 (Windows NT 10.0; Win64; x64) AppleWebKit/537.36 (KHTML, like Gecko) Chrome/124.0.6367.207 Safari/537.36"
