HEX
Server: Apache
System: Linux msm5694.mjhst.com 3.10.0-1160.119.1.el7.x86_64 #1 SMP Tue Jun 4 14:43:51 UTC 2024 x86_64
User: camjab_ssh (1000)
PHP: 5.3.29
Disabled: NONE
Upload Files
File: //home/httpd/logs/tacotube.com_access_log
74.206.190.89 - - [31/Jan/2026:04:02:25 -0500] "GET / HTTP/1.1" 200 38686 "-" "curl/7.29.0"
141.94.194.132 - - [31/Jan/2026:04:05:03 -0500] "GET /index.php/tag/megan-martinez/feed HTTP/1.1" 200 2719 "-" "Mozilla/5.0 (X11; Linux i686) AppleWebKit/537.36 (KHTML, like Gecko) Chrome/30.0.1599.66 Safari/537.36"
74.206.190.89 - - [31/Jan/2026:04:05:51 -0500] "GET / HTTP/1.1" 200 38686 "-" "curl/7.29.0"
74.206.190.89 - - [31/Jan/2026:04:10:54 -0500] "POST /wp-cron.php?doing_wp_cron=1769850654.0086429119110107421875 HTTP/1.1" 200 - "http://www.tacotube.com/wp-cron.php?doing_wp_cron=1769850654.0086429119110107421875" "WordPress/4.9.16; http://www.tacotube.com"
74.206.190.89 - - [31/Jan/2026:04:10:53 -0500] "GET / HTTP/1.1" 200 38686 "-" "curl/7.29.0"
74.206.190.89 - - [31/Jan/2026:04:15:50 -0500] "GET / HTTP/1.1" 200 38686 "-" "curl/7.29.0"
141.94.194.132 - - [31/Jan/2026:04:16:48 -0500] "GET /index.php/category/latina-milf/feed HTTP/1.1" 200 6570 "-" "Mozilla/5.0 (X11; Linux i686) AppleWebKit/537.36 (KHTML, like Gecko) Chrome/30.0.1599.66 Safari/537.36"
74.206.190.89 - - [31/Jan/2026:04:20:55 -0500] "GET / HTTP/1.1" 200 38686 "-" "curl/7.29.0"
74.206.190.89 - - [31/Jan/2026:04:25:57 -0500] "GET / HTTP/1.1" 200 38686 "-" "curl/7.29.0"
74.206.190.89 - - [31/Jan/2026:04:30:50 -0500] "GET / HTTP/1.1" 200 38686 "-" "curl/7.29.0"
74.206.190.89 - - [31/Jan/2026:04:35:42 -0500] "GET / HTTP/1.1" 200 38686 "-" "curl/7.29.0"
107.173.171.201 - - [31/Jan/2026:04:36:36 -0500] "GET / HTTP/1.1" 301 - "-" "Mozilla/5.0 (Macintosh; Intel Mac OS X 15_7_3) AppleWebKit/605.1.15 (KHTML, like Gecko) Version/26.0 Safari/605.1.15"
107.173.171.201 - - [31/Jan/2026:04:36:36 -0500] "GET / HTTP/1.1" 200 38686 "http://tacotube.com/" "Mozilla/5.0 (Macintosh; Intel Mac OS X 15_7_3) AppleWebKit/605.1.15 (KHTML, like Gecko) Version/26.0 Safari/605.1.15"
74.206.190.89 - - [31/Jan/2026:04:41:11 -0500] "POST /wp-cron.php?doing_wp_cron=1769852471.4129779338836669921875 HTTP/1.1" 200 - "http://www.tacotube.com/wp-cron.php?doing_wp_cron=1769852471.4129779338836669921875" "WordPress/4.9.16; http://www.tacotube.com"
74.206.190.89 - - [31/Jan/2026:04:41:10 -0500] "GET / HTTP/1.1" 200 38686 "-" "curl/7.29.0"
74.206.190.89 - - [31/Jan/2026:04:46:07 -0500] "GET / HTTP/1.1" 200 38686 "-" "curl/7.29.0"
74.206.190.89 - - [31/Jan/2026:04:50:52 -0500] "GET / HTTP/1.1" 200 38686 "-" "curl/7.29.0"
198.98.60.91 - - [31/Jan/2026:04:54:36 -0500] "GET /wp-login.php HTTP/1.1" 200 2377 "-" "Mozilla/5.0 (X11; Linux x86_64) AppleWebKit/537.36 (KHTML, like Gecko) Ubuntu Chromium/34.0.1847.116 Chrome/34.0.1847.116 Safari/537.36"
198.98.60.91 - - [31/Jan/2026:04:54:37 -0500] "POST /wp-login.php HTTP/1.1" 200 3364 "-" "Mozilla/5.0 (X11; Linux x86_64) AppleWebKit/537.36 (KHTML, like Gecko) Ubuntu Chromium/34.0.1847.116 Chrome/34.0.1847.116 Safari/537.36"
114.119.131.182 - - [31/Jan/2026:04:54:41 -0500] "GET /index.php/latinawebcam/luxuryrest-agency-dubai-launches-new-chapter-in-elite-escort-services.html HTTP/1.1" 200 40609 "http://www.tacotube.com/index.php/category/latinawebcam" "Mozilla/5.0 (Linux; Android 7.0;) AppleWebKit/537.36 (KHTML, like Gecko) Mobile Safari/537.36 (compatible; PetalBot;+https://webmaster.petalsearch.com/site/petalbot)"
74.206.190.89 - - [31/Jan/2026:04:55:51 -0500] "GET / HTTP/1.1" 200 38686 "-" "curl/7.29.0"
74.206.190.89 - - [31/Jan/2026:05:01:00 -0500] "POST /wp-cron.php?doing_wp_cron=1769853660.7721850872039794921875 HTTP/1.1" 200 - "http://www.tacotube.com/wp-cron.php?doing_wp_cron=1769853660.7721850872039794921875" "WordPress/4.9.16; http://www.tacotube.com"
74.206.190.89 - - [31/Jan/2026:05:01:00 -0500] "GET / HTTP/1.1" 200 38686 "-" "curl/7.29.0"
91.241.217.58 - - [31/Jan/2026:05:02:16 -0500] "GET //wp-json/wp/v2/posts HTTP/1.1" 404 279 "-" "Mozilla/5.0 (Windows NT 10.0; Win64; x64) AppleWebKit/537.36 (KHTML, like Gecko) Chrome/120.0.0.0 Safari/537.36"
141.94.194.132 - - [31/Jan/2026:05:05:40 -0500] "GET /index.php/category/teen-latinas/feed HTTP/1.1" 200 12649 "-" "Mozilla/5.0 (X11; Linux i686) AppleWebKit/537.36 (KHTML, like Gecko) Chrome/30.0.1599.66 Safari/537.36"
74.206.190.89 - - [31/Jan/2026:05:06:07 -0500] "GET / HTTP/1.1" 200 38686 "-" "curl/7.29.0"
74.206.190.89 - - [31/Jan/2026:05:09:54 -0500] "POST /wp-cron.php?doing_wp_cron=1769854194.3283150196075439453125 HTTP/1.1" 200 - "http://www.tacotube.com/wp-cron.php?doing_wp_cron=1769854194.3283150196075439453125" "WordPress/4.9.16; http://www.tacotube.com"
43.133.187.11 - - [31/Jan/2026:05:09:54 -0500] "GET / HTTP/1.1" 301 - "-" "Mozilla/5.0 (iPhone; CPU iPhone OS 13_2_3 like Mac OS X) AppleWebKit/605.1.15 (KHTML, like Gecko) Version/13.0.3 Mobile/15E148 Safari/604.1"
43.133.187.11 - - [31/Jan/2026:05:09:55 -0500] "GET / HTTP/1.1" 200 38686 "http://tacotube.com" "Mozilla/5.0 (iPhone; CPU iPhone OS 13_2_3 like Mac OS X) AppleWebKit/605.1.15 (KHTML, like Gecko) Version/13.0.3 Mobile/15E148 Safari/604.1"
209.141.47.166 - - [31/Jan/2026:05:10:39 -0500] "GET /wp-login.php HTTP/1.1" 200 2377 "-" "Mozilla/5.0 (Windows NT 6.1; WOW64) AppleWebKit/537.36 (KHTML, like Gecko) Chrome/35.0.1916.114 Safari/537.36"
209.141.47.166 - - [31/Jan/2026:05:10:40 -0500] "POST /wp-login.php HTTP/1.1" 200 3362 "-" "Mozilla/5.0 (Windows NT 6.1; WOW64) AppleWebKit/537.36 (KHTML, like Gecko) Chrome/35.0.1916.114 Safari/537.36"
74.206.190.89 - - [31/Jan/2026:05:10:50 -0500] "GET / HTTP/1.1" 200 38686 "-" "curl/7.29.0"
74.206.190.89 - - [31/Jan/2026:05:15:50 -0500] "GET / HTTP/1.1" 200 38686 "-" "curl/7.29.0"
74.206.190.89 - - [31/Jan/2026:05:20:53 -0500] "GET / HTTP/1.1" 200 38686 "-" "curl/7.29.0"
74.206.190.89 - - [31/Jan/2026:05:25:54 -0500] "GET / HTTP/1.1" 200 38686 "-" "curl/7.29.0"
74.206.190.89 - - [31/Jan/2026:05:30:52 -0500] "GET / HTTP/1.1" 200 38686 "-" "curl/7.29.0"
34.196.114.170 - - [31/Jan/2026:05:32:43 -0500] "GET /robots.txt HTTP/1.1" 200 29 "-" "Mozilla/5.0 AppleWebKit/537.36 (KHTML, like Gecko; compatible; Amazonbot/0.1; +https://developer.amazon.com/support/amazonbot) Chrome/119.0.6045.214 Safari/537.36"
107.23.62.75 - - [31/Jan/2026:05:32:53 -0500] "GET /index.php/blonde-latina/thick-ass-tube.html HTTP/1.1" 200 27150 "-" "Mozilla/5.0 AppleWebKit/537.36 (KHTML, like Gecko; compatible; Amazonbot/0.1; +https://developer.amazon.com/support/amazonbot) Chrome/119.0.6045.214 Safari/537.36"
141.94.194.132 - - [31/Jan/2026:05:33:23 -0500] "GET /index.php/feed HTTP/1.1" 200 80099 "-" "Mozilla/5.0 (X11; Linux i686) AppleWebKit/537.36 (KHTML, like Gecko) Chrome/30.0.1599.66 Safari/537.36"
74.206.190.89 - - [31/Jan/2026:05:35:50 -0500] "GET / HTTP/1.1" 200 38686 "-" "curl/7.29.0"
74.206.190.89 - - [31/Jan/2026:05:37:21 -0500] "POST /wp-cron.php?doing_wp_cron=1769855841.8192279338836669921875 HTTP/1.1" 200 - "http://www.tacotube.com/wp-cron.php?doing_wp_cron=1769855841.8192279338836669921875" "WordPress/4.9.16; http://www.tacotube.com"
219.90.170.177 - - [31/Jan/2026:05:37:21 -0500] "GET / HTTP/1.1" 301 - "-" "Mozilla/5.0 (Linux; Android 10; K) AppleWebKit/537.36 (KHTML, like Gecko) SamsungBrowser/29.0 Chrome/136.0.0.0 Mobile Safari/537.36"
219.90.170.177 - - [31/Jan/2026:05:37:23 -0500] "GET / HTTP/1.1" 200 38686 "-" "Mozilla/5.0 (Linux; Android 10; K) AppleWebKit/537.36 (KHTML, like Gecko) SamsungBrowser/29.0 Chrome/136.0.0.0 Mobile Safari/537.36"
219.90.170.177 - - [31/Jan/2026:05:37:24 -0500] "GET /video.mp4 HTTP/1.1" 404 273 "http://www.tacotube.com/" "Mozilla/5.0 (Linux; Android 10; K) AppleWebKit/537.36 (KHTML, like Gecko) SamsungBrowser/29.0 Chrome/136.0.0.0 Mobile Safari/537.36"
198.98.56.172 - - [31/Jan/2026:05:39:50 -0500] "GET /wp-login.php HTTP/1.1" 200 2377 "-" "Mozilla/5.0 (Macintosh; Intel Mac OS X 10_9_2) AppleWebKit/537.75.14 (KHTML, like Gecko) Version/7.0.3 Safari/537.75.14"
198.98.56.172 - - [31/Jan/2026:05:39:50 -0500] "POST /wp-login.php HTTP/1.1" 200 3362 "-" "Mozilla/5.0 (Macintosh; Intel Mac OS X 10_9_2) AppleWebKit/537.75.14 (KHTML, like Gecko) Version/7.0.3 Safari/537.75.14"
74.206.190.89 - - [31/Jan/2026:05:41:01 -0500] "GET / HTTP/1.1" 200 38686 "-" "curl/7.29.0"
219.90.170.177 - - [31/Jan/2026:05:41:25 -0500] "GET / HTTP/1.1" 301 - "-" "Mozilla/5.0 (Linux; Android 10; K) AppleWebKit/537.36 (KHTML, like Gecko) SamsungBrowser/29.0 Chrome/136.0.0.0 Mobile Safari/537.36"
219.90.170.177 - - [31/Jan/2026:05:41:26 -0500] "GET / HTTP/1.1" 200 38686 "-" "Mozilla/5.0 (Linux; Android 10; K) AppleWebKit/537.36 (KHTML, like Gecko) SamsungBrowser/29.0 Chrome/136.0.0.0 Mobile Safari/537.36"
74.206.190.89 - - [31/Jan/2026:05:45:54 -0500] "GET / HTTP/1.1" 200 38686 "-" "curl/7.29.0"
107.189.14.25 - - [31/Jan/2026:05:48:26 -0500] "GET /wp-login.php HTTP/1.1" 200 2377 "-" "Mozilla/5.0 (Windows NT 5.1; rv:30.0) Gecko/20100101 Firefox/30.0"
107.189.14.25 - - [31/Jan/2026:05:48:26 -0500] "POST /wp-login.php HTTP/1.1" 200 3364 "-" "Mozilla/5.0 (Windows NT 5.1; rv:30.0) Gecko/20100101 Firefox/30.0"
74.206.190.89 - - [31/Jan/2026:05:50:57 -0500] "GET / HTTP/1.1" 200 38686 "-" "curl/7.29.0"
74.206.190.89 - - [31/Jan/2026:05:55:50 -0500] "POST /wp-cron.php?doing_wp_cron=1769856950.0514481067657470703125 HTTP/1.1" 200 - "http://www.tacotube.com/wp-cron.php?doing_wp_cron=1769856950.0514481067657470703125" "WordPress/4.9.16; http://www.tacotube.com"
74.206.190.89 - - [31/Jan/2026:05:55:49 -0500] "GET / HTTP/1.1" 200 38686 "-" "curl/7.29.0"
74.206.190.89 - - [31/Jan/2026:06:01:00 -0500] "POST /wp-cron.php?doing_wp_cron=1769857260.1868829727172851562500 HTTP/1.1" 200 - "http://www.tacotube.com/wp-cron.php?doing_wp_cron=1769857260.1868829727172851562500" "WordPress/4.9.16; http://www.tacotube.com"
74.206.190.89 - - [31/Jan/2026:06:01:00 -0500] "GET / HTTP/1.1" 200 38686 "-" "curl/7.29.0"
74.206.190.89 - - [31/Jan/2026:06:05:46 -0500] "GET / HTTP/1.1" 200 38686 "-" "curl/7.29.0"
74.206.190.89 - - [31/Jan/2026:06:10:46 -0500] "POST /wp-cron.php?doing_wp_cron=1769857846.8561599254608154296875 HTTP/1.1" 200 - "http://www.tacotube.com/wp-cron.php?doing_wp_cron=1769857846.8561599254608154296875" "WordPress/4.9.16; http://www.tacotube.com"
74.206.190.89 - - [31/Jan/2026:06:10:46 -0500] "GET / HTTP/1.1" 200 38686 "-" "curl/7.29.0"
74.206.190.89 - - [31/Jan/2026:06:15:53 -0500] "GET / HTTP/1.1" 200 38686 "-" "curl/7.29.0"
74.206.190.89 - - [31/Jan/2026:06:21:02 -0500] "GET / HTTP/1.1" 200 38686 "-" "curl/7.29.0"
74.206.190.89 - - [31/Jan/2026:06:25:53 -0500] "GET / HTTP/1.1" 200 38686 "-" "curl/7.29.0"
141.94.194.132 - - [31/Jan/2026:06:30:47 -0500] "GET /index.php/category/latina-anal/feed HTTP/1.1" 200 6206 "-" "Mozilla/5.0 (X11; Linux i686) AppleWebKit/537.36 (KHTML, like Gecko) Chrome/30.0.1599.66 Safari/537.36"
74.206.190.89 - - [31/Jan/2026:06:30:52 -0500] "GET / HTTP/1.1" 200 38686 "-" "curl/7.29.0"
74.206.190.89 - - [31/Jan/2026:06:35:48 -0500] "GET / HTTP/1.1" 200 38686 "-" "curl/7.29.0"
74.206.190.89 - - [31/Jan/2026:06:41:06 -0500] "GET / HTTP/1.1" 200 38686 "-" "curl/7.29.0"
207.46.13.230 - - [31/Jan/2026:06:45:31 -0500] "GET /robots.txt HTTP/1.1" 200 29 "-" "Mozilla/5.0 AppleWebKit/537.36 (KHTML, like Gecko; compatible; bingbot/2.0; +http://www.bing.com/bingbot.htm) Chrome/116.0.1938.76 Safari/537.36"
40.77.167.5 - - [31/Jan/2026:06:45:35 -0500] "GET /index.php/latinawebcam/rising-trends-dubai-call-girls-vip-escorts-dubai-set-new-standards-in-luxury-entertainment.html HTTP/1.1" 200 39730 "-" "Mozilla/5.0 AppleWebKit/537.36 (KHTML, like Gecko; compatible; bingbot/2.0; +http://www.bing.com/bingbot.htm) Chrome/116.0.1938.76 Safari/537.36"
74.206.190.89 - - [31/Jan/2026:06:45:54 -0500] "GET / HTTP/1.1" 200 38686 "-" "curl/7.29.0"
74.206.190.89 - - [31/Jan/2026:06:50:43 -0500] "POST /wp-cron.php?doing_wp_cron=1769860243.2997219562530517578125 HTTP/1.1" 200 - "http://www.tacotube.com/wp-cron.php?doing_wp_cron=1769860243.2997219562530517578125" "WordPress/4.9.16; http://www.tacotube.com"
74.206.190.89 - - [31/Jan/2026:06:50:43 -0500] "GET / HTTP/1.1" 200 38686 "-" "curl/7.29.0"
74.206.190.89 - - [31/Jan/2026:06:55:55 -0500] "GET / HTTP/1.1" 200 38686 "-" "curl/7.29.0"
74.206.190.89 - - [31/Jan/2026:07:00:57 -0500] "POST /wp-cron.php?doing_wp_cron=1769860857.9481968879699707031250 HTTP/1.1" 200 - "http://www.tacotube.com/wp-cron.php?doing_wp_cron=1769860857.9481968879699707031250" "WordPress/4.9.16; http://www.tacotube.com"
74.206.190.89 - - [31/Jan/2026:07:00:57 -0500] "GET / HTTP/1.1" 200 38686 "-" "curl/7.29.0"
74.206.190.89 - - [31/Jan/2026:07:05:57 -0500] "GET / HTTP/1.1" 200 38686 "-" "curl/7.29.0"
114.119.131.182 - - [31/Jan/2026:07:07:08 -0500] "GET /index.php/teen-latinas/busty-latina-tube.html HTTP/1.1" 200 31052 "http://www.tacotube.com/index.php/teen-latinas/latina-tube-2.html" "Mozilla/5.0 (Linux; Android 7.0;) AppleWebKit/537.36 (KHTML, like Gecko) Mobile Safari/537.36 (compatible; PetalBot;+https://webmaster.petalsearch.com/site/petalbot)"
74.206.190.89 - - [31/Jan/2026:07:07:49 -0500] "POST /wp-cron.php?doing_wp_cron=1769861269.5527648925781250000000 HTTP/1.1" 200 - "http://www.tacotube.com/wp-cron.php?doing_wp_cron=1769861269.5527648925781250000000" "WordPress/4.9.16; http://www.tacotube.com"
141.94.194.132 - - [31/Jan/2026:07:07:49 -0500] "GET /index.php/category/latina-milf/feed HTTP/1.1" 200 6570 "-" "Mozilla/5.0 (X11; Linux i686) AppleWebKit/537.36 (KHTML, like Gecko) Chrome/30.0.1599.66 Safari/537.36"
54.235.172.108 - - [31/Jan/2026:07:10:44 -0500] "GET /index.php/category/big-ass/feed HTTP/1.1" 200 10946 "-" "Mozilla/5.0 AppleWebKit/537.36 (KHTML, like Gecko; compatible; Amazonbot/0.1; +https://developer.amazon.com/support/amazonbot) Chrome/119.0.6045.214 Safari/537.36"
34.234.206.30 - - [31/Jan/2026:07:10:45 -0500] "GET /index.php/tag/teen/feed HTTP/1.1" 200 4721 "-" "Mozilla/5.0 AppleWebKit/537.36 (KHTML, like Gecko; compatible; Amazonbot/0.1; +https://developer.amazon.com/support/amazonbot) Chrome/119.0.6045.214 Safari/537.36"
74.206.190.89 - - [31/Jan/2026:07:10:56 -0500] "GET / HTTP/1.1" 200 38686 "-" "curl/7.29.0"
74.206.190.89 - - [31/Jan/2026:07:15:49 -0500] "GET / HTTP/1.1" 200 38686 "-" "curl/7.29.0"
74.206.190.89 - - [31/Jan/2026:07:21:04 -0500] "GET / HTTP/1.1" 200 38686 "-" "curl/7.29.0"
114.119.158.112 - - [31/Jan/2026:07:24:09 -0500] "GET /index.php/category/latina-milf HTTP/1.1" 200 24262 "http://www.tacotube.com/index.php/category/latinawebcam/page/2" "Mozilla/5.0 (Linux; Android 7.0;) AppleWebKit/537.36 (KHTML, like Gecko) Mobile Safari/537.36 (compatible; PetalBot;+https://webmaster.petalsearch.com/site/petalbot)"
74.206.190.89 - - [31/Jan/2026:07:25:46 -0500] "GET / HTTP/1.1" 200 38686 "-" "curl/7.29.0"
40.77.167.15 - - [31/Jan/2026:07:28:24 -0500] "GET / HTTP/1.1" 200 38686 "-" "Mozilla/5.0 AppleWebKit/537.36 (KHTML, like Gecko; compatible; bingbot/2.0; +http://www.bing.com/bingbot.htm) Chrome/116.0.1938.76 Safari/537.36"
198.98.57.217 - - [31/Jan/2026:07:29:12 -0500] "GET /wp-login.php HTTP/1.1" 200 2377 "-" "Mozilla/5.0 (Macintosh; Intel Mac OS X 10_9_3) AppleWebKit/537.36 (KHTML, like Gecko) Chrome/36.0.1985.125 Safari/537.36"
198.98.57.217 - - [31/Jan/2026:07:29:12 -0500] "POST /wp-login.php HTTP/1.1" 200 3380 "-" "Mozilla/5.0 (Macintosh; Intel Mac OS X 10_9_3) AppleWebKit/537.36 (KHTML, like Gecko) Chrome/36.0.1985.125 Safari/537.36"
74.206.190.89 - - [31/Jan/2026:07:30:47 -0500] "GET / HTTP/1.1" 200 38686 "-" "curl/7.29.0"
74.206.190.89 - - [31/Jan/2026:07:35:57 -0500] "GET / HTTP/1.1" 200 38686 "-" "curl/7.29.0"
74.206.190.89 - - [31/Jan/2026:07:42:00 -0500] "GET / HTTP/1.1" 200 38686 "-" "curl/7.29.0"
74.206.190.89 - - [31/Jan/2026:07:46:04 -0500] "GET / HTTP/1.1" 200 38686 "-" "curl/7.29.0"
52.167.144.156 - - [31/Jan/2026:07:48:10 -0500] "GET /?Submit=Search&s= HTTP/1.1" 200 38386 "-" "Mozilla/5.0 AppleWebKit/537.36 (KHTML, like Gecko; compatible; bingbot/2.0; +http://www.bing.com/bingbot.htm) Chrome/116.0.1938.76 Safari/537.36"
74.206.190.89 - - [31/Jan/2026:07:50:52 -0500] "GET / HTTP/1.1" 200 38686 "-" "curl/7.29.0"
74.206.190.89 - - [31/Jan/2026:07:55:47 -0500] "GET / HTTP/1.1" 200 38686 "-" "curl/7.29.0"
74.206.190.89 - - [31/Jan/2026:08:00:57 -0500] "POST /wp-cron.php?doing_wp_cron=1769864457.7932059764862060546875 HTTP/1.1" 200 - "http://www.tacotube.com/wp-cron.php?doing_wp_cron=1769864457.7932059764862060546875" "WordPress/4.9.16; http://www.tacotube.com"
74.206.190.89 - - [31/Jan/2026:08:00:57 -0500] "GET / HTTP/1.1" 200 38686 "-" "curl/7.29.0"
62.60.130.210 - - [31/Jan/2026:08:04:31 -0500] "GET /wp-login.php HTTP/1.1" 200 2377 "-" "Mozilla/5.0 (Macintosh; Intel Mac OS X 10_15_7) AppleWebKit/537.36 (KHTML, like Gecko) Chrome/118.0.5993.88 Safari/537.36"
62.60.130.210 - - [31/Jan/2026:08:04:32 -0500] "POST /wp-login.php HTTP/1.1" 200 3320 "http://tacotube.com/wp-login.php" "Mozilla/5.0 (X11; Ubuntu; Linux x86_64) AppleWebKit/537.36 (KHTML, like Gecko) Chrome/122.0.6261.57 Safari/537.36"
62.60.130.210 - - [31/Jan/2026:08:04:45 -0500] "POST /wp-login.php HTTP/1.1" 200 3320 "http://tacotube.com/wp-login.php" "Mozilla/5.0 (Macintosh; Intel Mac OS X 13_6_2) AppleWebKit/537.36 (KHTML, like Gecko) Chrome/120.0.6099.130 Safari/537.36"
62.60.130.210 - - [31/Jan/2026:08:04:57 -0500] "POST /wp-login.php HTTP/1.1" 200 3320 "http://tacotube.com/wp-login.php" "Mozilla/5.0 (Windows NT 11.0; Win64; x64) AppleWebKit/537.36 (KHTML, like Gecko) Chrome/120.0.6099.130 Safari/537.36"
62.60.130.210 - - [31/Jan/2026:08:05:10 -0500] "POST /wp-login.php HTTP/1.1" 200 3320 "http://tacotube.com/wp-login.php" "Mozilla/5.0 (Windows NT 11.0; Win64; x64) AppleWebKit/537.36 (KHTML, like Gecko) Chrome/121.0.6167.85 Safari/537.36"
62.60.130.210 - - [31/Jan/2026:08:05:23 -0500] "POST /wp-login.php HTTP/1.1" 200 3320 "http://tacotube.com/wp-login.php" "Mozilla/5.0 (Macintosh; Intel Mac OS X 10.15) Gecko/20100101 Firefox/120.0.1"
62.60.130.210 - - [31/Jan/2026:08:05:39 -0500] "POST /wp-login.php HTTP/1.1" 200 3320 "http://tacotube.com/wp-login.php" "Mozilla/5.0 (Macintosh; Intel Mac OS X 13_6_2) AppleWebKit/537.36 (KHTML, like Gecko) Chrome/122.0.6261.57 Safari/537.36"
74.206.190.89 - - [31/Jan/2026:08:05:45 -0500] "GET / HTTP/1.1" 200 38686 "-" "curl/7.29.0"
62.60.130.210 - - [31/Jan/2026:08:05:53 -0500] "POST /wp-login.php HTTP/1.1" 200 3320 "http://tacotube.com/wp-login.php" "Mozilla/5.0 (Macintosh; Intel Mac OS X 13_6_2) AppleWebKit/537.36 (KHTML, like Gecko) Chrome/120.0.6099.130 Safari/537.36"
62.60.130.210 - - [31/Jan/2026:08:06:06 -0500] "POST /wp-login.php HTTP/1.1" 200 3320 "http://tacotube.com/wp-login.php" "Mozilla/5.0 (Windows NT 10.0; Win64; x64) AppleWebKit/537.36 (KHTML, like Gecko) Chrome/119.0.6045.159 Safari/537.36"
62.60.130.210 - - [31/Jan/2026:08:06:19 -0500] "POST /wp-login.php HTTP/1.1" 200 3320 "http://tacotube.com/wp-login.php" "Mozilla/5.0 (Macintosh; Intel Mac OS X 13_6_2) AppleWebKit/537.36 (KHTML, like Gecko) Chrome/118.0.5993.88 Safari/537.36"
62.60.130.210 - - [31/Jan/2026:08:06:32 -0500] "POST /wp-login.php HTTP/1.1" 200 3291 "http://tacotube.com/wp-login.php" "Mozilla/5.0 (Macintosh; Intel Mac OS X 13_6_1) AppleWebKit/605.1.15 (KHTML, like Gecko) Version/17.2.1 Safari/605.1.15"
62.60.130.210 - - [31/Jan/2026:08:06:45 -0500] "POST /wp-login.php HTTP/1.1" 200 3320 "http://tacotube.com/wp-login.php" "Mozilla/5.0 (Windows NT 10.0; Win64; x64) AppleWebKit/537.36 (KHTML, like Gecko) Chrome/121.0.0.0 Safari/537.36 Edg/121.0.2277.83"
62.60.130.210 - - [31/Jan/2026:08:06:57 -0500] "POST /wp-login.php HTTP/1.1" 200 3320 "http://tacotube.com/wp-login.php" "Mozilla/5.0 (Windows NT 10.0; Win64; x64) AppleWebKit/537.36 (KHTML, like Gecko) Chrome/121.0.0.0 Safari/537.36 Edg/121.0.2277.83"
62.60.130.210 - - [31/Jan/2026:08:07:10 -0500] "POST /wp-login.php HTTP/1.1" 200 3320 "http://tacotube.com/wp-login.php" "Mozilla/5.0 (Windows NT 10.0; Win64; x64) AppleWebKit/537.36 (KHTML, like Gecko) Chrome/120.0.6099.130 Safari/537.36"
74.206.190.89 - - [31/Jan/2026:08:07:22 -0500] "POST /wp-cron.php?doing_wp_cron=1769864842.5911200046539306640625 HTTP/1.1" 200 - "http://www.tacotube.com/wp-cron.php?doing_wp_cron=1769864842.5911200046539306640625" "WordPress/4.9.16; http://www.tacotube.com"
34.230.124.21 - - [31/Jan/2026:08:07:22 -0500] "GET /index.php/latinawebcam/%D0%B8%D0%BD%D1%82%D0%B8%D0%BC-%D1%83%D1%81%D0%BB%D1%83%D0%B3%D0%B8-%D0%BC%D0%BE%D1%81%D0%BA%D0%B2%D0%B0-%D0%BD%D0%BE%D0%B2%D1%8B%D0%B5-%D1%82%D0%B5%D0%BD%D0%B4%D0%B5%D0%BD%D1%86%D0%B8%D0%B8-%D1%80.html HTTP/1.1" 404 21611 "-" "Mozilla/5.0 AppleWebKit/537.36 (KHTML, like Gecko; compatible; Amazonbot/0.1; +https://developer.amazon.com/support/amazonbot) Chrome/119.0.6045.214 Safari/537.36"
62.60.130.210 - - [31/Jan/2026:08:07:23 -0500] "POST /wp-login.php HTTP/1.1" 200 3320 "http://tacotube.com/wp-login.php" "Mozilla/5.0 (Macintosh; Intel Mac OS X 10_15_7) AppleWebKit/537.36 (KHTML, like Gecko) Chrome/121.0.6167.85 Safari/537.36"
3.220.148.166 - - [31/Jan/2026:08:07:26 -0500] "GET /index.php/category/latinawebcam/feed HTTP/1.1" 200 80143 "-" "Mozilla/5.0 AppleWebKit/537.36 (KHTML, like Gecko; compatible; Amazonbot/0.1; +https://developer.amazon.com/support/amazonbot) Chrome/119.0.6045.214 Safari/537.36"
34.236.41.241 - - [31/Jan/2026:08:07:31 -0500] "GET /index.php/teen-latinas/free-latina-tube.html HTTP/1.1" 200 31351 "-" "Mozilla/5.0 AppleWebKit/537.36 (KHTML, like Gecko; compatible; Amazonbot/0.1; +https://developer.amazon.com/support/amazonbot) Chrome/119.0.6045.214 Safari/537.36"
62.60.130.210 - - [31/Jan/2026:08:07:36 -0500] "POST /wp-login.php HTTP/1.1" 200 3320 "http://tacotube.com/wp-login.php" "Mozilla/5.0 (Windows NT 10.0; Win64; x64) AppleWebKit/537.36 (KHTML, like Gecko) Chrome/120.0.0.0 Safari/537.36 Edg/120.0.2210.133"
62.60.130.210 - - [31/Jan/2026:08:07:49 -0500] "POST /wp-login.php HTTP/1.1" 200 3291 "http://tacotube.com/wp-login.php" "Mozilla/5.0 (X11; Ubuntu; Linux x86_64) AppleWebKit/537.36 (KHTML, like Gecko) Chrome/121.0.6167.85 Safari/537.36"
62.60.130.210 - - [31/Jan/2026:08:08:02 -0500] "POST /wp-login.php HTTP/1.1" 200 3320 "http://tacotube.com/wp-login.php" "Mozilla/5.0 (X11; Ubuntu; Linux x86_64) AppleWebKit/537.36 (KHTML, like Gecko) Chrome/121.0.6167.85 Safari/537.36"
62.60.130.210 - - [31/Jan/2026:08:08:14 -0500] "POST /wp-login.php HTTP/1.1" 200 3291 "http://tacotube.com/wp-login.php" "Mozilla/5.0 (Macintosh; Intel Mac OS X 10.15) Gecko/20100101 Firefox/118.0.2"
62.60.130.210 - - [31/Jan/2026:08:08:27 -0500] "POST /wp-login.php HTTP/1.1" 200 3320 "http://tacotube.com/wp-login.php" "Mozilla/5.0 (X11; Ubuntu; Linux x86_64; rv:122.0) Gecko/20100101 Firefox/122.0"
62.60.130.210 - - [31/Jan/2026:08:08:40 -0500] "POST /wp-login.php HTTP/1.1" 200 3320 "http://tacotube.com/wp-login.php" "Mozilla/5.0 (Windows NT 10.0; Win64; x64) Gecko/20100101 Firefox/119.0.1"
62.60.130.210 - - [31/Jan/2026:08:08:53 -0500] "POST /wp-login.php HTTP/1.1" 200 3320 "http://tacotube.com/wp-login.php" "Mozilla/5.0 (Windows NT 10.0; Win64; x64) Gecko/20100101 Firefox/118.0.2"
62.60.130.210 - - [31/Jan/2026:08:09:08 -0500] "POST /wp-login.php HTTP/1.1" 200 3320 "http://tacotube.com/wp-login.php" "Mozilla/5.0 (X11; Ubuntu; Linux x86_64) AppleWebKit/537.36 (KHTML, like Gecko) Chrome/122.0.6261.57 Safari/537.36"
62.60.130.210 - - [31/Jan/2026:08:09:21 -0500] "POST /wp-login.php HTTP/1.1" 200 3291 "http://tacotube.com/wp-login.php" "Mozilla/5.0 (Macintosh; Intel Mac OS X 10.15) Gecko/20100101 Firefox/121.0"
62.60.130.210 - - [31/Jan/2026:08:09:34 -0500] "POST /wp-login.php HTTP/1.1" 200 3320 "http://tacotube.com/wp-login.php" "Mozilla/5.0 (X11; Ubuntu; Linux x86_64) AppleWebKit/537.36 (KHTML, like Gecko) Chrome/119.0.6045.159 Safari/537.36"
62.60.130.210 - - [31/Jan/2026:08:09:46 -0500] "POST /wp-login.php HTTP/1.1" 200 3320 "http://tacotube.com/wp-login.php" "Mozilla/5.0 (X11; Ubuntu; Linux x86_64) AppleWebKit/537.36 (KHTML, like Gecko) Chrome/121.0.6167.85 Safari/537.36"
62.60.130.210 - - [31/Jan/2026:08:09:59 -0500] "POST /wp-login.php HTTP/1.1" 200 3320 "http://tacotube.com/wp-login.php" "Mozilla/5.0 (Macintosh; Intel Mac OS X 12_6_2) AppleWebKit/605.1.15 (KHTML, like Gecko) Version/17.2.1 Safari/605.1.15"
62.60.130.210 - - [31/Jan/2026:08:10:12 -0500] "POST /wp-login.php HTTP/1.1" 200 3291 "http://tacotube.com/wp-login.php" "Mozilla/5.0 (Windows NT 10.0; Win64; x64) AppleWebKit/537.36 (KHTML, like Gecko) Chrome/119.0.0.0 Safari/537.36 Edg/119.0.2151.97"
62.60.130.210 - - [31/Jan/2026:08:10:25 -0500] "POST /wp-login.php HTTP/1.1" 200 3320 "http://tacotube.com/wp-login.php" "Mozilla/5.0 (Macintosh; Intel Mac OS X 10.15) Gecko/20100101 Firefox/119.0.1"
62.60.130.210 - - [31/Jan/2026:08:10:38 -0500] "POST /wp-login.php HTTP/1.1" 200 3320 "http://tacotube.com/wp-login.php" "Mozilla/5.0 (X11; Linux x86_64) Gecko/20100101 Firefox/121.0"
141.94.194.132 - - [31/Jan/2026:08:10:41 -0500] "GET /index.php/category/teen-latinas/feed HTTP/1.1" 200 12649 "-" "Mozilla/5.0 (X11; Linux i686) AppleWebKit/537.36 (KHTML, like Gecko) Chrome/30.0.1599.66 Safari/537.36"
74.206.190.89 - - [31/Jan/2026:08:10:43 -0500] "GET / HTTP/1.1" 200 38686 "-" "curl/7.29.0"
62.60.130.210 - - [31/Jan/2026:08:10:51 -0500] "POST /wp-login.php HTTP/1.1" 200 3320 "http://tacotube.com/wp-login.php" "Mozilla/5.0 (X11; Ubuntu; Linux x86_64) AppleWebKit/537.36 (KHTML, like Gecko) Chrome/120.0.6099.130 Safari/537.36"
62.60.130.210 - - [31/Jan/2026:08:11:04 -0500] "POST /wp-login.php HTTP/1.1" 200 3320 "http://tacotube.com/wp-login.php" "Mozilla/5.0 (X11; Linux x86_64) Gecko/20100101 Firefox/118.0.2"
62.60.130.210 - - [31/Jan/2026:08:11:17 -0500] "POST /wp-login.php HTTP/1.1" 200 3365 "http://tacotube.com/wp-login.php" "Mozilla/5.0 (X11; Ubuntu; Linux x86_64) AppleWebKit/537.36 (KHTML, like Gecko) Chrome/121.0.6167.85 Safari/537.36"
62.60.130.210 - - [31/Jan/2026:08:11:29 -0500] "POST /wp-login.php HTTP/1.1" 200 3320 "http://tacotube.com/wp-login.php" "Mozilla/5.0 (X11; Ubuntu; Linux x86_64; rv:121.0) Gecko/20100101 Firefox/121.0"
62.60.130.210 - - [31/Jan/2026:08:11:42 -0500] "POST /wp-login.php HTTP/1.1" 200 3365 "http://tacotube.com/wp-login.php" "Mozilla/5.0 (X11; Ubuntu; Linux x86_64) AppleWebKit/537.36 (KHTML, like Gecko) Chrome/119.0.6045.159 Safari/537.36"
62.60.130.210 - - [31/Jan/2026:08:11:55 -0500] "POST /wp-login.php HTTP/1.1" 200 3320 "http://tacotube.com/wp-login.php" "Mozilla/5.0 (Windows NT 10.0; Win64; x64) AppleWebKit/537.36 (KHTML, like Gecko) Chrome/118.0.5993.88 Safari/537.36"
62.60.130.210 - - [31/Jan/2026:08:12:08 -0500] "POST /wp-login.php HTTP/1.1" 200 3320 "http://tacotube.com/wp-login.php" "Mozilla/5.0 (X11; Ubuntu; Linux x86_64) AppleWebKit/537.36 (KHTML, like Gecko) Chrome/121.0.6167.85 Safari/537.36"
62.60.130.210 - - [31/Jan/2026:08:12:21 -0500] "POST /wp-login.php HTTP/1.1" 200 3320 "http://tacotube.com/wp-login.php" "Mozilla/5.0 (X11; Ubuntu; Linux x86_64; rv:118.0.2) Gecko/20100101 Firefox/118.0.2"
62.60.130.210 - - [31/Jan/2026:08:12:34 -0500] "POST /wp-login.php HTTP/1.1" 200 3291 "http://tacotube.com/wp-login.php" "Mozilla/5.0 (Macintosh; Intel Mac OS X 13_6_2) AppleWebKit/537.36 (KHTML, like Gecko) Chrome/119.0.6045.159 Safari/537.36"
62.60.130.210 - - [31/Jan/2026:08:12:47 -0500] "POST /wp-login.php HTTP/1.1" 200 3365 "http://tacotube.com/wp-login.php" "Mozilla/5.0 (Macintosh; Intel Mac OS X 10.15) Gecko/20100101 Firefox/121.0"
62.60.130.210 - - [31/Jan/2026:08:13:00 -0500] "POST /wp-login.php HTTP/1.1" 200 3320 "http://tacotube.com/wp-login.php" "Mozilla/5.0 (Macintosh; Intel Mac OS X 13_6_1) AppleWebKit/605.1.15 (KHTML, like Gecko) Version/17.1 Safari/605.1.15"
62.60.130.210 - - [31/Jan/2026:08:13:13 -0500] "POST /wp-login.php HTTP/1.1" 200 3320 "http://tacotube.com/wp-login.php" "Mozilla/5.0 (Macintosh; Intel Mac OS X 13_6_2) AppleWebKit/537.36 (KHTML, like Gecko) Chrome/119.0.6045.159 Safari/537.36"
62.60.130.210 - - [31/Jan/2026:08:13:26 -0500] "POST /wp-login.php HTTP/1.1" 200 3365 "http://tacotube.com/wp-login.php" "Mozilla/5.0 (Windows NT 10.0; Win64; x64) AppleWebKit/537.36 (KHTML, like Gecko) Chrome/121.0.0.0 Safari/537.36 Edg/121.0.2277.83"
62.60.130.210 - - [31/Jan/2026:08:13:39 -0500] "POST /wp-login.php HTTP/1.1" 200 3320 "http://tacotube.com/wp-login.php" "Mozilla/5.0 (Windows NT 10.0; Win64; x64) AppleWebKit/537.36 (KHTML, like Gecko) Chrome/120.0.0.0 Safari/537.36 Edg/120.0.2210.133"
62.60.130.210 - - [31/Jan/2026:08:13:52 -0500] "POST /wp-login.php HTTP/1.1" 200 3320 "http://tacotube.com/wp-login.php" "Mozilla/5.0 (Macintosh; Intel Mac OS X 10.15) Gecko/20100101 Firefox/122.0"
62.60.130.210 - - [31/Jan/2026:08:14:04 -0500] "POST /wp-login.php HTTP/1.1" 200 3320 "http://tacotube.com/wp-login.php" "Mozilla/5.0 (Macintosh; Intel Mac OS X 10_15_7) AppleWebKit/537.36 (KHTML, like Gecko) Chrome/119.0.6045.159 Safari/537.36"
62.60.130.210 - - [31/Jan/2026:08:14:17 -0500] "POST /wp-login.php HTTP/1.1" 200 3320 "http://tacotube.com/wp-login.php" "Mozilla/5.0 (Windows NT 10.0; Win64; x64) AppleWebKit/537.36 (KHTML, like Gecko) Chrome/121.0.0.0 Safari/537.36 Edg/121.0.2277.83"
62.60.130.210 - - [31/Jan/2026:08:14:30 -0500] "POST /wp-login.php HTTP/1.1" 200 3291 "http://tacotube.com/wp-login.php" "Mozilla/5.0 (Windows NT 11.0; Win64; x64) AppleWebKit/537.36 (KHTML, like Gecko) Chrome/120.0.6099.130 Safari/537.36"
62.60.130.210 - - [31/Jan/2026:08:14:43 -0500] "POST /wp-login.php HTTP/1.1" 200 3320 "http://tacotube.com/wp-login.php" "Mozilla/5.0 (Macintosh; Intel Mac OS X 10.15) Gecko/20100101 Firefox/119.0.1"
62.60.130.210 - - [31/Jan/2026:08:14:56 -0500] "POST /wp-login.php HTTP/1.1" 200 3320 "http://tacotube.com/wp-login.php" "Mozilla/5.0 (Windows NT 11.0; Win64; x64) AppleWebKit/537.36 (KHTML, like Gecko) Chrome/120.0.6099.130 Safari/537.36"
62.60.130.210 - - [31/Jan/2026:08:15:10 -0500] "POST /wp-login.php HTTP/1.1" 200 3320 "http://tacotube.com/wp-login.php" "Mozilla/5.0 (Windows NT 10.0; Win64; x64) Gecko/20100101 Firefox/119.0.1"
62.60.130.210 - - [31/Jan/2026:08:15:23 -0500] "POST /wp-login.php HTTP/1.1" 200 3320 "http://tacotube.com/wp-login.php" "Mozilla/5.0 (Windows NT 10.0; Win64; x64) Gecko/20100101 Firefox/119.0.1"
62.60.130.210 - - [31/Jan/2026:08:15:35 -0500] "POST /wp-login.php HTTP/1.1" 200 3320 "http://tacotube.com/wp-login.php" "Mozilla/5.0 (Macintosh; Intel Mac OS X 13_6_2) AppleWebKit/537.36 (KHTML, like Gecko) Chrome/118.0.5993.88 Safari/537.36"
62.60.130.210 - - [31/Jan/2026:08:15:48 -0500] "POST /wp-login.php HTTP/1.1" 200 3291 "http://tacotube.com/wp-login.php" "Mozilla/5.0 (X11; Linux x86_64) Gecko/20100101 Firefox/120.0.1"
74.206.190.89 - - [31/Jan/2026:08:15:50 -0500] "GET / HTTP/1.1" 200 38686 "-" "curl/7.29.0"
114.119.148.1 - - [31/Jan/2026:08:15:55 -0500] "GET /index.php/big-ass/latina-ass-tube.html HTTP/1.1" 200 29281 "http://www.tacotube.com/index.php/latinawebcam/hot-latina-webcams.html" "Mozilla/5.0 (Linux; Android 7.0;) AppleWebKit/537.36 (KHTML, like Gecko) Mobile Safari/537.36 (compatible; PetalBot;+https://webmaster.petalsearch.com/site/petalbot)"
62.60.130.210 - - [31/Jan/2026:08:16:01 -0500] "POST /wp-login.php HTTP/1.1" 200 3320 "http://tacotube.com/wp-login.php" "Mozilla/5.0 (Windows NT 10.0; Win64; x64) AppleWebKit/537.36 (KHTML, like Gecko) Chrome/119.0.0.0 Safari/537.36 Edg/119.0.2151.97"
62.60.130.210 - - [31/Jan/2026:08:16:14 -0500] "POST /wp-login.php HTTP/1.1" 200 3320 "http://tacotube.com/wp-login.php" "Mozilla/5.0 (Macintosh; Intel Mac OS X 10.15) Gecko/20100101 Firefox/122.0"
62.60.130.210 - - [31/Jan/2026:08:16:26 -0500] "POST /wp-login.php HTTP/1.1" 200 3320 "http://tacotube.com/wp-login.php" "Mozilla/5.0 (Macintosh; Intel Mac OS X 10_15_7) AppleWebKit/537.36 (KHTML, like Gecko) Chrome/118.0.5993.88 Safari/537.36"
62.60.130.210 - - [31/Jan/2026:08:16:39 -0500] "POST /wp-login.php HTTP/1.1" 200 3365 "http://tacotube.com/wp-login.php" "Mozilla/5.0 (Windows NT 10.0; Win64; x64) AppleWebKit/537.36 (KHTML, like Gecko) Chrome/121.0.0.0 Safari/537.36 Edg/121.0.2277.83"
62.60.130.210 - - [31/Jan/2026:08:16:52 -0500] "POST /wp-login.php HTTP/1.1" 200 3320 "http://tacotube.com/wp-login.php" "Mozilla/5.0 (Macintosh; Intel Mac OS X 13_6_2) AppleWebKit/537.36 (KHTML, like Gecko) Chrome/119.0.6045.159 Safari/537.36"
62.60.130.210 - - [31/Jan/2026:08:17:05 -0500] "POST /wp-login.php HTTP/1.1" 200 3320 "http://tacotube.com/wp-login.php" "Mozilla/5.0 (X11; Linux x86_64) Gecko/20100101 Firefox/120.0.1"
62.60.130.210 - - [31/Jan/2026:08:17:18 -0500] "POST /wp-login.php HTTP/1.1" 200 3320 "http://tacotube.com/wp-login.php" "Mozilla/5.0 (X11; Ubuntu; Linux x86_64) AppleWebKit/537.36 (KHTML, like Gecko) Chrome/120.0.6099.130 Safari/537.36"
62.60.130.210 - - [31/Jan/2026:08:17:31 -0500] "POST /wp-login.php HTTP/1.1" 200 3320 "http://tacotube.com/wp-login.php" "Mozilla/5.0 (X11; Linux x86_64) AppleWebKit/537.36 (KHTML, like Gecko) Chrome/118.0.5993.88 Safari/537.36"
62.60.130.210 - - [31/Jan/2026:08:17:44 -0500] "POST /wp-login.php HTTP/1.1" 200 3320 "http://tacotube.com/wp-login.php" "Mozilla/5.0 (X11; Linux x86_64) Gecko/20100101 Firefox/122.0"
62.60.130.210 - - [31/Jan/2026:08:17:57 -0500] "POST /wp-login.php HTTP/1.1" 200 3291 "http://tacotube.com/wp-login.php" "Mozilla/5.0 (X11; Linux x86_64) AppleWebKit/537.36 (KHTML, like Gecko) Chrome/122.0.6261.57 Safari/537.36"
62.60.130.210 - - [31/Jan/2026:08:18:10 -0500] "POST /wp-login.php HTTP/1.1" 200 3320 "http://tacotube.com/wp-login.php" "Mozilla/5.0 (Windows NT 10.0; Win64; x64) AppleWebKit/537.36 (KHTML, like Gecko) Chrome/121.0.0.0 Safari/537.36 Edg/121.0.2277.83"
62.60.130.210 - - [31/Jan/2026:08:18:23 -0500] "POST /wp-login.php HTTP/1.1" 200 3320 "http://tacotube.com/wp-login.php" "Mozilla/5.0 (X11; Ubuntu; Linux x86_64; rv:118.0.2) Gecko/20100101 Firefox/118.0.2"
62.60.130.210 - - [31/Jan/2026:08:18:36 -0500] "POST /wp-login.php HTTP/1.1" 200 3320 "http://tacotube.com/wp-login.php" "Mozilla/5.0 (Macintosh; Intel Mac OS X 11_7_2) AppleWebKit/605.1.15 (KHTML, like Gecko) Version/17.0 Safari/605.1.15"
62.60.130.210 - - [31/Jan/2026:08:18:49 -0500] "POST /wp-login.php HTTP/1.1" 200 3320 "http://tacotube.com/wp-login.php" "Mozilla/5.0 (Windows NT 10.0; Win64; x64) AppleWebKit/537.36 (KHTML, like Gecko) Chrome/120.0.0.0 Safari/537.36 Edg/120.0.2210.133"
62.60.130.210 - - [31/Jan/2026:08:19:02 -0500] "POST /wp-login.php HTTP/1.1" 200 3320 "http://tacotube.com/wp-login.php" "Mozilla/5.0 (Windows NT 10.0; Win64; x64) AppleWebKit/537.36 (KHTML, like Gecko) Chrome/119.0.0.0 Safari/537.36 Edg/119.0.2151.97"
62.60.130.210 - - [31/Jan/2026:08:19:15 -0500] "POST /wp-login.php HTTP/1.1" 200 3320 "http://tacotube.com/wp-login.php" "Mozilla/5.0 (X11; Ubuntu; Linux x86_64) AppleWebKit/537.36 (KHTML, like Gecko) Chrome/120.0.6099.130 Safari/537.36"
62.60.130.210 - - [31/Jan/2026:08:19:28 -0500] "POST /wp-login.php HTTP/1.1" 200 3291 "http://tacotube.com/wp-login.php" "Mozilla/5.0 (X11; Linux x86_64) AppleWebKit/537.36 (KHTML, like Gecko) Chrome/122.0.6261.57 Safari/537.36"
62.60.130.210 - - [31/Jan/2026:08:19:41 -0500] "POST /wp-login.php HTTP/1.1" 200 3320 "http://tacotube.com/wp-login.php" "Mozilla/5.0 (Windows NT 10.0; Win64; x64) AppleWebKit/537.36 (KHTML, like Gecko) Chrome/120.0.6099.130 Safari/537.36"
62.60.130.210 - - [31/Jan/2026:08:19:54 -0500] "POST /wp-login.php HTTP/1.1" 200 3320 "http://tacotube.com/wp-login.php" "Mozilla/5.0 (Windows NT 10.0; Win64; x64) AppleWebKit/537.36 (KHTML, like Gecko) Chrome/121.0.0.0 Safari/537.36 Edg/121.0.2277.83"
62.60.130.210 - - [31/Jan/2026:08:20:07 -0500] "POST /wp-login.php HTTP/1.1" 200 3320 "http://tacotube.com/wp-login.php" "Mozilla/5.0 (Windows NT 11.0; Win64; x64) AppleWebKit/537.36 (KHTML, like Gecko) Chrome/122.0.6261.57 Safari/537.36"
62.60.130.210 - - [31/Jan/2026:08:20:20 -0500] "POST /wp-login.php HTTP/1.1" 200 3365 "http://tacotube.com/wp-login.php" "Mozilla/5.0 (Macintosh; Intel Mac OS X 13_6_1) AppleWebKit/605.1.15 (KHTML, like Gecko) Version/17.0 Safari/605.1.15"
62.60.130.210 - - [31/Jan/2026:08:20:33 -0500] "POST /wp-login.php HTTP/1.1" 200 3365 "http://tacotube.com/wp-login.php" "Mozilla/5.0 (Macintosh; Intel Mac OS X 10.15) Gecko/20100101 Firefox/118.0.2"
62.60.130.210 - - [31/Jan/2026:08:20:46 -0500] "POST /wp-login.php HTTP/1.1" 200 3320 "http://tacotube.com/wp-login.php" "Mozilla/5.0 (Windows NT 11.0; Win64; x64) AppleWebKit/537.36 (KHTML, like Gecko) Chrome/118.0.5993.88 Safari/537.36"
74.206.190.89 - - [31/Jan/2026:08:20:59 -0500] "GET / HTTP/1.1" 200 38686 "-" "curl/7.29.0"
62.60.130.210 - - [31/Jan/2026:08:21:00 -0500] "POST /wp-login.php HTTP/1.1" 200 3320 "http://tacotube.com/wp-login.php" "Mozilla/5.0 (X11; Ubuntu; Linux x86_64; rv:121.0) Gecko/20100101 Firefox/121.0"
62.60.130.210 - - [31/Jan/2026:08:21:12 -0500] "POST /wp-login.php HTTP/1.1" 200 3320 "http://tacotube.com/wp-login.php" "Mozilla/5.0 (X11; Ubuntu; Linux x86_64; rv:120.0.1) Gecko/20100101 Firefox/120.0.1"
62.60.130.210 - - [31/Jan/2026:08:21:25 -0500] "POST /wp-login.php HTTP/1.1" 200 3320 "http://tacotube.com/wp-login.php" "Mozilla/5.0 (X11; Linux x86_64) AppleWebKit/537.36 (KHTML, like Gecko) Chrome/122.0.6261.57 Safari/537.36"
62.60.130.210 - - [31/Jan/2026:08:21:38 -0500] "POST /wp-login.php HTTP/1.1" 200 3365 "http://tacotube.com/wp-login.php" "Mozilla/5.0 (X11; Ubuntu; Linux x86_64; rv:119.0.1) Gecko/20100101 Firefox/119.0.1"
62.60.130.210 - - [31/Jan/2026:08:21:51 -0500] "POST /wp-login.php HTTP/1.1" 200 3320 "http://tacotube.com/wp-login.php" "Mozilla/5.0 (Macintosh; Intel Mac OS X 13_6_2) AppleWebKit/537.36 (KHTML, like Gecko) Chrome/121.0.6167.85 Safari/537.36"
62.60.130.210 - - [31/Jan/2026:08:22:05 -0500] "POST /wp-login.php HTTP/1.1" 200 3320 "http://tacotube.com/wp-login.php" "Mozilla/5.0 (Windows NT 11.0; Win64; x64) AppleWebKit/537.36 (KHTML, like Gecko) Chrome/122.0.6261.57 Safari/537.36"
62.60.130.210 - - [31/Jan/2026:08:22:17 -0500] "POST /wp-login.php HTTP/1.1" 200 3320 "http://tacotube.com/wp-login.php" "Mozilla/5.0 (Windows NT 10.0; Win64; x64) AppleWebKit/537.36 (KHTML, like Gecko) Chrome/121.0.6167.85 Safari/537.36"
62.60.130.210 - - [31/Jan/2026:08:22:31 -0500] "POST /wp-login.php HTTP/1.1" 200 3320 "http://tacotube.com/wp-login.php" "Mozilla/5.0 (X11; Ubuntu; Linux x86_64) AppleWebKit/537.36 (KHTML, like Gecko) Chrome/120.0.6099.130 Safari/537.36"
62.60.130.210 - - [31/Jan/2026:08:22:44 -0500] "POST /wp-login.php HTTP/1.1" 200 3291 "http://tacotube.com/wp-login.php" "Mozilla/5.0 (Macintosh; Intel Mac OS X 12_6_2) AppleWebKit/605.1.15 (KHTML, like Gecko) Version/17.0 Safari/605.1.15"
60.188.57.0 - - [31/Jan/2026:08:22:51 -0500] "GET / HTTP/1.1" 301 - "-" "Mozilla/5.0 (iPhone; CPU iPhone OS 13_2_3 like Mac OS X) AppleWebKit/605.1.15 (KHTML, like Gecko) Version/13.0.3 Mobile/15E148 Safari/604.1"
62.60.130.210 - - [31/Jan/2026:08:22:57 -0500] "POST /wp-login.php HTTP/1.1" 200 3291 "http://tacotube.com/wp-login.php" "Mozilla/5.0 (Windows NT 11.0; Win64; x64) AppleWebKit/537.36 (KHTML, like Gecko) Chrome/122.0.6261.57 Safari/537.36"
60.188.57.0 - - [31/Jan/2026:08:22:59 -0500] "GET / HTTP/1.1" 200 38686 "http://tacotube.com" "Mozilla/5.0 (iPhone; CPU iPhone OS 13_2_3 like Mac OS X) AppleWebKit/605.1.15 (KHTML, like Gecko) Version/13.0.3 Mobile/15E148 Safari/604.1"
62.60.130.210 - - [31/Jan/2026:08:23:10 -0500] "POST /wp-login.php HTTP/1.1" 200 3320 "http://tacotube.com/wp-login.php" "Mozilla/5.0 (Macintosh; Intel Mac OS X 13_6_1) AppleWebKit/605.1.15 (KHTML, like Gecko) Version/17.1 Safari/605.1.15"
62.60.130.210 - - [31/Jan/2026:08:23:23 -0500] "POST /wp-login.php HTTP/1.1" 200 3320 "http://tacotube.com/wp-login.php" "Mozilla/5.0 (Windows NT 10.0; Win64; x64) AppleWebKit/537.36 (KHTML, like Gecko) Chrome/121.0.0.0 Safari/537.36 Edg/121.0.2277.83"
62.60.130.210 - - [31/Jan/2026:08:23:36 -0500] "POST /wp-login.php HTTP/1.1" 200 3320 "http://tacotube.com/wp-login.php" "Mozilla/5.0 (Macintosh; Intel Mac OS X 10.15) Gecko/20100101 Firefox/118.0.2"
62.60.130.210 - - [31/Jan/2026:08:23:49 -0500] "POST /wp-login.php HTTP/1.1" 200 3365 "http://tacotube.com/wp-login.php" "Mozilla/5.0 (X11; Linux x86_64) AppleWebKit/537.36 (KHTML, like Gecko) Chrome/122.0.6261.57 Safari/537.36"
62.60.130.210 - - [31/Jan/2026:08:24:02 -0500] "POST /wp-login.php HTTP/1.1" 200 3320 "http://tacotube.com/wp-login.php" "Mozilla/5.0 (X11; Linux x86_64) AppleWebKit/537.36 (KHTML, like Gecko) Chrome/120.0.6099.130 Safari/537.36"
62.60.130.210 - - [31/Jan/2026:08:24:15 -0500] "POST /wp-login.php HTTP/1.1" 200 3291 "http://tacotube.com/wp-login.php" "Mozilla/5.0 (Macintosh; Intel Mac OS X 10_15_7) AppleWebKit/537.36 (KHTML, like Gecko) Chrome/118.0.5993.88 Safari/537.36"
62.60.130.210 - - [31/Jan/2026:08:24:28 -0500] "POST /wp-login.php HTTP/1.1" 200 3291 "http://tacotube.com/wp-login.php" "Mozilla/5.0 (Windows NT 10.0; Win64; x64) AppleWebKit/537.36 (KHTML, like Gecko) Chrome/119.0.0.0 Safari/537.36 Edg/119.0.2151.97"
62.60.130.210 - - [31/Jan/2026:08:24:43 -0500] "POST /wp-login.php HTTP/1.1" 200 3320 "http://tacotube.com/wp-login.php" "Mozilla/5.0 (Windows NT 10.0; Win64; x64) AppleWebKit/537.36 (KHTML, like Gecko) Chrome/121.0.0.0 Safari/537.36 Edg/121.0.2277.83"
62.60.130.210 - - [31/Jan/2026:08:24:56 -0500] "POST /wp-login.php HTTP/1.1" 200 3320 "http://tacotube.com/wp-login.php" "Mozilla/5.0 (Macintosh; Intel Mac OS X 10_15_7) AppleWebKit/537.36 (KHTML, like Gecko) Chrome/119.0.6045.159 Safari/537.36"
62.60.130.210 - - [31/Jan/2026:08:25:09 -0500] "POST /wp-login.php HTTP/1.1" 200 3365 "http://tacotube.com/wp-login.php" "Mozilla/5.0 (Macintosh; Intel Mac OS X 11_7_2) AppleWebKit/605.1.15 (KHTML, like Gecko) Version/17.1 Safari/605.1.15"
62.60.130.210 - - [31/Jan/2026:08:25:22 -0500] "POST /wp-login.php HTTP/1.1" 200 3320 "http://tacotube.com/wp-login.php" "Mozilla/5.0 (Macintosh; Intel Mac OS X 10_15_7) AppleWebKit/605.1.15 (KHTML, like Gecko) Version/16.6.1 Safari/605.1.15"
62.60.130.210 - - [31/Jan/2026:08:25:35 -0500] "POST /wp-login.php HTTP/1.1" 200 3320 "http://tacotube.com/wp-login.php" "Mozilla/5.0 (X11; Linux x86_64) Gecko/20100101 Firefox/119.0.1"
74.206.190.89 - - [31/Jan/2026:08:25:42 -0500] "GET / HTTP/1.1" 200 38686 "-" "curl/7.29.0"
62.60.130.210 - - [31/Jan/2026:08:25:48 -0500] "POST /wp-login.php HTTP/1.1" 200 3320 "http://tacotube.com/wp-login.php" "Mozilla/5.0 (Windows NT 10.0; Win64; x64) AppleWebKit/537.36 (KHTML, like Gecko) Chrome/120.0.0.0 Safari/537.36 Edg/120.0.2210.133"
62.60.130.210 - - [31/Jan/2026:08:26:01 -0500] "POST /wp-login.php HTTP/1.1" 200 3365 "http://tacotube.com/wp-login.php" "Mozilla/5.0 (X11; Linux x86_64) Gecko/20100101 Firefox/120.0.1"
62.60.130.210 - - [31/Jan/2026:08:26:14 -0500] "POST /wp-login.php HTTP/1.1" 200 3320 "http://tacotube.com/wp-login.php" "Mozilla/5.0 (X11; Ubuntu; Linux x86_64; rv:119.0.1) Gecko/20100101 Firefox/119.0.1"
62.60.130.210 - - [31/Jan/2026:08:26:27 -0500] "POST /wp-login.php HTTP/1.1" 200 3320 "http://tacotube.com/wp-login.php" "Mozilla/5.0 (Macintosh; Intel Mac OS X 10.15) Gecko/20100101 Firefox/120.0.1"
62.60.130.210 - - [31/Jan/2026:08:26:40 -0500] "POST /wp-login.php HTTP/1.1" 200 3320 "http://tacotube.com/wp-login.php" "Mozilla/5.0 (Windows NT 11.0; Win64; x64) AppleWebKit/537.36 (KHTML, like Gecko) Chrome/120.0.6099.130 Safari/537.36"
62.60.130.210 - - [31/Jan/2026:08:26:53 -0500] "POST /wp-login.php HTTP/1.1" 200 3320 "http://tacotube.com/wp-login.php" "Mozilla/5.0 (X11; Linux x86_64) Gecko/20100101 Firefox/119.0.1"
62.60.130.210 - - [31/Jan/2026:08:27:07 -0500] "POST /wp-login.php HTTP/1.1" 200 3320 "http://tacotube.com/wp-login.php" "Mozilla/5.0 (Windows NT 10.0; Win64; x64) AppleWebKit/537.36 (KHTML, like Gecko) Chrome/120.0.0.0 Safari/537.36 Edg/120.0.2210.133"
62.60.130.210 - - [31/Jan/2026:08:27:19 -0500] "POST /wp-login.php HTTP/1.1" 200 3365 "http://tacotube.com/wp-login.php" "Mozilla/5.0 (Macintosh; Intel Mac OS X 10.15) Gecko/20100101 Firefox/120.0.1"
62.60.130.210 - - [31/Jan/2026:08:27:32 -0500] "POST /wp-login.php HTTP/1.1" 200 3320 "http://tacotube.com/wp-login.php" "Mozilla/5.0 (X11; Ubuntu; Linux x86_64; rv:121.0) Gecko/20100101 Firefox/121.0"
62.60.130.210 - - [31/Jan/2026:08:27:48 -0500] "POST /wp-login.php HTTP/1.1" 200 3320 "http://tacotube.com/wp-login.php" "Mozilla/5.0 (X11; Ubuntu; Linux x86_64; rv:120.0.1) Gecko/20100101 Firefox/120.0.1"
62.60.130.210 - - [31/Jan/2026:08:28:01 -0500] "POST /wp-login.php HTTP/1.1" 200 3320 "http://tacotube.com/wp-login.php" "Mozilla/5.0 (Macintosh; Intel Mac OS X 13_6_1) AppleWebKit/605.1.15 (KHTML, like Gecko) Version/17.1 Safari/605.1.15"
62.60.130.210 - - [31/Jan/2026:08:28:14 -0500] "POST /wp-login.php HTTP/1.1" 200 3320 "http://tacotube.com/wp-login.php" "Mozilla/5.0 (Macintosh; Intel Mac OS X 10_15_7) AppleWebKit/537.36 (KHTML, like Gecko) Chrome/120.0.6099.130 Safari/537.36"
62.60.130.210 - - [31/Jan/2026:08:28:27 -0500] "POST /wp-login.php HTTP/1.1" 200 3320 "http://tacotube.com/wp-login.php" "Mozilla/5.0 (Windows NT 10.0; Win64; x64) Gecko/20100101 Firefox/121.0"
62.60.130.210 - - [31/Jan/2026:08:28:39 -0500] "POST /wp-login.php HTTP/1.1" 200 3291 "http://tacotube.com/wp-login.php" "Mozilla/5.0 (Macintosh; Intel Mac OS X 10_15_7) AppleWebKit/605.1.15 (KHTML, like Gecko) Version/17.2.1 Safari/605.1.15"
62.60.130.210 - - [31/Jan/2026:08:28:52 -0500] "POST /wp-login.php HTTP/1.1" 200 3320 "http://tacotube.com/wp-login.php" "Mozilla/5.0 (Macintosh; Intel Mac OS X 12_6_2) AppleWebKit/605.1.15 (KHTML, like Gecko) Version/16.6.1 Safari/605.1.15"
62.60.130.210 - - [31/Jan/2026:08:29:05 -0500] "POST /wp-login.php HTTP/1.1" 200 3320 "http://tacotube.com/wp-login.php" "Mozilla/5.0 (X11; Ubuntu; Linux x86_64) AppleWebKit/537.36 (KHTML, like Gecko) Chrome/120.0.6099.130 Safari/537.36"
62.60.130.210 - - [31/Jan/2026:08:29:18 -0500] "POST /wp-login.php HTTP/1.1" 200 3320 "http://tacotube.com/wp-login.php" "Mozilla/5.0 (X11; Ubuntu; Linux x86_64) AppleWebKit/537.36 (KHTML, like Gecko) Chrome/122.0.6261.57 Safari/537.36"
62.60.130.210 - - [31/Jan/2026:08:29:31 -0500] "POST /wp-login.php HTTP/1.1" 200 3320 "http://tacotube.com/wp-login.php" "Mozilla/5.0 (Windows NT 10.0; Win64; x64) AppleWebKit/537.36 (KHTML, like Gecko) Chrome/120.0.0.0 Safari/537.36 Edg/120.0.2210.133"
62.60.130.210 - - [31/Jan/2026:08:29:45 -0500] "POST /wp-login.php HTTP/1.1" 200 3320 "http://tacotube.com/wp-login.php" "Mozilla/5.0 (Macintosh; Intel Mac OS X 10_15_7) AppleWebKit/605.1.15 (KHTML, like Gecko) Version/17.2.1 Safari/605.1.15"
62.60.130.210 - - [31/Jan/2026:08:29:58 -0500] "POST /wp-login.php HTTP/1.1" 200 3320 "http://tacotube.com/wp-login.php" "Mozilla/5.0 (Windows NT 10.0; Win64; x64) AppleWebKit/537.36 (KHTML, like Gecko) Chrome/121.0.0.0 Safari/537.36 Edg/121.0.2277.83"
104.244.75.194 - - [31/Jan/2026:08:29:58 -0500] "GET /wp-login.php HTTP/1.1" 200 2377 "-" "Mozilla/5.0 (Macintosh; Intel Mac OS X 10_8_5) AppleWebKit/537.77.4 (KHTML, like Gecko) Version/6.1.5 Safari/537.77.4"
104.244.75.194 - - [31/Jan/2026:08:29:59 -0500] "POST /wp-login.php HTTP/1.1" 200 3364 "-" "Mozilla/5.0 (Macintosh; Intel Mac OS X 10_8_5) AppleWebKit/537.77.4 (KHTML, like Gecko) Version/6.1.5 Safari/537.77.4"
62.60.130.210 - - [31/Jan/2026:08:30:10 -0500] "POST /wp-login.php HTTP/1.1" 200 3320 "http://tacotube.com/wp-login.php" "Mozilla/5.0 (Macintosh; Intel Mac OS X 11_7_2) AppleWebKit/605.1.15 (KHTML, like Gecko) Version/17.0 Safari/605.1.15"
62.60.130.210 - - [31/Jan/2026:08:30:23 -0500] "POST /wp-login.php HTTP/1.1" 200 3320 "http://tacotube.com/wp-login.php" "Mozilla/5.0 (X11; Ubuntu; Linux x86_64; rv:122.0) Gecko/20100101 Firefox/122.0"
62.60.130.210 - - [31/Jan/2026:08:30:36 -0500] "POST /wp-login.php HTTP/1.1" 200 3320 "http://tacotube.com/wp-login.php" "Mozilla/5.0 (Macintosh; Intel Mac OS X 10_15_7) AppleWebKit/605.1.15 (KHTML, like Gecko) Version/17.0 Safari/605.1.15"
62.60.130.210 - - [31/Jan/2026:08:30:49 -0500] "POST /wp-login.php HTTP/1.1" 200 3320 "http://tacotube.com/wp-login.php" "Mozilla/5.0 (Macintosh; Intel Mac OS X 13_6_2) AppleWebKit/537.36 (KHTML, like Gecko) Chrome/120.0.6099.130 Safari/537.36"
74.206.190.89 - - [31/Jan/2026:08:30:49 -0500] "GET / HTTP/1.1" 200 38686 "-" "curl/7.29.0"
62.60.130.210 - - [31/Jan/2026:08:31:02 -0500] "POST /wp-login.php HTTP/1.1" 200 3320 "http://tacotube.com/wp-login.php" "Mozilla/5.0 (Windows NT 10.0; Win64; x64) AppleWebKit/537.36 (KHTML, like Gecko) Chrome/119.0.6045.159 Safari/537.36"
62.60.130.210 - - [31/Jan/2026:08:31:15 -0500] "POST /wp-login.php HTTP/1.1" 200 3320 "http://tacotube.com/wp-login.php" "Mozilla/5.0 (Macintosh; Intel Mac OS X 13_6_2) AppleWebKit/537.36 (KHTML, like Gecko) Chrome/119.0.6045.159 Safari/537.36"
62.60.130.210 - - [31/Jan/2026:08:31:28 -0500] "POST /wp-login.php HTTP/1.1" 200 3320 "http://tacotube.com/wp-login.php" "Mozilla/5.0 (X11; Linux x86_64) AppleWebKit/537.36 (KHTML, like Gecko) Chrome/121.0.6167.85 Safari/537.36"
62.60.130.210 - - [31/Jan/2026:08:31:41 -0500] "POST /wp-login.php HTTP/1.1" 200 3320 "http://tacotube.com/wp-login.php" "Mozilla/5.0 (Macintosh; Intel Mac OS X 10_15_7) AppleWebKit/537.36 (KHTML, like Gecko) Chrome/120.0.6099.130 Safari/537.36"
62.60.130.210 - - [31/Jan/2026:08:31:54 -0500] "POST /wp-login.php HTTP/1.1" 200 3320 "http://tacotube.com/wp-login.php" "Mozilla/5.0 (X11; Linux x86_64) AppleWebKit/537.36 (KHTML, like Gecko) Chrome/119.0.6045.159 Safari/537.36"
62.60.130.210 - - [31/Jan/2026:08:32:07 -0500] "POST /wp-login.php HTTP/1.1" 200 3365 "http://tacotube.com/wp-login.php" "Mozilla/5.0 (Macintosh; Intel Mac OS X 12_6_2) AppleWebKit/605.1.15 (KHTML, like Gecko) Version/17.0 Safari/605.1.15"
62.60.130.210 - - [31/Jan/2026:08:32:20 -0500] "POST /wp-login.php HTTP/1.1" 200 3365 "http://tacotube.com/wp-login.php" "Mozilla/5.0 (Macintosh; Intel Mac OS X 11_7_2) AppleWebKit/605.1.15 (KHTML, like Gecko) Version/17.1 Safari/605.1.15"
62.60.130.210 - - [31/Jan/2026:08:32:33 -0500] "POST /wp-login.php HTTP/1.1" 200 3320 "http://tacotube.com/wp-login.php" "Mozilla/5.0 (X11; Linux x86_64) Gecko/20100101 Firefox/118.0.2"
