File: //home/httpd/logs/studreviews.com_access_log.3
51.210.214.160 - - [27/Jan/2026:04:23:19 -0500] "GET /index.php/gay-tube/facial-gay-tube.html/feed HTTP/1.1" 200 8364 "-" "Mozilla/5.0 (X11; Linux i686) AppleWebKit/537.36 (KHTML, like Gecko) Chrome/30.0.1599.66 Safari/537.36"
2.58.56.164 - - [27/Jan/2026:04:35:34 -0500] "GET /wp-content/plugins/qkwmxbg/ HTTP/1.1" 404 290 "www.google.com" "Mozilla/5.0 (Windows NT 10.0; Win64; x64) AppleWebKit/537.36 (KHTML, like Gecko) Chrome/91.0.4472.124 Safari/537.36"
205.169.39.12 - - [27/Jan/2026:04:43:23 -0500] "GET / HTTP/1.1" 301 4 "-" "Mozilla/5.0 (Windows NT 10.0) AppleWebKit/537.36 (KHTML, like Gecko) Chrome/106.0.0.0 Safari/537.36"
74.206.190.88 - - [27/Jan/2026:04:43:23 -0500] "POST /wp-cron.php?doing_wp_cron=1769507003.7715890407562255859375 HTTP/1.1" 200 4 "-" "WordPress/3.6.1; http://www.studreviews.com"
205.169.39.12 - - [27/Jan/2026:04:43:23 -0500] "GET / HTTP/1.1" 200 60306 "http://studreviews.com" "Mozilla/5.0 (Windows NT 10.0) AppleWebKit/537.36 (KHTML, like Gecko) Chrome/106.0.0.0 Safari/537.36"
51.210.214.160 - - [27/Jan/2026:04:56:58 -0500] "GET /index.php/category/gay-studs/feed HTTP/1.1" 200 11538 "-" "Mozilla/5.0 (X11; Linux i686) AppleWebKit/537.36 (KHTML, like Gecko) Chrome/30.0.1599.66 Safari/537.36"
145.239.10.137 - - [27/Jan/2026:04:57:10 -0500] "GET /edit-css.php HTTP/1.1" 404 275 "http://studreviews.com/edit-css.php" "Mozilla/5.0 (iPhone; CPU iPhone OS 17_5_1 like Mac OS X) AppleWebKit/605.1.15 (KHTML, like Gecko) Version/17.5 Mobile/15E148 Safari/604.1"
145.239.10.137 - - [27/Jan/2026:04:57:10 -0500] "GET /vx.php HTTP/1.1" 404 269 "http://studreviews.com/vx.php" "Mozilla/5.0 (iPhone; CPU iPhone OS 17_5_1 like Mac OS X) AppleWebKit/605.1.15 (KHTML, like Gecko) Version/17.5 Mobile/15E148 Safari/604.1"
154.65.39.7 - - [27/Jan/2026:04:58:39 -0500] "GET /wp-json/wp/v2/posts HTTP/1.1" 404 282 "-" "Mozilla/5.0 (Windows NT 10.0; Win64; x64) AppleWebKit/537.36 (KHTML, like Gecko) Chrome/120.0.0.0 Safari/537.36"
2.58.56.164 - - [27/Jan/2026:05:02:36 -0500] "GET /wp-content/plugins/rpxcmrm/ HTTP/1.1" 404 290 "www.google.com" "Mozilla/5.0 (Windows NT 10.0; Win64; x64) AppleWebKit/537.36 (KHTML, like Gecko) Chrome/91.0.4472.124 Safari/537.36"
93.158.90.73 - - [27/Jan/2026:05:17:44 -0500] "GET / HTTP/1.1" 301 4 "-" "Mozilla/5.0 (Windows NT 6.3; Win64; x64; rv:109.0) Gecko/20100101 Firefox/115"
93.158.90.65 - - [27/Jan/2026:05:17:45 -0500] "GET / HTTP/1.1" 200 60306 "http://studreviews.com/" "Mozilla/5.0 (Windows NT 6.3; Win64; x64; rv:109.0) Gecko/20100101 Firefox/115"
93.158.90.73 - - [27/Jan/2026:05:17:46 -0500] "GET /index.php/gay-studs/stud-facial-cumshot.html HTTP/1.1" 200 11712 "-" "Mozilla/5.0 (Windows NT 6.3; Win64; x64; rv:109.0) Gecko/20100101 Firefox/115"
93.158.90.74 - - [27/Jan/2026:05:17:47 -0500] "GET /index.php/gay-studs/gay-stud-tube-movie.html HTTP/1.1" 200 11706 "-" "Mozilla/5.0 (Windows NT 6.3; Win64; x64; rv:109.0) Gecko/20100101 Firefox/115"
93.158.90.71 - - [27/Jan/2026:05:17:48 -0500] "GET /index.php/gay-studs/gay-anal-sex-tube.html HTTP/1.1" 200 11605 "-" "Mozilla/5.0 (Windows NT 6.3; Win64; x64; rv:109.0) Gecko/20100101 Firefox/115"
74.206.190.88 - - [27/Jan/2026:06:03:46 -0500] "POST /wp-cron.php?doing_wp_cron=1769511826.1751821041107177734375 HTTP/1.1" 200 4 "-" "WordPress/3.6.1; http://www.studreviews.com"
91.218.123.114 - - [27/Jan/2026:06:03:46 -0500] "GET /wp-login.php HTTP/1.1" 200 2278 "-" "Mozilla/5.0 (Windows NT 10.0; Win64; x64) AppleWebKit/537.36 (KHTML, like Gecko) Chrome/124.0.6367.207 Safari/537.36"
91.218.123.114 - - [27/Jan/2026:06:03:56 -0500] "POST /xmlrpc.php HTTP/1.1" 403 281 "-" "Mozilla/5.0 (Windows NT 10.0; Win64; x64) AppleWebKit/537.36 (KHTML, like Gecko) Chrome/124.0.6367.207 Safari/537.36"
194.104.11.70 - - [27/Jan/2026:06:03:56 -0500] "POST /xmlrpc.php HTTP/1.1" 403 281 "-" "Mozilla/5.0 (Windows NT 10.0; Win64; x64) AppleWebKit/537.36 (KHTML, like Gecko) Chrome/124.0.6367.207 Safari/537.36"
89.47.55.197 - - [27/Jan/2026:06:03:57 -0500] "POST /xmlrpc.php HTTP/1.1" 403 281 "-" "Mozilla/5.0 (Windows NT 10.0; Win64; x64) AppleWebKit/537.36 (KHTML, like Gecko) Chrome/124.0.6367.207 Safari/537.36"
45.159.20.160 - - [27/Jan/2026:06:03:58 -0500] "POST /xmlrpc.php HTTP/1.1" 403 281 "-" "Mozilla/5.0 (Windows NT 10.0; Win64; x64; rv:127.0) Gecko/20100101 Firefox/127.0"
122.8.93.176 - - [27/Jan/2026:06:04:00 -0500] "POST /xmlrpc.php HTTP/1.1" 403 281 "-" "Mozilla/5.0 (Macintosh; Intel Mac OS X 13_5) AppleWebKit/605.1.15 (KHTML, like Gecko) Version/17.5 Safari/605.1.15"
130.49.9.201 - - [27/Jan/2026:06:04:00 -0500] "POST /xmlrpc.php HTTP/1.1" 403 281 "-" "Mozilla/5.0 (Windows NT 10.0; Win64; x64) AppleWebKit/537.36 (KHTML, like Gecko) Chrome/124.0.6367.207 Safari/537.36"
194.104.8.64 - - [27/Jan/2026:06:04:01 -0500] "POST /xmlrpc.php HTTP/1.1" 403 281 "-" "Mozilla/5.0 (Windows NT 10.0; Win64; x64; rv:127.0) Gecko/20100101 Firefox/127.0"
45.148.235.54 - - [27/Jan/2026:06:04:02 -0500] "POST /xmlrpc.php HTTP/1.1" 403 281 "-" "Mozilla/5.0 (Windows NT 10.0; Win64; x64) AppleWebKit/537.36 (KHTML, like Gecko) Chrome/124.0.6367.207 Safari/537.36"
5.181.170.203 - - [27/Jan/2026:06:04:02 -0500] "POST /xmlrpc.php HTTP/1.1" 403 281 "-" "Mozilla/5.0 (Macintosh; Intel Mac OS X 13_5) AppleWebKit/605.1.15 (KHTML, like Gecko) Version/17.5 Safari/605.1.15"
194.104.8.34 - - [27/Jan/2026:06:04:03 -0500] "POST /xmlrpc.php HTTP/1.1" 403 281 "-" "Mozilla/5.0 (Windows NT 10.0; Win64; x64; rv:127.0) Gecko/20100101 Firefox/127.0"
170.168.31.72 - - [27/Jan/2026:06:04:10 -0500] "POST /xmlrpc.php HTTP/1.1" 403 281 "-" "Mozilla/5.0 (Windows NT 10.0; Win64; x64; rv:127.0) Gecko/20100101 Firefox/127.0"
91.218.123.114 - - [27/Jan/2026:06:04:14 -0500] "GET /wp-login.php?wp_lang=en_US HTTP/1.1" 200 2278 "-" "Mozilla/5.0 (Windows NT 10.0; Win64; x64) AppleWebKit/537.36 (KHTML, like Gecko) Chrome/124.0.6367.207 Safari/537.36"
91.218.123.114 - - [27/Jan/2026:06:04:18 -0500] "POST /wp-login.php?wp_lang=en_US HTTP/1.1" 302 4 "http://www.studreviews.com/wp-login.php?wp_lang=en_US" "Mozilla/5.0 (Windows NT 10.0; Win64; x64) AppleWebKit/537.36 (KHTML, like Gecko) Chrome/124.0.6367.207 Safari/537.36"
91.218.123.114 - - [27/Jan/2026:06:04:20 -0500] "GET /wp-admin/ HTTP/1.1" 200 75701 "http://www.studreviews.com/wp-login.php?wp_lang=en_US" "Mozilla/5.0 (Windows NT 10.0; Win64; x64) AppleWebKit/537.36 (KHTML, like Gecko) Chrome/124.0.6367.207 Safari/537.36"
91.218.123.114 - - [27/Jan/2026:06:04:37 -0500] "GET /wp-admin/admin-ajax.php?action=rest-nonce HTTP/1.1" 200 5 "-" "Mozilla/5.0 (Windows NT 10.0; Win64; x64) AppleWebKit/537.36 (KHTML, like Gecko) Chrome/124.0.6367.207 Safari/537.36"
91.218.123.114 - - [27/Jan/2026:06:04:41 -0500] "GET /wp-admin/admin-ajax.php?action=rest-nonce HTTP/1.1" 200 5 "-" "Mozilla/5.0 (Windows NT 10.0; Win64; x64) AppleWebKit/537.36 (KHTML, like Gecko) Chrome/124.0.6367.207 Safari/537.36"
2.58.56.164 - - [27/Jan/2026:06:14:33 -0500] "GET /wp-content/plugins/gkmqror/ HTTP/1.1" 404 290 "www.google.com" "Mozilla/5.0 (Windows NT 10.0; Win64; x64) AppleWebKit/537.36 (KHTML, like Gecko) Chrome/91.0.4472.124 Safari/537.36"
74.206.190.88 - - [27/Jan/2026:06:47:01 -0500] "POST /wp-cron.php?doing_wp_cron=1769514421.6609170436859130859375 HTTP/1.1" 200 4 "-" "WordPress/3.6.1; http://www.studreviews.com"
51.210.214.160 - - [27/Jan/2026:06:47:01 -0500] "GET /index.php/gay-tube/teen-gay-sex.html/feed HTTP/1.1" 200 1297 "-" "Mozilla/5.0 (X11; Linux i686) AppleWebKit/537.36 (KHTML, like Gecko) Chrome/30.0.1599.66 Safari/537.36"
51.210.214.160 - - [27/Jan/2026:07:06:24 -0500] "GET /index.php/gay-tube/zoo-sex-tube.html/feed HTTP/1.1" 200 5311 "-" "Mozilla/5.0 (X11; Linux i686) AppleWebKit/537.36 (KHTML, like Gecko) Chrome/30.0.1599.66 Safari/537.36"
43.153.73.200 - - [27/Jan/2026:07:16:04 -0500] "GET / HTTP/1.1" 200 60306 "-" "Mozilla/5.0 (iPhone; CPU iPhone OS 13_2_3 like Mac OS X) AppleWebKit/605.1.15 (KHTML, like Gecko) Version/13.0.3 Mobile/15E148 Safari/604.1"
114.119.152.216 - - [27/Jan/2026:07:29:35 -0500] "GET /index.php/gay-tube/gay-stud-creampie.html HTTP/1.1" 200 11618 "http://www.studreviews.com/" "Mozilla/5.0 (Linux; Android 7.0;) AppleWebKit/537.36 (KHTML, like Gecko) Mobile Safari/537.36 (compatible; PetalBot;+https://webmaster.petalsearch.com/site/petalbot)"
114.119.134.41 - - [27/Jan/2026:07:30:59 -0500] "GET /index.php/gay-studs/hot-studs-tube-3.html HTTP/1.1" 200 11670 "http://www.studreviews.com/index.php/category/gay-studs" "Mozilla/5.0 (Linux; Android 7.0;) AppleWebKit/537.36 (KHTML, like Gecko) Mobile Safari/537.36 (compatible; PetalBot;+https://webmaster.petalsearch.com/site/petalbot)"
74.206.190.88 - - [27/Jan/2026:07:36:20 -0500] "POST /wp-cron.php?doing_wp_cron=1769517380.8817229270935058593750 HTTP/1.1" 200 4 "-" "WordPress/3.6.1; http://www.studreviews.com"
51.210.214.160 - - [27/Jan/2026:07:36:20 -0500] "GET /index.php/gay-tube/facial-gay-tube.html/feed HTTP/1.1" 200 8364 "-" "Mozilla/5.0 (X11; Linux i686) AppleWebKit/537.36 (KHTML, like Gecko) Chrome/30.0.1599.66 Safari/537.36"
182.40.104.255 - - [27/Jan/2026:07:58:57 -0500] "GET / HTTP/1.1" 200 60306 "-" "Mozilla/5.0 (iPhone; CPU iPhone OS 13_2_3 like Mac OS X) AppleWebKit/605.1.15 (KHTML, like Gecko) Version/13.0.3 Mobile/15E148 Safari/604.1"
51.210.214.160 - - [27/Jan/2026:07:58:59 -0500] "GET /index.php/category/gay-studs/feed HTTP/1.1" 200 11538 "-" "Mozilla/5.0 (X11; Linux i686) AppleWebKit/537.36 (KHTML, like Gecko) Chrome/30.0.1599.66 Safari/537.36"
66.249.69.67 - - [27/Jan/2026:08:04:47 -0500] "GET /robots.txt HTTP/1.1" 200 29 "-" "Mozilla/5.0 (compatible; Googlebot/2.1; +http://www.google.com/bot.html)"
51.210.214.160 - - [27/Jan/2026:08:05:19 -0500] "GET /index.php/gay-tube/hot-stud-tube.html/feed HTTP/1.1" 200 820 "-" "Mozilla/5.0 (X11; Linux i686) AppleWebKit/537.36 (KHTML, like Gecko) Chrome/30.0.1599.66 Safari/537.36"
114.119.140.56 - - [27/Jan/2026:08:15:14 -0500] "GET /index.php/gay-tube/gay-butt-sex.html HTTP/1.1" 200 11520 "http://www.studreviews.com/index.php/category/gay-tube" "Mozilla/5.0 (Linux; Android 7.0;) AppleWebKit/537.36 (KHTML, like Gecko) Mobile Safari/537.36 (compatible; PetalBot;+https://webmaster.petalsearch.com/site/petalbot)"
212.107.29.199 - - [27/Jan/2026:08:37:33 -0500] "GET /wp-json/wp/v2/posts HTTP/1.1" 404 282 "-" "Mozilla/5.0 (Windows NT 10.0; Win64; x64) AppleWebKit/537.36 (KHTML, like Gecko) Chrome/120.0.0.0 Safari/537.36"
4.197.94.190 - - [27/Jan/2026:08:45:01 -0500] "GET //wp-content/plugins/fix/up.php HTTP/1.1" 404 292 "-" "Mozilla/5.0 (Windows NT 10.0; Win64; x64) AppleWebKit/537.36 (KHTML, like Gecko) Chrome/85.0.4183.102 Safari/537.36"
74.206.190.88 - - [27/Jan/2026:09:00:11 -0500] "POST /wp-cron.php?doing_wp_cron=1769522411.9311640262603759765625 HTTP/1.1" 200 4 "-" "WordPress/3.6.1; http://www.studreviews.com"
114.119.156.9 - - [27/Jan/2026:09:00:11 -0500] "GET /index.php/gay-studs/hairy-studs-tube.html HTTP/1.1" 200 12307 "http://www.studreviews.com/" "Mozilla/5.0 (Linux; Android 7.0;) AppleWebKit/537.36 (KHTML, like Gecko) Mobile Safari/537.36 (compatible; PetalBot;+https://webmaster.petalsearch.com/site/petalbot)"
43.133.220.37 - - [27/Jan/2026:09:21:47 -0500] "GET / HTTP/1.1" 301 4 "-" "Mozilla/5.0 (iPhone; CPU iPhone OS 13_2_3 like Mac OS X) AppleWebKit/605.1.15 (KHTML, like Gecko) Version/13.0.3 Mobile/15E148 Safari/604.1"
43.133.220.37 - - [27/Jan/2026:09:21:48 -0500] "GET / HTTP/1.1" 200 60306 "http://studreviews.com" "Mozilla/5.0 (iPhone; CPU iPhone OS 13_2_3 like Mac OS X) AppleWebKit/605.1.15 (KHTML, like Gecko) Version/13.0.3 Mobile/15E148 Safari/604.1"
74.206.190.88 - - [27/Jan/2026:09:42:24 -0500] "POST /wp-cron.php?doing_wp_cron=1769524944.9180550575256347656250 HTTP/1.1" 200 4 "-" "WordPress/3.6.1; http://www.studreviews.com"
51.210.214.160 - - [27/Jan/2026:09:42:24 -0500] "GET /index.php/gay-tube/zoo-sex-tube.html/feed HTTP/1.1" 200 5311 "-" "Mozilla/5.0 (X11; Linux i686) AppleWebKit/537.36 (KHTML, like Gecko) Chrome/30.0.1599.66 Safari/537.36"
91.84.114.159 - - [27/Jan/2026:09:54:13 -0500] "GET /feed/ HTTP/1.1" 404 268 "-" "Mozilla/5.0 (Windows NT 11.0; Win64; x64) AppleWebKit/537.36 (KHTML, like Gecko) Chrome/121.0.0.0 Safari/537.36"
91.84.114.159 - - [27/Jan/2026:09:54:14 -0500] "GET /feed/ HTTP/1.1" 404 268 "-" "Mozilla/5.0 (Windows NT 11.0; Win64; x64) AppleWebKit/537.36 (KHTML, like Gecko) Chrome/121.0.0.0 Safari/537.36"
91.84.114.159 - - [27/Jan/2026:09:54:14 -0500] "GET /feed/atom/ HTTP/1.1" 404 273 "-" "Mozilla/5.0 (Windows NT 10.0; Win64; x64; rv:121.0) Gecko/20100101 Firefox/121.0"
51.210.214.160 - - [27/Jan/2026:10:07:53 -0500] "GET /index.php/gay-studs/brawny-stud.html/feed HTTP/1.1" 200 816 "-" "Mozilla/5.0 (X11; Linux i686) AppleWebKit/537.36 (KHTML, like Gecko) Chrome/30.0.1599.66 Safari/537.36"
51.210.214.160 - - [27/Jan/2026:10:16:02 -0500] "GET /index.php/gay-tube/teen-gay-sex.html/feed HTTP/1.1" 200 1297 "-" "Mozilla/5.0 (X11; Linux i686) AppleWebKit/537.36 (KHTML, like Gecko) Chrome/30.0.1599.66 Safari/537.36"
51.210.214.160 - - [27/Jan/2026:10:24:21 -0500] "GET /index.php/gay-tube/facial-gay-tube.html/feed HTTP/1.1" 200 8364 "-" "Mozilla/5.0 (X11; Linux i686) AppleWebKit/537.36 (KHTML, like Gecko) Chrome/30.0.1599.66 Safari/537.36"
47.128.127.11 - - [27/Jan/2026:10:26:55 -0500] "GET / HTTP/1.1" 200 60306 "-" "Mozilla/5.0 (Linux; Android 5.0) AppleWebKit/537.36 (KHTML, like Gecko) Mobile Safari/537.36 (compatible; Bytespider; spider-feedback@bytedance.com)"
47.128.124.219 - - [27/Jan/2026:10:26:59 -0500] "GET /robots.txt HTTP/1.1" 200 29 "-" "Mozilla/5.0 (Linux; Android 5.0) AppleWebKit/537.36 (KHTML, like Gecko) Mobile Safari/537.36 (compatible; Bytespider; spider-feedback@bytedance.com)"
47.128.96.146 - - [27/Jan/2026:10:27:13 -0500] "GET /robots.txt HTTP/1.1" 200 29 "-" "-"
47.128.16.11 - - [27/Jan/2026:10:27:13 -0500] "GET / HTTP/1.1" 200 60306 "-" "Mozilla/5.0 (Linux; Android 5.0) AppleWebKit/537.36 (KHTML, like Gecko) Mobile Safari/537.36 (compatible; TikTokSpider; ttspider-feedback@tiktok.com)"
47.128.26.8 - - [27/Jan/2026:11:18:34 -0500] "GET /robots.txt HTTP/1.1" 200 29 "-" "Mozilla/5.0 (Linux; Android 5.0) AppleWebKit/537.36 (KHTML, like Gecko) Mobile Safari/537.36 (compatible; Bytespider; spider-feedback@bytedance.com)"
74.206.190.88 - - [27/Jan/2026:11:25:00 -0500] "POST /wp-cron.php?doing_wp_cron=1769531100.9927680492401123046875 HTTP/1.1" 200 4 "-" "WordPress/3.6.1; http://www.studreviews.com"
51.210.214.160 - - [27/Jan/2026:11:25:00 -0500] "GET /index.php/category/gay-studs/feed HTTP/1.1" 200 11538 "-" "Mozilla/5.0 (X11; Linux i686) AppleWebKit/537.36 (KHTML, like Gecko) Chrome/30.0.1599.66 Safari/537.36"
74.206.190.88 - - [27/Jan/2026:11:43:37 -0500] "POST /wp-cron.php?doing_wp_cron=1769532217.7255549430847167968750 HTTP/1.1" 200 4 "-" "WordPress/3.6.1; http://www.studreviews.com"
1.192.192.6 - - [27/Jan/2026:11:43:37 -0500] "GET / HTTP/1.1" 200 60306 "-" "Mozilla/5.0 (Macintosh; Intel Mac OS X 10_15_7) AppleWebKit/537.36 (KHTML, like Gecko) Chrome/120.0.0.0 Safari/537.36 Edg/120.0.0.0"
1.192.192.6 - - [27/Jan/2026:11:43:57 -0500] "GET /robots.txt HTTP/1.1" 200 29 "-" "Mozilla/5.0 (Macintosh; Intel Mac OS X 10_7_0) AppleWebKit/535.11 (KHTML, like Gecko) Chrome/17.0.963.56 Safari/535.11"
1.192.192.8 - - [27/Jan/2026:11:43:59 -0500] "GET /config.json HTTP/1.1" 404 278 "-" "Mozilla/5.0 (Macintosh; Intel Mac OS X 10_7_0) AppleWebKit/535.11 (KHTML, like Gecko) Chrome/17.0.963.56 Safari/535.11"
1.192.192.4 - - [27/Jan/2026:11:44:02 -0500] "GET /wp-content/plugins/flash-video-player/readme.txt HTTP/1.1" 200 2638 "-" "Mozilla/5.0 (Macintosh; PPC Mac OS X 10_6_2) AppleWebKit/533.2 (KHTML, like Gecko) Chrome/16.0.867.0 Safari/533.2"
1.192.195.11 - - [27/Jan/2026:11:44:02 -0500] "GET /wp-content/plugins/wp-postratings/readme.txt HTTP/1.1" 200 1173 "-" "Mozilla/5.0 (Macintosh; PPC Mac OS X 10_6_2) AppleWebKit/533.2 (KHTML, like Gecko) Chrome/16.0.867.0 Safari/533.2"
1.192.192.8 - - [27/Jan/2026:11:44:03 -0500] "GET /wp-content/themes/tubethemev1/readme.txt HTTP/1.1" 404 307 "-" "Mozilla/5.0 (Macintosh; PPC Mac OS X 10_6_2) AppleWebKit/533.2 (KHTML, like Gecko) Chrome/16.0.867.0 Safari/533.2"
51.210.214.160 - - [27/Jan/2026:12:23:16 -0500] "GET /index.php/category/gay-tube/feed HTTP/1.1" 200 11050 "-" "Mozilla/5.0 (X11; Linux i686) AppleWebKit/537.36 (KHTML, like Gecko) Chrome/30.0.1599.66 Safari/537.36"
4.194.179.26 - - [27/Jan/2026:12:55:12 -0500] "GET //wp-content/plugins/fix/up.php HTTP/1.1" 404 292 "-" "Mozilla/5.0 (Windows NT 10.0; Win64; x64) AppleWebKit/537.36 (KHTML, like Gecko) Chrome/85.0.4183.102 Safari/537.36"
74.206.190.88 - - [27/Jan/2026:12:56:22 -0500] "POST /wp-cron.php?doing_wp_cron=1769536582.0601980686187744140625 HTTP/1.1" 200 4 "-" "WordPress/3.6.1; http://www.studreviews.com"
51.210.214.160 - - [27/Jan/2026:12:56:21 -0500] "GET /index.php/gay-tube/facial-gay-tube.html/feed HTTP/1.1" 200 8364 "-" "Mozilla/5.0 (X11; Linux i686) AppleWebKit/537.36 (KHTML, like Gecko) Chrome/30.0.1599.66 Safari/537.36"
185.102.115.142 - - [27/Jan/2026:12:59:55 -0500] "GET /wp-login.php HTTP/1.1" 301 4 "http://www.google.com.hk" "Mozilla/5.0 (Windows NT 6.1; WOW64) AppleWebKit/537.36 (KHTML, like Gecko) Chrome/42.0.2311.90 Safari/537.36"
185.102.115.142 - - [27/Jan/2026:13:00:09 -0500] "GET /wp-login.php HTTP/1.1" 200 2278 "http://www.google.com.hk" "Mozilla/5.0 (Windows NT 6.1; WOW64) AppleWebKit/537.36 (KHTML, like Gecko) Chrome/42.0.2311.90 Safari/537.36"
185.102.115.142 - - [27/Jan/2026:13:00:29 -0500] "POST /wp-json/sure-triggers/v1/automation/action HTTP/1.1" 404 305 "-" "Mozilla/5.0 (Macintosh; Intel Mac OS X 10_15_7) AppleWebKit/537.36 (KHTML, like Gecko) Chrome/113.0.0.0 Safari/537.36"
185.102.115.142 - - [27/Jan/2026:13:00:42 -0500] "GET /wp-json/wp/v2/users HTTP/1.1" 404 282 "-" "Mozilla/5.0 (Windows NT 10.0; Win64; x64) AppleWebKit/537.36 (KHTML, like Gecko) Chrome/120.0.0.0 Safari/537.36"
185.102.115.142 - - [27/Jan/2026:13:00:53 -0500] "GET /?author=1 HTTP/1.1" 301 4 "-" "Mozilla/5.0 (Windows NT 10.0; Win64; x64) AppleWebKit/537.36 (KHTML, like Gecko) Chrome/120.0.0.0 Safari/537.36"
185.102.115.142 - - [27/Jan/2026:13:01:04 -0500] "GET /?author=2 HTTP/1.1" 301 4 "-" "Mozilla/5.0 (Windows NT 10.0; Win64; x64) AppleWebKit/537.36 (KHTML, like Gecko) Chrome/120.0.0.0 Safari/537.36"
185.102.115.142 - - [27/Jan/2026:13:01:10 -0500] "GET /?author=3 HTTP/1.1" 301 4 "-" "Mozilla/5.0 (Windows NT 10.0; Win64; x64) AppleWebKit/537.36 (KHTML, like Gecko) Chrome/120.0.0.0 Safari/537.36"
185.102.115.142 - - [27/Jan/2026:13:01:13 -0500] "GET /?author=4 HTTP/1.1" 301 4 "-" "Mozilla/5.0 (Windows NT 10.0; Win64; x64) AppleWebKit/537.36 (KHTML, like Gecko) Chrome/120.0.0.0 Safari/537.36"
185.102.115.142 - - [27/Jan/2026:13:01:23 -0500] "GET /?author=5 HTTP/1.1" 301 4 "-" "Mozilla/5.0 (Windows NT 10.0; Win64; x64) AppleWebKit/537.36 (KHTML, like Gecko) Chrome/120.0.0.0 Safari/537.36"
185.102.115.142 - - [27/Jan/2026:13:01:27 -0500] "GET /?author=6 HTTP/1.1" 301 4 "-" "Mozilla/5.0 (Windows NT 10.0; Win64; x64) AppleWebKit/537.36 (KHTML, like Gecko) Chrome/120.0.0.0 Safari/537.36"
185.102.115.142 - - [27/Jan/2026:13:01:31 -0500] "GET /?author=7 HTTP/1.1" 301 4 "-" "Mozilla/5.0 (Windows NT 10.0; Win64; x64) AppleWebKit/537.36 (KHTML, like Gecko) Chrome/120.0.0.0 Safari/537.36"
185.102.115.142 - - [27/Jan/2026:13:01:34 -0500] "GET /?author=8 HTTP/1.1" 301 4 "-" "Mozilla/5.0 (Windows NT 10.0; Win64; x64) AppleWebKit/537.36 (KHTML, like Gecko) Chrome/120.0.0.0 Safari/537.36"
185.102.115.142 - - [27/Jan/2026:13:01:36 -0500] "GET /?author=9 HTTP/1.1" 301 4 "-" "Mozilla/5.0 (Windows NT 10.0; Win64; x64) AppleWebKit/537.36 (KHTML, like Gecko) Chrome/120.0.0.0 Safari/537.36"
109.123.246.75 - - [27/Jan/2026:13:01:43 -0500] "GET /wp-admin/css/ HTTP/1.1" 403 280 "binance.com" "Mozilla/5.0 (Windows NT 10.0; Win64; x64) AppleWebKit/537.36 (KHTML, like Gecko) Chrome/90.0.4430.85 Safari/537.36"
185.102.115.142 - - [27/Jan/2026:13:01:48 -0500] "GET /?author=10 HTTP/1.1" 301 4 "-" "Mozilla/5.0 (Windows NT 10.0; Win64; x64) AppleWebKit/537.36 (KHTML, like Gecko) Chrome/120.0.0.0 Safari/537.36"
185.102.115.142 - - [27/Jan/2026:13:01:54 -0500] "GET /?author=11 HTTP/1.1" 301 4 "-" "Mozilla/5.0 (Windows NT 10.0; Win64; x64) AppleWebKit/537.36 (KHTML, like Gecko) Chrome/120.0.0.0 Safari/537.36"
185.102.115.142 - - [27/Jan/2026:13:01:57 -0500] "GET /?author=12 HTTP/1.1" 301 4 "-" "Mozilla/5.0 (Windows NT 10.0; Win64; x64) AppleWebKit/537.36 (KHTML, like Gecko) Chrome/120.0.0.0 Safari/537.36"
185.102.115.142 - - [27/Jan/2026:13:02:07 -0500] "GET /?author=13 HTTP/1.1" 301 4 "-" "Mozilla/5.0 (Windows NT 10.0; Win64; x64) AppleWebKit/537.36 (KHTML, like Gecko) Chrome/120.0.0.0 Safari/537.36"
185.102.115.142 - - [27/Jan/2026:13:02:11 -0500] "GET /?author=14 HTTP/1.1" 301 4 "-" "Mozilla/5.0 (Windows NT 10.0; Win64; x64) AppleWebKit/537.36 (KHTML, like Gecko) Chrome/120.0.0.0 Safari/537.36"
185.102.115.142 - - [27/Jan/2026:13:02:32 -0500] "GET /?author=15 HTTP/1.1" 301 4 "-" "Mozilla/5.0 (Windows NT 10.0; Win64; x64) AppleWebKit/537.36 (KHTML, like Gecko) Chrome/120.0.0.0 Safari/537.36"
185.102.115.142 - - [27/Jan/2026:13:02:42 -0500] "GET /?author=16 HTTP/1.1" 301 4 "-" "Mozilla/5.0 (Windows NT 10.0; Win64; x64) AppleWebKit/537.36 (KHTML, like Gecko) Chrome/120.0.0.0 Safari/537.36"
185.102.115.142 - - [27/Jan/2026:13:02:50 -0500] "GET /?author=17 HTTP/1.1" 301 4 "-" "Mozilla/5.0 (Windows NT 10.0; Win64; x64) AppleWebKit/537.36 (KHTML, like Gecko) Chrome/120.0.0.0 Safari/537.36"
185.102.115.142 - - [27/Jan/2026:13:02:59 -0500] "GET /?author=18 HTTP/1.1" 301 4 "-" "Mozilla/5.0 (Windows NT 10.0; Win64; x64) AppleWebKit/537.36 (KHTML, like Gecko) Chrome/120.0.0.0 Safari/537.36"
185.102.115.142 - - [27/Jan/2026:13:03:05 -0500] "GET /?author=19 HTTP/1.1" 301 4 "-" "Mozilla/5.0 (Windows NT 10.0; Win64; x64) AppleWebKit/537.36 (KHTML, like Gecko) Chrome/120.0.0.0 Safari/537.36"
185.102.115.142 - - [27/Jan/2026:13:03:10 -0500] "GET /?author=20 HTTP/1.1" 301 4 "-" "Mozilla/5.0 (Windows NT 10.0; Win64; x64) AppleWebKit/537.36 (KHTML, like Gecko) Chrome/120.0.0.0 Safari/537.36"
185.102.115.142 - - [27/Jan/2026:13:03:16 -0500] "GET /?author=21 HTTP/1.1" 301 4 "-" "Mozilla/5.0 (Windows NT 10.0; Win64; x64) AppleWebKit/537.36 (KHTML, like Gecko) Chrome/120.0.0.0 Safari/537.36"
185.102.115.142 - - [27/Jan/2026:13:03:22 -0500] "GET /?author=22 HTTP/1.1" 301 4 "-" "Mozilla/5.0 (Windows NT 10.0; Win64; x64) AppleWebKit/537.36 (KHTML, like Gecko) Chrome/120.0.0.0 Safari/537.36"
185.102.115.142 - - [27/Jan/2026:13:03:26 -0500] "GET /?author=23 HTTP/1.1" 301 4 "-" "Mozilla/5.0 (Windows NT 10.0; Win64; x64) AppleWebKit/537.36 (KHTML, like Gecko) Chrome/120.0.0.0 Safari/537.36"
185.102.115.142 - - [27/Jan/2026:13:03:32 -0500] "GET /?author=24 HTTP/1.1" 301 4 "-" "Mozilla/5.0 (Windows NT 10.0; Win64; x64) AppleWebKit/537.36 (KHTML, like Gecko) Chrome/120.0.0.0 Safari/537.36"
185.102.115.142 - - [27/Jan/2026:13:03:35 -0500] "GET /?author=25 HTTP/1.1" 301 4 "-" "Mozilla/5.0 (Windows NT 10.0; Win64; x64) AppleWebKit/537.36 (KHTML, like Gecko) Chrome/120.0.0.0 Safari/537.36"
185.102.115.142 - - [27/Jan/2026:13:03:38 -0500] "GET /?author=26 HTTP/1.1" 301 4 "-" "Mozilla/5.0 (Windows NT 10.0; Win64; x64) AppleWebKit/537.36 (KHTML, like Gecko) Chrome/120.0.0.0 Safari/537.36"
185.102.115.142 - - [27/Jan/2026:13:03:52 -0500] "GET /?author=27 HTTP/1.1" 301 4 "-" "Mozilla/5.0 (Windows NT 10.0; Win64; x64) AppleWebKit/537.36 (KHTML, like Gecko) Chrome/120.0.0.0 Safari/537.36"
185.102.115.142 - - [27/Jan/2026:13:04:04 -0500] "GET /?author=28 HTTP/1.1" 301 4 "-" "Mozilla/5.0 (Windows NT 10.0; Win64; x64) AppleWebKit/537.36 (KHTML, like Gecko) Chrome/120.0.0.0 Safari/537.36"
185.102.115.142 - - [27/Jan/2026:13:04:29 -0500] "GET /?author=29 HTTP/1.1" 301 4 "-" "Mozilla/5.0 (Windows NT 10.0; Win64; x64) AppleWebKit/537.36 (KHTML, like Gecko) Chrome/120.0.0.0 Safari/537.36"
185.102.115.142 - - [27/Jan/2026:13:04:50 -0500] "GET /?author=30 HTTP/1.1" 301 4 "-" "Mozilla/5.0 (Windows NT 10.0; Win64; x64) AppleWebKit/537.36 (KHTML, like Gecko) Chrome/120.0.0.0 Safari/537.36"
185.102.115.142 - - [27/Jan/2026:13:04:53 -0500] "GET /?author=31 HTTP/1.1" 301 4 "-" "Mozilla/5.0 (Windows NT 10.0; Win64; x64) AppleWebKit/537.36 (KHTML, like Gecko) Chrome/120.0.0.0 Safari/537.36"
185.102.115.142 - - [27/Jan/2026:13:04:55 -0500] "GET /?author=32 HTTP/1.1" 301 4 "-" "Mozilla/5.0 (Windows NT 10.0; Win64; x64) AppleWebKit/537.36 (KHTML, like Gecko) Chrome/120.0.0.0 Safari/537.36"
185.102.115.142 - - [27/Jan/2026:13:04:59 -0500] "GET /?author=33 HTTP/1.1" 301 4 "-" "Mozilla/5.0 (Windows NT 10.0; Win64; x64) AppleWebKit/537.36 (KHTML, like Gecko) Chrome/120.0.0.0 Safari/537.36"
185.102.115.142 - - [27/Jan/2026:13:05:07 -0500] "GET /?author=34 HTTP/1.1" 301 4 "-" "Mozilla/5.0 (Windows NT 10.0; Win64; x64) AppleWebKit/537.36 (KHTML, like Gecko) Chrome/120.0.0.0 Safari/537.36"
185.102.115.142 - - [27/Jan/2026:13:05:12 -0500] "GET /?author=35 HTTP/1.1" 301 4 "-" "Mozilla/5.0 (Windows NT 10.0; Win64; x64) AppleWebKit/537.36 (KHTML, like Gecko) Chrome/120.0.0.0 Safari/537.36"
185.102.115.142 - - [27/Jan/2026:13:05:15 -0500] "GET /?author=36 HTTP/1.1" 301 4 "-" "Mozilla/5.0 (Windows NT 10.0; Win64; x64) AppleWebKit/537.36 (KHTML, like Gecko) Chrome/120.0.0.0 Safari/537.36"
185.102.115.142 - - [27/Jan/2026:13:05:18 -0500] "GET /?author=37 HTTP/1.1" 301 4 "-" "Mozilla/5.0 (Windows NT 10.0; Win64; x64) AppleWebKit/537.36 (KHTML, like Gecko) Chrome/120.0.0.0 Safari/537.36"
185.102.115.142 - - [27/Jan/2026:13:05:19 -0500] "GET /?author=38 HTTP/1.1" 301 4 "-" "Mozilla/5.0 (Windows NT 10.0; Win64; x64) AppleWebKit/537.36 (KHTML, like Gecko) Chrome/120.0.0.0 Safari/537.36"
185.102.115.142 - - [27/Jan/2026:13:05:27 -0500] "GET /?author=39 HTTP/1.1" 301 4 "-" "Mozilla/5.0 (Windows NT 10.0; Win64; x64) AppleWebKit/537.36 (KHTML, like Gecko) Chrome/120.0.0.0 Safari/537.36"
185.102.115.142 - - [27/Jan/2026:13:05:36 -0500] "GET /?author=40 HTTP/1.1" 301 4 "-" "Mozilla/5.0 (Windows NT 10.0; Win64; x64) AppleWebKit/537.36 (KHTML, like Gecko) Chrome/120.0.0.0 Safari/537.36"
185.102.115.142 - - [27/Jan/2026:13:05:41 -0500] "GET /?author=41 HTTP/1.1" 301 4 "-" "Mozilla/5.0 (Windows NT 10.0; Win64; x64) AppleWebKit/537.36 (KHTML, like Gecko) Chrome/120.0.0.0 Safari/537.36"
185.102.115.142 - - [27/Jan/2026:13:05:45 -0500] "GET /?author=42 HTTP/1.1" 301 4 "-" "Mozilla/5.0 (Windows NT 10.0; Win64; x64) AppleWebKit/537.36 (KHTML, like Gecko) Chrome/120.0.0.0 Safari/537.36"
185.102.115.142 - - [27/Jan/2026:13:05:47 -0500] "GET /?author=43 HTTP/1.1" 301 4 "-" "Mozilla/5.0 (Windows NT 10.0; Win64; x64) AppleWebKit/537.36 (KHTML, like Gecko) Chrome/120.0.0.0 Safari/537.36"
185.102.115.142 - - [27/Jan/2026:13:05:48 -0500] "GET /?author=44 HTTP/1.1" 301 4 "-" "Mozilla/5.0 (Windows NT 10.0; Win64; x64) AppleWebKit/537.36 (KHTML, like Gecko) Chrome/120.0.0.0 Safari/537.36"
185.102.115.142 - - [27/Jan/2026:13:05:56 -0500] "GET /?author=45 HTTP/1.1" 301 4 "-" "Mozilla/5.0 (Windows NT 10.0; Win64; x64) AppleWebKit/537.36 (KHTML, like Gecko) Chrome/120.0.0.0 Safari/537.36"
185.102.115.142 - - [27/Jan/2026:13:06:12 -0500] "GET /?author=46 HTTP/1.1" 301 4 "-" "Mozilla/5.0 (Windows NT 10.0; Win64; x64) AppleWebKit/537.36 (KHTML, like Gecko) Chrome/120.0.0.0 Safari/537.36"
185.102.115.142 - - [27/Jan/2026:13:06:22 -0500] "GET /?author=47 HTTP/1.1" 301 4 "-" "Mozilla/5.0 (Windows NT 10.0; Win64; x64) AppleWebKit/537.36 (KHTML, like Gecko) Chrome/120.0.0.0 Safari/537.36"
185.102.115.142 - - [27/Jan/2026:13:06:35 -0500] "GET /?author=48 HTTP/1.1" 301 4 "-" "Mozilla/5.0 (Windows NT 10.0; Win64; x64) AppleWebKit/537.36 (KHTML, like Gecko) Chrome/120.0.0.0 Safari/537.36"
185.102.115.142 - - [27/Jan/2026:13:06:47 -0500] "GET /?author=49 HTTP/1.1" 301 4 "-" "Mozilla/5.0 (Windows NT 10.0; Win64; x64) AppleWebKit/537.36 (KHTML, like Gecko) Chrome/120.0.0.0 Safari/537.36"
185.102.115.142 - - [27/Jan/2026:13:06:53 -0500] "GET /?author=50 HTTP/1.1" 301 4 "-" "Mozilla/5.0 (Windows NT 10.0; Win64; x64) AppleWebKit/537.36 (KHTML, like Gecko) Chrome/120.0.0.0 Safari/537.36"
185.102.115.142 - - [27/Jan/2026:13:07:01 -0500] "GET /?author=51 HTTP/1.1" 301 4 "-" "Mozilla/5.0 (Windows NT 10.0; Win64; x64) AppleWebKit/537.36 (KHTML, like Gecko) Chrome/120.0.0.0 Safari/537.36"
185.102.115.142 - - [27/Jan/2026:13:07:09 -0500] "GET /?author=52 HTTP/1.1" 301 4 "-" "Mozilla/5.0 (Windows NT 10.0; Win64; x64) AppleWebKit/537.36 (KHTML, like Gecko) Chrome/120.0.0.0 Safari/537.36"
185.102.115.142 - - [27/Jan/2026:13:07:17 -0500] "GET /?author=53 HTTP/1.1" 301 4 "-" "Mozilla/5.0 (Windows NT 10.0; Win64; x64) AppleWebKit/537.36 (KHTML, like Gecko) Chrome/120.0.0.0 Safari/537.36"
185.102.115.142 - - [27/Jan/2026:13:07:24 -0500] "GET /?author=54 HTTP/1.1" 301 4 "-" "Mozilla/5.0 (Windows NT 10.0; Win64; x64) AppleWebKit/537.36 (KHTML, like Gecko) Chrome/120.0.0.0 Safari/537.36"
185.102.115.142 - - [27/Jan/2026:13:07:31 -0500] "GET /?author=55 HTTP/1.1" 301 4 "-" "Mozilla/5.0 (Windows NT 10.0; Win64; x64) AppleWebKit/537.36 (KHTML, like Gecko) Chrome/120.0.0.0 Safari/537.36"
185.102.115.142 - - [27/Jan/2026:13:07:33 -0500] "GET /?author=56 HTTP/1.1" 301 4 "-" "Mozilla/5.0 (Windows NT 10.0; Win64; x64) AppleWebKit/537.36 (KHTML, like Gecko) Chrome/120.0.0.0 Safari/537.36"
185.102.115.142 - - [27/Jan/2026:13:07:37 -0500] "GET /?author=57 HTTP/1.1" 301 4 "-" "Mozilla/5.0 (Windows NT 10.0; Win64; x64) AppleWebKit/537.36 (KHTML, like Gecko) Chrome/120.0.0.0 Safari/537.36"
185.102.115.142 - - [27/Jan/2026:13:08:02 -0500] "GET /?author=58 HTTP/1.1" 301 4 "-" "Mozilla/5.0 (Windows NT 10.0; Win64; x64) AppleWebKit/537.36 (KHTML, like Gecko) Chrome/120.0.0.0 Safari/537.36"
185.102.115.142 - - [27/Jan/2026:13:08:24 -0500] "GET /?author=59 HTTP/1.1" 301 4 "-" "Mozilla/5.0 (Windows NT 10.0; Win64; x64) AppleWebKit/537.36 (KHTML, like Gecko) Chrome/120.0.0.0 Safari/537.36"
185.102.115.142 - - [27/Jan/2026:13:08:42 -0500] "GET /?author=60 HTTP/1.1" 301 4 "-" "Mozilla/5.0 (Windows NT 10.0; Win64; x64) AppleWebKit/537.36 (KHTML, like Gecko) Chrome/120.0.0.0 Safari/537.36"
185.102.115.142 - - [27/Jan/2026:13:08:52 -0500] "GET /?author=61 HTTP/1.1" 301 4 "-" "Mozilla/5.0 (Windows NT 10.0; Win64; x64) AppleWebKit/537.36 (KHTML, like Gecko) Chrome/120.0.0.0 Safari/537.36"
185.102.115.142 - - [27/Jan/2026:13:09:00 -0500] "GET /?author=62 HTTP/1.1" 301 4 "-" "Mozilla/5.0 (Windows NT 10.0; Win64; x64) AppleWebKit/537.36 (KHTML, like Gecko) Chrome/120.0.0.0 Safari/537.36"
185.102.115.142 - - [27/Jan/2026:13:09:11 -0500] "GET /?author=63 HTTP/1.1" 301 4 "-" "Mozilla/5.0 (Windows NT 10.0; Win64; x64) AppleWebKit/537.36 (KHTML, like Gecko) Chrome/120.0.0.0 Safari/537.36"
185.102.115.142 - - [27/Jan/2026:13:09:19 -0500] "GET /?author=64 HTTP/1.1" 301 4 "-" "Mozilla/5.0 (Windows NT 10.0; Win64; x64) AppleWebKit/537.36 (KHTML, like Gecko) Chrome/120.0.0.0 Safari/537.36"
185.102.115.142 - - [27/Jan/2026:13:09:36 -0500] "GET /?author=65 HTTP/1.1" 301 4 "-" "Mozilla/5.0 (Windows NT 10.0; Win64; x64) AppleWebKit/537.36 (KHTML, like Gecko) Chrome/120.0.0.0 Safari/537.36"
185.102.115.142 - - [27/Jan/2026:13:09:41 -0500] "GET /?author=66 HTTP/1.1" 301 4 "-" "Mozilla/5.0 (Windows NT 10.0; Win64; x64) AppleWebKit/537.36 (KHTML, like Gecko) Chrome/120.0.0.0 Safari/537.36"
185.102.115.142 - - [27/Jan/2026:13:09:45 -0500] "GET /?author=67 HTTP/1.1" 301 4 "-" "Mozilla/5.0 (Windows NT 10.0; Win64; x64) AppleWebKit/537.36 (KHTML, like Gecko) Chrome/120.0.0.0 Safari/537.36"
185.102.115.142 - - [27/Jan/2026:13:09:50 -0500] "GET /?author=68 HTTP/1.1" 301 4 "-" "Mozilla/5.0 (Windows NT 10.0; Win64; x64) AppleWebKit/537.36 (KHTML, like Gecko) Chrome/120.0.0.0 Safari/537.36"
185.102.115.142 - - [27/Jan/2026:13:09:55 -0500] "GET /?author=69 HTTP/1.1" 301 4 "-" "Mozilla/5.0 (Windows NT 10.0; Win64; x64) AppleWebKit/537.36 (KHTML, like Gecko) Chrome/120.0.0.0 Safari/537.36"
185.102.115.142 - - [27/Jan/2026:13:10:00 -0500] "GET /?author=70 HTTP/1.1" 301 4 "-" "Mozilla/5.0 (Windows NT 10.0; Win64; x64) AppleWebKit/537.36 (KHTML, like Gecko) Chrome/120.0.0.0 Safari/537.36"
185.102.115.142 - - [27/Jan/2026:13:10:04 -0500] "GET /?author=71 HTTP/1.1" 301 4 "-" "Mozilla/5.0 (Windows NT 10.0; Win64; x64) AppleWebKit/537.36 (KHTML, like Gecko) Chrome/120.0.0.0 Safari/537.36"
185.102.115.142 - - [27/Jan/2026:13:10:11 -0500] "GET /?author=72 HTTP/1.1" 301 4 "-" "Mozilla/5.0 (Windows NT 10.0; Win64; x64) AppleWebKit/537.36 (KHTML, like Gecko) Chrome/120.0.0.0 Safari/537.36"
185.102.115.142 - - [27/Jan/2026:13:10:15 -0500] "GET /?author=73 HTTP/1.1" 301 4 "-" "Mozilla/5.0 (Windows NT 10.0; Win64; x64) AppleWebKit/537.36 (KHTML, like Gecko) Chrome/120.0.0.0 Safari/537.36"
185.102.115.142 - - [27/Jan/2026:13:10:19 -0500] "GET /?author=74 HTTP/1.1" 301 4 "-" "Mozilla/5.0 (Windows NT 10.0; Win64; x64) AppleWebKit/537.36 (KHTML, like Gecko) Chrome/120.0.0.0 Safari/537.36"
185.102.115.142 - - [27/Jan/2026:13:10:27 -0500] "GET /?author=75 HTTP/1.1" 301 4 "-" "Mozilla/5.0 (Windows NT 10.0; Win64; x64) AppleWebKit/537.36 (KHTML, like Gecko) Chrome/120.0.0.0 Safari/537.36"
185.102.115.142 - - [27/Jan/2026:13:10:29 -0500] "GET /?author=76 HTTP/1.1" 301 4 "-" "Mozilla/5.0 (Windows NT 10.0; Win64; x64) AppleWebKit/537.36 (KHTML, like Gecko) Chrome/120.0.0.0 Safari/537.36"
185.102.115.142 - - [27/Jan/2026:13:10:30 -0500] "GET /?author=77 HTTP/1.1" 301 4 "-" "Mozilla/5.0 (Windows NT 10.0; Win64; x64) AppleWebKit/537.36 (KHTML, like Gecko) Chrome/120.0.0.0 Safari/537.36"
185.102.115.142 - - [27/Jan/2026:13:10:35 -0500] "GET /?author=78 HTTP/1.1" 301 4 "-" "Mozilla/5.0 (Windows NT 10.0; Win64; x64) AppleWebKit/537.36 (KHTML, like Gecko) Chrome/120.0.0.0 Safari/537.36"
185.102.115.142 - - [27/Jan/2026:13:10:45 -0500] "GET /?author=79 HTTP/1.1" 301 4 "-" "Mozilla/5.0 (Windows NT 10.0; Win64; x64) AppleWebKit/537.36 (KHTML, like Gecko) Chrome/120.0.0.0 Safari/537.36"
185.102.115.142 - - [27/Jan/2026:13:10:54 -0500] "GET /?author=80 HTTP/1.1" 301 4 "-" "Mozilla/5.0 (Windows NT 10.0; Win64; x64) AppleWebKit/537.36 (KHTML, like Gecko) Chrome/120.0.0.0 Safari/537.36"
185.102.115.142 - - [27/Jan/2026:13:11:05 -0500] "GET /wp-json/oembed/1.0/embed?url=studreviews.com/?p=1 HTTP/1.1" 404 287 "-" "Mozilla/5.0 (Windows NT 10.0; Win64; x64) AppleWebKit/537.36 (KHTML, like Gecko) Chrome/120.0.0.0 Safari/537.36"
185.102.115.142 - - [27/Jan/2026:13:11:09 -0500] "GET /wp-json/oembed/1.0/embed?url=studreviews.com/?p=2 HTTP/1.1" 404 287 "-" "Mozilla/5.0 (Windows NT 10.0; Win64; x64) AppleWebKit/537.36 (KHTML, like Gecko) Chrome/120.0.0.0 Safari/537.36"
185.102.115.142 - - [27/Jan/2026:13:11:14 -0500] "GET /wp-json/oembed/1.0/embed?url=studreviews.com/?p=3 HTTP/1.1" 404 287 "-" "Mozilla/5.0 (Windows NT 10.0; Win64; x64) AppleWebKit/537.36 (KHTML, like Gecko) Chrome/120.0.0.0 Safari/537.36"
185.102.115.142 - - [27/Jan/2026:13:11:20 -0500] "GET /wp-json/oembed/1.0/embed?url=studreviews.com/?p=4 HTTP/1.1" 404 287 "-" "Mozilla/5.0 (Windows NT 10.0; Win64; x64) AppleWebKit/537.36 (KHTML, like Gecko) Chrome/120.0.0.0 Safari/537.36"
185.102.115.142 - - [27/Jan/2026:13:11:22 -0500] "GET /wp-json/oembed/1.0/embed?url=studreviews.com/?p=5 HTTP/1.1" 404 287 "-" "Mozilla/5.0 (Windows NT 10.0; Win64; x64) AppleWebKit/537.36 (KHTML, like Gecko) Chrome/120.0.0.0 Safari/537.36"
51.210.214.160 - - [27/Jan/2026:13:11:24 -0500] "GET /index.php/gay-tube/zoo-sex-tube.html/feed HTTP/1.1" 200 5311 "-" "Mozilla/5.0 (X11; Linux i686) AppleWebKit/537.36 (KHTML, like Gecko) Chrome/30.0.1599.66 Safari/537.36"
185.102.115.142 - - [27/Jan/2026:13:11:29 -0500] "GET /wp-json/oembed/1.0/embed?url=studreviews.com/?p=6 HTTP/1.1" 404 287 "-" "Mozilla/5.0 (Windows NT 10.0; Win64; x64) AppleWebKit/537.36 (KHTML, like Gecko) Chrome/120.0.0.0 Safari/537.36"
185.102.115.142 - - [27/Jan/2026:13:11:40 -0500] "GET /wp-json/oembed/1.0/embed?url=studreviews.com/?p=7 HTTP/1.1" 404 287 "-" "Mozilla/5.0 (Windows NT 10.0; Win64; x64) AppleWebKit/537.36 (KHTML, like Gecko) Chrome/120.0.0.0 Safari/537.36"
185.102.115.142 - - [27/Jan/2026:13:11:43 -0500] "GET /wp-json/oembed/1.0/embed?url=studreviews.com/?p=8 HTTP/1.1" 404 287 "-" "Mozilla/5.0 (Windows NT 10.0; Win64; x64) AppleWebKit/537.36 (KHTML, like Gecko) Chrome/120.0.0.0 Safari/537.36"
185.102.115.142 - - [27/Jan/2026:13:11:49 -0500] "GET /wp-json/oembed/1.0/embed?url=studreviews.com/?p=9 HTTP/1.1" 404 287 "-" "Mozilla/5.0 (Windows NT 10.0; Win64; x64) AppleWebKit/537.36 (KHTML, like Gecko) Chrome/120.0.0.0 Safari/537.36"
185.102.115.142 - - [27/Jan/2026:13:11:54 -0500] "GET /wp-json/oembed/1.0/embed?url=studreviews.com/?p=10 HTTP/1.1" 404 287 "-" "Mozilla/5.0 (Windows NT 10.0; Win64; x64) AppleWebKit/537.36 (KHTML, like Gecko) Chrome/120.0.0.0 Safari/537.36"
185.102.115.142 - - [27/Jan/2026:13:12:12 -0500] "GET /wp-json/oembed/1.0/embed?url=studreviews.com/?p=11 HTTP/1.1" 404 287 "-" "Mozilla/5.0 (Windows NT 10.0; Win64; x64) AppleWebKit/537.36 (KHTML, like Gecko) Chrome/120.0.0.0 Safari/537.36"
185.102.115.142 - - [27/Jan/2026:13:12:15 -0500] "GET /wp-json/oembed/1.0/embed?url=studreviews.com/?p=12 HTTP/1.1" 404 287 "-" "Mozilla/5.0 (Windows NT 10.0; Win64; x64) AppleWebKit/537.36 (KHTML, like Gecko) Chrome/120.0.0.0 Safari/537.36"
185.102.115.142 - - [27/Jan/2026:13:12:18 -0500] "GET /wp-json/oembed/1.0/embed?url=studreviews.com/?p=13 HTTP/1.1" 404 287 "-" "Mozilla/5.0 (Windows NT 10.0; Win64; x64) AppleWebKit/537.36 (KHTML, like Gecko) Chrome/120.0.0.0 Safari/537.36"
185.102.115.142 - - [27/Jan/2026:13:12:31 -0500] "GET /wp-json/oembed/1.0/embed?url=studreviews.com/?p=14 HTTP/1.1" 404 287 "-" "Mozilla/5.0 (Windows NT 10.0; Win64; x64) AppleWebKit/537.36 (KHTML, like Gecko) Chrome/120.0.0.0 Safari/537.36"
185.102.115.142 - - [27/Jan/2026:13:12:38 -0500] "GET /wp-json/oembed/1.0/embed?url=studreviews.com/?p=15 HTTP/1.1" 404 287 "-" "Mozilla/5.0 (Windows NT 10.0; Win64; x64) AppleWebKit/537.36 (KHTML, like Gecko) Chrome/120.0.0.0 Safari/537.36"
185.102.115.142 - - [27/Jan/2026:13:13:24 -0500] "GET /wp-json/wp/v2/users/1 HTTP/1.1" 404 284 "-" "Mozilla/5.0 (Windows NT 10.0; Win64; x64) AppleWebKit/537.36 (KHTML, like Gecko) Chrome/120.0.0.0 Safari/537.36"
185.102.115.142 - - [27/Jan/2026:13:13:31 -0500] "GET /wp-json/wp/v2/users/2 HTTP/1.1" 404 284 "-" "Mozilla/5.0 (Windows NT 10.0; Win64; x64) AppleWebKit/537.36 (KHTML, like Gecko) Chrome/120.0.0.0 Safari/537.36"
185.102.115.142 - - [27/Jan/2026:13:13:39 -0500] "GET /wp-json/wp/v2/users/3 HTTP/1.1" 404 284 "-" "Mozilla/5.0 (Windows NT 10.0; Win64; x64) AppleWebKit/537.36 (KHTML, like Gecko) Chrome/120.0.0.0 Safari/537.36"
185.102.115.142 - - [27/Jan/2026:13:13:44 -0500] "GET /wp-json/wp/v2/users/4 HTTP/1.1" 404 284 "-" "Mozilla/5.0 (Windows NT 10.0; Win64; x64) AppleWebKit/537.36 (KHTML, like Gecko) Chrome/120.0.0.0 Safari/537.36"
185.102.115.142 - - [27/Jan/2026:13:13:57 -0500] "GET /wp-json/wp/v2/users/5 HTTP/1.1" 404 284 "-" "Mozilla/5.0 (Windows NT 10.0; Win64; x64) AppleWebKit/537.36 (KHTML, like Gecko) Chrome/120.0.0.0 Safari/537.36"
185.102.115.142 - - [27/Jan/2026:13:14:09 -0500] "GET /wp-json/wp/v2/users/6 HTTP/1.1" 404 284 "-" "Mozilla/5.0 (Windows NT 10.0; Win64; x64) AppleWebKit/537.36 (KHTML, like Gecko) Chrome/120.0.0.0 Safari/537.36"
185.102.115.142 - - [27/Jan/2026:13:14:16 -0500] "GET /wp-json/wp/v2/users/7 HTTP/1.1" 404 284 "-" "Mozilla/5.0 (Windows NT 10.0; Win64; x64) AppleWebKit/537.36 (KHTML, like Gecko) Chrome/120.0.0.0 Safari/537.36"
185.102.115.142 - - [27/Jan/2026:13:14:20 -0500] "GET /wp-json/wp/v2/users/8 HTTP/1.1" 404 284 "-" "Mozilla/5.0 (Windows NT 10.0; Win64; x64) AppleWebKit/537.36 (KHTML, like Gecko) Chrome/120.0.0.0 Safari/537.36"
185.102.115.142 - - [27/Jan/2026:13:14:36 -0500] "GET /wp-json/wp/v2/users/9 HTTP/1.1" 404 284 "-" "Mozilla/5.0 (Windows NT 10.0; Win64; x64) AppleWebKit/537.36 (KHTML, like Gecko) Chrome/120.0.0.0 Safari/537.36"
185.102.115.142 - - [27/Jan/2026:13:14:42 -0500] "GET /wp-json/wp/v2/users/10 HTTP/1.1" 404 285 "-" "Mozilla/5.0 (Windows NT 10.0; Win64; x64) AppleWebKit/537.36 (KHTML, like Gecko) Chrome/120.0.0.0 Safari/537.36"
185.102.115.142 - - [27/Jan/2026:13:14:45 -0500] "GET /wp-json/wp/v2/users/11 HTTP/1.1" 404 285 "-" "Mozilla/5.0 (Windows NT 10.0; Win64; x64) AppleWebKit/537.36 (KHTML, like Gecko) Chrome/120.0.0.0 Safari/537.36"
185.102.115.142 - - [27/Jan/2026:13:14:48 -0500] "GET /wp-json/wp/v2/users/12 HTTP/1.1" 404 285 "-" "Mozilla/5.0 (Windows NT 10.0; Win64; x64) AppleWebKit/537.36 (KHTML, like Gecko) Chrome/120.0.0.0 Safari/537.36"
185.102.115.142 - - [27/Jan/2026:13:15:14 -0500] "GET /wp-json/wp/v2/users/13 HTTP/1.1" 404 285 "-" "Mozilla/5.0 (Windows NT 10.0; Win64; x64) AppleWebKit/537.36 (KHTML, like Gecko) Chrome/120.0.0.0 Safari/537.36"
185.102.115.142 - - [27/Jan/2026:13:15:30 -0500] "GET /wp-json/wp/v2/users/14 HTTP/1.1" 404 285 "-" "Mozilla/5.0 (Windows NT 10.0; Win64; x64) AppleWebKit/537.36 (KHTML, like Gecko) Chrome/120.0.0.0 Safari/537.36"
185.102.115.142 - - [27/Jan/2026:13:15:34 -0500] "GET /wp-json/wp/v2/users/15 HTTP/1.1" 404 285 "-" "Mozilla/5.0 (Windows NT 10.0; Win64; x64) AppleWebKit/537.36 (KHTML, like Gecko) Chrome/120.0.0.0 Safari/537.36"
185.102.115.142 - - [27/Jan/2026:13:15:37 -0500] "GET /wp-json/wp/v2/users/16 HTTP/1.1" 404 285 "-" "Mozilla/5.0 (Windows NT 10.0; Win64; x64) AppleWebKit/537.36 (KHTML, like Gecko) Chrome/120.0.0.0 Safari/537.36"
185.102.115.142 - - [27/Jan/2026:13:15:44 -0500] "GET /wp-json/wp/v2/users/17 HTTP/1.1" 404 285 "-" "Mozilla/5.0 (Windows NT 10.0; Win64; x64) AppleWebKit/537.36 (KHTML, like Gecko) Chrome/120.0.0.0 Safari/537.36"
185.102.115.142 - - [27/Jan/2026:13:15:47 -0500] "GET /wp-json/wp/v2/users/18 HTTP/1.1" 404 285 "-" "Mozilla/5.0 (Windows NT 10.0; Win64; x64) AppleWebKit/537.36 (KHTML, like Gecko) Chrome/120.0.0.0 Safari/537.36"
185.102.115.142 - - [27/Jan/2026:13:15:53 -0500] "GET /wp-json/wp/v2/users/19 HTTP/1.1" 404 285 "-" "Mozilla/5.0 (Windows NT 10.0; Win64; x64) AppleWebKit/537.36 (KHTML, like Gecko) Chrome/120.0.0.0 Safari/537.36"
185.102.115.142 - - [27/Jan/2026:13:15:59 -0500] "GET /wp-json/wp/v2/users/20 HTTP/1.1" 404 285 "-" "Mozilla/5.0 (Windows NT 10.0; Win64; x64) AppleWebKit/537.36 (KHTML, like Gecko) Chrome/120.0.0.0 Safari/537.36"
185.102.115.142 - - [27/Jan/2026:13:16:12 -0500] "GET /wp-json/wp/v2/users/21 HTTP/1.1" 404 285 "-" "Mozilla/5.0 (Windows NT 10.0; Win64; x64) AppleWebKit/537.36 (KHTML, like Gecko) Chrome/120.0.0.0 Safari/537.36"
185.102.115.142 - - [27/Jan/2026:13:16:21 -0500] "GET /wp-json/wp/v2/users/22 HTTP/1.1" 404 285 "-" "Mozilla/5.0 (Windows NT 10.0; Win64; x64) AppleWebKit/537.36 (KHTML, like Gecko) Chrome/120.0.0.0 Safari/537.36"
185.102.115.142 - - [27/Jan/2026:13:16:25 -0500] "GET /wp-json/wp/v2/users/23 HTTP/1.1" 404 285 "-" "Mozilla/5.0 (Windows NT 10.0; Win64; x64) AppleWebKit/537.36 (KHTML, like Gecko) Chrome/120.0.0.0 Safari/537.36"
185.102.115.142 - - [27/Jan/2026:13:16:40 -0500] "GET /wp-json/wp/v2/users/24 HTTP/1.1" 404 285 "-" "Mozilla/5.0 (Windows NT 10.0; Win64; x64) AppleWebKit/537.36 (KHTML, like Gecko) Chrome/120.0.0.0 Safari/537.36"
185.102.115.142 - - [27/Jan/2026:13:16:49 -0500] "GET /wp-json/wp/v2/users/25 HTTP/1.1" 404 285 "-" "Mozilla/5.0 (Windows NT 10.0; Win64; x64) AppleWebKit/537.36 (KHTML, like Gecko) Chrome/120.0.0.0 Safari/537.36"
185.102.115.142 - - [27/Jan/2026:13:17:02 -0500] "GET /wp-json/wp/v2/users/26 HTTP/1.1" 404 285 "-" "Mozilla/5.0 (Windows NT 10.0; Win64; x64) AppleWebKit/537.36 (KHTML, like Gecko) Chrome/120.0.0.0 Safari/537.36"
185.102.115.142 - - [27/Jan/2026:13:17:04 -0500] "GET /wp-json/wp/v2/users/27 HTTP/1.1" 404 285 "-" "Mozilla/5.0 (Windows NT 10.0; Win64; x64) AppleWebKit/537.36 (KHTML, like Gecko) Chrome/120.0.0.0 Safari/537.36"
185.102.115.142 - - [27/Jan/2026:13:17:09 -0500] "GET /wp-json/wp/v2/users/28 HTTP/1.1" 404 285 "-" "Mozilla/5.0 (Windows NT 10.0; Win64; x64) AppleWebKit/537.36 (KHTML, like Gecko) Chrome/120.0.0.0 Safari/537.36"
185.102.115.142 - - [27/Jan/2026:13:17:12 -0500] "GET /wp-json/wp/v2/users/29 HTTP/1.1" 404 285 "-" "Mozilla/5.0 (Windows NT 10.0; Win64; x64) AppleWebKit/537.36 (KHTML, like Gecko) Chrome/120.0.0.0 Safari/537.36"
185.102.115.142 - - [27/Jan/2026:13:17:17 -0500] "GET /wp-json/wp/v2/users/30 HTTP/1.1" 404 285 "-" "Mozilla/5.0 (Windows NT 10.0; Win64; x64) AppleWebKit/537.36 (KHTML, like Gecko) Chrome/120.0.0.0 Safari/537.36"
185.102.115.142 - - [27/Jan/2026:13:17:20 -0500] "GET /wp-json/wp/v2/users/31 HTTP/1.1" 404 285 "-" "Mozilla/5.0 (Windows NT 10.0; Win64; x64) AppleWebKit/537.36 (KHTML, like Gecko) Chrome/120.0.0.0 Safari/537.36"
185.102.115.142 - - [27/Jan/2026:13:17:23 -0500] "GET /wp-json/wp/v2/users/32 HTTP/1.1" 404 285 "-" "Mozilla/5.0 (Windows NT 10.0; Win64; x64) AppleWebKit/537.36 (KHTML, like Gecko) Chrome/120.0.0.0 Safari/537.36"
185.102.115.142 - - [27/Jan/2026:13:17:40 -0500] "GET /wp-json/wp/v2/users/33 HTTP/1.1" 404 285 "-" "Mozilla/5.0 (Windows NT 10.0; Win64; x64) AppleWebKit/537.36 (KHTML, like Gecko) Chrome/120.0.0.0 Safari/537.36"
185.102.115.142 - - [27/Jan/2026:13:18:34 -0500] "GET /wp-json/wp/v2/users/34 HTTP/1.1" 404 285 "-" "Mozilla/5.0 (Windows NT 10.0; Win64; x64) AppleWebKit/537.36 (KHTML, like Gecko) Chrome/120.0.0.0 Safari/537.36"
51.210.214.160 - - [27/Jan/2026:13:19:02 -0500] "GET /index.php/gay-tube/teen-gay-sex.html/feed HTTP/1.1" 200 1297 "-" "Mozilla/5.0 (X11; Linux i686) AppleWebKit/537.36 (KHTML, like Gecko) Chrome/30.0.1599.66 Safari/537.36"
185.102.115.142 - - [27/Jan/2026:13:19:07 -0500] "GET /wp-json/wp/v2/users/35 HTTP/1.1" 404 285 "-" "Mozilla/5.0 (Windows NT 10.0; Win64; x64) AppleWebKit/537.36 (KHTML, like Gecko) Chrome/120.0.0.0 Safari/537.36"
185.102.115.142 - - [27/Jan/2026:13:19:29 -0500] "GET /wp-json/wp/v2/users/36 HTTP/1.1" 404 285 "-" "Mozilla/5.0 (Windows NT 10.0; Win64; x64) AppleWebKit/537.36 (KHTML, like Gecko) Chrome/120.0.0.0 Safari/537.36"
185.102.115.142 - - [27/Jan/2026:13:19:45 -0500] "GET /wp-json/wp/v2/users/37 HTTP/1.1" 404 285 "-" "Mozilla/5.0 (Windows NT 10.0; Win64; x64) AppleWebKit/537.36 (KHTML, like Gecko) Chrome/120.0.0.0 Safari/537.36"
185.102.115.142 - - [27/Jan/2026:13:19:54 -0500] "GET /wp-json/wp/v2/users/38 HTTP/1.1" 404 285 "-" "Mozilla/5.0 (Windows NT 10.0; Win64; x64) AppleWebKit/537.36 (KHTML, like Gecko) Chrome/120.0.0.0 Safari/537.36"
185.102.115.142 - - [27/Jan/2026:13:20:02 -0500] "GET /wp-json/wp/v2/users/39 HTTP/1.1" 404 285 "-" "Mozilla/5.0 (Windows NT 10.0; Win64; x64) AppleWebKit/537.36 (KHTML, like Gecko) Chrome/120.0.0.0 Safari/537.36"
185.102.115.142 - - [27/Jan/2026:13:20:05 -0500] "GET /wp-json/wp/v2/users/40 HTTP/1.1" 404 285 "-" "Mozilla/5.0 (Windows NT 10.0; Win64; x64) AppleWebKit/537.36 (KHTML, like Gecko) Chrome/120.0.0.0 Safari/537.36"
185.102.115.142 - - [27/Jan/2026:13:20:13 -0500] "GET /wp-json/wp/v2/users/41 HTTP/1.1" 404 285 "-" "Mozilla/5.0 (Windows NT 10.0; Win64; x64) AppleWebKit/537.36 (KHTML, like Gecko) Chrome/120.0.0.0 Safari/537.36"
185.102.115.142 - - [27/Jan/2026:13:20:20 -0500] "GET /wp-json/wp/v2/users/42 HTTP/1.1" 404 285 "-" "Mozilla/5.0 (Windows NT 10.0; Win64; x64) AppleWebKit/537.36 (KHTML, like Gecko) Chrome/120.0.0.0 Safari/537.36"
185.102.115.142 - - [27/Jan/2026:13:20:33 -0500] "GET /wp-json/wp/v2/users/43 HTTP/1.1" 404 285 "-" "Mozilla/5.0 (Windows NT 10.0; Win64; x64) AppleWebKit/537.36 (KHTML, like Gecko) Chrome/120.0.0.0 Safari/537.36"
185.102.115.142 - - [27/Jan/2026:13:20:36 -0500] "GET /wp-json/wp/v2/users/44 HTTP/1.1" 404 285 "-" "Mozilla/5.0 (Windows NT 10.0; Win64; x64) AppleWebKit/537.36 (KHTML, like Gecko) Chrome/120.0.0.0 Safari/537.36"
185.102.115.142 - - [27/Jan/2026:13:20:46 -0500] "GET /wp-json/wp/v2/users/45 HTTP/1.1" 404 285 "-" "Mozilla/5.0 (Windows NT 10.0; Win64; x64) AppleWebKit/537.36 (KHTML, like Gecko) Chrome/120.0.0.0 Safari/537.36"
185.102.115.142 - - [27/Jan/2026:13:20:53 -0500] "GET /wp-json/wp/v2/users/46 HTTP/1.1" 404 285 "-" "Mozilla/5.0 (Windows NT 10.0; Win64; x64) AppleWebKit/537.36 (KHTML, like Gecko) Chrome/120.0.0.0 Safari/537.36"
185.102.115.142 - - [27/Jan/2026:13:21:03 -0500] "GET /wp-json/wp/v2/users/47 HTTP/1.1" 404 285 "-" "Mozilla/5.0 (Windows NT 10.0; Win64; x64) AppleWebKit/537.36 (KHTML, like Gecko) Chrome/120.0.0.0 Safari/537.36"
185.102.115.142 - - [27/Jan/2026:13:21:14 -0500] "GET /wp-json/wp/v2/users/48 HTTP/1.1" 404 285 "-" "Mozilla/5.0 (Windows NT 10.0; Win64; x64) AppleWebKit/537.36 (KHTML, like Gecko) Chrome/120.0.0.0 Safari/537.36"
185.102.115.142 - - [27/Jan/2026:13:21:20 -0500] "GET /wp-json/wp/v2/users/49 HTTP/1.1" 404 285 "-" "Mozilla/5.0 (Windows NT 10.0; Win64; x64) AppleWebKit/537.36 (KHTML, like Gecko) Chrome/120.0.0.0 Safari/537.36"
185.102.115.142 - - [27/Jan/2026:13:21:25 -0500] "GET /wp-json/wp/v2/users/50 HTTP/1.1" 404 285 "-" "Mozilla/5.0 (Windows NT 10.0; Win64; x64) AppleWebKit/537.36 (KHTML, like Gecko) Chrome/120.0.0.0 Safari/537.36"
185.102.115.142 - - [27/Jan/2026:13:21:28 -0500] "GET /wp-json/wp/v2/users/51 HTTP/1.1" 404 285 "-" "Mozilla/5.0 (Windows NT 10.0; Win64; x64) AppleWebKit/537.36 (KHTML, like Gecko) Chrome/120.0.0.0 Safari/537.36"
185.102.115.142 - - [27/Jan/2026:13:21:33 -0500] "GET /wp-json/wp/v2/users/52 HTTP/1.1" 404 285 "-" "Mozilla/5.0 (Windows NT 10.0; Win64; x64) AppleWebKit/537.36 (KHTML, like Gecko) Chrome/120.0.0.0 Safari/537.36"
185.102.115.142 - - [27/Jan/2026:13:21:43 -0500] "GET /wp-json/wp/v2/users/53 HTTP/1.1" 404 285 "-" "Mozilla/5.0 (Windows NT 10.0; Win64; x64) AppleWebKit/537.36 (KHTML, like Gecko) Chrome/120.0.0.0 Safari/537.36"
185.102.115.142 - - [27/Jan/2026:13:21:47 -0500] "GET /wp-json/wp/v2/users/54 HTTP/1.1" 404 285 "-" "Mozilla/5.0 (Windows NT 10.0; Win64; x64) AppleWebKit/537.36 (KHTML, like Gecko) Chrome/120.0.0.0 Safari/537.36"
185.102.115.142 - - [27/Jan/2026:13:21:55 -0500] "GET /wp-json/wp/v2/users/55 HTTP/1.1" 404 285 "-" "Mozilla/5.0 (Windows NT 10.0; Win64; x64) AppleWebKit/537.36 (KHTML, like Gecko) Chrome/120.0.0.0 Safari/537.36"
