185.102.115.142 - - [27/Jan/2026:13:22:01 -0500] "GET /wp-json/wp/v2/users/56 HTTP/1.1" 404 285 "-" "Mozilla/5.0 (Windows NT 10.0; Win64; x64) AppleWebKit/537.36 (KHTML, like Gecko) Chrome/120.0.0.0 Safari/537.36"
185.102.115.142 - - [27/Jan/2026:13:22:10 -0500] "GET /wp-json/wp/v2/users/57 HTTP/1.1" 404 285 "-" "Mozilla/5.0 (Windows NT 10.0; Win64; x64) AppleWebKit/537.36 (KHTML, like Gecko) Chrome/120.0.0.0 Safari/537.36"
185.102.115.142 - - [27/Jan/2026:13:22:16 -0500] "GET /wp-json/wp/v2/users/58 HTTP/1.1" 404 285 "-" "Mozilla/5.0 (Windows NT 10.0; Win64; x64) AppleWebKit/537.36 (KHTML, like Gecko) Chrome/120.0.0.0 Safari/537.36"
185.102.115.142 - - [27/Jan/2026:13:22:21 -0500] "GET /wp-json/wp/v2/users/59 HTTP/1.1" 404 285 "-" "Mozilla/5.0 (Windows NT 10.0; Win64; x64) AppleWebKit/537.36 (KHTML, like Gecko) Chrome/120.0.0.0 Safari/537.36"
185.102.115.142 - - [27/Jan/2026:13:22:31 -0500] "GET /wp-json/wp/v2/users/60 HTTP/1.1" 404 285 "-" "Mozilla/5.0 (Windows NT 10.0; Win64; x64) AppleWebKit/537.36 (KHTML, like Gecko) Chrome/120.0.0.0 Safari/537.36"
185.102.115.142 - - [27/Jan/2026:13:22:38 -0500] "GET /wp-json/wp/v2/users/61 HTTP/1.1" 404 285 "-" "Mozilla/5.0 (Windows NT 10.0; Win64; x64) AppleWebKit/537.36 (KHTML, like Gecko) Chrome/120.0.0.0 Safari/537.36"
185.102.115.142 - - [27/Jan/2026:13:22:47 -0500] "GET /wp-json/wp/v2/users/62 HTTP/1.1" 404 285 "-" "Mozilla/5.0 (Windows NT 10.0; Win64; x64) AppleWebKit/537.36 (KHTML, like Gecko) Chrome/120.0.0.0 Safari/537.36"
185.102.115.142 - - [27/Jan/2026:13:22:55 -0500] "GET /wp-json/wp/v2/users/63 HTTP/1.1" 404 285 "-" "Mozilla/5.0 (Windows NT 10.0; Win64; x64) AppleWebKit/537.36 (KHTML, like Gecko) Chrome/120.0.0.0 Safari/537.36"
185.102.115.142 - - [27/Jan/2026:13:23:14 -0500] "GET /wp-json/wp/v2/users/64 HTTP/1.1" 404 285 "-" "Mozilla/5.0 (Windows NT 10.0; Win64; x64) AppleWebKit/537.36 (KHTML, like Gecko) Chrome/120.0.0.0 Safari/537.36"
185.102.115.142 - - [27/Jan/2026:13:23:31 -0500] "GET /wp-json/wp/v2/users/65 HTTP/1.1" 404 285 "-" "Mozilla/5.0 (Windows NT 10.0; Win64; x64) AppleWebKit/537.36 (KHTML, like Gecko) Chrome/120.0.0.0 Safari/537.36"
185.102.115.142 - - [27/Jan/2026:13:23:49 -0500] "GET /wp-json/wp/v2/users/66 HTTP/1.1" 404 285 "-" "Mozilla/5.0 (Windows NT 10.0; Win64; x64) AppleWebKit/537.36 (KHTML, like Gecko) Chrome/120.0.0.0 Safari/537.36"
185.102.115.142 - - [27/Jan/2026:13:24:01 -0500] "GET /wp-json/wp/v2/users/67 HTTP/1.1" 404 285 "-" "Mozilla/5.0 (Windows NT 10.0; Win64; x64) AppleWebKit/537.36 (KHTML, like Gecko) Chrome/120.0.0.0 Safari/537.36"
185.102.115.142 - - [27/Jan/2026:13:24:18 -0500] "GET /wp-json/wp/v2/users/68 HTTP/1.1" 404 285 "-" "Mozilla/5.0 (Windows NT 10.0; Win64; x64) AppleWebKit/537.36 (KHTML, like Gecko) Chrome/120.0.0.0 Safari/537.36"
185.102.115.142 - - [27/Jan/2026:13:24:29 -0500] "GET /wp-json/wp/v2/users/69 HTTP/1.1" 404 285 "-" "Mozilla/5.0 (Windows NT 10.0; Win64; x64) AppleWebKit/537.36 (KHTML, like Gecko) Chrome/120.0.0.0 Safari/537.36"
185.102.115.142 - - [27/Jan/2026:13:24:34 -0500] "GET /wp-json/wp/v2/users/70 HTTP/1.1" 404 285 "-" "Mozilla/5.0 (Windows NT 10.0; Win64; x64) AppleWebKit/537.36 (KHTML, like Gecko) Chrome/120.0.0.0 Safari/537.36"
185.102.115.142 - - [27/Jan/2026:13:24:41 -0500] "GET /wp-json/wp/v2/users/71 HTTP/1.1" 404 285 "-" "Mozilla/5.0 (Windows NT 10.0; Win64; x64) AppleWebKit/537.36 (KHTML, like Gecko) Chrome/120.0.0.0 Safari/537.36"
185.102.115.142 - - [27/Jan/2026:13:25:01 -0500] "GET /wp-json/wp/v2/users/72 HTTP/1.1" 404 285 "-" "Mozilla/5.0 (Windows NT 10.0; Win64; x64) AppleWebKit/537.36 (KHTML, like Gecko) Chrome/120.0.0.0 Safari/537.36"
185.102.115.142 - - [27/Jan/2026:13:25:17 -0500] "GET /wp-json/wp/v2/users/73 HTTP/1.1" 404 285 "-" "Mozilla/5.0 (Windows NT 10.0; Win64; x64) AppleWebKit/537.36 (KHTML, like Gecko) Chrome/120.0.0.0 Safari/537.36"
185.102.115.142 - - [27/Jan/2026:13:25:25 -0500] "GET /wp-json/wp/v2/users/74 HTTP/1.1" 404 285 "-" "Mozilla/5.0 (Windows NT 10.0; Win64; x64) AppleWebKit/537.36 (KHTML, like Gecko) Chrome/120.0.0.0 Safari/537.36"
185.102.115.142 - - [27/Jan/2026:13:25:27 -0500] "GET /wp-json/wp/v2/users/75 HTTP/1.1" 404 285 "-" "Mozilla/5.0 (Windows NT 10.0; Win64; x64) AppleWebKit/537.36 (KHTML, like Gecko) Chrome/120.0.0.0 Safari/537.36"
185.102.115.142 - - [27/Jan/2026:13:25:34 -0500] "GET /wp-json/wp/v2/users/76 HTTP/1.1" 404 285 "-" "Mozilla/5.0 (Windows NT 10.0; Win64; x64) AppleWebKit/537.36 (KHTML, like Gecko) Chrome/120.0.0.0 Safari/537.36"
185.102.115.142 - - [27/Jan/2026:13:25:44 -0500] "GET /wp-json/wp/v2/users/77 HTTP/1.1" 404 285 "-" "Mozilla/5.0 (Windows NT 10.0; Win64; x64) AppleWebKit/537.36 (KHTML, like Gecko) Chrome/120.0.0.0 Safari/537.36"
185.102.115.142 - - [27/Jan/2026:13:25:53 -0500] "GET /wp-json/wp/v2/users/78 HTTP/1.1" 404 285 "-" "Mozilla/5.0 (Windows NT 10.0; Win64; x64) AppleWebKit/537.36 (KHTML, like Gecko) Chrome/120.0.0.0 Safari/537.36"
185.102.115.142 - - [27/Jan/2026:13:25:56 -0500] "GET /wp-json/wp/v2/users/79 HTTP/1.1" 404 285 "-" "Mozilla/5.0 (Windows NT 10.0; Win64; x64) AppleWebKit/537.36 (KHTML, like Gecko) Chrome/120.0.0.0 Safari/537.36"
185.102.115.142 - - [27/Jan/2026:13:25:58 -0500] "GET /wp-json/wp/v2/users/80 HTTP/1.1" 404 285 "-" "Mozilla/5.0 (Windows NT 10.0; Win64; x64) AppleWebKit/537.36 (KHTML, like Gecko) Chrome/120.0.0.0 Safari/537.36"
185.102.115.142 - - [27/Jan/2026:13:26:05 -0500] "GET /wp-json/wp/v2/users/81 HTTP/1.1" 404 285 "-" "Mozilla/5.0 (Windows NT 10.0; Win64; x64) AppleWebKit/537.36 (KHTML, like Gecko) Chrome/120.0.0.0 Safari/537.36"
185.102.115.142 - - [27/Jan/2026:13:26:22 -0500] "GET /wp-json/wp/v2/users/82 HTTP/1.1" 404 285 "-" "Mozilla/5.0 (Windows NT 10.0; Win64; x64) AppleWebKit/537.36 (KHTML, like Gecko) Chrome/120.0.0.0 Safari/537.36"
185.102.115.142 - - [27/Jan/2026:13:26:48 -0500] "GET /wp-json/wp/v2/users/83 HTTP/1.1" 404 285 "-" "Mozilla/5.0 (Windows NT 10.0; Win64; x64) AppleWebKit/537.36 (KHTML, like Gecko) Chrome/120.0.0.0 Safari/537.36"
185.102.115.142 - - [27/Jan/2026:13:26:57 -0500] "GET /wp-json/wp/v2/users/84 HTTP/1.1" 404 285 "-" "Mozilla/5.0 (Windows NT 10.0; Win64; x64) AppleWebKit/537.36 (KHTML, like Gecko) Chrome/120.0.0.0 Safari/537.36"
185.102.115.142 - - [27/Jan/2026:13:27:02 -0500] "GET /wp-json/wp/v2/users/85 HTTP/1.1" 404 285 "-" "Mozilla/5.0 (Windows NT 10.0; Win64; x64) AppleWebKit/537.36 (KHTML, like Gecko) Chrome/120.0.0.0 Safari/537.36"
185.102.115.142 - - [27/Jan/2026:13:27:14 -0500] "GET /wp-json/wp/v2/users/86 HTTP/1.1" 404 285 "-" "Mozilla/5.0 (Windows NT 10.0; Win64; x64) AppleWebKit/537.36 (KHTML, like Gecko) Chrome/120.0.0.0 Safari/537.36"
185.102.115.142 - - [27/Jan/2026:13:27:16 -0500] "GET /wp-json/wp/v2/users/87 HTTP/1.1" 404 285 "-" "Mozilla/5.0 (Windows NT 10.0; Win64; x64) AppleWebKit/537.36 (KHTML, like Gecko) Chrome/120.0.0.0 Safari/537.36"
185.102.115.142 - - [27/Jan/2026:13:27:19 -0500] "GET /wp-json/wp/v2/users/88 HTTP/1.1" 404 285 "-" "Mozilla/5.0 (Windows NT 10.0; Win64; x64) AppleWebKit/537.36 (KHTML, like Gecko) Chrome/120.0.0.0 Safari/537.36"
185.102.115.142 - - [27/Jan/2026:13:27:22 -0500] "GET /wp-json/wp/v2/users/89 HTTP/1.1" 404 285 "-" "Mozilla/5.0 (Windows NT 10.0; Win64; x64) AppleWebKit/537.36 (KHTML, like Gecko) Chrome/120.0.0.0 Safari/537.36"
185.102.115.142 - - [27/Jan/2026:13:27:28 -0500] "GET /wp-json/wp/v2/users/90 HTTP/1.1" 404 285 "-" "Mozilla/5.0 (Windows NT 10.0; Win64; x64) AppleWebKit/537.36 (KHTML, like Gecko) Chrome/120.0.0.0 Safari/537.36"
185.102.115.142 - - [27/Jan/2026:13:27:32 -0500] "GET /wp-json/wp/v2/users/91 HTTP/1.1" 404 285 "-" "Mozilla/5.0 (Windows NT 10.0; Win64; x64) AppleWebKit/537.36 (KHTML, like Gecko) Chrome/120.0.0.0 Safari/537.36"
185.102.115.142 - - [27/Jan/2026:13:27:35 -0500] "GET /wp-json/wp/v2/users/92 HTTP/1.1" 404 285 "-" "Mozilla/5.0 (Windows NT 10.0; Win64; x64) AppleWebKit/537.36 (KHTML, like Gecko) Chrome/120.0.0.0 Safari/537.36"
185.102.115.142 - - [27/Jan/2026:13:28:01 -0500] "GET /wp-json/wp/v2/users/93 HTTP/1.1" 404 285 "-" "Mozilla/5.0 (Windows NT 10.0; Win64; x64) AppleWebKit/537.36 (KHTML, like Gecko) Chrome/120.0.0.0 Safari/537.36"
185.102.115.142 - - [27/Jan/2026:13:29:02 -0500] "GET /wp-json/wp/v2/users/94 HTTP/1.1" 404 285 "-" "Mozilla/5.0 (Windows NT 10.0; Win64; x64) AppleWebKit/537.36 (KHTML, like Gecko) Chrome/120.0.0.0 Safari/537.36"
185.102.115.142 - - [27/Jan/2026:13:30:19 -0500] "GET /wp-json/wp/v2/users/95 HTTP/1.1" 404 285 "-" "Mozilla/5.0 (Windows NT 10.0; Win64; x64) AppleWebKit/537.36 (KHTML, like Gecko) Chrome/120.0.0.0 Safari/537.36"
185.102.115.142 - - [27/Jan/2026:13:30:56 -0500] "GET /wp-json/wp/v2/users/96 HTTP/1.1" 404 285 "-" "Mozilla/5.0 (Windows NT 10.0; Win64; x64) AppleWebKit/537.36 (KHTML, like Gecko) Chrome/120.0.0.0 Safari/537.36"
185.102.115.142 - - [27/Jan/2026:13:31:23 -0500] "GET /wp-json/wp/v2/users/97 HTTP/1.1" 404 285 "-" "Mozilla/5.0 (Windows NT 10.0; Win64; x64) AppleWebKit/537.36 (KHTML, like Gecko) Chrome/120.0.0.0 Safari/537.36"
185.102.115.142 - - [27/Jan/2026:13:31:33 -0500] "GET /wp-json/wp/v2/users/98 HTTP/1.1" 404 285 "-" "Mozilla/5.0 (Windows NT 10.0; Win64; x64) AppleWebKit/537.36 (KHTML, like Gecko) Chrome/120.0.0.0 Safari/537.36"
185.102.115.142 - - [27/Jan/2026:13:31:56 -0500] "GET /wp-json/wp/v2/users/99 HTTP/1.1" 404 285 "-" "Mozilla/5.0 (Windows NT 10.0; Win64; x64) AppleWebKit/537.36 (KHTML, like Gecko) Chrome/120.0.0.0 Safari/537.36"
185.102.115.142 - - [27/Jan/2026:13:32:12 -0500] "GET /wp-json/wp/v2/users/100 HTTP/1.1" 404 286 "-" "Mozilla/5.0 (Windows NT 10.0; Win64; x64) AppleWebKit/537.36 (KHTML, like Gecko) Chrome/120.0.0.0 Safari/537.36"
185.102.115.142 - - [27/Jan/2026:13:32:17 -0500] "GET /wp-json/wp/v2/users/101 HTTP/1.1" 404 286 "-" "Mozilla/5.0 (Windows NT 10.0; Win64; x64) AppleWebKit/537.36 (KHTML, like Gecko) Chrome/120.0.0.0 Safari/537.36"
185.102.115.142 - - [27/Jan/2026:13:32:26 -0500] "GET /wp-json/wp/v2/users/102 HTTP/1.1" 404 286 "-" "Mozilla/5.0 (Windows NT 10.0; Win64; x64) AppleWebKit/537.36 (KHTML, like Gecko) Chrome/120.0.0.0 Safari/537.36"
185.102.115.142 - - [27/Jan/2026:13:32:33 -0500] "GET /wp-json/wp/v2/users/103 HTTP/1.1" 404 286 "-" "Mozilla/5.0 (Windows NT 10.0; Win64; x64) AppleWebKit/537.36 (KHTML, like Gecko) Chrome/120.0.0.0 Safari/537.36"
185.102.115.142 - - [27/Jan/2026:13:32:39 -0500] "GET /wp-json/wp/v2/users/104 HTTP/1.1" 404 286 "-" "Mozilla/5.0 (Windows NT 10.0; Win64; x64) AppleWebKit/537.36 (KHTML, like Gecko) Chrome/120.0.0.0 Safari/537.36"
185.102.115.142 - - [27/Jan/2026:13:32:44 -0500] "GET /wp-json/wp/v2/users/105 HTTP/1.1" 404 286 "-" "Mozilla/5.0 (Windows NT 10.0; Win64; x64) AppleWebKit/537.36 (KHTML, like Gecko) Chrome/120.0.0.0 Safari/537.36"
185.102.115.142 - - [27/Jan/2026:13:32:52 -0500] "GET /wp-json/wp/v2/users/106 HTTP/1.1" 404 286 "-" "Mozilla/5.0 (Windows NT 10.0; Win64; x64) AppleWebKit/537.36 (KHTML, like Gecko) Chrome/120.0.0.0 Safari/537.36"
185.102.115.142 - - [27/Jan/2026:13:32:58 -0500] "GET /wp-json/wp/v2/users/107 HTTP/1.1" 404 286 "-" "Mozilla/5.0 (Windows NT 10.0; Win64; x64) AppleWebKit/537.36 (KHTML, like Gecko) Chrome/120.0.0.0 Safari/537.36"
185.102.115.142 - - [27/Jan/2026:13:33:05 -0500] "GET /wp-json/wp/v2/users/108 HTTP/1.1" 404 286 "-" "Mozilla/5.0 (Windows NT 10.0; Win64; x64) AppleWebKit/537.36 (KHTML, like Gecko) Chrome/120.0.0.0 Safari/537.36"
185.102.115.142 - - [27/Jan/2026:13:33:13 -0500] "GET /wp-json/wp/v2/users/109 HTTP/1.1" 404 286 "-" "Mozilla/5.0 (Windows NT 10.0; Win64; x64) AppleWebKit/537.36 (KHTML, like Gecko) Chrome/120.0.0.0 Safari/537.36"
185.102.115.142 - - [27/Jan/2026:13:33:17 -0500] "GET /wp-json/wp/v2/users/110 HTTP/1.1" 404 286 "-" "Mozilla/5.0 (Windows NT 10.0; Win64; x64) AppleWebKit/537.36 (KHTML, like Gecko) Chrome/120.0.0.0 Safari/537.36"
185.102.115.142 - - [27/Jan/2026:13:33:30 -0500] "GET /wp-json/wp/v2/users/111 HTTP/1.1" 404 286 "-" "Mozilla/5.0 (Windows NT 10.0; Win64; x64) AppleWebKit/537.36 (KHTML, like Gecko) Chrome/120.0.0.0 Safari/537.36"
185.102.115.142 - - [27/Jan/2026:13:33:38 -0500] "GET /wp-json/wp/v2/users/112 HTTP/1.1" 404 286 "-" "Mozilla/5.0 (Windows NT 10.0; Win64; x64) AppleWebKit/537.36 (KHTML, like Gecko) Chrome/120.0.0.0 Safari/537.36"
185.102.115.142 - - [27/Jan/2026:13:33:45 -0500] "GET /wp-json/wp/v2/users/113 HTTP/1.1" 404 286 "-" "Mozilla/5.0 (Windows NT 10.0; Win64; x64) AppleWebKit/537.36 (KHTML, like Gecko) Chrome/120.0.0.0 Safari/537.36"
185.102.115.142 - - [27/Jan/2026:13:33:49 -0500] "GET /wp-json/wp/v2/users/114 HTTP/1.1" 404 286 "-" "Mozilla/5.0 (Windows NT 10.0; Win64; x64) AppleWebKit/537.36 (KHTML, like Gecko) Chrome/120.0.0.0 Safari/537.36"
185.102.115.142 - - [27/Jan/2026:13:33:58 -0500] "GET /wp-json/wp/v2/users/115 HTTP/1.1" 404 286 "-" "Mozilla/5.0 (Windows NT 10.0; Win64; x64) AppleWebKit/537.36 (KHTML, like Gecko) Chrome/120.0.0.0 Safari/537.36"
185.102.115.142 - - [27/Jan/2026:13:34:04 -0500] "GET /wp-json/wp/v2/users/116 HTTP/1.1" 404 286 "-" "Mozilla/5.0 (Windows NT 10.0; Win64; x64) AppleWebKit/537.36 (KHTML, like Gecko) Chrome/120.0.0.0 Safari/537.36"
185.102.115.142 - - [27/Jan/2026:13:34:08 -0500] "GET /wp-json/wp/v2/users/117 HTTP/1.1" 404 286 "-" "Mozilla/5.0 (Windows NT 10.0; Win64; x64) AppleWebKit/537.36 (KHTML, like Gecko) Chrome/120.0.0.0 Safari/537.36"
185.102.115.142 - - [27/Jan/2026:13:34:10 -0500] "GET /wp-json/wp/v2/users/118 HTTP/1.1" 404 286 "-" "Mozilla/5.0 (Windows NT 10.0; Win64; x64) AppleWebKit/537.36 (KHTML, like Gecko) Chrome/120.0.0.0 Safari/537.36"
185.102.115.142 - - [27/Jan/2026:13:34:12 -0500] "GET /wp-json/wp/v2/users/119 HTTP/1.1" 404 286 "-" "Mozilla/5.0 (Windows NT 10.0; Win64; x64) AppleWebKit/537.36 (KHTML, like Gecko) Chrome/120.0.0.0 Safari/537.36"
185.102.115.142 - - [27/Jan/2026:13:34:19 -0500] "GET /wp-json/wp/v2/users/120 HTTP/1.1" 404 286 "-" "Mozilla/5.0 (Windows NT 10.0; Win64; x64) AppleWebKit/537.36 (KHTML, like Gecko) Chrome/120.0.0.0 Safari/537.36"
185.102.115.142 - - [27/Jan/2026:13:34:26 -0500] "GET /wp-json/wp/v2/users/121 HTTP/1.1" 404 286 "-" "Mozilla/5.0 (Windows NT 10.0; Win64; x64) AppleWebKit/537.36 (KHTML, like Gecko) Chrome/120.0.0.0 Safari/537.36"
185.102.115.142 - - [27/Jan/2026:13:34:31 -0500] "GET /wp-json/wp/v2/users/122 HTTP/1.1" 404 286 "-" "Mozilla/5.0 (Windows NT 10.0; Win64; x64) AppleWebKit/537.36 (KHTML, like Gecko) Chrome/120.0.0.0 Safari/537.36"
185.102.115.142 - - [27/Jan/2026:13:34:38 -0500] "GET /wp-json/wp/v2/users/123 HTTP/1.1" 404 286 "-" "Mozilla/5.0 (Windows NT 10.0; Win64; x64) AppleWebKit/537.36 (KHTML, like Gecko) Chrome/120.0.0.0 Safari/537.36"
185.102.115.142 - - [27/Jan/2026:13:34:54 -0500] "GET /wp-json/wp/v2/users/124 HTTP/1.1" 404 286 "-" "Mozilla/5.0 (Windows NT 10.0; Win64; x64) AppleWebKit/537.36 (KHTML, like Gecko) Chrome/120.0.0.0 Safari/537.36"
185.102.115.142 - - [27/Jan/2026:13:34:58 -0500] "GET /wp-json/wp/v2/users/125 HTTP/1.1" 404 286 "-" "Mozilla/5.0 (Windows NT 10.0; Win64; x64) AppleWebKit/537.36 (KHTML, like Gecko) Chrome/120.0.0.0 Safari/537.36"
185.102.115.142 - - [27/Jan/2026:13:35:03 -0500] "GET /wp-json/wp/v2/users/126 HTTP/1.1" 404 286 "-" "Mozilla/5.0 (Windows NT 10.0; Win64; x64) AppleWebKit/537.36 (KHTML, like Gecko) Chrome/120.0.0.0 Safari/537.36"
185.102.115.142 - - [27/Jan/2026:13:35:08 -0500] "GET /wp-json/wp/v2/users/127 HTTP/1.1" 404 286 "-" "Mozilla/5.0 (Windows NT 10.0; Win64; x64) AppleWebKit/537.36 (KHTML, like Gecko) Chrome/120.0.0.0 Safari/537.36"
185.102.115.142 - - [27/Jan/2026:13:35:10 -0500] "GET /wp-json/wp/v2/users/128 HTTP/1.1" 404 286 "-" "Mozilla/5.0 (Windows NT 10.0; Win64; x64) AppleWebKit/537.36 (KHTML, like Gecko) Chrome/120.0.0.0 Safari/537.36"
185.102.115.142 - - [27/Jan/2026:13:35:24 -0500] "GET /wp-json/wp/v2/users/129 HTTP/1.1" 404 286 "-" "Mozilla/5.0 (Windows NT 10.0; Win64; x64) AppleWebKit/537.36 (KHTML, like Gecko) Chrome/120.0.0.0 Safari/537.36"
185.102.115.142 - - [27/Jan/2026:13:35:34 -0500] "GET /wp-json/wp/v2/users/130 HTTP/1.1" 404 286 "-" "Mozilla/5.0 (Windows NT 10.0; Win64; x64) AppleWebKit/537.36 (KHTML, like Gecko) Chrome/120.0.0.0 Safari/537.36"
185.102.115.142 - - [27/Jan/2026:13:35:39 -0500] "GET /wp-json/wp/v2/users/131 HTTP/1.1" 404 286 "-" "Mozilla/5.0 (Windows NT 10.0; Win64; x64) AppleWebKit/537.36 (KHTML, like Gecko) Chrome/120.0.0.0 Safari/537.36"
185.102.115.142 - - [27/Jan/2026:13:35:41 -0500] "GET /wp-json/wp/v2/users/132 HTTP/1.1" 404 286 "-" "Mozilla/5.0 (Windows NT 10.0; Win64; x64) AppleWebKit/537.36 (KHTML, like Gecko) Chrome/120.0.0.0 Safari/537.36"
185.102.115.142 - - [27/Jan/2026:13:35:54 -0500] "GET /wp-json/wp/v2/users/133 HTTP/1.1" 404 286 "-" "Mozilla/5.0 (Windows NT 10.0; Win64; x64) AppleWebKit/537.36 (KHTML, like Gecko) Chrome/120.0.0.0 Safari/537.36"
185.102.115.142 - - [27/Jan/2026:13:36:02 -0500] "GET /wp-json/wp/v2/users/134 HTTP/1.1" 404 286 "-" "Mozilla/5.0 (Windows NT 10.0; Win64; x64) AppleWebKit/537.36 (KHTML, like Gecko) Chrome/120.0.0.0 Safari/537.36"
185.102.115.142 - - [27/Jan/2026:13:36:08 -0500] "GET /wp-json/wp/v2/users/135 HTTP/1.1" 404 286 "-" "Mozilla/5.0 (Windows NT 10.0; Win64; x64) AppleWebKit/537.36 (KHTML, like Gecko) Chrome/120.0.0.0 Safari/537.36"
185.102.115.142 - - [27/Jan/2026:13:36:26 -0500] "GET /wp-json/wp/v2/users/136 HTTP/1.1" 404 286 "-" "Mozilla/5.0 (Windows NT 10.0; Win64; x64) AppleWebKit/537.36 (KHTML, like Gecko) Chrome/120.0.0.0 Safari/537.36"
185.102.115.142 - - [27/Jan/2026:13:36:31 -0500] "GET /wp-json/wp/v2/users/137 HTTP/1.1" 404 286 "-" "Mozilla/5.0 (Windows NT 10.0; Win64; x64) AppleWebKit/537.36 (KHTML, like Gecko) Chrome/120.0.0.0 Safari/537.36"
185.102.115.142 - - [27/Jan/2026:13:36:42 -0500] "GET /wp-json/wp/v2/users/138 HTTP/1.1" 404 286 "-" "Mozilla/5.0 (Windows NT 10.0; Win64; x64) AppleWebKit/537.36 (KHTML, like Gecko) Chrome/120.0.0.0 Safari/537.36"
185.102.115.142 - - [27/Jan/2026:13:36:49 -0500] "GET /wp-json/wp/v2/users/139 HTTP/1.1" 404 286 "-" "Mozilla/5.0 (Windows NT 10.0; Win64; x64) AppleWebKit/537.36 (KHTML, like Gecko) Chrome/120.0.0.0 Safari/537.36"
185.102.115.142 - - [27/Jan/2026:13:37:04 -0500] "GET /wp-json/wp/v2/users/140 HTTP/1.1" 404 286 "-" "Mozilla/5.0 (Windows NT 10.0; Win64; x64) AppleWebKit/537.36 (KHTML, like Gecko) Chrome/120.0.0.0 Safari/537.36"
185.102.115.142 - - [27/Jan/2026:13:37:08 -0500] "GET /wp-json/wp/v2/users/141 HTTP/1.1" 404 286 "-" "Mozilla/5.0 (Windows NT 10.0; Win64; x64) AppleWebKit/537.36 (KHTML, like Gecko) Chrome/120.0.0.0 Safari/537.36"
185.102.115.142 - - [27/Jan/2026:13:37:11 -0500] "GET /wp-json/wp/v2/users/142 HTTP/1.1" 404 286 "-" "Mozilla/5.0 (Windows NT 10.0; Win64; x64) AppleWebKit/537.36 (KHTML, like Gecko) Chrome/120.0.0.0 Safari/537.36"
185.102.115.142 - - [27/Jan/2026:13:37:16 -0500] "GET /wp-json/wp/v2/users/143 HTTP/1.1" 404 286 "-" "Mozilla/5.0 (Windows NT 10.0; Win64; x64) AppleWebKit/537.36 (KHTML, like Gecko) Chrome/120.0.0.0 Safari/537.36"
185.102.115.142 - - [27/Jan/2026:13:37:23 -0500] "GET /wp-json/wp/v2/users/144 HTTP/1.1" 404 286 "-" "Mozilla/5.0 (Windows NT 10.0; Win64; x64) AppleWebKit/537.36 (KHTML, like Gecko) Chrome/120.0.0.0 Safari/537.36"
185.102.115.142 - - [27/Jan/2026:13:37:25 -0500] "GET /wp-json/wp/v2/users/145 HTTP/1.1" 404 286 "-" "Mozilla/5.0 (Windows NT 10.0; Win64; x64) AppleWebKit/537.36 (KHTML, like Gecko) Chrome/120.0.0.0 Safari/537.36"
185.102.115.142 - - [27/Jan/2026:13:37:39 -0500] "GET /wp-json/wp/v2/users/146 HTTP/1.1" 404 286 "-" "Mozilla/5.0 (Windows NT 10.0; Win64; x64) AppleWebKit/537.36 (KHTML, like Gecko) Chrome/120.0.0.0 Safari/537.36"
185.102.115.142 - - [27/Jan/2026:13:38:08 -0500] "GET /wp-json/wp/v2/users/147 HTTP/1.1" 404 286 "-" "Mozilla/5.0 (Windows NT 10.0; Win64; x64) AppleWebKit/537.36 (KHTML, like Gecko) Chrome/120.0.0.0 Safari/537.36"
185.102.115.142 - - [27/Jan/2026:13:38:28 -0500] "GET /wp-json/wp/v2/users/148 HTTP/1.1" 404 286 "-" "Mozilla/5.0 (Windows NT 10.0; Win64; x64) AppleWebKit/537.36 (KHTML, like Gecko) Chrome/120.0.0.0 Safari/537.36"
185.102.115.142 - - [27/Jan/2026:13:38:45 -0500] "GET /wp-json/wp/v2/users/149 HTTP/1.1" 404 286 "-" "Mozilla/5.0 (Windows NT 10.0; Win64; x64) AppleWebKit/537.36 (KHTML, like Gecko) Chrome/120.0.0.0 Safari/537.36"
185.102.115.142 - - [27/Jan/2026:13:38:53 -0500] "GET /wp-json/wp/v2/users/150 HTTP/1.1" 404 286 "-" "Mozilla/5.0 (Windows NT 10.0; Win64; x64) AppleWebKit/537.36 (KHTML, like Gecko) Chrome/120.0.0.0 Safari/537.36"
74.206.190.88 - - [27/Jan/2026:14:13:19 -0500] "POST /wp-cron.php?doing_wp_cron=1769541199.0297939777374267578125 HTTP/1.1" 200 4 "-" "WordPress/3.6.1; http://www.studreviews.com"
43.157.142.101 - - [27/Jan/2026:14:13:18 -0500] "GET / HTTP/1.1" 200 60306 "-" "Mozilla/5.0 (iPhone; CPU iPhone OS 13_2_3 like Mac OS X) AppleWebKit/605.1.15 (KHTML, like Gecko) Version/13.0.3 Mobile/15E148 Safari/604.1"
110.166.71.39 - - [27/Jan/2026:14:22:48 -0500] "GET / HTTP/1.1" 301 4 "-" "Mozilla/5.0 (iPhone; CPU iPhone OS 13_2_3 like Mac OS X) AppleWebKit/605.1.15 (KHTML, like Gecko) Version/13.0.3 Mobile/15E148 Safari/604.1"
110.166.71.39 - - [27/Jan/2026:14:22:56 -0500] "GET / HTTP/1.1" 200 60306 "http://studreviews.com" "Mozilla/5.0 (iPhone; CPU iPhone OS 13_2_3 like Mac OS X) AppleWebKit/605.1.15 (KHTML, like Gecko) Version/13.0.3 Mobile/15E148 Safari/604.1"
51.210.214.160 - - [27/Jan/2026:14:31:01 -0500] "GET /index.php/category/gay-studs/feed HTTP/1.1" 200 11538 "-" "Mozilla/5.0 (X11; Linux i686) AppleWebKit/537.36 (KHTML, like Gecko) Chrome/30.0.1599.66 Safari/537.36"
74.206.190.88 - - [27/Jan/2026:15:46:17 -0500] "POST /wp-cron.php?doing_wp_cron=1769546777.2437510490417480468750 HTTP/1.1" 200 4 "-" "WordPress/3.6.1; http://www.studreviews.com"
51.210.214.160 - - [27/Jan/2026:15:46:17 -0500] "GET /index.php/category/gay-tube/feed HTTP/1.1" 200 11050 "-" "Mozilla/5.0 (X11; Linux i686) AppleWebKit/537.36 (KHTML, like Gecko) Chrome/30.0.1599.66 Safari/537.36"
51.210.214.160 - - [27/Jan/2026:16:06:22 -0500] "GET /index.php/gay-tube/facial-gay-tube.html/feed HTTP/1.1" 200 8364 "-" "Mozilla/5.0 (X11; Linux i686) AppleWebKit/537.36 (KHTML, like Gecko) Chrome/30.0.1599.66 Safari/537.36"
51.210.214.160 - - [27/Jan/2026:16:23:25 -0500] "GET /index.php/gay-tube/zoo-sex-tube.html/feed HTTP/1.1" 200 5311 "-" "Mozilla/5.0 (X11; Linux i686) AppleWebKit/537.36 (KHTML, like Gecko) Chrome/30.0.1599.66 Safari/537.36"
74.206.190.88 - - [27/Jan/2026:16:39:03 -0500] "POST /wp-cron.php?doing_wp_cron=1769549943.6960248947143554687500 HTTP/1.1" 200 4 "-" "WordPress/3.6.1; http://www.studreviews.com"
51.210.214.160 - - [27/Jan/2026:16:39:03 -0500] "GET /index.php/gay-tube/teen-gay-sex.html/feed HTTP/1.1" 200 1297 "-" "Mozilla/5.0 (X11; Linux i686) AppleWebKit/537.36 (KHTML, like Gecko) Chrome/30.0.1599.66 Safari/537.36"
43.157.191.20 - - [27/Jan/2026:16:40:26 -0500] "GET / HTTP/1.1" 301 4 "-" "Mozilla/5.0 (iPhone; CPU iPhone OS 13_2_3 like Mac OS X) AppleWebKit/605.1.15 (KHTML, like Gecko) Version/13.0.3 Mobile/15E148 Safari/604.1"
43.157.191.20 - - [27/Jan/2026:16:40:27 -0500] "GET / HTTP/1.1" 200 60306 "http://studreviews.com" "Mozilla/5.0 (iPhone; CPU iPhone OS 13_2_3 like Mac OS X) AppleWebKit/605.1.15 (KHTML, like Gecko) Version/13.0.3 Mobile/15E148 Safari/604.1"
159.65.150.69 - - [27/Jan/2026:17:11:53 -0500] "GET /wp-content/plugins/jokpxmw/ HTTP/1.1" 404 290 "www.google.com" "Mozilla/5.0 (Windows NT 10.0; Win64; x64) AppleWebKit/537.36 (KHTML, like Gecko) Chrome/91.0.4472.124 Safari/537.36"
51.210.214.160 - - [27/Jan/2026:17:14:01 -0500] "GET /index.php/category/gay-studs/feed HTTP/1.1" 200 11538 "-" "Mozilla/5.0 (X11; Linux i686) AppleWebKit/537.36 (KHTML, like Gecko) Chrome/30.0.1599.66 Safari/537.36"
45.138.16.159 - - [27/Jan/2026:17:56:35 -0500] "GET /ss.php?f_c=1 HTTP/1.1" 404 273 "-" "Mozilla/5.0 (Linux; Android 7.0; SM-G892A Build/NRD90M; wv) AppleWebKit/537.36 (KHTML, like Gecko) Version/4.0 Chrome/60.0.3112.107 Mobile Safari/537.36"
34.106.235.185 - - [27/Jan/2026:18:00:39 -0500] "HEAD / HTTP/1.1" 301 - "-" "Mozilla/5.0 (Macintosh; Intel Mac OS X 15_0) AppleWebKit/537.36 (KHTML, like Gecko) Chrome/125.0.6422.141 Safari/537.36"
74.206.190.88 - - [27/Jan/2026:18:00:39 -0500] "POST /wp-cron.php?doing_wp_cron=1769554839.9526140689849853515625 HTTP/1.1" 200 4 "-" "WordPress/3.6.1; http://www.studreviews.com"
34.106.235.185 - - [27/Jan/2026:18:00:39 -0500] "HEAD / HTTP/1.1" 200 - "http://studreviews.com/" "Mozilla/5.0 (Macintosh; Intel Mac OS X 15_0) AppleWebKit/537.36 (KHTML, like Gecko) Chrome/125.0.6422.141 Safari/537.36"
34.106.235.185 - - [27/Jan/2026:18:00:40 -0500] "HEAD /wordpress/ HTTP/1.1" 404 - "-" "Mozilla/5.0 (Macintosh; Intel Mac OS X 14_5) AppleWebKit/605.1.15 (KHTML, like Gecko) Version/17.5 Safari/605.1.15"
34.106.235.185 - - [27/Jan/2026:18:00:40 -0500] "HEAD /backup/ HTTP/1.1" 404 - "-" "Mozilla/5.0 (Macintosh; Intel Mac OS X 14_5) AppleWebKit/605.1.15 (KHTML, like Gecko) Version/17.5 Safari/605.1.15"
34.106.235.185 - - [27/Jan/2026:18:00:40 -0500] "HEAD /new/ HTTP/1.1" 404 - "-" "Mozilla/5.0 (iPhone; CPU iPhone OS 17_5 like Mac OS X) AppleWebKit/605.1.15 (KHTML, like Gecko) Version/17.5 Mobile/15E148 Safari/604.1"
34.106.235.185 - - [27/Jan/2026:18:00:40 -0500] "HEAD /blog/ HTTP/1.1" 404 - "-" "Mozilla/5.0 (Windows NT 10.0; Win64; x64) AppleWebKit/537.36 (KHTML, like Gecko) Chrome/127.0.6534.42 Safari/537.36"
34.106.235.185 - - [27/Jan/2026:18:00:40 -0500] "HEAD /wp/ HTTP/1.1" 404 - "-" "Mozilla/5.0 (Windows NT 10.0; Win64; x64; rv:127.0) Gecko/20100101 Firefox/127.0"
34.106.235.185 - - [27/Jan/2026:18:00:40 -0500] "HEAD /old/ HTTP/1.1" 404 - "-" "Mozilla/5.0 (Linux; Android 14; OnePlus 12) AppleWebKit/537.36 (KHTML, like Gecko) Chrome/125.0.6422.102 Mobile Safari/537.36"
193.202.80.75 - - [27/Jan/2026:18:08:29 -0500] "GET /wp-login.php HTTP/1.1" 200 2278 "-" "Mozilla/5.0 (Windows NT 10.0; Win64; x64; rv:127.0) Gecko/20100101 Firefox/127.0"
193.202.80.75 - - [27/Jan/2026:18:08:31 -0500] "GET /wp-login.php?wp_lang=en_US HTTP/1.1" 200 2278 "-" "Mozilla/5.0 (Windows NT 10.0; Win64; x64) AppleWebKit/537.36 (KHTML, like Gecko) Chrome/124.0.6367.207 Safari/537.36"
193.202.80.75 - - [27/Jan/2026:18:08:33 -0500] "POST /wp-login.php?wp_lang=en_US HTTP/1.1" 302 4 "http://www.studreviews.com/wp-login.php?wp_lang=en_US" "Mozilla/5.0 (Windows NT 10.0; Win64; x64) AppleWebKit/537.36 (KHTML, like Gecko) Chrome/124.0.6367.207 Safari/537.36"
193.202.80.75 - - [27/Jan/2026:18:08:33 -0500] "GET /wp-admin/ HTTP/1.1" 200 75701 "http://www.studreviews.com/wp-login.php?wp_lang=en_US" "Mozilla/5.0 (Windows NT 10.0; Win64; x64) AppleWebKit/537.36 (KHTML, like Gecko) Chrome/124.0.6367.207 Safari/537.36"
193.202.80.75 - - [27/Jan/2026:18:08:37 -0500] "GET /wp-admin/plugin-install.php HTTP/1.1" 200 45753 "-" "Mozilla/5.0 (Windows NT 10.0; Win64; x64) AppleWebKit/537.36 (KHTML, like Gecko) Chrome/124.0.6367.207 Safari/537.36"
193.202.80.75 - - [27/Jan/2026:18:08:40 -0500] "GET /wp-admin/plugin-install.php HTTP/1.1" 200 45753 "-" "Mozilla/5.0 (Windows NT 10.0; Win64; x64) AppleWebKit/537.36 (KHTML, like Gecko) Chrome/124.0.6367.207 Safari/537.36"
193.202.80.75 - - [27/Jan/2026:18:08:41 -0500] "GET /wp-admin/plugin-install.php HTTP/1.1" 200 45753 "-" "Mozilla/5.0 (Windows NT 10.0; Win64; x64) AppleWebKit/537.36 (KHTML, like Gecko) Chrome/124.0.6367.207 Safari/537.36"
193.202.80.75 - - [27/Jan/2026:18:08:44 -0500] "GET /wp-admin/plugin-install.php HTTP/1.1" 200 45753 "-" "Mozilla/5.0 (Windows NT 10.0; Win64; x64) AppleWebKit/537.36 (KHTML, like Gecko) Chrome/124.0.6367.207 Safari/537.36"
193.202.80.75 - - [27/Jan/2026:18:08:47 -0500] "GET /wp-admin/plugin-install.php HTTP/1.1" 200 45753 "-" "Mozilla/5.0 (Windows NT 10.0; Win64; x64) AppleWebKit/537.36 (KHTML, like Gecko) Chrome/124.0.6367.207 Safari/537.36"
193.202.80.75 - - [27/Jan/2026:18:08:50 -0500] "GET /wp-admin/theme-editor.php HTTP/1.1" 200 43692 "-" "Mozilla/5.0 (Windows NT 10.0; Win64; x64) AppleWebKit/537.36 (KHTML, like Gecko) Chrome/124.0.6367.207 Safari/537.36"
193.202.80.75 - - [27/Jan/2026:18:08:52 -0500] "GET /wp-admin/plugins.php HTTP/1.1" 200 67710 "-" "Mozilla/5.0 (Windows NT 10.0; Win64; x64) AppleWebKit/537.36 (KHTML, like Gecko) Chrome/124.0.6367.207 Safari/537.36"
185.194.178.80 - - [27/Jan/2026:18:10:42 -0500] "GET /vendor/phpunit/phpunit/phpunit.xsd HTTP/1.1" 404 297 "-" "Mozilla/5.0 (X11; Linux x86_64; rv:52.0) Gecko/20100101 Firefox/52.0"
74.206.190.88 - - [27/Jan/2026:18:34:17 -0500] "POST /wp-cron.php?doing_wp_cron=1769556857.4065899848937988281250 HTTP/1.1" 200 4 "-" "WordPress/3.6.1; http://www.studreviews.com"
51.210.214.160 - - [27/Jan/2026:18:34:17 -0500] "GET /index.php/category/gay-tube/feed HTTP/1.1" 200 11050 "-" "Mozilla/5.0 (X11; Linux i686) AppleWebKit/537.36 (KHTML, like Gecko) Chrome/30.0.1599.66 Safari/537.36"
51.210.214.160 - - [27/Jan/2026:18:36:13 -0500] "GET /index.php/gay-studs/stud-sex-tube-2.html/feed HTTP/1.1" 200 826 "-" "Mozilla/5.0 (X11; Linux i686) AppleWebKit/537.36 (KHTML, like Gecko) Chrome/30.0.1599.66 Safari/537.36"
84.239.41.28 - - [27/Jan/2026:18:59:40 -0500] "GET /robots.txt HTTP/1.1" 406 330 "-" "panscient.com"
84.239.41.28 - - [27/Jan/2026:18:59:41 -0500] "GET / HTTP/1.1" 406 320 "-" "panscient.com"
84.239.41.28 - - [27/Jan/2026:18:59:42 -0500] "GET / HTTP/1.1" 406 320 "-" "panscient.com"
84.239.41.28 - - [27/Jan/2026:18:59:42 -0500] "GET / HTTP/1.1" 406 320 "-" "panscient.com"
84.239.41.28 - - [27/Jan/2026:18:59:45 -0500] "GET / HTTP/1.1" 406 320 "-" "panscient.com"
74.206.190.88 - - [27/Jan/2026:19:00:04 -0500] "POST /wp-cron.php?doing_wp_cron=1769558404.4209849834442138671875 HTTP/1.1" 200 4 "-" "WordPress/3.6.1; http://www.studreviews.com"
91.98.19.186 - - [27/Jan/2026:19:00:03 -0500] "GET /?route=checkout/cart HTTP/1.1" 200 60306 "-" "Mozilla/5.0 (Windows NT 10.0; Win64; x64) AppleWebKit/537.36 (KHTML, like Gecko) Chrome/91.0.4472.124 Safari/537.36"
51.210.214.160 - - [27/Jan/2026:19:11:04 -0500] "GET /index.php/gay-tube/teen-gay-sex.html/feed HTTP/1.1" 200 1297 "-" "Mozilla/5.0 (X11; Linux i686) AppleWebKit/537.36 (KHTML, like Gecko) Chrome/30.0.1599.66 Safari/537.36"
43.173.178.49 - - [27/Jan/2026:19:25:25 -0500] "GET /?p=102 HTTP/1.1" 301 4 "-" "Mozilla/5.0 (Windows NT 10.0; Win64; x64) AppleWebKit/537.36 (KHTML, like Gecko) Chrome/116.0.0.0 Safari/537.36"
43.173.178.49 - - [27/Jan/2026:19:25:26 -0500] "GET /index.php/gay-studs/free-gay-sex-videos.html HTTP/1.1" 200 11551 "http://www.studreviews.com/?p=102" "Mozilla/5.0 (Windows NT 10.0; Win64; x64) AppleWebKit/537.36 (KHTML, like Gecko) Chrome/116.0.0.0 Safari/537.36"
43.173.173.176 - - [27/Jan/2026:19:25:29 -0500] "GET /?p=102 HTTP/1.1" 301 4 "-" "Mozilla/5.0 (Windows NT 10.0; Win64; x64) AppleWebKit/537.36 (KHTML, like Gecko) Chrome/105.0.0.0 Safari/537.3"
43.173.173.176 - - [27/Jan/2026:19:25:31 -0500] "GET /index.php/gay-studs/free-gay-sex-videos.html HTTP/1.1" 200 11551 "http://www.studreviews.com/?p=102" "Mozilla/5.0 (Windows NT 10.0; Win64; x64) AppleWebKit/537.36 (KHTML, like Gecko) Chrome/105.0.0.0 Safari/537.3"
74.206.190.88 - - [27/Jan/2026:19:37:26 -0500] "POST /wp-cron.php?doing_wp_cron=1769560646.7131519317626953125000 HTTP/1.1" 200 4 "-" "WordPress/3.6.1; http://www.studreviews.com"
51.210.214.160 - - [27/Jan/2026:19:37:26 -0500] "GET /index.php/gay-tube/zoo-sex-tube.html/feed HTTP/1.1" 200 5311 "-" "Mozilla/5.0 (X11; Linux i686) AppleWebKit/537.36 (KHTML, like Gecko) Chrome/30.0.1599.66 Safari/537.36"
51.210.214.160 - - [27/Jan/2026:19:48:03 -0500] "GET /index.php/category/gay-studs/feed HTTP/1.1" 200 11538 "-" "Mozilla/5.0 (X11; Linux i686) AppleWebKit/537.36 (KHTML, like Gecko) Chrome/30.0.1599.66 Safari/537.36"
51.210.214.160 - - [27/Jan/2026:20:21:12 -0500] "GET /index.php/gay-studs/hairy-studs-tube.html/feed HTTP/1.1" 200 1301 "-" "Mozilla/5.0 (X11; Linux i686) AppleWebKit/537.36 (KHTML, like Gecko) Chrome/30.0.1599.66 Safari/537.36"
44.195.201.244 - - [27/Jan/2026:20:33:55 -0500] "GET /robots.txt HTTP/1.1" 200 29 "-" "Mozilla/5.0 (Macintosh; Intel Mac OS X 10_10_1) AppleWebKit/600.2.5 (KHTML, like Gecko) Version/8.0.2 Safari/600.2.5 (TestUserAgent)"
74.206.190.88 - - [27/Jan/2026:20:35:20 -0500] "POST /wp-cron.php?doing_wp_cron=1769564120.6828429698944091796875 HTTP/1.1" 200 4 "-" "WordPress/3.6.1; http://www.studreviews.com"
49.233.45.47 - - [27/Jan/2026:20:35:20 -0500] "GET / HTTP/1.1" 200 60306 "-" "Mozilla/5.0 (iPhone; CPU iPhone OS 13_2_3 like Mac OS X) AppleWebKit/605.1.15 (KHTML, like Gecko) Version/13.0.3 Mobile/15E148 Safari/604.1"
109.180.190.253 - - [27/Jan/2026:20:39:33 -0500] "GET / HTTP/1.1" 200 60306 "https://www.google.com/url?q=http://www.studreviews.com/&sa=U&sqi=2&ved=2ahUKEwiJ45f6jK2SAxWCUkEAHTRCGLIQFnoECC8QAQ&usg=AOvVaw3FPDUuHoC4aMFAUp0n67US" "Mozilla/5.0 (iPad; CPU OS 26_2_0 like Mac OS X) AppleWebKit/605.1.15 (KHTML, like Gecko) GSA/404.0.856692123 Mobile/15E148 Safari/604.1"
109.180.190.253 - - [27/Jan/2026:20:39:34 -0500] "GET /wp-content/plugins/wp-postratings/postratings-js.php?ver=1.30 HTTP/1.1" 200 4816 "http://www.studreviews.com/" "Mozilla/5.0 (iPad; CPU OS 26_2_0 like Mac OS X) AppleWebKit/605.1.15 (KHTML, like Gecko) GSA/404.0.856692123 Mobile/15E148 Safari/604.1"
74.206.190.88 - - [27/Jan/2026:21:47:18 -0500] "POST /wp-cron.php?doing_wp_cron=1769568438.1905920505523681640625 HTTP/1.1" 200 4 "-" "WordPress/3.6.1; http://www.studreviews.com"
51.210.214.160 - - [27/Jan/2026:21:47:18 -0500] "GET /index.php/category/gay-tube/feed HTTP/1.1" 200 11050 "-" "Mozilla/5.0 (X11; Linux i686) AppleWebKit/537.36 (KHTML, like Gecko) Chrome/30.0.1599.66 Safari/537.36"
43.164.197.224 - - [27/Jan/2026:21:47:54 -0500] "GET / HTTP/1.1" 200 60306 "-" "Mozilla/5.0 (iPhone; CPU iPhone OS 13_2_3 like Mac OS X) AppleWebKit/605.1.15 (KHTML, like Gecko) Version/13.0.3 Mobile/15E148 Safari/604.1"
51.210.214.160 - - [27/Jan/2026:21:50:05 -0500] "GET /index.php/gay-tube/teen-gay-sex.html/feed HTTP/1.1" 200 1297 "-" "Mozilla/5.0 (X11; Linux i686) AppleWebKit/537.36 (KHTML, like Gecko) Chrome/30.0.1599.66 Safari/537.36"
51.210.214.160 - - [27/Jan/2026:22:18:03 -0500] "GET /index.php/category/gay-studs/feed HTTP/1.1" 200 11538 "-" "Mozilla/5.0 (X11; Linux i686) AppleWebKit/537.36 (KHTML, like Gecko) Chrome/30.0.1599.66 Safari/537.36"
74.206.190.88 - - [27/Jan/2026:22:58:27 -0500] "POST /wp-cron.php?doing_wp_cron=1769572707.8184239864349365234375 HTTP/1.1" 200 4 "-" "WordPress/3.6.1; http://www.studreviews.com"
51.210.214.160 - - [27/Jan/2026:22:58:27 -0500] "GET /index.php/gay-tube/zoo-sex-tube.html/feed HTTP/1.1" 200 5311 "-" "Mozilla/5.0 (X11; Linux i686) AppleWebKit/537.36 (KHTML, like Gecko) Chrome/30.0.1599.66 Safari/537.36"
52.167.144.59 - - [27/Jan/2026:23:34:21 -0500] "GET /robots.txt HTTP/1.1" 200 29 "-" "Mozilla/5.0 AppleWebKit/537.36 (KHTML, like Gecko; compatible; bingbot/2.0; +http://www.bing.com/bingbot.htm) Chrome/116.0.1938.76 Safari/537.36"
74.206.190.88 - - [27/Jan/2026:23:34:24 -0500] "POST /wp-cron.php?doing_wp_cron=1769574864.7086980342864990234375 HTTP/1.1" 200 4 "-" "WordPress/3.6.1; http://www.studreviews.com"
40.77.167.32 - - [27/Jan/2026:23:34:24 -0500] "GET /index.php/gay-studs/pornotube-gay.html HTTP/1.1" 200 11562 "-" "Mozilla/5.0 AppleWebKit/537.36 (KHTML, like Gecko; compatible; bingbot/2.0; +http://www.bing.com/bingbot.htm) Chrome/116.0.1938.76 Safari/537.36"
51.210.214.160 - - [27/Jan/2026:23:50:28 -0500] "GET /index.php/gay-studs/hot-studs.html/feed HTTP/1.1" 200 810 "-" "Mozilla/5.0 (X11; Linux i686) AppleWebKit/537.36 (KHTML, like Gecko) Chrome/30.0.1599.66 Safari/537.36"
43.155.140.157 - - [27/Jan/2026:23:53:14 -0500] "GET / HTTP/1.1" 301 4 "-" "Mozilla/5.0 (iPhone; CPU iPhone OS 13_2_3 like Mac OS X) AppleWebKit/605.1.15 (KHTML, like Gecko) Version/13.0.3 Mobile/15E148 Safari/604.1"
43.155.140.157 - - [27/Jan/2026:23:53:16 -0500] "GET / HTTP/1.1" 200 60306 "http://studreviews.com" "Mozilla/5.0 (iPhone; CPU iPhone OS 13_2_3 like Mac OS X) AppleWebKit/605.1.15 (KHTML, like Gecko) Version/13.0.3 Mobile/15E148 Safari/604.1"
204.10.194.20 - - [28/Jan/2026:00:12:08 -0500] "GET /ws54.php?p= HTTP/1.1" 404 271 "-" "Mozlila/5.0 (Linux; Android 7.0; SM-G892A Bulid/NRD90M; wv) AppleWebKit/537.36 (KHTML, like Gecko) Version/4.0 Chrome/60.0.3112.107 Moblie Safari/537.36"
204.10.194.20 - - [28/Jan/2026:00:12:12 -0500] "GET /wp-wordfence-waf.php HTTP/1.1" 404 283 "-" "Mozlila/5.0 (Linux; Android 7.0; SM-G892A Bulid/NRD90M; wv) AppleWebKit/537.36 (KHTML, like Gecko) Version/4.0 Chrome/60.0.3112.107 Moblie Safari/537.36"
51.210.214.160 - - [28/Jan/2026:00:24:18 -0500] "GET /index.php/category/gay-tube/feed HTTP/1.1" 200 11050 "-" "Mozilla/5.0 (X11; Linux i686) AppleWebKit/537.36 (KHTML, like Gecko) Chrome/30.0.1599.66 Safari/537.36"
204.10.194.20 - - [28/Jan/2026:00:48:25 -0500] "GET /info.php HTTP/1.1" 404 271 "-" "Mozlila/5.0 (Linux; Android 7.0; SM-G892A Bulid/NRD90M; wv) AppleWebKit/537.36 (KHTML, like Gecko) Version/4.0 Chrome/60.0.3112.107 Moblie Safari/537.36"
91.202.4.80 - - [28/Jan/2026:00:49:03 -0500] "GET /txets.php HTTP/1.1" 404 272 "-" "Mozilla/4.0 (compatible; MSIE 6.0; Windows NT 5.1; SV1)"
74.206.190.88 - - [28/Jan/2026:00:52:10 -0500] "POST /wp-cron.php?doing_wp_cron=1769579530.3532369136810302734375 HTTP/1.1" 200 4 "-" "WordPress/3.6.1; http://www.studreviews.com"
51.210.214.160 - - [28/Jan/2026:00:52:10 -0500] "GET /index.php/gay-studs/gay-facial.html/feed HTTP/1.1" 200 7901 "-" "Mozilla/5.0 (X11; Linux i686) AppleWebKit/537.36 (KHTML, like Gecko) Chrome/30.0.1599.66 Safari/537.36"
51.210.214.160 - - [28/Jan/2026:00:56:05 -0500] "GET /index.php/category/gay-studs/feed HTTP/1.1" 200 11538 "-" "Mozilla/5.0 (X11; Linux i686) AppleWebKit/537.36 (KHTML, like Gecko) Chrome/30.0.1599.66 Safari/537.36"
51.210.214.160 - - [28/Jan/2026:01:03:06 -0500] "GET /index.php/gay-tube/teen-gay-sex.html/feed HTTP/1.1" 200 1297 "-" "Mozilla/5.0 (X11; Linux i686) AppleWebKit/537.36 (KHTML, like Gecko) Chrome/30.0.1599.66 Safari/537.36"
114.119.143.58 - - [28/Jan/2026:01:30:00 -0500] "GET /robots.txt HTTP/1.1" 200 29 "-" "Mozilla/5.0 (compatible;PetalBot;+https://webmaster.petalsearch.com/site/petalbot)"
47.128.126.209 - - [28/Jan/2026:01:30:08 -0500] "GET /robots.txt HTTP/1.1" 200 29 "-" "Mozilla/5.0 (Linux; Android 5.0) AppleWebKit/537.36 (KHTML, like Gecko) Mobile Safari/537.36 (compatible; Bytespider; spider-feedback@bytedance.com)"
116.76.37.146 - - [28/Jan/2026:01:34:12 -0500] "GET /robots.txt HTTP/1.1" 200 29 "-" "Mozilla/5.0 (Windows NT 10.0; WOW64) AppleWebKit/537.36 (KHTML, like Gecko) Chrome/72.0.3362.36 Safari/537.36 LBBROWSER"
74.206.190.88 - - [28/Jan/2026:01:48:48 -0500] "POST /wp-cron.php?doing_wp_cron=1769582928.6596469879150390625000 HTTP/1.1" 200 4 "-" "WordPress/3.6.1; http://www.studreviews.com"
193.24.211.70 - - [28/Jan/2026:01:48:48 -0500] "GET /wp-login.php HTTP/1.1" 200 2278 "-" "Mozilla/5.0 (Macintosh; Intel Mac OS X 13_5) AppleWebKit/605.1.15 (KHTML, like Gecko) Version/17.5 Safari/605.1.15"
193.24.211.70 - - [28/Jan/2026:01:48:50 -0500] "GET /wp-login.php?wp_lang=en_US HTTP/1.1" 200 2278 "-" "Mozilla/5.0 (Windows NT 10.0; Win64; x64) AppleWebKit/537.36 (KHTML, like Gecko) Chrome/124.0.6367.207 Safari/537.36"
193.24.211.70 - - [28/Jan/2026:01:48:51 -0500] "POST /wp-login.php?wp_lang=en_US HTTP/1.1" 302 4 "http://www.studreviews.com/wp-login.php?wp_lang=en_US" "Mozilla/5.0 (Windows NT 10.0; Win64; x64) AppleWebKit/537.36 (KHTML, like Gecko) Chrome/124.0.6367.207 Safari/537.36"
193.24.211.70 - - [28/Jan/2026:01:48:51 -0500] "GET /wp-admin/ HTTP/1.1" 200 75701 "http://www.studreviews.com/wp-login.php?wp_lang=en_US" "Mozilla/5.0 (Windows NT 10.0; Win64; x64) AppleWebKit/537.36 (KHTML, like Gecko) Chrome/124.0.6367.207 Safari/537.36"
193.24.211.70 - - [28/Jan/2026:01:48:55 -0500] "GET /wp-admin/plugin-install.php HTTP/1.1" 200 45753 "-" "Mozilla/5.0 (Windows NT 10.0; Win64; x64) AppleWebKit/537.36 (KHTML, like Gecko) Chrome/124.0.6367.207 Safari/537.36"
193.24.211.70 - - [28/Jan/2026:01:48:56 -0500] "GET /wp-admin/plugin-install.php HTTP/1.1" 200 45753 "-" "Mozilla/5.0 (Windows NT 10.0; Win64; x64) AppleWebKit/537.36 (KHTML, like Gecko) Chrome/124.0.6367.207 Safari/537.36"
193.24.211.70 - - [28/Jan/2026:01:48:57 -0500] "GET /wp-admin/plugin-install.php HTTP/1.1" 200 45753 "-" "Mozilla/5.0 (Windows NT 10.0; Win64; x64) AppleWebKit/537.36 (KHTML, like Gecko) Chrome/124.0.6367.207 Safari/537.36"
193.24.211.70 - - [28/Jan/2026:01:48:58 -0500] "GET /wp-admin/plugin-install.php HTTP/1.1" 200 45753 "-" "Mozilla/5.0 (Windows NT 10.0; Win64; x64) AppleWebKit/537.36 (KHTML, like Gecko) Chrome/124.0.6367.207 Safari/537.36"
193.24.211.70 - - [28/Jan/2026:01:48:59 -0500] "GET /wp-admin/plugin-install.php HTTP/1.1" 200 45753 "-" "Mozilla/5.0 (Windows NT 10.0; Win64; x64) AppleWebKit/537.36 (KHTML, like Gecko) Chrome/124.0.6367.207 Safari/537.36"
193.24.211.70 - - [28/Jan/2026:01:49:00 -0500] "GET /wp-admin/theme-editor.php HTTP/1.1" 200 43692 "-" "Mozilla/5.0 (Windows NT 10.0; Win64; x64) AppleWebKit/537.36 (KHTML, like Gecko) Chrome/124.0.6367.207 Safari/537.36"
193.24.211.70 - - [28/Jan/2026:01:49:02 -0500] "GET /wp-admin/plugins.php HTTP/1.1" 200 67710 "-" "Mozilla/5.0 (Windows NT 10.0; Win64; x64) AppleWebKit/537.36 (KHTML, like Gecko) Chrome/124.0.6367.207 Safari/537.36"
193.24.211.70 - - [28/Jan/2026:01:49:05 -0500] "GET /wp-login.php HTTP/1.1" 200 2278 "-" "Mozilla/5.0 (Macintosh; Intel Mac OS X 13_5) AppleWebKit/605.1.15 (KHTML, like Gecko) Version/17.5 Safari/605.1.15"
193.24.211.70 - - [28/Jan/2026:01:49:07 -0500] "GET /wp-login.php?wp_lang=en_US HTTP/1.1" 200 2278 "-" "Mozilla/5.0 (Windows NT 10.0; Win64; x64) AppleWebKit/537.36 (KHTML, like Gecko) Chrome/124.0.6367.207 Safari/537.36"
193.24.211.70 - - [28/Jan/2026:01:49:08 -0500] "POST /wp-login.php?wp_lang=en_US HTTP/1.1" 302 4 "http://www.studreviews.com/wp-login.php?wp_lang=en_US" "Mozilla/5.0 (Windows NT 10.0; Win64; x64) AppleWebKit/537.36 (KHTML, like Gecko) Chrome/124.0.6367.207 Safari/537.36"
193.24.211.70 - - [28/Jan/2026:01:49:09 -0500] "GET /wp-admin/ HTTP/1.1" 200 75701 "http://www.studreviews.com/wp-login.php?wp_lang=en_US" "Mozilla/5.0 (Windows NT 10.0; Win64; x64) AppleWebKit/537.36 (KHTML, like Gecko) Chrome/124.0.6367.207 Safari/537.36"
193.24.211.70 - - [28/Jan/2026:01:49:13 -0500] "GET /wp-admin/plugin-install.php HTTP/1.1" 200 45753 "-" "Mozilla/5.0 (Windows NT 10.0; Win64; x64) AppleWebKit/537.36 (KHTML, like Gecko) Chrome/124.0.6367.207 Safari/537.36"
193.24.211.70 - - [28/Jan/2026:01:49:14 -0500] "GET /wp-admin/plugin-install.php HTTP/1.1" 200 45753 "-" "Mozilla/5.0 (Windows NT 10.0; Win64; x64) AppleWebKit/537.36 (KHTML, like Gecko) Chrome/124.0.6367.207 Safari/537.36"
193.24.211.70 - - [28/Jan/2026:01:49:15 -0500] "GET /wp-admin/plugin-install.php HTTP/1.1" 200 45753 "-" "Mozilla/5.0 (Windows NT 10.0; Win64; x64) AppleWebKit/537.36 (KHTML, like Gecko) Chrome/124.0.6367.207 Safari/537.36"
193.24.211.70 - - [28/Jan/2026:01:49:16 -0500] "GET /wp-admin/plugin-install.php HTTP/1.1" 200 45753 "-" "Mozilla/5.0 (Windows NT 10.0; Win64; x64) AppleWebKit/537.36 (KHTML, like Gecko) Chrome/124.0.6367.207 Safari/537.36"
193.24.211.70 - - [28/Jan/2026:01:49:17 -0500] "GET /wp-admin/plugin-install.php HTTP/1.1" 200 45753 "-" "Mozilla/5.0 (Windows NT 10.0; Win64; x64) AppleWebKit/537.36 (KHTML, like Gecko) Chrome/124.0.6367.207 Safari/537.36"
193.24.211.70 - - [28/Jan/2026:01:49:19 -0500] "GET /wp-admin/theme-editor.php HTTP/1.1" 200 43692 "-" "Mozilla/5.0 (Windows NT 10.0; Win64; x64) AppleWebKit/537.36 (KHTML, like Gecko) Chrome/124.0.6367.207 Safari/537.36"
193.24.211.70 - - [28/Jan/2026:01:49:20 -0500] "GET /wp-admin/plugins.php HTTP/1.1" 200 67710 "-" "Mozilla/5.0 (Windows NT 10.0; Win64; x64) AppleWebKit/537.36 (KHTML, like Gecko) Chrome/124.0.6367.207 Safari/537.36"
173.252.82.17 - - [28/Jan/2026:01:50:51 -0500] "GET /robots.txt HTTP/1.1" 206 29 "-" "facebookexternalhit/1.1 (+http://www.facebook.com/externalhit_uatext.php)"
51.210.214.160 - - [28/Jan/2026:01:53:28 -0500] "GET /index.php/gay-tube/zoo-sex-tube.html/feed HTTP/1.1" 200 5311 "-" "Mozilla/5.0 (X11; Linux i686) AppleWebKit/537.36 (KHTML, like Gecko) Chrome/30.0.1599.66 Safari/537.36"
49.235.136.28 - - [28/Jan/2026:02:55:03 -0500] "GET / HTTP/1.1" 301 4 "-" "Mozilla/5.0 (iPhone; CPU iPhone OS 13_2_3 like Mac OS X) AppleWebKit/605.1.15 (KHTML, like Gecko) Version/13.0.3 Mobile/15E148 Safari/604.1"
74.206.190.88 - - [28/Jan/2026:02:55:05 -0500] "POST /wp-cron.php?doing_wp_cron=1769586905.7241001129150390625000 HTTP/1.1" 200 4 "-" "WordPress/3.6.1; http://www.studreviews.com"
49.235.136.28 - - [28/Jan/2026:02:55:05 -0500] "GET / HTTP/1.1" 200 60306 "http://studreviews.com" "Mozilla/5.0 (iPhone; CPU iPhone OS 13_2_3 like Mac OS X) AppleWebKit/605.1.15 (KHTML, like Gecko) Version/13.0.3 Mobile/15E148 Safari/604.1"
185.96.37.209 - - [28/Jan/2026:02:57:41 -0500] "GET /wp-login.php HTTP/1.1" 200 2278 "-" "Mozilla/5.0 (Macintosh; Intel Mac OS X 13_5) AppleWebKit/605.1.15 (KHTML, like Gecko) Version/17.5 Safari/605.1.15"
185.96.37.209 - - [28/Jan/2026:02:57:41 -0500] "POST /xmlrpc.php HTTP/1.1" 403 281 "-" "Mozilla/5.0 (Windows NT 10.0; Win64; x64) AppleWebKit/537.36 (KHTML, like Gecko) Chrome/124.0.6367.207 Safari/537.36"
122.8.95.30 - - [28/Jan/2026:02:57:42 -0500] "POST /xmlrpc.php HTTP/1.1" 403 281 "-" "Mozilla/5.0 (Windows NT 10.0; Win64; x64; rv:127.0) Gecko/20100101 Firefox/127.0"
130.49.114.245 - - [28/Jan/2026:02:57:43 -0500] "POST /xmlrpc.php HTTP/1.1" 403 281 "-" "Mozilla/5.0 (Windows NT 10.0; Win64; x64; rv:127.0) Gecko/20100101 Firefox/127.0"
170.168.174.185 - - [28/Jan/2026:02:57:44 -0500] "GET /wp-login.php HTTP/1.1" 200 2278 "-" "Mozilla/5.0 (Windows NT 10.0; Win64; x64; rv:127.0) Gecko/20100101 Firefox/127.0"
77.243.91.253 - - [28/Jan/2026:02:57:44 -0500] "POST /xmlrpc.php HTTP/1.1" 403 281 "-" "Mozilla/5.0 (Macintosh; Intel Mac OS X 13_5) AppleWebKit/605.1.15 (KHTML, like Gecko) Version/17.5 Safari/605.1.15"
170.168.174.185 - - [28/Jan/2026:02:57:45 -0500] "POST /xmlrpc.php HTTP/1.1" 403 281 "-" "Mozilla/5.0 (Windows NT 10.0; Win64; x64) AppleWebKit/537.36 (KHTML, like Gecko) Chrome/124.0.6367.207 Safari/537.36"
157.22.74.123 - - [28/Jan/2026:02:57:45 -0500] "POST /xmlrpc.php HTTP/1.1" 403 281 "-" "Mozilla/5.0 (Windows NT 10.0; Win64; x64; rv:127.0) Gecko/20100101 Firefox/127.0"
157.22.16.160 - - [28/Jan/2026:02:57:45 -0500] "GET /wp-login.php HTTP/1.1" 200 2278 "-" "Mozilla/5.0 (Macintosh; Intel Mac OS X 13_5) AppleWebKit/605.1.15 (KHTML, like Gecko) Version/17.5 Safari/605.1.15"
194.99.26.63 - - [28/Jan/2026:02:57:46 -0500] "POST /xmlrpc.php HTTP/1.1" 403 281 "-" "Mozilla/5.0 (Macintosh; Intel Mac OS X 13_5) AppleWebKit/605.1.15 (KHTML, like Gecko) Version/17.5 Safari/605.1.15"
146.19.91.213 - - [28/Jan/2026:02:57:46 -0500] "POST /xmlrpc.php HTTP/1.1" 403 281 "-" "Mozilla/5.0 (Macintosh; Intel Mac OS X 13_5) AppleWebKit/605.1.15 (KHTML, like Gecko) Version/17.5 Safari/605.1.15"
93.177.118.102 - - [28/Jan/2026:02:57:47 -0500] "POST /xmlrpc.php HTTP/1.1" 403 281 "-" "Mozilla/5.0 (Windows NT 10.0; Win64; x64; rv:127.0) Gecko/20100101 Firefox/127.0"
157.22.16.160 - - [28/Jan/2026:02:57:47 -0500] "POST /xmlrpc.php HTTP/1.1" 403 281 "-" "Mozilla/5.0 (Macintosh; Intel Mac OS X 13_5) AppleWebKit/605.1.15 (KHTML, like Gecko) Version/17.5 Safari/605.1.15"
88.218.45.200 - - [28/Jan/2026:02:57:48 -0500] "POST /xmlrpc.php HTTP/1.1" 403 281 "-" "Mozilla/5.0 (Windows NT 10.0; Win64; x64; rv:127.0) Gecko/20100101 Firefox/127.0"
45.135.2.180 - - [28/Jan/2026:02:57:48 -0500] "POST /xmlrpc.php HTTP/1.1" 403 281 "-" "Mozilla/5.0 (Windows NT 10.0; Win64; x64) AppleWebKit/537.36 (KHTML, like Gecko) Chrome/124.0.6367.207 Safari/537.36"
146.19.140.126 - - [28/Jan/2026:02:57:49 -0500] "POST /xmlrpc.php HTTP/1.1" 403 281 "-" "Mozilla/5.0 (Windows NT 10.0; Win64; x64; rv:127.0) Gecko/20100101 Firefox/127.0"
166.1.131.142 - - [28/Jan/2026:02:57:49 -0500] "GET /wp-login.php HTTP/1.1" 200 2278 "-" "Mozilla/5.0 (Windows NT 10.0; Win64; x64) AppleWebKit/537.36 (KHTML, like Gecko) Chrome/124.0.6367.207 Safari/537.36"
166.1.131.142 - - [28/Jan/2026:02:57:50 -0500] "POST /xmlrpc.php HTTP/1.1" 403 281 "-" "Mozilla/5.0 (Windows NT 10.0; Win64; x64) AppleWebKit/537.36 (KHTML, like Gecko) Chrome/124.0.6367.207 Safari/537.36"
193.202.12.230 - - [28/Jan/2026:02:57:50 -0500] "POST /xmlrpc.php HTTP/1.1" 403 281 "-" "Mozilla/5.0 (Windows NT 10.0; Win64; x64) AppleWebKit/537.36 (KHTML, like Gecko) Chrome/124.0.6367.207 Safari/537.36"
5.181.169.176 - - [28/Jan/2026:02:57:50 -0500] "POST /xmlrpc.php HTTP/1.1" 403 281 "-" "Mozilla/5.0 (Macintosh; Intel Mac OS X 13_5) AppleWebKit/605.1.15 (KHTML, like Gecko) Version/17.5 Safari/605.1.15"
5.183.254.251 - - [28/Jan/2026:02:57:50 -0500] "POST /xmlrpc.php HTTP/1.1" 403 281 "-" "Mozilla/5.0 (Windows NT 10.0; Win64; x64; rv:127.0) Gecko/20100101 Firefox/127.0"
157.22.100.98 - - [28/Jan/2026:02:57:51 -0500] "POST /xmlrpc.php HTTP/1.1" 403 281 "-" "Mozilla/5.0 (Macintosh; Intel Mac OS X 13_5) AppleWebKit/605.1.15 (KHTML, like Gecko) Version/17.5 Safari/605.1.15"
155.212.108.175 - - [28/Jan/2026:02:57:51 -0500] "GET /wp-login.php HTTP/1.1" 200 2278 "-" "Mozilla/5.0 (Windows NT 10.0; Win64; x64; rv:127.0) Gecko/20100101 Firefox/127.0"
193.202.14.37 - - [28/Jan/2026:02:57:51 -0500] "POST /xmlrpc.php HTTP/1.1" 403 281 "-" "Mozilla/5.0 (Windows NT 10.0; Win64; x64) AppleWebKit/537.36 (KHTML, like Gecko) Chrome/124.0.6367.207 Safari/537.36"
193.187.95.30 - - [28/Jan/2026:02:57:51 -0500] "POST /xmlrpc.php HTTP/1.1" 403 281 "-" "Mozilla/5.0 (Macintosh; Intel Mac OS X 13_5) AppleWebKit/605.1.15 (KHTML, like Gecko) Version/17.5 Safari/605.1.15"
155.212.108.175 - - [28/Jan/2026:02:57:51 -0500] "POST /xmlrpc.php HTTP/1.1" 403 281 "-" "Mozilla/5.0 (Macintosh; Intel Mac OS X 13_5) AppleWebKit/605.1.15 (KHTML, like Gecko) Version/17.5 Safari/605.1.15"
130.49.77.63 - - [28/Jan/2026:02:57:51 -0500] "POST /xmlrpc.php HTTP/1.1" 403 281 "-" "Mozilla/5.0 (Macintosh; Intel Mac OS X 13_5) AppleWebKit/605.1.15 (KHTML, like Gecko) Version/17.5 Safari/605.1.15"
