40.80.84.23 - - [26/Jan/2026:22:05:01 -0500] "GET /info.php HTTP/1.1" 302 - "-" "Mozilla/5.0 (Windows NT 10.0; Win64; x64) AppleWebKit/537.36 (KHTML, like Gecko) Chrome/120.0.0.0 Safari/537.36"
40.80.84.23 - - [26/Jan/2026:22:05:01 -0500] "GET /past.php HTTP/1.1" 302 - "-" "Mozilla/5.0 (Windows NT 10.0; Win64; x64) AppleWebKit/537.36 (KHTML, like Gecko) Chrome/120.0.0.0 Safari/537.36"
40.80.84.23 - - [26/Jan/2026:22:05:02 -0500] "GET /fast.php HTTP/1.1" 302 - "-" "Mozilla/5.0 (Windows NT 10.0; Win64; x64) AppleWebKit/537.36 (KHTML, like Gecko) Chrome/120.0.0.0 Safari/537.36"
40.80.84.23 - - [26/Jan/2026:22:05:02 -0500] "GET /k.php HTTP/1.1" 302 - "-" "Mozilla/5.0 (Windows NT 10.0; Win64; x64) AppleWebKit/537.36 (KHTML, like Gecko) Chrome/120.0.0.0 Safari/537.36"
40.80.84.23 - - [26/Jan/2026:22:05:02 -0500] "GET /r.php HTTP/1.1" 302 - "-" "Mozilla/5.0 (Windows NT 10.0; Win64; x64) AppleWebKit/537.36 (KHTML, like Gecko) Chrome/120.0.0.0 Safari/537.36"
40.80.84.23 - - [26/Jan/2026:22:05:02 -0500] "GET /makeasmtp.php HTTP/1.1" 302 - "-" "Mozilla/5.0 (Windows NT 10.0; Win64; x64) AppleWebKit/537.36 (KHTML, like Gecko) Chrome/120.0.0.0 Safari/537.36"
40.80.84.23 - - [26/Jan/2026:22:05:03 -0500] "GET /load.php HTTP/1.1" 302 - "-" "Mozilla/5.0 (Windows NT 10.0; Win64; x64) AppleWebKit/537.36 (KHTML, like Gecko) Chrome/120.0.0.0 Safari/537.36"
40.80.84.23 - - [26/Jan/2026:22:05:03 -0500] "GET /about.php HTTP/1.1" 302 - "-" "Mozilla/5.0 (Windows NT 10.0; Win64; x64) AppleWebKit/537.36 (KHTML, like Gecko) Chrome/120.0.0.0 Safari/537.36"
40.80.84.23 - - [26/Jan/2026:22:05:04 -0500] "GET /2.php HTTP/1.1" 302 - "-" "Mozilla/5.0 (Windows NT 10.0; Win64; x64) AppleWebKit/537.36 (KHTML, like Gecko) Chrome/120.0.0.0 Safari/537.36"
40.80.84.23 - - [26/Jan/2026:22:05:04 -0500] "GET /new.php HTTP/1.1" 302 - "-" "Mozilla/5.0 (Windows NT 10.0; Win64; x64) AppleWebKit/537.36 (KHTML, like Gecko) Chrome/120.0.0.0 Safari/537.36"
40.80.84.23 - - [26/Jan/2026:22:05:04 -0500] "GET /cong.php HTTP/1.1" 302 - "-" "Mozilla/5.0 (Windows NT 10.0; Win64; x64) AppleWebKit/537.36 (KHTML, like Gecko) Chrome/120.0.0.0 Safari/537.36"
40.80.84.23 - - [26/Jan/2026:22:05:05 -0500] "GET /mar.php HTTP/1.1" 302 - "-" "Mozilla/5.0 (Windows NT 10.0; Win64; x64) AppleWebKit/537.36 (KHTML, like Gecko) Chrome/120.0.0.0 Safari/537.36"
40.80.84.23 - - [26/Jan/2026:22:05:05 -0500] "GET /y.php HTTP/1.1" 302 - "-" "Mozilla/5.0 (Windows NT 10.0; Win64; x64) AppleWebKit/537.36 (KHTML, like Gecko) Chrome/120.0.0.0 Safari/537.36"
40.80.84.23 - - [26/Jan/2026:22:05:05 -0500] "GET /p.php HTTP/1.1" 302 - "-" "Mozilla/5.0 (Windows NT 10.0; Win64; x64) AppleWebKit/537.36 (KHTML, like Gecko) Chrome/120.0.0.0 Safari/537.36"
40.80.84.23 - - [26/Jan/2026:22:05:06 -0500] "GET /oxshell.php HTTP/1.1" 302 - "-" "Mozilla/5.0 (Windows NT 10.0; Win64; x64) AppleWebKit/537.36 (KHTML, like Gecko) Chrome/120.0.0.0 Safari/537.36"
40.80.84.23 - - [26/Jan/2026:22:05:06 -0500] "GET /vv.php HTTP/1.1" 302 - "-" "Mozilla/5.0 (Windows NT 10.0; Win64; x64) AppleWebKit/537.36 (KHTML, like Gecko) Chrome/120.0.0.0 Safari/537.36"
40.80.84.23 - - [26/Jan/2026:22:05:06 -0500] "GET /ioxi-o.php HTTP/1.1" 302 - "-" "Mozilla/5.0 (Windows NT 10.0; Win64; x64) AppleWebKit/537.36 (KHTML, like Gecko) Chrome/120.0.0.0 Safari/537.36"
40.80.84.23 - - [26/Jan/2026:22:05:06 -0500] "GET /content.php HTTP/1.1" 302 - "-" "Mozilla/5.0 (Windows NT 10.0; Win64; x64) AppleWebKit/537.36 (KHTML, like Gecko) Chrome/120.0.0.0 Safari/537.36"
40.80.84.23 - - [26/Jan/2026:22:05:07 -0500] "GET /cache.php HTTP/1.1" 302 - "-" "Mozilla/5.0 (Windows NT 10.0; Win64; x64) AppleWebKit/537.36 (KHTML, like Gecko) Chrome/120.0.0.0 Safari/537.36"
40.80.84.23 - - [26/Jan/2026:22:05:07 -0500] "GET /w.php HTTP/1.1" 302 - "-" "Mozilla/5.0 (Windows NT 10.0; Win64; x64) AppleWebKit/537.36 (KHTML, like Gecko) Chrome/120.0.0.0 Safari/537.36"
40.80.84.23 - - [26/Jan/2026:22:05:07 -0500] "GET /worksec.php HTTP/1.1" 302 - "-" "Mozilla/5.0 (Windows NT 10.0; Win64; x64) AppleWebKit/537.36 (KHTML, like Gecko) Chrome/120.0.0.0 Safari/537.36"
40.80.84.23 - - [26/Jan/2026:22:05:08 -0500] "GET /as.php HTTP/1.1" 302 - "-" "Mozilla/5.0 (Windows NT 10.0; Win64; x64) AppleWebKit/537.36 (KHTML, like Gecko) Chrome/120.0.0.0 Safari/537.36"
40.80.84.23 - - [26/Jan/2026:22:05:08 -0500] "GET /asus.php HTTP/1.1" 302 - "-" "Mozilla/5.0 (Windows NT 10.0; Win64; x64) AppleWebKit/537.36 (KHTML, like Gecko) Chrome/120.0.0.0 Safari/537.36"
40.80.84.23 - - [26/Jan/2026:22:05:08 -0500] "GET /ggfi.php HTTP/1.1" 302 - "-" "Mozilla/5.0 (Windows NT 10.0; Win64; x64) AppleWebKit/537.36 (KHTML, like Gecko) Chrome/120.0.0.0 Safari/537.36"
40.80.84.23 - - [26/Jan/2026:22:05:09 -0500] "GET /ot.php HTTP/1.1" 302 - "-" "Mozilla/5.0 (Windows NT 10.0; Win64; x64) AppleWebKit/537.36 (KHTML, like Gecko) Chrome/120.0.0.0 Safari/537.36"
40.80.84.23 - - [26/Jan/2026:22:05:09 -0500] "GET /aa.php HTTP/1.1" 302 - "-" "Mozilla/5.0 (Windows NT 10.0; Win64; x64) AppleWebKit/537.36 (KHTML, like Gecko) Chrome/120.0.0.0 Safari/537.36"
40.80.84.23 - - [26/Jan/2026:22:05:09 -0500] "GET /alfa.php HTTP/1.1" 302 - "-" "Mozilla/5.0 (Windows NT 10.0; Win64; x64) AppleWebKit/537.36 (KHTML, like Gecko) Chrome/120.0.0.0 Safari/537.36"
40.80.84.23 - - [26/Jan/2026:22:05:10 -0500] "GET /asasx.php HTTP/1.1" 302 - "-" "Mozilla/5.0 (Windows NT 10.0; Win64; x64) AppleWebKit/537.36 (KHTML, like Gecko) Chrome/120.0.0.0 Safari/537.36"
40.80.84.23 - - [26/Jan/2026:22:05:10 -0500] "GET /atomlib.php HTTP/1.1" 302 - "-" "Mozilla/5.0 (Windows NT 10.0; Win64; x64) AppleWebKit/537.36 (KHTML, like Gecko) Chrome/120.0.0.0 Safari/537.36"
40.80.84.23 - - [26/Jan/2026:22:05:11 -0500] "GET /autoload_classmap.php HTTP/1.1" 302 - "-" "Mozilla/5.0 (Windows NT 10.0; Win64; x64) AppleWebKit/537.36 (KHTML, like Gecko) Chrome/120.0.0.0 Safari/537.36"
40.80.84.23 - - [26/Jan/2026:22:05:11 -0500] "GET /autoload_classmap/function.php HTTP/1.1" 302 - "-" "Mozilla/5.0 (Windows NT 10.0; Win64; x64) AppleWebKit/537.36 (KHTML, like Gecko) Chrome/120.0.0.0 Safari/537.36"
40.80.84.23 - - [26/Jan/2026:22:05:11 -0500] "GET /buy.php HTTP/1.1" 302 - "-" "Mozilla/5.0 (Windows NT 10.0; Win64; x64) AppleWebKit/537.36 (KHTML, like Gecko) Chrome/120.0.0.0 Safari/537.36"
40.80.84.23 - - [26/Jan/2026:22:05:11 -0500] "GET /classwithtostring.php HTTP/1.1" 302 - "-" "Mozilla/5.0 (Windows NT 10.0; Win64; x64) AppleWebKit/537.36 (KHTML, like Gecko) Chrome/120.0.0.0 Safari/537.36"
40.80.84.23 - - [26/Jan/2026:22:05:12 -0500] "GET /edit.php HTTP/1.1" 302 - "-" "Mozilla/5.0 (Windows NT 10.0; Win64; x64) AppleWebKit/537.36 (KHTML, like Gecko) Chrome/120.0.0.0 Safari/537.36"
40.80.84.23 - - [26/Jan/2026:22:05:12 -0500] "GET /mm.php HTTP/1.1" 302 - "-" "Mozilla/5.0 (Windows NT 10.0; Win64; x64) AppleWebKit/537.36 (KHTML, like Gecko) Chrome/120.0.0.0 Safari/537.36"
40.80.84.23 - - [26/Jan/2026:22:05:13 -0500] "GET /goat.php HTTP/1.1" 302 - "-" "Mozilla/5.0 (Windows NT 10.0; Win64; x64) AppleWebKit/537.36 (KHTML, like Gecko) Chrome/120.0.0.0 Safari/537.36"
40.80.84.23 - - [26/Jan/2026:22:05:13 -0500] "GET /goods.php HTTP/1.1" 302 - "-" "Mozilla/5.0 (Windows NT 10.0; Win64; x64) AppleWebKit/537.36 (KHTML, like Gecko) Chrome/120.0.0.0 Safari/537.36"
40.80.84.23 - - [26/Jan/2026:22:05:13 -0500] "GET /lock360.php HTTP/1.1" 302 - "-" "Mozilla/5.0 (Windows NT 10.0; Win64; x64) AppleWebKit/537.36 (KHTML, like Gecko) Chrome/120.0.0.0 Safari/537.36"
40.80.84.23 - - [26/Jan/2026:22:05:14 -0500] "GET /users.php HTTP/1.1" 302 - "-" "Mozilla/5.0 (Windows NT 10.0; Win64; x64) AppleWebKit/537.36 (KHTML, like Gecko) Chrome/120.0.0.0 Safari/537.36"
40.80.84.23 - - [26/Jan/2026:22:05:14 -0500] "GET /wp-admin/ HTTP/1.1" 403 273 "-" "Mozilla/5.0 (Windows NT 10.0; Win64; x64) AppleWebKit/537.36 (KHTML, like Gecko) Chrome/120.0.0.0 Safari/537.36"
40.80.84.23 - - [26/Jan/2026:22:05:14 -0500] "GET /wp-admin/css/colors/blue/index.php HTTP/1.1" 302 - "-" "Mozilla/5.0 (Windows NT 10.0; Win64; x64) AppleWebKit/537.36 (KHTML, like Gecko) Chrome/120.0.0.0 Safari/537.36"
40.80.84.23 - - [26/Jan/2026:22:05:15 -0500] "GET /wp-admin/images/moon.php HTTP/1.1" 302 - "-" "Mozilla/5.0 (Windows NT 10.0; Win64; x64) AppleWebKit/537.36 (KHTML, like Gecko) Chrome/120.0.0.0 Safari/537.36"
40.80.84.23 - - [26/Jan/2026:22:05:15 -0500] "GET /wp-admin/js/index.php HTTP/1.1" 302 - "-" "Mozilla/5.0 (Windows NT 10.0; Win64; x64) AppleWebKit/537.36 (KHTML, like Gecko) Chrome/120.0.0.0 Safari/537.36"
40.80.84.23 - - [26/Jan/2026:22:05:15 -0500] "GET /wp-admin/setup-config.php HTTP/1.1" 302 - "-" "Mozilla/5.0 (Windows NT 10.0; Win64; x64) AppleWebKit/537.36 (KHTML, like Gecko) Chrome/120.0.0.0 Safari/537.36"
40.80.84.23 - - [26/Jan/2026:22:05:16 -0500] "GET /wp-api.php HTTP/1.1" 302 - "-" "Mozilla/5.0 (Windows NT 10.0; Win64; x64) AppleWebKit/537.36 (KHTML, like Gecko) Chrome/120.0.0.0 Safari/537.36"
40.80.84.23 - - [26/Jan/2026:22:05:16 -0500] "GET /wp-content/index.php HTTP/1.1" 302 - "-" "Mozilla/5.0 (Windows NT 10.0; Win64; x64) AppleWebKit/537.36 (KHTML, like Gecko) Chrome/120.0.0.0 Safari/537.36"
40.80.84.23 - - [26/Jan/2026:22:05:16 -0500] "GET /wp-content/wp-conflg.php HTTP/1.1" 302 - "-" "Mozilla/5.0 (Windows NT 10.0; Win64; x64) AppleWebKit/537.36 (KHTML, like Gecko) Chrome/120.0.0.0 Safari/537.36"
40.80.84.23 - - [26/Jan/2026:22:05:16 -0500] "GET /sts.php HTTP/1.1" 302 - "-" "Mozilla/5.0 (Windows NT 10.0; Win64; x64) AppleWebKit/537.36 (KHTML, like Gecko) Chrome/120.0.0.0 Safari/537.36"
40.80.84.23 - - [26/Jan/2026:22:05:17 -0500] "GET /root.php HTTP/1.1" 302 - "-" "Mozilla/5.0 (Windows NT 10.0; Win64; x64) AppleWebKit/537.36 (KHTML, like Gecko) Chrome/120.0.0.0 Safari/537.36"
40.80.84.23 - - [26/Jan/2026:22:05:17 -0500] "GET /ws.php HTTP/1.1" 302 - "-" "Mozilla/5.0 (Windows NT 10.0; Win64; x64) AppleWebKit/537.36 (KHTML, like Gecko) Chrome/120.0.0.0 Safari/537.36"
40.80.84.23 - - [26/Jan/2026:22:05:17 -0500] "GET /doc.php HTTP/1.1" 302 - "-" "Mozilla/5.0 (Windows NT 10.0; Win64; x64) AppleWebKit/537.36 (KHTML, like Gecko) Chrome/120.0.0.0 Safari/537.36"
40.80.84.23 - - [26/Jan/2026:22:05:18 -0500] "GET /wp-includes/IXR/autoload_classmap.php HTTP/1.1" 302 - "-" "Mozilla/5.0 (Windows NT 10.0; Win64; x64) AppleWebKit/537.36 (KHTML, like Gecko) Chrome/120.0.0.0 Safari/537.36"
40.80.84.23 - - [26/Jan/2026:22:05:18 -0500] "GET /wp-includes/fonts/admin.php HTTP/1.1" 302 - "-" "Mozilla/5.0 (Windows NT 10.0; Win64; x64) AppleWebKit/537.36 (KHTML, like Gecko) Chrome/120.0.0.0 Safari/537.36"
40.80.84.23 - - [26/Jan/2026:22:05:18 -0500] "GET /wp-includes/fonts/index.php HTTP/1.1" 302 - "-" "Mozilla/5.0 (Windows NT 10.0; Win64; x64) AppleWebKit/537.36 (KHTML, like Gecko) Chrome/120.0.0.0 Safari/537.36"
40.80.84.23 - - [26/Jan/2026:22:05:19 -0500] "GET /wp-setup.php HTTP/1.1" 302 - "-" "Mozilla/5.0 (Windows NT 10.0; Win64; x64) AppleWebKit/537.36 (KHTML, like Gecko) Chrome/120.0.0.0 Safari/537.36"
40.80.84.23 - - [26/Jan/2026:22:05:19 -0500] "GET /wp.php HTTP/1.1" 302 - "-" "Mozilla/5.0 (Windows NT 10.0; Win64; x64) AppleWebKit/537.36 (KHTML, like Gecko) Chrome/120.0.0.0 Safari/537.36"
40.80.84.23 - - [26/Jan/2026:22:05:19 -0500] "GET /wsa.php HTTP/1.1" 302 - "-" "Mozilla/5.0 (Windows NT 10.0; Win64; x64) AppleWebKit/537.36 (KHTML, like Gecko) Chrome/120.0.0.0 Safari/537.36"
74.206.190.87 - - [26/Jan/2026:22:05:37 -0500] "GET / HTTP/1.1" 302 - "-" "curl/7.29.0"
91.84.114.159 - - [26/Jan/2026:22:09:31 -0500] "GET /wp-login.php HTTP/1.1" 302 - "-" "Mozilla/5.0 (Windows NT 10.0; Win64; x64) AppleWebKit/537.36 (KHTML, like Gecko) Chrome/120.0.0.0 Safari/537.36"
91.84.114.159 - - [26/Jan/2026:22:09:32 -0500] "GET /wp-admin/ HTTP/1.1" 403 272 "-" "Mozilla/5.0 (Windows NT 10.0; Win64; x64; rv:121.0) Gecko/20100101 Firefox/121.0"
91.84.114.159 - - [26/Jan/2026:22:09:32 -0500] "GET /?author=1 HTTP/1.1" 302 - "-" "Mozilla/5.0 (Windows NT 11.0; Win64; x64) AppleWebKit/537.36 (KHTML, like Gecko) Chrome/121.0.0.0 Safari/537.36"
91.84.114.159 - - [26/Jan/2026:22:09:33 -0500] "GET /?author=2 HTTP/1.1" 302 - "-" "Mozilla/5.0 (Windows NT 10.0; Win64; x64; rv:121.0) Gecko/20100101 Firefox/121.0"
91.84.114.159 - - [26/Jan/2026:22:09:34 -0500] "GET /?author=3 HTTP/1.1" 302 - "-" "Mozilla/5.0 (Windows NT 10.0; Win64; x64; rv:121.0) Gecko/20100101 Firefox/121.0"
91.84.114.159 - - [26/Jan/2026:22:09:35 -0500] "GET /?author=4 HTTP/1.1" 302 - "-" "Mozilla/5.0 (Windows NT 10.0; Win64; x64; rv:121.0) Gecko/20100101 Firefox/121.0"
91.84.114.159 - - [26/Jan/2026:22:09:36 -0500] "GET /?author=5 HTTP/1.1" 302 - "-" "Mozilla/5.0 (Windows NT 10.0; Win64; x64) AppleWebKit/537.36 (KHTML, like Gecko) Chrome/120.0.0.0 Safari/537.36"
91.84.114.159 - - [26/Jan/2026:22:09:36 -0500] "GET /?author=6 HTTP/1.1" 302 - "-" "Mozilla/5.0 (Windows NT 10.0; Win64; x64; rv:121.0) Gecko/20100101 Firefox/121.0"
91.84.114.159 - - [26/Jan/2026:22:09:37 -0500] "GET /?author=7 HTTP/1.1" 302 - "-" "Mozilla/5.0 (Windows NT 10.0; Win64; x64) AppleWebKit/537.36 (KHTML, like Gecko) Chrome/120.0.0.0 Safari/537.36"
91.84.114.159 - - [26/Jan/2026:22:09:38 -0500] "GET /?author=8 HTTP/1.1" 302 - "-" "Mozilla/5.0 (Windows NT 10.0; Win64; x64; rv:121.0) Gecko/20100101 Firefox/121.0"
91.84.114.159 - - [26/Jan/2026:22:09:38 -0500] "GET /?author=9 HTTP/1.1" 302 - "-" "Mozilla/5.0 (Windows NT 10.0; Win64; x64) AppleWebKit/537.36 (KHTML, like Gecko) Chrome/120.0.0.0 Safari/537.36"
91.84.114.159 - - [26/Jan/2026:22:09:39 -0500] "GET /?author=10 HTTP/1.1" 302 - "-" "Mozilla/5.0 (Windows NT 10.0; Win64; x64) AppleWebKit/537.36 (KHTML, like Gecko) Chrome/120.0.0.0 Safari/537.36"
91.84.114.159 - - [26/Jan/2026:22:09:40 -0500] "GET /?author=11 HTTP/1.1" 302 - "-" "Mozilla/5.0 (Windows NT 10.0; Win64; x64) AppleWebKit/537.36 (KHTML, like Gecko) Chrome/120.0.0.0 Safari/537.36"
91.84.114.159 - - [26/Jan/2026:22:09:40 -0500] "GET /?author=12 HTTP/1.1" 302 - "-" "Mozilla/5.0 (Windows NT 10.0; Win64; x64; rv:121.0) Gecko/20100101 Firefox/121.0"
91.84.114.159 - - [26/Jan/2026:22:09:41 -0500] "GET /?author=13 HTTP/1.1" 302 - "-" "Mozilla/5.0 (Windows NT 10.0; Win64; x64) AppleWebKit/537.36 (KHTML, like Gecko) Chrome/120.0.0.0 Safari/537.36"
91.84.114.159 - - [26/Jan/2026:22:09:41 -0500] "GET /?author=14 HTTP/1.1" 302 - "-" "Mozilla/5.0 (Windows NT 10.0; Win64; x64; rv:121.0) Gecko/20100101 Firefox/121.0"
91.84.114.159 - - [26/Jan/2026:22:09:42 -0500] "GET /?author=15 HTTP/1.1" 302 - "-" "Mozilla/5.0 (X11; Linux x86_64) AppleWebKit/537.36 (KHTML, like Gecko) Chrome/120.0.0.0 Safari/537.36"
91.84.114.159 - - [26/Jan/2026:22:09:43 -0500] "GET /?author=16 HTTP/1.1" 302 - "-" "Mozilla/5.0 (Windows NT 11.0; Win64; x64) AppleWebKit/537.36 (KHTML, like Gecko) Chrome/121.0.0.0 Safari/537.36"
91.84.114.159 - - [26/Jan/2026:22:09:43 -0500] "GET /?author=17 HTTP/1.1" 302 - "-" "Mozilla/5.0 (X11; Linux x86_64) AppleWebKit/537.36 (KHTML, like Gecko) Chrome/120.0.0.0 Safari/537.36"
91.84.114.159 - - [26/Jan/2026:22:09:44 -0500] "GET /?author=18 HTTP/1.1" 302 - "-" "Mozilla/5.0 (Windows NT 10.0; Win64; x64) AppleWebKit/537.36 (KHTML, like Gecko) Chrome/120.0.0.0 Safari/537.36"
91.84.114.159 - - [26/Jan/2026:22:09:44 -0500] "GET /?author=19 HTTP/1.1" 302 - "-" "Mozilla/5.0 (Windows NT 10.0; Win64; x64) AppleWebKit/537.36 (KHTML, like Gecko) Chrome/120.0.0.0 Safari/537.36"
91.84.114.159 - - [26/Jan/2026:22:09:45 -0500] "GET /?author=20 HTTP/1.1" 302 - "-" "Mozilla/5.0 (X11; Linux x86_64) AppleWebKit/537.36 (KHTML, like Gecko) Chrome/120.0.0.0 Safari/537.36"
91.84.114.159 - - [26/Jan/2026:22:09:46 -0500] "GET /?author=21 HTTP/1.1" 302 - "-" "Mozilla/5.0 (Windows NT 10.0; Win64; x64) AppleWebKit/537.36 (KHTML, like Gecko) Chrome/120.0.0.0 Safari/537.36"
91.84.114.159 - - [26/Jan/2026:22:09:46 -0500] "GET /?author=22 HTTP/1.1" 302 - "-" "Mozilla/5.0 (Windows NT 10.0; Win64; x64; rv:121.0) Gecko/20100101 Firefox/121.0"
91.84.114.159 - - [26/Jan/2026:22:09:47 -0500] "GET /?author=23 HTTP/1.1" 302 - "-" "Mozilla/5.0 (Windows NT 11.0; Win64; x64) AppleWebKit/537.36 (KHTML, like Gecko) Chrome/121.0.0.0 Safari/537.36"
91.84.114.159 - - [26/Jan/2026:22:09:48 -0500] "GET /?author=24 HTTP/1.1" 302 - "-" "Mozilla/5.0 (Windows NT 10.0; Win64; x64) AppleWebKit/537.36 (KHTML, like Gecko) Chrome/120.0.0.0 Safari/537.36"
91.84.114.159 - - [26/Jan/2026:22:09:48 -0500] "GET /wp-json/wp/v2/users HTTP/1.1" 302 - "-" "Mozilla/5.0 (Macintosh; Intel Mac OS X 10_15_7) AppleWebKit/537.36 (KHTML, like Gecko) Chrome/120.0.0.0 Safari/537.36"
91.84.114.159 - - [26/Jan/2026:22:09:49 -0500] "GET /?rest_route=/wp/v2/users HTTP/1.1" 302 - "-" "Mozilla/5.0 (Windows NT 10.0; Win64; x64; rv:121.0) Gecko/20100101 Firefox/121.0"
91.84.114.159 - - [26/Jan/2026:22:09:50 -0500] "GET /index.php/wp-json/wp/v2/users HTTP/1.1" 302 - "-" "Mozilla/5.0 (X11; Linux x86_64) AppleWebKit/537.36 (KHTML, like Gecko) Chrome/120.0.0.0 Safari/537.36"
91.84.114.159 - - [26/Jan/2026:22:09:50 -0500] "GET /feed/ HTTP/1.1" 302 - "-" "Mozilla/5.0 (Macintosh; Intel Mac OS X 10_15_7) AppleWebKit/537.36 (KHTML, like Gecko) Chrome/120.0.0.0 Safari/537.36"
91.84.114.159 - - [26/Jan/2026:22:09:51 -0500] "GET /rss/ HTTP/1.1" 302 - "-" "Mozilla/5.0 (X11; Linux x86_64) AppleWebKit/537.36 (KHTML, like Gecko) Chrome/120.0.0.0 Safari/537.36"
91.84.114.159 - - [26/Jan/2026:22:09:52 -0500] "GET /rss2/ HTTP/1.1" 302 - "-" "Mozilla/5.0 (X11; Linux x86_64) AppleWebKit/537.36 (KHTML, like Gecko) Chrome/120.0.0.0 Safari/537.36"
91.84.114.159 - - [26/Jan/2026:22:09:53 -0500] "GET /atom/ HTTP/1.1" 302 - "-" "Mozilla/5.0 (Windows NT 11.0; Win64; x64) AppleWebKit/537.36 (KHTML, like Gecko) Chrome/121.0.0.0 Safari/537.36"
91.84.114.159 - - [26/Jan/2026:22:09:54 -0500] "GET / HTTP/1.1" 302 - "-" "Mozilla/5.0 (Windows NT 10.0; Win64; x64) AppleWebKit/537.36 (KHTML, like Gecko) Chrome/120.0.0.0 Safari/537.36"
91.84.114.159 - - [26/Jan/2026:22:09:55 -0500] "GET /wp-login.php HTTP/1.1" 302 - "-" "Mozilla/5.0 (Macintosh; Intel Mac OS X 10_15_7) AppleWebKit/537.36 (KHTML, like Gecko) Chrome/120.0.0.0 Safari/537.36"
91.84.114.159 - - [26/Jan/2026:22:09:55 -0500] "POST /wp-login.php HTTP/1.1" 302 - "https://spygay.com/wp-login.php" "Mozilla/5.0 (Windows NT 10.0; Win64; x64) AppleWebKit/537.36 (KHTML, like Gecko) Chrome/120.0.0.0 Safari/537.36"
91.84.114.159 - - [26/Jan/2026:22:09:56 -0500] "POST /wp-login.php HTTP/1.1" 302 - "https://spygay.com/wp-login.php" "Mozilla/5.0 (Windows NT 10.0; Win64; x64) AppleWebKit/537.36 (KHTML, like Gecko) Chrome/120.0.0.0 Safari/537.36"
91.84.114.159 - - [26/Jan/2026:22:09:56 -0500] "POST /wp-login.php HTTP/1.1" 302 - "https://spygay.com/wp-login.php" "Mozilla/5.0 (Windows NT 10.0; Win64; x64) AppleWebKit/537.36 (KHTML, like Gecko) Chrome/120.0.0.0 Safari/537.36"
91.84.114.159 - - [26/Jan/2026:22:09:56 -0500] "GET /wp-login.php HTTP/1.1" 302 - "-" "Mozilla/5.0 (Macintosh; Intel Mac OS X 10_15_7) AppleWebKit/537.36 (KHTML, like Gecko) Chrome/120.0.0.0 Safari/537.36"
91.84.114.159 - - [26/Jan/2026:22:09:57 -0500] "POST /wp-login.php HTTP/1.1" 302 - "https://spygay.com/wp-login.php" "Mozilla/5.0 (Windows NT 11.0; Win64; x64) AppleWebKit/537.36 (KHTML, like Gecko) Chrome/121.0.0.0 Safari/537.36"
91.84.114.159 - - [26/Jan/2026:22:09:57 -0500] "POST /wp-login.php HTTP/1.1" 302 - "https://spygay.com/wp-login.php" "Mozilla/5.0 (Windows NT 11.0; Win64; x64) AppleWebKit/537.36 (KHTML, like Gecko) Chrome/121.0.0.0 Safari/537.36"
91.84.114.159 - - [26/Jan/2026:22:09:58 -0500] "POST /wp-login.php HTTP/1.1" 302 - "https://spygay.com/wp-login.php" "Mozilla/5.0 (Windows NT 11.0; Win64; x64) AppleWebKit/537.36 (KHTML, like Gecko) Chrome/121.0.0.0 Safari/537.36"
91.84.114.159 - - [26/Jan/2026:22:09:58 -0500] "GET /wp-login.php HTTP/1.1" 302 - "-" "Mozilla/5.0 (Windows NT 11.0; Win64; x64) AppleWebKit/537.36 (KHTML, like Gecko) Chrome/121.0.0.0 Safari/537.36"
91.84.114.159 - - [26/Jan/2026:22:09:58 -0500] "POST /wp-login.php HTTP/1.1" 302 - "https://spygay.com/wp-login.php" "Mozilla/5.0 (X11; Linux x86_64) AppleWebKit/537.36 (KHTML, like Gecko) Chrome/120.0.0.0 Safari/537.36"
91.84.114.159 - - [26/Jan/2026:22:09:59 -0500] "POST /wp-login.php HTTP/1.1" 302 - "https://spygay.com/wp-login.php" "Mozilla/5.0 (X11; Linux x86_64) AppleWebKit/537.36 (KHTML, like Gecko) Chrome/120.0.0.0 Safari/537.36"
91.84.114.159 - - [26/Jan/2026:22:09:59 -0500] "POST /wp-login.php HTTP/1.1" 302 - "https://spygay.com/wp-login.php" "Mozilla/5.0 (X11; Linux x86_64) AppleWebKit/537.36 (KHTML, like Gecko) Chrome/120.0.0.0 Safari/537.36"
91.84.114.159 - - [26/Jan/2026:22:09:59 -0500] "GET /wp-login.php HTTP/1.1" 302 - "-" "Mozilla/5.0 (Windows NT 11.0; Win64; x64) AppleWebKit/537.36 (KHTML, like Gecko) Chrome/121.0.0.0 Safari/537.36"
91.84.114.159 - - [26/Jan/2026:22:10:00 -0500] "POST /wp-login.php HTTP/1.1" 302 - "https://spygay.com/wp-login.php" "Mozilla/5.0 (Windows NT 11.0; Win64; x64) AppleWebKit/537.36 (KHTML, like Gecko) Chrome/121.0.0.0 Safari/537.36"
91.84.114.159 - - [26/Jan/2026:22:10:00 -0500] "POST /wp-login.php HTTP/1.1" 302 - "https://spygay.com/wp-login.php" "Mozilla/5.0 (Windows NT 11.0; Win64; x64) AppleWebKit/537.36 (KHTML, like Gecko) Chrome/121.0.0.0 Safari/537.36"
91.84.114.159 - - [26/Jan/2026:22:10:00 -0500] "POST /wp-login.php HTTP/1.1" 302 - "https://spygay.com/wp-login.php" "Mozilla/5.0 (Windows NT 11.0; Win64; x64) AppleWebKit/537.36 (KHTML, like Gecko) Chrome/121.0.0.0 Safari/537.36"
91.84.114.159 - - [26/Jan/2026:22:10:01 -0500] "GET /wp-login.php HTTP/1.1" 302 - "-" "Mozilla/5.0 (Macintosh; Intel Mac OS X 10_15_7) AppleWebKit/537.36 (KHTML, like Gecko) Chrome/120.0.0.0 Safari/537.36"
91.84.114.159 - - [26/Jan/2026:22:10:01 -0500] "POST /wp-login.php HTTP/1.1" 302 - "https://spygay.com/wp-login.php" "Mozilla/5.0 (Windows NT 10.0; Win64; x64; rv:121.0) Gecko/20100101 Firefox/121.0"
91.84.114.159 - - [26/Jan/2026:22:10:02 -0500] "POST /wp-login.php HTTP/1.1" 302 - "https://spygay.com/wp-login.php" "Mozilla/5.0 (Windows NT 10.0; Win64; x64; rv:121.0) Gecko/20100101 Firefox/121.0"
91.84.114.159 - - [26/Jan/2026:22:10:02 -0500] "POST /wp-login.php HTTP/1.1" 302 - "https://spygay.com/wp-login.php" "Mozilla/5.0 (Windows NT 10.0; Win64; x64; rv:121.0) Gecko/20100101 Firefox/121.0"
91.84.114.159 - - [26/Jan/2026:22:10:02 -0500] "GET /wp-login.php HTTP/1.1" 302 - "-" "Mozilla/5.0 (Macintosh; Intel Mac OS X 10_15_7) AppleWebKit/537.36 (KHTML, like Gecko) Chrome/120.0.0.0 Safari/537.36"
91.84.114.159 - - [26/Jan/2026:22:10:03 -0500] "POST /wp-login.php HTTP/1.1" 302 - "https://spygay.com/wp-login.php" "Mozilla/5.0 (X11; Linux x86_64) AppleWebKit/537.36 (KHTML, like Gecko) Chrome/120.0.0.0 Safari/537.36"
91.84.114.159 - - [26/Jan/2026:22:10:03 -0500] "POST /wp-login.php HTTP/1.1" 302 - "https://spygay.com/wp-login.php" "Mozilla/5.0 (X11; Linux x86_64) AppleWebKit/537.36 (KHTML, like Gecko) Chrome/120.0.0.0 Safari/537.36"
91.84.114.159 - - [26/Jan/2026:22:10:03 -0500] "POST /wp-login.php HTTP/1.1" 302 - "https://spygay.com/wp-login.php" "Mozilla/5.0 (X11; Linux x86_64) AppleWebKit/537.36 (KHTML, like Gecko) Chrome/120.0.0.0 Safari/537.36"
91.84.114.159 - - [26/Jan/2026:22:10:03 -0500] "GET /wp-login.php HTTP/1.1" 302 - "-" "Mozilla/5.0 (Macintosh; Intel Mac OS X 10_15_7) AppleWebKit/537.36 (KHTML, like Gecko) Chrome/120.0.0.0 Safari/537.36"
91.84.114.159 - - [26/Jan/2026:22:10:04 -0500] "POST /wp-login.php HTTP/1.1" 302 - "https://spygay.com/wp-login.php" "Mozilla/5.0 (X11; Linux x86_64) AppleWebKit/537.36 (KHTML, like Gecko) Chrome/120.0.0.0 Safari/537.36"
91.84.114.159 - - [26/Jan/2026:22:10:04 -0500] "POST /wp-login.php HTTP/1.1" 302 - "https://spygay.com/wp-login.php" "Mozilla/5.0 (X11; Linux x86_64) AppleWebKit/537.36 (KHTML, like Gecko) Chrome/120.0.0.0 Safari/537.36"
91.84.114.159 - - [26/Jan/2026:22:10:05 -0500] "POST /wp-login.php HTTP/1.1" 302 - "https://spygay.com/wp-login.php" "Mozilla/5.0 (X11; Linux x86_64) AppleWebKit/537.36 (KHTML, like Gecko) Chrome/120.0.0.0 Safari/537.36"
91.84.114.159 - - [26/Jan/2026:22:10:05 -0500] "GET /wp-login.php HTTP/1.1" 302 - "-" "Mozilla/5.0 (Windows NT 11.0; Win64; x64) AppleWebKit/537.36 (KHTML, like Gecko) Chrome/121.0.0.0 Safari/537.36"
91.84.114.159 - - [26/Jan/2026:22:10:06 -0500] "POST /wp-login.php HTTP/1.1" 302 - "https://spygay.com/wp-login.php" "Mozilla/5.0 (Windows NT 10.0; Win64; x64) AppleWebKit/537.36 (KHTML, like Gecko) Chrome/120.0.0.0 Safari/537.36"
91.84.114.159 - - [26/Jan/2026:22:10:06 -0500] "POST /wp-login.php HTTP/1.1" 302 - "https://spygay.com/wp-login.php" "Mozilla/5.0 (Windows NT 10.0; Win64; x64) AppleWebKit/537.36 (KHTML, like Gecko) Chrome/120.0.0.0 Safari/537.36"
91.84.114.159 - - [26/Jan/2026:22:10:06 -0500] "POST /wp-login.php HTTP/1.1" 302 - "https://spygay.com/wp-login.php" "Mozilla/5.0 (Windows NT 10.0; Win64; x64) AppleWebKit/537.36 (KHTML, like Gecko) Chrome/120.0.0.0 Safari/537.36"
91.84.114.159 - - [26/Jan/2026:22:10:07 -0500] "GET /wp-login.php HTTP/1.1" 302 - "-" "Mozilla/5.0 (Windows NT 10.0; Win64; x64; rv:121.0) Gecko/20100101 Firefox/121.0"
91.84.114.159 - - [26/Jan/2026:22:10:07 -0500] "POST /wp-login.php HTTP/1.1" 302 - "https://spygay.com/wp-login.php" "Mozilla/5.0 (Windows NT 10.0; Win64; x64; rv:121.0) Gecko/20100101 Firefox/121.0"
91.84.114.159 - - [26/Jan/2026:22:10:08 -0500] "POST /wp-login.php HTTP/1.1" 302 - "https://spygay.com/wp-login.php" "Mozilla/5.0 (Windows NT 10.0; Win64; x64; rv:121.0) Gecko/20100101 Firefox/121.0"
91.84.114.159 - - [26/Jan/2026:22:10:08 -0500] "POST /wp-login.php HTTP/1.1" 302 - "https://spygay.com/wp-login.php" "Mozilla/5.0 (Windows NT 10.0; Win64; x64; rv:121.0) Gecko/20100101 Firefox/121.0"
91.84.114.159 - - [26/Jan/2026:22:10:08 -0500] "GET /wp-login.php HTTP/1.1" 302 - "-" "Mozilla/5.0 (Windows NT 10.0; Win64; x64; rv:121.0) Gecko/20100101 Firefox/121.0"
91.84.114.159 - - [26/Jan/2026:22:10:09 -0500] "POST /wp-login.php HTTP/1.1" 302 - "https://spygay.com/wp-login.php" "Mozilla/5.0 (X11; Linux x86_64) AppleWebKit/537.36 (KHTML, like Gecko) Chrome/120.0.0.0 Safari/537.36"
91.84.114.159 - - [26/Jan/2026:22:10:09 -0500] "POST /wp-login.php HTTP/1.1" 302 - "https://spygay.com/wp-login.php" "Mozilla/5.0 (X11; Linux x86_64) AppleWebKit/537.36 (KHTML, like Gecko) Chrome/120.0.0.0 Safari/537.36"
91.84.114.159 - - [26/Jan/2026:22:10:09 -0500] "POST /wp-login.php HTTP/1.1" 302 - "https://spygay.com/wp-login.php" "Mozilla/5.0 (X11; Linux x86_64) AppleWebKit/537.36 (KHTML, like Gecko) Chrome/120.0.0.0 Safari/537.36"
91.84.114.159 - - [26/Jan/2026:22:10:10 -0500] "GET /wp-login.php HTTP/1.1" 302 - "-" "Mozilla/5.0 (Macintosh; Intel Mac OS X 10_15_7) AppleWebKit/537.36 (KHTML, like Gecko) Chrome/120.0.0.0 Safari/537.36"
91.84.114.159 - - [26/Jan/2026:22:10:10 -0500] "POST /wp-login.php HTTP/1.1" 302 - "https://spygay.com/wp-login.php" "Mozilla/5.0 (Windows NT 10.0; Win64; x64) AppleWebKit/537.36 (KHTML, like Gecko) Chrome/120.0.0.0 Safari/537.36"
91.84.114.159 - - [26/Jan/2026:22:10:10 -0500] "POST /wp-login.php HTTP/1.1" 302 - "https://spygay.com/wp-login.php" "Mozilla/5.0 (Windows NT 10.0; Win64; x64) AppleWebKit/537.36 (KHTML, like Gecko) Chrome/120.0.0.0 Safari/537.36"
91.84.114.159 - - [26/Jan/2026:22:10:11 -0500] "POST /wp-login.php HTTP/1.1" 302 - "https://spygay.com/wp-login.php" "Mozilla/5.0 (Windows NT 10.0; Win64; x64) AppleWebKit/537.36 (KHTML, like Gecko) Chrome/120.0.0.0 Safari/537.36"
91.84.114.159 - - [26/Jan/2026:22:10:11 -0500] "GET /wp-login.php HTTP/1.1" 302 - "-" "Mozilla/5.0 (Windows NT 10.0; Win64; x64) AppleWebKit/537.36 (KHTML, like Gecko) Chrome/120.0.0.0 Safari/537.36"
91.84.114.159 - - [26/Jan/2026:22:10:12 -0500] "POST /wp-login.php HTTP/1.1" 302 - "https://spygay.com/wp-login.php" "Mozilla/5.0 (Windows NT 11.0; Win64; x64) AppleWebKit/537.36 (KHTML, like Gecko) Chrome/121.0.0.0 Safari/537.36"
91.84.114.159 - - [26/Jan/2026:22:10:12 -0500] "POST /wp-login.php HTTP/1.1" 302 - "https://spygay.com/wp-login.php" "Mozilla/5.0 (Windows NT 11.0; Win64; x64) AppleWebKit/537.36 (KHTML, like Gecko) Chrome/121.0.0.0 Safari/537.36"
91.84.114.159 - - [26/Jan/2026:22:10:12 -0500] "POST /wp-login.php HTTP/1.1" 302 - "https://spygay.com/wp-login.php" "Mozilla/5.0 (Windows NT 11.0; Win64; x64) AppleWebKit/537.36 (KHTML, like Gecko) Chrome/121.0.0.0 Safari/537.36"
91.84.114.159 - - [26/Jan/2026:22:10:12 -0500] "GET /wp-login.php HTTP/1.1" 302 - "-" "Mozilla/5.0 (Windows NT 10.0; Win64; x64; rv:121.0) Gecko/20100101 Firefox/121.0"
91.84.114.159 - - [26/Jan/2026:22:10:13 -0500] "POST /wp-login.php HTTP/1.1" 302 - "https://spygay.com/wp-login.php" "Mozilla/5.0 (Windows NT 10.0; Win64; x64; rv:121.0) Gecko/20100101 Firefox/121.0"
91.84.114.159 - - [26/Jan/2026:22:10:13 -0500] "POST /wp-login.php HTTP/1.1" 302 - "https://spygay.com/wp-login.php" "Mozilla/5.0 (Windows NT 10.0; Win64; x64; rv:121.0) Gecko/20100101 Firefox/121.0"
91.84.114.159 - - [26/Jan/2026:22:10:14 -0500] "POST /wp-login.php HTTP/1.1" 302 - "https://spygay.com/wp-login.php" "Mozilla/5.0 (Windows NT 10.0; Win64; x64; rv:121.0) Gecko/20100101 Firefox/121.0"
91.84.114.159 - - [26/Jan/2026:22:10:14 -0500] "GET /wp-login.php HTTP/1.1" 302 - "-" "Mozilla/5.0 (X11; Linux x86_64) AppleWebKit/537.36 (KHTML, like Gecko) Chrome/120.0.0.0 Safari/537.36"
91.84.114.159 - - [26/Jan/2026:22:10:15 -0500] "POST /wp-login.php HTTP/1.1" 302 - "https://spygay.com/wp-login.php" "Mozilla/5.0 (Windows NT 11.0; Win64; x64) AppleWebKit/537.36 (KHTML, like Gecko) Chrome/121.0.0.0 Safari/537.36"
91.84.114.159 - - [26/Jan/2026:22:10:15 -0500] "POST /wp-login.php HTTP/1.1" 302 - "https://spygay.com/wp-login.php" "Mozilla/5.0 (Windows NT 11.0; Win64; x64) AppleWebKit/537.36 (KHTML, like Gecko) Chrome/121.0.0.0 Safari/537.36"
91.84.114.159 - - [26/Jan/2026:22:10:15 -0500] "POST /wp-login.php HTTP/1.1" 302 - "https://spygay.com/wp-login.php" "Mozilla/5.0 (Windows NT 11.0; Win64; x64) AppleWebKit/537.36 (KHTML, like Gecko) Chrome/121.0.0.0 Safari/537.36"
91.84.114.159 - - [26/Jan/2026:22:10:16 -0500] "GET /wp-login.php HTTP/1.1" 302 - "-" "Mozilla/5.0 (Windows NT 10.0; Win64; x64; rv:121.0) Gecko/20100101 Firefox/121.0"
91.84.114.159 - - [26/Jan/2026:22:10:16 -0500] "POST /wp-login.php HTTP/1.1" 302 - "https://spygay.com/wp-login.php" "Mozilla/5.0 (Windows NT 10.0; Win64; x64) AppleWebKit/537.36 (KHTML, like Gecko) Chrome/120.0.0.0 Safari/537.36"
91.84.114.159 - - [26/Jan/2026:22:10:16 -0500] "POST /wp-login.php HTTP/1.1" 302 - "https://spygay.com/wp-login.php" "Mozilla/5.0 (Windows NT 10.0; Win64; x64) AppleWebKit/537.36 (KHTML, like Gecko) Chrome/120.0.0.0 Safari/537.36"
91.84.114.159 - - [26/Jan/2026:22:10:17 -0500] "POST /wp-login.php HTTP/1.1" 302 - "https://spygay.com/wp-login.php" "Mozilla/5.0 (Windows NT 10.0; Win64; x64) AppleWebKit/537.36 (KHTML, like Gecko) Chrome/120.0.0.0 Safari/537.36"
91.84.114.159 - - [26/Jan/2026:22:10:17 -0500] "GET /wp-login.php HTTP/1.1" 302 - "-" "Mozilla/5.0 (Windows NT 10.0; Win64; x64; rv:121.0) Gecko/20100101 Firefox/121.0"
91.84.114.159 - - [26/Jan/2026:22:10:18 -0500] "POST /wp-login.php HTTP/1.1" 302 - "https://spygay.com/wp-login.php" "Mozilla/5.0 (Windows NT 11.0; Win64; x64) AppleWebKit/537.36 (KHTML, like Gecko) Chrome/121.0.0.0 Safari/537.36"
144.91.126.77 - - [26/Jan/2026:22:10:18 -0500] "GET /wp-login.php HTTP/1.1" 302 - "https://www.bing.com/" "Mozilla/5.0 (X11; Linux x86_64) AppleWebKit/537.36 (KHTML, like Gecko) Chrome/121.0.6167.85 Safari/537.36"
91.84.114.159 - - [26/Jan/2026:22:10:18 -0500] "POST /wp-login.php HTTP/1.1" 302 - "https://spygay.com/wp-login.php" "Mozilla/5.0 (Windows NT 11.0; Win64; x64) AppleWebKit/537.36 (KHTML, like Gecko) Chrome/121.0.0.0 Safari/537.36"
91.84.114.159 - - [26/Jan/2026:22:10:18 -0500] "POST /wp-login.php HTTP/1.1" 302 - "https://spygay.com/wp-login.php" "Mozilla/5.0 (Windows NT 11.0; Win64; x64) AppleWebKit/537.36 (KHTML, like Gecko) Chrome/121.0.0.0 Safari/537.36"
91.84.114.159 - - [26/Jan/2026:22:10:18 -0500] "GET /wp-login.php HTTP/1.1" 302 - "-" "Mozilla/5.0 (X11; Linux x86_64) AppleWebKit/537.36 (KHTML, like Gecko) Chrome/120.0.0.0 Safari/537.36"
91.84.114.159 - - [26/Jan/2026:22:10:20 -0500] "POST /wp-login.php HTTP/1.1" 302 - "https://spygay.com/wp-login.php" "Mozilla/5.0 (Macintosh; Intel Mac OS X 10_15_7) AppleWebKit/537.36 (KHTML, like Gecko) Chrome/120.0.0.0 Safari/537.36"
144.91.126.77 - - [26/Jan/2026:22:10:20 -0500] "GET /wp-admin/index.php HTTP/1.1" 302 - "http://sonblondes.com/wp-login.php" "Mozilla/5.0 (Windows NT 10.0; Win64; x64) Gecko/20100101 Firefox/119.0.1"
91.84.114.159 - - [26/Jan/2026:22:10:20 -0500] "POST /wp-login.php HTTP/1.1" 302 - "https://spygay.com/wp-login.php" "Mozilla/5.0 (Macintosh; Intel Mac OS X 10_15_7) AppleWebKit/537.36 (KHTML, like Gecko) Chrome/120.0.0.0 Safari/537.36"
91.84.114.159 - - [26/Jan/2026:22:10:20 -0500] "POST /wp-login.php HTTP/1.1" 302 - "https://spygay.com/wp-login.php" "Mozilla/5.0 (Macintosh; Intel Mac OS X 10_15_7) AppleWebKit/537.36 (KHTML, like Gecko) Chrome/120.0.0.0 Safari/537.36"
144.91.126.77 - - [26/Jan/2026:22:10:20 -0500] "GET /wp-admin/profile.php HTTP/1.1" 302 - "http://sonblondes.com/wp-login.php" "Mozilla/5.0 (Windows NT 10.0; Win64; x64) Gecko/20100101 Firefox/119.0.1"
91.84.114.159 - - [26/Jan/2026:22:10:20 -0500] "GET /wp-login.php HTTP/1.1" 302 - "-" "Mozilla/5.0 (X11; Linux x86_64) AppleWebKit/537.36 (KHTML, like Gecko) Chrome/120.0.0.0 Safari/537.36"
144.91.126.77 - - [26/Jan/2026:22:10:21 -0500] "GET /wp-admin/edit.php HTTP/1.1" 302 - "http://sonblondes.com/wp-login.php" "Mozilla/5.0 (Windows NT 10.0; Win64; x64) Gecko/20100101 Firefox/119.0.1"
91.84.114.159 - - [26/Jan/2026:22:10:21 -0500] "POST /wp-login.php HTTP/1.1" 302 - "https://spygay.com/wp-login.php" "Mozilla/5.0 (Macintosh; Intel Mac OS X 10_15_7) AppleWebKit/537.36 (KHTML, like Gecko) Chrome/120.0.0.0 Safari/537.36"
144.91.126.77 - - [26/Jan/2026:22:10:21 -0500] "GET /wp-admin/plugins.php HTTP/1.1" 302 - "http://sonblondes.com/wp-login.php" "Mozilla/5.0 (Windows NT 10.0; Win64; x64) Gecko/20100101 Firefox/119.0.1"
91.84.114.159 - - [26/Jan/2026:22:10:21 -0500] "POST /wp-login.php HTTP/1.1" 302 - "https://spygay.com/wp-login.php" "Mozilla/5.0 (Macintosh; Intel Mac OS X 10_15_7) AppleWebKit/537.36 (KHTML, like Gecko) Chrome/120.0.0.0 Safari/537.36"
91.84.114.159 - - [26/Jan/2026:22:10:21 -0500] "POST /wp-login.php HTTP/1.1" 302 - "https://spygay.com/wp-login.php" "Mozilla/5.0 (Macintosh; Intel Mac OS X 10_15_7) AppleWebKit/537.36 (KHTML, like Gecko) Chrome/120.0.0.0 Safari/537.36"
91.84.114.159 - - [26/Jan/2026:22:10:22 -0500] "GET /wp-login.php HTTP/1.1" 302 - "-" "Mozilla/5.0 (X11; Linux x86_64) AppleWebKit/537.36 (KHTML, like Gecko) Chrome/120.0.0.0 Safari/537.36"
144.91.126.77 - - [26/Jan/2026:22:10:22 -0500] "GET /wp-admin/index.php HTTP/1.1" 302 - "http://sonblondes.com/wp-login.php" "Mozilla/5.0 (Macintosh; Intel Mac OS X 10.15) Gecko/20100101 Firefox/121.0"
91.84.114.159 - - [26/Jan/2026:22:10:22 -0500] "POST /wp-login.php HTTP/1.1" 302 - "https://spygay.com/wp-login.php" "Mozilla/5.0 (Windows NT 10.0; Win64; x64; rv:121.0) Gecko/20100101 Firefox/121.0"
91.84.114.159 - - [26/Jan/2026:22:10:23 -0500] "POST /wp-login.php HTTP/1.1" 302 - "https://spygay.com/wp-login.php" "Mozilla/5.0 (Windows NT 10.0; Win64; x64; rv:121.0) Gecko/20100101 Firefox/121.0"
144.91.126.77 - - [26/Jan/2026:22:10:23 -0500] "GET /wp-admin/profile.php HTTP/1.1" 302 - "http://sonblondes.com/wp-login.php" "Mozilla/5.0 (Macintosh; Intel Mac OS X 10.15) Gecko/20100101 Firefox/121.0"
91.84.114.159 - - [26/Jan/2026:22:10:23 -0500] "POST /wp-login.php HTTP/1.1" 302 - "https://spygay.com/wp-login.php" "Mozilla/5.0 (Windows NT 10.0; Win64; x64; rv:121.0) Gecko/20100101 Firefox/121.0"
91.84.114.159 - - [26/Jan/2026:22:10:23 -0500] "GET /wp-login.php HTTP/1.1" 302 - "-" "Mozilla/5.0 (X11; Linux x86_64) AppleWebKit/537.36 (KHTML, like Gecko) Chrome/120.0.0.0 Safari/537.36"
144.91.126.77 - - [26/Jan/2026:22:10:23 -0500] "GET /wp-admin/edit.php HTTP/1.1" 302 - "http://sonblondes.com/wp-login.php" "Mozilla/5.0 (Macintosh; Intel Mac OS X 10.15) Gecko/20100101 Firefox/121.0"
144.91.126.77 - - [26/Jan/2026:22:10:24 -0500] "GET /wp-admin/plugins.php HTTP/1.1" 302 - "http://sonblondes.com/wp-login.php" "Mozilla/5.0 (Macintosh; Intel Mac OS X 10.15) Gecko/20100101 Firefox/121.0"
91.84.114.159 - - [26/Jan/2026:22:10:24 -0500] "POST /wp-login.php HTTP/1.1" 302 - "https://spygay.com/wp-login.php" "Mozilla/5.0 (Windows NT 10.0; Win64; x64) AppleWebKit/537.36 (KHTML, like Gecko) Chrome/120.0.0.0 Safari/537.36"
91.84.114.159 - - [26/Jan/2026:22:10:24 -0500] "POST /wp-login.php HTTP/1.1" 302 - "https://spygay.com/wp-login.php" "Mozilla/5.0 (Windows NT 10.0; Win64; x64) AppleWebKit/537.36 (KHTML, like Gecko) Chrome/120.0.0.0 Safari/537.36"
91.84.114.159 - - [26/Jan/2026:22:10:24 -0500] "POST /wp-login.php HTTP/1.1" 302 - "https://spygay.com/wp-login.php" "Mozilla/5.0 (Windows NT 10.0; Win64; x64) AppleWebKit/537.36 (KHTML, like Gecko) Chrome/120.0.0.0 Safari/537.36"
91.84.114.159 - - [26/Jan/2026:22:10:24 -0500] "GET /wp-login.php HTTP/1.1" 302 - "-" "Mozilla/5.0 (Windows NT 10.0; Win64; x64) AppleWebKit/537.36 (KHTML, like Gecko) Chrome/120.0.0.0 Safari/537.36"
144.91.126.77 - - [26/Jan/2026:22:10:25 -0500] "GET /wp-admin/index.php HTTP/1.1" 302 - "http://sonblondes.com/wp-login.php" "Mozilla/5.0 (Macintosh; Intel Mac OS X 10_15_7) AppleWebKit/537.36 (KHTML, like Gecko) Chrome/121.0.6167.85 Safari/537.36"
91.84.114.159 - - [26/Jan/2026:22:10:25 -0500] "POST /wp-login.php HTTP/1.1" 302 - "https://spygay.com/wp-login.php" "Mozilla/5.0 (Macintosh; Intel Mac OS X 10_15_7) AppleWebKit/537.36 (KHTML, like Gecko) Chrome/120.0.0.0 Safari/537.36"
144.91.126.77 - - [26/Jan/2026:22:10:25 -0500] "GET /wp-admin/profile.php HTTP/1.1" 302 - "http://sonblondes.com/wp-login.php" "Mozilla/5.0 (Macintosh; Intel Mac OS X 10_15_7) AppleWebKit/537.36 (KHTML, like Gecko) Chrome/121.0.6167.85 Safari/537.36"
91.84.114.159 - - [26/Jan/2026:22:10:25 -0500] "POST /wp-login.php HTTP/1.1" 302 - "https://spygay.com/wp-login.php" "Mozilla/5.0 (Macintosh; Intel Mac OS X 10_15_7) AppleWebKit/537.36 (KHTML, like Gecko) Chrome/120.0.0.0 Safari/537.36"
91.84.114.159 - - [26/Jan/2026:22:10:25 -0500] "POST /wp-login.php HTTP/1.1" 302 - "https://spygay.com/wp-login.php" "Mozilla/5.0 (Macintosh; Intel Mac OS X 10_15_7) AppleWebKit/537.36 (KHTML, like Gecko) Chrome/120.0.0.0 Safari/537.36"
144.91.126.77 - - [26/Jan/2026:22:10:25 -0500] "GET /wp-admin/edit.php HTTP/1.1" 302 - "http://sonblondes.com/wp-login.php" "Mozilla/5.0 (Macintosh; Intel Mac OS X 10_15_7) AppleWebKit/537.36 (KHTML, like Gecko) Chrome/121.0.6167.85 Safari/537.36"
91.84.114.159 - - [26/Jan/2026:22:10:26 -0500] "GET /wp-login.php HTTP/1.1" 302 - "-" "Mozilla/5.0 (Windows NT 10.0; Win64; x64) AppleWebKit/537.36 (KHTML, like Gecko) Chrome/120.0.0.0 Safari/537.36"
144.91.126.77 - - [26/Jan/2026:22:10:26 -0500] "GET /wp-admin/plugins.php HTTP/1.1" 302 - "http://sonblondes.com/wp-login.php" "Mozilla/5.0 (Macintosh; Intel Mac OS X 10_15_7) AppleWebKit/537.36 (KHTML, like Gecko) Chrome/121.0.6167.85 Safari/537.36"
91.84.114.159 - - [26/Jan/2026:22:10:27 -0500] "POST /wp-login.php HTTP/1.1" 302 - "https://spygay.com/wp-login.php" "Mozilla/5.0 (Macintosh; Intel Mac OS X 10_15_7) AppleWebKit/537.36 (KHTML, like Gecko) Chrome/120.0.0.0 Safari/537.36"
91.84.114.159 - - [26/Jan/2026:22:10:27 -0500] "POST /wp-login.php HTTP/1.1" 302 - "https://spygay.com/wp-login.php" "Mozilla/5.0 (Macintosh; Intel Mac OS X 10_15_7) AppleWebKit/537.36 (KHTML, like Gecko) Chrome/120.0.0.0 Safari/537.36"
144.91.126.77 - - [26/Jan/2026:22:10:27 -0500] "GET /wp-admin/index.php HTTP/1.1" 302 - "http://sonblondes.com/wp-login.php" "Mozilla/5.0 (X11; Ubuntu; Linux x86_64; rv:118.0.2) Gecko/20100101 Firefox/118.0.2"
91.84.114.159 - - [26/Jan/2026:22:10:27 -0500] "POST /wp-login.php HTTP/1.1" 302 - "https://spygay.com/wp-login.php" "Mozilla/5.0 (Macintosh; Intel Mac OS X 10_15_7) AppleWebKit/537.36 (KHTML, like Gecko) Chrome/120.0.0.0 Safari/537.36"
144.91.126.77 - - [26/Jan/2026:22:10:27 -0500] "GET /wp-admin/profile.php HTTP/1.1" 302 - "http://sonblondes.com/wp-login.php" "Mozilla/5.0 (X11; Ubuntu; Linux x86_64; rv:118.0.2) Gecko/20100101 Firefox/118.0.2"
91.84.114.159 - - [26/Jan/2026:22:10:27 -0500] "GET /wp-login.php HTTP/1.1" 302 - "-" "Mozilla/5.0 (Windows NT 10.0; Win64; x64) AppleWebKit/537.36 (KHTML, like Gecko) Chrome/120.0.0.0 Safari/537.36"
144.91.126.77 - - [26/Jan/2026:22:10:28 -0500] "GET /wp-admin/edit.php HTTP/1.1" 302 - "http://sonblondes.com/wp-login.php" "Mozilla/5.0 (X11; Ubuntu; Linux x86_64; rv:118.0.2) Gecko/20100101 Firefox/118.0.2"
91.84.114.159 - - [26/Jan/2026:22:10:28 -0500] "POST /wp-login.php HTTP/1.1" 302 - "https://spygay.com/wp-login.php" "Mozilla/5.0 (X11; Linux x86_64) AppleWebKit/537.36 (KHTML, like Gecko) Chrome/120.0.0.0 Safari/537.36"
144.91.126.77 - - [26/Jan/2026:22:10:28 -0500] "GET /wp-admin/plugins.php HTTP/1.1" 302 - "http://sonblondes.com/wp-login.php" "Mozilla/5.0 (X11; Ubuntu; Linux x86_64; rv:118.0.2) Gecko/20100101 Firefox/118.0.2"
91.84.114.159 - - [26/Jan/2026:22:10:28 -0500] "POST /wp-login.php HTTP/1.1" 302 - "https://spygay.com/wp-login.php" "Mozilla/5.0 (X11; Linux x86_64) AppleWebKit/537.36 (KHTML, like Gecko) Chrome/120.0.0.0 Safari/537.36"
91.84.114.159 - - [26/Jan/2026:22:10:29 -0500] "POST /wp-login.php HTTP/1.1" 302 - "https://spygay.com/wp-login.php" "Mozilla/5.0 (X11; Linux x86_64) AppleWebKit/537.36 (KHTML, like Gecko) Chrome/120.0.0.0 Safari/537.36"
91.84.114.159 - - [26/Jan/2026:22:10:29 -0500] "GET /wp-login.php HTTP/1.1" 302 - "-" "Mozilla/5.0 (X11; Linux x86_64) AppleWebKit/537.36 (KHTML, like Gecko) Chrome/120.0.0.0 Safari/537.36"
91.84.114.159 - - [26/Jan/2026:22:10:30 -0500] "POST /wp-login.php HTTP/1.1" 302 - "https://spygay.com/wp-login.php" "Mozilla/5.0 (X11; Linux x86_64) AppleWebKit/537.36 (KHTML, like Gecko) Chrome/120.0.0.0 Safari/537.36"
91.84.114.159 - - [26/Jan/2026:22:10:30 -0500] "POST /wp-login.php HTTP/1.1" 302 - "https://spygay.com/wp-login.php" "Mozilla/5.0 (X11; Linux x86_64) AppleWebKit/537.36 (KHTML, like Gecko) Chrome/120.0.0.0 Safari/537.36"
144.91.126.77 - - [26/Jan/2026:22:10:30 -0500] "GET /wp-admin/index.php HTTP/1.1" 302 - "http://sonblondes.com/wp-login.php" "Mozilla/5.0 (Macintosh; Intel Mac OS X 10_15_7) AppleWebKit/605.1.15 (KHTML, like Gecko) Version/17.1 Safari/605.1.15"
91.84.114.159 - - [26/Jan/2026:22:10:30 -0500] "POST /wp-login.php HTTP/1.1" 302 - "https://spygay.com/wp-login.php" "Mozilla/5.0 (X11; Linux x86_64) AppleWebKit/537.36 (KHTML, like Gecko) Chrome/120.0.0.0 Safari/537.36"
144.91.126.77 - - [26/Jan/2026:22:10:30 -0500] "GET /wp-admin/profile.php HTTP/1.1" 302 - "http://sonblondes.com/wp-login.php" "Mozilla/5.0 (Macintosh; Intel Mac OS X 10_15_7) AppleWebKit/605.1.15 (KHTML, like Gecko) Version/17.1 Safari/605.1.15"
91.84.114.159 - - [26/Jan/2026:22:10:30 -0500] "GET /wp-login.php HTTP/1.1" 302 - "-" "Mozilla/5.0 (Windows NT 11.0; Win64; x64) AppleWebKit/537.36 (KHTML, like Gecko) Chrome/121.0.0.0 Safari/537.36"
144.91.126.77 - - [26/Jan/2026:22:10:31 -0500] "GET /wp-admin/edit.php HTTP/1.1" 302 - "http://sonblondes.com/wp-login.php" "Mozilla/5.0 (Macintosh; Intel Mac OS X 10_15_7) AppleWebKit/605.1.15 (KHTML, like Gecko) Version/17.1 Safari/605.1.15"
91.84.114.159 - - [26/Jan/2026:22:10:31 -0500] "POST /wp-login.php HTTP/1.1" 302 - "https://spygay.com/wp-login.php" "Mozilla/5.0 (Windows NT 10.0; Win64; x64) AppleWebKit/537.36 (KHTML, like Gecko) Chrome/120.0.0.0 Safari/537.36"
144.91.126.77 - - [26/Jan/2026:22:10:31 -0500] "GET /wp-admin/plugins.php HTTP/1.1" 302 - "http://sonblondes.com/wp-login.php" "Mozilla/5.0 (Macintosh; Intel Mac OS X 10_15_7) AppleWebKit/605.1.15 (KHTML, like Gecko) Version/17.1 Safari/605.1.15"
91.84.114.159 - - [26/Jan/2026:22:10:31 -0500] "POST /wp-login.php HTTP/1.1" 302 - "https://spygay.com/wp-login.php" "Mozilla/5.0 (Windows NT 10.0; Win64; x64) AppleWebKit/537.36 (KHTML, like Gecko) Chrome/120.0.0.0 Safari/537.36"
91.84.114.159 - - [26/Jan/2026:22:10:32 -0500] "POST /wp-login.php HTTP/1.1" 302 - "https://spygay.com/wp-login.php" "Mozilla/5.0 (Windows NT 10.0; Win64; x64) AppleWebKit/537.36 (KHTML, like Gecko) Chrome/120.0.0.0 Safari/537.36"
91.84.114.159 - - [26/Jan/2026:22:10:32 -0500] "GET /wp-login.php HTTP/1.1" 302 - "-" "Mozilla/5.0 (Macintosh; Intel Mac OS X 10_15_7) AppleWebKit/537.36 (KHTML, like Gecko) Chrome/120.0.0.0 Safari/537.36"
91.84.114.159 - - [26/Jan/2026:22:10:33 -0500] "POST /wp-login.php HTTP/1.1" 302 - "https://spygay.com/wp-login.php" "Mozilla/5.0 (Macintosh; Intel Mac OS X 10_15_7) AppleWebKit/537.36 (KHTML, like Gecko) Chrome/120.0.0.0 Safari/537.36"
144.91.126.77 - - [26/Jan/2026:22:10:33 -0500] "GET /wp-admin/index.php HTTP/1.1" 302 - "http://sonblondes.com/wp-login.php" "Mozilla/5.0 (Macintosh; Intel Mac OS X 12_6_2) AppleWebKit/605.1.15 (KHTML, like Gecko) Version/16.6.1 Safari/605.1.15"
144.91.126.77 - - [26/Jan/2026:22:10:33 -0500] "GET /wp-admin/profile.php HTTP/1.1" 302 - "http://sonblondes.com/wp-login.php" "Mozilla/5.0 (Macintosh; Intel Mac OS X 12_6_2) AppleWebKit/605.1.15 (KHTML, like Gecko) Version/16.6.1 Safari/605.1.15"
91.84.114.159 - - [26/Jan/2026:22:10:33 -0500] "POST /wp-login.php HTTP/1.1" 302 - "https://spygay.com/wp-login.php" "Mozilla/5.0 (Macintosh; Intel Mac OS X 10_15_7) AppleWebKit/537.36 (KHTML, like Gecko) Chrome/120.0.0.0 Safari/537.36"
144.91.126.77 - - [26/Jan/2026:22:10:33 -0500] "GET /wp-admin/edit.php HTTP/1.1" 302 - "http://sonblondes.com/wp-login.php" "Mozilla/5.0 (Macintosh; Intel Mac OS X 12_6_2) AppleWebKit/605.1.15 (KHTML, like Gecko) Version/16.6.1 Safari/605.1.15"
91.84.114.159 - - [26/Jan/2026:22:10:34 -0500] "POST /wp-login.php HTTP/1.1" 302 - "https://spygay.com/wp-login.php" "Mozilla/5.0 (Macintosh; Intel Mac OS X 10_15_7) AppleWebKit/537.36 (KHTML, like Gecko) Chrome/120.0.0.0 Safari/537.36"
91.84.114.159 - - [26/Jan/2026:22:10:34 -0500] "GET /wp-login.php HTTP/1.1" 302 - "-" "Mozilla/5.0 (Macintosh; Intel Mac OS X 10_15_7) AppleWebKit/537.36 (KHTML, like Gecko) Chrome/120.0.0.0 Safari/537.36"
144.91.126.77 - - [26/Jan/2026:22:10:34 -0500] "GET /wp-admin/plugins.php HTTP/1.1" 302 - "http://sonblondes.com/wp-login.php" "Mozilla/5.0 (Macintosh; Intel Mac OS X 12_6_2) AppleWebKit/605.1.15 (KHTML, like Gecko) Version/16.6.1 Safari/605.1.15"
91.84.114.159 - - [26/Jan/2026:22:10:34 -0500] "POST /wp-login.php HTTP/1.1" 302 - "https://spygay.com/wp-login.php" "Mozilla/5.0 (X11; Linux x86_64) AppleWebKit/537.36 (KHTML, like Gecko) Chrome/120.0.0.0 Safari/537.36"
91.84.114.159 - - [26/Jan/2026:22:10:35 -0500] "POST /wp-login.php HTTP/1.1" 302 - "https://spygay.com/wp-login.php" "Mozilla/5.0 (X11; Linux x86_64) AppleWebKit/537.36 (KHTML, like Gecko) Chrome/120.0.0.0 Safari/537.36"
144.91.126.77 - - [26/Jan/2026:22:10:35 -0500] "GET /wp-admin/index.php HTTP/1.1" 302 - "http://sonblondes.com/wp-login.php" "Mozilla/5.0 (Macintosh; Intel Mac OS X 10_15_7) AppleWebKit/537.36 (KHTML, like Gecko) Chrome/119.0.6045.159 Safari/537.36"
91.84.114.159 - - [26/Jan/2026:22:10:36 -0500] "POST /wp-login.php HTTP/1.1" 302 - "https://spygay.com/wp-login.php" "Mozilla/5.0 (X11; Linux x86_64) AppleWebKit/537.36 (KHTML, like Gecko) Chrome/120.0.0.0 Safari/537.36"
144.91.126.77 - - [26/Jan/2026:22:10:36 -0500] "GET /wp-admin/profile.php HTTP/1.1" 302 - "http://sonblondes.com/wp-login.php" "Mozilla/5.0 (Macintosh; Intel Mac OS X 10_15_7) AppleWebKit/537.36 (KHTML, like Gecko) Chrome/119.0.6045.159 Safari/537.36"
91.84.114.159 - - [26/Jan/2026:22:10:36 -0500] "GET /wp-login.php HTTP/1.1" 302 - "-" "Mozilla/5.0 (Windows NT 10.0; Win64; x64) AppleWebKit/537.36 (KHTML, like Gecko) Chrome/120.0.0.0 Safari/537.36"
144.91.126.77 - - [26/Jan/2026:22:10:36 -0500] "GET /wp-admin/edit.php HTTP/1.1" 302 - "http://sonblondes.com/wp-login.php" "Mozilla/5.0 (Macintosh; Intel Mac OS X 10_15_7) AppleWebKit/537.36 (KHTML, like Gecko) Chrome/119.0.6045.159 Safari/537.36"
74.206.190.87 - - [26/Jan/2026:22:10:36 -0500] "GET / HTTP/1.1" 302 - "-" "curl/7.29.0"
91.84.114.159 - - [26/Jan/2026:22:10:36 -0500] "POST /wp-login.php HTTP/1.1" 302 - "https://spygay.com/wp-login.php" "Mozilla/5.0 (Windows NT 11.0; Win64; x64) AppleWebKit/537.36 (KHTML, like Gecko) Chrome/121.0.0.0 Safari/537.36"
144.91.126.77 - - [26/Jan/2026:22:10:37 -0500] "GET /wp-admin/plugins.php HTTP/1.1" 302 - "http://sonblondes.com/wp-login.php" "Mozilla/5.0 (Macintosh; Intel Mac OS X 10_15_7) AppleWebKit/537.36 (KHTML, like Gecko) Chrome/119.0.6045.159 Safari/537.36"
91.84.114.159 - - [26/Jan/2026:22:10:37 -0500] "POST /wp-login.php HTTP/1.1" 302 - "https://spygay.com/wp-login.php" "Mozilla/5.0 (Windows NT 11.0; Win64; x64) AppleWebKit/537.36 (KHTML, like Gecko) Chrome/121.0.0.0 Safari/537.36"
91.84.114.159 - - [26/Jan/2026:22:10:38 -0500] "POST /wp-login.php HTTP/1.1" 302 - "https://spygay.com/wp-login.php" "Mozilla/5.0 (Windows NT 11.0; Win64; x64) AppleWebKit/537.36 (KHTML, like Gecko) Chrome/121.0.0.0 Safari/537.36"
91.84.114.159 - - [26/Jan/2026:22:10:38 -0500] "GET /wp-login.php HTTP/1.1" 302 - "-" "Mozilla/5.0 (Windows NT 11.0; Win64; x64) AppleWebKit/537.36 (KHTML, like Gecko) Chrome/121.0.0.0 Safari/537.36"
144.91.126.77 - - [26/Jan/2026:22:10:38 -0500] "GET /wp-admin/index.php HTTP/1.1" 302 - "http://sonblondes.com/wp-login.php" "Mozilla/5.0 (Macintosh; Intel Mac OS X 13_6_2) AppleWebKit/537.36 (KHTML, like Gecko) Chrome/119.0.6045.159 Safari/537.36"
91.84.114.159 - - [26/Jan/2026:22:10:39 -0500] "POST /wp-login.php HTTP/1.1" 302 - "https://spygay.com/wp-login.php" "Mozilla/5.0 (Windows NT 10.0; Win64; x64) AppleWebKit/537.36 (KHTML, like Gecko) Chrome/120.0.0.0 Safari/537.36"
144.91.126.77 - - [26/Jan/2026:22:10:39 -0500] "GET /wp-admin/profile.php HTTP/1.1" 302 - "http://sonblondes.com/wp-login.php" "Mozilla/5.0 (Macintosh; Intel Mac OS X 13_6_2) AppleWebKit/537.36 (KHTML, like Gecko) Chrome/119.0.6045.159 Safari/537.36"
91.84.114.159 - - [26/Jan/2026:22:10:39 -0500] "POST /wp-login.php HTTP/1.1" 302 - "https://spygay.com/wp-login.php" "Mozilla/5.0 (Windows NT 10.0; Win64; x64) AppleWebKit/537.36 (KHTML, like Gecko) Chrome/120.0.0.0 Safari/537.36"
