78.142.18.43 - - [28/Jan/2026:04:54:09 -0500] "GET /wp-admin/profile.php HTTP/1.1" 302 - "http://sonblondes.com/wp-login.php" "Mozilla/5.0 (Macintosh; Intel Mac OS X 10_15_7) AppleWebKit/537.36 (KHTML, like Gecko) Chrome/118.0.0.0 Safari/537.36"
78.142.18.43 - - [28/Jan/2026:04:54:10 -0500] "GET /wp-admin/edit.php HTTP/1.1" 302 - "http://sonblondes.com/wp-login.php" "Mozilla/5.0 (Macintosh; Intel Mac OS X 10_15_7) AppleWebKit/537.36 (KHTML, like Gecko) Chrome/118.0.0.0 Safari/537.36"
78.142.18.43 - - [28/Jan/2026:04:54:11 -0500] "GET /wp-admin/plugins.php HTTP/1.1" 302 - "http://sonblondes.com/wp-login.php" "Mozilla/5.0 (Macintosh; Intel Mac OS X 10_15_7) AppleWebKit/537.36 (KHTML, like Gecko) Chrome/118.0.0.0 Safari/537.36"
78.142.18.43 - - [28/Jan/2026:04:54:13 -0500] "GET /wp-admin/index.php HTTP/1.1" 302 - "http://sonblondes.com/wp-login.php" "Mozilla/5.0 (Windows NT 11.0; Win64; x64) AppleWebKit/537.36 (KHTML, like Gecko) Chrome/118.0.0.0 Safari/537.36"
78.142.18.43 - - [28/Jan/2026:04:54:14 -0500] "GET /wp-admin/profile.php HTTP/1.1" 302 - "http://sonblondes.com/wp-login.php" "Mozilla/5.0 (Windows NT 11.0; Win64; x64) AppleWebKit/537.36 (KHTML, like Gecko) Chrome/118.0.0.0 Safari/537.36"
78.142.18.43 - - [28/Jan/2026:04:54:15 -0500] "GET /wp-admin/edit.php HTTP/1.1" 302 - "http://sonblondes.com/wp-login.php" "Mozilla/5.0 (Windows NT 11.0; Win64; x64) AppleWebKit/537.36 (KHTML, like Gecko) Chrome/118.0.0.0 Safari/537.36"
78.142.18.43 - - [28/Jan/2026:04:54:16 -0500] "GET /wp-admin/plugins.php HTTP/1.1" 302 - "http://sonblondes.com/wp-login.php" "Mozilla/5.0 (Windows NT 11.0; Win64; x64) AppleWebKit/537.36 (KHTML, like Gecko) Chrome/118.0.0.0 Safari/537.36"
78.142.18.43 - - [28/Jan/2026:04:54:18 -0500] "GET /wp-admin/index.php HTTP/1.1" 302 - "http://sonblondes.com/wp-login.php" "Mozilla/5.0 (Windows NT 10.0; Win64; x64) AppleWebKit/537.36 (KHTML, like Gecko) Chrome/118.0.0.0 Safari/537.36"
78.142.18.43 - - [28/Jan/2026:04:54:19 -0500] "GET /wp-admin/profile.php HTTP/1.1" 302 - "http://sonblondes.com/wp-login.php" "Mozilla/5.0 (Windows NT 10.0; Win64; x64) AppleWebKit/537.36 (KHTML, like Gecko) Chrome/118.0.0.0 Safari/537.36"
78.142.18.43 - - [28/Jan/2026:04:54:20 -0500] "GET /wp-admin/edit.php HTTP/1.1" 302 - "http://sonblondes.com/wp-login.php" "Mozilla/5.0 (Windows NT 10.0; Win64; x64) AppleWebKit/537.36 (KHTML, like Gecko) Chrome/118.0.0.0 Safari/537.36"
78.142.18.43 - - [28/Jan/2026:04:54:20 -0500] "GET /wp-admin/plugins.php HTTP/1.1" 302 - "http://sonblondes.com/wp-login.php" "Mozilla/5.0 (Windows NT 10.0; Win64; x64) AppleWebKit/537.36 (KHTML, like Gecko) Chrome/118.0.0.0 Safari/537.36"
78.142.18.43 - - [28/Jan/2026:04:54:22 -0500] "GET /wp-admin/index.php HTTP/1.1" 302 - "http://sonblondes.com/wp-login.php" "Mozilla/5.0 (X11; Ubuntu; Linux x86_64) AppleWebKit/537.36 (KHTML, like Gecko) Chrome/119.0.0.0 Safari/537.36"
78.142.18.43 - - [28/Jan/2026:04:54:23 -0500] "GET /wp-admin/profile.php HTTP/1.1" 302 - "http://sonblondes.com/wp-login.php" "Mozilla/5.0 (X11; Ubuntu; Linux x86_64) AppleWebKit/537.36 (KHTML, like Gecko) Chrome/119.0.0.0 Safari/537.36"
78.142.18.43 - - [28/Jan/2026:04:54:24 -0500] "GET /wp-admin/edit.php HTTP/1.1" 302 - "http://sonblondes.com/wp-login.php" "Mozilla/5.0 (X11; Ubuntu; Linux x86_64) AppleWebKit/537.36 (KHTML, like Gecko) Chrome/119.0.0.0 Safari/537.36"
78.142.18.43 - - [28/Jan/2026:04:54:25 -0500] "GET /wp-admin/plugins.php HTTP/1.1" 302 - "http://sonblondes.com/wp-login.php" "Mozilla/5.0 (X11; Ubuntu; Linux x86_64) AppleWebKit/537.36 (KHTML, like Gecko) Chrome/119.0.0.0 Safari/537.36"
78.142.18.43 - - [28/Jan/2026:04:54:27 -0500] "GET /wp-admin/index.php HTTP/1.1" 302 - "http://sonblondes.com/wp-login.php" "Mozilla/5.0 (Windows NT 10.0; Win64; x64; rv:120.0) Gecko/20100101 Firefox/120.0"
78.142.18.43 - - [28/Jan/2026:04:54:27 -0500] "GET /wp-admin/profile.php HTTP/1.1" 302 - "http://sonblondes.com/wp-login.php" "Mozilla/5.0 (Windows NT 10.0; Win64; x64; rv:120.0) Gecko/20100101 Firefox/120.0"
78.142.18.43 - - [28/Jan/2026:04:54:28 -0500] "GET /wp-admin/edit.php HTTP/1.1" 302 - "http://sonblondes.com/wp-login.php" "Mozilla/5.0 (Windows NT 10.0; Win64; x64; rv:120.0) Gecko/20100101 Firefox/120.0"
78.142.18.43 - - [28/Jan/2026:04:54:29 -0500] "GET /wp-admin/plugins.php HTTP/1.1" 302 - "http://sonblondes.com/wp-login.php" "Mozilla/5.0 (Windows NT 10.0; Win64; x64; rv:120.0) Gecko/20100101 Firefox/120.0"
78.142.18.43 - - [28/Jan/2026:04:54:31 -0500] "GET /wp-admin/index.php HTTP/1.1" 302 - "http://sonblondes.com/wp-login.php" "Mozilla/5.0 (Windows NT 11.0; Win64; x64; rv:119.0) Gecko/20100101 Firefox/119.0"
78.142.18.43 - - [28/Jan/2026:04:54:32 -0500] "GET /wp-admin/profile.php HTTP/1.1" 302 - "http://sonblondes.com/wp-login.php" "Mozilla/5.0 (Windows NT 11.0; Win64; x64; rv:119.0) Gecko/20100101 Firefox/119.0"
78.142.18.43 - - [28/Jan/2026:04:54:33 -0500] "GET /wp-admin/edit.php HTTP/1.1" 302 - "http://sonblondes.com/wp-login.php" "Mozilla/5.0 (Windows NT 11.0; Win64; x64; rv:119.0) Gecko/20100101 Firefox/119.0"
78.142.18.43 - - [28/Jan/2026:04:54:34 -0500] "GET /wp-admin/plugins.php HTTP/1.1" 302 - "http://sonblondes.com/wp-login.php" "Mozilla/5.0 (Windows NT 11.0; Win64; x64; rv:119.0) Gecko/20100101 Firefox/119.0"
78.142.18.43 - - [28/Jan/2026:04:54:36 -0500] "GET /wp-admin/index.php HTTP/1.1" 302 - "http://sonblondes.com/wp-login.php" "Mozilla/5.0 (Windows NT 11.0; Win64; x64) AppleWebKit/537.36 (KHTML, like Gecko) Chrome/121.0.0.0 Safari/537.36"
78.142.18.43 - - [28/Jan/2026:04:54:37 -0500] "GET /wp-admin/profile.php HTTP/1.1" 302 - "http://sonblondes.com/wp-login.php" "Mozilla/5.0 (Windows NT 11.0; Win64; x64) AppleWebKit/537.36 (KHTML, like Gecko) Chrome/121.0.0.0 Safari/537.36"
78.142.18.43 - - [28/Jan/2026:04:54:38 -0500] "GET /wp-admin/edit.php HTTP/1.1" 302 - "http://sonblondes.com/wp-login.php" "Mozilla/5.0 (Windows NT 11.0; Win64; x64) AppleWebKit/537.36 (KHTML, like Gecko) Chrome/121.0.0.0 Safari/537.36"
78.142.18.43 - - [28/Jan/2026:04:54:39 -0500] "GET /wp-admin/plugins.php HTTP/1.1" 302 - "http://sonblondes.com/wp-login.php" "Mozilla/5.0 (Windows NT 11.0; Win64; x64) AppleWebKit/537.36 (KHTML, like Gecko) Chrome/121.0.0.0 Safari/537.36"
78.142.18.43 - - [28/Jan/2026:04:54:41 -0500] "GET /wp-admin/index.php HTTP/1.1" 302 - "http://sonblondes.com/wp-login.php" "Mozilla/5.0 (Macintosh; Intel Mac OS X 10_15_7) AppleWebKit/605.1.15 (KHTML, like Gecko) Version/17.0 Safari/605.1.15"
78.142.18.43 - - [28/Jan/2026:04:54:42 -0500] "GET /wp-admin/profile.php HTTP/1.1" 302 - "http://sonblondes.com/wp-login.php" "Mozilla/5.0 (Macintosh; Intel Mac OS X 10_15_7) AppleWebKit/605.1.15 (KHTML, like Gecko) Version/17.0 Safari/605.1.15"
78.142.18.43 - - [28/Jan/2026:04:54:43 -0500] "GET /wp-admin/edit.php HTTP/1.1" 302 - "http://sonblondes.com/wp-login.php" "Mozilla/5.0 (Macintosh; Intel Mac OS X 10_15_7) AppleWebKit/605.1.15 (KHTML, like Gecko) Version/17.0 Safari/605.1.15"
78.142.18.43 - - [28/Jan/2026:04:54:44 -0500] "GET /wp-admin/plugins.php HTTP/1.1" 302 - "http://sonblondes.com/wp-login.php" "Mozilla/5.0 (Macintosh; Intel Mac OS X 10_15_7) AppleWebKit/605.1.15 (KHTML, like Gecko) Version/17.0 Safari/605.1.15"
78.142.18.43 - - [28/Jan/2026:04:54:46 -0500] "GET /wp-admin/index.php HTTP/1.1" 302 - "http://sonblondes.com/wp-login.php" "Mozilla/5.0 (Macintosh; Intel Mac OS X 13_6_1) AppleWebKit/605.1.15 (KHTML, like Gecko) Version/16.6 Safari/605.1.15"
78.142.18.43 - - [28/Jan/2026:04:54:47 -0500] "GET /wp-admin/profile.php HTTP/1.1" 302 - "http://sonblondes.com/wp-login.php" "Mozilla/5.0 (Macintosh; Intel Mac OS X 13_6_1) AppleWebKit/605.1.15 (KHTML, like Gecko) Version/16.6 Safari/605.1.15"
78.142.18.43 - - [28/Jan/2026:04:54:48 -0500] "GET /wp-admin/edit.php HTTP/1.1" 302 - "http://sonblondes.com/wp-login.php" "Mozilla/5.0 (Macintosh; Intel Mac OS X 13_6_1) AppleWebKit/605.1.15 (KHTML, like Gecko) Version/16.6 Safari/605.1.15"
78.142.18.43 - - [28/Jan/2026:04:54:49 -0500] "GET /wp-admin/plugins.php HTTP/1.1" 302 - "http://sonblondes.com/wp-login.php" "Mozilla/5.0 (Macintosh; Intel Mac OS X 13_6_1) AppleWebKit/605.1.15 (KHTML, like Gecko) Version/16.6 Safari/605.1.15"
78.142.18.43 - - [28/Jan/2026:04:54:51 -0500] "GET /wp-admin/index.php HTTP/1.1" 302 - "http://sonblondes.com/wp-login.php" "Mozilla/5.0 (Macintosh; Intel Mac OS X 10_15_7; rv:121.0) Gecko/20100101 Firefox/121.0"
78.142.18.43 - - [28/Jan/2026:04:54:51 -0500] "GET /wp-admin/profile.php HTTP/1.1" 302 - "http://sonblondes.com/wp-login.php" "Mozilla/5.0 (Macintosh; Intel Mac OS X 10_15_7; rv:121.0) Gecko/20100101 Firefox/121.0"
78.142.18.43 - - [28/Jan/2026:04:54:53 -0500] "GET /wp-admin/edit.php HTTP/1.1" 302 - "http://sonblondes.com/wp-login.php" "Mozilla/5.0 (Macintosh; Intel Mac OS X 10_15_7; rv:121.0) Gecko/20100101 Firefox/121.0"
78.142.18.43 - - [28/Jan/2026:04:54:54 -0500] "GET /wp-admin/plugins.php HTTP/1.1" 302 - "http://sonblondes.com/wp-login.php" "Mozilla/5.0 (Macintosh; Intel Mac OS X 10_15_7; rv:121.0) Gecko/20100101 Firefox/121.0"
78.142.18.43 - - [28/Jan/2026:04:54:56 -0500] "GET /wp-admin/index.php HTTP/1.1" 302 - "http://sonblondes.com/wp-login.php" "Mozilla/5.0 (Macintosh; Intel Mac OS X 13_6_1) AppleWebKit/605.1.15 (KHTML, like Gecko) Version/16.6 Safari/605.1.15"
78.142.18.43 - - [28/Jan/2026:04:54:57 -0500] "GET /wp-admin/profile.php HTTP/1.1" 302 - "http://sonblondes.com/wp-login.php" "Mozilla/5.0 (Macintosh; Intel Mac OS X 13_6_1) AppleWebKit/605.1.15 (KHTML, like Gecko) Version/16.6 Safari/605.1.15"
78.142.18.43 - - [28/Jan/2026:04:54:58 -0500] "GET /wp-admin/edit.php HTTP/1.1" 302 - "http://sonblondes.com/wp-login.php" "Mozilla/5.0 (Macintosh; Intel Mac OS X 13_6_1) AppleWebKit/605.1.15 (KHTML, like Gecko) Version/16.6 Safari/605.1.15"
78.142.18.43 - - [28/Jan/2026:04:54:59 -0500] "GET /wp-admin/plugins.php HTTP/1.1" 302 - "http://sonblondes.com/wp-login.php" "Mozilla/5.0 (Macintosh; Intel Mac OS X 13_6_1) AppleWebKit/605.1.15 (KHTML, like Gecko) Version/16.6 Safari/605.1.15"
78.142.18.43 - - [28/Jan/2026:04:55:01 -0500] "GET /wp-admin/index.php HTTP/1.1" 302 - "http://sonblondes.com/wp-login.php" "Mozilla/5.0 (Macintosh; Intel Mac OS X 10_15_7) AppleWebKit/605.1.15 (KHTML, like Gecko) Version/17.0 Safari/605.1.15"
78.142.18.43 - - [28/Jan/2026:04:55:02 -0500] "GET /wp-admin/profile.php HTTP/1.1" 302 - "http://sonblondes.com/wp-login.php" "Mozilla/5.0 (Macintosh; Intel Mac OS X 10_15_7) AppleWebKit/605.1.15 (KHTML, like Gecko) Version/17.0 Safari/605.1.15"
78.142.18.43 - - [28/Jan/2026:04:55:03 -0500] "GET /wp-admin/edit.php HTTP/1.1" 302 - "http://sonblondes.com/wp-login.php" "Mozilla/5.0 (Macintosh; Intel Mac OS X 10_15_7) AppleWebKit/605.1.15 (KHTML, like Gecko) Version/17.0 Safari/605.1.15"
78.142.18.43 - - [28/Jan/2026:04:55:05 -0500] "GET /wp-admin/plugins.php HTTP/1.1" 302 - "http://sonblondes.com/wp-login.php" "Mozilla/5.0 (Macintosh; Intel Mac OS X 10_15_7) AppleWebKit/605.1.15 (KHTML, like Gecko) Version/17.0 Safari/605.1.15"
78.142.18.43 - - [28/Jan/2026:04:55:06 -0500] "GET /wp-admin/index.php HTTP/1.1" 302 - "http://sonblondes.com/wp-login.php" "Mozilla/5.0 (Macintosh; Intel Mac OS X 10_15_7) AppleWebKit/605.1.15 (KHTML, like Gecko) Version/17.0 Safari/605.1.15"
78.142.18.43 - - [28/Jan/2026:04:55:07 -0500] "GET /wp-admin/profile.php HTTP/1.1" 302 - "http://sonblondes.com/wp-login.php" "Mozilla/5.0 (Macintosh; Intel Mac OS X 10_15_7) AppleWebKit/605.1.15 (KHTML, like Gecko) Version/17.0 Safari/605.1.15"
78.142.18.43 - - [28/Jan/2026:04:55:09 -0500] "GET /wp-admin/edit.php HTTP/1.1" 302 - "http://sonblondes.com/wp-login.php" "Mozilla/5.0 (Macintosh; Intel Mac OS X 10_15_7) AppleWebKit/605.1.15 (KHTML, like Gecko) Version/17.0 Safari/605.1.15"
78.142.18.43 - - [28/Jan/2026:04:55:10 -0500] "GET /wp-admin/plugins.php HTTP/1.1" 302 - "http://sonblondes.com/wp-login.php" "Mozilla/5.0 (Macintosh; Intel Mac OS X 10_15_7) AppleWebKit/605.1.15 (KHTML, like Gecko) Version/17.0 Safari/605.1.15"
78.142.18.43 - - [28/Jan/2026:04:55:11 -0500] "GET /wp-admin/index.php HTTP/1.1" 302 - "http://sonblondes.com/wp-login.php" "Mozilla/5.0 (Windows NT 11.0; Win64; x64) AppleWebKit/537.36 (KHTML, like Gecko) Chrome/120.0.0.0 Safari/537.36"
78.142.18.43 - - [28/Jan/2026:04:55:12 -0500] "GET /wp-admin/profile.php HTTP/1.1" 302 - "http://sonblondes.com/wp-login.php" "Mozilla/5.0 (Windows NT 11.0; Win64; x64) AppleWebKit/537.36 (KHTML, like Gecko) Chrome/120.0.0.0 Safari/537.36"
78.142.18.43 - - [28/Jan/2026:04:55:13 -0500] "GET /wp-admin/edit.php HTTP/1.1" 302 - "http://sonblondes.com/wp-login.php" "Mozilla/5.0 (Windows NT 11.0; Win64; x64) AppleWebKit/537.36 (KHTML, like Gecko) Chrome/120.0.0.0 Safari/537.36"
78.142.18.43 - - [28/Jan/2026:04:55:14 -0500] "GET /wp-admin/plugins.php HTTP/1.1" 302 - "http://sonblondes.com/wp-login.php" "Mozilla/5.0 (Windows NT 11.0; Win64; x64) AppleWebKit/537.36 (KHTML, like Gecko) Chrome/120.0.0.0 Safari/537.36"
78.142.18.43 - - [28/Jan/2026:04:55:16 -0500] "GET /wp-admin/index.php HTTP/1.1" 302 - "http://sonblondes.com/wp-login.php" "Mozilla/5.0 (X11; Linux x86_64) AppleWebKit/537.36 (KHTML, like Gecko) Chrome/121.0.0.0 Safari/537.36"
78.142.18.43 - - [28/Jan/2026:04:55:17 -0500] "GET /wp-admin/profile.php HTTP/1.1" 302 - "http://sonblondes.com/wp-login.php" "Mozilla/5.0 (X11; Linux x86_64) AppleWebKit/537.36 (KHTML, like Gecko) Chrome/121.0.0.0 Safari/537.36"
78.142.18.43 - - [28/Jan/2026:04:55:18 -0500] "GET /wp-admin/edit.php HTTP/1.1" 302 - "http://sonblondes.com/wp-login.php" "Mozilla/5.0 (X11; Linux x86_64) AppleWebKit/537.36 (KHTML, like Gecko) Chrome/121.0.0.0 Safari/537.36"
78.142.18.43 - - [28/Jan/2026:04:55:19 -0500] "GET /wp-admin/plugins.php HTTP/1.1" 302 - "http://sonblondes.com/wp-login.php" "Mozilla/5.0 (X11; Linux x86_64) AppleWebKit/537.36 (KHTML, like Gecko) Chrome/121.0.0.0 Safari/537.36"
78.142.18.43 - - [28/Jan/2026:04:55:21 -0500] "GET /wp-admin/index.php HTTP/1.1" 302 - "http://sonblondes.com/wp-login.php" "Mozilla/5.0 (Windows NT 11.0; Win64; x64) AppleWebKit/537.36 (KHTML, like Gecko) Chrome/119.0.0.0 Safari/537.36"
78.142.18.43 - - [28/Jan/2026:04:55:22 -0500] "GET /wp-admin/profile.php HTTP/1.1" 302 - "http://sonblondes.com/wp-login.php" "Mozilla/5.0 (Windows NT 11.0; Win64; x64) AppleWebKit/537.36 (KHTML, like Gecko) Chrome/119.0.0.0 Safari/537.36"
78.142.18.43 - - [28/Jan/2026:04:55:23 -0500] "GET /wp-admin/edit.php HTTP/1.1" 302 - "http://sonblondes.com/wp-login.php" "Mozilla/5.0 (Windows NT 11.0; Win64; x64) AppleWebKit/537.36 (KHTML, like Gecko) Chrome/119.0.0.0 Safari/537.36"
78.142.18.43 - - [28/Jan/2026:04:55:25 -0500] "GET /wp-admin/plugins.php HTTP/1.1" 302 - "http://sonblondes.com/wp-login.php" "Mozilla/5.0 (Windows NT 11.0; Win64; x64) AppleWebKit/537.36 (KHTML, like Gecko) Chrome/119.0.0.0 Safari/537.36"
78.142.18.43 - - [28/Jan/2026:04:55:26 -0500] "GET /wp-admin/index.php HTTP/1.1" 302 - "http://sonblondes.com/wp-login.php" "Mozilla/5.0 (X11; Ubuntu; Linux x86_64) AppleWebKit/537.36 (KHTML, like Gecko) Chrome/118.0.0.0 Safari/537.36"
78.142.18.43 - - [28/Jan/2026:04:55:27 -0500] "GET /wp-admin/profile.php HTTP/1.1" 302 - "http://sonblondes.com/wp-login.php" "Mozilla/5.0 (X11; Ubuntu; Linux x86_64) AppleWebKit/537.36 (KHTML, like Gecko) Chrome/118.0.0.0 Safari/537.36"
78.142.18.43 - - [28/Jan/2026:04:55:28 -0500] "GET /wp-admin/edit.php HTTP/1.1" 302 - "http://sonblondes.com/wp-login.php" "Mozilla/5.0 (X11; Ubuntu; Linux x86_64) AppleWebKit/537.36 (KHTML, like Gecko) Chrome/118.0.0.0 Safari/537.36"
78.142.18.43 - - [28/Jan/2026:04:55:29 -0500] "GET /wp-admin/plugins.php HTTP/1.1" 302 - "http://sonblondes.com/wp-login.php" "Mozilla/5.0 (X11; Ubuntu; Linux x86_64) AppleWebKit/537.36 (KHTML, like Gecko) Chrome/118.0.0.0 Safari/537.36"
78.142.18.43 - - [28/Jan/2026:04:55:31 -0500] "GET /wp-admin/index.php HTTP/1.1" 302 - "http://sonblondes.com/wp-login.php" "Mozilla/5.0 (Macintosh; Intel Mac OS X 10_15_7; rv:120.0) Gecko/20100101 Firefox/120.0"
78.142.18.43 - - [28/Jan/2026:04:55:32 -0500] "GET /wp-admin/profile.php HTTP/1.1" 302 - "http://sonblondes.com/wp-login.php" "Mozilla/5.0 (Macintosh; Intel Mac OS X 10_15_7; rv:120.0) Gecko/20100101 Firefox/120.0"
78.142.18.43 - - [28/Jan/2026:04:55:33 -0500] "GET /wp-admin/edit.php HTTP/1.1" 302 - "http://sonblondes.com/wp-login.php" "Mozilla/5.0 (Macintosh; Intel Mac OS X 10_15_7; rv:120.0) Gecko/20100101 Firefox/120.0"
78.142.18.43 - - [28/Jan/2026:04:55:34 -0500] "GET /wp-admin/plugins.php HTTP/1.1" 302 - "http://sonblondes.com/wp-login.php" "Mozilla/5.0 (Macintosh; Intel Mac OS X 10_15_7; rv:120.0) Gecko/20100101 Firefox/120.0"
78.142.18.43 - - [28/Jan/2026:04:55:36 -0500] "GET /wp-admin/index.php HTTP/1.1" 302 - "http://sonblondes.com/wp-login.php" "Mozilla/5.0 (Macintosh; Intel Mac OS X 10_15_7) AppleWebKit/605.1.15 (KHTML, like Gecko) Version/17.0 Safari/605.1.15"
78.142.18.43 - - [28/Jan/2026:04:55:36 -0500] "GET /wp-admin/profile.php HTTP/1.1" 302 - "http://sonblondes.com/wp-login.php" "Mozilla/5.0 (Macintosh; Intel Mac OS X 10_15_7) AppleWebKit/605.1.15 (KHTML, like Gecko) Version/17.0 Safari/605.1.15"
78.142.18.43 - - [28/Jan/2026:04:55:38 -0500] "GET /wp-admin/edit.php HTTP/1.1" 302 - "http://sonblondes.com/wp-login.php" "Mozilla/5.0 (Macintosh; Intel Mac OS X 10_15_7) AppleWebKit/605.1.15 (KHTML, like Gecko) Version/17.0 Safari/605.1.15"
78.142.18.43 - - [28/Jan/2026:04:55:39 -0500] "GET /wp-admin/plugins.php HTTP/1.1" 302 - "http://sonblondes.com/wp-login.php" "Mozilla/5.0 (Macintosh; Intel Mac OS X 10_15_7) AppleWebKit/605.1.15 (KHTML, like Gecko) Version/17.0 Safari/605.1.15"
74.206.190.87 - - [28/Jan/2026:04:55:39 -0500] "GET / HTTP/1.1" 302 - "-" "curl/7.29.0"
78.142.18.43 - - [28/Jan/2026:04:55:41 -0500] "GET /wp-admin/index.php HTTP/1.1" 302 - "http://sonblondes.com/wp-login.php" "Mozilla/5.0 (X11; Linux x86_64) AppleWebKit/537.36 (KHTML, like Gecko) Chrome/120.0.0.0 Safari/537.36"
78.142.18.43 - - [28/Jan/2026:04:55:42 -0500] "GET /wp-admin/profile.php HTTP/1.1" 302 - "http://sonblondes.com/wp-login.php" "Mozilla/5.0 (X11; Linux x86_64) AppleWebKit/537.36 (KHTML, like Gecko) Chrome/120.0.0.0 Safari/537.36"
78.142.18.43 - - [28/Jan/2026:04:55:43 -0500] "GET /wp-admin/edit.php HTTP/1.1" 302 - "http://sonblondes.com/wp-login.php" "Mozilla/5.0 (X11; Linux x86_64) AppleWebKit/537.36 (KHTML, like Gecko) Chrome/120.0.0.0 Safari/537.36"
78.142.18.43 - - [28/Jan/2026:04:55:44 -0500] "GET /wp-admin/plugins.php HTTP/1.1" 302 - "http://sonblondes.com/wp-login.php" "Mozilla/5.0 (X11; Linux x86_64) AppleWebKit/537.36 (KHTML, like Gecko) Chrome/120.0.0.0 Safari/537.36"
78.142.18.43 - - [28/Jan/2026:04:55:46 -0500] "GET /wp-admin/index.php HTTP/1.1" 302 - "http://sonblondes.com/wp-login.php" "Mozilla/5.0 (Macintosh; Intel Mac OS X 10_15_7) AppleWebKit/605.1.15 (KHTML, like Gecko) Version/17.1 Safari/605.1.15"
78.142.18.43 - - [28/Jan/2026:04:55:47 -0500] "GET /wp-admin/profile.php HTTP/1.1" 302 - "http://sonblondes.com/wp-login.php" "Mozilla/5.0 (Macintosh; Intel Mac OS X 10_15_7) AppleWebKit/605.1.15 (KHTML, like Gecko) Version/17.1 Safari/605.1.15"
78.142.18.43 - - [28/Jan/2026:04:55:48 -0500] "GET /wp-admin/edit.php HTTP/1.1" 302 - "http://sonblondes.com/wp-login.php" "Mozilla/5.0 (Macintosh; Intel Mac OS X 10_15_7) AppleWebKit/605.1.15 (KHTML, like Gecko) Version/17.1 Safari/605.1.15"
78.142.18.43 - - [28/Jan/2026:04:55:49 -0500] "GET /wp-admin/plugins.php HTTP/1.1" 302 - "http://sonblondes.com/wp-login.php" "Mozilla/5.0 (Macintosh; Intel Mac OS X 10_15_7) AppleWebKit/605.1.15 (KHTML, like Gecko) Version/17.1 Safari/605.1.15"
78.142.18.43 - - [28/Jan/2026:04:55:51 -0500] "GET /wp-admin/index.php HTTP/1.1" 302 - "http://sonblondes.com/wp-login.php" "Mozilla/5.0 (Macintosh; Intel Mac OS X 13_6_1) AppleWebKit/605.1.15 (KHTML, like Gecko) Version/17.2 Safari/605.1.15"
78.142.18.43 - - [28/Jan/2026:04:55:52 -0500] "GET /wp-admin/profile.php HTTP/1.1" 302 - "http://sonblondes.com/wp-login.php" "Mozilla/5.0 (Macintosh; Intel Mac OS X 13_6_1) AppleWebKit/605.1.15 (KHTML, like Gecko) Version/17.2 Safari/605.1.15"
78.142.18.43 - - [28/Jan/2026:04:55:53 -0500] "GET /wp-admin/edit.php HTTP/1.1" 302 - "http://sonblondes.com/wp-login.php" "Mozilla/5.0 (Macintosh; Intel Mac OS X 13_6_1) AppleWebKit/605.1.15 (KHTML, like Gecko) Version/17.2 Safari/605.1.15"
78.142.18.43 - - [28/Jan/2026:04:55:55 -0500] "GET /wp-admin/plugins.php HTTP/1.1" 302 - "http://sonblondes.com/wp-login.php" "Mozilla/5.0 (Macintosh; Intel Mac OS X 13_6_1) AppleWebKit/605.1.15 (KHTML, like Gecko) Version/17.2 Safari/605.1.15"
78.142.18.43 - - [28/Jan/2026:04:55:56 -0500] "GET /wp-admin/index.php HTTP/1.1" 302 - "http://sonblondes.com/wp-login.php" "Mozilla/5.0 (Windows NT 11.0; Win64; x64) AppleWebKit/537.36 (KHTML, like Gecko) Chrome/118.0.0.0 Safari/537.36"
78.142.18.43 - - [28/Jan/2026:04:55:58 -0500] "GET /wp-admin/profile.php HTTP/1.1" 302 - "http://sonblondes.com/wp-login.php" "Mozilla/5.0 (Windows NT 11.0; Win64; x64) AppleWebKit/537.36 (KHTML, like Gecko) Chrome/118.0.0.0 Safari/537.36"
78.142.18.43 - - [28/Jan/2026:04:55:59 -0500] "GET /wp-admin/edit.php HTTP/1.1" 302 - "http://sonblondes.com/wp-login.php" "Mozilla/5.0 (Windows NT 11.0; Win64; x64) AppleWebKit/537.36 (KHTML, like Gecko) Chrome/118.0.0.0 Safari/537.36"
78.142.18.43 - - [28/Jan/2026:04:56:00 -0500] "GET /wp-admin/plugins.php HTTP/1.1" 302 - "http://sonblondes.com/wp-login.php" "Mozilla/5.0 (Windows NT 11.0; Win64; x64) AppleWebKit/537.36 (KHTML, like Gecko) Chrome/118.0.0.0 Safari/537.36"
78.142.18.43 - - [28/Jan/2026:04:56:03 -0500] "GET /wp-admin/index.php HTTP/1.1" 302 - "http://sonblondes.com/wp-login.php" "Mozilla/5.0 (Macintosh; Intel Mac OS X 10_15_7) AppleWebKit/537.36 (KHTML, like Gecko) Chrome/121.0.0.0 Safari/537.36"
78.142.18.43 - - [28/Jan/2026:04:56:04 -0500] "GET /wp-admin/profile.php HTTP/1.1" 302 - "http://sonblondes.com/wp-login.php" "Mozilla/5.0 (Macintosh; Intel Mac OS X 10_15_7) AppleWebKit/537.36 (KHTML, like Gecko) Chrome/121.0.0.0 Safari/537.36"
78.142.18.43 - - [28/Jan/2026:04:56:05 -0500] "GET /wp-admin/edit.php HTTP/1.1" 302 - "http://sonblondes.com/wp-login.php" "Mozilla/5.0 (Macintosh; Intel Mac OS X 10_15_7) AppleWebKit/537.36 (KHTML, like Gecko) Chrome/121.0.0.0 Safari/537.36"
78.142.18.43 - - [28/Jan/2026:04:56:06 -0500] "GET /wp-admin/plugins.php HTTP/1.1" 302 - "http://sonblondes.com/wp-login.php" "Mozilla/5.0 (Macintosh; Intel Mac OS X 10_15_7) AppleWebKit/537.36 (KHTML, like Gecko) Chrome/121.0.0.0 Safari/537.36"
78.142.18.43 - - [28/Jan/2026:04:56:08 -0500] "GET /wp-admin/index.php HTTP/1.1" 302 - "http://sonblondes.com/wp-login.php" "Mozilla/5.0 (Macintosh; Intel Mac OS X 13_6_1; rv:119.0) Gecko/20100101 Firefox/119.0"
78.142.18.43 - - [28/Jan/2026:04:56:09 -0500] "GET /wp-admin/profile.php HTTP/1.1" 302 - "http://sonblondes.com/wp-login.php" "Mozilla/5.0 (Macintosh; Intel Mac OS X 13_6_1; rv:119.0) Gecko/20100101 Firefox/119.0"
78.142.18.43 - - [28/Jan/2026:04:56:10 -0500] "GET /wp-admin/edit.php HTTP/1.1" 302 - "http://sonblondes.com/wp-login.php" "Mozilla/5.0 (Macintosh; Intel Mac OS X 13_6_1; rv:119.0) Gecko/20100101 Firefox/119.0"
78.142.18.43 - - [28/Jan/2026:04:56:11 -0500] "GET /wp-admin/plugins.php HTTP/1.1" 302 - "http://sonblondes.com/wp-login.php" "Mozilla/5.0 (Macintosh; Intel Mac OS X 13_6_1; rv:119.0) Gecko/20100101 Firefox/119.0"
78.142.18.43 - - [28/Jan/2026:04:56:12 -0500] "GET /wp-admin/index.php HTTP/1.1" 302 - "http://sonblondes.com/wp-login.php" "Mozilla/5.0 (Macintosh; Intel Mac OS X 13_6_1; rv:121.0) Gecko/20100101 Firefox/121.0"
78.142.18.43 - - [28/Jan/2026:04:56:14 -0500] "GET /wp-admin/profile.php HTTP/1.1" 302 - "http://sonblondes.com/wp-login.php" "Mozilla/5.0 (Macintosh; Intel Mac OS X 13_6_1; rv:121.0) Gecko/20100101 Firefox/121.0"
78.142.18.43 - - [28/Jan/2026:04:56:15 -0500] "GET /wp-admin/edit.php HTTP/1.1" 302 - "http://sonblondes.com/wp-login.php" "Mozilla/5.0 (Macintosh; Intel Mac OS X 13_6_1; rv:121.0) Gecko/20100101 Firefox/121.0"
78.142.18.43 - - [28/Jan/2026:04:56:16 -0500] "GET /wp-admin/plugins.php HTTP/1.1" 302 - "http://sonblondes.com/wp-login.php" "Mozilla/5.0 (Macintosh; Intel Mac OS X 13_6_1; rv:121.0) Gecko/20100101 Firefox/121.0"
78.142.18.43 - - [28/Jan/2026:04:56:17 -0500] "GET /wp-admin/index.php HTTP/1.1" 302 - "http://sonblondes.com/wp-login.php" "Mozilla/5.0 (X11; Linux x86_64) AppleWebKit/537.36 (KHTML, like Gecko) Chrome/118.0.0.0 Safari/537.36"
78.142.18.43 - - [28/Jan/2026:04:56:18 -0500] "GET /wp-admin/profile.php HTTP/1.1" 302 - "http://sonblondes.com/wp-login.php" "Mozilla/5.0 (X11; Linux x86_64) AppleWebKit/537.36 (KHTML, like Gecko) Chrome/118.0.0.0 Safari/537.36"
78.142.18.43 - - [28/Jan/2026:04:56:19 -0500] "GET /wp-admin/edit.php HTTP/1.1" 302 - "http://sonblondes.com/wp-login.php" "Mozilla/5.0 (X11; Linux x86_64) AppleWebKit/537.36 (KHTML, like Gecko) Chrome/118.0.0.0 Safari/537.36"
78.142.18.43 - - [28/Jan/2026:04:56:21 -0500] "GET /wp-admin/plugins.php HTTP/1.1" 302 - "http://sonblondes.com/wp-login.php" "Mozilla/5.0 (X11; Linux x86_64) AppleWebKit/537.36 (KHTML, like Gecko) Chrome/118.0.0.0 Safari/537.36"
78.142.18.43 - - [28/Jan/2026:04:56:22 -0500] "GET /wp-admin/index.php HTTP/1.1" 302 - "http://sonblondes.com/wp-login.php" "Mozilla/5.0 (Macintosh; Intel Mac OS X 13_6_1; rv:121.0) Gecko/20100101 Firefox/121.0"
78.142.18.43 - - [28/Jan/2026:04:56:23 -0500] "GET /wp-admin/profile.php HTTP/1.1" 302 - "http://sonblondes.com/wp-login.php" "Mozilla/5.0 (Macintosh; Intel Mac OS X 13_6_1; rv:121.0) Gecko/20100101 Firefox/121.0"
78.142.18.43 - - [28/Jan/2026:04:56:25 -0500] "GET /wp-admin/edit.php HTTP/1.1" 302 - "http://sonblondes.com/wp-login.php" "Mozilla/5.0 (Macintosh; Intel Mac OS X 13_6_1; rv:121.0) Gecko/20100101 Firefox/121.0"
185.100.157.155 - - [28/Jan/2026:04:56:25 -0500] "POST /hello.world?%ADd+allow_url_include%3d1+%ADd+auto_prepend_file%3dphp://input HTTP/1.1" 302 - "-" "libredtail-http"
78.142.18.43 - - [28/Jan/2026:04:56:25 -0500] "GET /wp-admin/plugins.php HTTP/1.1" 302 - "http://sonblondes.com/wp-login.php" "Mozilla/5.0 (Macintosh; Intel Mac OS X 13_6_1; rv:121.0) Gecko/20100101 Firefox/121.0"
78.142.18.43 - - [28/Jan/2026:04:56:27 -0500] "GET /wp-admin/index.php HTTP/1.1" 302 - "http://sonblondes.com/wp-login.php" "Mozilla/5.0 (Macintosh; Intel Mac OS X 10_15_7; rv:120.0) Gecko/20100101 Firefox/120.0"
78.142.18.43 - - [28/Jan/2026:04:56:28 -0500] "GET /wp-admin/profile.php HTTP/1.1" 302 - "http://sonblondes.com/wp-login.php" "Mozilla/5.0 (Macintosh; Intel Mac OS X 10_15_7; rv:120.0) Gecko/20100101 Firefox/120.0"
78.142.18.43 - - [28/Jan/2026:04:56:29 -0500] "GET /wp-admin/edit.php HTTP/1.1" 302 - "http://sonblondes.com/wp-login.php" "Mozilla/5.0 (Macintosh; Intel Mac OS X 10_15_7; rv:120.0) Gecko/20100101 Firefox/120.0"
78.142.18.43 - - [28/Jan/2026:04:56:31 -0500] "GET /wp-admin/plugins.php HTTP/1.1" 302 - "http://sonblondes.com/wp-login.php" "Mozilla/5.0 (Macintosh; Intel Mac OS X 10_15_7; rv:120.0) Gecko/20100101 Firefox/120.0"
78.142.18.43 - - [28/Jan/2026:04:56:32 -0500] "GET /wp-admin/index.php HTTP/1.1" 302 - "http://sonblondes.com/wp-login.php" "Mozilla/5.0 (Macintosh; Intel Mac OS X 10_15_7) AppleWebKit/605.1.15 (KHTML, like Gecko) Version/17.0 Safari/605.1.15"
78.142.18.43 - - [28/Jan/2026:04:56:33 -0500] "GET /wp-admin/profile.php HTTP/1.1" 302 - "http://sonblondes.com/wp-login.php" "Mozilla/5.0 (Macintosh; Intel Mac OS X 10_15_7) AppleWebKit/605.1.15 (KHTML, like Gecko) Version/17.0 Safari/605.1.15"
78.142.18.43 - - [28/Jan/2026:04:56:35 -0500] "GET /wp-admin/edit.php HTTP/1.1" 302 - "http://sonblondes.com/wp-login.php" "Mozilla/5.0 (Macintosh; Intel Mac OS X 10_15_7) AppleWebKit/605.1.15 (KHTML, like Gecko) Version/17.0 Safari/605.1.15"
78.142.18.43 - - [28/Jan/2026:04:56:36 -0500] "GET /wp-admin/plugins.php HTTP/1.1" 302 - "http://sonblondes.com/wp-login.php" "Mozilla/5.0 (Macintosh; Intel Mac OS X 10_15_7) AppleWebKit/605.1.15 (KHTML, like Gecko) Version/17.0 Safari/605.1.15"
78.142.18.43 - - [28/Jan/2026:04:56:38 -0500] "GET /wp-admin/index.php HTTP/1.1" 302 - "http://sonblondes.com/wp-login.php" "Mozilla/5.0 (X11; Linux x86_64) AppleWebKit/537.36 (KHTML, like Gecko) Chrome/121.0.0.0 Safari/537.36"
78.142.18.43 - - [28/Jan/2026:04:56:39 -0500] "GET /wp-admin/profile.php HTTP/1.1" 302 - "http://sonblondes.com/wp-login.php" "Mozilla/5.0 (X11; Linux x86_64) AppleWebKit/537.36 (KHTML, like Gecko) Chrome/121.0.0.0 Safari/537.36"
78.142.18.43 - - [28/Jan/2026:04:56:40 -0500] "GET /wp-admin/edit.php HTTP/1.1" 302 - "http://sonblondes.com/wp-login.php" "Mozilla/5.0 (X11; Linux x86_64) AppleWebKit/537.36 (KHTML, like Gecko) Chrome/121.0.0.0 Safari/537.36"
78.142.18.43 - - [28/Jan/2026:04:56:41 -0500] "GET /wp-admin/plugins.php HTTP/1.1" 302 - "http://sonblondes.com/wp-login.php" "Mozilla/5.0 (X11; Linux x86_64) AppleWebKit/537.36 (KHTML, like Gecko) Chrome/121.0.0.0 Safari/537.36"
78.142.18.43 - - [28/Jan/2026:04:56:43 -0500] "GET /wp-admin/index.php HTTP/1.1" 302 - "http://sonblondes.com/wp-login.php" "Mozilla/5.0 (Macintosh; Intel Mac OS X 10_15_7; rv:120.0) Gecko/20100101 Firefox/120.0"
78.142.18.43 - - [28/Jan/2026:04:56:44 -0500] "GET /wp-admin/profile.php HTTP/1.1" 302 - "http://sonblondes.com/wp-login.php" "Mozilla/5.0 (Macintosh; Intel Mac OS X 10_15_7; rv:120.0) Gecko/20100101 Firefox/120.0"
78.142.18.43 - - [28/Jan/2026:04:56:46 -0500] "GET /wp-admin/edit.php HTTP/1.1" 302 - "http://sonblondes.com/wp-login.php" "Mozilla/5.0 (Macintosh; Intel Mac OS X 10_15_7; rv:120.0) Gecko/20100101 Firefox/120.0"
78.142.18.43 - - [28/Jan/2026:04:56:47 -0500] "GET /wp-admin/plugins.php HTTP/1.1" 302 - "http://sonblondes.com/wp-login.php" "Mozilla/5.0 (Macintosh; Intel Mac OS X 10_15_7; rv:120.0) Gecko/20100101 Firefox/120.0"
78.142.18.43 - - [28/Jan/2026:04:56:49 -0500] "GET /wp-admin/index.php HTTP/1.1" 302 - "http://sonblondes.com/wp-login.php" "Mozilla/5.0 (Macintosh; Intel Mac OS X 13_6_1) AppleWebKit/605.1.15 (KHTML, like Gecko) Version/17.0 Safari/605.1.15"
78.142.18.43 - - [28/Jan/2026:04:56:50 -0500] "GET /wp-admin/profile.php HTTP/1.1" 302 - "http://sonblondes.com/wp-login.php" "Mozilla/5.0 (Macintosh; Intel Mac OS X 13_6_1) AppleWebKit/605.1.15 (KHTML, like Gecko) Version/17.0 Safari/605.1.15"
78.142.18.43 - - [28/Jan/2026:04:56:51 -0500] "GET /wp-admin/edit.php HTTP/1.1" 302 - "http://sonblondes.com/wp-login.php" "Mozilla/5.0 (Macintosh; Intel Mac OS X 13_6_1) AppleWebKit/605.1.15 (KHTML, like Gecko) Version/17.0 Safari/605.1.15"
78.142.18.43 - - [28/Jan/2026:04:56:53 -0500] "GET /wp-admin/plugins.php HTTP/1.1" 302 - "http://sonblondes.com/wp-login.php" "Mozilla/5.0 (Macintosh; Intel Mac OS X 13_6_1) AppleWebKit/605.1.15 (KHTML, like Gecko) Version/17.0 Safari/605.1.15"
78.142.18.43 - - [28/Jan/2026:04:56:54 -0500] "GET /wp-admin/index.php HTTP/1.1" 302 - "http://sonblondes.com/wp-login.php" "Mozilla/5.0 (Windows NT 10.0; Win64; x64) AppleWebKit/537.36 (KHTML, like Gecko) Chrome/118.0.0.0 Safari/537.36"
78.142.18.43 - - [28/Jan/2026:04:56:55 -0500] "GET /wp-admin/profile.php HTTP/1.1" 302 - "http://sonblondes.com/wp-login.php" "Mozilla/5.0 (Windows NT 10.0; Win64; x64) AppleWebKit/537.36 (KHTML, like Gecko) Chrome/118.0.0.0 Safari/537.36"
78.142.18.43 - - [28/Jan/2026:04:56:56 -0500] "GET /wp-admin/edit.php HTTP/1.1" 302 - "http://sonblondes.com/wp-login.php" "Mozilla/5.0 (Windows NT 10.0; Win64; x64) AppleWebKit/537.36 (KHTML, like Gecko) Chrome/118.0.0.0 Safari/537.36"
78.142.18.43 - - [28/Jan/2026:04:56:58 -0500] "GET /wp-admin/plugins.php HTTP/1.1" 302 - "http://sonblondes.com/wp-login.php" "Mozilla/5.0 (Windows NT 10.0; Win64; x64) AppleWebKit/537.36 (KHTML, like Gecko) Chrome/118.0.0.0 Safari/537.36"
78.142.18.43 - - [28/Jan/2026:04:57:00 -0500] "GET /wp-admin/index.php HTTP/1.1" 302 - "http://sonblondes.com/wp-login.php" "Mozilla/5.0 (X11; Linux x86_64) AppleWebKit/537.36 (KHTML, like Gecko) Chrome/119.0.0.0 Safari/537.36"
78.142.18.43 - - [28/Jan/2026:04:57:01 -0500] "GET /wp-admin/profile.php HTTP/1.1" 302 - "http://sonblondes.com/wp-login.php" "Mozilla/5.0 (X11; Linux x86_64) AppleWebKit/537.36 (KHTML, like Gecko) Chrome/119.0.0.0 Safari/537.36"
78.142.18.43 - - [28/Jan/2026:04:57:02 -0500] "GET /wp-admin/edit.php HTTP/1.1" 302 - "http://sonblondes.com/wp-login.php" "Mozilla/5.0 (X11; Linux x86_64) AppleWebKit/537.36 (KHTML, like Gecko) Chrome/119.0.0.0 Safari/537.36"
78.142.18.43 - - [28/Jan/2026:04:57:03 -0500] "GET /wp-admin/plugins.php HTTP/1.1" 302 - "http://sonblondes.com/wp-login.php" "Mozilla/5.0 (X11; Linux x86_64) AppleWebKit/537.36 (KHTML, like Gecko) Chrome/119.0.0.0 Safari/537.36"
78.142.18.43 - - [28/Jan/2026:04:57:05 -0500] "GET /wp-admin/index.php HTTP/1.1" 302 - "http://sonblondes.com/wp-login.php" "Mozilla/5.0 (Macintosh; Intel Mac OS X 13_6_1; rv:119.0) Gecko/20100101 Firefox/119.0"
78.142.18.43 - - [28/Jan/2026:04:57:06 -0500] "GET /wp-admin/profile.php HTTP/1.1" 302 - "http://sonblondes.com/wp-login.php" "Mozilla/5.0 (Macintosh; Intel Mac OS X 13_6_1; rv:119.0) Gecko/20100101 Firefox/119.0"
78.142.18.43 - - [28/Jan/2026:04:57:07 -0500] "GET /wp-admin/edit.php HTTP/1.1" 302 - "http://sonblondes.com/wp-login.php" "Mozilla/5.0 (Macintosh; Intel Mac OS X 13_6_1; rv:119.0) Gecko/20100101 Firefox/119.0"
78.142.18.43 - - [28/Jan/2026:04:57:08 -0500] "GET /wp-admin/plugins.php HTTP/1.1" 302 - "http://sonblondes.com/wp-login.php" "Mozilla/5.0 (Macintosh; Intel Mac OS X 13_6_1; rv:119.0) Gecko/20100101 Firefox/119.0"
78.142.18.43 - - [28/Jan/2026:04:57:10 -0500] "GET /wp-admin/index.php HTTP/1.1" 302 - "http://sonblondes.com/wp-login.php" "Mozilla/5.0 (Windows NT 10.0; Win64; x64) AppleWebKit/537.36 (KHTML, like Gecko) Chrome/120.0.0.0 Safari/537.36"
78.142.18.43 - - [28/Jan/2026:04:57:11 -0500] "GET /wp-admin/profile.php HTTP/1.1" 302 - "http://sonblondes.com/wp-login.php" "Mozilla/5.0 (Windows NT 10.0; Win64; x64) AppleWebKit/537.36 (KHTML, like Gecko) Chrome/120.0.0.0 Safari/537.36"
78.142.18.43 - - [28/Jan/2026:04:57:12 -0500] "GET /wp-admin/edit.php HTTP/1.1" 302 - "http://sonblondes.com/wp-login.php" "Mozilla/5.0 (Windows NT 10.0; Win64; x64) AppleWebKit/537.36 (KHTML, like Gecko) Chrome/120.0.0.0 Safari/537.36"
78.142.18.43 - - [28/Jan/2026:04:57:14 -0500] "GET /wp-admin/plugins.php HTTP/1.1" 302 - "http://sonblondes.com/wp-login.php" "Mozilla/5.0 (Windows NT 10.0; Win64; x64) AppleWebKit/537.36 (KHTML, like Gecko) Chrome/120.0.0.0 Safari/537.36"
78.142.18.43 - - [28/Jan/2026:04:57:15 -0500] "GET /wp-admin/index.php HTTP/1.1" 302 - "http://sonblondes.com/wp-login.php" "Mozilla/5.0 (Windows NT 11.0; Win64; x64) AppleWebKit/537.36 (KHTML, like Gecko) Chrome/120.0.0.0 Safari/537.36"
78.142.18.43 - - [28/Jan/2026:04:57:17 -0500] "GET /wp-admin/profile.php HTTP/1.1" 302 - "http://sonblondes.com/wp-login.php" "Mozilla/5.0 (Windows NT 11.0; Win64; x64) AppleWebKit/537.36 (KHTML, like Gecko) Chrome/120.0.0.0 Safari/537.36"
78.142.18.43 - - [28/Jan/2026:04:57:18 -0500] "GET /wp-admin/edit.php HTTP/1.1" 302 - "http://sonblondes.com/wp-login.php" "Mozilla/5.0 (Windows NT 11.0; Win64; x64) AppleWebKit/537.36 (KHTML, like Gecko) Chrome/120.0.0.0 Safari/537.36"
78.142.18.43 - - [28/Jan/2026:04:57:19 -0500] "GET /wp-admin/plugins.php HTTP/1.1" 302 - "http://sonblondes.com/wp-login.php" "Mozilla/5.0 (Windows NT 11.0; Win64; x64) AppleWebKit/537.36 (KHTML, like Gecko) Chrome/120.0.0.0 Safari/537.36"
78.142.18.43 - - [28/Jan/2026:04:57:21 -0500] "GET /wp-admin/index.php HTTP/1.1" 302 - "http://sonblondes.com/wp-login.php" "Mozilla/5.0 (Windows NT 11.0; Win64; x64; rv:120.0) Gecko/20100101 Firefox/120.0"
78.142.18.43 - - [28/Jan/2026:04:57:22 -0500] "GET /wp-admin/profile.php HTTP/1.1" 302 - "http://sonblondes.com/wp-login.php" "Mozilla/5.0 (Windows NT 11.0; Win64; x64; rv:120.0) Gecko/20100101 Firefox/120.0"
78.142.18.43 - - [28/Jan/2026:04:57:23 -0500] "GET /wp-admin/edit.php HTTP/1.1" 302 - "http://sonblondes.com/wp-login.php" "Mozilla/5.0 (Windows NT 11.0; Win64; x64; rv:120.0) Gecko/20100101 Firefox/120.0"
78.142.18.43 - - [28/Jan/2026:04:57:24 -0500] "GET /wp-admin/plugins.php HTTP/1.1" 302 - "http://sonblondes.com/wp-login.php" "Mozilla/5.0 (Windows NT 11.0; Win64; x64; rv:120.0) Gecko/20100101 Firefox/120.0"
78.142.18.43 - - [28/Jan/2026:04:57:26 -0500] "GET /wp-admin/index.php HTTP/1.1" 302 - "http://sonblondes.com/wp-login.php" "Mozilla/5.0 (Windows NT 11.0; Win64; x64; rv:121.0) Gecko/20100101 Firefox/121.0"
78.142.18.43 - - [28/Jan/2026:04:57:28 -0500] "GET /wp-admin/profile.php HTTP/1.1" 302 - "http://sonblondes.com/wp-login.php" "Mozilla/5.0 (Windows NT 11.0; Win64; x64; rv:121.0) Gecko/20100101 Firefox/121.0"
78.142.18.43 - - [28/Jan/2026:04:57:29 -0500] "GET /wp-admin/edit.php HTTP/1.1" 302 - "http://sonblondes.com/wp-login.php" "Mozilla/5.0 (Windows NT 11.0; Win64; x64; rv:121.0) Gecko/20100101 Firefox/121.0"
78.142.18.43 - - [28/Jan/2026:04:57:30 -0500] "GET /wp-admin/plugins.php HTTP/1.1" 302 - "http://sonblondes.com/wp-login.php" "Mozilla/5.0 (Windows NT 11.0; Win64; x64; rv:121.0) Gecko/20100101 Firefox/121.0"
78.142.18.43 - - [28/Jan/2026:04:57:32 -0500] "GET /wp-admin/index.php HTTP/1.1" 302 - "http://sonblondes.com/wp-login.php" "Mozilla/5.0 (Macintosh; Intel Mac OS X 13_6_1) AppleWebKit/605.1.15 (KHTML, like Gecko) Version/16.6 Safari/605.1.15"
78.142.18.43 - - [28/Jan/2026:04:57:33 -0500] "GET /wp-admin/profile.php HTTP/1.1" 302 - "http://sonblondes.com/wp-login.php" "Mozilla/5.0 (Macintosh; Intel Mac OS X 13_6_1) AppleWebKit/605.1.15 (KHTML, like Gecko) Version/16.6 Safari/605.1.15"
78.142.18.43 - - [28/Jan/2026:04:57:34 -0500] "GET /wp-admin/edit.php HTTP/1.1" 302 - "http://sonblondes.com/wp-login.php" "Mozilla/5.0 (Macintosh; Intel Mac OS X 13_6_1) AppleWebKit/605.1.15 (KHTML, like Gecko) Version/16.6 Safari/605.1.15"
78.142.18.43 - - [28/Jan/2026:04:57:36 -0500] "GET /wp-admin/plugins.php HTTP/1.1" 302 - "http://sonblondes.com/wp-login.php" "Mozilla/5.0 (Macintosh; Intel Mac OS X 13_6_1) AppleWebKit/605.1.15 (KHTML, like Gecko) Version/16.6 Safari/605.1.15"
78.142.18.43 - - [28/Jan/2026:04:57:38 -0500] "GET /wp-admin/index.php HTTP/1.1" 302 - "http://sonblondes.com/wp-login.php" "Mozilla/5.0 (Windows NT 11.0; Win64; x64; rv:120.0) Gecko/20100101 Firefox/120.0"
78.142.18.43 - - [28/Jan/2026:04:57:39 -0500] "GET /wp-admin/profile.php HTTP/1.1" 302 - "http://sonblondes.com/wp-login.php" "Mozilla/5.0 (Windows NT 11.0; Win64; x64; rv:120.0) Gecko/20100101 Firefox/120.0"
78.142.18.43 - - [28/Jan/2026:04:57:40 -0500] "GET /wp-admin/edit.php HTTP/1.1" 302 - "http://sonblondes.com/wp-login.php" "Mozilla/5.0 (Windows NT 11.0; Win64; x64; rv:120.0) Gecko/20100101 Firefox/120.0"
78.142.18.43 - - [28/Jan/2026:04:57:42 -0500] "GET /wp-admin/plugins.php HTTP/1.1" 302 - "http://sonblondes.com/wp-login.php" "Mozilla/5.0 (Windows NT 11.0; Win64; x64; rv:120.0) Gecko/20100101 Firefox/120.0"
78.142.18.43 - - [28/Jan/2026:04:57:44 -0500] "GET /wp-admin/index.php HTTP/1.1" 302 - "http://sonblondes.com/wp-login.php" "Mozilla/5.0 (Macintosh; Intel Mac OS X 13_6_1) AppleWebKit/605.1.15 (KHTML, like Gecko) Version/17.0 Safari/605.1.15"
78.142.18.43 - - [28/Jan/2026:04:57:44 -0500] "GET /wp-admin/profile.php HTTP/1.1" 302 - "http://sonblondes.com/wp-login.php" "Mozilla/5.0 (Macintosh; Intel Mac OS X 13_6_1) AppleWebKit/605.1.15 (KHTML, like Gecko) Version/17.0 Safari/605.1.15"
78.142.18.43 - - [28/Jan/2026:04:57:46 -0500] "GET /wp-admin/edit.php HTTP/1.1" 302 - "http://sonblondes.com/wp-login.php" "Mozilla/5.0 (Macintosh; Intel Mac OS X 13_6_1) AppleWebKit/605.1.15 (KHTML, like Gecko) Version/17.0 Safari/605.1.15"
78.142.18.43 - - [28/Jan/2026:04:57:47 -0500] "GET /wp-admin/plugins.php HTTP/1.1" 302 - "http://sonblondes.com/wp-login.php" "Mozilla/5.0 (Macintosh; Intel Mac OS X 13_6_1) AppleWebKit/605.1.15 (KHTML, like Gecko) Version/17.0 Safari/605.1.15"
78.142.18.43 - - [28/Jan/2026:04:57:49 -0500] "GET /wp-admin/index.php HTTP/1.1" 302 - "http://sonblondes.com/wp-login.php" "Mozilla/5.0 (Macintosh; Intel Mac OS X 10_15_7) AppleWebKit/537.36 (KHTML, like Gecko) Chrome/121.0.0.0 Safari/537.36"
78.142.18.43 - - [28/Jan/2026:04:57:51 -0500] "GET /wp-admin/profile.php HTTP/1.1" 302 - "http://sonblondes.com/wp-login.php" "Mozilla/5.0 (Macintosh; Intel Mac OS X 10_15_7) AppleWebKit/537.36 (KHTML, like Gecko) Chrome/121.0.0.0 Safari/537.36"
78.142.18.43 - - [28/Jan/2026:04:57:52 -0500] "GET /wp-admin/edit.php HTTP/1.1" 302 - "http://sonblondes.com/wp-login.php" "Mozilla/5.0 (Macintosh; Intel Mac OS X 10_15_7) AppleWebKit/537.36 (KHTML, like Gecko) Chrome/121.0.0.0 Safari/537.36"
78.142.18.43 - - [28/Jan/2026:04:57:53 -0500] "GET /wp-admin/plugins.php HTTP/1.1" 302 - "http://sonblondes.com/wp-login.php" "Mozilla/5.0 (Macintosh; Intel Mac OS X 10_15_7) AppleWebKit/537.36 (KHTML, like Gecko) Chrome/121.0.0.0 Safari/537.36"
20.212.209.31 - - [28/Jan/2026:04:57:54 -0500] "GET /aa.php HTTP/1.1" 302 - "-" "Mozilla/5.0 (Windows NT 10.0; Win64; x64) AppleWebKit/537.36 (KHTML, like Gecko) Chrome/120.0.0.0 Safari/537.36"
78.142.18.43 - - [28/Jan/2026:04:57:55 -0500] "GET /wp-admin/index.php HTTP/1.1" 302 - "http://sonblondes.com/wp-login.php" "Mozilla/5.0 (Windows NT 10.0; Win64; x64) AppleWebKit/537.36 (KHTML, like Gecko) Chrome/119.0.0.0 Safari/537.36"
20.212.209.31 - - [28/Jan/2026:04:57:55 -0500] "GET /abcd.php HTTP/1.1" 302 - "-" "Mozilla/5.0 (Windows NT 10.0; Win64; x64) AppleWebKit/537.36 (KHTML, like Gecko) Chrome/120.0.0.0 Safari/537.36"
78.142.18.43 - - [28/Jan/2026:04:57:56 -0500] "GET /wp-admin/profile.php HTTP/1.1" 302 - "http://sonblondes.com/wp-login.php" "Mozilla/5.0 (Windows NT 10.0; Win64; x64) AppleWebKit/537.36 (KHTML, like Gecko) Chrome/119.0.0.0 Safari/537.36"
20.212.209.31 - - [28/Jan/2026:04:57:57 -0500] "GET /admin.php HTTP/1.1" 302 - "-" "Mozilla/5.0 (Windows NT 10.0; Win64; x64) AppleWebKit/537.36 (KHTML, like Gecko) Chrome/120.0.0.0 Safari/537.36"
20.212.209.31 - - [28/Jan/2026:04:57:57 -0500] "GET /buy.php HTTP/1.1" 302 - "-" "Mozilla/5.0 (Windows NT 10.0; Win64; x64) AppleWebKit/537.36 (KHTML, like Gecko) Chrome/120.0.0.0 Safari/537.36"
78.142.18.43 - - [28/Jan/2026:04:57:57 -0500] "GET /wp-admin/edit.php HTTP/1.1" 302 - "http://sonblondes.com/wp-login.php" "Mozilla/5.0 (Windows NT 10.0; Win64; x64) AppleWebKit/537.36 (KHTML, like Gecko) Chrome/119.0.0.0 Safari/537.36"
78.142.18.43 - - [28/Jan/2026:04:57:58 -0500] "GET /wp-admin/plugins.php HTTP/1.1" 302 - "http://sonblondes.com/wp-login.php" "Mozilla/5.0 (Windows NT 10.0; Win64; x64) AppleWebKit/537.36 (KHTML, like Gecko) Chrome/119.0.0.0 Safari/537.36"
20.212.209.31 - - [28/Jan/2026:04:57:58 -0500] "GET /cgi-bin/ HTTP/1.1" 403 272 "-" "Mozilla/5.0 (Windows NT 10.0; Win64; x64) AppleWebKit/537.36 (KHTML, like Gecko) Chrome/120.0.0.0 Safari/537.36"
20.212.209.31 - - [28/Jan/2026:04:57:59 -0500] "GET /edit.php HTTP/1.1" 302 - "-" "Mozilla/5.0 (Windows NT 10.0; Win64; x64) AppleWebKit/537.36 (KHTML, like Gecko) Chrome/120.0.0.0 Safari/537.36"
20.212.209.31 - - [28/Jan/2026:04:58:00 -0500] "GET /file.php HTTP/1.1" 302 - "-" "Mozilla/5.0 (Windows NT 10.0; Win64; x64) AppleWebKit/537.36 (KHTML, like Gecko) Chrome/120.0.0.0 Safari/537.36"
78.142.18.43 - - [28/Jan/2026:04:58:00 -0500] "GET /wp-admin/index.php HTTP/1.1" 302 - "http://sonblondes.com/wp-login.php" "Mozilla/5.0 (Windows NT 10.0; Win64; x64) AppleWebKit/537.36 (KHTML, like Gecko) Chrome/121.0.0.0 Safari/537.36"
20.212.209.31 - - [28/Jan/2026:04:58:00 -0500] "GET /flower.php HTTP/1.1" 302 - "-" "Mozilla/5.0 (Windows NT 10.0; Win64; x64) AppleWebKit/537.36 (KHTML, like Gecko) Chrome/120.0.0.0 Safari/537.36"
78.142.18.43 - - [28/Jan/2026:04:58:01 -0500] "GET /wp-admin/profile.php HTTP/1.1" 302 - "http://sonblondes.com/wp-login.php" "Mozilla/5.0 (Windows NT 10.0; Win64; x64) AppleWebKit/537.36 (KHTML, like Gecko) Chrome/121.0.0.0 Safari/537.36"
20.212.209.31 - - [28/Jan/2026:04:58:01 -0500] "GET /images/index.php HTTP/1.1" 302 - "-" "Mozilla/5.0 (Windows NT 10.0; Win64; x64) AppleWebKit/537.36 (KHTML, like Gecko) Chrome/120.0.0.0 Safari/537.36"
78.142.18.43 - - [28/Jan/2026:04:58:02 -0500] "GET /wp-admin/edit.php HTTP/1.1" 302 - "http://sonblondes.com/wp-login.php" "Mozilla/5.0 (Windows NT 10.0; Win64; x64) AppleWebKit/537.36 (KHTML, like Gecko) Chrome/121.0.0.0 Safari/537.36"
78.142.18.43 - - [28/Jan/2026:04:58:04 -0500] "GET /wp-admin/plugins.php HTTP/1.1" 302 - "http://sonblondes.com/wp-login.php" "Mozilla/5.0 (Windows NT 10.0; Win64; x64) AppleWebKit/537.36 (KHTML, like Gecko) Chrome/121.0.0.0 Safari/537.36"
20.212.209.31 - - [28/Jan/2026:04:58:04 -0500] "GET /info.php HTTP/1.1" 302 - "-" "Mozilla/5.0 (Windows NT 10.0; Win64; x64) AppleWebKit/537.36 (KHTML, like Gecko) Chrome/120.0.0.0 Safari/537.36"
20.212.209.31 - - [28/Jan/2026:04:58:05 -0500] "GET /ioxi-o.php HTTP/1.1" 302 - "-" "Mozilla/5.0 (Windows NT 10.0; Win64; x64) AppleWebKit/537.36 (KHTML, like Gecko) Chrome/120.0.0.0 Safari/537.36"
78.142.18.43 - - [28/Jan/2026:04:58:05 -0500] "GET /wp-admin/index.php HTTP/1.1" 302 - "http://sonblondes.com/wp-login.php" "Mozilla/5.0 (Macintosh; Intel Mac OS X 10_15_7; rv:120.0) Gecko/20100101 Firefox/120.0"
78.142.18.43 - - [28/Jan/2026:04:58:06 -0500] "GET /wp-admin/profile.php HTTP/1.1" 302 - "http://sonblondes.com/wp-login.php" "Mozilla/5.0 (Macintosh; Intel Mac OS X 10_15_7; rv:120.0) Gecko/20100101 Firefox/120.0"
20.212.209.31 - - [28/Jan/2026:04:58:07 -0500] "GET /nc4.php HTTP/1.1" 302 - "-" "Mozilla/5.0 (Windows NT 10.0; Win64; x64) AppleWebKit/537.36 (KHTML, like Gecko) Chrome/120.0.0.0 Safari/537.36"
78.142.18.43 - - [28/Jan/2026:04:58:07 -0500] "GET /wp-admin/edit.php HTTP/1.1" 302 - "http://sonblondes.com/wp-login.php" "Mozilla/5.0 (Macintosh; Intel Mac OS X 10_15_7; rv:120.0) Gecko/20100101 Firefox/120.0"
78.142.18.43 - - [28/Jan/2026:04:58:09 -0500] "GET /wp-admin/plugins.php HTTP/1.1" 302 - "http://sonblondes.com/wp-login.php" "Mozilla/5.0 (Macintosh; Intel Mac OS X 10_15_7; rv:120.0) Gecko/20100101 Firefox/120.0"
20.212.209.31 - - [28/Jan/2026:04:58:09 -0500] "GET /xleet.php HTTP/1.1" 302 - "-" "Mozilla/5.0 (Windows NT 10.0; Win64; x64) AppleWebKit/537.36 (KHTML, like Gecko) Chrome/120.0.0.0 Safari/537.36"
20.212.209.31 - - [28/Jan/2026:04:58:10 -0500] "GET /wp-admin/includes/ HTTP/1.1" 302 - "-" "Mozilla/5.0 (Windows NT 10.0; Win64; x64) AppleWebKit/537.36 (KHTML, like Gecko) Chrome/120.0.0.0 Safari/537.36"
78.142.18.43 - - [28/Jan/2026:04:58:10 -0500] "GET /wp-admin/index.php HTTP/1.1" 302 - "http://sonblondes.com/wp-login.php" "Mozilla/5.0 (Windows NT 11.0; Win64; x64; rv:120.0) Gecko/20100101 Firefox/120.0"
20.212.209.31 - - [28/Jan/2026:04:58:11 -0500] "GET /wp-content/upgrade/index.php HTTP/1.1" 302 - "-" "Mozilla/5.0 (Windows NT 10.0; Win64; x64) AppleWebKit/537.36 (KHTML, like Gecko) Chrome/120.0.0.0 Safari/537.36"
20.212.209.31 - - [28/Jan/2026:04:58:12 -0500] "GET /wp-content/uploads/admin.php HTTP/1.1" 302 - "-" "Mozilla/5.0 (Windows NT 10.0; Win64; x64) AppleWebKit/537.36 (KHTML, like Gecko) Chrome/120.0.0.0 Safari/537.36"
78.142.18.43 - - [28/Jan/2026:04:58:12 -0500] "GET /wp-admin/profile.php HTTP/1.1" 302 - "http://sonblondes.com/wp-login.php" "Mozilla/5.0 (Windows NT 11.0; Win64; x64; rv:120.0) Gecko/20100101 Firefox/120.0"
20.212.209.31 - - [28/Jan/2026:04:58:13 -0500] "GET /wp-good.php HTTP/1.1" 302 - "-" "Mozilla/5.0 (Windows NT 10.0; Win64; x64) AppleWebKit/537.36 (KHTML, like Gecko) Chrome/120.0.0.0 Safari/537.36"
78.142.18.43 - - [28/Jan/2026:04:58:13 -0500] "GET /wp-admin/edit.php HTTP/1.1" 302 - "http://sonblondes.com/wp-login.php" "Mozilla/5.0 (Windows NT 11.0; Win64; x64; rv:120.0) Gecko/20100101 Firefox/120.0"
20.212.209.31 - - [28/Jan/2026:04:58:13 -0500] "GET /wp-includes/Text/Diff/Renderer/ HTTP/1.1" 302 - "-" "Mozilla/5.0 (Windows NT 10.0; Win64; x64) AppleWebKit/537.36 (KHTML, like Gecko) Chrome/120.0.0.0 Safari/537.36"
20.212.209.31 - - [28/Jan/2026:04:58:14 -0500] "GET /wp-includes/style-engine/ HTTP/1.1" 302 - "-" "Mozilla/5.0 (Windows NT 10.0; Win64; x64) AppleWebKit/537.36 (KHTML, like Gecko) Chrome/120.0.0.0 Safari/537.36"
78.142.18.43 - - [28/Jan/2026:04:58:14 -0500] "GET /wp-admin/plugins.php HTTP/1.1" 302 - "http://sonblondes.com/wp-login.php" "Mozilla/5.0 (Windows NT 11.0; Win64; x64; rv:120.0) Gecko/20100101 Firefox/120.0"
20.212.209.31 - - [28/Jan/2026:04:58:15 -0500] "GET /xmrlpc.php HTTP/1.1" 302 - "-" "Mozilla/5.0 (Windows NT 10.0; Win64; x64) AppleWebKit/537.36 (KHTML, like Gecko) Chrome/120.0.0.0 Safari/537.36"
20.212.209.31 - - [28/Jan/2026:04:58:15 -0500] "GET /about.php HTTP/1.1" 302 - "-" "Mozilla/5.0 (Windows NT 10.0; Win64; x64) AppleWebKit/537.36 (KHTML, like Gecko) Chrome/120.0.0.0 Safari/537.36"
20.212.209.31 - - [28/Jan/2026:04:58:16 -0500] "GET /adminfuns.php HTTP/1.1" 302 - "-" "Mozilla/5.0 (Windows NT 10.0; Win64; x64) AppleWebKit/537.36 (KHTML, like Gecko) Chrome/120.0.0.0 Safari/537.36"
20.212.209.31 - - [28/Jan/2026:04:58:17 -0500] "GET /alfa.php HTTP/1.1" 302 - "-" "Mozilla/5.0 (Windows NT 10.0; Win64; x64) AppleWebKit/537.36 (KHTML, like Gecko) Chrome/120.0.0.0 Safari/537.36"
78.142.18.43 - - [28/Jan/2026:04:58:17 -0500] "GET /wp-admin/index.php HTTP/1.1" 302 - "http://sonblondes.com/wp-login.php" "Mozilla/5.0 (Windows NT 10.0; Win64; x64) AppleWebKit/537.36 (KHTML, like Gecko) Chrome/118.0.0.0 Safari/537.36"
20.212.209.31 - - [28/Jan/2026:04:58:18 -0500] "GET /asasx.php HTTP/1.1" 302 - "-" "Mozilla/5.0 (Windows NT 10.0; Win64; x64) AppleWebKit/537.36 (KHTML, like Gecko) Chrome/120.0.0.0 Safari/537.36"
78.142.18.43 - - [28/Jan/2026:04:58:18 -0500] "GET /wp-admin/profile.php HTTP/1.1" 302 - "http://sonblondes.com/wp-login.php" "Mozilla/5.0 (Windows NT 10.0; Win64; x64) AppleWebKit/537.36 (KHTML, like Gecko) Chrome/118.0.0.0 Safari/537.36"
20.212.209.31 - - [28/Jan/2026:04:58:18 -0500] "GET /autoload_classmap.php HTTP/1.1" 302 - "-" "Mozilla/5.0 (Windows NT 10.0; Win64; x64) AppleWebKit/537.36 (KHTML, like Gecko) Chrome/120.0.0.0 Safari/537.36"
