File: //home/httpd/logs/sexboytube.com_access_log.1
74.206.190.82 - - [29/Jan/2026:03:50:44 -0500] "GET / HTTP/1.1" 200 24498 "-" "curl/7.29.0"
74.206.190.82 - - [29/Jan/2026:03:55:50 -0500] "POST /wp-cron.php?doing_wp_cron=1769676950.5080759525299072265625 HTTP/1.1" 200 - "http://www.sexboytube.com/wp-cron.php?doing_wp_cron=1769676950.5080759525299072265625" "WordPress/5.1.8; http://www.sexboytube.com"
74.206.190.82 - - [29/Jan/2026:03:55:50 -0500] "GET / HTTP/1.1" 200 24498 "-" "curl/7.29.0"
195.250.31.127 - - [29/Jan/2026:03:56:47 -0500] "GET /.env HTTP/1.1" 404 266 "-" "-"
74.206.190.82 - - [29/Jan/2026:04:01:34 -0500] "GET / HTTP/1.1" 200 24498 "-" "curl/7.29.0"
216.26.233.134 - - [29/Jan/2026:04:03:53 -0500] "GET /wp-login.php HTTP/1.1" 200 2973 "-" "Mozilla/5.0 (Windows NT 10.0; Win64; x64) AppleWebKit/537.36 (KHTML, like Gecko) Chrome/124.0.6367.207 Safari/537.36"
216.26.233.134 - - [29/Jan/2026:04:03:53 -0500] "POST /xmlrpc.php HTTP/1.1" 403 280 "-" "Mozilla/5.0 (Windows NT 10.0; Win64; x64) AppleWebKit/537.36 (KHTML, like Gecko) Chrome/124.0.6367.207 Safari/537.36"
104.207.62.160 - - [29/Jan/2026:04:03:54 -0500] "POST /xmlrpc.php HTTP/1.1" 403 280 "-" "Mozilla/5.0 (Macintosh; Intel Mac OS X 13_5) AppleWebKit/605.1.15 (KHTML, like Gecko) Version/17.5 Safari/605.1.15"
209.50.171.86 - - [29/Jan/2026:04:03:55 -0500] "POST /xmlrpc.php HTTP/1.1" 403 280 "-" "Mozilla/5.0 (Windows NT 10.0; Win64; x64; rv:127.0) Gecko/20100101 Firefox/127.0"
216.26.250.118 - - [29/Jan/2026:04:03:55 -0500] "POST /xmlrpc.php HTTP/1.1" 403 280 "-" "Mozilla/5.0 (Macintosh; Intel Mac OS X 13_5) AppleWebKit/605.1.15 (KHTML, like Gecko) Version/17.5 Safari/605.1.15"
216.26.240.48 - - [29/Jan/2026:04:03:56 -0500] "POST /xmlrpc.php HTTP/1.1" 403 280 "-" "Mozilla/5.0 (Windows NT 10.0; Win64; x64; rv:127.0) Gecko/20100101 Firefox/127.0"
65.111.28.231 - - [29/Jan/2026:04:03:57 -0500] "POST /xmlrpc.php HTTP/1.1" 403 280 "-" "Mozilla/5.0 (Windows NT 10.0; Win64; x64; rv:127.0) Gecko/20100101 Firefox/127.0"
65.111.0.158 - - [29/Jan/2026:04:03:58 -0500] "POST /xmlrpc.php HTTP/1.1" 403 280 "-" "Mozilla/5.0 (Macintosh; Intel Mac OS X 13_5) AppleWebKit/605.1.15 (KHTML, like Gecko) Version/17.5 Safari/605.1.15"
104.207.54.27 - - [29/Jan/2026:04:03:58 -0500] "POST /xmlrpc.php HTTP/1.1" 403 280 "-" "Mozilla/5.0 (Macintosh; Intel Mac OS X 13_5) AppleWebKit/605.1.15 (KHTML, like Gecko) Version/17.5 Safari/605.1.15"
209.50.188.144 - - [29/Jan/2026:04:03:58 -0500] "POST /xmlrpc.php HTTP/1.1" 403 280 "-" "Mozilla/5.0 (Macintosh; Intel Mac OS X 13_5) AppleWebKit/605.1.15 (KHTML, like Gecko) Version/17.5 Safari/605.1.15"
45.3.40.223 - - [29/Jan/2026:04:03:59 -0500] "POST /xmlrpc.php HTTP/1.1" 403 280 "-" "Mozilla/5.0 (Windows NT 10.0; Win64; x64; rv:127.0) Gecko/20100101 Firefox/127.0"
216.26.248.47 - - [29/Jan/2026:04:04:00 -0500] "POST /xmlrpc.php HTTP/1.1" 403 280 "-" "Mozilla/5.0 (Macintosh; Intel Mac OS X 13_5) AppleWebKit/605.1.15 (KHTML, like Gecko) Version/17.5 Safari/605.1.15"
216.26.233.134 - - [29/Jan/2026:04:04:00 -0500] "GET /wp-login.php?wp_lang=en_US HTTP/1.1" 200 2973 "-" "Mozilla/5.0 (Windows NT 10.0; Win64; x64) AppleWebKit/537.36 (KHTML, like Gecko) Chrome/124.0.6367.207 Safari/537.36"
216.26.233.134 - - [29/Jan/2026:04:04:01 -0500] "POST /wp-login.php?wp_lang=en_US HTTP/1.1" 302 - "http://www.sexboytube.com/wp-login.php?wp_lang=en_US" "Mozilla/5.0 (Windows NT 10.0; Win64; x64) AppleWebKit/537.36 (KHTML, like Gecko) Chrome/124.0.6367.207 Safari/537.36"
216.26.233.134 - - [29/Jan/2026:04:04:01 -0500] "GET /wp-admin/ HTTP/1.1" 200 73198 "http://www.sexboytube.com/wp-login.php?wp_lang=en_US" "Mozilla/5.0 (Windows NT 10.0; Win64; x64) AppleWebKit/537.36 (KHTML, like Gecko) Chrome/124.0.6367.207 Safari/537.36"
216.26.233.134 - - [29/Jan/2026:04:04:02 -0500] "GET /wp-admin/admin-ajax.php?action=rest-nonce HTTP/1.1" 400 1 "-" "Mozilla/5.0 (Windows NT 10.0; Win64; x64) AppleWebKit/537.36 (KHTML, like Gecko) Chrome/124.0.6367.207 Safari/537.36"
216.26.233.134 - - [29/Jan/2026:04:04:03 -0500] "GET /wp-admin/admin-ajax.php?action=rest-nonce HTTP/1.1" 400 1 "-" "Mozilla/5.0 (Windows NT 10.0; Win64; x64) AppleWebKit/537.36 (KHTML, like Gecko) Chrome/124.0.6367.207 Safari/537.36"
216.26.233.134 - - [29/Jan/2026:04:04:04 -0500] "GET /wp-admin/admin-ajax.php?action=rest-nonce HTTP/1.1" 400 1 "-" "Mozilla/5.0 (Windows NT 10.0; Win64; x64) AppleWebKit/537.36 (KHTML, like Gecko) Chrome/124.0.6367.207 Safari/537.36"
74.206.190.82 - - [29/Jan/2026:04:05:43 -0500] "GET / HTTP/1.1" 200 24498 "-" "curl/7.29.0"
74.206.190.82 - - [29/Jan/2026:04:10:30 -0500] "GET / HTTP/1.1" 200 24498 "-" "curl/7.29.0"
74.206.190.82 - - [29/Jan/2026:04:15:33 -0500] "GET / HTTP/1.1" 200 24498 "-" "curl/7.29.0"
111.172.249.49 - - [29/Jan/2026:04:20:46 -0500] "GET / HTTP/1.1" 301 - "-" "Mozilla/5.0 (iPhone; CPU iPhone OS 13_2_3 like Mac OS X) AppleWebKit/605.1.15 (KHTML, like Gecko) Version/13.0.3 Mobile/15E148 Safari/604.1"
74.206.190.82 - - [29/Jan/2026:04:20:53 -0500] "GET / HTTP/1.1" 200 24498 "-" "curl/7.29.0"
111.172.249.49 - - [29/Jan/2026:04:20:55 -0500] "GET / HTTP/1.1" 200 24498 "http://sexboytube.com" "Mozilla/5.0 (iPhone; CPU iPhone OS 13_2_3 like Mac OS X) AppleWebKit/605.1.15 (KHTML, like Gecko) Version/13.0.3 Mobile/15E148 Safari/604.1"
74.206.190.82 - - [29/Jan/2026:04:25:40 -0500] "GET / HTTP/1.1" 200 24498 "-" "curl/7.29.0"
74.206.190.82 - - [29/Jan/2026:04:30:32 -0500] "GET / HTTP/1.1" 200 24498 "-" "curl/7.29.0"
74.206.190.82 - - [29/Jan/2026:04:35:32 -0500] "POST /wp-cron.php?doing_wp_cron=1769679332.3632099628448486328125 HTTP/1.1" 200 - "http://www.sexboytube.com/wp-cron.php?doing_wp_cron=1769679332.3632099628448486328125" "WordPress/5.1.8; http://www.sexboytube.com"
74.206.190.82 - - [29/Jan/2026:04:35:32 -0500] "GET / HTTP/1.1" 200 24498 "-" "curl/7.29.0"
74.206.190.82 - - [29/Jan/2026:04:40:40 -0500] "GET / HTTP/1.1" 200 24498 "-" "curl/7.29.0"
74.206.190.82 - - [29/Jan/2026:04:45:42 -0500] "GET / HTTP/1.1" 200 24498 "-" "curl/7.29.0"
83.204.173.120 - - [29/Jan/2026:04:46:27 -0500] "GET / HTTP/1.1" 200 24498 "-" "Mozilla/5.0 (Windows NT 10.0; Win64; x64) AppleWebKit/537.36 (KHTML, like Gecko) Chrome/120.0.0.0 Safari/537.36"
91.141.50.196 - - [29/Jan/2026:04:46:32 -0500] "POST /wp-login.php HTTP/1.1" 302 - "http://www.sexboytube.com/wp-login.php" "Mozilla/5.0 (Windows NT 10.0; Win64; x64) AppleWebKit/537.36 (KHTML, like Gecko) Chrome/120.0.0.0 Safari/537.36"
91.141.50.196 - - [29/Jan/2026:04:46:33 -0500] "GET /wp-admin/ HTTP/1.1" 200 73198 "http://www.sexboytube.com/wp-login.php" "Mozilla/5.0 (Windows NT 10.0; Win64; x64) AppleWebKit/537.36 (KHTML, like Gecko) Chrome/120.0.0.0 Safari/537.36"
67.20.4.33 - - [29/Jan/2026:04:46:35 -0500] "POST /xmlrpc.php HTTP/1.1" 403 280 "-" "WordPress/5.0; http://www.sexboytube.com"
67.20.4.33 - - [29/Jan/2026:04:46:36 -0500] "GET /wp-admin/admin-ajax.php?action=rest-nonce HTTP/1.1" 400 1 "-" "Mozilla/5.0 (Windows NT 10.0; Win64; x64) AppleWebKit/537.36 (KHTML, like Gecko) Chrome/120.0.0.0 Safari/537.36"
67.20.4.33 - - [29/Jan/2026:04:46:36 -0500] "GET /wp-admin/ HTTP/1.1" 200 73198 "-" "Mozilla/5.0 (Windows NT 10.0; Win64; x64) AppleWebKit/537.36 (KHTML, like Gecko) Chrome/120.0.0.0 Safari/537.36"
74.206.190.82 - - [29/Jan/2026:04:50:37 -0500] "GET / HTTP/1.1" 200 24498 "-" "curl/7.29.0"
74.206.190.82 - - [29/Jan/2026:04:55:34 -0500] "POST /wp-cron.php?doing_wp_cron=1769680534.0928559303283691406250 HTTP/1.1" 200 - "http://www.sexboytube.com/wp-cron.php?doing_wp_cron=1769680534.0928559303283691406250" "WordPress/5.1.8; http://www.sexboytube.com"
74.206.190.82 - - [29/Jan/2026:04:55:33 -0500] "GET / HTTP/1.1" 200 24498 "-" "curl/7.29.0"
74.206.190.82 - - [29/Jan/2026:05:00:43 -0500] "GET / HTTP/1.1" 200 24498 "-" "curl/7.29.0"
74.206.190.82 - - [29/Jan/2026:05:05:42 -0500] "GET / HTTP/1.1" 200 24498 "-" "curl/7.29.0"
66.249.72.238 - - [29/Jan/2026:05:09:54 -0500] "GET /index.php/boy-porn/dubais-growing-luxury-escort-scene-insights-into-vip-companionship-and-elite-agencies.html HTTP/1.1" 200 28451 "-" "Mozilla/5.0 (Linux; Android 6.0.1; Nexus 5X Build/MMB29P) AppleWebKit/537.36 (KHTML, like Gecko) Chrome/143.0.7499.192 Mobile Safari/537.36 (compatible; Googlebot/2.1; +http://www.google.com/bot.html)"
74.206.190.82 - - [29/Jan/2026:05:10:31 -0500] "GET / HTTP/1.1" 200 24498 "-" "curl/7.29.0"
74.206.190.82 - - [29/Jan/2026:05:15:36 -0500] "GET / HTTP/1.1" 200 24498 "-" "curl/7.29.0"
45.148.10.247 - - [29/Jan/2026:05:16:12 -0500] "GET /.git/config HTTP/1.1" 404 273 "-" "Mozilla/5.0 (Windows NT 10.0; rv:91.0) Gecko/20100101 Firefox/91.0"
45.148.10.247 - - [29/Jan/2026:05:16:15 -0500] "GET / HTTP/1.1" 301 - "-" "-"
74.206.190.82 - - [29/Jan/2026:05:20:39 -0500] "GET / HTTP/1.1" 200 24498 "-" "curl/7.29.0"
74.206.190.82 - - [29/Jan/2026:05:25:35 -0500] "GET / HTTP/1.1" 200 24498 "-" "curl/7.29.0"
74.206.190.82 - - [29/Jan/2026:05:30:34 -0500] "GET / HTTP/1.1" 200 24498 "-" "curl/7.29.0"
198.98.57.217 - - [29/Jan/2026:05:30:38 -0500] "GET /wp-login.php HTTP/1.1" 200 2973 "-" "Mozilla/5.0 (Macintosh; Intel Mac OS X 10_9_3) AppleWebKit/537.75.14 (KHTML, like Gecko) Version/7.0.3 Safari/537.75.14"
198.98.57.217 - - [29/Jan/2026:05:30:38 -0500] "POST /wp-login.php HTTP/1.1" 200 3980 "-" "Mozilla/5.0 (Macintosh; Intel Mac OS X 10_9_3) AppleWebKit/537.75.14 (KHTML, like Gecko) Version/7.0.3 Safari/537.75.14"
74.206.190.82 - - [29/Jan/2026:05:33:31 -0500] "POST /wp-cron.php?doing_wp_cron=1769682811.1241040229797363281250 HTTP/1.1" 200 - "http://www.sexboytube.com/wp-cron.php?doing_wp_cron=1769682811.1241040229797363281250" "WordPress/5.1.8; http://www.sexboytube.com"
43.130.139.136 - - [29/Jan/2026:05:33:31 -0500] "GET / HTTP/1.1" 200 24498 "-" "Mozilla/5.0 (iPhone; CPU iPhone OS 13_2_3 like Mac OS X) AppleWebKit/605.1.15 (KHTML, like Gecko) Version/13.0.3 Mobile/15E148 Safari/604.1"
74.206.190.82 - - [29/Jan/2026:05:35:33 -0500] "GET / HTTP/1.1" 200 24498 "-" "curl/7.29.0"
141.94.194.132 - - [29/Jan/2026:05:40:33 -0500] "GET /index.php/boy-porn/hot-gay-sexy-tubes.html/feed HTTP/1.1" 200 1345 "-" "Mozilla/5.0 (X11; Linux i686) AppleWebKit/537.36 (KHTML, like Gecko) Chrome/30.0.1599.66 Safari/537.36"
74.206.190.82 - - [29/Jan/2026:05:40:45 -0500] "GET / HTTP/1.1" 200 24498 "-" "curl/7.29.0"
103.131.71.21 - - [29/Jan/2026:05:41:43 -0500] "GET /robots.txt HTTP/1.1" 200 29 "-" "Mozilla/5.0 (compatible; coccocbot-image/1.0; +http://help.coccoc.com/searchengine)"
103.131.71.41 - - [29/Jan/2026:05:41:51 -0500] "GET /robots.txt HTTP/1.1" 200 29 "-" "Mozilla/5.0 (compatible; coccocbot-image/1.0; +http://help.coccoc.com/searchengine)"
74.206.190.82 - - [29/Jan/2026:05:45:33 -0500] "GET / HTTP/1.1" 200 24498 "-" "curl/7.29.0"
141.94.194.132 - - [29/Jan/2026:05:47:15 -0500] "GET /index.php/tag/raw-papi/feed HTTP/1.1" 200 6758 "-" "Mozilla/5.0 (X11; Linux i686) AppleWebKit/537.36 (KHTML, like Gecko) Chrome/30.0.1599.66 Safari/537.36"
74.206.190.82 - - [29/Jan/2026:05:50:32 -0500] "GET / HTTP/1.1" 200 24498 "-" "curl/7.29.0"
74.206.190.82 - - [29/Jan/2026:05:55:34 -0500] "POST /wp-cron.php?doing_wp_cron=1769684134.6578540802001953125000 HTTP/1.1" 200 - "http://www.sexboytube.com/wp-cron.php?doing_wp_cron=1769684134.6578540802001953125000" "WordPress/5.1.8; http://www.sexboytube.com"
74.206.190.82 - - [29/Jan/2026:05:55:34 -0500] "GET / HTTP/1.1" 200 24498 "-" "curl/7.29.0"
74.206.190.82 - - [29/Jan/2026:06:01:42 -0500] "GET / HTTP/1.1" 200 24498 "-" "curl/7.29.0"
74.206.190.82 - - [29/Jan/2026:06:05:42 -0500] "GET / HTTP/1.1" 200 24498 "-" "curl/7.29.0"
114.119.153.72 - - [29/Jan/2026:06:06:32 -0500] "GET /index.php/boy-porn/gay-sex-games.html HTTP/1.1" 200 23627 "http://www.sexboytube.com/index.php/category/boy-porn/page/4" "Mozilla/5.0 (Linux; Android 7.0;) AppleWebKit/537.36 (KHTML, like Gecko) Mobile Safari/537.36 (compatible; PetalBot;+https://webmaster.petalsearch.com/site/petalbot)"
114.119.150.158 - - [29/Jan/2026:06:07:54 -0500] "GET /index.php/boy-porn/rawpapi-porno.html HTTP/1.1" 200 23969 "http://www.sexboytube.com/index.php/category/boy-porn/page/4" "Mozilla/5.0 (Linux; Android 7.0;) AppleWebKit/537.36 (KHTML, like Gecko) Mobile Safari/537.36 (compatible; PetalBot;+https://webmaster.petalsearch.com/site/petalbot)"
74.206.190.82 - - [29/Jan/2026:06:10:31 -0500] "GET / HTTP/1.1" 200 24498 "-" "curl/7.29.0"
74.206.190.82 - - [29/Jan/2026:06:15:33 -0500] "GET / HTTP/1.1" 200 24498 "-" "curl/7.29.0"
74.206.190.82 - - [29/Jan/2026:06:20:47 -0500] "GET / HTTP/1.1" 200 24498 "-" "curl/7.29.0"
74.206.190.82 - - [29/Jan/2026:06:25:36 -0500] "GET / HTTP/1.1" 200 24498 "-" "curl/7.29.0"
74.206.190.82 - - [29/Jan/2026:06:30:39 -0500] "GET / HTTP/1.1" 200 24498 "-" "curl/7.29.0"
74.206.190.82 - - [29/Jan/2026:06:31:02 -0500] "POST /wp-cron.php?doing_wp_cron=1769686262.7563409805297851562500 HTTP/1.1" 200 - "http://www.sexboytube.com/wp-cron.php?doing_wp_cron=1769686262.7563409805297851562500" "WordPress/5.1.8; http://www.sexboytube.com"
114.119.150.158 - - [29/Jan/2026:06:31:02 -0500] "GET /index.php/boy-porn/dubai-escorts-market-sees-surge-in-vip-and-luxury-services-in-2024.html HTTP/1.1" 200 29925 "http://www.sexboytube.com/index.php/boy-porn/cute-boys-tube.html" "Mozilla/5.0 (Linux; Android 7.0;) AppleWebKit/537.36 (KHTML, like Gecko) Mobile Safari/537.36 (compatible; PetalBot;+https://webmaster.petalsearch.com/site/petalbot)"
74.206.190.82 - - [29/Jan/2026:06:35:32 -0500] "GET / HTTP/1.1" 200 24498 "-" "curl/7.29.0"
83.217.208.173 - - [29/Jan/2026:06:38:12 -0500] "GET /wp-login.php HTTP/1.1" 200 2973 "-" "Mozilla/5.0 (X11; Linux x86_64)"
83.217.208.173 - - [29/Jan/2026:06:38:13 -0500] "POST /wp-login.php HTTP/1.1" 200 3962 "-" "Mozilla/5.0 (X11; Linux x86_64)"
74.206.190.82 - - [29/Jan/2026:06:40:51 -0500] "GET / HTTP/1.1" 200 24498 "-" "curl/7.29.0"
207.46.13.87 - - [29/Jan/2026:06:45:06 -0500] "GET /index.php/tag/gaytbue HTTP/1.1" 200 9794 "-" "Mozilla/5.0 AppleWebKit/537.36 (KHTML, like Gecko; compatible; bingbot/2.0; +http://www.bing.com/bingbot.htm) Chrome/116.0.1938.76 Safari/537.36"
74.206.190.82 - - [29/Jan/2026:06:45:46 -0500] "GET / HTTP/1.1" 200 24498 "-" "curl/7.29.0"
74.206.190.82 - - [29/Jan/2026:06:50:39 -0500] "POST /wp-cron.php?doing_wp_cron=1769687439.7963700294494628906250 HTTP/1.1" 200 - "http://www.sexboytube.com/wp-cron.php?doing_wp_cron=1769687439.7963700294494628906250" "WordPress/5.1.8; http://www.sexboytube.com"
74.206.190.82 - - [29/Jan/2026:06:50:39 -0500] "GET / HTTP/1.1" 200 24498 "-" "curl/7.29.0"
74.206.190.82 - - [29/Jan/2026:06:55:37 -0500] "POST /wp-cron.php?doing_wp_cron=1769687737.4571459293365478515625 HTTP/1.1" 200 - "http://www.sexboytube.com/wp-cron.php?doing_wp_cron=1769687737.4571459293365478515625" "WordPress/5.1.8; http://www.sexboytube.com"
74.206.190.82 - - [29/Jan/2026:06:55:37 -0500] "GET / HTTP/1.1" 200 24498 "-" "curl/7.29.0"
74.206.190.82 - - [29/Jan/2026:07:00:55 -0500] "GET / HTTP/1.1" 200 24498 "-" "curl/7.29.0"
74.206.190.82 - - [29/Jan/2026:07:05:43 -0500] "GET / HTTP/1.1" 200 24498 "-" "curl/7.29.0"
74.206.190.82 - - [29/Jan/2026:07:10:41 -0500] "GET / HTTP/1.1" 200 24498 "-" "curl/7.29.0"
74.206.190.82 - - [29/Jan/2026:07:15:34 -0500] "GET / HTTP/1.1" 200 24498 "-" "curl/7.29.0"
74.206.190.82 - - [29/Jan/2026:07:20:55 -0500] "GET / HTTP/1.1" 200 24498 "-" "curl/7.29.0"
74.206.190.82 - - [29/Jan/2026:07:25:43 -0500] "GET / HTTP/1.1" 200 24498 "-" "curl/7.29.0"
179.186.209.153 - - [29/Jan/2026:07:30:01 -0500] "GET / HTTP/1.1" 200 24498 "-" "Mozilla/5.0 (Windows NT 10.0; Win64; x64) AppleWebKit/537.36 (KHTML, like Gecko) Chrome/120.0.0.0 Safari/537.36"
84.59.55.197 - - [29/Jan/2026:07:30:03 -0500] "GET /wp-login.php HTTP/1.1" 200 2973 "-" "Mozilla/5.0 (Windows NT 10.0; Win64; x64) AppleWebKit/537.36 (KHTML, like Gecko) Chrome/120.0.0.0 Safari/537.36"
84.59.55.197 - - [29/Jan/2026:07:30:04 -0500] "POST /wp-login.php HTTP/1.1" 302 - "http://www.sexboytube.com/wp-login.php" "Mozilla/5.0 (Windows NT 10.0; Win64; x64) AppleWebKit/537.36 (KHTML, like Gecko) Chrome/120.0.0.0 Safari/537.36"
84.59.55.197 - - [29/Jan/2026:07:30:05 -0500] "GET /wp-admin/ HTTP/1.1" 200 73198 "http://www.sexboytube.com/wp-login.php" "Mozilla/5.0 (Windows NT 10.0; Win64; x64) AppleWebKit/537.36 (KHTML, like Gecko) Chrome/120.0.0.0 Safari/537.36"
201.219.187.80 - - [29/Jan/2026:07:30:08 -0500] "POST /xmlrpc.php HTTP/1.1" 403 280 "-" "WordPress/5.0; http://www.sexboytube.com"
201.219.187.80 - - [29/Jan/2026:07:30:08 -0500] "GET /wp-admin/admin-ajax.php?action=rest-nonce HTTP/1.1" 400 1 "-" "Mozilla/5.0 (Windows NT 10.0; Win64; x64) AppleWebKit/537.36 (KHTML, like Gecko) Chrome/120.0.0.0 Safari/537.36"
201.219.187.80 - - [29/Jan/2026:07:30:09 -0500] "GET /wp-admin/ HTTP/1.1" 200 73198 "-" "Mozilla/5.0 (Windows NT 10.0; Win64; x64) AppleWebKit/537.36 (KHTML, like Gecko) Chrome/120.0.0.0 Safari/537.36"
74.206.190.82 - - [29/Jan/2026:07:30:31 -0500] "GET / HTTP/1.1" 200 24498 "-" "curl/7.29.0"
74.206.190.82 - - [29/Jan/2026:07:35:35 -0500] "POST /wp-cron.php?doing_wp_cron=1769690135.1477999687194824218750 HTTP/1.1" 200 - "http://www.sexboytube.com/wp-cron.php?doing_wp_cron=1769690135.1477999687194824218750" "WordPress/5.1.8; http://www.sexboytube.com"
74.206.190.82 - - [29/Jan/2026:07:35:34 -0500] "GET / HTTP/1.1" 200 24498 "-" "curl/7.29.0"
74.206.190.82 - - [29/Jan/2026:07:40:46 -0500] "GET / HTTP/1.1" 200 24498 "-" "curl/7.29.0"
74.206.190.82 - - [29/Jan/2026:07:45:44 -0500] "GET / HTTP/1.1" 200 24498 "-" "curl/7.29.0"
141.94.194.132 - - [29/Jan/2026:07:49:52 -0500] "GET /index.php/boy-porn/boy-sextube.html/feed HTTP/1.1" 200 1343 "-" "Mozilla/5.0 (X11; Linux i686) AppleWebKit/537.36 (KHTML, like Gecko) Chrome/30.0.1599.66 Safari/537.36"
74.206.190.82 - - [29/Jan/2026:07:50:42 -0500] "GET / HTTP/1.1" 200 24498 "-" "curl/7.29.0"
74.206.190.82 - - [29/Jan/2026:07:51:19 -0500] "POST /wp-cron.php?doing_wp_cron=1769691079.3481268882751464843750 HTTP/1.1" 200 - "http://www.sexboytube.com/wp-cron.php?doing_wp_cron=1769691079.3481268882751464843750" "WordPress/5.1.8; http://www.sexboytube.com"
141.94.194.132 - - [29/Jan/2026:07:51:19 -0500] "GET /index.php/feed HTTP/1.1" 200 89764 "-" "Mozilla/5.0 (X11; Linux i686) AppleWebKit/537.36 (KHTML, like Gecko) Chrome/30.0.1599.66 Safari/537.36"
178.33.169.232 - - [29/Jan/2026:07:51:20 -0500] "GET /index.php/boy-porn/dubai-escorts-market-sees-surge-in-vip-and-luxury-services-in-2024.html HTTP/1.1" 200 29925 "-" "Mozilla/5.0 (Macintosh; Intel Mac OS X 10_14_1) AppleWebKit/537.36 (KHTML, like Gecko) Chrome/71.0.3578.62 Safari/537.36"
5.39.54.234 - - [29/Jan/2026:07:51:22 -0500] "GET /index.php/boy-porn/dubais-growing-luxury-escort-scene-insights-into-vip-companionship-and-elite-agencies.html HTTP/1.1" 200 28451 "-" "Mozilla/5.0 (Macintosh; Intel Mac OS X 10_14_1) AppleWebKit/537.36 (KHTML, like Gecko) Chrome/71.0.3578.62 Safari/537.36"
43.167.239.66 - - [29/Jan/2026:07:51:52 -0500] "GET / HTTP/1.1" 301 - "-" "Mozilla/5.0 (iPhone; CPU iPhone OS 13_2_3 like Mac OS X) AppleWebKit/605.1.15 (KHTML, like Gecko) Version/13.0.3 Mobile/15E148 Safari/604.1"
43.167.239.66 - - [29/Jan/2026:07:51:53 -0500] "GET / HTTP/1.1" 200 24498 "http://sexboytube.com" "Mozilla/5.0 (iPhone; CPU iPhone OS 13_2_3 like Mac OS X) AppleWebKit/605.1.15 (KHTML, like Gecko) Version/13.0.3 Mobile/15E148 Safari/604.1"
185.102.115.5 - - [29/Jan/2026:07:53:23 -0500] "GET /wp-login.php HTTP/1.1" 200 2973 "-" "Mozilla/5.0 (Macintosh; Intel Mac OS X 10_10) AppleWebKit/600.1.3 (KHTML, like Gecko) Version/8.0 Safari/600.1.3"
185.102.115.5 - - [29/Jan/2026:07:53:25 -0500] "POST /wp-login.php HTTP/1.1" 200 3962 "-" "Mozilla/5.0 (Macintosh; Intel Mac OS X 10_10) AppleWebKit/600.1.3 (KHTML, like Gecko) Version/8.0 Safari/600.1.3"
74.206.190.82 - - [29/Jan/2026:07:55:46 -0500] "GET / HTTP/1.1" 200 24498 "-" "curl/7.29.0"
74.206.190.82 - - [29/Jan/2026:08:01:12 -0500] "GET / HTTP/1.1" 200 24498 "-" "curl/7.29.0"
74.206.190.82 - - [29/Jan/2026:08:05:35 -0500] "GET / HTTP/1.1" 200 24498 "-" "curl/7.29.0"
74.206.190.82 - - [29/Jan/2026:08:10:33 -0500] "GET / HTTP/1.1" 200 24498 "-" "curl/7.29.0"
74.206.190.82 - - [29/Jan/2026:08:15:33 -0500] "GET / HTTP/1.1" 200 24498 "-" "curl/7.29.0"
141.94.194.132 - - [29/Jan/2026:08:20:27 -0500] "GET /index.php/boy-porn/latin-boy-sex-tube.html/feed HTTP/1.1" 200 1356 "-" "Mozilla/5.0 (X11; Linux i686) AppleWebKit/537.36 (KHTML, like Gecko) Chrome/30.0.1599.66 Safari/537.36"
74.206.190.82 - - [29/Jan/2026:08:20:52 -0500] "GET / HTTP/1.1" 200 24498 "-" "curl/7.29.0"
74.206.190.82 - - [29/Jan/2026:08:25:38 -0500] "GET / HTTP/1.1" 200 24498 "-" "curl/7.29.0"
141.94.194.132 - - [29/Jan/2026:08:26:17 -0500] "GET /index.php/tag/raw-papi/feed HTTP/1.1" 200 6758 "-" "Mozilla/5.0 (X11; Linux i686) AppleWebKit/537.36 (KHTML, like Gecko) Chrome/30.0.1599.66 Safari/537.36"
74.206.190.82 - - [29/Jan/2026:08:30:33 -0500] "GET / HTTP/1.1" 200 24498 "-" "curl/7.29.0"
103.131.71.72 - - [29/Jan/2026:08:33:43 -0500] "GET /robots.txt HTTP/1.1" 200 29 "-" "Mozilla/5.0 (compatible; coccocbot-web/1.0; +http://help.coccoc.com/searchengine)"
74.206.190.82 - - [29/Jan/2026:08:35:32 -0500] "POST /wp-cron.php?doing_wp_cron=1769693732.9458539485931396484375 HTTP/1.1" 200 - "http://www.sexboytube.com/wp-cron.php?doing_wp_cron=1769693732.9458539485931396484375" "WordPress/5.1.8; http://www.sexboytube.com"
74.206.190.82 - - [29/Jan/2026:08:35:32 -0500] "GET / HTTP/1.1" 200 24498 "-" "curl/7.29.0"
141.94.194.132 - - [29/Jan/2026:08:37:34 -0500] "GET /index.php/boy-porn/hot-gay-sexy-tubes.html/feed HTTP/1.1" 200 1345 "-" "Mozilla/5.0 (X11; Linux i686) AppleWebKit/537.36 (KHTML, like Gecko) Chrome/30.0.1599.66 Safari/537.36"
74.206.190.82 - - [29/Jan/2026:08:40:46 -0500] "GET / HTTP/1.1" 200 24498 "-" "curl/7.29.0"
74.206.190.82 - - [29/Jan/2026:08:45:36 -0500] "GET / HTTP/1.1" 200 24498 "-" "curl/7.29.0"
74.206.190.82 - - [29/Jan/2026:08:50:32 -0500] "GET / HTTP/1.1" 200 24498 "-" "curl/7.29.0"
74.206.190.82 - - [29/Jan/2026:08:55:36 -0500] "POST /wp-cron.php?doing_wp_cron=1769694936.3961739540100097656250 HTTP/1.1" 200 - "http://www.sexboytube.com/wp-cron.php?doing_wp_cron=1769694936.3961739540100097656250" "WordPress/5.1.8; http://www.sexboytube.com"
74.206.190.82 - - [29/Jan/2026:08:55:36 -0500] "GET / HTTP/1.1" 200 24498 "-" "curl/7.29.0"
74.206.190.82 - - [29/Jan/2026:09:00:55 -0500] "GET / HTTP/1.1" 200 24498 "-" "curl/7.29.0"
74.206.190.82 - - [29/Jan/2026:09:05:38 -0500] "GET / HTTP/1.1" 200 24498 "-" "curl/7.29.0"
74.206.190.82 - - [29/Jan/2026:09:10:35 -0500] "GET / HTTP/1.1" 200 24498 "-" "curl/7.29.0"
62.60.130.210 - - [29/Jan/2026:09:12:02 -0500] "GET /wp-login.php HTTP/1.1" 200 2973 "-" "Mozilla/5.0 (Macintosh; Intel Mac OS X 10_15_7) AppleWebKit/605.1.15 (KHTML, like Gecko) Version/17.1 Safari/605.1.15"
62.60.130.210 - - [29/Jan/2026:09:12:03 -0500] "POST /wp-login.php HTTP/1.1" 200 3967 "http://www.sexboytube.com/wp-login.php" "Mozilla/5.0 (Macintosh; Intel Mac OS X 10_15_7) AppleWebKit/537.36 (KHTML, like Gecko) Chrome/118.0.5993.88 Safari/537.36"
62.60.130.210 - - [29/Jan/2026:09:12:15 -0500] "POST /wp-login.php HTTP/1.1" 200 3929 "http://www.sexboytube.com/wp-login.php" "Mozilla/5.0 (X11; Ubuntu; Linux x86_64) AppleWebKit/537.36 (KHTML, like Gecko) Chrome/122.0.6261.57 Safari/537.36"
62.60.130.210 - - [29/Jan/2026:09:12:27 -0500] "POST /wp-login.php HTTP/1.1" 200 3929 "http://www.sexboytube.com/wp-login.php" "Mozilla/5.0 (Windows NT 10.0; Win64; x64) AppleWebKit/537.36 (KHTML, like Gecko) Chrome/119.0.0.0 Safari/537.36 Edg/119.0.2151.97"
62.60.130.210 - - [29/Jan/2026:09:12:39 -0500] "POST /wp-login.php HTTP/1.1" 200 3929 "http://www.sexboytube.com/wp-login.php" "Mozilla/5.0 (Macintosh; Intel Mac OS X 13_6_2) AppleWebKit/537.36 (KHTML, like Gecko) Chrome/120.0.6099.130 Safari/537.36"
62.60.130.210 - - [29/Jan/2026:09:12:51 -0500] "POST /wp-login.php HTTP/1.1" 200 3929 "http://www.sexboytube.com/wp-login.php" "Mozilla/5.0 (X11; Linux x86_64) Gecko/20100101 Firefox/122.0"
62.60.130.210 - - [29/Jan/2026:09:13:04 -0500] "POST /wp-login.php HTTP/1.1" 200 3929 "http://www.sexboytube.com/wp-login.php" "Mozilla/5.0 (Macintosh; Intel Mac OS X 13_6_2) AppleWebKit/537.36 (KHTML, like Gecko) Chrome/119.0.6045.159 Safari/537.36"
62.60.130.210 - - [29/Jan/2026:09:13:16 -0500] "POST /wp-login.php HTTP/1.1" 200 3929 "http://www.sexboytube.com/wp-login.php" "Mozilla/5.0 (Windows NT 10.0; Win64; x64) AppleWebKit/537.36 (KHTML, like Gecko) Chrome/121.0.0.0 Safari/537.36 Edg/121.0.2277.83"
62.60.130.210 - - [29/Jan/2026:09:13:27 -0500] "POST /wp-login.php HTTP/1.1" 200 3929 "http://www.sexboytube.com/wp-login.php" "Mozilla/5.0 (Macintosh; Intel Mac OS X 13_6_2) AppleWebKit/537.36 (KHTML, like Gecko) Chrome/120.0.6099.130 Safari/537.36"
62.60.130.210 - - [29/Jan/2026:09:13:40 -0500] "POST /wp-login.php HTTP/1.1" 200 3929 "http://www.sexboytube.com/wp-login.php" "Mozilla/5.0 (Macintosh; Intel Mac OS X 10_15_7) AppleWebKit/537.36 (KHTML, like Gecko) Chrome/120.0.6099.130 Safari/537.36"
62.60.130.210 - - [29/Jan/2026:09:13:52 -0500] "POST /wp-login.php HTTP/1.1" 200 3929 "http://www.sexboytube.com/wp-login.php" "Mozilla/5.0 (X11; Ubuntu; Linux x86_64; rv:122.0) Gecko/20100101 Firefox/122.0"
62.60.130.210 - - [29/Jan/2026:09:14:04 -0500] "POST /wp-login.php HTTP/1.1" 200 3929 "http://www.sexboytube.com/wp-login.php" "Mozilla/5.0 (Windows NT 10.0; Win64; x64) AppleWebKit/537.36 (KHTML, like Gecko) Chrome/120.0.0.0 Safari/537.36 Edg/120.0.2210.133"
62.60.130.210 - - [29/Jan/2026:09:14:16 -0500] "POST /wp-login.php HTTP/1.1" 200 3929 "http://www.sexboytube.com/wp-login.php" "Mozilla/5.0 (Windows NT 10.0; Win64; x64) AppleWebKit/537.36 (KHTML, like Gecko) Chrome/119.0.0.0 Safari/537.36 Edg/119.0.2151.97"
62.60.130.210 - - [29/Jan/2026:09:14:28 -0500] "POST /wp-login.php HTTP/1.1" 200 3894 "http://www.sexboytube.com/wp-login.php" "Mozilla/5.0 (Macintosh; Intel Mac OS X 13_6_2) AppleWebKit/537.36 (KHTML, like Gecko) Chrome/121.0.6167.85 Safari/537.36"
62.60.130.210 - - [29/Jan/2026:09:14:40 -0500] "POST /wp-login.php HTTP/1.1" 200 3929 "http://www.sexboytube.com/wp-login.php" "Mozilla/5.0 (X11; Linux x86_64) AppleWebKit/537.36 (KHTML, like Gecko) Chrome/119.0.6045.159 Safari/537.36"
62.60.130.210 - - [29/Jan/2026:09:14:52 -0500] "POST /wp-login.php HTTP/1.1" 200 3929 "http://www.sexboytube.com/wp-login.php" "Mozilla/5.0 (X11; Linux x86_64) AppleWebKit/537.36 (KHTML, like Gecko) Chrome/121.0.6167.85 Safari/537.36"
62.60.130.210 - - [29/Jan/2026:09:15:04 -0500] "POST /wp-login.php HTTP/1.1" 200 3929 "http://www.sexboytube.com/wp-login.php" "Mozilla/5.0 (Macintosh; Intel Mac OS X 10.15) Gecko/20100101 Firefox/121.0"
62.60.130.210 - - [29/Jan/2026:09:15:16 -0500] "POST /wp-login.php HTTP/1.1" 200 3929 "http://www.sexboytube.com/wp-login.php" "Mozilla/5.0 (Macintosh; Intel Mac OS X 13_6_2) AppleWebKit/537.36 (KHTML, like Gecko) Chrome/120.0.6099.130 Safari/537.36"
62.60.130.210 - - [29/Jan/2026:09:15:29 -0500] "POST /wp-login.php HTTP/1.1" 200 3929 "http://www.sexboytube.com/wp-login.php" "Mozilla/5.0 (Macintosh; Intel Mac OS X 13_6_1) AppleWebKit/605.1.15 (KHTML, like Gecko) Version/17.2.1 Safari/605.1.15"
74.206.190.82 - - [29/Jan/2026:09:15:33 -0500] "GET / HTTP/1.1" 200 24498 "-" "curl/7.29.0"
62.60.130.210 - - [29/Jan/2026:09:15:41 -0500] "POST /wp-login.php HTTP/1.1" 200 3967 "http://www.sexboytube.com/wp-login.php" "Mozilla/5.0 (Macintosh; Intel Mac OS X 12_6_2) AppleWebKit/605.1.15 (KHTML, like Gecko) Version/17.2.1 Safari/605.1.15"
62.60.130.210 - - [29/Jan/2026:09:15:53 -0500] "POST /wp-login.php HTTP/1.1" 200 3929 "http://www.sexboytube.com/wp-login.php" "Mozilla/5.0 (Macintosh; Intel Mac OS X 12_6_2) AppleWebKit/605.1.15 (KHTML, like Gecko) Version/17.0 Safari/605.1.15"
62.60.130.210 - - [29/Jan/2026:09:16:05 -0500] "POST /wp-login.php HTTP/1.1" 200 3929 "http://www.sexboytube.com/wp-login.php" "Mozilla/5.0 (Windows NT 11.0; Win64; x64) AppleWebKit/537.36 (KHTML, like Gecko) Chrome/120.0.6099.130 Safari/537.36"
62.60.130.210 - - [29/Jan/2026:09:16:17 -0500] "POST /wp-login.php HTTP/1.1" 200 3929 "http://www.sexboytube.com/wp-login.php" "Mozilla/5.0 (Windows NT 10.0; Win64; x64) AppleWebKit/537.36 (KHTML, like Gecko) Chrome/122.0.6261.57 Safari/537.36"
62.60.130.210 - - [29/Jan/2026:09:16:29 -0500] "POST /wp-login.php HTTP/1.1" 200 3929 "http://www.sexboytube.com/wp-login.php" "Mozilla/5.0 (X11; Linux x86_64) AppleWebKit/537.36 (KHTML, like Gecko) Chrome/119.0.6045.159 Safari/537.36"
62.60.130.210 - - [29/Jan/2026:09:16:41 -0500] "POST /wp-login.php HTTP/1.1" 200 3929 "http://www.sexboytube.com/wp-login.php" "Mozilla/5.0 (X11; Ubuntu; Linux x86_64; rv:121.0) Gecko/20100101 Firefox/121.0"
62.60.130.210 - - [29/Jan/2026:09:16:53 -0500] "POST /wp-login.php HTTP/1.1" 200 3929 "http://www.sexboytube.com/wp-login.php" "Mozilla/5.0 (Windows NT 10.0; Win64; x64) Gecko/20100101 Firefox/119.0.1"
62.60.130.210 - - [29/Jan/2026:09:17:05 -0500] "POST /wp-login.php HTTP/1.1" 200 3967 "http://www.sexboytube.com/wp-login.php" "Mozilla/5.0 (Macintosh; Intel Mac OS X 12_6_2) AppleWebKit/605.1.15 (KHTML, like Gecko) Version/17.1 Safari/605.1.15"
62.60.130.210 - - [29/Jan/2026:09:17:17 -0500] "POST /wp-login.php HTTP/1.1" 200 3929 "http://www.sexboytube.com/wp-login.php" "Mozilla/5.0 (Windows NT 11.0; Win64; x64) AppleWebKit/537.36 (KHTML, like Gecko) Chrome/118.0.5993.88 Safari/537.36"
62.60.130.210 - - [29/Jan/2026:09:17:29 -0500] "POST /wp-login.php HTTP/1.1" 200 3929 "http://www.sexboytube.com/wp-login.php" "Mozilla/5.0 (Macintosh; Intel Mac OS X 13_6_2) AppleWebKit/537.36 (KHTML, like Gecko) Chrome/120.0.6099.130 Safari/537.36"
62.60.130.210 - - [29/Jan/2026:09:17:41 -0500] "POST /wp-login.php HTTP/1.1" 200 3929 "http://www.sexboytube.com/wp-login.php" "Mozilla/5.0 (Macintosh; Intel Mac OS X 13_6_2) AppleWebKit/537.36 (KHTML, like Gecko) Chrome/121.0.6167.85 Safari/537.36"
62.60.130.210 - - [29/Jan/2026:09:17:53 -0500] "POST /wp-login.php HTTP/1.1" 200 3929 "http://www.sexboytube.com/wp-login.php" "Mozilla/5.0 (Macintosh; Intel Mac OS X 12_6_2) AppleWebKit/605.1.15 (KHTML, like Gecko) Version/17.1 Safari/605.1.15"
62.60.130.210 - - [29/Jan/2026:09:18:05 -0500] "POST /wp-login.php HTTP/1.1" 200 3929 "http://www.sexboytube.com/wp-login.php" "Mozilla/5.0 (Macintosh; Intel Mac OS X 10_15_7) AppleWebKit/605.1.15 (KHTML, like Gecko) Version/17.2.1 Safari/605.1.15"
62.60.130.210 - - [29/Jan/2026:09:18:17 -0500] "POST /wp-login.php HTTP/1.1" 200 3929 "http://www.sexboytube.com/wp-login.php" "Mozilla/5.0 (Windows NT 10.0; Win64; x64) AppleWebKit/537.36 (KHTML, like Gecko) Chrome/122.0.6261.57 Safari/537.36"
62.60.130.210 - - [29/Jan/2026:09:18:29 -0500] "POST /wp-login.php HTTP/1.1" 200 3967 "http://www.sexboytube.com/wp-login.php" "Mozilla/5.0 (Macintosh; Intel Mac OS X 10.15) Gecko/20100101 Firefox/122.0"
62.60.130.210 - - [29/Jan/2026:09:18:42 -0500] "POST /wp-login.php HTTP/1.1" 200 3967 "http://www.sexboytube.com/wp-login.php" "Mozilla/5.0 (Macintosh; Intel Mac OS X 13_6_1) AppleWebKit/605.1.15 (KHTML, like Gecko) Version/17.2.1 Safari/605.1.15"
62.60.130.210 - - [29/Jan/2026:09:18:54 -0500] "POST /wp-login.php HTTP/1.1" 200 3929 "http://www.sexboytube.com/wp-login.php" "Mozilla/5.0 (X11; Ubuntu; Linux x86_64) AppleWebKit/537.36 (KHTML, like Gecko) Chrome/122.0.6261.57 Safari/537.36"
62.60.130.210 - - [29/Jan/2026:09:19:06 -0500] "POST /wp-login.php HTTP/1.1" 200 3929 "http://www.sexboytube.com/wp-login.php" "Mozilla/5.0 (X11; Ubuntu; Linux x86_64) AppleWebKit/537.36 (KHTML, like Gecko) Chrome/119.0.6045.159 Safari/537.36"
114.119.150.170 - - [29/Jan/2026:09:19:42 -0500] "GET /index.php/page/2 HTTP/1.1" 200 25844 "http://www.sexboytube.com/index.php/page/1" "Mozilla/5.0 (Linux; Android 7.0;) AppleWebKit/537.36 (KHTML, like Gecko) Mobile Safari/537.36 (compatible; PetalBot;+https://webmaster.petalsearch.com/site/petalbot)"
74.206.190.82 - - [29/Jan/2026:09:20:42 -0500] "GET / HTTP/1.1" 200 24498 "-" "curl/7.29.0"
114.119.153.122 - - [29/Jan/2026:09:21:02 -0500] "GET /index.php/category/boy-porn/page/1 HTTP/1.1" 301 - "http://www.sexboytube.com/index.php/category/boy-porn/page/6" "Mozilla/5.0 (Linux; Android 7.0;) AppleWebKit/537.36 (KHTML, like Gecko) Mobile Safari/537.36 (compatible; PetalBot;+https://webmaster.petalsearch.com/site/petalbot)"
114.119.153.122 - - [29/Jan/2026:09:21:04 -0500] "GET /index.php/category/boy-porn HTTP/1.1" 200 24741 "http://www.sexboytube.com/index.php/category/boy-porn/page/6" "Mozilla/5.0 (Linux; Android 7.0;) AppleWebKit/537.36 (KHTML, like Gecko) Mobile Safari/537.36 (compatible; PetalBot;+https://webmaster.petalsearch.com/site/petalbot)"
74.206.190.82 - - [29/Jan/2026:09:25:34 -0500] "GET / HTTP/1.1" 200 24498 "-" "curl/7.29.0"
220.181.108.112 - - [29/Jan/2026:09:30:30 -0500] "GET / HTTP/1.1" 403 270 "-" "Mozilla/5.0 (compatible; Baiduspider/2.0; +http://www.baidu.com/search/spider.html)"
119.249.100.180 - - [29/Jan/2026:09:30:31 -0500] "GET / HTTP/1.1" 200 24498 "-" "Mozilla/5.0 (Windows NT 10.0; WOW64) AppleWebKit/537.36 (KHTML, like Gecko) Chrome/48.0.2564.116 Safari/537.36"
74.206.190.82 - - [29/Jan/2026:09:30:32 -0500] "GET / HTTP/1.1" 200 24498 "-" "curl/7.29.0"
74.206.190.82 - - [29/Jan/2026:09:35:36 -0500] "POST /wp-cron.php?doing_wp_cron=1769697336.3369579315185546875000 HTTP/1.1" 200 - "http://www.sexboytube.com/wp-cron.php?doing_wp_cron=1769697336.3369579315185546875000" "WordPress/5.1.8; http://www.sexboytube.com"
74.206.190.82 - - [29/Jan/2026:09:35:36 -0500] "GET / HTTP/1.1" 200 24498 "-" "curl/7.29.0"
74.206.190.82 - - [29/Jan/2026:09:40:51 -0500] "GET / HTTP/1.1" 200 24498 "-" "curl/7.29.0"
74.206.190.82 - - [29/Jan/2026:09:45:32 -0500] "GET / HTTP/1.1" 200 24498 "-" "curl/7.29.0"
74.206.190.82 - - [29/Jan/2026:09:50:36 -0500] "GET / HTTP/1.1" 200 24498 "-" "curl/7.29.0"
74.206.190.82 - - [29/Jan/2026:09:55:34 -0500] "POST /wp-cron.php?doing_wp_cron=1769698534.5881190299987792968750 HTTP/1.1" 200 - "http://www.sexboytube.com/wp-cron.php?doing_wp_cron=1769698534.5881190299987792968750" "WordPress/5.1.8; http://www.sexboytube.com"
74.206.190.82 - - [29/Jan/2026:09:55:34 -0500] "GET / HTTP/1.1" 200 24498 "-" "curl/7.29.0"
74.206.190.82 - - [29/Jan/2026:10:00:47 -0500] "GET / HTTP/1.1" 200 24498 "-" "curl/7.29.0"
114.119.150.158 - - [29/Jan/2026:10:02:31 -0500] "GET /index.php/boy-porn/ass-sex-boys.html HTTP/1.1" 200 23466 "http://www.sexboytube.com/index.php/category/boy-porn/page/4" "Mozilla/5.0 (Linux; Android 7.0;) AppleWebKit/537.36 (KHTML, like Gecko) Mobile Safari/537.36 (compatible; PetalBot;+https://webmaster.petalsearch.com/site/petalbot)"
74.206.190.82 - - [29/Jan/2026:10:05:36 -0500] "GET / HTTP/1.1" 200 24498 "-" "curl/7.29.0"
74.206.190.82 - - [29/Jan/2026:10:10:41 -0500] "GET / HTTP/1.1" 200 24498 "-" "curl/7.29.0"
192.42.116.192 - - [29/Jan/2026:10:15:38 -0500] "GET /wp-json/wp/v2/users HTTP/1.1" 404 281 "-" "Mozilla/5.0 (X11; Ubuntu; Linux x86_64; rv:121.0) Gecko/20100101 Firefox/121.0"
192.42.116.192 - - [29/Jan/2026:10:15:38 -0500] "GET /?author=1 HTTP/1.1" 301 - "-" "Mozilla/5.0 (X11; Ubuntu; Linux x86_64; rv:121.0) Gecko/20100101 Firefox/121.0"
74.206.190.82 - - [29/Jan/2026:10:15:38 -0500] "GET / HTTP/1.1" 200 24498 "-" "curl/7.29.0"
192.42.116.192 - - [29/Jan/2026:10:15:39 -0500] "GET /index.php/author/admin HTTP/1.1" 200 24641 "-" "Mozilla/5.0 (X11; Ubuntu; Linux x86_64; rv:121.0) Gecko/20100101 Firefox/121.0"
192.42.116.192 - - [29/Jan/2026:10:15:39 -0500] "GET /?author=2 HTTP/1.1" 301 - "-" "Mozilla/5.0 (X11; Ubuntu; Linux x86_64; rv:121.0) Gecko/20100101 Firefox/121.0"
192.42.116.192 - - [29/Jan/2026:10:15:40 -0500] "GET /?author=2 HTTP/1.1" 200 9455 "-" "Mozilla/5.0 (X11; Ubuntu; Linux x86_64; rv:121.0) Gecko/20100101 Firefox/121.0"
192.42.116.192 - - [29/Jan/2026:10:15:40 -0500] "GET /?author=3 HTTP/1.1" 301 - "-" "Mozilla/5.0 (X11; Ubuntu; Linux x86_64; rv:121.0) Gecko/20100101 Firefox/121.0"
192.42.116.192 - - [29/Jan/2026:10:15:41 -0500] "GET /?author=3 HTTP/1.1" 200 9461 "-" "Mozilla/5.0 (X11; Ubuntu; Linux x86_64; rv:121.0) Gecko/20100101 Firefox/121.0"
192.42.116.192 - - [29/Jan/2026:10:15:42 -0500] "GET /?author=4 HTTP/1.1" 301 - "-" "Mozilla/5.0 (X11; Ubuntu; Linux x86_64; rv:121.0) Gecko/20100101 Firefox/121.0"
192.42.116.192 - - [29/Jan/2026:10:15:42 -0500] "GET /?author=4 HTTP/1.1" 404 9020 "-" "Mozilla/5.0 (X11; Ubuntu; Linux x86_64; rv:121.0) Gecko/20100101 Firefox/121.0"
192.42.116.192 - - [29/Jan/2026:10:15:43 -0500] "GET /?author=5 HTTP/1.1" 301 - "-" "Mozilla/5.0 (X11; Ubuntu; Linux x86_64; rv:121.0) Gecko/20100101 Firefox/121.0"
192.42.116.192 - - [29/Jan/2026:10:15:44 -0500] "GET /?author=5 HTTP/1.1" 404 9020 "-" "Mozilla/5.0 (X11; Ubuntu; Linux x86_64; rv:121.0) Gecko/20100101 Firefox/121.0"
192.42.116.192 - - [29/Jan/2026:10:15:45 -0500] "GET /?author=6 HTTP/1.1" 301 - "-" "Mozilla/5.0 (X11; Ubuntu; Linux x86_64; rv:121.0) Gecko/20100101 Firefox/121.0"
192.42.116.192 - - [29/Jan/2026:10:15:45 -0500] "GET /?author=6 HTTP/1.1" 404 9020 "-" "Mozilla/5.0 (X11; Ubuntu; Linux x86_64; rv:121.0) Gecko/20100101 Firefox/121.0"
192.42.116.192 - - [29/Jan/2026:10:15:46 -0500] "GET /?author=7 HTTP/1.1" 301 - "-" "Mozilla/5.0 (X11; Ubuntu; Linux x86_64; rv:121.0) Gecko/20100101 Firefox/121.0"
192.42.116.192 - - [29/Jan/2026:10:15:46 -0500] "GET /?author=7 HTTP/1.1" 404 9020 "-" "Mozilla/5.0 (X11; Ubuntu; Linux x86_64; rv:121.0) Gecko/20100101 Firefox/121.0"
192.42.116.192 - - [29/Jan/2026:10:15:47 -0500] "GET /?author=8 HTTP/1.1" 301 - "-" "Mozilla/5.0 (X11; Ubuntu; Linux x86_64; rv:121.0) Gecko/20100101 Firefox/121.0"
192.42.116.192 - - [29/Jan/2026:10:15:48 -0500] "GET /?author=8 HTTP/1.1" 404 9020 "-" "Mozilla/5.0 (X11; Ubuntu; Linux x86_64; rv:121.0) Gecko/20100101 Firefox/121.0"
192.42.116.192 - - [29/Jan/2026:10:15:49 -0500] "GET /?author=9 HTTP/1.1" 301 - "-" "Mozilla/5.0 (X11; Ubuntu; Linux x86_64; rv:121.0) Gecko/20100101 Firefox/121.0"
192.42.116.192 - - [29/Jan/2026:10:15:49 -0500] "GET /?author=9 HTTP/1.1" 404 9020 "-" "Mozilla/5.0 (X11; Ubuntu; Linux x86_64; rv:121.0) Gecko/20100101 Firefox/121.0"
192.42.116.192 - - [29/Jan/2026:10:15:50 -0500] "GET /?author=10 HTTP/1.1" 301 - "-" "Mozilla/5.0 (X11; Ubuntu; Linux x86_64; rv:121.0) Gecko/20100101 Firefox/121.0"
192.42.116.192 - - [29/Jan/2026:10:15:50 -0500] "GET /?author=10 HTTP/1.1" 404 9020 "-" "Mozilla/5.0 (X11; Ubuntu; Linux x86_64; rv:121.0) Gecko/20100101 Firefox/121.0"
116.179.32.102 - - [29/Jan/2026:10:15:51 -0500] "GET / HTTP/1.1" 403 270 "-" "Mozilla/5.0 (compatible; Baiduspider/2.0; +http://www.baidu.com/search/spider.html)"
119.249.100.172 - - [29/Jan/2026:10:15:56 -0500] "GET /robots.txt HTTP/1.1" 200 29 "-" "Mozilla/5.0 (Windows NT 10.0; WOW64) AppleWebKit/537.36 (KHTML, like Gecko) Chrome/48.0.2564.116 Safari/537.36"
74.206.190.82 - - [29/Jan/2026:10:20:53 -0500] "GET / HTTP/1.1" 200 24498 "-" "curl/7.29.0"
74.206.190.82 - - [29/Jan/2026:10:25:49 -0500] "GET / HTTP/1.1" 200 24498 "-" "curl/7.29.0"
74.206.190.82 - - [29/Jan/2026:10:30:44 -0500] "GET / HTTP/1.1" 200 24498 "-" "curl/7.29.0"
74.206.190.82 - - [29/Jan/2026:10:31:21 -0500] "POST /wp-cron.php?doing_wp_cron=1769700681.1124320030212402343750 HTTP/1.1" 200 - "http://www.sexboytube.com/wp-cron.php?doing_wp_cron=1769700681.1124320030212402343750" "WordPress/5.1.8; http://www.sexboytube.com"
141.94.194.132 - - [29/Jan/2026:10:31:20 -0500] "GET /index.php/feed HTTP/1.1" 200 89764 "-" "Mozilla/5.0 (X11; Linux i686) AppleWebKit/537.36 (KHTML, like Gecko) Chrome/30.0.1599.66 Safari/537.36"
74.206.190.82 - - [29/Jan/2026:10:35:34 -0500] "GET / HTTP/1.1" 200 24498 "-" "curl/7.29.0"
134.122.11.22 - - [29/Jan/2026:10:35:37 -0500] "GET /wp-admin/css/ HTTP/1.1" 403 279 "binance.com" "Mozilla/5.0 (Windows NT 10.0; Win64; x64) AppleWebKit/537.36 (KHTML, like Gecko) Chrome/90.0.4430.85 Safari/537.36"
74.206.190.82 - - [29/Jan/2026:10:41:01 -0500] "GET / HTTP/1.1" 200 24498 "-" "curl/7.29.0"
74.206.190.82 - - [29/Jan/2026:10:45:39 -0500] "GET / HTTP/1.1" 200 24498 "-" "curl/7.29.0"
74.206.190.82 - - [29/Jan/2026:10:50:30 -0500] "GET / HTTP/1.1" 200 24498 "-" "curl/7.29.0"
74.206.190.82 - - [29/Jan/2026:10:55:36 -0500] "POST /wp-cron.php?doing_wp_cron=1769702136.1085879802703857421875 HTTP/1.1" 200 - "http://www.sexboytube.com/wp-cron.php?doing_wp_cron=1769702136.1085879802703857421875" "WordPress/5.1.8; http://www.sexboytube.com"
74.206.190.82 - - [29/Jan/2026:10:55:35 -0500] "GET / HTTP/1.1" 200 24498 "-" "curl/7.29.0"
170.106.181.163 - - [29/Jan/2026:11:00:38 -0500] "GET / HTTP/1.1" 200 24498 "-" "Mozilla/5.0 (iPhone; CPU iPhone OS 13_2_3 like Mac OS X) AppleWebKit/605.1.15 (KHTML, like Gecko) Version/13.0.3 Mobile/15E148 Safari/604.1"
74.206.190.82 - - [29/Jan/2026:11:00:53 -0500] "GET / HTTP/1.1" 200 24498 "-" "curl/7.29.0"
49.233.45.47 - - [29/Jan/2026:11:02:09 -0500] "GET / HTTP/1.1" 200 24498 "-" "Mozilla/5.0 (iPhone; CPU iPhone OS 13_2_3 like Mac OS X) AppleWebKit/605.1.15 (KHTML, like Gecko) Version/13.0.3 Mobile/15E148 Safari/604.1"
74.206.190.82 - - [29/Jan/2026:11:05:41 -0500] "GET / HTTP/1.1" 200 24498 "-" "curl/7.29.0"
74.206.190.82 - - [29/Jan/2026:11:10:35 -0500] "GET / HTTP/1.1" 200 24498 "-" "curl/7.29.0"
74.206.190.82 - - [29/Jan/2026:11:15:34 -0500] "GET / HTTP/1.1" 200 24498 "-" "curl/7.29.0"
220.181.108.93 - - [29/Jan/2026:11:16:14 -0500] "GET / HTTP/1.1" 403 270 "-" "Mozilla/5.0 (compatible; Baiduspider/2.0; +http://www.baidu.com/search/spider.html)"
74.206.190.82 - - [29/Jan/2026:11:20:45 -0500] "GET / HTTP/1.1" 200 24498 "-" "curl/7.29.0"
74.206.190.82 - - [29/Jan/2026:11:20:45 -0500] "POST /wp-cron.php?doing_wp_cron=1769703645.2650699615478515625000 HTTP/1.1" 200 - "http://www.sexboytube.com/wp-cron.php?doing_wp_cron=1769703645.2650699615478515625000" "WordPress/5.1.8; http://www.sexboytube.com"
141.94.194.132 - - [29/Jan/2026:11:23:35 -0500] "GET /index.php/boy-porn/hot-gay-sexy-tubes.html/feed HTTP/1.1" 200 1345 "-" "Mozilla/5.0 (X11; Linux i686) AppleWebKit/537.36 (KHTML, like Gecko) Chrome/30.0.1599.66 Safari/537.36"
74.206.190.82 - - [29/Jan/2026:11:25:40 -0500] "GET / HTTP/1.1" 200 24498 "-" "curl/7.29.0"
74.206.190.82 - - [29/Jan/2026:11:30:37 -0500] "GET / HTTP/1.1" 200 24498 "-" "curl/7.29.0"
74.206.190.82 - - [29/Jan/2026:11:35:34 -0500] "POST /wp-cron.php?doing_wp_cron=1769704534.5456230640411376953125 HTTP/1.1" 200 - "http://www.sexboytube.com/wp-cron.php?doing_wp_cron=1769704534.5456230640411376953125" "WordPress/5.1.8; http://www.sexboytube.com"
74.206.190.82 - - [29/Jan/2026:11:35:34 -0500] "GET / HTTP/1.1" 200 24498 "-" "curl/7.29.0"
141.94.194.132 - - [29/Jan/2026:11:39:17 -0500] "GET /index.php/tag/raw-papi/feed HTTP/1.1" 200 6758 "-" "Mozilla/5.0 (X11; Linux i686) AppleWebKit/537.36 (KHTML, like Gecko) Chrome/30.0.1599.66 Safari/537.36"
74.206.190.82 - - [29/Jan/2026:11:40:52 -0500] "GET / HTTP/1.1" 200 24498 "-" "curl/7.29.0"
74.206.190.82 - - [29/Jan/2026:11:45:40 -0500] "GET / HTTP/1.1" 200 24498 "-" "curl/7.29.0"
104.244.72.189 - - [29/Jan/2026:11:47:22 -0500] "GET / HTTP/1.1" 301 - "http://sexboytube.com/wp-login.php" "Mozilla/5.0 (Windows NT 10.0; Win64; x64; rv:121.0) Gecko/20100101 Firefox/121.0"
104.244.72.189 - - [29/Jan/2026:11:48:21 -0500] "GET / HTTP/1.1" 200 24498 "http://sexboytube.com/wp-login.php" "Mozilla/5.0 (Windows NT 10.0; Win64; x64; rv:121.0) Gecko/20100101 Firefox/121.0"
104.244.72.189 - - [29/Jan/2026:11:49:39 -0500] "GET /wp-login.php HTTP/1.1" 200 2973 "http://sexboytube.com/wp-login.php" "Mozilla/5.0 (Windows NT 10.0; Win64; x64; rv:121.0) Gecko/20100101 Firefox/121.0"
74.206.190.82 - - [29/Jan/2026:11:50:33 -0500] "GET / HTTP/1.1" 200 24498 "-" "curl/7.29.0"
74.206.190.82 - - [29/Jan/2026:11:51:20 -0500] "POST /wp-cron.php?doing_wp_cron=1769705480.8411910533905029296875 HTTP/1.1" 200 - "http://www.sexboytube.com/wp-cron.php?doing_wp_cron=1769705480.8411910533905029296875" "WordPress/5.1.8; http://www.sexboytube.com"
104.244.72.189 - - [29/Jan/2026:11:51:20 -0500] "POST /wp-login.php HTTP/1.1" 200 3984 "http://sexboytube.com/wp-login.php" "Mozilla/5.0 (Windows NT 10.0; Win64; x64; rv:121.0) Gecko/20100101 Firefox/121.0"
74.206.190.82 - - [29/Jan/2026:11:55:34 -0500] "GET / HTTP/1.1" 200 24498 "-" "curl/7.29.0"
216.26.224.81 - - [29/Jan/2026:11:58:28 -0500] "GET /wp-login.php HTTP/1.1" 200 2973 "-" "Mozilla/5.0 (Windows NT 10.0; Win64; x64) AppleWebKit/537.36 (KHTML, like Gecko) Chrome/124.0.6367.207 Safari/537.36"
216.26.224.81 - - [29/Jan/2026:11:58:28 -0500] "POST /xmlrpc.php HTTP/1.1" 403 280 "-" "Mozilla/5.0 (Windows NT 10.0; Win64; x64) AppleWebKit/537.36 (KHTML, like Gecko) Chrome/124.0.6367.207 Safari/537.36"
45.3.49.27 - - [29/Jan/2026:11:58:29 -0500] "POST /xmlrpc.php HTTP/1.1" 403 280 "-" "Mozilla/5.0 (Windows NT 10.0; Win64; x64) AppleWebKit/537.36 (KHTML, like Gecko) Chrome/124.0.6367.207 Safari/537.36"
216.26.241.196 - - [29/Jan/2026:11:58:29 -0500] "POST /xmlrpc.php HTTP/1.1" 403 280 "-" "Mozilla/5.0 (Windows NT 10.0; Win64; x64) AppleWebKit/537.36 (KHTML, like Gecko) Chrome/124.0.6367.207 Safari/537.36"
65.111.14.182 - - [29/Jan/2026:11:58:30 -0500] "POST /xmlrpc.php HTTP/1.1" 403 280 "-" "Mozilla/5.0 (Macintosh; Intel Mac OS X 13_5) AppleWebKit/605.1.15 (KHTML, like Gecko) Version/17.5 Safari/605.1.15"
209.50.163.146 - - [29/Jan/2026:11:58:31 -0500] "POST /xmlrpc.php HTTP/1.1" 403 280 "-" "Mozilla/5.0 (Windows NT 10.0; Win64; x64) AppleWebKit/537.36 (KHTML, like Gecko) Chrome/124.0.6367.207 Safari/537.36"
216.26.239.75 - - [29/Jan/2026:11:58:31 -0500] "POST /xmlrpc.php HTTP/1.1" 403 280 "-" "Mozilla/5.0 (Windows NT 10.0; Win64; x64; rv:127.0) Gecko/20100101 Firefox/127.0"
65.111.13.209 - - [29/Jan/2026:11:58:31 -0500] "POST /xmlrpc.php HTTP/1.1" 403 280 "-" "Mozilla/5.0 (Windows NT 10.0; Win64; x64; rv:127.0) Gecko/20100101 Firefox/127.0"
65.111.12.28 - - [29/Jan/2026:11:58:32 -0500] "POST /xmlrpc.php HTTP/1.1" 403 280 "-" "Mozilla/5.0 (Windows NT 10.0; Win64; x64; rv:127.0) Gecko/20100101 Firefox/127.0"
45.3.55.227 - - [29/Jan/2026:11:58:35 -0500] "POST /xmlrpc.php HTTP/1.1" 403 280 "-" "Mozilla/5.0 (Macintosh; Intel Mac OS X 13_5) AppleWebKit/605.1.15 (KHTML, like Gecko) Version/17.5 Safari/605.1.15"
209.50.180.124 - - [29/Jan/2026:11:58:36 -0500] "POST /xmlrpc.php HTTP/1.1" 403 280 "-" "Mozilla/5.0 (Windows NT 10.0; Win64; x64) AppleWebKit/537.36 (KHTML, like Gecko) Chrome/124.0.6367.207 Safari/537.36"
104.207.55.139 - - [29/Jan/2026:11:58:36 -0500] "POST /xmlrpc.php HTTP/1.1" 403 280 "-" "Mozilla/5.0 (Macintosh; Intel Mac OS X 13_5) AppleWebKit/605.1.15 (KHTML, like Gecko) Version/17.5 Safari/605.1.15"
216.26.224.81 - - [29/Jan/2026:11:58:37 -0500] "GET /wp-login.php?wp_lang=en_US HTTP/1.1" 200 2973 "-" "Mozilla/5.0 (Windows NT 10.0; Win64; x64) AppleWebKit/537.36 (KHTML, like Gecko) Chrome/124.0.6367.207 Safari/537.36"
216.26.224.81 - - [29/Jan/2026:11:58:38 -0500] "POST /wp-login.php?wp_lang=en_US HTTP/1.1" 302 - "http://www.sexboytube.com/wp-login.php?wp_lang=en_US" "Mozilla/5.0 (Windows NT 10.0; Win64; x64) AppleWebKit/537.36 (KHTML, like Gecko) Chrome/124.0.6367.207 Safari/537.36"
216.26.224.81 - - [29/Jan/2026:11:58:38 -0500] "GET /wp-admin/ HTTP/1.1" 200 73198 "http://www.sexboytube.com/wp-login.php?wp_lang=en_US" "Mozilla/5.0 (Windows NT 10.0; Win64; x64) AppleWebKit/537.36 (KHTML, like Gecko) Chrome/124.0.6367.207 Safari/537.36"
216.26.224.81 - - [29/Jan/2026:11:58:39 -0500] "GET /wp-admin/admin-ajax.php?action=rest-nonce HTTP/1.1" 400 1 "-" "Mozilla/5.0 (Windows NT 10.0; Win64; x64) AppleWebKit/537.36 (KHTML, like Gecko) Chrome/124.0.6367.207 Safari/537.36"
216.26.224.81 - - [29/Jan/2026:11:58:40 -0500] "GET /wp-admin/admin-ajax.php?action=rest-nonce HTTP/1.1" 400 1 "-" "Mozilla/5.0 (Windows NT 10.0; Win64; x64) AppleWebKit/537.36 (KHTML, like Gecko) Chrome/124.0.6367.207 Safari/537.36"
216.26.224.81 - - [29/Jan/2026:11:58:40 -0500] "GET /wp-admin/admin-ajax.php?action=rest-nonce HTTP/1.1" 400 1 "-" "Mozilla/5.0 (Windows NT 10.0; Win64; x64) AppleWebKit/537.36 (KHTML, like Gecko) Chrome/124.0.6367.207 Safari/537.36"
74.206.190.82 - - [29/Jan/2026:12:00:50 -0500] "GET / HTTP/1.1" 200 24498 "-" "curl/7.29.0"
74.206.190.82 - - [29/Jan/2026:12:05:41 -0500] "GET / HTTP/1.1" 200 24498 "-" "curl/7.29.0"
45.61.187.77 - - [29/Jan/2026:12:08:29 -0500] "GET /wp-login.php HTTP/1.1" 200 2973 "-" "Mozilla/5.0 (iPhone; CPU iPhone OS 7_1 like Mac OS X) AppleWebKit/537.51.2 (KHTML, like Gecko) Version/7.0 Mobile/11D167 Safari/9537.53"
74.206.190.82 - - [29/Jan/2026:12:10:34 -0500] "GET / HTTP/1.1" 200 24498 "-" "curl/7.29.0"
74.206.190.82 - - [29/Jan/2026:12:15:35 -0500] "GET / HTTP/1.1" 200 24498 "-" "curl/7.29.0"
207.180.246.239 - - [29/Jan/2026:12:16:27 -0500] "GET /wp-admin/css/ HTTP/1.1" 403 283 "binance.com" "Mozilla/5.0 (Windows NT 10.0; Win64; x64) AppleWebKit/537.36 (KHTML, like Gecko) Chrome/90.0.4430.85 Safari/537.36"
74.206.190.82 - - [29/Jan/2026:12:20:39 -0500] "GET / HTTP/1.1" 200 24498 "-" "curl/7.29.0"
74.206.190.82 - - [29/Jan/2026:12:25:45 -0500] "GET / HTTP/1.1" 200 24498 "-" "curl/7.29.0"
74.206.190.82 - - [29/Jan/2026:12:30:32 -0500] "GET / HTTP/1.1" 200 24498 "-" "curl/7.29.0"
74.206.190.82 - - [29/Jan/2026:12:35:16 -0500] "POST /wp-cron.php?doing_wp_cron=1769708116.3997790813446044921875 HTTP/1.1" 200 - "http://www.sexboytube.com/wp-cron.php?doing_wp_cron=1769708116.3997790813446044921875" "WordPress/5.1.8; http://www.sexboytube.com"
45.3.50.185 - - [29/Jan/2026:12:35:16 -0500] "GET /wp-login.php HTTP/1.1" 200 2973 "-" "Mozilla/5.0 (Windows NT 10.0; Win64; x64) AppleWebKit/537.36 (KHTML, like Gecko) Chrome/124.0.6367.207 Safari/537.36"
45.3.50.185 - - [29/Jan/2026:12:35:17 -0500] "POST /xmlrpc.php HTTP/1.1" 403 280 "-" "Mozilla/5.0 (Windows NT 10.0; Win64; x64) AppleWebKit/537.36 (KHTML, like Gecko) Chrome/124.0.6367.207 Safari/537.36"
216.26.239.98 - - [29/Jan/2026:12:35:18 -0500] "POST /xmlrpc.php HTTP/1.1" 403 280 "-" "Mozilla/5.0 (Windows NT 10.0; Win64; x64) AppleWebKit/537.36 (KHTML, like Gecko) Chrome/124.0.6367.207 Safari/537.36"
