File: //home/httpd/logs/safeclick.cc_access_log.4
74.206.190.106 - - [26/Jan/2026:05:01:58 -0500] "POST /wp-cron.php?doing_wp_cron=1769421717.9837119579315185546875 HTTP/1.1" 200 - "-" "WordPress/6.8.3; https://safeclick.cc"
66.249.66.8 - - [26/Jan/2026:05:01:57 -0500] "GET /robots.txt HTTP/1.1" 200 113 "-" "Mozilla/5.0 (compatible; Googlebot/2.1; +http://www.google.com/bot.html)"
66.249.66.35 - - [26/Jan/2026:05:01:58 -0500] "GET / HTTP/1.1" 200 53810 "-" "Mozilla/5.0 (Linux; Android 6.0.1; Nexus 5X Build/MMB29P) AppleWebKit/537.36 (KHTML, like Gecko) Chrome/143.0.7499.192 Mobile Safari/537.36 (compatible; Googlebot/2.1; +http://www.google.com/bot.html)"
74.206.190.106 - - [26/Jan/2026:05:03:31 -0500] "POST /wp-cron.php?doing_wp_cron=1769421811.7947590351104736328125 HTTP/1.1" 200 - "-" "WordPress/6.8.3; https://safeclick.cc"
66.249.66.167 - - [26/Jan/2026:05:03:31 -0500] "GET / HTTP/1.1" 200 53810 "-" "Mozilla/5.0 (Linux; Android 6.0.1; Nexus 5X Build/MMB29P) AppleWebKit/537.36 (KHTML, like Gecko) Chrome/143.0.7499.192 Mobile Safari/537.36 (compatible; Googlebot/2.1; +http://www.google.com/bot.html)"
74.206.190.106 - - [26/Jan/2026:05:03:32 -0500] "POST /wp-admin/admin-ajax.php?action=wp_lassolite_amazon_shortlink_process&nonce=eaeb5b9bc6 HTTP/1.1" 200 - "-" "WordPress/6.8.3; https://safeclick.cc"
74.206.190.106 - - [26/Jan/2026:05:03:32 -0500] "POST /wp-admin/admin-ajax.php?action=wp_lassolite_amazon_process&nonce=56ceb58932 HTTP/1.1" 200 - "-" "WordPress/6.8.3; https://safeclick.cc"
74.206.190.106 - - [26/Jan/2026:05:03:32 -0500] "POST /wp-admin/admin-ajax.php?action=wordfence_testAjax HTTP/1.1" 200 12 "-" "WordPress/6.8.3; https://safeclick.cc"
54.71.203.174 - - [26/Jan/2026:05:03:40 -0500] "POST /?_wfsf=detectProxy HTTP/1.1" 200 14 "-" "Wordfence API/1.0 (+https://www.wordfence.com/help/api-callbacks/)"
74.206.190.106 - - [26/Jan/2026:05:03:32 -0500] "GET /wp-admin/admin-ajax.php?action=wordfence_doScan&isFork=0&scanMode=standard&cronKey=4902a7442045dfd024fd861846a6eb07&signature=4445faf8dd047477a4312e4a6dfcefa5bd98c2239daef1f2834a419076d5e86d HTTP/1.1" 200 - "-" "WordPress/6.8.3; https://safeclick.cc"
74.206.190.106 - - [26/Jan/2026:06:45:29 -0500] "POST /wp-cron.php?doing_wp_cron=1769427929.0983359813690185546875 HTTP/1.1" 200 - "-" "WordPress/6.8.3; https://safeclick.cc"
188.90.217.144 - - [26/Jan/2026:06:45:28 -0500] "GET /go/datinglink/ HTTP/1.1" 301 - "https://chickslocal.com/" "Mozilla/5.0 (iPhone; CPU iPhone OS 18_7 like Mac OS X) AppleWebKit/605.1.15 (KHTML, like Gecko) Version/26.2 Mobile/15E148 Safari/604.1"
188.90.217.144 - - [26/Jan/2026:06:45:29 -0500] "GET /go/datinglink/ HTTP/1.1" 301 - "https://chickslocal.com/" "Mozilla/5.0 (iPhone; CPU iPhone OS 18_7 like Mac OS X) AppleWebKit/605.1.15 (KHTML, like Gecko) Version/26.2 Mobile/15E148 Safari/604.1"
74.206.190.106 - - [26/Jan/2026:06:48:53 -0500] "POST /wp-cron.php?doing_wp_cron=1769428133.4619469642639160156250 HTTP/1.1" 200 - "-" "WordPress/6.8.3; https://safeclick.cc"
66.249.66.203 - - [26/Jan/2026:06:48:53 -0500] "GET /robots.txt HTTP/1.1" 200 113 "-" "Mozilla/5.0 (compatible; Googlebot/2.1; +http://www.google.com/bot.html)"
93.158.90.15 - - [26/Jan/2026:06:49:39 -0500] "GET / HTTP/1.1" 200 53801 "-" "Mozilla/5.0 (Windows NT 10.0; Win64; x64) AppleWebKit/537.36 (KHTML, like Gecko) Chrome/122.0.0.0 Safari/537.3"
93.158.90.15 - - [26/Jan/2026:06:49:40 -0500] "GET /2025/11/07/hello-world/ HTTP/1.1" 200 72899 "-" "Mozilla/5.0 (Windows NT 10.0; Win64; x64) AppleWebKit/537.36 (KHTML, like Gecko) Chrome/122.0.0.0 Safari/537.3"
93.158.90.36 - - [26/Jan/2026:06:49:40 -0500] "GET /2025/11/07/hello-world/?replytocom=1 HTTP/1.1" 200 72944 "-" "Mozilla/5.0 (Windows NT 10.0; Win64; x64) AppleWebKit/537.36 (KHTML, like Gecko) Chrome/122.0.0.0 Safari/537.3"
93.158.91.35 - - [26/Jan/2026:06:49:41 -0500] "GET /2025/11/07/hello-world/ HTTP/1.1" 200 72899 "-" "Mozilla/5.0 (Windows NT 10.0; Win64; x64) AppleWebKit/537.36 (KHTML, like Gecko) Chrome/122.0.0.0 Safari/537.3"
74.206.190.106 - - [26/Jan/2026:06:50:34 -0500] "POST /wp-cron.php?doing_wp_cron=1769428234.1937489509582519531250 HTTP/1.1" 200 - "-" "WordPress/6.8.3; https://safeclick.cc"
43.135.172.89 - - [26/Jan/2026:06:50:34 -0500] "GET / HTTP/1.1" 301 - "-" "Mozilla/5.0 (iPhone; CPU iPhone OS 13_2_3 like Mac OS X) AppleWebKit/605.1.15 (KHTML, like Gecko) Version/13.0.3 Mobile/15E148 Safari/604.1"
74.206.190.106 - - [26/Jan/2026:06:50:34 -0500] "POST /wp-admin/admin-ajax.php?action=wp_lassolite_amazon_shortlink_process&nonce=eaeb5b9bc6 HTTP/1.1" 200 - "-" "WordPress/6.8.3; https://safeclick.cc"
74.206.190.106 - - [26/Jan/2026:06:50:34 -0500] "POST /wp-admin/admin-ajax.php?action=wp_lassolite_amazon_process&nonce=56ceb58932 HTTP/1.1" 200 - "-" "WordPress/6.8.3; https://safeclick.cc"
74.206.190.106 - - [26/Jan/2026:06:50:35 -0500] "POST /wp-cron.php?doing_wp_cron=1769428235.0564389228820800781250 HTTP/1.1" 200 - "-" "WordPress/6.8.3; https://safeclick.cc"
43.135.172.89 - - [26/Jan/2026:06:50:34 -0500] "GET / HTTP/1.1" 200 53801 "http://www.safeclick.cc" "Mozilla/5.0 (iPhone; CPU iPhone OS 13_2_3 like Mac OS X) AppleWebKit/605.1.15 (KHTML, like Gecko) Version/13.0.3 Mobile/15E148 Safari/604.1"
74.206.190.106 - - [26/Jan/2026:07:39:47 -0500] "POST /wp-cron.php?doing_wp_cron=1769431187.3088541030883789062500 HTTP/1.1" 200 - "-" "WordPress/6.8.3; https://safeclick.cc"
162.62.132.25 - - [26/Jan/2026:07:39:46 -0500] "GET / HTTP/1.1" 200 53801 "-" "Mozilla/5.0 (iPhone; CPU iPhone OS 13_2_3 like Mac OS X) AppleWebKit/605.1.15 (KHTML, like Gecko) Version/13.0.3 Mobile/15E148 Safari/604.1"
74.206.190.106 - - [26/Jan/2026:09:09:36 -0500] "POST /wp-cron.php?doing_wp_cron=1769436576.1372439861297607421875 HTTP/1.1" 200 - "-" "WordPress/6.8.3; https://safeclick.cc"
18.235.110.182 - - [26/Jan/2026:09:09:35 -0500] "GET / HTTP/1.1" 301 - "-" "RecordedFuture Global Inventory Crawler"
74.206.190.106 - - [26/Jan/2026:09:09:36 -0500] "POST /wp-admin/admin-ajax.php?action=wp_lassolite_amazon_shortlink_process&nonce=1ed9948e59 HTTP/1.1" 200 - "-" "WordPress/6.8.3; https://safeclick.cc"
74.206.190.106 - - [26/Jan/2026:09:09:36 -0500] "POST /wp-admin/admin-ajax.php?action=wp_lassolite_amazon_process&nonce=5bc303776e HTTP/1.1" 200 - "-" "WordPress/6.8.3; https://safeclick.cc"
74.206.190.106 - - [26/Jan/2026:09:09:58 -0500] "POST /wp-cron.php?doing_wp_cron=1769436598.8701629638671875000000 HTTP/1.1" 200 - "-" "WordPress/6.8.3; https://safeclick.cc"
3.233.59.216 - - [26/Jan/2026:09:09:58 -0500] "GET / HTTP/1.1" 200 53810 "https://74.206.190.106:443" "RecordedFuture Global Inventory Crawler"
51.68.111.242 - - [26/Jan/2026:09:18:06 -0500] "GET /robots.txt HTTP/1.1" 403 274 "-" "Mozilla/5.0 (compatible; MJ12bot/v2.0.4; http://mj12bot.com/)"
74.206.190.106 - - [26/Jan/2026:09:42:11 -0500] "POST /wp-cron.php?doing_wp_cron=1769438531.3467168807983398437500 HTTP/1.1" 200 - "-" "WordPress/6.8.3; https://safeclick.cc"
74.7.230.19 - - [26/Jan/2026:09:42:10 -0500] "GET /robots.txt HTTP/1.1" 200 113 "-" "Mozilla/5.0 (Macintosh; Intel Mac OS X 10_15_7) AppleWebKit/537.36 (KHTML, like Gecko) Chrome/131.0.0.0 Safari/537.36; compatible; OAI-SearchBot/1.3; robots.txt; +https://openai.com/searchbot"
74.206.190.106 - - [26/Jan/2026:09:59:37 -0500] "POST /wp-cron.php?doing_wp_cron=1769439577.3296229839324951171875 HTTP/1.1" 200 - "-" "WordPress/6.8.3; https://safeclick.cc"
106.227.49.113 - - [26/Jan/2026:09:59:36 -0500] "GET / HTTP/1.1" 301 - "-" "Mozilla/5.0 (iPhone; CPU iPhone OS 13_2_3 like Mac OS X) AppleWebKit/605.1.15 (KHTML, like Gecko) Version/13.0.3 Mobile/15E148 Safari/604.1"
74.206.190.106 - - [26/Jan/2026:09:59:37 -0500] "POST /wp-admin/admin-ajax.php?action=wp_lassolite_amazon_shortlink_process&nonce=1ed9948e59 HTTP/1.1" 200 - "-" "WordPress/6.8.3; https://safeclick.cc"
74.206.190.106 - - [26/Jan/2026:09:59:37 -0500] "POST /wp-admin/admin-ajax.php?action=wp_lassolite_amazon_process&nonce=5bc303776e HTTP/1.1" 200 - "-" "WordPress/6.8.3; https://safeclick.cc"
74.206.190.106 - - [26/Jan/2026:09:59:42 -0500] "POST /wp-cron.php?doing_wp_cron=1769439582.2241230010986328125000 HTTP/1.1" 200 - "-" "WordPress/6.8.3; https://safeclick.cc"
106.227.49.113 - - [26/Jan/2026:09:59:42 -0500] "GET / HTTP/1.1" 200 53801 "http://www.safeclick.cc" "Mozilla/5.0 (iPhone; CPU iPhone OS 13_2_3 like Mac OS X) AppleWebKit/605.1.15 (KHTML, like Gecko) Version/13.0.3 Mobile/15E148 Safari/604.1"
74.206.190.106 - - [26/Jan/2026:12:55:14 -0500] "POST /wp-cron.php?doing_wp_cron=1769450114.7786560058593750000000 HTTP/1.1" 200 - "-" "WordPress/6.8.3; https://safeclick.cc"
43.159.145.149 - - [26/Jan/2026:12:55:14 -0500] "GET / HTTP/1.1" 301 - "-" "Mozilla/5.0 (iPhone; CPU iPhone OS 13_2_3 like Mac OS X) AppleWebKit/605.1.15 (KHTML, like Gecko) Version/13.0.3 Mobile/15E148 Safari/604.1"
43.159.145.149 - - [26/Jan/2026:12:55:16 -0500] "GET / HTTP/1.1" 200 53801 "http://www.safeclick.cc" "Mozilla/5.0 (iPhone; CPU iPhone OS 13_2_3 like Mac OS X) AppleWebKit/605.1.15 (KHTML, like Gecko) Version/13.0.3 Mobile/15E148 Safari/604.1"
74.206.190.106 - - [26/Jan/2026:13:29:22 -0500] "POST /wp-cron.php?doing_wp_cron=1769452162.9132239818572998046875 HTTP/1.1" 200 - "-" "WordPress/6.8.3; https://safeclick.cc"
45.148.10.64 - - [26/Jan/2026:13:29:22 -0500] "GET /.git/config HTTP/1.1" 404 58716 "-" "Mozilla/5.0 (Windows NT 10.0; WOW64) AppleWebKit/537.36 (KHTML, like Gecko) Maxthon/5.0.4.3000 Chrome/47.0.2526.73 Safari/537.36"
74.206.190.106 - - [26/Jan/2026:13:29:23 -0500] "POST /wp-admin/admin-ajax.php?action=wp_lassolite_amazon_shortlink_process&nonce=1ed9948e59 HTTP/1.1" 200 - "-" "WordPress/6.8.3; https://safeclick.cc"
74.206.190.106 - - [26/Jan/2026:13:29:23 -0500] "POST /wp-admin/admin-ajax.php?action=wp_lassolite_amazon_process&nonce=5bc303776e HTTP/1.1" 200 - "-" "WordPress/6.8.3; https://safeclick.cc"
74.206.190.106 - - [26/Jan/2026:13:46:07 -0500] "POST /wp-cron.php?doing_wp_cron=1769453167.0749540328979492187500 HTTP/1.1" 200 - "-" "WordPress/6.8.3; https://safeclick.cc"
43.157.38.228 - - [26/Jan/2026:13:46:07 -0500] "GET / HTTP/1.1" 200 53801 "-" "Mozilla/5.0 (iPhone; CPU iPhone OS 13_2_3 like Mac OS X) AppleWebKit/605.1.15 (KHTML, like Gecko) Version/13.0.3 Mobile/15E148 Safari/604.1"
74.206.190.106 - - [26/Jan/2026:14:17:15 -0500] "POST /wp-cron.php?doing_wp_cron=1769455035.8986480236053466796875 HTTP/1.1" 200 - "-" "WordPress/6.8.3; https://safeclick.cc"
172.59.8.82 - - [26/Jan/2026:14:17:15 -0500] "GET /go/datinglink/ HTTP/1.1" 301 - "https://chickslocal.com/" "Mozilla/5.0 (Linux; Android 10; K) AppleWebKit/537.36 (KHTML, like Gecko) Chrome/144.0.0.0 Mobile Safari/537.36"
74.206.190.106 - - [26/Jan/2026:15:24:04 -0500] "POST /wp-cron.php?doing_wp_cron=1769459043.9758749008178710937500 HTTP/1.1" 200 - "-" "WordPress/6.8.3; https://safeclick.cc"
195.178.110.192 - - [26/Jan/2026:15:24:03 -0500] "GET / HTTP/1.1" 200 53860 "-" "-"
74.206.190.106 - - [26/Jan/2026:15:24:05 -0500] "POST /wp-admin/admin-ajax.php?action=wp_lassolite_amazon_shortlink_process&nonce=1ed9948e59 HTTP/1.1" 200 - "-" "WordPress/6.8.3; https://safeclick.cc"
74.206.190.106 - - [26/Jan/2026:15:24:05 -0500] "POST /wp-admin/admin-ajax.php?action=wp_lassolite_amazon_process&nonce=5bc303776e HTTP/1.1" 200 - "-" "WordPress/6.8.3; https://safeclick.cc"
74.206.190.106 - - [26/Jan/2026:15:24:05 -0500] "POST /wp-cron.php?doing_wp_cron=1769459045.8229660987854003906250 HTTP/1.1" 200 - "-" "WordPress/6.8.3; https://safeclick.cc"
195.178.110.192 - - [26/Jan/2026:15:24:05 -0500] "GET / HTTP/1.1" 200 53860 "-" "Mozilla/5.0 (Windows NT 6.1; Win64; x64; rv:47.0) Gecko/20100101 Firefox/47.0"
195.178.110.192 - - [26/Jan/2026:15:24:08 -0500] "GET / HTTP/1.1" 301 - "-" "-"
195.178.110.192 - - [26/Jan/2026:15:24:17 -0500] "GET / HTTP/1.1" 301 - "-" "-"
195.178.110.192 - - [26/Jan/2026:15:24:28 -0500] "GET / HTTP/1.1" 200 53801 "-" "-"
195.178.110.192 - - [26/Jan/2026:15:24:34 -0500] "GET / HTTP/1.1" 200 53801 "-" "Mozilla/5.0 (Windows NT 6.1; Win64; x64; rv:47.0) Gecko/20100101 Firefox/47.0"
195.178.110.192 - - [26/Jan/2026:15:24:39 -0500] "GET / HTTP/1.1" 200 53801 "-" "Mozilla/5.0 (Windows NT 6.1; Win64; x64; rv:47.0) Gecko/20100101 Firefox/47.0"
195.178.110.192 - - [26/Jan/2026:15:24:44 -0500] "GET / HTTP/1.1" 200 53801 "-" "Mozilla/5.0 (Windows NT 6.1; Win64; x64; rv:47.0) Gecko/20100101 Firefox/47.0"
74.206.190.106 - - [26/Jan/2026:16:03:05 -0500] "POST /wp-cron.php?doing_wp_cron=1769461385.6545989513397216796875 HTTP/1.1" 200 - "-" "WordPress/6.8.3; https://safeclick.cc"
101.91.148.219 - - [26/Jan/2026:16:03:05 -0500] "GET / HTTP/1.1" 200 53801 "-" "Mozilla/5.0 (iPhone; CPU iPhone OS 13_2_3 like Mac OS X) AppleWebKit/605.1.15 (KHTML, like Gecko) Version/13.0.3 Mobile/15E148 Safari/604.1"
74.206.190.106 - - [26/Jan/2026:19:27:41 -0500] "POST /wp-cron.php?doing_wp_cron=1769473661.4705700874328613281250 HTTP/1.1" 200 - "-" "WordPress/6.8.3; https://safeclick.cc"
43.135.145.117 - - [26/Jan/2026:19:27:41 -0500] "GET / HTTP/1.1" 301 - "-" "Mozilla/5.0 (iPhone; CPU iPhone OS 13_2_3 like Mac OS X) AppleWebKit/605.1.15 (KHTML, like Gecko) Version/13.0.3 Mobile/15E148 Safari/604.1"
74.206.190.106 - - [26/Jan/2026:19:27:41 -0500] "POST /wp-admin/admin-ajax.php?action=wp_lassolite_amazon_shortlink_process&nonce=1d9bc21e57 HTTP/1.1" 200 - "-" "WordPress/6.8.3; https://safeclick.cc"
74.206.190.106 - - [26/Jan/2026:19:27:41 -0500] "POST /wp-admin/admin-ajax.php?action=wp_lassolite_amazon_process&nonce=ca66ad6023 HTTP/1.1" 200 - "-" "WordPress/6.8.3; https://safeclick.cc"
43.135.145.117 - - [26/Jan/2026:19:27:42 -0500] "GET / HTTP/1.1" 200 53801 "http://www.safeclick.cc" "Mozilla/5.0 (iPhone; CPU iPhone OS 13_2_3 like Mac OS X) AppleWebKit/605.1.15 (KHTML, like Gecko) Version/13.0.3 Mobile/15E148 Safari/604.1"
74.206.190.106 - - [26/Jan/2026:20:06:33 -0500] "POST /wp-cron.php?doing_wp_cron=1769475993.4442119598388671875000 HTTP/1.1" 200 - "-" "WordPress/6.8.3; https://safeclick.cc"
74.206.190.106 - - [26/Jan/2026:20:06:33 -0500] "POST /wp-cron.php?doing_wp_cron=1769475993.4438560009002685546875 HTTP/1.1" 200 - "-" "WordPress/6.8.3; https://safeclick.cc"
74.7.230.19 - - [26/Jan/2026:20:06:32 -0500] "GET /robots.txt HTTP/1.1" 200 113 "-" "Mozilla/5.0 (Macintosh; Intel Mac OS X 10_15_7) AppleWebKit/537.36 (KHTML, like Gecko) Chrome/131.0.0.0 Safari/537.36; compatible; OAI-SearchBot/1.3; robots.txt; +https://openai.com/searchbot"
74.7.241.28 - - [26/Jan/2026:20:06:33 -0500] "GET / HTTP/1.1" 200 53810 "-" "Mozilla/5.0 AppleWebKit/537.36 (KHTML, like Gecko; compatible; GPTBot/1.3; +https://openai.com/gptbot)"
74.206.190.106 - - [26/Jan/2026:20:19:49 -0500] "POST /wp-cron.php?doing_wp_cron=1769476789.0032250881195068359375 HTTP/1.1" 200 - "-" "WordPress/6.8.3; https://safeclick.cc"
45.139.104.168 - - [26/Jan/2026:20:19:48 -0500] "GET /sendgrid.env HTTP/1.1" 404 58666 "-" "Mozilla/5.0 (Linux; Android 9; Moto Z3 Play) AppleWebKit/537.36 (KHTML, like Gecko) Chrome/76.0.3809.111 Mobile Safari/537.36"
74.206.190.106 - - [26/Jan/2026:20:27:11 -0500] "POST /wp-cron.php?doing_wp_cron=1769477231.4406950473785400390625 HTTP/1.1" 200 - "-" "WordPress/6.8.3; https://safeclick.cc"
49.51.166.228 - - [26/Jan/2026:20:27:11 -0500] "GET / HTTP/1.1" 200 53801 "-" "Mozilla/5.0 (iPhone; CPU iPhone OS 13_2_3 like Mac OS X) AppleWebKit/605.1.15 (KHTML, like Gecko) Version/13.0.3 Mobile/15E148 Safari/604.1"
74.206.190.106 - - [26/Jan/2026:20:27:11 -0500] "POST /wp-admin/admin-ajax.php?action=wp_lassolite_amazon_shortlink_process&nonce=1d9bc21e57 HTTP/1.1" 200 - "-" "WordPress/6.8.3; https://safeclick.cc"
74.206.190.106 - - [26/Jan/2026:20:27:12 -0500] "POST /wp-admin/admin-ajax.php?action=wp_lassolite_amazon_process&nonce=ca66ad6023 HTTP/1.1" 200 - "-" "WordPress/6.8.3; https://safeclick.cc"
74.206.190.106 - - [26/Jan/2026:20:59:58 -0500] "POST /wp-cron.php?doing_wp_cron=1769479198.4790790081024169921875 HTTP/1.1" 200 - "-" "WordPress/6.8.3; https://safeclick.cc"
44.195.201.244 - - [26/Jan/2026:20:59:58 -0500] "GET /robots.txt HTTP/1.1" 200 113 "-" "Mozilla/5.0 (Macintosh; Intel Mac OS X 10_10_1) AppleWebKit/600.2.5 (KHTML, like Gecko) Version/8.0.2 Safari/600.2.5 (TestUserAgent)"
74.206.190.106 - - [26/Jan/2026:22:16:01 -0500] "POST /wp-cron.php?doing_wp_cron=1769483761.2024850845336914062500 HTTP/1.1" 200 - "-" "WordPress/6.8.3; https://safeclick.cc"
49.234.192.248 - - [26/Jan/2026:22:16:00 -0500] "GET / HTTP/1.1" 301 - "-" "Mozilla/5.0 (iPhone; CPU iPhone OS 13_2_3 like Mac OS X) AppleWebKit/605.1.15 (KHTML, like Gecko) Version/13.0.3 Mobile/15E148 Safari/604.1"
49.234.192.248 - - [26/Jan/2026:22:16:03 -0500] "GET / HTTP/1.1" 200 53801 "http://www.safeclick.cc" "Mozilla/5.0 (iPhone; CPU iPhone OS 13_2_3 like Mac OS X) AppleWebKit/605.1.15 (KHTML, like Gecko) Version/13.0.3 Mobile/15E148 Safari/604.1"
74.206.190.106 - - [26/Jan/2026:22:23:35 -0500] "POST /wp-cron.php?doing_wp_cron=1769484215.7936930656433105468750 HTTP/1.1" 200 - "-" "WordPress/6.8.3; https://safeclick.cc"
74.7.230.13 - - [26/Jan/2026:22:23:35 -0500] "GET /robots.txt HTTP/1.1" 301 - "-" "Mozilla/5.0 (Macintosh; Intel Mac OS X 10_15_7) AppleWebKit/537.36 (KHTML, like Gecko) Chrome/131.0.0.0 Safari/537.36; compatible; OAI-SearchBot/1.3; robots.txt; +https://openai.com/searchbot"
74.7.241.32 - - [26/Jan/2026:22:23:35 -0500] "GET / HTTP/1.1" 301 - "-" "Mozilla/5.0 AppleWebKit/537.36 (KHTML, like Gecko; compatible; GPTBot/1.3; +https://openai.com/gptbot)"
74.206.190.106 - - [26/Jan/2026:22:23:36 -0500] "POST /wp-admin/admin-ajax.php?action=wp_lassolite_amazon_shortlink_process&nonce=1d9bc21e57 HTTP/1.1" 200 - "-" "WordPress/6.8.3; https://safeclick.cc"
74.7.230.13 - - [26/Jan/2026:22:23:36 -0500] "GET /robots.txt HTTP/1.1" 200 113 "https://www.safeclick.cc/robots.txt" "Mozilla/5.0 (Macintosh; Intel Mac OS X 10_15_7) AppleWebKit/537.36 (KHTML, like Gecko) Chrome/131.0.0.0 Safari/537.36; compatible; OAI-SearchBot/1.3; robots.txt; +https://openai.com/searchbot"
74.206.190.106 - - [26/Jan/2026:22:23:36 -0500] "POST /wp-admin/admin-ajax.php?action=wp_lassolite_amazon_process&nonce=ca66ad6023 HTTP/1.1" 200 - "-" "WordPress/6.8.3; https://safeclick.cc"
74.206.190.106 - - [26/Jan/2026:23:28:49 -0500] "POST /wp-cron.php?doing_wp_cron=1769488129.9200439453125000000000 HTTP/1.1" 200 - "-" "WordPress/6.8.3; https://safeclick.cc"
209.38.159.29 - - [26/Jan/2026:23:28:49 -0500] "GET / HTTP/1.1" 301 - "-" "Mozilla/5.0 (X11; Linux x86_64; rv:142.0) Gecko/20100101 Firefox/142.0"
209.38.159.29 - - [26/Jan/2026:23:28:50 -0500] "GET / HTTP/1.1" 301 - "-" "Mozilla/5.0 (X11; Linux x86_64) AppleWebKit/537.36 (KHTML, like Gecko) Chrome/142.0.0.0 Safari/537.36"
74.206.190.106 - - [27/Jan/2026:00:45:32 -0500] "POST /wp-cron.php?doing_wp_cron=1769492732.3554630279541015625000 HTTP/1.1" 200 - "-" "WordPress/6.8.3; https://safeclick.cc"
185.247.137.206 - - [27/Jan/2026:00:45:31 -0500] "GET / HTTP/1.1" 301 - "-" "Mozilla/5.0 (compatible; InternetMeasurement/1.0; +https://internet-measurement.com/)"
185.247.137.206 - - [27/Jan/2026:00:45:32 -0500] "GET / HTTP/1.1" 200 53810 "https://www.safeclick.cc" "Mozilla/5.0 (compatible; InternetMeasurement/1.0; +https://internet-measurement.com/)"
51.68.107.139 - - [27/Jan/2026:01:11:47 -0500] "GET /robots.txt HTTP/1.1" 403 274 "-" "Mozilla/5.0 (compatible; MJ12bot/v2.0.4; http://mj12bot.com/)"
74.206.190.106 - - [27/Jan/2026:02:36:05 -0500] "POST /wp-cron.php?doing_wp_cron=1769499365.5948550701141357421875 HTTP/1.1" 200 - "-" "WordPress/6.8.3; https://safeclick.cc"
49.51.36.179 - - [27/Jan/2026:02:36:05 -0500] "GET / HTTP/1.1" 301 - "-" "Mozilla/5.0 (iPhone; CPU iPhone OS 13_2_3 like Mac OS X) AppleWebKit/605.1.15 (KHTML, like Gecko) Version/13.0.3 Mobile/15E148 Safari/604.1"
74.206.190.106 - - [27/Jan/2026:02:36:05 -0500] "POST /wp-admin/admin-ajax.php?action=wp_lassolite_amazon_shortlink_process&nonce=1d9bc21e57 HTTP/1.1" 200 - "-" "WordPress/6.8.3; https://safeclick.cc"
74.206.190.106 - - [27/Jan/2026:02:36:05 -0500] "POST /wp-admin/admin-ajax.php?action=wp_lassolite_amazon_process&nonce=ca66ad6023 HTTP/1.1" 200 - "-" "WordPress/6.8.3; https://safeclick.cc"
74.206.190.106 - - [27/Jan/2026:02:36:06 -0500] "POST /wp-cron.php?doing_wp_cron=1769499366.2829000949859619140625 HTTP/1.1" 200 - "-" "WordPress/6.8.3; https://safeclick.cc"
49.51.36.179 - - [27/Jan/2026:02:36:06 -0500] "GET / HTTP/1.1" 200 53801 "http://www.safeclick.cc" "Mozilla/5.0 (iPhone; CPU iPhone OS 13_2_3 like Mac OS X) AppleWebKit/605.1.15 (KHTML, like Gecko) Version/13.0.3 Mobile/15E148 Safari/604.1"
74.206.190.106 - - [27/Jan/2026:03:39:14 -0500] "POST /wp-cron.php?doing_wp_cron=1769503154.1385400295257568359375 HTTP/1.1" 200 - "-" "WordPress/6.8.3; https://safeclick.cc"
49.237.19.204 - - [27/Jan/2026:03:39:13 -0500] "GET /go/datinglink/ HTTP/1.1" 301 - "https://chickslocal.com/" "Mozilla/5.0 (Linux; Android 12; V2111) AppleWebKit/537.36 (KHTML, like Gecko) Version/4.0 Chrome/123.0.6312.118 Mobile Safari/537.36 VivoBrowser/15.0.2.6"
74.206.190.106 - - [27/Jan/2026:03:42:22 -0500] "POST /wp-cron.php?doing_wp_cron=1769503342.8808228969573974609375 HTTP/1.1" 200 - "-" "WordPress/6.8.3; https://safeclick.cc"
43.131.36.84 - - [27/Jan/2026:03:42:22 -0500] "GET / HTTP/1.1" 200 53801 "-" "Mozilla/5.0 (iPhone; CPU iPhone OS 13_2_3 like Mac OS X) AppleWebKit/605.1.15 (KHTML, like Gecko) Version/13.0.3 Mobile/15E148 Safari/604.1"
74.206.190.106 - - [27/Jan/2026:03:42:23 -0500] "POST /wp-admin/admin-ajax.php?action=wp_lassolite_amazon_shortlink_process&nonce=1d9bc21e57 HTTP/1.1" 200 - "-" "WordPress/6.8.3; https://safeclick.cc"
74.206.190.106 - - [27/Jan/2026:03:42:23 -0500] "POST /wp-admin/admin-ajax.php?action=wp_lassolite_amazon_process&nonce=ca66ad6023 HTTP/1.1" 200 - "-" "WordPress/6.8.3; https://safeclick.cc"