File: //home/httpd/logs/safeclick.cc_access_log.1
74.206.190.106 - - [30/Jan/2026:05:32:41 -0500] "POST /wp-cron.php?doing_wp_cron=1769769161.2170400619506835937500 HTTP/1.1" 200 - "-" "WordPress/6.8.3; https://safeclick.cc"
43.166.129.247 - - [30/Jan/2026:05:32:40 -0500] "GET / HTTP/1.1" 301 - "-" "Mozilla/5.0 (iPhone; CPU iPhone OS 13_2_3 like Mac OS X) AppleWebKit/605.1.15 (KHTML, like Gecko) Version/13.0.3 Mobile/15E148 Safari/604.1"
74.206.190.106 - - [30/Jan/2026:05:32:41 -0500] "POST /wp-admin/admin-ajax.php?action=wp_lassolite_amazon_shortlink_process&nonce=143d368878 HTTP/1.1" 200 - "-" "WordPress/6.8.3; https://safeclick.cc"
74.206.190.106 - - [30/Jan/2026:05:32:41 -0500] "POST /wp-admin/admin-ajax.php?action=wp_lassolite_amazon_process&nonce=695390b626 HTTP/1.1" 200 - "-" "WordPress/6.8.3; https://safeclick.cc"
43.166.129.247 - - [30/Jan/2026:05:32:42 -0500] "GET / HTTP/1.1" 200 53801 "http://www.safeclick.cc" "Mozilla/5.0 (iPhone; CPU iPhone OS 13_2_3 like Mac OS X) AppleWebKit/605.1.15 (KHTML, like Gecko) Version/13.0.3 Mobile/15E148 Safari/604.1"
74.206.190.106 - - [30/Jan/2026:06:31:14 -0500] "POST /wp-cron.php?doing_wp_cron=1769772674.8667380809783935546875 HTTP/1.1" 200 - "-" "WordPress/6.8.3; https://safeclick.cc"
43.153.19.83 - - [30/Jan/2026:06:31:14 -0500] "GET / HTTP/1.1" 200 53801 "-" "Mozilla/5.0 (iPhone; CPU iPhone OS 13_2_3 like Mac OS X) AppleWebKit/605.1.15 (KHTML, like Gecko) Version/13.0.3 Mobile/15E148 Safari/604.1"
66.23.227.62 - - [30/Jan/2026:06:31:37 -0500] "GET / HTTP/1.1" 200 53801 "-" "Mozilla/5.0 (Windows NT 10.0; Win64; x64; rv:126.0) Gecko/20100101 Firefox/126.0"
74.206.190.106 - - [30/Jan/2026:08:07:54 -0500] "POST /wp-cron.php?doing_wp_cron=1769778474.5780649185180664062500 HTTP/1.1" 200 - "-" "WordPress/6.8.3; https://safeclick.cc"
74.206.190.106 - - [30/Jan/2026:08:07:54 -0500] "POST /wp-cron.php?doing_wp_cron=1769778474.5773859024047851562500 HTTP/1.1" 200 - "-" "WordPress/6.8.3; https://safeclick.cc"
74.7.227.0 - - [30/Jan/2026:08:07:54 -0500] "GET / HTTP/1.1" 301 - "-" "Mozilla/5.0 AppleWebKit/537.36 (KHTML, like Gecko; compatible; GPTBot/1.3; +https://openai.com/gptbot)"
74.7.241.179 - - [30/Jan/2026:08:07:54 -0500] "GET /robots.txt HTTP/1.1" 301 - "-" "Mozilla/5.0 (Macintosh; Intel Mac OS X 10_15_7) AppleWebKit/537.36 (KHTML, like Gecko) Chrome/131.0.0.0 Safari/537.36; compatible; OAI-SearchBot/1.3; robots.txt; +https://openai.com/searchbot"
74.7.241.179 - - [30/Jan/2026:08:07:54 -0500] "GET /robots.txt HTTP/1.1" 200 113 "https://www.safeclick.cc/robots.txt" "Mozilla/5.0 (Macintosh; Intel Mac OS X 10_15_7) AppleWebKit/537.36 (KHTML, like Gecko) Chrome/131.0.0.0 Safari/537.36; compatible; OAI-SearchBot/1.3; robots.txt; +https://openai.com/searchbot"
167.114.139.116 - - [30/Jan/2026:08:20:24 -0500] "GET /robots.txt HTTP/1.1" 403 275 "-" "Mozilla/5.0 (compatible; AhrefsBot/7.0; +http://ahrefs.com/robot/)"
142.44.220.6 - - [30/Jan/2026:08:20:28 -0500] "GET /go/datinglink/ HTTP/1.1" 403 279 "-" "Mozilla/5.0 (compatible; AhrefsBot/7.0; +http://ahrefs.com/robot/)"
74.206.190.106 - - [30/Jan/2026:09:48:40 -0500] "POST /wp-cron.php?doing_wp_cron=1769784520.7478559017181396484375 HTTP/1.1" 200 - "-" "WordPress/6.8.3; https://safeclick.cc"
119.96.24.54 - - [30/Jan/2026:09:48:40 -0500] "GET / HTTP/1.1" 200 53801 "-" "Mozilla/5.0 (iPhone; CPU iPhone OS 13_2_3 like Mac OS X) AppleWebKit/605.1.15 (KHTML, like Gecko) Version/13.0.3 Mobile/15E148 Safari/604.1"
74.206.190.106 - - [30/Jan/2026:09:48:40 -0500] "POST /wp-admin/admin-ajax.php?action=wp_lassolite_amazon_shortlink_process&nonce=243c698c39 HTTP/1.1" 200 - "-" "WordPress/6.8.3; https://safeclick.cc"
74.206.190.106 - - [30/Jan/2026:09:48:40 -0500] "POST /wp-admin/admin-ajax.php?action=wp_lassolite_amazon_process&nonce=5060491c78 HTTP/1.1" 200 - "-" "WordPress/6.8.3; https://safeclick.cc"
74.206.190.106 - - [30/Jan/2026:09:48:54 -0500] "POST /wp-cron.php?doing_wp_cron=1769784533.9744200706481933593750 HTTP/1.1" 200 - "-" "WordPress/6.8.3; https://safeclick.cc"
74.7.230.33 - - [30/Jan/2026:09:48:53 -0500] "GET /robots.txt HTTP/1.1" 200 113 "-" "Mozilla/5.0 (Macintosh; Intel Mac OS X 10_15_7) AppleWebKit/537.36 (KHTML, like Gecko) Chrome/131.0.0.0 Safari/537.36; compatible; OAI-SearchBot/1.3; robots.txt; +https://openai.com/searchbot"
74.206.190.106 - - [30/Jan/2026:10:17:16 -0500] "POST /wp-cron.php?doing_wp_cron=1769786236.4558539390563964843750 HTTP/1.1" 200 - "-" "WordPress/6.8.3; https://safeclick.cc"
23.95.96.140 - - [30/Jan/2026:10:17:16 -0500] "GET / HTTP/1.1" 301 - "-" "Mozilla/5.0 (Macintosh; Intel Mac OS X 15_7_3) AppleWebKit/605.1.15 (KHTML, like Gecko) Version/26.0 Safari/605.1.15"
23.95.96.140 - - [30/Jan/2026:10:17:16 -0500] "GET / HTTP/1.1" 200 53801 "http://www.safeclick.cc/" "Mozilla/5.0 (Macintosh; Intel Mac OS X 15_7_3) AppleWebKit/605.1.15 (KHTML, like Gecko) Version/26.0 Safari/605.1.15"
74.206.190.106 - - [30/Jan/2026:13:05:35 -0500] "POST /wp-cron.php?doing_wp_cron=1769796335.9725379943847656250000 HTTP/1.1" 200 - "-" "WordPress/6.8.3; https://safeclick.cc"
43.156.204.134 - - [30/Jan/2026:13:05:35 -0500] "GET / HTTP/1.1" 301 - "-" "Mozilla/5.0 (iPhone; CPU iPhone OS 13_2_3 like Mac OS X) AppleWebKit/605.1.15 (KHTML, like Gecko) Version/13.0.3 Mobile/15E148 Safari/604.1"
74.206.190.106 - - [30/Jan/2026:13:05:36 -0500] "POST /wp-admin/admin-ajax.php?action=wp_lassolite_amazon_shortlink_process&nonce=243c698c39 HTTP/1.1" 200 - "-" "WordPress/6.8.3; https://safeclick.cc"
74.206.190.106 - - [30/Jan/2026:13:05:36 -0500] "POST /wp-admin/admin-ajax.php?action=wp_lassolite_amazon_process&nonce=5060491c78 HTTP/1.1" 200 - "-" "WordPress/6.8.3; https://safeclick.cc"
74.206.190.106 - - [30/Jan/2026:13:05:37 -0500] "POST /wp-cron.php?doing_wp_cron=1769796337.7604479789733886718750 HTTP/1.1" 200 - "-" "WordPress/6.8.3; https://safeclick.cc"
43.156.204.134 - - [30/Jan/2026:13:05:37 -0500] "GET / HTTP/1.1" 200 53801 "http://www.safeclick.cc" "Mozilla/5.0 (iPhone; CPU iPhone OS 13_2_3 like Mac OS X) AppleWebKit/605.1.15 (KHTML, like Gecko) Version/13.0.3 Mobile/15E148 Safari/604.1"
74.206.190.106 - - [30/Jan/2026:13:19:48 -0500] "POST /wp-cron.php?doing_wp_cron=1769797188.6973569393157958984375 HTTP/1.1" 200 - "-" "WordPress/6.8.3; https://safeclick.cc"
43.157.170.13 - - [30/Jan/2026:13:19:48 -0500] "GET /feed/ HTTP/1.1" 200 1643 "-" "Mozilla/5.0 (iPhone; CPU iPhone OS 13_2_3 like Mac OS X) AppleWebKit/605.1.15 (KHTML, like Gecko) Version/13.0.3 Mobile/15E148 Safari/604.1"
74.206.190.106 - - [30/Jan/2026:13:41:55 -0500] "POST /wp-cron.php?doing_wp_cron=1769798515.5319359302520751953125 HTTP/1.1" 200 - "-" "WordPress/6.8.3; https://safeclick.cc"
49.51.39.209 - - [30/Jan/2026:13:41:55 -0500] "GET /2025/11/07/hello-world/ HTTP/1.1" 200 72899 "-" "Mozilla/5.0 (iPhone; CPU iPhone OS 13_2_3 like Mac OS X) AppleWebKit/605.1.15 (KHTML, like Gecko) Version/13.0.3 Mobile/15E148 Safari/604.1"
74.206.190.106 - - [30/Jan/2026:13:41:55 -0500] "POST /wp-admin/admin-ajax.php?action=wp_lassolite_amazon_shortlink_process&nonce=243c698c39 HTTP/1.1" 200 - "-" "WordPress/6.8.3; https://safeclick.cc"
74.206.190.106 - - [30/Jan/2026:13:41:55 -0500] "POST /wp-admin/admin-ajax.php?action=wp_lassolite_amazon_process&nonce=5060491c78 HTTP/1.1" 200 - "-" "WordPress/6.8.3; https://safeclick.cc"
74.206.190.106 - - [30/Jan/2026:13:51:32 -0500] "POST /wp-cron.php?doing_wp_cron=1769799092.7042920589447021484375 HTTP/1.1" 200 - "-" "WordPress/6.8.3; https://safeclick.cc"
43.130.71.237 - - [30/Jan/2026:13:51:32 -0500] "GET /wp-json/ HTTP/1.1" 200 193619 "-" "Mozilla/5.0 (iPhone; CPU iPhone OS 13_2_3 like Mac OS X) AppleWebKit/605.1.15 (KHTML, like Gecko) Version/13.0.3 Mobile/15E148 Safari/604.1"
74.206.190.106 - - [30/Jan/2026:14:01:22 -0500] "POST /wp-cron.php?doing_wp_cron=1769799682.6008551120758056640625 HTTP/1.1" 200 - "-" "WordPress/6.8.3; https://safeclick.cc"
43.153.122.30 - - [30/Jan/2026:14:01:22 -0500] "GET /?p=1 HTTP/1.1" 301 - "-" "Mozilla/5.0 (iPhone; CPU iPhone OS 13_2_3 like Mac OS X) AppleWebKit/605.1.15 (KHTML, like Gecko) Version/13.0.3 Mobile/15E148 Safari/604.1"
43.153.122.30 - - [30/Jan/2026:14:01:26 -0500] "GET /2025/11/07/hello-world/ HTTP/1.1" 200 72899 "https://safeclick.cc/?p=1" "Mozilla/5.0 (iPhone; CPU iPhone OS 13_2_3 like Mac OS X) AppleWebKit/605.1.15 (KHTML, like Gecko) Version/13.0.3 Mobile/15E148 Safari/604.1"
74.206.190.106 - - [30/Jan/2026:14:08:56 -0500] "POST /wp-cron.php?doing_wp_cron=1769800136.5825979709625244140625 HTTP/1.1" 200 - "-" "WordPress/6.8.3; https://safeclick.cc"
49.51.183.75 - - [30/Jan/2026:14:08:56 -0500] "GET /2025/11/07/hello-world/feed/ HTTP/1.1" 200 1635 "-" "Mozilla/5.0 (iPhone; CPU iPhone OS 13_2_3 like Mac OS X) AppleWebKit/605.1.15 (KHTML, like Gecko) Version/13.0.3 Mobile/15E148 Safari/604.1"
74.206.190.106 - - [30/Jan/2026:14:08:56 -0500] "POST /wp-admin/admin-ajax.php?action=wp_lassolite_amazon_shortlink_process&nonce=243c698c39 HTTP/1.1" 200 - "-" "WordPress/6.8.3; https://safeclick.cc"
74.206.190.106 - - [30/Jan/2026:14:08:56 -0500] "POST /wp-admin/admin-ajax.php?action=wp_lassolite_amazon_process&nonce=5060491c78 HTTP/1.1" 200 - "-" "WordPress/6.8.3; https://safeclick.cc"
74.206.190.106 - - [30/Jan/2026:14:21:42 -0500] "POST /wp-cron.php?doing_wp_cron=1769800902.9525210857391357421875 HTTP/1.1" 200 - "-" "WordPress/6.8.3; https://safeclick.cc"
43.166.136.153 - - [30/Jan/2026:14:21:42 -0500] "GET /wp-json/wp/v2/posts/1 HTTP/1.1" 200 1848 "-" "Mozilla/5.0 (iPhone; CPU iPhone OS 13_2_3 like Mac OS X) AppleWebKit/605.1.15 (KHTML, like Gecko) Version/13.0.3 Mobile/15E148 Safari/604.1"
74.206.190.106 - - [30/Jan/2026:14:25:25 -0500] "POST /wp-cron.php?doing_wp_cron=1769801125.0237250328063964843750 HTTP/1.1" 200 - "-" "WordPress/6.8.3; https://safeclick.cc"
158.94.211.22 - - [30/Jan/2026:14:25:24 -0500] "GET /.git/HEAD HTTP/1.1" 301 - "-" "Python-urllib/3.10"
158.94.211.22 - - [30/Jan/2026:14:25:25 -0500] "GET /.git/HEAD HTTP/1.1" 404 58656 "-" "Python-urllib/3.10"
74.206.190.106 - - [30/Jan/2026:14:27:09 -0500] "POST /wp-cron.php?doing_wp_cron=1769801229.6616001129150390625000 HTTP/1.1" 200 - "-" "WordPress/6.8.3; https://safeclick.cc"
43.166.247.82 - - [30/Jan/2026:14:27:09 -0500] "GET /2025/11/07/hello-world/?replytocom=1 HTTP/1.1" 200 72944 "-" "Mozilla/5.0 (iPhone; CPU iPhone OS 13_2_3 like Mac OS X) AppleWebKit/605.1.15 (KHTML, like Gecko) Version/13.0.3 Mobile/15E148 Safari/604.1"
74.206.190.106 - - [30/Jan/2026:14:27:09 -0500] "POST /wp-admin/admin-ajax.php?action=wp_lassolite_amazon_shortlink_process&nonce=243c698c39 HTTP/1.1" 200 - "-" "WordPress/6.8.3; https://safeclick.cc"
74.206.190.106 - - [30/Jan/2026:14:27:09 -0500] "POST /wp-admin/admin-ajax.php?action=wp_lassolite_amazon_process&nonce=5060491c78 HTTP/1.1" 200 - "-" "WordPress/6.8.3; https://safeclick.cc"
74.206.190.106 - - [30/Jan/2026:14:39:42 -0500] "POST /wp-cron.php?doing_wp_cron=1769801982.8006160259246826171875 HTTP/1.1" 200 - "-" "WordPress/6.8.3; https://safeclick.cc"
43.153.71.132 - - [30/Jan/2026:14:39:42 -0500] "GET /category/uncategorized/ HTTP/1.1" 200 53515 "-" "Mozilla/5.0 (iPhone; CPU iPhone OS 13_2_3 like Mac OS X) AppleWebKit/605.1.15 (KHTML, like Gecko) Version/13.0.3 Mobile/15E148 Safari/604.1"
74.206.190.106 - - [30/Jan/2026:14:50:45 -0500] "POST /wp-cron.php?doing_wp_cron=1769802645.4833340644836425781250 HTTP/1.1" 200 - "-" "WordPress/6.8.3; https://safeclick.cc"
124.156.225.181 - - [30/Jan/2026:14:50:45 -0500] "GET /2025/11/07/hello-world/ HTTP/1.1" 200 72899 "-" "Mozilla/5.0 (iPhone; CPU iPhone OS 13_2_3 like Mac OS X) AppleWebKit/605.1.15 (KHTML, like Gecko) Version/13.0.3 Mobile/15E148 Safari/604.1"
74.206.190.106 - - [30/Jan/2026:15:01:26 -0500] "POST /wp-cron.php?doing_wp_cron=1769803286.5557770729064941406250 HTTP/1.1" 200 - "-" "WordPress/6.8.3; https://safeclick.cc"
43.153.27.244 - - [30/Jan/2026:15:01:25 -0500] "GET /2025/11/07/hello-world/ HTTP/1.1" 200 72899 "-" "Mozilla/5.0 (iPhone; CPU iPhone OS 13_2_3 like Mac OS X) AppleWebKit/605.1.15 (KHTML, like Gecko) Version/13.0.3 Mobile/15E148 Safari/604.1"
74.206.190.106 - - [30/Jan/2026:15:01:26 -0500] "POST /wp-admin/admin-ajax.php?action=wordfence_testAjax HTTP/1.1" 200 12 "-" "WordPress/6.8.3; https://safeclick.cc"
74.206.190.106 - - [30/Jan/2026:15:01:28 -0500] "POST /wp-admin/admin-ajax.php?action=wp_lassolite_amazon_shortlink_process&nonce=243c698c39 HTTP/1.1" 200 - "-" "WordPress/6.8.3; https://safeclick.cc"
74.206.190.106 - - [30/Jan/2026:15:01:28 -0500] "POST /wp-admin/admin-ajax.php?action=wp_lassolite_amazon_process&nonce=5060491c78 HTTP/1.1" 200 - "-" "WordPress/6.8.3; https://safeclick.cc"
74.206.190.106 - - [30/Jan/2026:15:01:27 -0500] "GET /wp-admin/admin-ajax.php?action=wordfence_doScan&isFork=0&scanMode=quick&cronKey=8f38875d725522e47b12a4f3368e14b9&signature=0f5e4f099be38435e1dbf72f92aa9744c380aacf8a11db0fde7f971b1c6e2ec7 HTTP/1.1" 200 - "-" "WordPress/6.8.3; https://safeclick.cc"
74.206.190.106 - - [30/Jan/2026:15:24:50 -0500] "POST /wp-cron.php?doing_wp_cron=1769804690.2032148838043212890625 HTTP/1.1" 200 - "-" "WordPress/6.8.3; https://safeclick.cc"
43.135.148.92 - - [30/Jan/2026:15:24:49 -0500] "GET /author/admin/ HTTP/1.1" 200 53460 "-" "Mozilla/5.0 (iPhone; CPU iPhone OS 13_2_3 like Mac OS X) AppleWebKit/605.1.15 (KHTML, like Gecko) Version/13.0.3 Mobile/15E148 Safari/604.1"
74.206.190.106 - - [30/Jan/2026:15:24:50 -0500] "POST /wp-admin/admin-ajax.php?action=wp_lassolite_amazon_shortlink_process&nonce=243c698c39 HTTP/1.1" 200 - "-" "WordPress/6.8.3; https://safeclick.cc"
74.206.190.106 - - [30/Jan/2026:15:24:50 -0500] "POST /wp-admin/admin-ajax.php?action=wp_lassolite_amazon_process&nonce=5060491c78 HTTP/1.1" 200 - "-" "WordPress/6.8.3; https://safeclick.cc"
74.206.190.106 - - [30/Jan/2026:15:26:57 -0500] "POST /wp-cron.php?doing_wp_cron=1769804817.8249499797821044921875 HTTP/1.1" 200 - "-" "WordPress/6.8.3; https://safeclick.cc"
43.130.78.203 - - [30/Jan/2026:15:26:57 -0500] "GET / HTTP/1.1" 200 53801 "-" "Mozilla/5.0 (iPhone; CPU iPhone OS 13_2_3 like Mac OS X) AppleWebKit/605.1.15 (KHTML, like Gecko) Version/13.0.3 Mobile/15E148 Safari/604.1"
74.206.190.106 - - [30/Jan/2026:15:32:32 -0500] "POST /wp-cron.php?doing_wp_cron=1769805152.7349050045013427734375 HTTP/1.1" 200 - "-" "WordPress/6.8.3; https://safeclick.cc"
43.152.72.244 - - [30/Jan/2026:15:32:32 -0500] "GET /2025/11/07/hello-world/?replytocom=1 HTTP/1.1" 200 72944 "-" "Mozilla/5.0 (iPhone; CPU iPhone OS 13_2_3 like Mac OS X) AppleWebKit/605.1.15 (KHTML, like Gecko) Version/13.0.3 Mobile/15E148 Safari/604.1"
74.206.190.106 - - [30/Jan/2026:15:44:29 -0500] "POST /wp-cron.php?doing_wp_cron=1769805869.1325368881225585937500 HTTP/1.1" 200 - "-" "WordPress/6.8.3; https://safeclick.cc"
43.130.154.56 - - [30/Jan/2026:15:44:29 -0500] "GET /wp-json/wp/v2/categories/1 HTTP/1.1" 200 628 "-" "Mozilla/5.0 (iPhone; CPU iPhone OS 13_2_3 like Mac OS X) AppleWebKit/605.1.15 (KHTML, like Gecko) Version/13.0.3 Mobile/15E148 Safari/604.1"
74.206.190.106 - - [30/Jan/2026:15:44:29 -0500] "POST /wp-admin/admin-ajax.php?action=wp_lassolite_amazon_shortlink_process&nonce=243c698c39 HTTP/1.1" 200 - "-" "WordPress/6.8.3; https://safeclick.cc"
74.206.190.106 - - [30/Jan/2026:15:44:29 -0500] "POST /wp-admin/admin-ajax.php?action=wp_lassolite_amazon_process&nonce=5060491c78 HTTP/1.1" 200 - "-" "WordPress/6.8.3; https://safeclick.cc"
74.206.190.106 - - [30/Jan/2026:16:21:37 -0500] "POST /wp-cron.php?doing_wp_cron=1769808097.5368590354919433593750 HTTP/1.1" 200 - "-" "WordPress/6.8.3; https://safeclick.cc"
170.106.113.235 - - [30/Jan/2026:16:21:37 -0500] "GET /go/datinglink/ HTTP/1.1" 301 - "-" "Mozilla/5.0 (iPhone; CPU iPhone OS 13_2_3 like Mac OS X) AppleWebKit/605.1.15 (KHTML, like Gecko) Version/13.0.3 Mobile/15E148 Safari/604.1"
74.206.190.106 - - [30/Jan/2026:16:51:52 -0500] "POST /wp-cron.php?doing_wp_cron=1769809912.7709219455718994140625 HTTP/1.1" 200 - "-" "WordPress/6.8.3; https://safeclick.cc"
195.250.31.127 - - [30/Jan/2026:16:51:52 -0500] "GET /.env HTTP/1.1" 301 - "-" "-"
195.250.31.127 - - [30/Jan/2026:16:51:53 -0500] "GET /.env HTTP/1.1" 404 58656 "-" "-"
74.206.190.106 - - [30/Jan/2026:17:45:54 -0500] "POST /wp-cron.php?doing_wp_cron=1769813154.3696260452270507812500 HTTP/1.1" 200 - "-" "WordPress/6.8.3; https://safeclick.cc"
66.249.66.33 - - [30/Jan/2026:17:45:53 -0500] "GET / HTTP/1.1" 200 53810 "-" "Mozilla/5.0 (Linux; Android 6.0.1; Nexus 5X Build/MMB29P) AppleWebKit/537.36 (KHTML, like Gecko) Chrome/143.0.7499.192 Mobile Safari/537.36 (compatible; Googlebot/2.1; +http://www.google.com/bot.html)"
74.206.190.106 - - [30/Jan/2026:17:45:54 -0500] "POST /wp-admin/admin-ajax.php?action=wp_lassolite_amazon_shortlink_process&nonce=243c698c39 HTTP/1.1" 200 - "-" "WordPress/6.8.3; https://safeclick.cc"
74.206.190.106 - - [30/Jan/2026:17:45:54 -0500] "POST /wp-admin/admin-ajax.php?action=wp_lassolite_amazon_process&nonce=5060491c78 HTTP/1.1" 200 - "-" "WordPress/6.8.3; https://safeclick.cc"
74.206.190.106 - - [30/Jan/2026:17:47:53 -0500] "POST /wp-cron.php?doing_wp_cron=1769813273.4104979038238525390625 HTTP/1.1" 200 - "-" "WordPress/6.8.3; https://safeclick.cc"
66.249.66.33 - - [30/Jan/2026:17:47:53 -0500] "GET / HTTP/1.1" 200 53810 "-" "Mozilla/5.0 (Linux; Android 6.0.1; Nexus 5X Build/MMB29P) AppleWebKit/537.36 (KHTML, like Gecko) Chrome/143.0.7499.192 Mobile Safari/537.36 (compatible; Googlebot/2.1; +http://www.google.com/bot.html)"
74.206.190.106 - - [30/Jan/2026:17:52:47 -0500] "POST /wp-cron.php?doing_wp_cron=1769813567.1371428966522216796875 HTTP/1.1" 200 - "-" "WordPress/6.8.3; https://safeclick.cc"
104.208.80.64 - - [30/Jan/2026:17:52:47 -0500] "GET /wp-content/plugins/hellopress/wp_filemanager.php HTTP/1.1" 404 58656 "-" "-"
104.208.80.64 - - [30/Jan/2026:17:52:49 -0500] "GET /gettest.php HTTP/1.1" 404 58656 "-" "-"
104.208.80.64 - - [30/Jan/2026:17:52:50 -0500] "GET /menu.php HTTP/1.1" 404 58656 "-" "-"
104.208.80.64 - - [30/Jan/2026:17:52:52 -0500] "GET /bjfl.php HTTP/1.1" 404 58656 "-" "-"
104.208.80.64 - - [30/Jan/2026:17:52:53 -0500] "GET /sko.php HTTP/1.1" 404 58656 "-" "-"
104.208.80.64 - - [30/Jan/2026:17:52:54 -0500] "GET /obfuscate.php HTTP/1.1" 404 58656 "-" "-"
104.208.80.64 - - [30/Jan/2026:17:52:54 -0500] "GET /img.php HTTP/1.1" 404 58656 "-" "-"
104.208.80.64 - - [30/Jan/2026:17:52:55 -0500] "GET /co.php HTTP/1.1" 404 58656 "-" "-"
104.208.80.64 - - [30/Jan/2026:17:52:56 -0500] "GET /iswfg.php HTTP/1.1" 404 58656 "-" "-"
104.208.80.64 - - [30/Jan/2026:17:52:57 -0500] "GET /acxx.php?p= HTTP/1.1" 301 - "-" "-"
104.208.80.64 - - [30/Jan/2026:17:52:57 -0500] "GET /acxx.php HTTP/1.1" 404 58656 "-" "-"
104.208.80.64 - - [30/Jan/2026:17:52:58 -0500] "GET /black.php HTTP/1.1" 404 58656 "-" "-"
104.208.80.64 - - [30/Jan/2026:17:52:59 -0500] "GET /wikindex.php HTTP/1.1" 404 58656 "-" "-"
104.208.80.64 - - [30/Jan/2026:17:52:59 -0500] "GET /tool.php HTTP/1.1" 404 58656 "-" "-"
104.208.80.64 - - [30/Jan/2026:17:53:00 -0500] "GET /py.php HTTP/1.1" 404 58656 "-" "-"
104.208.80.64 - - [30/Jan/2026:17:53:01 -0500] "GET /155.php HTTP/1.1" 404 58656 "-" "-"
104.208.80.64 - - [30/Jan/2026:17:53:01 -0500] "GET /sym404.php HTTP/1.1" 404 58656 "-" "-"
104.208.80.64 - - [30/Jan/2026:17:53:02 -0500] "GET /iko.php HTTP/1.1" 404 58656 "-" "-"
104.208.80.64 - - [30/Jan/2026:17:53:03 -0500] "GET /wefile.php HTTP/1.1" 404 58656 "-" "-"
104.208.80.64 - - [30/Jan/2026:17:53:04 -0500] "GET /gfd.php HTTP/1.1" 404 58656 "-" "-"
104.208.80.64 - - [30/Jan/2026:17:53:04 -0500] "GET /bnm.php HTTP/1.1" 404 58656 "-" "-"
104.208.80.64 - - [30/Jan/2026:17:53:05 -0500] "GET /edit-tags.php HTTP/1.1" 404 58656 "-" "-"
104.208.80.64 - - [30/Jan/2026:17:53:05 -0500] "GET /vx.php HTTP/1.1" 404 58656 "-" "-"
104.208.80.64 - - [30/Jan/2026:17:53:06 -0500] "GET /lkj.php HTTP/1.1" 404 58656 "-" "-"
104.208.80.64 - - [30/Jan/2026:17:53:06 -0500] "GET /ioxi-o.php HTTP/1.1" 404 58656 "-" "-"
104.208.80.64 - - [30/Jan/2026:17:53:07 -0500] "GET /wp-admin/js/wp-conflg.php?p= HTTP/1.1" 301 - "-" "-"
104.208.80.64 - - [30/Jan/2026:17:53:07 -0500] "GET /wp-admin/js/wp-conflg.php HTTP/1.1" 404 55900 "-" "-"
104.208.80.64 - - [30/Jan/2026:17:53:07 -0500] "GET /about/function.php HTTP/1.1" 404 58656 "-" "-"
104.208.80.64 - - [30/Jan/2026:17:53:08 -0500] "GET /wp-includes/block-patterns/index.php HTTP/1.1" 301 - "-" "-"
104.208.80.64 - - [30/Jan/2026:17:53:08 -0500] "GET /wp-includes/block-patterns/ HTTP/1.1" 403 291 "-" "-"
104.208.80.64 - - [30/Jan/2026:17:53:08 -0500] "GET /wp-admin/maint/about.php HTTP/1.1" 404 55900 "-" "-"
104.208.80.64 - - [30/Jan/2026:17:53:09 -0500] "GET /readme.php?p= HTTP/1.1" 301 - "-" "-"
104.208.80.64 - - [30/Jan/2026:17:53:09 -0500] "GET /readme.php HTTP/1.1" 404 58656 "-" "-"
104.208.80.64 - - [30/Jan/2026:17:53:10 -0500] "GET /wp-includes/js/codemirror/index.php HTTP/1.1" 301 - "-" "-"
104.208.80.64 - - [30/Jan/2026:17:53:10 -0500] "GET /wp-includes/js/codemirror/ HTTP/1.1" 403 290 "-" "-"
104.208.80.64 - - [30/Jan/2026:17:53:10 -0500] "GET /classwithtostring.php HTTP/1.1" 404 58656 "-" "-"
104.208.80.64 - - [30/Jan/2026:17:53:11 -0500] "GET /1.php HTTP/1.1" 404 58656 "-" "-"
104.208.80.64 - - [30/Jan/2026:17:53:12 -0500] "GET /.well-known/index.php HTTP/1.1" 301 - "-" "-"
104.208.80.64 - - [30/Jan/2026:17:53:12 -0500] "GET /.well-known/ HTTP/1.1" 404 58656 "-" "-"
104.208.80.64 - - [30/Jan/2026:17:53:13 -0500] "GET /alfa.php HTTP/1.1" 404 58656 "-" "-"
104.208.80.64 - - [30/Jan/2026:17:53:13 -0500] "GET /wp-includes/images/wp-login.php HTTP/1.1" 404 58656 "-" "-"
104.208.80.64 - - [30/Jan/2026:17:53:14 -0500] "GET /atx.php HTTP/1.1" 404 58656 "-" "-"
104.208.80.64 - - [30/Jan/2026:17:53:14 -0500] "GET /inputs.php HTTP/1.1" 404 58656 "-" "-"
104.208.80.64 - - [30/Jan/2026:17:53:15 -0500] "GET /wp-content/radio.php HTTP/1.1" 404 58656 "-" "-"
104.208.80.64 - - [30/Jan/2026:17:53:16 -0500] "GET /404.php HTTP/1.1" 404 58656 "-" "-"
104.208.80.64 - - [30/Jan/2026:17:53:16 -0500] "GET /global.php HTTP/1.1" 404 58656 "-" "-"
104.208.80.64 - - [30/Jan/2026:17:53:17 -0500] "GET /core.php HTTP/1.1" 404 58656 "-" "-"
104.208.80.64 - - [30/Jan/2026:17:53:17 -0500] "GET /thoms.php HTTP/1.1" 404 58656 "-" "-"
104.208.80.64 - - [30/Jan/2026:17:53:18 -0500] "GET /irc.js.php HTTP/1.1" 404 58656 "-" "-"
74.206.190.106 - - [30/Jan/2026:22:28:58 -0500] "POST /wp-cron.php?doing_wp_cron=1769830138.8761570453643798828125 HTTP/1.1" 200 - "-" "WordPress/6.8.3; https://safeclick.cc"
98.89.254.180 - - [30/Jan/2026:22:28:58 -0500] "GET /robots.txt HTTP/1.1" 200 113 "-" "Mozilla/5.0 (Macintosh; Intel Mac OS X 10_10_1) AppleWebKit/600.2.5 (KHTML, like Gecko) Version/8.0.2 Safari/600.2.5 (TestUserAgent)"
74.206.190.106 - - [30/Jan/2026:22:28:59 -0500] "POST /wp-admin/admin-ajax.php?action=wp_lassolite_amazon_shortlink_process&nonce=ead9768219 HTTP/1.1" 200 - "-" "WordPress/6.8.3; https://safeclick.cc"
74.206.190.106 - - [30/Jan/2026:22:28:59 -0500] "POST /wp-admin/admin-ajax.php?action=wp_lassolite_amazon_process&nonce=8b6f60632b HTTP/1.1" 200 - "-" "WordPress/6.8.3; https://safeclick.cc"
74.206.190.106 - - [30/Jan/2026:22:32:38 -0500] "POST /wp-cron.php?doing_wp_cron=1769830358.9809539318084716796875 HTTP/1.1" 200 - "-" "WordPress/6.8.3; https://safeclick.cc"
223.15.245.170 - - [30/Jan/2026:22:32:38 -0500] "GET / HTTP/1.1" 200 53801 "-" "Mozilla/5.0 (iPhone; CPU iPhone OS 13_2_3 like Mac OS X) AppleWebKit/605.1.15 (KHTML, like Gecko) Version/13.0.3 Mobile/15E148 Safari/604.1"
74.206.190.106 - - [30/Jan/2026:23:33:00 -0500] "POST /wp-cron.php?doing_wp_cron=1769833980.1069550514221191406250 HTTP/1.1" 200 - "-" "WordPress/6.8.3; https://safeclick.cc"
69.63.184.4 - - [30/Jan/2026:23:32:59 -0500] "GET /robots.txt HTTP/1.1" 200 113 "-" "facebookexternalhit/1.1 (+http://www.facebook.com/externalhit_uatext.php)"
69.63.184.1 - - [30/Jan/2026:23:33:00 -0500] "GET /robots.txt HTTP/1.1" 200 113 "-" "facebookexternalhit/1.1 (+http://www.facebook.com/externalhit_uatext.php)"
57.141.4.58 - - [30/Jan/2026:23:33:00 -0500] "GET /go/datinglink/ HTTP/1.1" 301 - "-" "meta-externalagent/1.1 (+https://developers.facebook.com/docs/sharing/webmasters/crawler)"
74.206.190.106 - - [30/Jan/2026:23:55:15 -0500] "POST /wp-cron.php?doing_wp_cron=1769835315.8168690204620361328125 HTTP/1.1" 200 - "-" "WordPress/6.8.3; https://safeclick.cc"
204.76.203.25 - - [30/Jan/2026:23:55:15 -0500] "GET / HTTP/1.1" 200 53810 "-" "Mozilla/5.0 (Windows NT 10.0; Win64; x64) AppleWebKit/537.36 (KHTML, like Gecko) Chrome/134.0.0.0 Safari/537.3"
74.206.190.106 - - [30/Jan/2026:23:55:16 -0500] "POST /wp-admin/admin-ajax.php?action=wp_lassolite_amazon_shortlink_process&nonce=ead9768219 HTTP/1.1" 200 - "-" "WordPress/6.8.3; https://safeclick.cc"
74.206.190.106 - - [30/Jan/2026:23:55:16 -0500] "POST /wp-admin/admin-ajax.php?action=wp_lassolite_amazon_process&nonce=8b6f60632b HTTP/1.1" 200 - "-" "WordPress/6.8.3; https://safeclick.cc"
74.206.190.106 - - [31/Jan/2026:01:10:02 -0500] "POST /wp-cron.php?doing_wp_cron=1769839802.5003960132598876953125 HTTP/1.1" 200 - "-" "WordPress/6.8.3; https://safeclick.cc"
54.177.75.81 - - [31/Jan/2026:01:10:01 -0500] "GET / HTTP/1.1" 200 53801 "-" "Mozilla/5.0 (X11; Linux x86_64) AppleWebKit/537.36 (KHTML, like Gecko) Chrome/137.0.0.0 Safari/537.36"
74.206.190.106 - - [31/Jan/2026:01:27:10 -0500] "POST /wp-cron.php?doing_wp_cron=1769840830.1793000698089599609375 HTTP/1.1" 200 - "-" "WordPress/6.8.3; https://safeclick.cc"
40.65.177.112 - - [31/Jan/2026:01:27:09 -0500] "GET /wp-content/plugins/hellopress/wp_filemanager.php HTTP/1.1" 404 58656 "-" "-"
40.65.177.112 - - [31/Jan/2026:01:27:11 -0500] "GET /neshe.php HTTP/1.1" 404 58656 "-" "-"
40.65.177.112 - - [31/Jan/2026:01:27:11 -0500] "GET /wp-site.php HTTP/1.1" 404 58656 "-" "-"
40.65.177.112 - - [31/Jan/2026:01:27:12 -0500] "GET /environment.php HTTP/1.1" 404 58656 "-" "-"
40.65.177.112 - - [31/Jan/2026:01:27:12 -0500] "GET /lala.php HTTP/1.1" 404 58656 "-" "-"
40.65.177.112 - - [31/Jan/2026:01:27:12 -0500] "GET /menu.php HTTP/1.1" 404 58656 "-" "-"
40.65.177.112 - - [31/Jan/2026:01:27:13 -0500] "GET /tmpls.php HTTP/1.1" 404 58656 "-" "-"
40.65.177.112 - - [31/Jan/2026:01:27:13 -0500] "GET /item.php HTTP/1.1" 404 58656 "-" "-"
40.65.177.112 - - [31/Jan/2026:01:27:14 -0500] "GET /test1.php HTTP/1.1" 404 58656 "-" "-"
40.65.177.112 - - [31/Jan/2026:01:27:14 -0500] "GET /wp-themes.php HTTP/1.1" 404 58656 "-" "-"
40.65.177.112 - - [31/Jan/2026:01:27:15 -0500] "GET /wp-includes/Text/about.php HTTP/1.1" 404 58656 "-" "-"
40.65.177.112 - - [31/Jan/2026:01:27:16 -0500] "GET /indeex.php HTTP/1.1" 404 58656 "-" "-"
40.65.177.112 - - [31/Jan/2026:01:27:17 -0500] "GET /wp-includes/fonts/index.php HTTP/1.1" 301 - "-" "-"
40.65.177.112 - - [31/Jan/2026:01:27:17 -0500] "GET /wp-includes/fonts/ HTTP/1.1" 403 282 "-" "-"
40.65.177.112 - - [31/Jan/2026:01:27:17 -0500] "GET /503.php HTTP/1.1" 404 58656 "-" "-"
40.65.177.112 - - [31/Jan/2026:01:27:19 -0500] "GET /html.php HTTP/1.1" 404 58656 "-" "-"
40.65.177.112 - - [31/Jan/2026:01:27:19 -0500] "GET /custom-background.php HTTP/1.1" 404 58656 "-" "-"
40.65.177.112 - - [31/Jan/2026:01:27:19 -0500] "GET /xmrlpc.php HTTP/1.1" 404 58656 "-" "-"
40.65.177.112 - - [31/Jan/2026:01:27:20 -0500] "GET /img.php HTTP/1.1" 404 58656 "-" "-"
40.65.177.112 - - [31/Jan/2026:01:27:20 -0500] "GET /css/radio.php HTTP/1.1" 404 58656 "-" "-"
40.65.177.112 - - [31/Jan/2026:01:27:20 -0500] "GET //cwclass.php HTTP/1.1" 301 - "-" "-"
40.65.177.112 - - [31/Jan/2026:01:27:21 -0500] "GET /cwclass.php HTTP/1.1" 404 58656 "-" "-"
40.65.177.112 - - [31/Jan/2026:01:27:21 -0500] "GET /0x.php HTTP/1.1" 404 58656 "-" "-"
40.65.177.112 - - [31/Jan/2026:01:27:21 -0500] "GET /a2.php HTTP/1.1" 404 58656 "-" "-"
40.65.177.112 - - [31/Jan/2026:01:27:22 -0500] "GET /m.php HTTP/1.1" 404 58656 "-" "-"
40.65.177.112 - - [31/Jan/2026:01:27:22 -0500] "GET /oo.php HTTP/1.1" 404 58656 "-" "-"
40.65.177.112 - - [31/Jan/2026:01:27:22 -0500] "GET /1.php HTTP/1.1" 404 58656 "-" "-"
40.65.177.112 - - [31/Jan/2026:01:27:23 -0500] "GET /wp-admin/images/admin.php HTTP/1.1" 404 55900 "-" "-"
40.65.177.112 - - [31/Jan/2026:01:27:23 -0500] "GET /az.php HTTP/1.1" 404 58656 "-" "-"
40.65.177.112 - - [31/Jan/2026:01:27:23 -0500] "GET /x.php HTTP/1.1" 404 58656 "-" "-"
40.65.177.112 - - [31/Jan/2026:01:27:24 -0500] "GET /gg.php HTTP/1.1" 404 58656 "-" "-"
40.65.177.112 - - [31/Jan/2026:01:27:24 -0500] "GET /server.php HTTP/1.1" 404 58656 "-" "-"
40.65.177.112 - - [31/Jan/2026:01:27:24 -0500] "GET /class19.php HTTP/1.1" 404 58656 "-" "-"
40.65.177.112 - - [31/Jan/2026:01:27:25 -0500] "GET /yanz.php HTTP/1.1" 404 58656 "-" "-"
40.65.177.112 - - [31/Jan/2026:01:27:25 -0500] "GET /wp-admin/js/index.php HTTP/1.1" 301 - "-" "-"
40.65.177.112 - - [31/Jan/2026:01:27:25 -0500] "GET /wp-admin/js/ HTTP/1.1" 403 276 "-" "-"
40.65.177.112 - - [31/Jan/2026:01:27:26 -0500] "GET /wp-includes/images/wp-login.php HTTP/1.1" 404 58656 "-" "-"
40.65.177.112 - - [31/Jan/2026:01:27:26 -0500] "GET /class.php HTTP/1.1" 404 58656 "-" "-"
40.65.177.112 - - [31/Jan/2026:01:27:26 -0500] "GET /elp.php HTTP/1.1" 404 58656 "-" "-"
40.65.177.112 - - [31/Jan/2026:01:27:27 -0500] "GET /sx.php HTTP/1.1" 404 58656 "-" "-"
40.65.177.112 - - [31/Jan/2026:01:27:27 -0500] "GET /wp-admin/maint/index.php HTTP/1.1" 301 - "-" "-"
40.65.177.112 - - [31/Jan/2026:01:27:27 -0500] "GET /wp-admin/maint/ HTTP/1.1" 403 279 "-" "-"
40.65.177.112 - - [31/Jan/2026:01:27:28 -0500] "GET /dropdown.php HTTP/1.1" 404 58656 "-" "-"
40.65.177.112 - - [31/Jan/2026:01:27:28 -0500] "GET /wp-admin/maint/admin.php HTTP/1.1" 404 55900 "-" "-"
40.65.177.112 - - [31/Jan/2026:01:27:28 -0500] "GET /.well-known/index.php HTTP/1.1" 301 - "-" "-"
40.65.177.112 - - [31/Jan/2026:01:27:29 -0500] "GET /.well-known/ HTTP/1.1" 404 58656 "-" "-"
40.65.177.112 - - [31/Jan/2026:01:27:29 -0500] "GET /priv.php HTTP/1.1" 404 58656 "-" "-"
40.65.177.112 - - [31/Jan/2026:01:27:29 -0500] "GET /function.php HTTP/1.1" 404 58656 "-" "-"
40.65.177.112 - - [31/Jan/2026:01:27:30 -0500] "GET /wp-includes/js/codemirror/index.php HTTP/1.1" 301 - "-" "-"
40.65.177.112 - - [31/Jan/2026:01:27:30 -0500] "GET /wp-includes/js/codemirror/ HTTP/1.1" 403 290 "-" "-"
40.65.177.112 - - [31/Jan/2026:01:27:30 -0500] "GET /wp-load.php HTTP/1.1" 200 - "-" "-"
40.65.177.112 - - [31/Jan/2026:01:27:31 -0500] "GET /wsd.php HTTP/1.1" 404 58656 "-" "-"
40.65.177.112 - - [31/Jan/2026:01:27:31 -0500] "GET /editor.php HTTP/1.1" 404 58656 "-" "-"
40.65.177.112 - - [31/Jan/2026:01:27:32 -0500] "GET /wp-content/index.php HTTP/1.1" 200 - "-" "-"
40.65.177.112 - - [31/Jan/2026:01:27:32 -0500] "GET /wp-includes/SimplePie/wp-login.php HTTP/1.1" 404 58656 "-" "-"
40.65.177.112 - - [31/Jan/2026:01:27:32 -0500] "GET /cong.php HTTP/1.1" 404 58656 "-" "-"
40.65.177.112 - - [31/Jan/2026:01:27:32 -0500] "GET /wp-includes/assets/index.php HTTP/1.1" 301 - "-" "-"
40.65.177.112 - - [31/Jan/2026:01:27:33 -0500] "GET /wp-includes/assets/ HTTP/1.1" 403 283 "-" "-"
40.65.177.112 - - [31/Jan/2026:01:27:33 -0500] "GET /inputs.php HTTP/1.1" 404 58656 "-" "-"
40.65.177.112 - - [31/Jan/2026:01:27:34 -0500] "GET /admin/index.php HTTP/1.1" 301 - "-" "-"
40.65.177.112 - - [31/Jan/2026:01:27:35 -0500] "GET /admin/ HTTP/1.1" 302 - "-" "-"
40.65.177.112 - - [31/Jan/2026:01:27:36 -0500] "GET /wp-admin/ HTTP/1.1" 302 - "-" "-"
40.65.177.112 - - [31/Jan/2026:01:27:37 -0500] "GET /wp-login.php?redirect_to=https%3A%2F%2Fsafeclick.cc%2Fwp-admin%2F&reauth=1 HTTP/1.1" 200 4411 "-" "-"
40.65.177.112 - - [31/Jan/2026:01:27:37 -0500] "GET /wp-admin/js/wp-conflg.php HTTP/1.1" 404 55900 "-" "-"
40.65.177.112 - - [31/Jan/2026:01:27:38 -0500] "GET /files.php HTTP/1.1" 404 58656 "-" "-"
40.65.177.112 - - [31/Jan/2026:01:27:38 -0500] "GET /zwso.php HTTP/1.1" 404 58656 "-" "-"
40.65.177.112 - - [31/Jan/2026:01:27:39 -0500] "GET /wp-admin/css/colors/blue/index.php HTTP/1.1" 301 - "-" "-"
40.65.177.112 - - [31/Jan/2026:01:27:39 -0500] "GET /wp-admin/css/colors/blue/ HTTP/1.1" 403 289 "-" "-"
40.65.177.112 - - [31/Jan/2026:01:27:39 -0500] "GET /backup.php HTTP/1.1" 404 58656 "-" "-"
40.65.177.112 - - [31/Jan/2026:01:27:40 -0500] "GET /wp-includes/block-patterns/index.php HTTP/1.1" 301 - "-" "-"
40.65.177.112 - - [31/Jan/2026:01:27:40 -0500] "GET /wp-includes/block-patterns/ HTTP/1.1" 403 291 "-" "-"
40.65.177.112 - - [31/Jan/2026:01:27:40 -0500] "GET /06.php HTTP/1.1" 404 58656 "-" "-"
40.65.177.112 - - [31/Jan/2026:01:27:41 -0500] "GET /size.php HTTP/1.1" 404 58656 "-" "-"
40.65.177.112 - - [31/Jan/2026:01:27:41 -0500] "GET /vx.php HTTP/1.1" 404 58656 "-" "-"
40.65.177.112 - - [31/Jan/2026:01:27:41 -0500] "GET /dev1s.php HTTP/1.1" 404 58656 "-" "-"
40.65.177.112 - - [31/Jan/2026:01:27:42 -0500] "GET /zr.php HTTP/1.1" 404 58656 "-" "-"
40.65.177.112 - - [31/Jan/2026:01:27:42 -0500] "GET /styles.php HTTP/1.1" 404 58656 "-" "-"
40.65.177.112 - - [31/Jan/2026:01:27:42 -0500] "GET /file.php HTTP/1.1" 404 58656 "-" "-"
40.65.177.112 - - [31/Jan/2026:01:27:43 -0500] "GET /revision.php HTTP/1.1" 404 58656 "-" "-"
40.65.177.112 - - [31/Jan/2026:01:27:43 -0500] "GET /panel.php HTTP/1.1" 404 58656 "-" "-"
40.65.177.112 - - [31/Jan/2026:01:27:43 -0500] "GET /wen.php HTTP/1.1" 404 58656 "-" "-"
40.65.177.112 - - [31/Jan/2026:01:27:43 -0500] "GET /ioxi-o.php HTTP/1.1" 404 58656 "-" "-"
40.65.177.112 - - [31/Jan/2026:01:27:44 -0500] "GET /gtc.php HTTP/1.1" 404 58656 "-" "-"
40.65.177.112 - - [31/Jan/2026:01:27:45 -0500] "GET /mini.php HTTP/1.1" 404 58656 "-" "-"
40.65.177.112 - - [31/Jan/2026:01:27:45 -0500] "GET /siteheads.php HTTP/1.1" 404 58656 "-" "-"
40.65.177.112 - - [31/Jan/2026:01:27:46 -0500] "GET /okxh.php HTTP/1.1" 404 58656 "-" "-"
40.65.177.112 - - [31/Jan/2026:01:27:46 -0500] "GET /content.php HTTP/1.1" 404 58656 "-" "-"
40.65.177.112 - - [31/Jan/2026:01:27:47 -0500] "GET /wp-good.php HTTP/1.1" 404 58656 "-" "-"
40.65.177.112 - - [31/Jan/2026:01:27:47 -0500] "GET /abcd.php HTTP/1.1" 404 58656 "-" "-"
40.65.177.112 - - [31/Jan/2026:01:27:47 -0500] "GET /log.php HTTP/1.1" 404 58656 "-" "-"
40.65.177.112 - - [31/Jan/2026:01:27:48 -0500] "GET /info.php HTTP/1.1" 404 58656 "-" "-"
40.65.177.112 - - [31/Jan/2026:01:27:48 -0500] "GET /ar/mgsl.php HTTP/1.1" 404 58656 "-" "-"
40.65.177.112 - - [31/Jan/2026:01:27:48 -0500] "GET /assets/as.php HTTP/1.1" 404 58656 "-" "-"
40.65.177.112 - - [31/Jan/2026:01:27:49 -0500] "GET /12.php HTTP/1.1" 404 58656 "-" "-"
40.65.177.112 - - [31/Jan/2026:01:27:49 -0500] "GET /yr.PHP HTTP/1.1" 404 58656 "-" "-"
40.65.177.112 - - [31/Jan/2026:01:27:49 -0500] "GET /dex.php HTTP/1.1" 404 58656 "-" "-"
40.65.177.112 - - [31/Jan/2026:01:27:50 -0500] "GET /yas.php HTTP/1.1" 404 58656 "-" "-"
40.65.177.112 - - [31/Jan/2026:01:27:50 -0500] "GET /up.php HTTP/1.1" 404 58656 "-" "-"
40.65.177.112 - - [31/Jan/2026:01:27:50 -0500] "GET /ova.php HTTP/1.1" 404 58656 "-" "-"
40.65.177.112 - - [31/Jan/2026:01:27:51 -0500] "GET /buy.php HTTP/1.1" 404 58656 "-" "-"
40.65.177.112 - - [31/Jan/2026:01:27:51 -0500] "GET /wp-content/lock360.php HTTP/1.1" 404 58656 "-" "-"
40.65.177.112 - - [31/Jan/2026:01:27:51 -0500] "GET /classwithtostring.php HTTP/1.1" 404 58656 "-" "-"
40.65.177.112 - - [31/Jan/2026:01:27:52 -0500] "GET /acxx.php HTTP/1.1" 404 58656 "-" "-"
40.65.177.112 - - [31/Jan/2026:01:27:53 -0500] "GET /includes/phpinfo.php HTTP/1.1" 404 58656 "-" "-"
40.65.177.112 - - [31/Jan/2026:01:27:53 -0500] "GET /mk.php HTTP/1.1" 404 58656 "-" "-"
40.65.177.112 - - [31/Jan/2026:01:27:54 -0500] "GET /zoo.php HTTP/1.1" 404 58656 "-" "-"
40.65.177.112 - - [31/Jan/2026:01:27:54 -0500] "GET /33.php HTTP/1.1" 404 58656 "-" "-"
40.65.177.112 - - [31/Jan/2026:01:27:55 -0500] "GET /js/sxx.php HTTP/1.1" 404 58656 "-" "-"
40.65.177.112 - - [31/Jan/2026:01:27:55 -0500] "GET /mode.php HTTP/1.1" 404 58656 "-" "-"
40.65.177.112 - - [31/Jan/2026:01:27:56 -0500] "GET /docs.php HTTP/1.1" 404 58656 "-" "-"
40.65.177.112 - - [31/Jan/2026:01:27:56 -0500] "GET /abc.php HTTP/1.1" 404 58656 "-" "-"
40.65.177.112 - - [31/Jan/2026:01:27:56 -0500] "GET /ioxi001.PhP7 HTTP/1.1" 404 58656 "-" "-"
40.65.177.112 - - [31/Jan/2026:01:27:57 -0500] "GET /wp-tot.php HTTP/1.1" 404 58656 "-" "-"
40.65.177.112 - - [31/Jan/2026:01:27:57 -0500] "GET /mah/xBrain.php HTTP/1.1" 404 58656 "-" "-"
40.65.177.112 - - [31/Jan/2026:01:27:57 -0500] "GET /ioxi.php HTTP/1.1" 404 58656 "-" "-"
40.65.177.112 - - [31/Jan/2026:01:27:58 -0500] "GET /ans.php HTTP/1.1" 404 58656 "-" "-"
40.65.177.112 - - [31/Jan/2026:01:27:58 -0500] "GET /ok.php HTTP/1.1" 404 58656 "-" "-"
40.65.177.112 - - [31/Jan/2026:01:27:58 -0500] "GET /asasx.php HTTP/1.1" 404 58656 "-" "-"
40.65.177.112 - - [31/Jan/2026:01:27:59 -0500] "GET /fileupload.php HTTP/1.1" 404 58656 "-" "-"
40.65.177.112 - - [31/Jan/2026:01:27:59 -0500] "GET /ran.php HTTP/1.1" 404 58656 "-" "-"
40.65.177.112 - - [31/Jan/2026:01:28:00 -0500] "GET /set.php HTTP/1.1" 404 58656 "-" "-"
40.65.177.112 - - [31/Jan/2026:01:28:00 -0500] "GET /bs2.php HTTP/1.1" 404 58656 "-" "-"
40.65.177.112 - - [31/Jan/2026:01:28:00 -0500] "GET /pegi.PhP8 HTTP/1.1" 404 58656 "-" "-"
40.65.177.112 - - [31/Jan/2026:01:28:01 -0500] "GET /gifclass.php HTTP/1.1" 404 58656 "-" "-"
40.65.177.112 - - [31/Jan/2026:01:28:01 -0500] "GET /wp-admin/maint/about.php HTTP/1.1" 404 55900 "-" "-"
40.65.177.112 - - [31/Jan/2026:01:28:01 -0500] "GET /manager.php HTTP/1.1" 404 58656 "-" "-"
40.65.177.112 - - [31/Jan/2026:01:28:02 -0500] "GET /xx.php HTTP/1.1" 404 58656 "-" "-"
40.65.177.112 - - [31/Jan/2026:01:28:02 -0500] "GET /about.php HTTP/1.1" 404 58656 "-" "-"
40.65.177.112 - - [31/Jan/2026:01:28:02 -0500] "GET /zfile.php HTTP/1.1" 404 58656 "-" "-"
40.65.177.112 - - [31/Jan/2026:01:28:03 -0500] "GET /ccou.php HTTP/1.1" 404 58656 "-" "-"
40.65.177.112 - - [31/Jan/2026:01:28:03 -0500] "GET /as.php HTTP/1.1" 404 58656 "-" "-"
40.65.177.112 - - [31/Jan/2026:01:28:04 -0500] "GET /autoload_classmap.php HTTP/1.1" 404 58656 "-" "-"
40.65.177.112 - - [31/Jan/2026:01:28:04 -0500] "GET /.well-known/admin.php HTTP/1.1" 404 58656 "-" "-"
40.65.177.112 - - [31/Jan/2026:01:28:04 -0500] "GET /ar.php HTTP/1.1" 404 58656 "-" "-"
40.65.177.112 - - [31/Jan/2026:01:28:05 -0500] "GET /css/index.php HTTP/1.1" 301 - "-" "-"
40.65.177.112 - - [31/Jan/2026:01:28:05 -0500] "GET /css/ HTTP/1.1" 404 58656 "-" "-"
40.65.177.112 - - [31/Jan/2026:01:28:05 -0500] "GET /retu11.PhP7 HTTP/1.1" 404 58656 "-" "-"
74.206.190.106 - - [31/Jan/2026:01:32:33 -0500] "POST /wp-cron.php?doing_wp_cron=1769841153.5064339637756347656250 HTTP/1.1" 200 - "-" "WordPress/6.8.3; https://safeclick.cc"
43.153.119.119 - - [31/Jan/2026:01:32:33 -0500] "GET / HTTP/1.1" 301 - "-" "Mozilla/5.0 (iPhone; CPU iPhone OS 13_2_3 like Mac OS X) AppleWebKit/605.1.15 (KHTML, like Gecko) Version/13.0.3 Mobile/15E148 Safari/604.1"
74.206.190.106 - - [31/Jan/2026:01:32:33 -0500] "POST /wp-admin/admin-ajax.php?action=wp_lassolite_amazon_shortlink_process&nonce=ead9768219 HTTP/1.1" 200 - "-" "WordPress/6.8.3; https://safeclick.cc"
74.206.190.106 - - [31/Jan/2026:01:32:33 -0500] "POST /wp-admin/admin-ajax.php?action=wp_lassolite_amazon_process&nonce=8b6f60632b HTTP/1.1" 200 - "-" "WordPress/6.8.3; https://safeclick.cc"
74.206.190.106 - - [31/Jan/2026:01:32:34 -0500] "POST /wp-cron.php?doing_wp_cron=1769841154.7628169059753417968750 HTTP/1.1" 200 - "-" "WordPress/6.8.3; https://safeclick.cc"
43.153.119.119 - - [31/Jan/2026:01:32:34 -0500] "GET / HTTP/1.1" 200 53801 "http://www.safeclick.cc" "Mozilla/5.0 (iPhone; CPU iPhone OS 13_2_3 like Mac OS X) AppleWebKit/605.1.15 (KHTML, like Gecko) Version/13.0.3 Mobile/15E148 Safari/604.1"
74.206.190.106 - - [31/Jan/2026:02:23:10 -0500] "POST /wp-cron.php?doing_wp_cron=1769844190.1108870506286621093750 HTTP/1.1" 200 - "-" "WordPress/6.8.3; https://safeclick.cc"
35.86.204.51 - - [31/Jan/2026:02:23:09 -0500] "GET /robots.txt HTTP/1.1" 301 - "-" "Mozilla/5.0 (compatible; wpbot/1.4; +https://forms.gle/ajBaxygz9jSR8p8G9)"
35.86.204.51 - - [31/Jan/2026:02:23:10 -0500] "GET /enhancecp HTTP/1.1" 301 - "-" "Mozilla/5.0 (compatible; wpbot/1.4; +https://forms.gle/ajBaxygz9jSR8p8G9)"
74.206.190.106 - - [31/Jan/2026:02:37:45 -0500] "POST /wp-cron.php?doing_wp_cron=1769845065.7963271141052246093750 HTTP/1.1" 200 - "-" "WordPress/6.8.3; https://safeclick.cc"
43.166.246.180 - - [31/Jan/2026:02:37:45 -0500] "GET / HTTP/1.1" 200 53801 "-" "Mozilla/5.0 (iPhone; CPU iPhone OS 13_2_3 like Mac OS X) AppleWebKit/605.1.15 (KHTML, like Gecko) Version/13.0.3 Mobile/15E148 Safari/604.1"
74.206.190.106 - - [31/Jan/2026:02:37:45 -0500] "POST /wp-admin/admin-ajax.php?action=wp_lassolite_amazon_shortlink_process&nonce=ead9768219 HTTP/1.1" 200 - "-" "WordPress/6.8.3; https://safeclick.cc"
74.206.190.106 - - [31/Jan/2026:02:37:46 -0500] "POST /wp-admin/admin-ajax.php?action=wp_lassolite_amazon_process&nonce=8b6f60632b HTTP/1.1" 200 - "-" "WordPress/6.8.3; https://safeclick.cc"
74.206.190.106 - - [31/Jan/2026:02:41:18 -0500] "POST /wp-cron.php?doing_wp_cron=1769845278.3496000766754150390625 HTTP/1.1" 200 - "-" "WordPress/6.8.3; https://safeclick.cc"
93.158.91.253 - - [31/Jan/2026:02:41:18 -0500] "GET / HTTP/1.1" 200 53801 "-" "Mozilla/5.0 (X11; CrOS x86_64 14541.0.0) AppleWebKit/537.36 (KHTML, like Gecko) Chrome/121.0.0.0 Safari/537.3"
93.158.91.243 - - [31/Jan/2026:02:41:19 -0500] "GET /2025/11/07/hello-world/ HTTP/1.1" 200 72899 "-" "Mozilla/5.0 (X11; CrOS x86_64 14541.0.0) AppleWebKit/537.36 (KHTML, like Gecko) Chrome/121.0.0.0 Safari/537.3"
93.158.91.244 - - [31/Jan/2026:02:41:19 -0500] "GET /2025/11/07/hello-world/?replytocom=1 HTTP/1.1" 200 72944 "-" "Mozilla/5.0 (X11; CrOS x86_64 14541.0.0) AppleWebKit/537.36 (KHTML, like Gecko) Chrome/121.0.0.0 Safari/537.3"
93.158.91.239 - - [31/Jan/2026:02:41:20 -0500] "GET /2025/11/07/hello-world/ HTTP/1.1" 200 72899 "-" "Mozilla/5.0 (X11; CrOS x86_64 14541.0.0) AppleWebKit/537.36 (KHTML, like Gecko) Chrome/121.0.0.0 Safari/537.3"