65.111.28.231 - - [29/Jan/2026:20:46:34 -0500] "POST /xmlrpc.php HTTP/1.1" 403 279 "-" "Mozilla/5.0 (Windows NT 10.0; Win64; x64; rv:127.0) Gecko/20100101 Firefox/127.0"
216.26.238.115 - - [29/Jan/2026:20:46:35 -0500] "POST /xmlrpc.php HTTP/1.1" 403 279 "-" "Mozilla/5.0 (Windows NT 10.0; Win64; x64; rv:127.0) Gecko/20100101 Firefox/127.0"
65.111.7.34 - - [29/Jan/2026:20:46:35 -0500] "POST /xmlrpc.php HTTP/1.1" 403 279 "-" "Mozilla/5.0 (Macintosh; Intel Mac OS X 13_5) AppleWebKit/605.1.15 (KHTML, like Gecko) Version/17.5 Safari/605.1.15"
154.213.165.108 - - [29/Jan/2026:20:46:36 -0500] "POST /xmlrpc.php HTTP/1.1" 403 279 "-" "Mozilla/5.0 (Windows NT 10.0; Win64; x64; rv:127.0) Gecko/20100101 Firefox/127.0"
216.26.234.247 - - [29/Jan/2026:20:46:37 -0500] "POST /xmlrpc.php HTTP/1.1" 403 279 "-" "Mozilla/5.0 (Windows NT 10.0; Win64; x64) AppleWebKit/537.36 (KHTML, like Gecko) Chrome/124.0.6367.207 Safari/537.36"
45.3.52.198 - - [29/Jan/2026:20:46:37 -0500] "POST /xmlrpc.php HTTP/1.1" 403 279 "-" "Mozilla/5.0 (Windows NT 10.0; Win64; x64) AppleWebKit/537.36 (KHTML, like Gecko) Chrome/124.0.6367.207 Safari/537.36"
209.50.163.126 - - [29/Jan/2026:20:46:37 -0500] "GET /wp-login.php HTTP/1.1" 200 2956 "-" "Mozilla/5.0 (Windows NT 10.0; Win64; x64) AppleWebKit/537.36 (KHTML, like Gecko) Chrome/124.0.6367.207 Safari/537.36"
209.50.163.126 - - [29/Jan/2026:20:46:38 -0500] "POST /wp-login.php HTTP/1.1" 302 - "http://www.pricktube.com/wp-login.php" "Mozilla/5.0 (Windows NT 10.0; Win64; x64) AppleWebKit/537.36 (KHTML, like Gecko) Chrome/124.0.6367.207 Safari/537.36"
209.50.163.126 - - [29/Jan/2026:20:46:39 -0500] "GET /wp-admin/ HTTP/1.1" 200 72303 "http://www.pricktube.com/wp-login.php" "Mozilla/5.0 (Windows NT 10.0; Win64; x64) AppleWebKit/537.36 (KHTML, like Gecko) Chrome/124.0.6367.207 Safari/537.36"
209.50.163.126 - - [29/Jan/2026:20:46:40 -0500] "GET /wp-admin/admin-ajax.php?action=rest-nonce HTTP/1.1" 400 1 "-" "Mozilla/5.0 (Windows NT 10.0; Win64; x64) AppleWebKit/537.36 (KHTML, like Gecko) Chrome/124.0.6367.207 Safari/537.36"
209.50.163.126 - - [29/Jan/2026:20:46:41 -0500] "GET /wp-admin/admin-ajax.php?action=rest-nonce HTTP/1.1" 400 1 "-" "Mozilla/5.0 (Windows NT 10.0; Win64; x64) AppleWebKit/537.36 (KHTML, like Gecko) Chrome/124.0.6367.207 Safari/537.36"
209.50.163.126 - - [29/Jan/2026:20:46:41 -0500] "GET /wp-admin/admin-ajax.php?action=rest-nonce HTTP/1.1" 400 1 "-" "Mozilla/5.0 (Windows NT 10.0; Win64; x64) AppleWebKit/537.36 (KHTML, like Gecko) Chrome/124.0.6367.207 Safari/537.36"
209.50.163.126 - - [29/Jan/2026:20:46:42 -0500] "GET /wp-admin/admin-ajax.php?action=rest-nonce HTTP/1.1" 400 1 "-" "Mozilla/5.0 (Windows NT 10.0; Win64; x64) AppleWebKit/537.36 (KHTML, like Gecko) Chrome/124.0.6367.207 Safari/537.36"
209.50.163.126 - - [29/Jan/2026:20:46:42 -0500] "GET /wp-admin/admin-ajax.php?action=rest-nonce HTTP/1.1" 400 1 "-" "Mozilla/5.0 (Windows NT 10.0; Win64; x64) AppleWebKit/537.36 (KHTML, like Gecko) Chrome/124.0.6367.207 Safari/537.36"
209.50.163.126 - - [29/Jan/2026:20:46:43 -0500] "GET /wp-json/wp/v2/users/me HTTP/1.1" 404 287 "-" "Mozilla/5.0 (Windows NT 10.0; Win64; x64) AppleWebKit/537.36 (KHTML, like Gecko) Chrome/124.0.6367.207 Safari/537.36"
209.50.163.126 - - [29/Jan/2026:20:46:43 -0500] "GET /wp-json/wp/v2/users/me HTTP/1.1" 404 287 "-" "Mozilla/5.0 (Windows NT 10.0; Win64; x64) AppleWebKit/537.36 (KHTML, like Gecko) Chrome/124.0.6367.207 Safari/537.36"
209.50.163.126 - - [29/Jan/2026:20:46:43 -0500] "GET /wp-json/wp/v2/users/me HTTP/1.1" 404 287 "-" "Mozilla/5.0 (Windows NT 10.0; Win64; x64) AppleWebKit/537.36 (KHTML, like Gecko) Chrome/124.0.6367.207 Safari/537.36"
209.50.163.126 - - [29/Jan/2026:20:46:44 -0500] "GET /wp-json/wp/v2/users/me HTTP/1.1" 404 287 "-" "Mozilla/5.0 (Windows NT 10.0; Win64; x64) AppleWebKit/537.36 (KHTML, like Gecko) Chrome/124.0.6367.207 Safari/537.36"
209.50.163.126 - - [29/Jan/2026:20:46:44 -0500] "GET /wp-json/wp/v2/users/me HTTP/1.1" 404 287 "-" "Mozilla/5.0 (Windows NT 10.0; Win64; x64) AppleWebKit/537.36 (KHTML, like Gecko) Chrome/124.0.6367.207 Safari/537.36"
209.50.163.126 - - [29/Jan/2026:20:46:45 -0500] "GET /wp-admin/theme-editor.php HTTP/1.1" 200 43965 "-" "Mozilla/5.0 (Windows NT 10.0; Win64; x64) AppleWebKit/537.36 (KHTML, like Gecko) Chrome/124.0.6367.207 Safari/537.36"
209.50.163.126 - - [29/Jan/2026:20:46:45 -0500] "GET /wp-admin/plugin-editor.php HTTP/1.1" 200 37791 "-" "Mozilla/5.0 (Windows NT 10.0; Win64; x64) AppleWebKit/537.36 (KHTML, like Gecko) Chrome/124.0.6367.207 Safari/537.36"
209.50.163.126 - - [29/Jan/2026:20:46:46 -0500] "GET /wp-admin/theme-install.php HTTP/1.1" 200 42840 "-" "Mozilla/5.0 (Windows NT 10.0; Win64; x64) AppleWebKit/537.36 (KHTML, like Gecko) Chrome/124.0.6367.207 Safari/537.36"
209.50.163.126 - - [29/Jan/2026:20:46:46 -0500] "GET /wp-admin/plugin-install.php HTTP/1.1" 200 80249 "-" "Mozilla/5.0 (Windows NT 10.0; Win64; x64) AppleWebKit/537.36 (KHTML, like Gecko) Chrome/124.0.6367.207 Safari/537.36"
209.50.163.126 - - [29/Jan/2026:20:46:48 -0500] "POST /wp-admin/update.php?action=upload-plugin HTTP/1.1" 500 2798 "http://www.pricktube.com/wp-admin/update.php?action=upload-plugin" "Mozilla/5.0 (Windows NT 10.0; Win64; x64) AppleWebKit/537.36 (KHTML, like Gecko) Chrome/124.0.6367.207 Safari/537.36"
209.50.163.126 - - [29/Jan/2026:20:46:49 -0500] "GET /wp-admin/plugins.php?plugin_status=all HTTP/1.1" 200 59126 "-" "Mozilla/5.0 (Windows NT 10.0; Win64; x64) AppleWebKit/537.36 (KHTML, like Gecko) Chrome/124.0.6367.207 Safari/537.36"
209.50.163.126 - - [29/Jan/2026:20:46:50 -0500] "GET /wp-admin/plugins.php?plugin_status=all HTTP/1.1" 200 59126 "-" "Mozilla/5.0 (Windows NT 10.0; Win64; x64) AppleWebKit/537.36 (KHTML, like Gecko) Chrome/124.0.6367.207 Safari/537.36"
209.50.163.126 - - [29/Jan/2026:20:46:51 -0500] "GET /wp-admin/plugins.php?plugin_status=all HTTP/1.1" 200 59126 "-" "Mozilla/5.0 (Windows NT 10.0; Win64; x64) AppleWebKit/537.36 (KHTML, like Gecko) Chrome/124.0.6367.207 Safari/537.36"
209.50.163.126 - - [29/Jan/2026:20:46:52 -0500] "GET /wp-admin/plugins.php?plugin_status=all HTTP/1.1" 200 59126 "-" "Mozilla/5.0 (Windows NT 10.0; Win64; x64) AppleWebKit/537.36 (KHTML, like Gecko) Chrome/124.0.6367.207 Safari/537.36"
209.50.163.126 - - [29/Jan/2026:20:46:53 -0500] "GET /wp-admin/plugins.php?plugin_status=all HTTP/1.1" 200 59126 "-" "Mozilla/5.0 (Windows NT 10.0; Win64; x64) AppleWebKit/537.36 (KHTML, like Gecko) Chrome/124.0.6367.207 Safari/537.36"
209.50.163.126 - - [29/Jan/2026:20:46:54 -0500] "GET /wp-admin/plugins.php HTTP/1.1" 200 59068 "-" "Mozilla/5.0 (Windows NT 10.0; Win64; x64) AppleWebKit/537.36 (KHTML, like Gecko) Chrome/124.0.6367.207 Safari/537.36"
114.119.128.46 - - [29/Jan/2026:20:50:15 -0500] "GET /index.php/cock-tube/cock-ring.html HTTP/1.1" 200 45229 "http://www.pricktube.com/index.php/category/cock-tube/page/4" "Mozilla/5.0 (Linux; Android 7.0;) AppleWebKit/537.36 (KHTML, like Gecko) Mobile Safari/537.36 (compatible; PetalBot;+https://webmaster.petalsearch.com/site/petalbot)"
74.206.190.81 - - [29/Jan/2026:20:50:31 -0500] "GET / HTTP/1.1" 200 46596 "-" "curl/7.29.0"
74.206.190.81 - - [29/Jan/2026:20:55:31 -0500] "GET / HTTP/1.1" 200 46596 "-" "curl/7.29.0"
74.206.190.81 - - [29/Jan/2026:21:00:38 -0500] "GET / HTTP/1.1" 200 46596 "-" "curl/7.29.0"
37.77.150.124 - - [29/Jan/2026:21:02:26 -0500] "GET /wp-login.php?wp_lang=en_US HTTP/1.1" 200 2956 "http://www.pricktube.com/wp-login.php" "Mozilla/5.0 (Windows NT 10.0; Win64; x64; rv:141.0) Gecko/20100101 Firefox/141.0"
37.77.150.124 - - [29/Jan/2026:21:02:32 -0500] "POST /wp-login.php?wp_lang=en_US HTTP/1.1" 200 3958 "http://www.pricktube.com/wp-login.php" "Mozilla/5.0 (Windows NT 10.0; Win64; x64; rv:141.0) Gecko/20100101 Firefox/141.0"
139.99.25.135 - - [29/Jan/2026:21:04:44 -0500] "GET / HTTP/1.1" 200 46596 "-" "Mozilla/5.0 (Linux; Android 11; CPH2185) AppleWebKit/537.36 (KHTML, like Gecko) Chrome/91.0.4472.101 Mobile Safari/537.36"
5.46.134.107 - - [29/Jan/2026:21:05:25 -0500] "GET / HTTP/1.1" 301 - "-" "Mozilla/5.0 (Windows NT 10.0; Win64; x64) AppleWebKit/537.36 (KHTML, like Gecko) Chrome/120.0.0.0 Safari/537.36"
5.46.134.107 - - [29/Jan/2026:21:05:26 -0500] "GET / HTTP/1.1" 200 46596 "-" "Mozilla/5.0 (Windows NT 10.0; Win64; x64) AppleWebKit/537.36 (KHTML, like Gecko) Chrome/120.0.0.0 Safari/537.36"
74.206.190.81 - - [29/Jan/2026:21:05:31 -0500] "GET / HTTP/1.1" 200 46596 "-" "curl/7.29.0"
3.251.15.148 - - [29/Jan/2026:21:05:48 -0500] "GET /robots.txt HTTP/1.1" 200 29 "-" "Mozilla/5.0 (Macintosh; Intel Mac OS X 10_15_5) AppleWebKit/537.36 (KHTML, like Gecko) Chrome/83.0.4103.61 Safari/537.36"
3.251.15.148 - - [29/Jan/2026:21:05:53 -0500] "GET / HTTP/1.1" 200 46596 "http://pricktube.com/" "Mozilla/5.0 (Macintosh; Intel Mac OS X 10_15_5) AppleWebKit/537.36 (KHTML, like Gecko) Chrome/83.0.4103.61 Safari/537.36"
23.82.99.116 - - [29/Jan/2026:21:06:41 -0500] "GET / HTTP/1.1" 301 - "-" "Mozilla/5.0 (Windows NT 11.0; Win64; x64) AppleWebKit/537.36 (KHTML, like Gecko) Chrome/134.0.6998.166 Safari/537.36"
23.82.99.116 - - [29/Jan/2026:21:06:42 -0500] "GET / HTTP/1.1" 200 46596 "-" "Mozilla/5.0 (Windows NT 11.0; Win64; x64) AppleWebKit/537.36 (KHTML, like Gecko) Chrome/134.0.6998.166 Safari/537.36"
74.206.190.81 - - [29/Jan/2026:21:10:31 -0500] "GET / HTTP/1.1" 200 46596 "-" "curl/7.29.0"
141.94.194.132 - - [29/Jan/2026:21:11:11 -0500] "GET /index.php/category/cock-tube/feed HTTP/1.1" 200 90345 "-" "Mozilla/5.0 (X11; Linux i686) AppleWebKit/537.36 (KHTML, like Gecko) Chrome/30.0.1599.66 Safari/537.36"
74.206.190.81 - - [29/Jan/2026:21:15:29 -0500] "GET / HTTP/1.1" 200 46596 "-" "curl/7.29.0"
74.206.190.81 - - [29/Jan/2026:21:20:48 -0500] "GET / HTTP/1.1" 200 46596 "-" "curl/7.29.0"
74.206.190.81 - - [29/Jan/2026:21:25:33 -0500] "GET / HTTP/1.1" 200 46596 "-" "curl/7.29.0"
35.81.156.78 - - [29/Jan/2026:21:26:17 -0500] "GET /robots.txt HTTP/1.1" 200 29 "-" "expo-research-bot"
54.71.120.80 - - [29/Jan/2026:21:26:18 -0500] "GET /index.php/cock-tube/gay-dick.html/feed HTTP/1.1" 200 2047 "-" "expo-research-bot"
74.206.190.81 - - [29/Jan/2026:21:30:32 -0500] "GET / HTTP/1.1" 200 46596 "-" "curl/7.29.0"
74.206.190.81 - - [29/Jan/2026:21:35:29 -0500] "GET / HTTP/1.1" 200 46596 "-" "curl/7.29.0"
54.148.230.83 - - [29/Jan/2026:21:36:43 -0500] "GET /robots.txt HTTP/1.1" 200 29 "-" "expo-research-bot"
52.37.216.73 - - [29/Jan/2026:21:36:44 -0500] "GET /index.php/latino-cocks/free-gaytube.html HTTP/1.1" 200 39676 "-" "expo-research-bot"
74.206.190.81 - - [29/Jan/2026:21:40:46 -0500] "POST /wp-cron.php?doing_wp_cron=1769740846.2578530311584472656250 HTTP/1.1" 200 - "http://www.pricktube.com/wp-cron.php?doing_wp_cron=1769740846.2578530311584472656250" "WordPress/5.1.8; http://www.pricktube.com"
74.206.190.81 - - [29/Jan/2026:21:40:46 -0500] "GET / HTTP/1.1" 200 46596 "-" "curl/7.29.0"
141.94.194.132 - - [29/Jan/2026:21:41:11 -0500] "GET /index.php/cock-tube/sucking-cock.html/feed HTTP/1.1" 200 1323 "-" "Mozilla/5.0 (X11; Linux i686) AppleWebKit/537.36 (KHTML, like Gecko) Chrome/30.0.1599.66 Safari/537.36"
83.217.208.83 - - [29/Jan/2026:21:41:21 -0500] "GET /wp-login.php HTTP/1.1" 200 2956 "-" "Mozilla/5.0 (Macintosh; Intel Mac OS X 10.9; rv:30.0) Gecko/20100101 Firefox/30.0"
83.217.208.83 - - [29/Jan/2026:21:41:23 -0500] "POST /wp-login.php HTTP/1.1" 200 3906 "-" "Mozilla/5.0 (Macintosh; Intel Mac OS X 10.9; rv:30.0) Gecko/20100101 Firefox/30.0"
74.206.190.81 - - [29/Jan/2026:21:41:34 -0500] "POST /wp-cron.php?doing_wp_cron=1769740894.2951619625091552734375 HTTP/1.1" 200 - "http://www.pricktube.com/wp-cron.php?doing_wp_cron=1769740894.2951619625091552734375" "WordPress/5.1.8; http://www.pricktube.com"
107.189.7.100 - - [29/Jan/2026:21:41:34 -0500] "GET /wp-login.php HTTP/1.1" 200 2956 "-" "Mozilla/5.0 (Windows NT 6.1; rv:24.0) Gecko/20100101 Firefox/24.0"
107.189.7.100 - - [29/Jan/2026:21:41:35 -0500] "POST /wp-login.php HTTP/1.1" 200 3944 "-" "Mozilla/5.0 (Windows NT 6.1; rv:24.0) Gecko/20100101 Firefox/24.0"
107.189.30.231 - - [29/Jan/2026:21:44:24 -0500] "GET /wp-login.php HTTP/1.1" 200 2956 "-" "Mozilla/5.0 (Windows NT 5.1; rv:30.0) Gecko/20100101 Firefox/30.0"
107.189.30.231 - - [29/Jan/2026:21:44:25 -0500] "POST /wp-login.php HTTP/1.1" 200 3948 "-" "Mozilla/5.0 (Windows NT 5.1; rv:30.0) Gecko/20100101 Firefox/30.0"
74.206.190.81 - - [29/Jan/2026:21:45:31 -0500] "GET / HTTP/1.1" 200 46596 "-" "curl/7.29.0"
74.206.190.81 - - [29/Jan/2026:21:50:32 -0500] "GET / HTTP/1.1" 200 46596 "-" "curl/7.29.0"
74.206.190.81 - - [29/Jan/2026:21:55:31 -0500] "GET / HTTP/1.1" 200 46596 "-" "curl/7.29.0"
74.206.190.81 - - [29/Jan/2026:22:00:41 -0500] "GET / HTTP/1.1" 200 46596 "-" "curl/7.29.0"
74.206.190.81 - - [29/Jan/2026:22:05:34 -0500] "GET / HTTP/1.1" 200 46596 "-" "curl/7.29.0"
74.206.190.81 - - [29/Jan/2026:22:10:32 -0500] "GET / HTTP/1.1" 200 46596 "-" "curl/7.29.0"
74.206.190.81 - - [29/Jan/2026:22:15:31 -0500] "GET / HTTP/1.1" 200 46596 "-" "curl/7.29.0"
114.119.140.179 - - [29/Jan/2026:22:16:34 -0500] "GET /index.php/cock-tube/hard-cock-tube-3.html HTTP/1.1" 200 45267 "http://www.pricktube.com/index.php/category/cock-tube/page/3" "Mozilla/5.0 (Linux; Android 7.0;) AppleWebKit/537.36 (KHTML, like Gecko) Mobile Safari/537.36 (compatible; PetalBot;+https://webmaster.petalsearch.com/site/petalbot)"
220.181.108.83 - - [29/Jan/2026:22:19:03 -0500] "GET /index.php/cock-tube/%D0%BD%D0%BE%D0%B2%D0%BE%D1%81%D1%82%D0%B8-%D0%B8%D0%BD%D0%B4%D1%83%D1%81%D1%82%D1%80%D0%B8%D0%B8-%D0%B8%D0%BD%D0%B4%D0%B8%D0%B2%D0%B8%D0%B4%D1%83%D0%B0%D0%BB%D0%BA%D0%B8-%D0%B0%D0%BB%D0%BC%D0%B0.html HTTP/1.1" 403 361 "-" "Mozilla/5.0 (compatible; Baiduspider/2.0; +http://www.baidu.com/search/spider.html)"
119.249.100.112 - - [29/Jan/2026:22:19:07 -0500] "GET /index.php/cock-tube/%D0%BD%D0%BE%D0%B2%D0%BE%D1%81%D1%82%D0%B8-%D0%B8%D0%BD%D0%B4%D1%83%D1%81%D1%82%D1%80%D0%B8%D0%B8-%D0%B8%D0%BD%D0%B4%D0%B8%D0%B2%D0%B8%D0%B4%D1%83%D0%B0%D0%BB%D0%BA%D0%B8-%D0%B0%D0%BB%D0%BC%D0%B0.html HTTP/1.1" 404 30609 "-" "Mozilla/5.0 (Windows NT 10.0; WOW64) AppleWebKit/537.36 (KHTML, like Gecko) Chrome/48.0.2564.116 Safari/537.36"
74.206.190.81 - - [29/Jan/2026:22:20:44 -0500] "GET / HTTP/1.1" 200 46596 "-" "curl/7.29.0"
74.206.190.81 - - [29/Jan/2026:22:25:36 -0500] "GET / HTTP/1.1" 200 46596 "-" "curl/7.29.0"
141.94.194.132 - - [29/Jan/2026:22:27:31 -0500] "GET /index.php/cock-tube/gay-dick.html/feed HTTP/1.1" 200 2047 "-" "Mozilla/5.0 (X11; Linux i686) AppleWebKit/537.36 (KHTML, like Gecko) Chrome/30.0.1599.66 Safari/537.36"
74.206.190.81 - - [29/Jan/2026:22:30:30 -0500] "GET / HTTP/1.1" 200 46596 "-" "curl/7.29.0"
44.231.18.120 - - [29/Jan/2026:22:31:30 -0500] "GET /robots.txt HTTP/1.1" 200 29 "-" "expo-research-bot"
44.231.18.120 - - [29/Jan/2026:22:31:31 -0500] "GET /index.php/wp-json/oembed/1.0/embed?format=xml&url=http://www.pricktube.com/index.php/latino-cocks/latino-cock-tube.html HTTP/1.1" 200 2437 "-" "expo-research-bot"
52.13.106.209 - - [29/Jan/2026:22:32:56 -0500] "GET /index.php/wp-json/oembed/1.0/embed?format=xml&url=http://www.pricktube.com/index.php/cock-tube/gay-buff-guy.html HTTP/1.1" 200 2426 "-" "expo-research-bot"
74.206.190.81 - - [29/Jan/2026:22:35:29 -0500] "GET / HTTP/1.1" 200 46596 "-" "curl/7.29.0"
74.206.190.81 - - [29/Jan/2026:22:40:36 -0500] "POST /wp-cron.php?doing_wp_cron=1769744436.5907220840454101562500 HTTP/1.1" 200 - "http://www.pricktube.com/wp-cron.php?doing_wp_cron=1769744436.5907220840454101562500" "WordPress/5.1.8; http://www.pricktube.com"
74.206.190.81 - - [29/Jan/2026:22:40:36 -0500] "GET / HTTP/1.1" 200 46596 "-" "curl/7.29.0"
74.206.190.81 - - [29/Jan/2026:22:45:31 -0500] "POST /wp-cron.php?doing_wp_cron=1769744731.2883460521697998046875 HTTP/1.1" 200 - "http://www.pricktube.com/wp-cron.php?doing_wp_cron=1769744731.2883460521697998046875" "WordPress/5.1.8; http://www.pricktube.com"
74.206.190.81 - - [29/Jan/2026:22:45:31 -0500] "GET / HTTP/1.1" 200 46596 "-" "curl/7.29.0"
45.61.188.177 - - [29/Jan/2026:22:45:54 -0500] "GET /wp-login.php HTTP/1.1" 200 2956 "-" "Mozilla/5.0 (Macintosh; Intel Mac OS X 10_9_0) AppleWebKit/537.36 (KHTML, like Gecko) Chrome/36.0.1985.125 Safari/537.36"
45.61.188.177 - - [29/Jan/2026:22:45:54 -0500] "POST /wp-login.php HTTP/1.1" 200 3944 "-" "Mozilla/5.0 (Macintosh; Intel Mac OS X 10_9_0) AppleWebKit/537.36 (KHTML, like Gecko) Chrome/36.0.1985.125 Safari/537.36"
45.61.188.177 - - [29/Jan/2026:22:47:42 -0500] "GET /wp-login.php HTTP/1.1" 200 2956 "-" "Mozilla/5.0 (Macintosh; Intel Mac OS X 10_9_3) AppleWebKit/537.36 (KHTML, like Gecko) Chrome/35.0.1916.153 Safari/537.36"
45.61.188.177 - - [29/Jan/2026:22:47:42 -0500] "POST /wp-login.php HTTP/1.1" 200 3906 "-" "Mozilla/5.0 (Macintosh; Intel Mac OS X 10_9_3) AppleWebKit/537.36 (KHTML, like Gecko) Chrome/35.0.1916.153 Safari/537.36"
107.189.29.155 - - [29/Jan/2026:22:47:43 -0500] "GET /wp-login.php HTTP/1.1" 200 2956 "-" "Mozilla/5.0 (iPhone; CPU iPhone OS 7_1_2 like Mac OS X) AppleWebKit/537.51.1 (KHTML, like Gecko) GSA/4.1.0.31802 Mobile/11D257 Safari/9537.53"
107.189.29.155 - - [29/Jan/2026:22:47:44 -0500] "POST /wp-login.php HTTP/1.1" 200 3948 "-" "Mozilla/5.0 (iPhone; CPU iPhone OS 7_1_2 like Mac OS X) AppleWebKit/537.51.1 (KHTML, like Gecko) GSA/4.1.0.31802 Mobile/11D257 Safari/9537.53"
74.206.190.81 - - [29/Jan/2026:22:50:31 -0500] "GET / HTTP/1.1" 200 46596 "-" "curl/7.29.0"
141.94.194.132 - - [29/Jan/2026:22:55:26 -0500] "GET /index.php/feed HTTP/1.1" 200 90304 "-" "Mozilla/5.0 (X11; Linux i686) AppleWebKit/537.36 (KHTML, like Gecko) Chrome/30.0.1599.66 Safari/537.36"
74.206.190.81 - - [29/Jan/2026:22:55:37 -0500] "GET / HTTP/1.1" 200 46596 "-" "curl/7.29.0"
92.255.85.77 - - [29/Jan/2026:22:56:59 -0500] "GET / HTTP/1.1" 301 - "http://pricktube.com/" "Mozilla/5.0 (Windows NT 10.0; Win64; x64) AppleWebKit/537.36 (KHTML, like Gecko) Chrome/130.0.0.0 Safari/537.36 CCleaner/130.0.0.0"
92.255.85.77 - - [29/Jan/2026:22:57:00 -0500] "GET / HTTP/1.1" 200 46596 "http://www.pricktube.com/" "Mozilla/5.0 (Windows NT 10.0; Win64; x64) AppleWebKit/537.36 (KHTML, like Gecko) Chrome/130.0.0.0 Safari/537.36 CCleaner/130.0.0.0"
141.94.194.132 - - [29/Jan/2026:22:59:14 -0500] "GET /index.php/tag/cock/feed HTTP/1.1" 200 3747 "-" "Mozilla/5.0 (X11; Linux i686) AppleWebKit/537.36 (KHTML, like Gecko) Chrome/30.0.1599.66 Safari/537.36"
141.94.194.132 - - [29/Jan/2026:23:00:00 -0500] "GET /index.php/category/latino-cocks/feed HTTP/1.1" 200 10487 "-" "Mozilla/5.0 (X11; Linux i686) AppleWebKit/537.36 (KHTML, like Gecko) Chrome/30.0.1599.66 Safari/537.36"
45.194.92.21 - - [29/Jan/2026:23:00:02 -0500] "GET /sites/all/libraries/elfinder/connectors/php/connector.php HTTP/1.1" 404 318 "-" "ALittle Client"
74.206.190.81 - - [29/Jan/2026:23:00:40 -0500] "GET / HTTP/1.1" 200 46596 "-" "curl/7.29.0"
98.89.254.180 - - [29/Jan/2026:23:02:00 -0500] "GET /robots.txt HTTP/1.1" 200 29 "-" "Mozilla/5.0 (Macintosh; Intel Mac OS X 10_10_1) AppleWebKit/600.2.5 (KHTML, like Gecko) Version/8.0.2 Safari/600.2.5 (TestUserAgent)"
141.94.194.132 - - [29/Jan/2026:23:02:25 -0500] "GET /index.php/tag/add-new-tag/feed HTTP/1.1" 200 2067 "-" "Mozilla/5.0 (X11; Linux i686) AppleWebKit/537.36 (KHTML, like Gecko) Chrome/30.0.1599.66 Safari/537.36"
141.94.194.132 - - [29/Jan/2026:23:03:55 -0500] "GET /index.php/cock-tube/42.html/feed HTTP/1.1" 200 1303 "-" "Mozilla/5.0 (X11; Linux i686) AppleWebKit/537.36 (KHTML, like Gecko) Chrome/30.0.1599.66 Safari/537.36"
199.195.249.231 - - [29/Jan/2026:23:04:19 -0500] "GET /wp-login.php HTTP/1.1" 200 2956 "-" "Mozilla/5.0 (Macintosh; Intel Mac OS X 10_9_2) AppleWebKit/537.36 (KHTML, like Gecko) Chrome/36.0.1985.125 Safari/537.36"
199.195.249.231 - - [29/Jan/2026:23:04:20 -0500] "POST /wp-login.php HTTP/1.1" 200 3944 "-" "Mozilla/5.0 (Macintosh; Intel Mac OS X 10_9_2) AppleWebKit/537.36 (KHTML, like Gecko) Chrome/36.0.1985.125 Safari/537.36"
74.206.190.81 - - [29/Jan/2026:23:05:31 -0500] "GET / HTTP/1.1" 200 46510 "-" "curl/7.29.0"
74.206.190.81 - - [29/Jan/2026:23:10:35 -0500] "GET / HTTP/1.1" 200 46293 "-" "curl/7.29.0"
74.206.190.81 - - [29/Jan/2026:23:15:33 -0500] "GET / HTTP/1.1" 200 46293 "-" "curl/7.29.0"
74.206.190.81 - - [29/Jan/2026:23:21:08 -0500] "GET / HTTP/1.1" 200 46293 "-" "curl/7.29.0"
74.206.190.81 - - [29/Jan/2026:23:25:30 -0500] "POST /wp-cron.php?doing_wp_cron=1769747130.2068610191345214843750 HTTP/1.1" 200 - "http://www.pricktube.com/wp-cron.php?doing_wp_cron=1769747130.2068610191345214843750" "WordPress/5.1.8; http://www.pricktube.com"
74.206.190.81 - - [29/Jan/2026:23:25:30 -0500] "GET / HTTP/1.1" 200 46293 "-" "curl/7.29.0"
52.167.144.24 - - [29/Jan/2026:23:26:54 -0500] "GET /index.php/cock-tube HTTP/1.1" 200 46438 "-" "Mozilla/5.0 AppleWebKit/537.36 (KHTML, like Gecko; compatible; bingbot/2.0; +http://www.bing.com/bingbot.htm) Chrome/116.0.1938.76 Safari/537.36"
74.206.190.81 - - [29/Jan/2026:23:30:35 -0500] "GET / HTTP/1.1" 200 46293 "-" "curl/7.29.0"
74.206.190.81 - - [29/Jan/2026:23:35:35 -0500] "GET / HTTP/1.1" 200 46293 "-" "curl/7.29.0"
74.206.190.81 - - [29/Jan/2026:23:40:46 -0500] "POST /wp-cron.php?doing_wp_cron=1769748046.9827380180358886718750 HTTP/1.1" 200 - "http://www.pricktube.com/wp-cron.php?doing_wp_cron=1769748046.9827380180358886718750" "WordPress/5.1.8; http://www.pricktube.com"
74.206.190.81 - - [29/Jan/2026:23:40:46 -0500] "GET / HTTP/1.1" 200 46293 "-" "curl/7.29.0"
74.206.190.81 - - [29/Jan/2026:23:45:30 -0500] "POST /wp-cron.php?doing_wp_cron=1769748330.3505399227142333984375 HTTP/1.1" 200 - "http://www.pricktube.com/wp-cron.php?doing_wp_cron=1769748330.3505399227142333984375" "WordPress/5.1.8; http://www.pricktube.com"
74.206.190.81 - - [29/Jan/2026:23:45:30 -0500] "GET / HTTP/1.1" 200 46293 "-" "curl/7.29.0"
139.99.25.135 - - [29/Jan/2026:23:50:04 -0500] "GET / HTTP/1.1" 200 46293 "-" "Mozilla/5.0 (Linux; Android 11; CPH2185) AppleWebKit/537.36 (KHTML, like Gecko) Chrome/91.0.4472.101 Mobile Safari/537.36"
74.206.190.81 - - [29/Jan/2026:23:50:35 -0500] "GET / HTTP/1.1" 200 46293 "-" "curl/7.29.0"
139.99.25.135 - - [29/Jan/2026:23:50:50 -0500] "GET / HTTP/1.1" 200 46293 "-" "Mozilla/5.0 (Linux; Android 11; CPH2185) AppleWebKit/537.36 (KHTML, like Gecko) Chrome/91.0.4472.101 Mobile Safari/537.36"
35.160.247.199 - - [29/Jan/2026:23:51:35 -0500] "GET /robots.txt HTTP/1.1" 200 29 "-" "expo-research-bot"
52.88.127.133 - - [29/Jan/2026:23:51:35 -0500] "GET /index.php/latino-cocks/hard-dick-tube.html HTTP/1.1" 200 39623 "-" "expo-research-bot"
74.206.190.81 - - [29/Jan/2026:23:55:44 -0500] "GET / HTTP/1.1" 200 46293 "-" "curl/7.29.0"
190.108.76.124 - - [29/Jan/2026:23:58:29 -0500] "GET /wp-json/wp/v2/posts HTTP/1.1" 404 280 "-" "Mozilla/5.0 (Windows NT 10.0; Win64; x64) AppleWebKit/537.36 (KHTML, like Gecko) Chrome/120.0.0.0 Safari/537.36"
220.181.108.158 - - [29/Jan/2026:23:58:39 -0500] "GET /index.php/cock-tube/%D0%BF%D1%80%D0%BE%D1%81%D1%82%D0%B8%D1%82%D1%83%D1%82%D0%BA%D0%B8-%D0%B0%D0%BB%D0%BC%D0%B0%D1%82%D1%8B-%D0%BD%D0%BE%D0%B2%D1%8B%D0%B5-%D1%82%D0%B5%D0%BD%D0%B4%D0%B5%D0%BD%D1%86%D0%B8%D0%B8-%D1%80.html HTTP/1.1" 403 362 "-" "Mozilla/5.0 (compatible; Baiduspider/2.0; +http://www.baidu.com/search/spider.html)"
119.249.100.239 - - [29/Jan/2026:23:58:42 -0500] "GET /index.php/cock-tube/%D0%BF%D1%80%D0%BE%D1%81%D1%82%D0%B8%D1%82%D1%83%D1%82%D0%BA%D0%B8-%D0%B0%D0%BB%D0%BC%D0%B0%D1%82%D1%8B-%D0%BD%D0%BE%D0%B2%D1%8B%D0%B5-%D1%82%D0%B5%D0%BD%D0%B4%D0%B5%D0%BD%D1%86%D0%B8%D0%B8-%D1%80.html HTTP/1.1" 404 30306 "-" "Mozilla/5.0 (Windows NT 10.0; WOW64) AppleWebKit/537.36 (KHTML, like Gecko) Chrome/48.0.2564.116 Safari/537.36"
74.206.190.81 - - [30/Jan/2026:00:00:41 -0500] "GET / HTTP/1.1" 200 46293 "-" "curl/7.29.0"
95.85.238.22 - - [30/Jan/2026:00:04:23 -0500] "GET /wp-login.php HTTP/1.1" 200 2956 "-" "Mozilla/5.0 (X11; Ubuntu; Linux x86_64; rv:31.0) Gecko/20100101 Firefox/31.0"
95.85.238.22 - - [30/Jan/2026:00:04:24 -0500] "POST /wp-login.php HTTP/1.1" 200 3906 "-" "Mozilla/5.0 (X11; Ubuntu; Linux x86_64; rv:31.0) Gecko/20100101 Firefox/31.0"
83.217.208.0 - - [30/Jan/2026:00:04:57 -0500] "GET /wp-login.php HTTP/1.1" 200 2956 "-" "Mozilla/5.0 (Windows NT 6.1; WOW64; rv:29.0) Gecko/20100101 Firefox/29.0"
83.217.208.0 - - [30/Jan/2026:00:04:59 -0500] "POST /wp-login.php HTTP/1.1" 200 3948 "-" "Mozilla/5.0 (Windows NT 6.1; WOW64; rv:29.0) Gecko/20100101 Firefox/29.0"
74.206.190.81 - - [30/Jan/2026:00:05:27 -0500] "GET / HTTP/1.1" 200 46357 "-" "curl/7.29.0"
83.217.208.127 - - [30/Jan/2026:00:06:38 -0500] "GET /wp-login.php HTTP/1.1" 200 2956 "-" "Mozilla/5.0 (X11; Linux x86_64; rv:30.0) Gecko/20100101 Firefox/30.0"
83.217.208.127 - - [30/Jan/2026:00:06:39 -0500] "POST /wp-login.php HTTP/1.1" 200 3944 "-" "Mozilla/5.0 (X11; Linux x86_64; rv:30.0) Gecko/20100101 Firefox/30.0"
43.130.47.33 - - [30/Jan/2026:00:08:54 -0500] "GET / HTTP/1.1" 301 - "-" "Mozilla/5.0 (iPhone; CPU iPhone OS 13_2_3 like Mac OS X) AppleWebKit/605.1.15 (KHTML, like Gecko) Version/13.0.3 Mobile/15E148 Safari/604.1"
43.130.47.33 - - [30/Jan/2026:00:08:55 -0500] "GET / HTTP/1.1" 200 46357 "http://pricktube.com" "Mozilla/5.0 (iPhone; CPU iPhone OS 13_2_3 like Mac OS X) AppleWebKit/605.1.15 (KHTML, like Gecko) Version/13.0.3 Mobile/15E148 Safari/604.1"
74.206.190.81 - - [30/Jan/2026:00:10:35 -0500] "GET / HTTP/1.1" 200 46357 "-" "curl/7.29.0"
141.94.194.132 - - [30/Jan/2026:00:12:10 -0500] "GET /index.php/cock-tube/latin-hot-tube.html/feed HTTP/1.1" 200 1356 "-" "Mozilla/5.0 (X11; Linux i686) AppleWebKit/537.36 (KHTML, like Gecko) Chrome/30.0.1599.66 Safari/537.36"
45.61.188.177 - - [30/Jan/2026:00:14:45 -0500] "GET /wp-login.php HTTP/1.1" 200 2956 "-" "Mozilla/5.0 (Windows NT 6.1) AppleWebKit/537.36 (KHTML, like Gecko) Chrome/36.0.1985.125 Safari/537.36"
45.61.188.177 - - [30/Jan/2026:00:14:46 -0500] "POST /wp-login.php HTTP/1.1" 200 3944 "-" "Mozilla/5.0 (Windows NT 6.1) AppleWebKit/537.36 (KHTML, like Gecko) Chrome/36.0.1985.125 Safari/537.36"
74.206.190.81 - - [30/Jan/2026:00:15:33 -0500] "GET / HTTP/1.1" 200 46357 "-" "curl/7.29.0"
43.156.202.34 - - [30/Jan/2026:00:18:48 -0500] "GET / HTTP/1.1" 200 46357 "-" "Mozilla/5.0 (iPhone; CPU iPhone OS 13_2_3 like Mac OS X) AppleWebKit/605.1.15 (KHTML, like Gecko) Version/13.0.3 Mobile/15E148 Safari/604.1"
199.195.253.116 - - [30/Jan/2026:00:19:03 -0500] "GET /wp-login.php HTTP/1.1" 200 2956 "-" "Mozilla/5.0 (X11; Linux x86_64) AppleWebKit/537.36 (KHTML, like Gecko) Chrome/36.0.1985.143 Safari/537.36"
199.195.253.116 - - [30/Jan/2026:00:19:05 -0500] "POST /wp-login.php HTTP/1.1" 200 3948 "-" "Mozilla/5.0 (X11; Linux x86_64) AppleWebKit/537.36 (KHTML, like Gecko) Chrome/36.0.1985.143 Safari/537.36"
74.206.190.81 - - [30/Jan/2026:00:20:58 -0500] "GET / HTTP/1.1" 200 46357 "-" "curl/7.29.0"
74.206.190.81 - - [30/Jan/2026:00:25:29 -0500] "GET / HTTP/1.1" 200 46357 "-" "curl/7.29.0"
74.206.190.81 - - [30/Jan/2026:00:30:29 -0500] "POST /wp-cron.php?doing_wp_cron=1769751029.8264179229736328125000 HTTP/1.1" 200 - "http://www.pricktube.com/wp-cron.php?doing_wp_cron=1769751029.8264179229736328125000" "WordPress/5.1.8; http://www.pricktube.com"
74.206.190.81 - - [30/Jan/2026:00:30:29 -0500] "GET / HTTP/1.1" 200 46357 "-" "curl/7.29.0"
52.167.144.182 - - [30/Jan/2026:00:31:36 -0500] "GET /?Submit=Search&s= HTTP/1.1" 200 46635 "-" "Mozilla/5.0 AppleWebKit/537.36 (KHTML, like Gecko; compatible; bingbot/2.0; +http://www.bing.com/bingbot.htm) Chrome/116.0.1938.76 Safari/537.36"
141.94.194.132 - - [30/Jan/2026:00:34:13 -0500] "GET /index.php/category/cock-tube/feed HTTP/1.1" 200 90345 "-" "Mozilla/5.0 (X11; Linux i686) AppleWebKit/537.36 (KHTML, like Gecko) Chrome/30.0.1599.66 Safari/537.36"
74.206.190.81 - - [30/Jan/2026:00:35:29 -0500] "GET / HTTP/1.1" 200 46357 "-" "curl/7.29.0"
95.85.238.23 - - [30/Jan/2026:00:36:45 -0500] "GET /wp-login.php HTTP/1.1" 200 2956 "-" "Mozilla/5.0 (Windows NT 6.1; WOW64; rv:29.0) Gecko/20100101 Firefox/29.0"
95.85.238.23 - - [30/Jan/2026:00:36:46 -0500] "POST /wp-login.php HTTP/1.1" 200 3924 "-" "Mozilla/5.0 (Windows NT 6.1; WOW64; rv:29.0) Gecko/20100101 Firefox/29.0"
74.206.190.81 - - [30/Jan/2026:00:40:41 -0500] "POST /wp-cron.php?doing_wp_cron=1769751641.3113269805908203125000 HTTP/1.1" 200 - "http://www.pricktube.com/wp-cron.php?doing_wp_cron=1769751641.3113269805908203125000" "WordPress/5.1.8; http://www.pricktube.com"
74.206.190.81 - - [30/Jan/2026:00:40:41 -0500] "GET / HTTP/1.1" 200 46357 "-" "curl/7.29.0"
74.206.190.81 - - [30/Jan/2026:00:45:30 -0500] "POST /wp-cron.php?doing_wp_cron=1769751930.9486830234527587890625 HTTP/1.1" 200 - "http://www.pricktube.com/wp-cron.php?doing_wp_cron=1769751930.9486830234527587890625" "WordPress/5.1.8; http://www.pricktube.com"
74.206.190.81 - - [30/Jan/2026:00:45:30 -0500] "GET / HTTP/1.1" 200 46357 "-" "curl/7.29.0"
74.206.190.81 - - [30/Jan/2026:00:50:13 -0500] "POST /wp-cron.php?doing_wp_cron=1769752213.1524031162261962890625 HTTP/1.1" 200 - "http://www.pricktube.com/wp-cron.php?doing_wp_cron=1769752213.1524031162261962890625" "WordPress/5.1.8; http://www.pricktube.com"
141.94.194.132 - - [30/Jan/2026:00:50:13 -0500] "GET /index.php/cock-tube/sucking-cock.html/feed HTTP/1.1" 200 1323 "-" "Mozilla/5.0 (X11; Linux i686) AppleWebKit/537.36 (KHTML, like Gecko) Chrome/30.0.1599.66 Safari/537.36"
74.206.190.81 - - [30/Jan/2026:00:50:28 -0500] "GET / HTTP/1.1" 200 46357 "-" "curl/7.29.0"
104.244.72.189 - - [30/Jan/2026:00:55:09 -0500] "GET / HTTP/1.1" 301 - "http://pricktube.com/wp-login.php" "Mozilla/5.0 (Windows NT 10.0; Win64; x64) AppleWebKit/537.36 (KHTML, like Gecko) Chrome/119.0.0.0 Safari/537.36"
74.206.190.81 - - [30/Jan/2026:00:55:30 -0500] "GET / HTTP/1.1" 200 46357 "-" "curl/7.29.0"
104.244.72.189 - - [30/Jan/2026:00:59:29 -0500] "GET / HTTP/1.1" 200 46357 "http://pricktube.com/wp-login.php" "Mozilla/5.0 (Windows NT 10.0; Win64; x64) AppleWebKit/537.36 (KHTML, like Gecko) Chrome/119.0.0.0 Safari/537.36"
74.206.190.81 - - [30/Jan/2026:01:00:41 -0500] "GET / HTTP/1.1" 200 46357 "-" "curl/7.29.0"
104.244.72.189 - - [30/Jan/2026:01:03:10 -0500] "GET /wp-login.php HTTP/1.1" 200 2956 "http://pricktube.com/wp-login.php" "Mozilla/5.0 (Windows NT 10.0; Win64; x64) AppleWebKit/537.36 (KHTML, like Gecko) Chrome/119.0.0.0 Safari/537.36"
74.206.190.81 - - [30/Jan/2026:01:05:30 -0500] "GET / HTTP/1.1" 200 46357 "-" "curl/7.29.0"
104.244.72.189 - - [30/Jan/2026:01:07:44 -0500] "POST /wp-login.php HTTP/1.1" 200 3966 "http://pricktube.com/wp-login.php" "Mozilla/5.0 (Windows NT 10.0; Win64; x64) AppleWebKit/537.36 (KHTML, like Gecko) Chrome/119.0.0.0 Safari/537.36"
74.206.190.81 - - [30/Jan/2026:01:10:28 -0500] "GET / HTTP/1.1" 200 46275 "-" "curl/7.29.0"
74.206.190.81 - - [30/Jan/2026:01:15:36 -0500] "GET / HTTP/1.1" 200 46407 "-" "curl/7.29.0"
74.206.190.81 - - [30/Jan/2026:01:22:17 -0500] "GET / HTTP/1.1" 200 46407 "-" "curl/7.29.0"
74.206.190.81 - - [30/Jan/2026:01:25:46 -0500] "GET / HTTP/1.1" 200 46407 "-" "curl/7.29.0"
141.94.194.132 - - [30/Jan/2026:01:30:14 -0500] "GET /index.php/tag/cock/feed HTTP/1.1" 200 3747 "-" "Mozilla/5.0 (X11; Linux i686) AppleWebKit/537.36 (KHTML, like Gecko) Chrome/30.0.1599.66 Safari/537.36"
74.206.190.81 - - [30/Jan/2026:01:30:41 -0500] "GET / HTTP/1.1" 200 46407 "-" "curl/7.29.0"
130.213.14.73 - - [30/Jan/2026:01:31:35 -0500] "GET / HTTP/1.1" 200 46407 "-" "Mozilla/5.0 (Windows NT 10.0; Win64; x64; rv:128.0) Gecko/20100101 Firefox/128.0"
130.213.14.73 - - [30/Jan/2026:01:31:36 -0500] "GET /_profiler/phpinfo.php HTTP/1.1" 404 286 "-" "Mozilla/5.0 (Windows NT 10.0; Win64; x64; rv:128.0) Gecko/20100101 Firefox/128.0"
130.213.14.73 - - [30/Jan/2026:01:31:36 -0500] "GET /phpinfo HTTP/1.1" 404 272 "-" "Mozilla/5.0 (Windows NT 10.0; Win64; x64; rv:128.0) Gecko/20100101 Firefox/128.0"
130.213.14.73 - - [30/Jan/2026:01:31:37 -0500] "GET /_profiler/phpinfo HTTP/1.1" 404 282 "-" "Mozilla/5.0 (Windows NT 10.0; Win64; x64; rv:128.0) Gecko/20100101 Firefox/128.0"
130.213.14.73 - - [30/Jan/2026:01:31:37 -0500] "GET /info HTTP/1.1" 404 269 "-" "Mozilla/5.0 (Windows NT 10.0; Win64; x64; rv:128.0) Gecko/20100101 Firefox/128.0"
130.213.14.73 - - [30/Jan/2026:01:31:38 -0500] "GET /phpinfo.php HTTP/1.1" 404 276 "-" "Mozilla/5.0 (Windows NT 10.0; Win64; x64; rv:128.0) Gecko/20100101 Firefox/128.0"
130.213.14.73 - - [30/Jan/2026:01:31:39 -0500] "GET /info.php HTTP/1.1" 404 273 "-" "Mozilla/5.0 (Windows NT 10.0; Win64; x64; rv:128.0) Gecko/20100101 Firefox/128.0"
130.213.14.73 - - [30/Jan/2026:01:31:39 -0500] "GET /.env HTTP/1.1" 404 269 "-" "-"
130.213.14.73 - - [30/Jan/2026:01:31:39 -0500] "GET /.env.production HTTP/1.1" 404 280 "-" "-"
130.213.14.73 - - [30/Jan/2026:01:31:39 -0500] "GET /application/.env HTTP/1.1" 404 281 "-" "-"
130.213.14.73 - - [30/Jan/2026:01:31:40 -0500] "GET /prod/.env HTTP/1.1" 404 274 "-" "-"
130.213.14.73 - - [30/Jan/2026:01:31:40 -0500] "GET /.env.save HTTP/1.1" 404 274 "-" "-"
130.213.14.73 - - [30/Jan/2026:01:31:40 -0500] "GET /beta/.env HTTP/1.1" 404 274 "-" "-"
130.213.14.73 - - [30/Jan/2026:01:31:40 -0500] "GET /admin/.env HTTP/1.1" 404 275 "-" "-"
130.213.14.73 - - [30/Jan/2026:01:31:40 -0500] "GET /app/.env HTTP/1.1" 404 273 "-" "-"
130.213.14.73 - - [30/Jan/2026:01:31:40 -0500] "GET /config/.env HTTP/1.1" 404 276 "-" "-"
130.213.14.73 - - [30/Jan/2026:01:31:40 -0500] "GET /api/.env HTTP/1.1" 404 273 "-" "-"
130.213.14.73 - - [30/Jan/2026:01:31:40 -0500] "GET /laravel/.env HTTP/1.1" 404 277 "-" "-"
141.94.194.132 - - [30/Jan/2026:01:33:32 -0500] "GET /index.php/cock-tube/gay-dick.html/feed HTTP/1.1" 200 2047 "-" "Mozilla/5.0 (X11; Linux i686) AppleWebKit/537.36 (KHTML, like Gecko) Chrome/30.0.1599.66 Safari/537.36"
195.178.110.108 - - [30/Jan/2026:01:33:54 -0500] "GET /.git/config HTTP/1.1" 404 272 "-" "Mozilla/5.0 (Windows NT 10.0; rv:91.0) Gecko/20100101 Firefox/91.0"
195.178.110.108 - - [30/Jan/2026:01:33:55 -0500] "GET / HTTP/1.1" 301 - "-" "-"
74.206.190.81 - - [30/Jan/2026:01:35:35 -0500] "GET / HTTP/1.1" 200 46565 "-" "curl/7.29.0"
74.206.190.81 - - [30/Jan/2026:01:40:41 -0500] "POST /wp-cron.php?doing_wp_cron=1769755241.7418849468231201171875 HTTP/1.1" 200 - "http://www.pricktube.com/wp-cron.php?doing_wp_cron=1769755241.7418849468231201171875" "WordPress/5.1.8; http://www.pricktube.com"
74.206.190.81 - - [30/Jan/2026:01:40:41 -0500] "GET / HTTP/1.1" 200 46565 "-" "curl/7.29.0"
74.206.190.81 - - [30/Jan/2026:01:42:08 -0500] "POST /wp-cron.php?doing_wp_cron=1769755328.4682030677795410156250 HTTP/1.1" 200 - "http://www.pricktube.com/wp-cron.php?doing_wp_cron=1769755328.4682030677795410156250" "WordPress/5.1.8; http://www.pricktube.com"
51.79.151.214 - - [30/Jan/2026:01:42:08 -0500] "GET / HTTP/1.1" 200 46565 "-" "Mozilla/5.0 (Linux; Android 11; CPH2185) AppleWebKit/537.36 (KHTML, like Gecko) Chrome/91.0.4472.101 Mobile Safari/537.36"
74.206.190.81 - - [30/Jan/2026:01:45:30 -0500] "GET / HTTP/1.1" 200 46565 "-" "curl/7.29.0"
74.206.190.81 - - [30/Jan/2026:01:50:30 -0500] "GET / HTTP/1.1" 200 46565 "-" "curl/7.29.0"
141.94.194.132 - - [30/Jan/2026:01:51:55 -0500] "GET /index.php/cock-tube/42.html/feed HTTP/1.1" 200 1303 "-" "Mozilla/5.0 (X11; Linux i686) AppleWebKit/537.36 (KHTML, like Gecko) Chrome/30.0.1599.66 Safari/537.36"
74.206.190.81 - - [30/Jan/2026:01:55:46 -0500] "GET / HTTP/1.1" 200 46565 "-" "curl/7.29.0"
74.206.190.81 - - [30/Jan/2026:02:00:52 -0500] "GET / HTTP/1.1" 200 46565 "-" "curl/7.29.0"
141.94.194.132 - - [30/Jan/2026:02:04:48 -0500] "GET /index.php/cock-tube/horse-cock-3.html/feed HTTP/1.1" 200 817 "-" "Mozilla/5.0 (X11; Linux i686) AppleWebKit/537.36 (KHTML, like Gecko) Chrome/30.0.1599.66 Safari/537.36"
141.94.194.132 - - [30/Jan/2026:02:04:51 -0500] "GET /index.php/tag/bb-gay/feed HTTP/1.1" 200 1869 "-" "Mozilla/5.0 (X11; Linux i686) AppleWebKit/537.36 (KHTML, like Gecko) Chrome/30.0.1599.66 Safari/537.36"
74.206.190.81 - - [30/Jan/2026:02:05:31 -0500] "GET / HTTP/1.1" 200 46565 "-" "curl/7.29.0"
141.94.194.132 - - [30/Jan/2026:02:06:11 -0500] "GET /index.php/cock-tube/prick-tease-2.html/feed HTTP/1.1" 200 820 "-" "Mozilla/5.0 (X11; Linux i686) AppleWebKit/537.36 (KHTML, like Gecko) Chrome/30.0.1599.66 Safari/537.36"
74.206.190.81 - - [30/Jan/2026:02:10:29 -0500] "GET / HTTP/1.1" 200 46565 "-" "curl/7.29.0"
114.119.128.37 - - [30/Jan/2026:02:14:47 -0500] "GET /index.php/cock-tube/%D0%B2-%D0%B4%D1%83%D0%B1%D0%B0%D0%B5-%D0%BE%D1%82%D0%BC%D0%B5%D1%87%D0%B5%D0%BD-%D1%80%D0%B5%D0%B7%D0%BA%D0%B8%D0%B9-%D1%80%D0%BE%D1%81%D1%82-%D1%81%D0%BF%D1%80%D0%BE%D1%81%D0%B0-%D0%BD%D0%B0-vip.html HTTP/1.1" 404 30578 "http://www.pricktube.com/index.php/cock-tube/thick-dick-tube.html" "Mozilla/5.0 (Linux; Android 7.0;) AppleWebKit/537.36 (KHTML, like Gecko) Mobile Safari/537.36 (compatible; PetalBot;+https://webmaster.petalsearch.com/site/petalbot)"
74.206.190.81 - - [30/Jan/2026:02:15:33 -0500] "GET / HTTP/1.1" 200 46565 "-" "curl/7.29.0"
74.206.190.81 - - [30/Jan/2026:02:20:51 -0500] "GET / HTTP/1.1" 200 46565 "-" "curl/7.29.0"
174.138.54.65 - - [30/Jan/2026:02:25:30 -0500] "GET /wp-json/wp/v2/posts HTTP/1.1" 404 280 "-" "Mozilla/5.0 (Windows NT 10.0; Win64; x64) AppleWebKit/537.36 (KHTML, like Gecko) Chrome/120.0.0.0 Safari/537.36"
74.206.190.81 - - [30/Jan/2026:02:25:29 -0500] "GET / HTTP/1.1" 200 46432 "-" "curl/7.29.0"
194.35.121.171 - - [30/Jan/2026:02:25:52 -0500] "GET /server-status HTTP/1.1" 200 68852 "-" "Mozilla/5.0 (X11; Linux x86_64) AppleWebKit/537.36 (KHTML, like Gecko) Chrome/56.0.2924.87 Safari/537.36"
74.206.190.81 - - [30/Jan/2026:02:30:29 -0500] "GET / HTTP/1.1" 200 46588 "-" "curl/7.29.0"
74.206.190.81 - - [30/Jan/2026:02:35:33 -0500] "GET / HTTP/1.1" 200 46925 "-" "curl/7.29.0"
74.206.190.81 - - [30/Jan/2026:02:40:42 -0500] "POST /wp-cron.php?doing_wp_cron=1769758842.5804550647735595703125 HTTP/1.1" 200 - "http://www.pricktube.com/wp-cron.php?doing_wp_cron=1769758842.5804550647735595703125" "WordPress/5.1.8; http://www.pricktube.com"
74.206.190.81 - - [30/Jan/2026:02:40:42 -0500] "GET / HTTP/1.1" 200 46925 "-" "curl/7.29.0"
74.206.190.81 - - [30/Jan/2026:02:42:45 -0500] "POST /wp-cron.php?doing_wp_cron=1769758965.5691149234771728515625 HTTP/1.1" 200 - "http://www.pricktube.com/wp-cron.php?doing_wp_cron=1769758965.5691149234771728515625" "WordPress/5.1.8; http://www.pricktube.com"
186.23.93.138 - - [30/Jan/2026:02:42:45 -0500] "GET / HTTP/1.1" 200 46925 "-" "Mozilla/5.0 (Windows NT 10.0; Win64; x64) AppleWebKit/537.36 (KHTML, like Gecko) Chrome/120.0.0.0 Safari/537.36"
187.184.156.166 - - [30/Jan/2026:02:43:03 -0500] "POST /wp-login.php HTTP/1.1" 302 - "http://www.pricktube.com/wp-login.php" "Mozilla/5.0 (Windows NT 10.0; Win64; x64) AppleWebKit/537.36 (KHTML, like Gecko) Chrome/120.0.0.0 Safari/537.36"
187.184.156.166 - - [30/Jan/2026:02:43:03 -0500] "GET /wp-admin/ HTTP/1.1" 200 72303 "http://www.pricktube.com/wp-login.php" "Mozilla/5.0 (Windows NT 10.0; Win64; x64) AppleWebKit/537.36 (KHTML, like Gecko) Chrome/120.0.0.0 Safari/537.36"
143.105.136.245 - - [30/Jan/2026:02:43:06 -0500] "POST /xmlrpc.php HTTP/1.1" 403 279 "-" "WordPress/5.0; http://www.pricktube.com"
143.105.136.245 - - [30/Jan/2026:02:43:07 -0500] "GET /wp-admin/admin-ajax.php?action=rest-nonce HTTP/1.1" 400 1 "-" "Mozilla/5.0 (Windows NT 10.0; Win64; x64) AppleWebKit/537.36 (KHTML, like Gecko) Chrome/120.0.0.0 Safari/537.36"
143.105.136.245 - - [30/Jan/2026:02:43:07 -0500] "GET /wp-admin/ HTTP/1.1" 200 72303 "-" "Mozilla/5.0 (Windows NT 10.0; Win64; x64) AppleWebKit/537.36 (KHTML, like Gecko) Chrome/120.0.0.0 Safari/537.36"
74.206.190.81 - - [30/Jan/2026:02:45:30 -0500] "GET / HTTP/1.1" 200 46925 "-" "curl/7.29.0"
74.206.190.81 - - [30/Jan/2026:02:50:46 -0500] "GET / HTTP/1.1" 200 46925 "-" "curl/7.29.0"
74.206.190.81 - - [30/Jan/2026:02:55:29 -0500] "GET / HTTP/1.1" 200 46925 "-" "curl/7.29.0"
74.206.190.81 - - [30/Jan/2026:03:00:40 -0500] "GET / HTTP/1.1" 200 47237 "-" "curl/7.29.0"
45.80.28.51 - - [30/Jan/2026:03:02:15 -0500] "GET /server-status HTTP/1.1" 200 68752 "-" "Mozilla/5.0 (X11; Linux x86_64) AppleWebKit/537.36 (KHTML, like Gecko) Chrome/56.0.2924.87 Safari/537.36"
74.206.190.81 - - [30/Jan/2026:03:05:29 -0500] "GET / HTTP/1.1" 200 47237 "-" "curl/7.29.0"
74.206.190.81 - - [30/Jan/2026:03:10:32 -0500] "GET / HTTP/1.1" 200 47237 "-" "curl/7.29.0"
17.246.19.46 - - [30/Jan/2026:03:10:56 -0500] "GET /robots.txt HTTP/1.1" 200 29 "-" "Mozilla/5.0 (Macintosh; Intel Mac OS X 10_15_7) AppleWebKit/605.1.15 (KHTML, like Gecko) Version/17.4 Safari/605.1.15 (Applebot/0.1; +http://www.apple.com/go/applebot)"
17.246.19.46 - - [30/Jan/2026:03:10:56 -0500] "GET /index.php/cock-tube/tubecock.html/feed HTTP/1.1" 200 1302 "-" "Mozilla/5.0 (Macintosh; Intel Mac OS X 10_15_7) AppleWebKit/605.1.15 (KHTML, like Gecko) Version/17.4 Safari/605.1.15 (Applebot/0.1; +http://www.apple.com/go/applebot)"
114.119.128.37 - - [30/Jan/2026:03:12:07 -0500] "GET /index.php/cock-tube/barebacked-cock.html HTTP/1.1" 200 45941 "http://www.pricktube.com/index.php/page/3" "Mozilla/5.0 (Linux; Android 7.0;) AppleWebKit/537.36 (KHTML, like Gecko) Mobile Safari/537.36 (compatible; PetalBot;+https://webmaster.petalsearch.com/site/petalbot)"
114.119.128.37 - - [30/Jan/2026:03:13:32 -0500] "GET /index.php/cock-tube/prick-tease.html HTTP/1.1" 200 45905 "http://www.pricktube.com/index.php/category/cock-tube/page/4" "Mozilla/5.0 (Linux; Android 7.0;) AppleWebKit/537.36 (KHTML, like Gecko) Mobile Safari/537.36 (compatible; PetalBot;+https://webmaster.petalsearch.com/site/petalbot)"
74.206.190.81 - - [30/Jan/2026:03:15:39 -0500] "GET / HTTP/1.1" 200 47237 "-" "curl/7.29.0"
107.189.5.231 - - [30/Jan/2026:03:19:58 -0500] "GET /wp-login.php HTTP/1.1" 200 2956 "-" "Mozilla/5.0 (Windows NT 10.0; Win64; x64)"
107.189.5.231 - - [30/Jan/2026:03:19:59 -0500] "POST /wp-login.php HTTP/1.1" 200 3944 "-" "Mozilla/5.0 (Windows NT 10.0; Win64; x64)"
74.206.190.81 - - [30/Jan/2026:03:20:46 -0500] "GET / HTTP/1.1" 200 47237 "-" "curl/7.29.0"
116.179.32.196 - - [30/Jan/2026:03:22:06 -0500] "GET / HTTP/1.1" 403 265 "-" "Mozilla/5.0 (compatible; Baiduspider/2.0; +http://www.baidu.com/search/spider.html)"
74.206.190.81 - - [30/Jan/2026:03:25:43 -0500] "GET / HTTP/1.1" 200 47105 "-" "curl/7.29.0"
104.244.75.194 - - [30/Jan/2026:03:27:59 -0500] "GET /wp-login.php HTTP/1.1" 200 2956 "-" "Mozilla/5.0 (X11; Linux x86_64) AppleWebKit/537.36 (KHTML, like Gecko) Ubuntu Chromium/34.0.1847.116 Chrome/34.0.1847.116 Safari/537.36"
104.244.75.194 - - [30/Jan/2026:03:28:00 -0500] "POST /wp-login.php HTTP/1.1" 200 3944 "-" "Mozilla/5.0 (X11; Linux x86_64) AppleWebKit/537.36 (KHTML, like Gecko) Ubuntu Chromium/34.0.1847.116 Chrome/34.0.1847.116 Safari/537.36"
74.206.190.81 - - [30/Jan/2026:03:30:35 -0500] "GET / HTTP/1.1" 200 47105 "-" "curl/7.29.0"
74.206.190.81 - - [30/Jan/2026:03:35:31 -0500] "GET / HTTP/1.1" 200 47105 "-" "curl/7.29.0"
34.239.197.197 - - [30/Jan/2026:03:36:53 -0500] "GET /robots.txt HTTP/1.1" 200 29 "-" "Mozilla/5.0 AppleWebKit/537.36 (KHTML, like Gecko; compatible; Amazonbot/0.1; +https://developer.amazon.com/support/amazonbot) Chrome/119.0.6045.214 Safari/537.36"
54.80.185.200 - - [30/Jan/2026:03:37:01 -0500] "GET /index.php/cock-tube/gay-dick-tube.html HTTP/1.1" 200 45988 "-" "Mozilla/5.0 AppleWebKit/537.36 (KHTML, like Gecko; compatible; Amazonbot/0.1; +https://developer.amazon.com/support/amazonbot) Chrome/119.0.6045.214 Safari/537.36"
45.61.185.106 - - [30/Jan/2026:03:37:41 -0500] "GET / HTTP/1.1" 200 47105 "http://www.pricktube.com/wp-login.php" "Mozilla/5.0 (Windows NT 10.0; Win64; x64; rv:121.0) Gecko/20100101 Firefox/121.0"
45.61.185.106 - - [30/Jan/2026:03:38:55 -0500] "GET /wp-login.php HTTP/1.1" 200 2956 "http://www.pricktube.com/wp-login.php" "Mozilla/5.0 (Windows NT 10.0; Win64; x64; rv:121.0) Gecko/20100101 Firefox/121.0"
141.94.194.132 - - [30/Jan/2026:03:39:14 -0500] "GET /index.php/category/cock-tube/feed HTTP/1.1" 200 90345 "-" "Mozilla/5.0 (X11; Linux i686) AppleWebKit/537.36 (KHTML, like Gecko) Chrome/30.0.1599.66 Safari/537.36"
45.61.185.106 - - [30/Jan/2026:03:39:45 -0500] "POST /wp-login.php HTTP/1.1" 200 3966 "http://www.pricktube.com/wp-login.php" "Mozilla/5.0 (Windows NT 10.0; Win64; x64; rv:121.0) Gecko/20100101 Firefox/121.0"
104.28.230.33 - - [30/Jan/2026:03:39:46 -0500] "GET / HTTP/1.1" 200 47105 "-" "Mozilla/5.0 (Windows NT 10.0; Win64; x64) AppleWebKit/537.36 (KHTML, like Gecko) Chrome/114.0.0.0 YaBrowser/22.7.0 Yowser/2.5 Safari/537.36"
74.206.190.81 - - [30/Jan/2026:03:40:46 -0500] "POST /wp-cron.php?doing_wp_cron=1769762446.6667020320892333984375 HTTP/1.1" 200 - "http://www.pricktube.com/wp-cron.php?doing_wp_cron=1769762446.6667020320892333984375" "WordPress/5.1.8; http://www.pricktube.com"
74.206.190.81 - - [30/Jan/2026:03:40:46 -0500] "GET / HTTP/1.1" 200 47105 "-" "curl/7.29.0"
74.206.190.81 - - [30/Jan/2026:03:45:40 -0500] "POST /wp-cron.php?doing_wp_cron=1769762740.5636448860168457031250 HTTP/1.1" 200 - "http://www.pricktube.com/wp-cron.php?doing_wp_cron=1769762740.5636448860168457031250" "WordPress/5.1.8; http://www.pricktube.com"
74.206.190.81 - - [30/Jan/2026:03:45:40 -0500] "GET / HTTP/1.1" 200 47105 "-" "curl/7.29.0"
74.206.190.81 - - [30/Jan/2026:03:50:45 -0500] "GET / HTTP/1.1" 200 47105 "-" "curl/7.29.0"