104.28.212.127 - - [29/Jan/2026:11:20:54 -0500] "GET /wp-content/plugins/post_schedule_ping_optimizer/zalqg.php HTTP/1.1" 200 295 "-" "Mozilla/5.0 (Windows NT 10.0; Win64; x64) AppleWebKit/537.36 (KHTML, like Gecko) Chrome/112.0.0.0 Safari/537.36"
104.28.212.127 - - [29/Jan/2026:11:20:55 -0500] "POST /wp-content/plugins/post_schedule_ping_optimizer/zalqg.php HTTP/1.1" 200 22592 "-" "Mozilla/5.0 (Windows NT 10.0; Win64; x64) AppleWebKit/537.36 (KHTML, like Gecko) Chrome/112.0.0.0 Safari/537.36"
104.28.212.127 - - [29/Jan/2026:11:20:55 -0500] "GET /wp-content/plugins/post_schedule_ping_optimizer/zalqg.php HTTP/1.1" 200 22592 "-" "Mozilla/5.0 (Windows NT 10.0; Win64; x64) AppleWebKit/537.36 (KHTML, like Gecko) Chrome/112.0.0.0 Safari/537.36"
104.28.212.127 - - [29/Jan/2026:11:20:56 -0500] "POST /wp-content/plugins/post_schedule_ping_optimizer/zalqg.php HTTP/1.1" 200 11406 "-" "Mozilla/5.0 (Windows NT 10.0; Win64; x64) AppleWebKit/537.36 (KHTML, like Gecko) Chrome/112.0.0.0 Safari/537.36"
104.28.212.127 - - [29/Jan/2026:11:20:57 -0500] "GET /wp-content/plugins/post_schedule_ping_optimizer/dzfdbxbm.php HTTP/1.1" 200 56 "-" "Mozilla/5.0 (Windows NT 10.0; Win64; x64) AppleWebKit/537.36 (KHTML, like Gecko) Chrome/112.0.0.0 Safari/537.36"
104.28.212.127 - - [29/Jan/2026:11:20:59 -0500] "POST /wp-content/plugins/post_schedule_ping_optimizer/dzfdbxbm.php?action=e6f2c414874466859394e2f2b607f6e27696575607162767762736 HTTP/1.1" 500 10 "-" "Mozilla/5.0 (Windows NT 10.0; Win64; x64) AppleWebKit/537.36 (KHTML, like Gecko) Chrome/112.0.0.0 Safari/537.36"
104.28.212.127 - - [29/Jan/2026:11:21:02 -0500] "POST /wp-content/plugins/post_schedule_ping_optimizer/dzfdbxbm.php?action=e6f2c414874466859394e2f2b607f6e27696575607162767762736 HTTP/1.1" 500 10 "-" "Mozilla/5.0 (Windows NT 10.0; Win64; x64) AppleWebKit/537.36 (KHTML, like Gecko) Chrome/112.0.0.0 Safari/537.36"
104.28.212.127 - - [29/Jan/2026:11:21:32 -0500] "GET /wp-content/plugins/post_schedule_ping_optimizer/zalqg.php HTTP/1.1" 200 295 "-" "Mozilla/5.0 (Windows NT 10.0; Win64; x64) AppleWebKit/537.36 (KHTML, like Gecko) Chrome/112.0.0.0 Safari/537.36"
104.28.212.127 - - [29/Jan/2026:11:21:33 -0500] "POST /wp-content/plugins/post_schedule_ping_optimizer/zalqg.php HTTP/1.1" 200 23521 "-" "Mozilla/5.0 (Windows NT 10.0; Win64; x64) AppleWebKit/537.36 (KHTML, like Gecko) Chrome/112.0.0.0 Safari/537.36"
104.28.212.127 - - [29/Jan/2026:11:21:33 -0500] "GET /wp-content/plugins/post_schedule_ping_optimizer/zalqg.php HTTP/1.1" 200 23521 "-" "Mozilla/5.0 (Windows NT 10.0; Win64; x64) AppleWebKit/537.36 (KHTML, like Gecko) Chrome/112.0.0.0 Safari/537.36"
104.28.212.127 - - [29/Jan/2026:11:21:34 -0500] "POST /wp-content/plugins/post_schedule_ping_optimizer/zalqg.php HTTP/1.1" 200 11406 "-" "Mozilla/5.0 (Windows NT 10.0; Win64; x64) AppleWebKit/537.36 (KHTML, like Gecko) Chrome/112.0.0.0 Safari/537.36"
104.28.212.127 - - [29/Jan/2026:11:21:35 -0500] "GET /wp-content/plugins/post_schedule_ping_optimizer/tityplwi.php HTTP/1.1" 200 56 "-" "Mozilla/5.0 (Windows NT 10.0; Win64; x64) AppleWebKit/537.36 (KHTML, like Gecko) Chrome/112.0.0.0 Safari/537.36"
104.28.212.127 - - [29/Jan/2026:11:21:37 -0500] "POST /wp-content/plugins/post_schedule_ping_optimizer/tityplwi.php?action=e6f21493034466859394e2f2a72607e22707f697562767d2362716c69607 HTTP/1.1" 500 20 "-" "Mozilla/5.0 (Windows NT 10.0; Win64; x64) AppleWebKit/537.36 (KHTML, like Gecko) Chrome/112.0.0.0 Safari/537.36"
104.28.212.127 - - [29/Jan/2026:11:21:38 -0500] "POST /wp-content/plugins/post_schedule_ping_optimizer/tityplwi.php?action=e6f21493034466859394e2f2a72607e22707f697562767d2362716c69607 HTTP/1.1" 500 20 "-" "Mozilla/5.0 (Windows NT 10.0; Win64; x64) AppleWebKit/537.36 (KHTML, like Gecko) Chrome/112.0.0.0 Safari/537.36"
141.94.194.132 - - [29/Jan/2026:11:22:22 -0500] "GET /index.php/tag/add-new-tag/feed HTTP/1.1" 200 2067 "-" "Mozilla/5.0 (X11; Linux i686) AppleWebKit/537.36 (KHTML, like Gecko) Chrome/30.0.1599.66 Safari/537.36"
104.28.212.127 - - [29/Jan/2026:11:22:23 -0500] "GET /wp-content/plugins/post_schedule_ping_optimizer/zalqg.php HTTP/1.1" 200 295 "-" "Mozilla/5.0 (Windows NT 10.0; Win64; x64) AppleWebKit/537.36 (KHTML, like Gecko) Chrome/112.0.0.0 Safari/537.36"
104.28.212.127 - - [29/Jan/2026:11:22:24 -0500] "POST /wp-content/plugins/post_schedule_ping_optimizer/zalqg.php HTTP/1.1" 200 24441 "-" "Mozilla/5.0 (Windows NT 10.0; Win64; x64) AppleWebKit/537.36 (KHTML, like Gecko) Chrome/112.0.0.0 Safari/537.36"
104.28.212.127 - - [29/Jan/2026:11:22:24 -0500] "GET /wp-content/plugins/post_schedule_ping_optimizer/zalqg.php HTTP/1.1" 200 24441 "-" "Mozilla/5.0 (Windows NT 10.0; Win64; x64) AppleWebKit/537.36 (KHTML, like Gecko) Chrome/112.0.0.0 Safari/537.36"
104.28.212.127 - - [29/Jan/2026:11:22:25 -0500] "POST /wp-content/plugins/post_schedule_ping_optimizer/zalqg.php HTTP/1.1" 200 11406 "-" "Mozilla/5.0 (Windows NT 10.0; Win64; x64) AppleWebKit/537.36 (KHTML, like Gecko) Chrome/112.0.0.0 Safari/537.36"
104.28.212.127 - - [29/Jan/2026:11:22:25 -0500] "GET /wp-content/plugins/post_schedule_ping_optimizer/iiwgcoeu.php HTTP/1.1" 200 56 "-" "Mozilla/5.0 (Windows NT 10.0; Win64; x64) AppleWebKit/537.36 (KHTML, like Gecko) Chrome/112.0.0.0 Safari/537.36"
104.28.212.127 - - [29/Jan/2026:11:22:28 -0500] "POST /wp-content/plugins/post_schedule_ping_optimizer/iiwgcoeu.php?action=e6f2c414874466859394e2f2b607f6e27696575607162767762736 HTTP/1.1" 500 10 "-" "Mozilla/5.0 (Windows NT 10.0; Win64; x64) AppleWebKit/537.36 (KHTML, like Gecko) Chrome/112.0.0.0 Safari/537.36"
74.206.190.81 - - [29/Jan/2026:11:25:36 -0500] "POST /wp-cron.php?doing_wp_cron=1769703936.8259029388427734375000 HTTP/1.1" 200 - "http://www.pricktube.com/wp-cron.php?doing_wp_cron=1769703936.8259029388427734375000" "WordPress/5.1.8; http://www.pricktube.com"
74.206.190.81 - - [29/Jan/2026:11:25:36 -0500] "GET / HTTP/1.1" 200 46259 "-" "curl/7.29.0"
74.206.190.81 - - [29/Jan/2026:11:30:34 -0500] "GET / HTTP/1.1" 200 46259 "-" "curl/7.29.0"
74.206.190.81 - - [29/Jan/2026:11:35:31 -0500] "GET / HTTP/1.1" 200 46259 "-" "curl/7.29.0"
62.60.130.210 - - [29/Jan/2026:11:38:51 -0500] "GET /wp-login.php HTTP/1.1" 200 2956 "https://www.reddit.com/" "Mozilla/5.0 (Macintosh; Intel Mac OS X 10.15) Gecko/20100101 Firefox/120.0.1"
62.60.130.210 - - [29/Jan/2026:11:38:53 -0500] "POST /wp-login.php HTTP/1.1" 200 3945 "http://pricktube.com/wp-login.php" "Mozilla/5.0 (Macintosh; Intel Mac OS X 10_15_7) AppleWebKit/537.36 (KHTML, like Gecko) Chrome/122.0.6261.57 Safari/537.36"
104.28.212.127 - - [29/Jan/2026:11:39:05 -0500] "GET /wp-content/plugins/post_schedule_ping_optimizer/zalqg.php HTTP/1.1" 200 295 "-" "Mozilla/5.0 (Windows NT 10.0; Win64; x64) AppleWebKit/537.36 (KHTML, like Gecko) Chrome/144.0.0.0 Safari/537.36"
62.60.130.210 - - [29/Jan/2026:11:39:06 -0500] "POST /wp-login.php HTTP/1.1" 200 3907 "http://pricktube.com/wp-login.php" "Mozilla/5.0 (Macintosh; Intel Mac OS X 10_15_7) AppleWebKit/537.36 (KHTML, like Gecko) Chrome/119.0.6045.159 Safari/537.36"
62.60.130.210 - - [29/Jan/2026:11:39:19 -0500] "POST /wp-login.php HTTP/1.1" 200 3907 "http://pricktube.com/wp-login.php" "Mozilla/5.0 (Windows NT 10.0; Win64; x64) AppleWebKit/537.36 (KHTML, like Gecko) Chrome/120.0.0.0 Safari/537.36 Edg/120.0.2210.133"
62.60.130.210 - - [29/Jan/2026:11:39:32 -0500] "POST /wp-login.php HTTP/1.1" 200 3907 "http://pricktube.com/wp-login.php" "Mozilla/5.0 (Macintosh; Intel Mac OS X 13_6_2) AppleWebKit/537.36 (KHTML, like Gecko) Chrome/118.0.5993.88 Safari/537.36"
62.60.130.210 - - [29/Jan/2026:11:39:44 -0500] "POST /wp-login.php HTTP/1.1" 200 3907 "http://pricktube.com/wp-login.php" "Mozilla/5.0 (Macintosh; Intel Mac OS X 12_6_2) AppleWebKit/605.1.15 (KHTML, like Gecko) Version/17.1 Safari/605.1.15"
104.28.212.127 - - [29/Jan/2026:11:39:54 -0500] "POST /wp-content/plugins/post_schedule_ping_optimizer/zalqg.php HTTP/1.1" 200 25370 "http://www.pricktube.com/wp-content/plugins/post_schedule_ping_optimizer/zalqg.php" "Mozilla/5.0 (Windows NT 10.0; Win64; x64) AppleWebKit/537.36 (KHTML, like Gecko) Chrome/144.0.0.0 Safari/537.36"
104.28.212.127 - - [29/Jan/2026:11:39:56 -0500] "POST /wp-content/plugins/post_schedule_ping_optimizer/zalqg.php HTTP/1.1" 200 47824 "http://www.pricktube.com/wp-content/plugins/post_schedule_ping_optimizer/zalqg.php" "Mozilla/5.0 (Windows NT 10.0; Win64; x64) AppleWebKit/537.36 (KHTML, like Gecko) Chrome/144.0.0.0 Safari/537.36"
62.60.130.210 - - [29/Jan/2026:11:39:57 -0500] "POST /wp-login.php HTTP/1.1" 200 3907 "http://pricktube.com/wp-login.php" "Mozilla/5.0 (Windows NT 10.0; Win64; x64) AppleWebKit/537.36 (KHTML, like Gecko) Chrome/119.0.0.0 Safari/537.36 Edg/119.0.2151.97"
104.28.212.127 - - [29/Jan/2026:11:39:57 -0500] "POST /wp-content/plugins/post_schedule_ping_optimizer/zalqg.php HTTP/1.1" 200 217605 "http://www.pricktube.com/wp-content/plugins/post_schedule_ping_optimizer/zalqg.php" "Mozilla/5.0 (Windows NT 10.0; Win64; x64) AppleWebKit/537.36 (KHTML, like Gecko) Chrome/144.0.0.0 Safari/537.36"
62.60.130.210 - - [29/Jan/2026:11:40:10 -0500] "POST /wp-login.php HTTP/1.1" 200 3907 "http://pricktube.com/wp-login.php" "Mozilla/5.0 (Macintosh; Intel Mac OS X 10_15_7) AppleWebKit/537.36 (KHTML, like Gecko) Chrome/119.0.6045.159 Safari/537.36"
62.60.130.210 - - [29/Jan/2026:11:40:22 -0500] "POST /wp-login.php HTTP/1.1" 200 3907 "http://pricktube.com/wp-login.php" "Mozilla/5.0 (Windows NT 10.0; Win64; x64) AppleWebKit/537.36 (KHTML, like Gecko) Chrome/119.0.0.0 Safari/537.36 Edg/119.0.2151.97"
74.206.190.81 - - [29/Jan/2026:11:40:36 -0500] "POST /wp-cron.php?doing_wp_cron=1769704836.0084469318389892578125 HTTP/1.1" 200 - "http://www.pricktube.com/wp-cron.php?doing_wp_cron=1769704836.0084469318389892578125" "WordPress/5.1.8; http://www.pricktube.com"
62.60.130.210 - - [29/Jan/2026:11:40:35 -0500] "POST /wp-login.php HTTP/1.1" 200 3907 "http://pricktube.com/wp-login.php" "Mozilla/5.0 (Macintosh; Intel Mac OS X 10.15) Gecko/20100101 Firefox/121.0"
62.60.130.210 - - [29/Jan/2026:11:40:48 -0500] "POST /wp-login.php HTTP/1.1" 200 3907 "http://pricktube.com/wp-login.php" "Mozilla/5.0 (X11; Ubuntu; Linux x86_64) AppleWebKit/537.36 (KHTML, like Gecko) Chrome/122.0.6261.57 Safari/537.36"
74.206.190.81 - - [29/Jan/2026:11:40:48 -0500] "GET / HTTP/1.1" 200 46259 "-" "curl/7.29.0"
62.60.130.210 - - [29/Jan/2026:11:41:01 -0500] "POST /wp-login.php HTTP/1.1" 200 3907 "http://pricktube.com/wp-login.php" "Mozilla/5.0 (Windows NT 11.0; Win64; x64) AppleWebKit/537.36 (KHTML, like Gecko) Chrome/119.0.6045.159 Safari/537.36"
62.60.130.210 - - [29/Jan/2026:11:41:14 -0500] "POST /wp-login.php HTTP/1.1" 200 3907 "http://pricktube.com/wp-login.php" "Mozilla/5.0 (Macintosh; Intel Mac OS X 13_6_2) AppleWebKit/537.36 (KHTML, like Gecko) Chrome/122.0.6261.57 Safari/537.36"
62.60.130.210 - - [29/Jan/2026:11:41:27 -0500] "POST /wp-login.php HTTP/1.1" 200 3872 "http://pricktube.com/wp-login.php" "Mozilla/5.0 (Macintosh; Intel Mac OS X 10_15_7) AppleWebKit/605.1.15 (KHTML, like Gecko) Version/16.6.1 Safari/605.1.15"
74.206.190.81 - - [29/Jan/2026:11:41:39 -0500] "POST /wp-cron.php?doing_wp_cron=1769704899.8119919300079345703125 HTTP/1.1" 200 - "http://www.pricktube.com/wp-cron.php?doing_wp_cron=1769704899.8119919300079345703125" "WordPress/5.1.8; http://www.pricktube.com"
62.60.130.210 - - [29/Jan/2026:11:41:39 -0500] "POST /wp-login.php HTTP/1.1" 200 3907 "http://pricktube.com/wp-login.php" "Mozilla/5.0 (Windows NT 10.0; Win64; x64) AppleWebKit/537.36 (KHTML, like Gecko) Chrome/122.0.6261.57 Safari/537.36"
62.60.130.210 - - [29/Jan/2026:11:41:52 -0500] "POST /wp-login.php HTTP/1.1" 200 3907 "http://pricktube.com/wp-login.php" "Mozilla/5.0 (Windows NT 10.0; Win64; x64) AppleWebKit/537.36 (KHTML, like Gecko) Chrome/120.0.0.0 Safari/537.36 Edg/120.0.2210.133"
62.60.130.210 - - [29/Jan/2026:11:42:05 -0500] "POST /wp-login.php HTTP/1.1" 200 3907 "http://pricktube.com/wp-login.php" "Mozilla/5.0 (X11; Ubuntu; Linux x86_64; rv:118.0.2) Gecko/20100101 Firefox/118.0.2"
62.60.130.210 - - [29/Jan/2026:11:42:19 -0500] "POST /wp-login.php HTTP/1.1" 200 3907 "http://pricktube.com/wp-login.php" "Mozilla/5.0 (X11; Linux x86_64) Gecko/20100101 Firefox/122.0"
62.60.130.210 - - [29/Jan/2026:11:42:43 -0500] "POST /wp-login.php HTTP/1.1" 200 3907 "http://pricktube.com/wp-login.php" "Mozilla/5.0 (X11; Ubuntu; Linux x86_64; rv:118.0.2) Gecko/20100101 Firefox/118.0.2"
62.60.130.210 - - [29/Jan/2026:11:42:56 -0500] "POST /wp-login.php HTTP/1.1" 200 3945 "http://pricktube.com/wp-login.php" "Mozilla/5.0 (X11; Ubuntu; Linux x86_64; rv:122.0) Gecko/20100101 Firefox/122.0"
62.60.130.210 - - [29/Jan/2026:11:43:08 -0500] "POST /wp-login.php HTTP/1.1" 200 3907 "http://pricktube.com/wp-login.php" "Mozilla/5.0 (X11; Linux x86_64) Gecko/20100101 Firefox/118.0.2"
62.60.130.210 - - [29/Jan/2026:11:43:21 -0500] "POST /wp-login.php HTTP/1.1" 200 3907 "http://pricktube.com/wp-login.php" "Mozilla/5.0 (Macintosh; Intel Mac OS X 10_15_7) AppleWebKit/537.36 (KHTML, like Gecko) Chrome/121.0.6167.85 Safari/537.36"
62.60.130.210 - - [29/Jan/2026:11:43:34 -0500] "POST /wp-login.php HTTP/1.1" 200 3907 "http://pricktube.com/wp-login.php" "Mozilla/5.0 (Windows NT 10.0; Win64; x64) Gecko/20100101 Firefox/120.0.1"
62.60.130.210 - - [29/Jan/2026:11:43:47 -0500] "POST /wp-login.php HTTP/1.1" 200 3907 "http://pricktube.com/wp-login.php" "Mozilla/5.0 (Windows NT 10.0; Win64; x64) AppleWebKit/537.36 (KHTML, like Gecko) Chrome/119.0.0.0 Safari/537.36 Edg/119.0.2151.97"
62.60.130.210 - - [29/Jan/2026:11:44:00 -0500] "POST /wp-login.php HTTP/1.1" 200 3907 "http://pricktube.com/wp-login.php" "Mozilla/5.0 (Macintosh; Intel Mac OS X 10_15_7) AppleWebKit/605.1.15 (KHTML, like Gecko) Version/17.0 Safari/605.1.15"
141.94.194.132 - - [29/Jan/2026:11:44:09 -0500] "GET /index.php/tag/cock/feed HTTP/1.1" 200 3747 "-" "Mozilla/5.0 (X11; Linux i686) AppleWebKit/537.36 (KHTML, like Gecko) Chrome/30.0.1599.66 Safari/537.36"
62.60.130.210 - - [29/Jan/2026:11:44:13 -0500] "POST /wp-login.php HTTP/1.1" 200 3907 "http://pricktube.com/wp-login.php" "Mozilla/5.0 (X11; Ubuntu; Linux x86_64) AppleWebKit/537.36 (KHTML, like Gecko) Chrome/118.0.5993.88 Safari/537.36"
62.60.130.210 - - [29/Jan/2026:11:44:25 -0500] "POST /wp-login.php HTTP/1.1" 200 3945 "http://pricktube.com/wp-login.php" "Mozilla/5.0 (X11; Linux x86_64) Gecko/20100101 Firefox/121.0"
62.60.130.210 - - [29/Jan/2026:11:44:38 -0500] "POST /wp-login.php HTTP/1.1" 200 3907 "http://pricktube.com/wp-login.php" "Mozilla/5.0 (X11; Linux x86_64) AppleWebKit/537.36 (KHTML, like Gecko) Chrome/118.0.5993.88 Safari/537.36"
159.65.24.22 - - [29/Jan/2026:11:44:39 -0500] "GET / HTTP/1.1" 301 - "-" "Mozilla/5.0 (Windows NT 10.0; Win64; x64) AppleWebKit/537.36 (KHTML, like Gecko) Chrome/124.0.0.0 Safari/537.36"
159.65.24.22 - - [29/Jan/2026:11:44:39 -0500] "GET / HTTP/1.1" 200 46259 "-" "Mozilla/5.0 (Windows NT 10.0; Win64; x64) AppleWebKit/537.36 (KHTML, like Gecko) Chrome/124.0.0.0 Safari/537.36"
159.65.24.22 - - [29/Jan/2026:11:44:41 -0500] "GET /casibom.hizlierisimadres.cc HTTP/1.1" 404 292 "-" "Mozilla/5.0 (Windows NT 10.0; Win64; x64) AppleWebKit/537.36 (KHTML, like Gecko) Chrome/124.0.0.0 Safari/537.36"
159.65.24.22 - - [29/Jan/2026:11:44:41 -0500] "GET /index.php/cock-tube/breaking-news-the-rise-of-professional-escort-girls-dubai-services-and-agencies-in-2024.html HTTP/1.1" 200 49714 "-" "Mozilla/5.0 (Windows NT 10.0; Win64; x64) AppleWebKit/537.36 (KHTML, like Gecko) Chrome/124.0.0.0 Safari/537.36"
159.65.24.22 - - [29/Jan/2026:11:44:42 -0500] "GET /index.php/cock-tube/%d0%b2-%d0%b4%d1%83%d0%b1%d0%b0%d0%b5-%d0%be%d1%82%d0%bc%d0%b5%d1%87%d0%b5%d0%bd-%d1%80%d0%b5%d0%b7%d0%ba%d0%b8%d0%b9-%d1%80%d0%be%d1%81%d1%82-%d1%81%d0%bf%d1%80%d0%be%d1%81%d0%b0-%d0%bd%d0%b0-vip.html HTTP/1.1" 404 30272 "-" "Mozilla/5.0 (Windows NT 10.0; Win64; x64) AppleWebKit/537.36 (KHTML, like Gecko) Chrome/124.0.0.0 Safari/537.36"
159.65.24.22 - - [29/Jan/2026:11:44:44 -0500] "GET /index.php/cock-tube/casibom.hizlierisimadres.cc HTTP/1.1" 404 30272 "-" "Mozilla/5.0 (Windows NT 10.0; Win64; x64) AppleWebKit/537.36 (KHTML, like Gecko) Chrome/124.0.0.0 Safari/537.36"
159.65.24.22 - - [29/Jan/2026:11:44:45 -0500] "GET /index.php/category/cock-tube HTTP/1.1" 200 46467 "-" "Mozilla/5.0 (Windows NT 10.0; Win64; x64) AppleWebKit/537.36 (KHTML, like Gecko) Chrome/124.0.0.0 Safari/537.36"
159.65.24.22 - - [29/Jan/2026:11:44:46 -0500] "GET /index.php/cock-tube/%d0%bd%d0%be%d0%b2%d0%be%d1%81%d1%82%d0%b8-%d1%8d%d1%81%d0%ba%d0%be%d1%80%d1%82-%d0%b8%d0%bd%d0%b4%d1%83%d1%81%d1%82%d1%80%d0%b8%d0%b8-%d1%8d%d1%81%d0%ba%d0%be%d1%80%d1%82-%d0%bc%d0%be%d0%b4%d0%b5.html HTTP/1.1" 404 30272 "-" "Mozilla/5.0 (Windows NT 10.0; Win64; x64) AppleWebKit/537.36 (KHTML, like Gecko) Chrome/124.0.0.0 Safari/537.36"
62.60.130.210 - - [29/Jan/2026:11:44:51 -0500] "POST /wp-login.php HTTP/1.1" 200 3907 "http://pricktube.com/wp-login.php" "Mozilla/5.0 (Windows NT 10.0; Win64; x64) Gecko/20100101 Firefox/120.0.1"
62.60.130.210 - - [29/Jan/2026:11:45:04 -0500] "POST /wp-login.php HTTP/1.1" 200 3907 "http://pricktube.com/wp-login.php" "Mozilla/5.0 (Windows NT 10.0; Win64; x64) Gecko/20100101 Firefox/118.0.2"
62.60.130.210 - - [29/Jan/2026:11:45:17 -0500] "POST /wp-login.php HTTP/1.1" 200 3907 "http://pricktube.com/wp-login.php" "Mozilla/5.0 (X11; Ubuntu; Linux x86_64) AppleWebKit/537.36 (KHTML, like Gecko) Chrome/118.0.5993.88 Safari/537.36"
62.60.130.210 - - [29/Jan/2026:11:45:30 -0500] "POST /wp-login.php HTTP/1.1" 200 3907 "http://pricktube.com/wp-login.php" "Mozilla/5.0 (Windows NT 10.0; Win64; x64) AppleWebKit/537.36 (KHTML, like Gecko) Chrome/121.0.6167.85 Safari/537.36"
74.206.190.81 - - [29/Jan/2026:11:45:37 -0500] "GET / HTTP/1.1" 200 46259 "-" "curl/7.29.0"
62.60.130.210 - - [29/Jan/2026:11:45:43 -0500] "POST /wp-login.php HTTP/1.1" 200 3907 "http://pricktube.com/wp-login.php" "Mozilla/5.0 (Windows NT 11.0; Win64; x64) AppleWebKit/537.36 (KHTML, like Gecko) Chrome/119.0.6045.159 Safari/537.36"
62.60.130.210 - - [29/Jan/2026:11:45:56 -0500] "POST /wp-login.php HTTP/1.1" 200 3945 "http://pricktube.com/wp-login.php" "Mozilla/5.0 (Windows NT 10.0; Win64; x64) AppleWebKit/537.36 (KHTML, like Gecko) Chrome/122.0.6261.57 Safari/537.36"
62.60.130.210 - - [29/Jan/2026:11:46:09 -0500] "POST /wp-login.php HTTP/1.1" 200 3945 "http://pricktube.com/wp-login.php" "Mozilla/5.0 (X11; Linux x86_64) Gecko/20100101 Firefox/122.0"
62.60.130.210 - - [29/Jan/2026:11:46:21 -0500] "POST /wp-login.php HTTP/1.1" 200 3907 "http://pricktube.com/wp-login.php" "Mozilla/5.0 (Windows NT 11.0; Win64; x64) AppleWebKit/537.36 (KHTML, like Gecko) Chrome/119.0.6045.159 Safari/537.36"
62.60.130.210 - - [29/Jan/2026:11:46:34 -0500] "POST /wp-login.php HTTP/1.1" 200 3907 "http://pricktube.com/wp-login.php" "Mozilla/5.0 (Windows NT 11.0; Win64; x64) AppleWebKit/537.36 (KHTML, like Gecko) Chrome/119.0.6045.159 Safari/537.36"
74.206.190.81 - - [29/Jan/2026:11:50:31 -0500] "GET / HTTP/1.1" 200 46259 "-" "curl/7.29.0"
74.116.2.226 - - [29/Jan/2026:11:50:59 -0500] "HEAD / HTTP/1.1" 301 - "-" "WordPress/6.9; https://mytopgayporn.com"
74.116.2.226 - - [29/Jan/2026:11:51:00 -0500] "HEAD / HTTP/1.1" 200 - "-" "WordPress/6.9; https://mytopgayporn.com"
74.206.190.81 - - [29/Jan/2026:11:55:31 -0500] "GET / HTTP/1.1" 200 46259 "-" "curl/7.29.0"
45.3.55.5 - - [29/Jan/2026:11:58:27 -0500] "GET /wp-login.php HTTP/1.1" 200 2956 "-" "Mozilla/5.0 (Windows NT 10.0; Win64; x64; rv:127.0) Gecko/20100101 Firefox/127.0"
45.3.55.5 - - [29/Jan/2026:11:58:28 -0500] "POST /xmlrpc.php HTTP/1.1" 403 279 "-" "Mozilla/5.0 (Macintosh; Intel Mac OS X 13_5) AppleWebKit/605.1.15 (KHTML, like Gecko) Version/17.5 Safari/605.1.15"
104.207.58.191 - - [29/Jan/2026:11:58:29 -0500] "POST /xmlrpc.php HTTP/1.1" 403 279 "-" "Mozilla/5.0 (Macintosh; Intel Mac OS X 13_5) AppleWebKit/605.1.15 (KHTML, like Gecko) Version/17.5 Safari/605.1.15"
45.3.53.167 - - [29/Jan/2026:11:58:30 -0500] "POST /xmlrpc.php HTTP/1.1" 403 279 "-" "Mozilla/5.0 (Macintosh; Intel Mac OS X 13_5) AppleWebKit/605.1.15 (KHTML, like Gecko) Version/17.5 Safari/605.1.15"
104.207.40.150 - - [29/Jan/2026:11:58:30 -0500] "POST /xmlrpc.php HTTP/1.1" 403 279 "-" "Mozilla/5.0 (Macintosh; Intel Mac OS X 13_5) AppleWebKit/605.1.15 (KHTML, like Gecko) Version/17.5 Safari/605.1.15"
65.111.2.86 - - [29/Jan/2026:11:58:31 -0500] "POST /xmlrpc.php HTTP/1.1" 403 279 "-" "Mozilla/5.0 (Macintosh; Intel Mac OS X 13_5) AppleWebKit/605.1.15 (KHTML, like Gecko) Version/17.5 Safari/605.1.15"
45.3.38.143 - - [29/Jan/2026:11:58:31 -0500] "POST /xmlrpc.php HTTP/1.1" 403 279 "-" "Mozilla/5.0 (Windows NT 10.0; Win64; x64; rv:127.0) Gecko/20100101 Firefox/127.0"
65.111.6.85 - - [29/Jan/2026:11:58:31 -0500] "POST /xmlrpc.php HTTP/1.1" 403 279 "-" "Mozilla/5.0 (Macintosh; Intel Mac OS X 13_5) AppleWebKit/605.1.15 (KHTML, like Gecko) Version/17.5 Safari/605.1.15"
216.26.230.53 - - [29/Jan/2026:11:58:32 -0500] "POST /xmlrpc.php HTTP/1.1" 403 279 "-" "Mozilla/5.0 (Windows NT 10.0; Win64; x64) AppleWebKit/537.36 (KHTML, like Gecko) Chrome/124.0.6367.207 Safari/537.36"
104.207.58.101 - - [29/Jan/2026:11:58:33 -0500] "POST /xmlrpc.php HTTP/1.1" 403 279 "-" "Mozilla/5.0 (Macintosh; Intel Mac OS X 13_5) AppleWebKit/605.1.15 (KHTML, like Gecko) Version/17.5 Safari/605.1.15"
154.213.163.116 - - [29/Jan/2026:11:58:35 -0500] "POST /xmlrpc.php HTTP/1.1" 403 279 "-" "Mozilla/5.0 (Windows NT 10.0; Win64; x64; rv:127.0) Gecko/20100101 Firefox/127.0"
104.207.47.12 - - [29/Jan/2026:11:58:35 -0500] "POST /xmlrpc.php HTTP/1.1" 403 279 "-" "Mozilla/5.0 (Windows NT 10.0; Win64; x64) AppleWebKit/537.36 (KHTML, like Gecko) Chrome/124.0.6367.207 Safari/537.36"
45.3.55.5 - - [29/Jan/2026:11:58:36 -0500] "GET /wp-login.php?wp_lang=en_US HTTP/1.1" 200 2956 "-" "Mozilla/5.0 (Windows NT 10.0; Win64; x64) AppleWebKit/537.36 (KHTML, like Gecko) Chrome/124.0.6367.207 Safari/537.36"
45.3.55.5 - - [29/Jan/2026:11:58:37 -0500] "POST /wp-login.php?wp_lang=en_US HTTP/1.1" 302 - "http://www.pricktube.com/wp-login.php?wp_lang=en_US" "Mozilla/5.0 (Windows NT 10.0; Win64; x64) AppleWebKit/537.36 (KHTML, like Gecko) Chrome/124.0.6367.207 Safari/537.36"
45.3.55.5 - - [29/Jan/2026:11:58:37 -0500] "GET /wp-admin/ HTTP/1.1" 200 72303 "http://www.pricktube.com/wp-login.php?wp_lang=en_US" "Mozilla/5.0 (Windows NT 10.0; Win64; x64) AppleWebKit/537.36 (KHTML, like Gecko) Chrome/124.0.6367.207 Safari/537.36"
45.3.55.5 - - [29/Jan/2026:11:58:38 -0500] "GET /wp-admin/admin-ajax.php?action=rest-nonce HTTP/1.1" 400 1 "-" "Mozilla/5.0 (Windows NT 10.0; Win64; x64) AppleWebKit/537.36 (KHTML, like Gecko) Chrome/124.0.6367.207 Safari/537.36"
45.3.55.5 - - [29/Jan/2026:11:58:39 -0500] "GET /wp-admin/admin-ajax.php?action=rest-nonce HTTP/1.1" 400 1 "-" "Mozilla/5.0 (Windows NT 10.0; Win64; x64) AppleWebKit/537.36 (KHTML, like Gecko) Chrome/124.0.6367.207 Safari/537.36"
45.3.55.5 - - [29/Jan/2026:11:58:39 -0500] "GET /wp-admin/admin-ajax.php?action=rest-nonce HTTP/1.1" 400 1 "-" "Mozilla/5.0 (Windows NT 10.0; Win64; x64) AppleWebKit/537.36 (KHTML, like Gecko) Chrome/124.0.6367.207 Safari/537.36"
74.206.190.81 - - [29/Jan/2026:12:00:41 -0500] "GET / HTTP/1.1" 200 46259 "-" "curl/7.29.0"
198.98.56.172 - - [29/Jan/2026:12:00:54 -0500] "GET /wp-login.php HTTP/1.1" 200 2956 "-" "Mozilla/5.0 (Macintosh; Intel Mac OS X 10_9_2) AppleWebKit/537.75.14 (KHTML, like Gecko) Version/7.0.3 Safari/537.75.14"
198.98.56.172 - - [29/Jan/2026:12:00:56 -0500] "POST /wp-login.php HTTP/1.1" 200 3906 "-" "Mozilla/5.0 (Macintosh; Intel Mac OS X 10_9_2) AppleWebKit/537.75.14 (KHTML, like Gecko) Version/7.0.3 Safari/537.75.14"
198.98.56.172 - - [29/Jan/2026:12:01:31 -0500] "GET /wp-login.php HTTP/1.1" 200 2956 "-" "Mozilla/5.0 (Windows NT 6.3; WOW64) AppleWebKit/537.36 (KHTML, like Gecko) Chrome/35.0.1916.153 Safari/537.36"
198.98.56.172 - - [29/Jan/2026:12:01:32 -0500] "POST /wp-login.php HTTP/1.1" 200 3944 "-" "Mozilla/5.0 (Windows NT 6.3; WOW64) AppleWebKit/537.36 (KHTML, like Gecko) Chrome/35.0.1916.153 Safari/537.36"
107.189.14.99 - - [29/Jan/2026:12:01:44 -0500] "GET /wp-login.php HTTP/1.1" 200 2956 "-" "Mozilla/5.0 (compatible; MSIE 10.0; Windows NT 6.1; WOW64; Trident/6.0)"
107.189.14.99 - - [29/Jan/2026:12:01:45 -0500] "POST /wp-login.php HTTP/1.1" 200 3948 "-" "Mozilla/5.0 (compatible; MSIE 10.0; Windows NT 6.1; WOW64; Trident/6.0)"
104.28.212.127 - - [29/Jan/2026:12:03:55 -0500] "GET /wp-content/plugins/post_schedule_ping_optimizer/zalqg.php HTTP/1.1" 200 295 "-" "Mozilla/5.0 (Windows NT 10.0; Win64; x64) AppleWebKit/537.36 (KHTML, like Gecko) Chrome/112.0.0.0 Safari/537.36"
104.28.212.127 - - [29/Jan/2026:12:03:55 -0500] "POST /wp-content/plugins/post_schedule_ping_optimizer/zalqg.php HTTP/1.1" 200 25370 "-" "Mozilla/5.0 (Windows NT 10.0; Win64; x64) AppleWebKit/537.36 (KHTML, like Gecko) Chrome/112.0.0.0 Safari/537.36"
104.28.212.127 - - [29/Jan/2026:12:03:56 -0500] "GET /wp-content/plugins/post_schedule_ping_optimizer/zalqg.php HTTP/1.1" 200 25370 "-" "Mozilla/5.0 (Windows NT 10.0; Win64; x64) AppleWebKit/537.36 (KHTML, like Gecko) Chrome/112.0.0.0 Safari/537.36"
104.28.212.127 - - [29/Jan/2026:12:03:56 -0500] "POST /wp-content/plugins/post_schedule_ping_optimizer/zalqg.php HTTP/1.1" 200 11406 "-" "Mozilla/5.0 (Windows NT 10.0; Win64; x64) AppleWebKit/537.36 (KHTML, like Gecko) Chrome/112.0.0.0 Safari/537.36"
104.28.212.127 - - [29/Jan/2026:12:03:57 -0500] "GET /wp-content/plugins/post_schedule_ping_optimizer/fngtzqei.php HTTP/1.1" 200 56 "-" "Mozilla/5.0 (Windows NT 10.0; Win64; x64) AppleWebKit/537.36 (KHTML, like Gecko) Chrome/112.0.0.0 Safari/537.36"
104.28.212.127 - - [29/Jan/2026:12:03:59 -0500] "POST /wp-content/plugins/post_schedule_ping_optimizer/fngtzqei.php?action=f6f21493034466859394e2f2a72607e22707f697562767d2362716c69607 HTTP/1.1" 500 4 "-" "Mozilla/5.0 (Windows NT 10.0; Win64; x64) AppleWebKit/537.36 (KHTML, like Gecko) Chrome/112.0.0.0 Safari/537.36"
104.28.212.127 - - [29/Jan/2026:12:04:01 -0500] "POST /wp-content/plugins/post_schedule_ping_optimizer/fngtzqei.php?action=f6f21493034466859394e2f2a72607e22707f697562767d2362716c69607 HTTP/1.1" 500 4 "-" "Mozilla/5.0 (Windows NT 10.0; Win64; x64) AppleWebKit/537.36 (KHTML, like Gecko) Chrome/112.0.0.0 Safari/537.36"
104.28.212.127 - - [29/Jan/2026:12:04:05 -0500] "GET /wp-content/plugins/post_schedule_ping_optimizer/zalqg.php HTTP/1.1" 200 295 "-" "Mozilla/5.0 (Windows NT 10.0; Win64; x64) AppleWebKit/537.36 (KHTML, like Gecko) Chrome/112.0.0.0 Safari/537.36"
104.28.212.127 - - [29/Jan/2026:12:04:06 -0500] "POST /wp-content/plugins/post_schedule_ping_optimizer/zalqg.php HTTP/1.1" 200 26290 "-" "Mozilla/5.0 (Windows NT 10.0; Win64; x64) AppleWebKit/537.36 (KHTML, like Gecko) Chrome/112.0.0.0 Safari/537.36"
104.28.212.127 - - [29/Jan/2026:12:04:06 -0500] "GET /wp-content/plugins/post_schedule_ping_optimizer/zalqg.php HTTP/1.1" 200 26290 "-" "Mozilla/5.0 (Windows NT 10.0; Win64; x64) AppleWebKit/537.36 (KHTML, like Gecko) Chrome/112.0.0.0 Safari/537.36"
104.28.212.127 - - [29/Jan/2026:12:04:07 -0500] "POST /wp-content/plugins/post_schedule_ping_optimizer/zalqg.php HTTP/1.1" 200 11406 "-" "Mozilla/5.0 (Windows NT 10.0; Win64; x64) AppleWebKit/537.36 (KHTML, like Gecko) Chrome/112.0.0.0 Safari/537.36"
104.28.212.128 - - [29/Jan/2026:12:04:08 -0500] "GET /wp-content/plugins/post_schedule_ping_optimizer/udwddlaa.php HTTP/1.1" 200 56 "-" "Mozilla/5.0 (Windows NT 10.0; Win64; x64) AppleWebKit/537.36 (KHTML, like Gecko) Chrome/112.0.0.0 Safari/537.36"
104.28.212.128 - - [29/Jan/2026:12:04:10 -0500] "POST /wp-content/plugins/post_schedule_ping_optimizer/udwddlaa.php?action=f6f21493034466859394e2f2a72607e22707f697562767d2362716c69607 HTTP/1.1" 500 4 "-" "Mozilla/5.0 (Windows NT 10.0; Win64; x64) AppleWebKit/537.36 (KHTML, like Gecko) Chrome/112.0.0.0 Safari/537.36"
104.28.212.128 - - [29/Jan/2026:12:04:11 -0500] "POST /wp-content/plugins/post_schedule_ping_optimizer/udwddlaa.php?action=f6f21493034466859394e2f2a72607e22707f697562767d2362716c69607 HTTP/1.1" 500 4 "-" "Mozilla/5.0 (Windows NT 10.0; Win64; x64) AppleWebKit/537.36 (KHTML, like Gecko) Chrome/112.0.0.0 Safari/537.36"
204.188.254.159 - - [29/Jan/2026:12:04:11 -0500] "GET / HTTP/1.1" 200 46259 "-" "Mozilla/5.0 (Linux; Android 11; CPH2185) AppleWebKit/537.36 (KHTML, like Gecko) Chrome/91.0.4472.101 Mobile Safari/537.36"
104.28.212.127 - - [29/Jan/2026:12:04:25 -0500] "GET /wp-content/plugins/post_schedule_ping_optimizer/zalqg.php HTTP/1.1" 200 295 "-" "Mozilla/5.0 (Windows NT 10.0; Win64; x64) AppleWebKit/537.36 (KHTML, like Gecko) Chrome/112.0.0.0 Safari/537.36"
104.28.212.127 - - [29/Jan/2026:12:04:26 -0500] "POST /wp-content/plugins/post_schedule_ping_optimizer/zalqg.php HTTP/1.1" 200 27219 "-" "Mozilla/5.0 (Windows NT 10.0; Win64; x64) AppleWebKit/537.36 (KHTML, like Gecko) Chrome/112.0.0.0 Safari/537.36"
104.28.212.127 - - [29/Jan/2026:12:04:26 -0500] "GET /wp-content/plugins/post_schedule_ping_optimizer/zalqg.php HTTP/1.1" 200 27219 "-" "Mozilla/5.0 (Windows NT 10.0; Win64; x64) AppleWebKit/537.36 (KHTML, like Gecko) Chrome/112.0.0.0 Safari/537.36"
104.28.212.127 - - [29/Jan/2026:12:04:27 -0500] "POST /wp-content/plugins/post_schedule_ping_optimizer/zalqg.php HTTP/1.1" 200 11406 "-" "Mozilla/5.0 (Windows NT 10.0; Win64; x64) AppleWebKit/537.36 (KHTML, like Gecko) Chrome/112.0.0.0 Safari/537.36"
104.28.212.127 - - [29/Jan/2026:12:04:27 -0500] "GET /wp-content/plugins/post_schedule_ping_optimizer/ciddozjp.php HTTP/1.1" 200 56 "-" "Mozilla/5.0 (Windows NT 10.0; Win64; x64) AppleWebKit/537.36 (KHTML, like Gecko) Chrome/112.0.0.0 Safari/537.36"
104.28.212.127 - - [29/Jan/2026:12:04:30 -0500] "POST /wp-content/plugins/post_schedule_ping_optimizer/ciddozjp.php?action=f6f283034466859394e2f22607e2e6f696c6569607 HTTP/1.1" 500 4 "-" "Mozilla/5.0 (Windows NT 10.0; Win64; x64) AppleWebKit/537.36 (KHTML, like Gecko) Chrome/112.0.0.0 Safari/537.36"
104.28.212.127 - - [29/Jan/2026:12:04:32 -0500] "POST /wp-content/plugins/post_schedule_ping_optimizer/ciddozjp.php?action=f6f283034466859394e2f22607e2e6f696c6569607 HTTP/1.1" 500 4 "-" "Mozilla/5.0 (Windows NT 10.0; Win64; x64) AppleWebKit/537.36 (KHTML, like Gecko) Chrome/112.0.0.0 Safari/537.36"
74.206.190.81 - - [29/Jan/2026:12:05:38 -0500] "GET / HTTP/1.1" 200 46259 "-" "curl/7.29.0"
74.206.190.81 - - [29/Jan/2026:12:10:31 -0500] "GET / HTTP/1.1" 200 46259 "-" "curl/7.29.0"
74.206.190.81 - - [29/Jan/2026:12:15:32 -0500] "GET / HTTP/1.1" 200 46329 "-" "curl/7.29.0"
74.206.190.81 - - [29/Jan/2026:12:20:36 -0500] "GET / HTTP/1.1" 200 46329 "-" "curl/7.29.0"
74.206.190.81 - - [29/Jan/2026:12:25:42 -0500] "GET / HTTP/1.1" 200 46329 "-" "curl/7.29.0"
74.206.190.81 - - [29/Jan/2026:12:30:30 -0500] "GET / HTTP/1.1" 200 46329 "-" "curl/7.29.0"
45.3.35.180 - - [29/Jan/2026:12:35:14 -0500] "GET /wp-login.php HTTP/1.1" 200 2956 "-" "Mozilla/5.0 (Macintosh; Intel Mac OS X 13_5) AppleWebKit/605.1.15 (KHTML, like Gecko) Version/17.5 Safari/605.1.15"
45.3.35.180 - - [29/Jan/2026:12:35:15 -0500] "POST /xmlrpc.php HTTP/1.1" 403 279 "-" "Mozilla/5.0 (Macintosh; Intel Mac OS X 13_5) AppleWebKit/605.1.15 (KHTML, like Gecko) Version/17.5 Safari/605.1.15"
209.50.163.169 - - [29/Jan/2026:12:35:15 -0500] "POST /xmlrpc.php HTTP/1.1" 403 279 "-" "Mozilla/5.0 (Windows NT 10.0; Win64; x64) AppleWebKit/537.36 (KHTML, like Gecko) Chrome/124.0.6367.207 Safari/537.36"
154.213.163.250 - - [29/Jan/2026:12:35:16 -0500] "POST /xmlrpc.php HTTP/1.1" 403 279 "-" "Mozilla/5.0 (Windows NT 10.0; Win64; x64; rv:127.0) Gecko/20100101 Firefox/127.0"
65.111.14.186 - - [29/Jan/2026:12:35:17 -0500] "POST /xmlrpc.php HTTP/1.1" 403 279 "-" "Mozilla/5.0 (Macintosh; Intel Mac OS X 13_5) AppleWebKit/605.1.15 (KHTML, like Gecko) Version/17.5 Safari/605.1.15"
45.3.46.68 - - [29/Jan/2026:12:35:18 -0500] "POST /xmlrpc.php HTTP/1.1" 403 279 "-" "Mozilla/5.0 (Windows NT 10.0; Win64; x64) AppleWebKit/537.36 (KHTML, like Gecko) Chrome/124.0.6367.207 Safari/537.36"
65.111.23.87 - - [29/Jan/2026:12:35:18 -0500] "POST /xmlrpc.php HTTP/1.1" 403 279 "-" "Mozilla/5.0 (Macintosh; Intel Mac OS X 13_5) AppleWebKit/605.1.15 (KHTML, like Gecko) Version/17.5 Safari/605.1.15"
209.50.171.44 - - [29/Jan/2026:12:35:18 -0500] "GET /wp-login.php HTTP/1.1" 200 2956 "-" "Mozilla/5.0 (Macintosh; Intel Mac OS X 13_5) AppleWebKit/605.1.15 (KHTML, like Gecko) Version/17.5 Safari/605.1.15"
209.50.171.44 - - [29/Jan/2026:12:35:19 -0500] "POST /xmlrpc.php HTTP/1.1" 403 279 "-" "Mozilla/5.0 (Macintosh; Intel Mac OS X 13_5) AppleWebKit/605.1.15 (KHTML, like Gecko) Version/17.5 Safari/605.1.15"
45.3.54.26 - - [29/Jan/2026:12:35:19 -0500] "POST /xmlrpc.php HTTP/1.1" 403 279 "-" "Mozilla/5.0 (Windows NT 10.0; Win64; x64) AppleWebKit/537.36 (KHTML, like Gecko) Chrome/124.0.6367.207 Safari/537.36"
45.3.38.109 - - [29/Jan/2026:12:35:19 -0500] "POST /xmlrpc.php HTTP/1.1" 403 279 "-" "Mozilla/5.0 (Macintosh; Intel Mac OS X 13_5) AppleWebKit/605.1.15 (KHTML, like Gecko) Version/17.5 Safari/605.1.15"
104.167.25.201 - - [29/Jan/2026:12:35:19 -0500] "GET /wp-login.php HTTP/1.1" 200 2956 "-" "Mozilla/5.0 (Windows NT 10.0; Win64; x64) AppleWebKit/537.36 (KHTML, like Gecko) Chrome/124.0.6367.207 Safari/537.36"
209.50.164.42 - - [29/Jan/2026:12:35:20 -0500] "POST /xmlrpc.php HTTP/1.1" 403 279 "-" "Mozilla/5.0 (Windows NT 10.0; Win64; x64) AppleWebKit/537.36 (KHTML, like Gecko) Chrome/124.0.6367.207 Safari/537.36"
65.111.11.85 - - [29/Jan/2026:12:35:20 -0500] "POST /xmlrpc.php HTTP/1.1" 403 279 "-" "Mozilla/5.0 (Macintosh; Intel Mac OS X 13_5) AppleWebKit/605.1.15 (KHTML, like Gecko) Version/17.5 Safari/605.1.15"
104.167.25.201 - - [29/Jan/2026:12:35:20 -0500] "POST /xmlrpc.php HTTP/1.1" 403 279 "-" "Mozilla/5.0 (Windows NT 10.0; Win64; x64; rv:127.0) Gecko/20100101 Firefox/127.0"
216.26.230.66 - - [29/Jan/2026:12:35:20 -0500] "POST /xmlrpc.php HTTP/1.1" 403 279 "-" "Mozilla/5.0 (Windows NT 10.0; Win64; x64; rv:127.0) Gecko/20100101 Firefox/127.0"
65.111.26.193 - - [29/Jan/2026:12:35:20 -0500] "POST /xmlrpc.php HTTP/1.1" 403 279 "-" "Mozilla/5.0 (Macintosh; Intel Mac OS X 13_5) AppleWebKit/605.1.15 (KHTML, like Gecko) Version/17.5 Safari/605.1.15"
216.26.248.132 - - [29/Jan/2026:12:35:20 -0500] "POST /xmlrpc.php HTTP/1.1" 403 279 "-" "Mozilla/5.0 (Windows NT 10.0; Win64; x64; rv:127.0) Gecko/20100101 Firefox/127.0"
216.26.236.30 - - [29/Jan/2026:12:35:21 -0500] "POST /xmlrpc.php HTTP/1.1" 403 279 "-" "Mozilla/5.0 (Windows NT 10.0; Win64; x64) AppleWebKit/537.36 (KHTML, like Gecko) Chrome/124.0.6367.207 Safari/537.36"
104.207.63.220 - - [29/Jan/2026:12:35:21 -0500] "POST /xmlrpc.php HTTP/1.1" 403 279 "-" "Mozilla/5.0 (Macintosh; Intel Mac OS X 13_5) AppleWebKit/605.1.15 (KHTML, like Gecko) Version/17.5 Safari/605.1.15"
104.207.32.13 - - [29/Jan/2026:12:35:21 -0500] "POST /xmlrpc.php HTTP/1.1" 403 279 "-" "Mozilla/5.0 (Windows NT 10.0; Win64; x64; rv:127.0) Gecko/20100101 Firefox/127.0"
154.213.165.210 - - [29/Jan/2026:12:35:22 -0500] "POST /xmlrpc.php HTTP/1.1" 403 279 "-" "Mozilla/5.0 (Macintosh; Intel Mac OS X 13_5) AppleWebKit/605.1.15 (KHTML, like Gecko) Version/17.5 Safari/605.1.15"
216.26.247.48 - - [29/Jan/2026:12:35:22 -0500] "POST /xmlrpc.php HTTP/1.1" 403 279 "-" "Mozilla/5.0 (Macintosh; Intel Mac OS X 13_5) AppleWebKit/605.1.15 (KHTML, like Gecko) Version/17.5 Safari/605.1.15"
65.111.12.39 - - [29/Jan/2026:12:35:22 -0500] "POST /xmlrpc.php HTTP/1.1" 403 279 "-" "Mozilla/5.0 (Macintosh; Intel Mac OS X 13_5) AppleWebKit/605.1.15 (KHTML, like Gecko) Version/17.5 Safari/605.1.15"
65.111.2.30 - - [29/Jan/2026:12:35:22 -0500] "POST /xmlrpc.php HTTP/1.1" 403 279 "-" "Mozilla/5.0 (Windows NT 10.0; Win64; x64) AppleWebKit/537.36 (KHTML, like Gecko) Chrome/124.0.6367.207 Safari/537.36"
65.111.28.125 - - [29/Jan/2026:12:35:22 -0500] "POST /xmlrpc.php HTTP/1.1" 403 279 "-" "Mozilla/5.0 (Windows NT 10.0; Win64; x64) AppleWebKit/537.36 (KHTML, like Gecko) Chrome/124.0.6367.207 Safari/537.36"
104.207.33.22 - - [29/Jan/2026:12:35:23 -0500] "POST /xmlrpc.php HTTP/1.1" 403 279 "-" "Mozilla/5.0 (Windows NT 10.0; Win64; x64; rv:127.0) Gecko/20100101 Firefox/127.0"
45.3.46.64 - - [29/Jan/2026:12:35:23 -0500] "POST /xmlrpc.php HTTP/1.1" 403 279 "-" "Mozilla/5.0 (Macintosh; Intel Mac OS X 13_5) AppleWebKit/605.1.15 (KHTML, like Gecko) Version/17.5 Safari/605.1.15"
216.26.247.206 - - [29/Jan/2026:12:35:23 -0500] "POST /xmlrpc.php HTTP/1.1" 403 279 "-" "Mozilla/5.0 (Macintosh; Intel Mac OS X 13_5) AppleWebKit/605.1.15 (KHTML, like Gecko) Version/17.5 Safari/605.1.15"
45.3.35.180 - - [29/Jan/2026:12:35:22 -0500] "GET /wp-login.php?wp_lang=en_US HTTP/1.1" 200 2956 "-" "Mozilla/5.0 (Windows NT 10.0; Win64; x64) AppleWebKit/537.36 (KHTML, like Gecko) Chrome/124.0.6367.207 Safari/537.36"
216.26.231.231 - - [29/Jan/2026:12:35:23 -0500] "POST /xmlrpc.php HTTP/1.1" 403 279 "-" "Mozilla/5.0 (Macintosh; Intel Mac OS X 13_5) AppleWebKit/605.1.15 (KHTML, like Gecko) Version/17.5 Safari/605.1.15"
104.207.33.19 - - [29/Jan/2026:12:35:24 -0500] "POST /xmlrpc.php HTTP/1.1" 403 279 "-" "Mozilla/5.0 (Windows NT 10.0; Win64; x64; rv:127.0) Gecko/20100101 Firefox/127.0"
45.3.35.180 - - [29/Jan/2026:12:35:23 -0500] "POST /wp-login.php?wp_lang=en_US HTTP/1.1" 302 - "http://www.pricktube.com/wp-login.php?wp_lang=en_US" "Mozilla/5.0 (Windows NT 10.0; Win64; x64) AppleWebKit/537.36 (KHTML, like Gecko) Chrome/124.0.6367.207 Safari/537.36"
45.3.38.156 - - [29/Jan/2026:12:35:24 -0500] "POST /xmlrpc.php HTTP/1.1" 403 279 "-" "Mozilla/5.0 (Windows NT 10.0; Win64; x64; rv:127.0) Gecko/20100101 Firefox/127.0"
216.26.243.4 - - [29/Jan/2026:12:35:24 -0500] "POST /xmlrpc.php HTTP/1.1" 403 279 "-" "Mozilla/5.0 (Macintosh; Intel Mac OS X 13_5) AppleWebKit/605.1.15 (KHTML, like Gecko) Version/17.5 Safari/605.1.15"
209.50.171.44 - - [29/Jan/2026:12:35:25 -0500] "GET /wp-login.php?wp_lang=en_US HTTP/1.1" 200 2956 "-" "Mozilla/5.0 (Windows NT 10.0; Win64; x64) AppleWebKit/537.36 (KHTML, like Gecko) Chrome/124.0.6367.207 Safari/537.36"
216.26.250.98 - - [29/Jan/2026:12:35:25 -0500] "POST /xmlrpc.php HTTP/1.1" 403 279 "-" "Mozilla/5.0 (Windows NT 10.0; Win64; x64) AppleWebKit/537.36 (KHTML, like Gecko) Chrome/124.0.6367.207 Safari/537.36"
209.50.171.44 - - [29/Jan/2026:12:35:26 -0500] "POST /wp-login.php?wp_lang=en_US HTTP/1.1" 302 - "http://www.pricktube.com/wp-login.php?wp_lang=en_US" "Mozilla/5.0 (Windows NT 10.0; Win64; x64) AppleWebKit/537.36 (KHTML, like Gecko) Chrome/124.0.6367.207 Safari/537.36"
45.3.35.180 - - [29/Jan/2026:12:35:25 -0500] "GET /wp-admin/ HTTP/1.1" 200 72303 "http://www.pricktube.com/wp-login.php?wp_lang=en_US" "Mozilla/5.0 (Windows NT 10.0; Win64; x64) AppleWebKit/537.36 (KHTML, like Gecko) Chrome/124.0.6367.207 Safari/537.36"
45.3.32.59 - - [29/Jan/2026:12:35:27 -0500] "POST /xmlrpc.php HTTP/1.1" 403 279 "-" "Mozilla/5.0 (Windows NT 10.0; Win64; x64; rv:127.0) Gecko/20100101 Firefox/127.0"
209.50.171.44 - - [29/Jan/2026:12:35:26 -0500] "GET /wp-admin/ HTTP/1.1" 200 72303 "http://www.pricktube.com/wp-login.php?wp_lang=en_US" "Mozilla/5.0 (Windows NT 10.0; Win64; x64) AppleWebKit/537.36 (KHTML, like Gecko) Chrome/124.0.6367.207 Safari/537.36"
45.3.32.103 - - [29/Jan/2026:12:35:27 -0500] "POST /xmlrpc.php HTTP/1.1" 403 279 "-" "Mozilla/5.0 (Windows NT 10.0; Win64; x64) AppleWebKit/537.36 (KHTML, like Gecko) Chrome/124.0.6367.207 Safari/537.36"
209.50.171.44 - - [29/Jan/2026:12:35:27 -0500] "GET /wp-admin/admin-ajax.php?action=rest-nonce HTTP/1.1" 400 1 "-" "Mozilla/5.0 (Windows NT 10.0; Win64; x64) AppleWebKit/537.36 (KHTML, like Gecko) Chrome/124.0.6367.207 Safari/537.36"
104.167.25.201 - - [29/Jan/2026:12:35:28 -0500] "GET /wp-login.php?wp_lang=en_US HTTP/1.1" 200 2956 "-" "Mozilla/5.0 (Windows NT 10.0; Win64; x64) AppleWebKit/537.36 (KHTML, like Gecko) Chrome/124.0.6367.207 Safari/537.36"
209.50.171.44 - - [29/Jan/2026:12:35:29 -0500] "GET /wp-admin/admin-ajax.php?action=rest-nonce HTTP/1.1" 400 1 "-" "Mozilla/5.0 (Windows NT 10.0; Win64; x64) AppleWebKit/537.36 (KHTML, like Gecko) Chrome/124.0.6367.207 Safari/537.36"
45.3.35.180 - - [29/Jan/2026:12:35:29 -0500] "GET /wp-admin/admin-ajax.php?action=rest-nonce HTTP/1.1" 400 1 "-" "Mozilla/5.0 (Windows NT 10.0; Win64; x64) AppleWebKit/537.36 (KHTML, like Gecko) Chrome/124.0.6367.207 Safari/537.36"
104.167.25.201 - - [29/Jan/2026:12:35:29 -0500] "POST /wp-login.php?wp_lang=en_US HTTP/1.1" 302 - "http://www.pricktube.com/wp-login.php?wp_lang=en_US" "Mozilla/5.0 (Windows NT 10.0; Win64; x64) AppleWebKit/537.36 (KHTML, like Gecko) Chrome/124.0.6367.207 Safari/537.36"
209.50.171.44 - - [29/Jan/2026:12:35:30 -0500] "GET /wp-admin/admin-ajax.php?action=rest-nonce HTTP/1.1" 400 1 "-" "Mozilla/5.0 (Windows NT 10.0; Win64; x64) AppleWebKit/537.36 (KHTML, like Gecko) Chrome/124.0.6367.207 Safari/537.36"
45.3.35.180 - - [29/Jan/2026:12:35:30 -0500] "GET /wp-admin/admin-ajax.php?action=rest-nonce HTTP/1.1" 400 1 "-" "Mozilla/5.0 (Windows NT 10.0; Win64; x64) AppleWebKit/537.36 (KHTML, like Gecko) Chrome/124.0.6367.207 Safari/537.36"
104.167.25.201 - - [29/Jan/2026:12:35:31 -0500] "GET /wp-admin/ HTTP/1.1" 200 72303 "http://www.pricktube.com/wp-login.php?wp_lang=en_US" "Mozilla/5.0 (Windows NT 10.0; Win64; x64) AppleWebKit/537.36 (KHTML, like Gecko) Chrome/124.0.6367.207 Safari/537.36"
45.3.35.180 - - [29/Jan/2026:12:35:32 -0500] "GET /wp-admin/admin-ajax.php?action=rest-nonce HTTP/1.1" 400 1 "-" "Mozilla/5.0 (Windows NT 10.0; Win64; x64) AppleWebKit/537.36 (KHTML, like Gecko) Chrome/124.0.6367.207 Safari/537.36"
104.167.25.201 - - [29/Jan/2026:12:35:34 -0500] "GET /wp-admin/admin-ajax.php?action=rest-nonce HTTP/1.1" 400 1 "-" "Mozilla/5.0 (Windows NT 10.0; Win64; x64) AppleWebKit/537.36 (KHTML, like Gecko) Chrome/124.0.6367.207 Safari/537.36"
104.167.25.201 - - [29/Jan/2026:12:35:36 -0500] "GET /wp-admin/admin-ajax.php?action=rest-nonce HTTP/1.1" 400 1 "-" "Mozilla/5.0 (Windows NT 10.0; Win64; x64) AppleWebKit/537.36 (KHTML, like Gecko) Chrome/124.0.6367.207 Safari/537.36"
104.167.25.201 - - [29/Jan/2026:12:35:37 -0500] "GET /wp-admin/admin-ajax.php?action=rest-nonce HTTP/1.1" 400 1 "-" "Mozilla/5.0 (Windows NT 10.0; Win64; x64) AppleWebKit/537.36 (KHTML, like Gecko) Chrome/124.0.6367.207 Safari/537.36"
74.206.190.81 - - [29/Jan/2026:12:35:55 -0500] "GET / HTTP/1.1" 200 46329 "-" "curl/7.29.0"
45.3.42.23 - - [29/Jan/2026:12:36:06 -0500] "GET /wp-login.php HTTP/1.1" 200 2956 "-" "Mozilla/5.0 (Windows NT 10.0; Win64; x64; rv:127.0) Gecko/20100101 Firefox/127.0"
45.3.42.23 - - [29/Jan/2026:12:36:07 -0500] "POST /xmlrpc.php HTTP/1.1" 403 279 "-" "Mozilla/5.0 (Windows NT 10.0; Win64; x64; rv:127.0) Gecko/20100101 Firefox/127.0"
104.207.34.235 - - [29/Jan/2026:12:36:08 -0500] "POST /xmlrpc.php HTTP/1.1" 403 279 "-" "Mozilla/5.0 (Windows NT 10.0; Win64; x64) AppleWebKit/537.36 (KHTML, like Gecko) Chrome/124.0.6367.207 Safari/537.36"
209.50.187.50 - - [29/Jan/2026:12:36:08 -0500] "POST /xmlrpc.php HTTP/1.1" 403 279 "-" "Mozilla/5.0 (Windows NT 10.0; Win64; x64; rv:127.0) Gecko/20100101 Firefox/127.0"
209.50.187.91 - - [29/Jan/2026:12:36:08 -0500] "POST /xmlrpc.php HTTP/1.1" 403 279 "-" "Mozilla/5.0 (Macintosh; Intel Mac OS X 13_5) AppleWebKit/605.1.15 (KHTML, like Gecko) Version/17.5 Safari/605.1.15"
45.3.49.205 - - [29/Jan/2026:12:36:09 -0500] "POST /xmlrpc.php HTTP/1.1" 403 279 "-" "Mozilla/5.0 (Windows NT 10.0; Win64; x64; rv:127.0) Gecko/20100101 Firefox/127.0"
209.50.171.51 - - [29/Jan/2026:12:36:09 -0500] "POST /xmlrpc.php HTTP/1.1" 403 279 "-" "Mozilla/5.0 (Macintosh; Intel Mac OS X 13_5) AppleWebKit/605.1.15 (KHTML, like Gecko) Version/17.5 Safari/605.1.15"
104.207.54.27 - - [29/Jan/2026:12:36:11 -0500] "POST /xmlrpc.php HTTP/1.1" 403 279 "-" "Mozilla/5.0 (Macintosh; Intel Mac OS X 13_5) AppleWebKit/605.1.15 (KHTML, like Gecko) Version/17.5 Safari/605.1.15"
154.213.164.208 - - [29/Jan/2026:12:36:12 -0500] "POST /xmlrpc.php HTTP/1.1" 403 279 "-" "Mozilla/5.0 (Windows NT 10.0; Win64; x64) AppleWebKit/537.36 (KHTML, like Gecko) Chrome/124.0.6367.207 Safari/537.36"
65.111.20.44 - - [29/Jan/2026:12:36:12 -0500] "POST /xmlrpc.php HTTP/1.1" 403 279 "-" "Mozilla/5.0 (Windows NT 10.0; Win64; x64; rv:127.0) Gecko/20100101 Firefox/127.0"
65.111.25.141 - - [29/Jan/2026:12:36:12 -0500] "POST /xmlrpc.php HTTP/1.1" 403 279 "-" "Mozilla/5.0 (Windows NT 10.0; Win64; x64) AppleWebKit/537.36 (KHTML, like Gecko) Chrome/124.0.6367.207 Safari/537.36"
104.207.54.95 - - [29/Jan/2026:12:36:13 -0500] "POST /xmlrpc.php HTTP/1.1" 403 279 "-" "Mozilla/5.0 (Windows NT 10.0; Win64; x64) AppleWebKit/537.36 (KHTML, like Gecko) Chrome/124.0.6367.207 Safari/537.36"
45.3.42.23 - - [29/Jan/2026:12:36:14 -0500] "GET /wp-login.php?wp_lang=en_US HTTP/1.1" 200 2956 "-" "Mozilla/5.0 (Windows NT 10.0; Win64; x64) AppleWebKit/537.36 (KHTML, like Gecko) Chrome/124.0.6367.207 Safari/537.36"
45.3.42.23 - - [29/Jan/2026:12:36:14 -0500] "POST /wp-login.php?wp_lang=en_US HTTP/1.1" 302 - "http://www.pricktube.com/wp-login.php?wp_lang=en_US" "Mozilla/5.0 (Windows NT 10.0; Win64; x64) AppleWebKit/537.36 (KHTML, like Gecko) Chrome/124.0.6367.207 Safari/537.36"
45.3.42.23 - - [29/Jan/2026:12:36:15 -0500] "GET /wp-admin/ HTTP/1.1" 200 72303 "http://www.pricktube.com/wp-login.php?wp_lang=en_US" "Mozilla/5.0 (Windows NT 10.0; Win64; x64) AppleWebKit/537.36 (KHTML, like Gecko) Chrome/124.0.6367.207 Safari/537.36"
45.3.42.23 - - [29/Jan/2026:12:36:16 -0500] "GET /wp-admin/admin-ajax.php?action=rest-nonce HTTP/1.1" 400 1 "-" "Mozilla/5.0 (Windows NT 10.0; Win64; x64) AppleWebKit/537.36 (KHTML, like Gecko) Chrome/124.0.6367.207 Safari/537.36"
45.3.42.23 - - [29/Jan/2026:12:36:17 -0500] "GET /wp-admin/admin-ajax.php?action=rest-nonce HTTP/1.1" 400 1 "-" "Mozilla/5.0 (Windows NT 10.0; Win64; x64) AppleWebKit/537.36 (KHTML, like Gecko) Chrome/124.0.6367.207 Safari/537.36"
45.3.42.23 - - [29/Jan/2026:12:36:18 -0500] "GET /wp-admin/admin-ajax.php?action=rest-nonce HTTP/1.1" 400 1 "-" "Mozilla/5.0 (Windows NT 10.0; Win64; x64) AppleWebKit/537.36 (KHTML, like Gecko) Chrome/124.0.6367.207 Safari/537.36"
74.206.190.81 - - [29/Jan/2026:12:41:12 -0500] "POST /wp-cron.php?doing_wp_cron=1769708472.2018609046936035156250 HTTP/1.1" 200 - "http://www.pricktube.com/wp-cron.php?doing_wp_cron=1769708472.2018609046936035156250" "WordPress/5.1.8; http://www.pricktube.com"
74.206.190.81 - - [29/Jan/2026:12:41:11 -0500] "GET / HTTP/1.1" 200 46329 "-" "curl/7.29.0"
74.206.190.81 - - [29/Jan/2026:12:45:41 -0500] "POST /wp-cron.php?doing_wp_cron=1769708741.2538330554962158203125 HTTP/1.1" 200 - "http://www.pricktube.com/wp-cron.php?doing_wp_cron=1769708741.2538330554962158203125" "WordPress/5.1.8; http://www.pricktube.com"
74.206.190.81 - - [29/Jan/2026:12:45:41 -0500] "GET / HTTP/1.1" 200 46329 "-" "curl/7.29.0"
93.158.90.30 - - [29/Jan/2026:12:50:09 -0500] "GET / HTTP/1.1" 301 - "-" "Mozilla/5.0 (Windows NT 10.0; Win64; x64) AppleWebKit/537.36 (KHTML, like Gecko) Chrome/121.0.0.0 Safari/537.3"
93.158.90.53 - - [29/Jan/2026:12:50:10 -0500] "GET / HTTP/1.1" 200 46329 "http://pricktube.com/" "Mozilla/5.0 (Windows NT 10.0; Win64; x64) AppleWebKit/537.36 (KHTML, like Gecko) Chrome/121.0.0.0 Safari/537.3"
93.158.90.53 - - [29/Jan/2026:12:50:11 -0500] "GET /index.php/cock-tube/%d1%81%d0%b2%d0%b5%d0%b6%d0%b8%d0%b5-%d0%be%d1%82%d0%b7%d1%8b%d0%b2%d1%8b-%d0%be-vodka-casino-%d0%ba%d0%b0%d0%ba-%d1%81%d0%b5%d0%b3%d0%be%d0%b4%d0%bd%d1%8f-%d0%b8%d0%b3%d1%80%d0%b0%d1%82%d1%8c-%d0%be.html HTTP/1.1" 404 30342 "-" "Mozilla/5.0 (Windows NT 10.0; Win64; x64) AppleWebKit/537.36 (KHTML, like Gecko) Chrome/121.0.0.0 Safari/537.3"
93.158.91.35 - - [29/Jan/2026:12:50:12 -0500] "GET /index.php/cock-tube/%d0%b3%d0%bb%d0%b0%d0%b2%d0%bd%d1%8b%d0%b5-%d0%bd%d0%be%d0%b2%d0%be%d1%81%d1%82%d0%b8-%d0%b7%d0%b5%d1%80%d0%ba%d0%b0%d0%bb%d0%be-%d0%b2%d0%be%d0%b4%d0%ba%d0%b0-%d0%ba%d0%b0%d0%b7%d0%b8%d0%bd%d0%be-v.html HTTP/1.1" 404 30342 "-" "Mozilla/5.0 (Windows NT 10.0; Win64; x64) AppleWebKit/537.36 (KHTML, like Gecko) Chrome/121.0.0.0 Safari/537.3"
93.158.90.43 - - [29/Jan/2026:12:50:13 -0500] "GET /index.php/cock-tube/%d0%b2%d0%be%d0%b4%d0%ba%d0%b0-%d0%ba%d0%b0%d0%b7%d0%b8%d0%bd%d0%be-%d0%bd%d0%be%d0%b2%d1%8b%d0%b9-%d0%b2%d0%b7%d0%b3%d0%bb%d1%8f%d0%b4-%d0%bd%d0%b0-%d0%b8%d0%b3%d1%80%d0%be%d0%b2%d0%be%d0%b9-%d0%bf.html HTTP/1.1" 404 30342 "-" "Mozilla/5.0 (Windows NT 10.0; Win64; x64) AppleWebKit/537.36 (KHTML, like Gecko) Chrome/121.0.0.0 Safari/537.3"
89.187.162.178 - - [29/Jan/2026:12:50:15 -0500] "GET /wp-login.php HTTP/1.1" 200 2956 "-" "Mozilla/5.0 (Windows NT 10.0; Win64; x64) AppleWebKit/537.36 (KHTML, like Gecko) Chrome/91.0.4472.124 Safari/537.36"
89.187.162.178 - - [29/Jan/2026:12:50:16 -0500] "POST /xmlrpc.php HTTP/1.1" 403 275 "-" "curl/7.30.0"
74.206.190.81 - - [29/Jan/2026:12:50:30 -0500] "GET / HTTP/1.1" 200 46329 "-" "curl/7.29.0"
204.188.219.15 - - [29/Jan/2026:12:50:52 -0500] "GET / HTTP/1.1" 200 46329 "-" "Mozilla/5.0 (Linux; Android 11; CPH2185) AppleWebKit/537.36 (KHTML, like Gecko) Chrome/91.0.4472.101 Mobile Safari/537.36"
141.94.194.132 - - [29/Jan/2026:12:51:17 -0500] "GET /index.php/cock-tube/tubecock.html/feed HTTP/1.1" 200 1302 "-" "Mozilla/5.0 (X11; Linux i686) AppleWebKit/537.36 (KHTML, like Gecko) Chrome/30.0.1599.66 Safari/537.36"
154.213.162.200 - - [29/Jan/2026:12:52:03 -0500] "GET /wp-login.php HTTP/1.1" 200 2956 "-" "Mozilla/5.0 (Windows NT 10.0; Win64; x64) AppleWebKit/537.36 (KHTML, like Gecko) Chrome/124.0.6367.207 Safari/537.36"
154.213.162.200 - - [29/Jan/2026:12:52:03 -0500] "POST /xmlrpc.php HTTP/1.1" 403 279 "-" "Mozilla/5.0 (Windows NT 10.0; Win64; x64; rv:127.0) Gecko/20100101 Firefox/127.0"
154.213.163.83 - - [29/Jan/2026:12:52:04 -0500] "POST /xmlrpc.php HTTP/1.1" 403 279 "-" "Mozilla/5.0 (Windows NT 10.0; Win64; x64; rv:127.0) Gecko/20100101 Firefox/127.0"
104.207.53.178 - - [29/Jan/2026:12:52:04 -0500] "POST /xmlrpc.php HTTP/1.1" 403 279 "-" "Mozilla/5.0 (Macintosh; Intel Mac OS X 13_5) AppleWebKit/605.1.15 (KHTML, like Gecko) Version/17.5 Safari/605.1.15"
65.111.10.181 - - [29/Jan/2026:12:52:04 -0500] "POST /xmlrpc.php HTTP/1.1" 403 279 "-" "Mozilla/5.0 (Windows NT 10.0; Win64; x64) AppleWebKit/537.36 (KHTML, like Gecko) Chrome/124.0.6367.207 Safari/537.36"
