216.26.245.250 - - [29/Jan/2026:18:21:02 -0500] "POST /xmlrpc.php HTTP/1.1" 403 279 "-" "Mozilla/5.0 (Windows NT 10.0; Win64; x64) AppleWebKit/537.36 (KHTML, like Gecko) Chrome/124.0.6367.207 Safari/537.36"
104.207.42.74 - - [29/Jan/2026:18:21:02 -0500] "POST /xmlrpc.php HTTP/1.1" 403 279 "-" "Mozilla/5.0 (Windows NT 10.0; Win64; x64) AppleWebKit/537.36 (KHTML, like Gecko) Chrome/124.0.6367.207 Safari/537.36"
45.3.53.89 - - [29/Jan/2026:18:21:02 -0500] "POST /xmlrpc.php HTTP/1.1" 403 279 "-" "Mozilla/5.0 (Macintosh; Intel Mac OS X 13_5) AppleWebKit/605.1.15 (KHTML, like Gecko) Version/17.5 Safari/605.1.15"
74.206.190.81 - - [29/Jan/2026:18:21:02 -0500] "GET / HTTP/1.1" 200 46127 "-" "curl/7.29.0"
104.207.61.177 - - [29/Jan/2026:18:21:03 -0500] "POST /xmlrpc.php HTTP/1.1" 403 279 "-" "Mozilla/5.0 (Windows NT 10.0; Win64; x64; rv:127.0) Gecko/20100101 Firefox/127.0"
104.207.40.143 - - [29/Jan/2026:18:21:03 -0500] "POST /xmlrpc.php HTTP/1.1" 403 279 "-" "Mozilla/5.0 (Windows NT 10.0; Win64; x64; rv:127.0) Gecko/20100101 Firefox/127.0"
216.26.241.212 - - [29/Jan/2026:18:21:04 -0500] "POST /xmlrpc.php HTTP/1.1" 403 279 "-" "Mozilla/5.0 (Windows NT 10.0; Win64; x64) AppleWebKit/537.36 (KHTML, like Gecko) Chrome/124.0.6367.207 Safari/537.36"
45.3.36.237 - - [29/Jan/2026:18:21:04 -0500] "POST /xmlrpc.php HTTP/1.1" 403 279 "-" "Mozilla/5.0 (Macintosh; Intel Mac OS X 13_5) AppleWebKit/605.1.15 (KHTML, like Gecko) Version/17.5 Safari/605.1.15"
154.213.166.134 - - [29/Jan/2026:18:21:05 -0500] "POST /xmlrpc.php HTTP/1.1" 403 279 "-" "Mozilla/5.0 (Windows NT 10.0; Win64; x64; rv:127.0) Gecko/20100101 Firefox/127.0"
65.111.15.189 - - [29/Jan/2026:18:21:05 -0500] "POST /xmlrpc.php HTTP/1.1" 403 279 "-" "Mozilla/5.0 (Macintosh; Intel Mac OS X 13_5) AppleWebKit/605.1.15 (KHTML, like Gecko) Version/17.5 Safari/605.1.15"
216.26.233.62 - - [29/Jan/2026:18:21:05 -0500] "POST /xmlrpc.php HTTP/1.1" 403 279 "-" "Mozilla/5.0 (Macintosh; Intel Mac OS X 13_5) AppleWebKit/605.1.15 (KHTML, like Gecko) Version/17.5 Safari/605.1.15"
104.207.50.197 - - [29/Jan/2026:18:21:06 -0500] "GET /wp-login.php?wp_lang=en_US HTTP/1.1" 200 2956 "-" "Mozilla/5.0 (Windows NT 10.0; Win64; x64) AppleWebKit/537.36 (KHTML, like Gecko) Chrome/124.0.6367.207 Safari/537.36"
104.207.50.197 - - [29/Jan/2026:18:21:06 -0500] "POST /wp-login.php?wp_lang=en_US HTTP/1.1" 302 - "http://www.pricktube.com/wp-login.php?wp_lang=en_US" "Mozilla/5.0 (Windows NT 10.0; Win64; x64) AppleWebKit/537.36 (KHTML, like Gecko) Chrome/124.0.6367.207 Safari/537.36"
104.207.50.197 - - [29/Jan/2026:18:21:06 -0500] "GET /wp-admin/ HTTP/1.1" 200 72303 "http://www.pricktube.com/wp-login.php?wp_lang=en_US" "Mozilla/5.0 (Windows NT 10.0; Win64; x64) AppleWebKit/537.36 (KHTML, like Gecko) Chrome/124.0.6367.207 Safari/537.36"
104.207.50.197 - - [29/Jan/2026:18:21:07 -0500] "GET /wp-admin/admin-ajax.php?action=rest-nonce HTTP/1.1" 400 1 "-" "Mozilla/5.0 (Windows NT 10.0; Win64; x64) AppleWebKit/537.36 (KHTML, like Gecko) Chrome/124.0.6367.207 Safari/537.36"
104.207.50.197 - - [29/Jan/2026:18:21:08 -0500] "GET /wp-admin/admin-ajax.php?action=rest-nonce HTTP/1.1" 400 1 "-" "Mozilla/5.0 (Windows NT 10.0; Win64; x64) AppleWebKit/537.36 (KHTML, like Gecko) Chrome/124.0.6367.207 Safari/537.36"
104.207.50.197 - - [29/Jan/2026:18:21:08 -0500] "GET /wp-admin/admin-ajax.php?action=rest-nonce HTTP/1.1" 400 1 "-" "Mozilla/5.0 (Windows NT 10.0; Win64; x64) AppleWebKit/537.36 (KHTML, like Gecko) Chrome/124.0.6367.207 Safari/537.36"
43.157.175.122 - - [29/Jan/2026:18:22:55 -0500] "GET /index.php/cock-tube/gay-pron-tube.html HTTP/1.1" 200 45063 "-" "Mozilla/5.0 (iPhone; CPU iPhone OS 13_2_3 like Mac OS X) AppleWebKit/605.1.15 (KHTML, like Gecko) Version/13.0.3 Mobile/15E148 Safari/604.1"
141.94.194.132 - - [29/Jan/2026:18:25:00 -0500] "GET /index.php/tag/raw-papi/feed HTTP/1.1" 200 11478 "-" "Mozilla/5.0 (X11; Linux i686) AppleWebKit/537.36 (KHTML, like Gecko) Chrome/30.0.1599.66 Safari/537.36"
74.206.190.81 - - [29/Jan/2026:18:25:46 -0500] "GET / HTTP/1.1" 200 46127 "-" "curl/7.29.0"
3.251.15.148 - - [29/Jan/2026:18:28:15 -0500] "GET /robots.txt HTTP/1.1" 200 29 "-" "Mozilla/5.0 (Macintosh; Intel Mac OS X 10_15_5) AppleWebKit/537.36 (KHTML, like Gecko) Chrome/83.0.4103.61 Safari/537.36"
3.251.15.148 - - [29/Jan/2026:18:28:20 -0500] "GET / HTTP/1.1" 301 - "-" "Mozilla/5.0 (Macintosh; Intel Mac OS X 10_15_5) AppleWebKit/537.36 (KHTML, like Gecko) Chrome/83.0.4103.61 Safari/537.36"
74.206.190.81 - - [29/Jan/2026:18:30:34 -0500] "GET / HTTP/1.1" 200 46127 "-" "curl/7.29.0"
193.24.211.22 - - [29/Jan/2026:18:32:30 -0500] "GET /wp-login.php HTTP/1.1" 200 2956 "-" "Mozilla/5.0 (Windows NT 10.0; Win64; x64; rv:127.0) Gecko/20100101 Firefox/127.0"
193.24.211.22 - - [29/Jan/2026:18:32:31 -0500] "GET /wp-login.php?wp_lang=en_US HTTP/1.1" 200 2956 "-" "Mozilla/5.0 (Windows NT 10.0; Win64; x64) AppleWebKit/537.36 (KHTML, like Gecko) Chrome/124.0.6367.207 Safari/537.36"
193.24.211.22 - - [29/Jan/2026:18:32:32 -0500] "POST /wp-login.php?wp_lang=en_US HTTP/1.1" 302 - "http://www.pricktube.com/wp-login.php?wp_lang=en_US" "Mozilla/5.0 (Windows NT 10.0; Win64; x64) AppleWebKit/537.36 (KHTML, like Gecko) Chrome/124.0.6367.207 Safari/537.36"
193.24.211.22 - - [29/Jan/2026:18:32:33 -0500] "GET /wp-admin/ HTTP/1.1" 200 72303 "http://www.pricktube.com/wp-login.php?wp_lang=en_US" "Mozilla/5.0 (Windows NT 10.0; Win64; x64) AppleWebKit/537.36 (KHTML, like Gecko) Chrome/124.0.6367.207 Safari/537.36"
193.24.211.22 - - [29/Jan/2026:18:32:38 -0500] "GET /wp-admin/plugin-install.php HTTP/1.1" 200 80249 "-" "Mozilla/5.0 (Windows NT 10.0; Win64; x64) AppleWebKit/537.36 (KHTML, like Gecko) Chrome/124.0.6367.207 Safari/537.36"
193.24.211.22 - - [29/Jan/2026:18:32:41 -0500] "POST /wp-admin/update.php?action=upload-plugin HTTP/1.1" 500 2798 "http://www.pricktube.com/wp-admin/update.php?action=upload-plugin" "Mozilla/5.0 (Windows NT 10.0; Win64; x64) AppleWebKit/537.36 (KHTML, like Gecko) Chrome/124.0.6367.207 Safari/537.36"
193.24.211.22 - - [29/Jan/2026:18:32:44 -0500] "POST /wp-admin/update.php?action=upload-plugin HTTP/1.1" 500 2798 "http://www.pricktube.com/wp-admin/update.php?action=upload-plugin" "Mozilla/5.0 (Windows NT 10.0; Win64; x64) AppleWebKit/537.36 (KHTML, like Gecko) Chrome/124.0.6367.207 Safari/537.36"
193.24.211.22 - - [29/Jan/2026:18:32:46 -0500] "POST /wp-admin/update.php?action=upload-plugin HTTP/1.1" 500 2798 "http://www.pricktube.com/wp-admin/update.php?action=upload-plugin" "Mozilla/5.0 (Windows NT 10.0; Win64; x64) AppleWebKit/537.36 (KHTML, like Gecko) Chrome/124.0.6367.207 Safari/537.36"
193.24.211.22 - - [29/Jan/2026:18:32:47 -0500] "POST /wp-admin/update.php?action=upload-plugin HTTP/1.1" 500 2798 "http://www.pricktube.com/wp-admin/update.php?action=upload-plugin" "Mozilla/5.0 (Windows NT 10.0; Win64; x64) AppleWebKit/537.36 (KHTML, like Gecko) Chrome/124.0.6367.207 Safari/537.36"
193.24.211.22 - - [29/Jan/2026:18:32:48 -0500] "POST /wp-admin/update.php?action=upload-plugin HTTP/1.1" 500 2798 "http://www.pricktube.com/wp-admin/update.php?action=upload-plugin" "Mozilla/5.0 (Windows NT 10.0; Win64; x64) AppleWebKit/537.36 (KHTML, like Gecko) Chrome/124.0.6367.207 Safari/537.36"
193.24.211.22 - - [29/Jan/2026:18:32:49 -0500] "GET /wp-admin/theme-editor.php HTTP/1.1" 200 43965 "-" "Mozilla/5.0 (Windows NT 10.0; Win64; x64) AppleWebKit/537.36 (KHTML, like Gecko) Chrome/124.0.6367.207 Safari/537.36"
193.24.211.22 - - [29/Jan/2026:18:32:50 -0500] "GET /wp-admin/plugins.php HTTP/1.1" 200 59068 "-" "Mozilla/5.0 (Windows NT 10.0; Win64; x64) AppleWebKit/537.36 (KHTML, like Gecko) Chrome/124.0.6367.207 Safari/537.36"
193.24.211.22 - - [29/Jan/2026:18:32:51 -0500] "GET /wp-admin/theme-editor.php?file=functions.php&theme=tubetheme-2017-v3-gay-filled HTTP/1.1" 200 65698 "-" "Mozilla/5.0 (Windows NT 10.0; Win64; x64) AppleWebKit/537.36 (KHTML, like Gecko) Chrome/124.0.6367.207 Safari/537.36"
74.206.190.81 - - [29/Jan/2026:18:32:53 -0500] "GET /wp-admin/theme-editor.php?theme=tubetheme-2017-v3-gay-filled&file=functions.php&wp_scrape_key=6eb123fdbdd073151b86338ed87bbd6b&wp_scrape_nonce=2090981109 HTTP/1.1" 200 69943 "http://www.pricktube.com/wp-admin/theme-editor.php?theme=tubetheme-2017-v3-gay-filled&file=functions.php&wp_scrape_key=6eb123fdbdd073151b86338ed87bbd6b&wp_scrape_nonce=2090981109" "WordPress/5.1.8; http://www.pricktube.com"
74.206.190.81 - - [29/Jan/2026:18:32:54 -0500] "GET /?wp_scrape_key=6eb123fdbdd073151b86338ed87bbd6b&wp_scrape_nonce=2090981109 HTTP/1.1" 200 54349 "http://www.pricktube.com/?wp_scrape_key=6eb123fdbdd073151b86338ed87bbd6b&wp_scrape_nonce=2090981109" "WordPress/5.1.8; http://www.pricktube.com"
193.24.211.22 - - [29/Jan/2026:18:32:52 -0500] "POST /wp-admin/admin-ajax.php HTTP/1.1" 200 63 "http://www.pricktube.com/wp-admin/admin-ajax.php" "Mozilla/5.0 (Windows NT 10.0; Win64; x64) AppleWebKit/537.36 (KHTML, like Gecko) Chrome/124.0.6367.207 Safari/537.36"
74.206.190.81 - - [29/Jan/2026:18:32:56 -0500] "GET /wp-admin/theme-editor.php?theme=tubetheme-2017-v3-gay-filled&file=functions.php&wp_scrape_key=289c60dc0cb2687e43f4a50cf227cbc2&wp_scrape_nonce=1321339928 HTTP/1.1" 200 66094 "http://www.pricktube.com/wp-admin/theme-editor.php?theme=tubetheme-2017-v3-gay-filled&file=functions.php&wp_scrape_key=289c60dc0cb2687e43f4a50cf227cbc2&wp_scrape_nonce=1321339928" "WordPress/5.1.8; http://www.pricktube.com"
74.206.190.81 - - [29/Jan/2026:18:32:57 -0500] "GET /?wp_scrape_key=289c60dc0cb2687e43f4a50cf227cbc2&wp_scrape_nonce=1321339928 HTTP/1.1" 200 54349 "http://www.pricktube.com/?wp_scrape_key=289c60dc0cb2687e43f4a50cf227cbc2&wp_scrape_nonce=1321339928" "WordPress/5.1.8; http://www.pricktube.com"
193.24.211.22 - - [29/Jan/2026:18:32:55 -0500] "POST /wp-admin/admin-ajax.php HTTP/1.1" 200 63 "http://www.pricktube.com/wp-admin/admin-ajax.php" "Mozilla/5.0 (Windows NT 10.0; Win64; x64) AppleWebKit/537.36 (KHTML, like Gecko) Chrome/124.0.6367.207 Safari/537.36"
193.24.211.22 - - [29/Jan/2026:18:32:59 -0500] "GET /wp-admin/theme-editor.php?file=custom%2Fmeta.php&theme=tubetheme-2017-v3-gay-filled HTTP/1.1" 200 44786 "-" "Mozilla/5.0 (Windows NT 10.0; Win64; x64) AppleWebKit/537.36 (KHTML, like Gecko) Chrome/124.0.6367.207 Safari/537.36"
74.206.190.81 - - [29/Jan/2026:18:33:00 -0500] "GET /wp-admin/theme-editor.php?theme=tubetheme-2017-v3-gay-filled&file=custom%2Fmeta.php&wp_scrape_key=6532d95c8935c76c5fbe24865bb44979&wp_scrape_nonce=101413831 HTTP/1.1" 200 50293 "http://www.pricktube.com/wp-admin/theme-editor.php?theme=tubetheme-2017-v3-gay-filled&file=custom%2Fmeta.php&wp_scrape_key=6532d95c8935c76c5fbe24865bb44979&wp_scrape_nonce=101413831" "WordPress/5.1.8; http://www.pricktube.com"
74.206.190.81 - - [29/Jan/2026:18:33:01 -0500] "GET /?wp_scrape_key=6532d95c8935c76c5fbe24865bb44979&wp_scrape_nonce=101413831 HTTP/1.1" 200 54334 "http://www.pricktube.com/?wp_scrape_key=6532d95c8935c76c5fbe24865bb44979&wp_scrape_nonce=101413831" "WordPress/5.1.8; http://www.pricktube.com"
193.24.211.22 - - [29/Jan/2026:18:33:00 -0500] "POST /wp-admin/admin-ajax.php HTTP/1.1" 200 63 "http://www.pricktube.com/wp-admin/admin-ajax.php" "Mozilla/5.0 (Windows NT 10.0; Win64; x64) AppleWebKit/537.36 (KHTML, like Gecko) Chrome/124.0.6367.207 Safari/537.36"
74.206.190.81 - - [29/Jan/2026:18:33:04 -0500] "GET /wp-admin/theme-editor.php?theme=tubetheme-2017-v3-gay-filled&file=custom%2Fmeta.php&wp_scrape_key=e256d039702734adda56ffbc620eda54&wp_scrape_nonce=93465949 HTTP/1.1" 200 45176 "http://www.pricktube.com/wp-admin/theme-editor.php?theme=tubetheme-2017-v3-gay-filled&file=custom%2Fmeta.php&wp_scrape_key=e256d039702734adda56ffbc620eda54&wp_scrape_nonce=93465949" "WordPress/5.1.8; http://www.pricktube.com"
74.206.190.81 - - [29/Jan/2026:18:33:04 -0500] "GET /?wp_scrape_key=e256d039702734adda56ffbc620eda54&wp_scrape_nonce=93465949 HTTP/1.1" 200 54319 "http://www.pricktube.com/?wp_scrape_key=e256d039702734adda56ffbc620eda54&wp_scrape_nonce=93465949" "WordPress/5.1.8; http://www.pricktube.com"
193.24.211.22 - - [29/Jan/2026:18:33:03 -0500] "POST /wp-admin/admin-ajax.php HTTP/1.1" 200 63 "http://www.pricktube.com/wp-admin/admin-ajax.php" "Mozilla/5.0 (Windows NT 10.0; Win64; x64) AppleWebKit/537.36 (KHTML, like Gecko) Chrome/124.0.6367.207 Safari/537.36"
193.24.211.22 - - [29/Jan/2026:18:33:06 -0500] "GET /wp-admin/theme-editor.php?file=sidebar_single.php&theme=tubetheme-2017-v3-gay-filled HTTP/1.1" 200 45634 "-" "Mozilla/5.0 (Windows NT 10.0; Win64; x64) AppleWebKit/537.36 (KHTML, like Gecko) Chrome/124.0.6367.207 Safari/537.36"
74.206.190.81 - - [29/Jan/2026:18:33:08 -0500] "GET /wp-admin/theme-editor.php?theme=tubetheme-2017-v3-gay-filled&file=sidebar_single.php&wp_scrape_key=6b6f1f5ba53e8c045da2c4928ecc5809&wp_scrape_nonce=248825354 HTTP/1.1" 200 50570 "http://www.pricktube.com/wp-admin/theme-editor.php?theme=tubetheme-2017-v3-gay-filled&file=sidebar_single.php&wp_scrape_key=6b6f1f5ba53e8c045da2c4928ecc5809&wp_scrape_nonce=248825354" "WordPress/5.1.8; http://www.pricktube.com"
74.206.190.81 - - [29/Jan/2026:18:33:09 -0500] "GET /?wp_scrape_key=6b6f1f5ba53e8c045da2c4928ecc5809&wp_scrape_nonce=248825354 HTTP/1.1" 200 54334 "http://www.pricktube.com/?wp_scrape_key=6b6f1f5ba53e8c045da2c4928ecc5809&wp_scrape_nonce=248825354" "WordPress/5.1.8; http://www.pricktube.com"
193.24.211.22 - - [29/Jan/2026:18:33:07 -0500] "POST /wp-admin/admin-ajax.php HTTP/1.1" 200 63 "http://www.pricktube.com/wp-admin/admin-ajax.php" "Mozilla/5.0 (Windows NT 10.0; Win64; x64) AppleWebKit/537.36 (KHTML, like Gecko) Chrome/124.0.6367.207 Safari/537.36"
74.206.190.81 - - [29/Jan/2026:18:33:11 -0500] "GET /wp-admin/theme-editor.php?theme=tubetheme-2017-v3-gay-filled&file=sidebar_single.php&wp_scrape_key=4c6612b47266a714b523527f15eeea70&wp_scrape_nonce=1087092471 HTTP/1.1" 200 46030 "http://www.pricktube.com/wp-admin/theme-editor.php?theme=tubetheme-2017-v3-gay-filled&file=sidebar_single.php&wp_scrape_key=4c6612b47266a714b523527f15eeea70&wp_scrape_nonce=1087092471" "WordPress/5.1.8; http://www.pricktube.com"
74.206.190.81 - - [29/Jan/2026:18:33:12 -0500] "GET /?wp_scrape_key=4c6612b47266a714b523527f15eeea70&wp_scrape_nonce=1087092471 HTTP/1.1" 200 54349 "http://www.pricktube.com/?wp_scrape_key=4c6612b47266a714b523527f15eeea70&wp_scrape_nonce=1087092471" "WordPress/5.1.8; http://www.pricktube.com"
193.24.211.22 - - [29/Jan/2026:18:33:11 -0500] "POST /wp-admin/admin-ajax.php HTTP/1.1" 200 63 "http://www.pricktube.com/wp-admin/admin-ajax.php" "Mozilla/5.0 (Windows NT 10.0; Win64; x64) AppleWebKit/537.36 (KHTML, like Gecko) Chrome/124.0.6367.207 Safari/537.36"
193.24.211.22 - - [29/Jan/2026:18:33:14 -0500] "GET /wp-admin/theme-editor.php?file=home.php&theme=tubetheme-2017-v3-gay-filled HTTP/1.1" 200 51664 "-" "Mozilla/5.0 (Windows NT 10.0; Win64; x64) AppleWebKit/537.36 (KHTML, like Gecko) Chrome/124.0.6367.207 Safari/537.36"
74.206.190.81 - - [29/Jan/2026:18:33:16 -0500] "GET /wp-admin/theme-editor.php?theme=tubetheme-2017-v3-gay-filled&file=home.php&wp_scrape_key=aabdb0c88882943f424165f27868ca90&wp_scrape_nonce=1598501502 HTTP/1.1" 200 55909 "http://www.pricktube.com/wp-admin/theme-editor.php?theme=tubetheme-2017-v3-gay-filled&file=home.php&wp_scrape_key=aabdb0c88882943f424165f27868ca90&wp_scrape_nonce=1598501502" "WordPress/5.1.8; http://www.pricktube.com"
74.206.190.81 - - [29/Jan/2026:18:33:16 -0500] "GET /?wp_scrape_key=aabdb0c88882943f424165f27868ca90&wp_scrape_nonce=1598501502 HTTP/1.1" 200 54532 "http://www.pricktube.com/?wp_scrape_key=aabdb0c88882943f424165f27868ca90&wp_scrape_nonce=1598501502" "WordPress/5.1.8; http://www.pricktube.com"
193.24.211.22 - - [29/Jan/2026:18:33:15 -0500] "POST /wp-admin/admin-ajax.php HTTP/1.1" 200 63 "http://www.pricktube.com/wp-admin/admin-ajax.php" "Mozilla/5.0 (Windows NT 10.0; Win64; x64) AppleWebKit/537.36 (KHTML, like Gecko) Chrome/124.0.6367.207 Safari/537.36"
74.206.190.81 - - [29/Jan/2026:18:33:19 -0500] "GET /wp-admin/theme-editor.php?theme=tubetheme-2017-v3-gay-filled&file=home.php&wp_scrape_key=b6d3cfaa96fcd54eaf6ef0ddb6b3da59&wp_scrape_nonce=502157564 HTTP/1.1" 200 52057 "http://www.pricktube.com/wp-admin/theme-editor.php?theme=tubetheme-2017-v3-gay-filled&file=home.php&wp_scrape_key=b6d3cfaa96fcd54eaf6ef0ddb6b3da59&wp_scrape_nonce=502157564" "WordPress/5.1.8; http://www.pricktube.com"
74.206.190.81 - - [29/Jan/2026:18:33:20 -0500] "GET /?wp_scrape_key=b6d3cfaa96fcd54eaf6ef0ddb6b3da59&wp_scrape_nonce=502157564 HTTP/1.1" 200 54334 "http://www.pricktube.com/?wp_scrape_key=b6d3cfaa96fcd54eaf6ef0ddb6b3da59&wp_scrape_nonce=502157564" "WordPress/5.1.8; http://www.pricktube.com"
193.24.211.22 - - [29/Jan/2026:18:33:19 -0500] "POST /wp-admin/admin-ajax.php HTTP/1.1" 200 63 "http://www.pricktube.com/wp-admin/admin-ajax.php" "Mozilla/5.0 (Windows NT 10.0; Win64; x64) AppleWebKit/537.36 (KHTML, like Gecko) Chrome/124.0.6367.207 Safari/537.36"
193.24.211.22 - - [29/Jan/2026:18:33:21 -0500] "GET /wp-admin/theme-editor.php?file=header.php&theme=tubetheme-2017-v3-gay-filled HTTP/1.1" 200 53769 "-" "Mozilla/5.0 (Windows NT 10.0; Win64; x64) AppleWebKit/537.36 (KHTML, like Gecko) Chrome/124.0.6367.207 Safari/537.36"
74.206.190.81 - - [29/Jan/2026:18:33:22 -0500] "GET /wp-admin/theme-editor.php?theme=tubetheme-2017-v3-gay-filled&file=header.php&wp_scrape_key=55c333f85638282b525a71be18edd990&wp_scrape_nonce=1757227253 HTTP/1.1" 200 58014 "http://www.pricktube.com/wp-admin/theme-editor.php?theme=tubetheme-2017-v3-gay-filled&file=header.php&wp_scrape_key=55c333f85638282b525a71be18edd990&wp_scrape_nonce=1757227253" "WordPress/5.1.8; http://www.pricktube.com"
74.206.190.81 - - [29/Jan/2026:18:33:23 -0500] "GET /?wp_scrape_key=55c333f85638282b525a71be18edd990&wp_scrape_nonce=1757227253 HTTP/1.1" 200 54349 "http://www.pricktube.com/?wp_scrape_key=55c333f85638282b525a71be18edd990&wp_scrape_nonce=1757227253" "WordPress/5.1.8; http://www.pricktube.com"
193.24.211.22 - - [29/Jan/2026:18:33:22 -0500] "POST /wp-admin/admin-ajax.php HTTP/1.1" 200 63 "http://www.pricktube.com/wp-admin/admin-ajax.php" "Mozilla/5.0 (Windows NT 10.0; Win64; x64) AppleWebKit/537.36 (KHTML, like Gecko) Chrome/124.0.6367.207 Safari/537.36"
74.206.190.81 - - [29/Jan/2026:18:33:25 -0500] "GET /wp-admin/theme-editor.php?theme=tubetheme-2017-v3-gay-filled&file=header.php&wp_scrape_key=78ffcdb27415c0593b8b6cf2667f9bb7&wp_scrape_nonce=318308291 HTTP/1.1" 200 54162 "http://www.pricktube.com/wp-admin/theme-editor.php?theme=tubetheme-2017-v3-gay-filled&file=header.php&wp_scrape_key=78ffcdb27415c0593b8b6cf2667f9bb7&wp_scrape_nonce=318308291" "WordPress/5.1.8; http://www.pricktube.com"
74.206.190.81 - - [29/Jan/2026:18:33:25 -0500] "GET /?wp_scrape_key=78ffcdb27415c0593b8b6cf2667f9bb7&wp_scrape_nonce=318308291 HTTP/1.1" 200 54334 "http://www.pricktube.com/?wp_scrape_key=78ffcdb27415c0593b8b6cf2667f9bb7&wp_scrape_nonce=318308291" "WordPress/5.1.8; http://www.pricktube.com"
193.24.211.22 - - [29/Jan/2026:18:33:24 -0500] "POST /wp-admin/admin-ajax.php HTTP/1.1" 200 63 "http://www.pricktube.com/wp-admin/admin-ajax.php" "Mozilla/5.0 (Windows NT 10.0; Win64; x64) AppleWebKit/537.36 (KHTML, like Gecko) Chrome/124.0.6367.207 Safari/537.36"
193.24.211.22 - - [29/Jan/2026:18:33:27 -0500] "GET /wp-admin/theme-editor.php?file=page.php&theme=tubetheme-2017-v3-gay-filled HTTP/1.1" 200 45191 "-" "Mozilla/5.0 (Windows NT 10.0; Win64; x64) AppleWebKit/537.36 (KHTML, like Gecko) Chrome/124.0.6367.207 Safari/537.36"
74.206.190.81 - - [29/Jan/2026:18:33:28 -0500] "GET /wp-admin/theme-editor.php?theme=tubetheme-2017-v3-gay-filled&file=page.php&wp_scrape_key=5ef6f5042abf824a91d8e5e1c59702c7&wp_scrape_nonce=1526151613 HTTP/1.1" 200 50188 "http://www.pricktube.com/wp-admin/theme-editor.php?theme=tubetheme-2017-v3-gay-filled&file=page.php&wp_scrape_key=5ef6f5042abf824a91d8e5e1c59702c7&wp_scrape_nonce=1526151613" "WordPress/5.1.8; http://www.pricktube.com"
74.206.190.81 - - [29/Jan/2026:18:33:28 -0500] "GET /?wp_scrape_key=5ef6f5042abf824a91d8e5e1c59702c7&wp_scrape_nonce=1526151613 HTTP/1.1" 200 54349 "http://www.pricktube.com/?wp_scrape_key=5ef6f5042abf824a91d8e5e1c59702c7&wp_scrape_nonce=1526151613" "WordPress/5.1.8; http://www.pricktube.com"
193.24.211.22 - - [29/Jan/2026:18:33:27 -0500] "POST /wp-admin/admin-ajax.php HTTP/1.1" 200 63 "http://www.pricktube.com/wp-admin/admin-ajax.php" "Mozilla/5.0 (Windows NT 10.0; Win64; x64) AppleWebKit/537.36 (KHTML, like Gecko) Chrome/124.0.6367.207 Safari/537.36"
74.206.190.81 - - [29/Jan/2026:18:33:30 -0500] "GET /wp-admin/theme-editor.php?theme=tubetheme-2017-v3-gay-filled&file=page.php&wp_scrape_key=aa724a0bfd5cc21d078067e352bd2555&wp_scrape_nonce=380996561 HTTP/1.1" 200 45584 "http://www.pricktube.com/wp-admin/theme-editor.php?theme=tubetheme-2017-v3-gay-filled&file=page.php&wp_scrape_key=aa724a0bfd5cc21d078067e352bd2555&wp_scrape_nonce=380996561" "WordPress/5.1.8; http://www.pricktube.com"
74.206.190.81 - - [29/Jan/2026:18:33:31 -0500] "GET /?wp_scrape_key=aa724a0bfd5cc21d078067e352bd2555&wp_scrape_nonce=380996561 HTTP/1.1" 200 54517 "http://www.pricktube.com/?wp_scrape_key=aa724a0bfd5cc21d078067e352bd2555&wp_scrape_nonce=380996561" "WordPress/5.1.8; http://www.pricktube.com"
193.24.211.22 - - [29/Jan/2026:18:33:30 -0500] "POST /wp-admin/admin-ajax.php HTTP/1.1" 200 63 "http://www.pricktube.com/wp-admin/admin-ajax.php" "Mozilla/5.0 (Windows NT 10.0; Win64; x64) AppleWebKit/537.36 (KHTML, like Gecko) Chrome/124.0.6367.207 Safari/537.36"
193.24.211.22 - - [29/Jan/2026:18:33:33 -0500] "GET /wp-admin/theme-editor.php?file=comments.php&theme=tubetheme-2017-v3-gay-filled HTTP/1.1" 200 51959 "-" "Mozilla/5.0 (Windows NT 10.0; Win64; x64) AppleWebKit/537.36 (KHTML, like Gecko) Chrome/124.0.6367.207 Safari/537.36"
74.206.190.81 - - [29/Jan/2026:18:33:34 -0500] "GET /wp-admin/theme-editor.php?theme=tubetheme-2017-v3-gay-filled&file=comments.php&wp_scrape_key=e0f8e4fcbff13578c62db4ac61cf645a&wp_scrape_nonce=1216811852 HTTP/1.1" 200 56850 "http://www.pricktube.com/wp-admin/theme-editor.php?theme=tubetheme-2017-v3-gay-filled&file=comments.php&wp_scrape_key=e0f8e4fcbff13578c62db4ac61cf645a&wp_scrape_nonce=1216811852" "WordPress/5.1.8; http://www.pricktube.com"
74.206.190.81 - - [29/Jan/2026:18:33:34 -0500] "GET /?wp_scrape_key=e0f8e4fcbff13578c62db4ac61cf645a&wp_scrape_nonce=1216811852 HTTP/1.1" 200 54349 "http://www.pricktube.com/?wp_scrape_key=e0f8e4fcbff13578c62db4ac61cf645a&wp_scrape_nonce=1216811852" "WordPress/5.1.8; http://www.pricktube.com"
193.24.211.22 - - [29/Jan/2026:18:33:33 -0500] "POST /wp-admin/admin-ajax.php HTTP/1.1" 200 63 "http://www.pricktube.com/wp-admin/admin-ajax.php" "Mozilla/5.0 (Windows NT 10.0; Win64; x64) AppleWebKit/537.36 (KHTML, like Gecko) Chrome/124.0.6367.207 Safari/537.36"
74.206.190.81 - - [29/Jan/2026:18:33:36 -0500] "GET /wp-admin/theme-editor.php?theme=tubetheme-2017-v3-gay-filled&file=comments.php&wp_scrape_key=213be981610cc1b330be7bfa0d8f14bc&wp_scrape_nonce=702024714 HTTP/1.1" 200 52352 "http://www.pricktube.com/wp-admin/theme-editor.php?theme=tubetheme-2017-v3-gay-filled&file=comments.php&wp_scrape_key=213be981610cc1b330be7bfa0d8f14bc&wp_scrape_nonce=702024714" "WordPress/5.1.8; http://www.pricktube.com"
74.206.190.81 - - [29/Jan/2026:18:33:36 -0500] "GET /?wp_scrape_key=213be981610cc1b330be7bfa0d8f14bc&wp_scrape_nonce=702024714 HTTP/1.1" 200 54334 "http://www.pricktube.com/?wp_scrape_key=213be981610cc1b330be7bfa0d8f14bc&wp_scrape_nonce=702024714" "WordPress/5.1.8; http://www.pricktube.com"
193.24.211.22 - - [29/Jan/2026:18:33:36 -0500] "POST /wp-admin/admin-ajax.php HTTP/1.1" 200 63 "http://www.pricktube.com/wp-admin/admin-ajax.php" "Mozilla/5.0 (Windows NT 10.0; Win64; x64) AppleWebKit/537.36 (KHTML, like Gecko) Chrome/124.0.6367.207 Safari/537.36"
193.24.211.22 - - [29/Jan/2026:18:33:38 -0500] "GET /wp-admin/theme-editor.php?file=sidebar.php&theme=tubetheme-2017-v3-gay-filled HTTP/1.1" 200 45648 "-" "Mozilla/5.0 (Windows NT 10.0; Win64; x64) AppleWebKit/537.36 (KHTML, like Gecko) Chrome/124.0.6367.207 Safari/537.36"
74.206.190.81 - - [29/Jan/2026:18:33:39 -0500] "GET /wp-admin/theme-editor.php?theme=tubetheme-2017-v3-gay-filled&file=sidebar.php&wp_scrape_key=71b4401f609b3422052a0742bbcefa31&wp_scrape_nonce=1664254760 HTTP/1.1" 200 50561 "http://www.pricktube.com/wp-admin/theme-editor.php?theme=tubetheme-2017-v3-gay-filled&file=sidebar.php&wp_scrape_key=71b4401f609b3422052a0742bbcefa31&wp_scrape_nonce=1664254760" "WordPress/5.1.8; http://www.pricktube.com"
74.206.190.81 - - [29/Jan/2026:18:33:39 -0500] "GET /?wp_scrape_key=71b4401f609b3422052a0742bbcefa31&wp_scrape_nonce=1664254760 HTTP/1.1" 200 24822 "http://www.pricktube.com/?wp_scrape_key=71b4401f609b3422052a0742bbcefa31&wp_scrape_nonce=1664254760" "WordPress/5.1.8; http://www.pricktube.com"
193.24.211.22 - - [29/Jan/2026:18:33:39 -0500] "POST /wp-admin/admin-ajax.php HTTP/1.1" 200 180 "http://www.pricktube.com/wp-admin/admin-ajax.php" "Mozilla/5.0 (Windows NT 10.0; Win64; x64) AppleWebKit/537.36 (KHTML, like Gecko) Chrome/124.0.6367.207 Safari/537.36"
193.24.211.22 - - [29/Jan/2026:18:33:40 -0500] "GET /wp-admin/theme-editor.php?file=404.php&theme=tubetheme-2017-v3-gay-filled HTTP/1.1" 200 53242 "-" "Mozilla/5.0 (Windows NT 10.0; Win64; x64) AppleWebKit/537.36 (KHTML, like Gecko) Chrome/124.0.6367.207 Safari/537.36"
74.206.190.81 - - [29/Jan/2026:18:33:41 -0500] "GET /wp-admin/theme-editor.php?theme=tubetheme-2017-v3-gay-filled&file=404.php&wp_scrape_key=aa38d53b2ef756f7630bb686f6f435ae&wp_scrape_nonce=1785550805 HTTP/1.1" 200 57487 "http://www.pricktube.com/wp-admin/theme-editor.php?theme=tubetheme-2017-v3-gay-filled&file=404.php&wp_scrape_key=aa38d53b2ef756f7630bb686f6f435ae&wp_scrape_nonce=1785550805" "WordPress/5.1.8; http://www.pricktube.com"
74.206.190.81 - - [29/Jan/2026:18:33:42 -0500] "GET /?wp_scrape_key=aa38d53b2ef756f7630bb686f6f435ae&wp_scrape_nonce=1785550805 HTTP/1.1" 200 54349 "http://www.pricktube.com/?wp_scrape_key=aa38d53b2ef756f7630bb686f6f435ae&wp_scrape_nonce=1785550805" "WordPress/5.1.8; http://www.pricktube.com"
193.24.211.22 - - [29/Jan/2026:18:33:41 -0500] "POST /wp-admin/admin-ajax.php HTTP/1.1" 200 63 "http://www.pricktube.com/wp-admin/admin-ajax.php" "Mozilla/5.0 (Windows NT 10.0; Win64; x64) AppleWebKit/537.36 (KHTML, like Gecko) Chrome/124.0.6367.207 Safari/537.36"
74.206.190.81 - - [29/Jan/2026:18:33:43 -0500] "GET /wp-admin/theme-editor.php?theme=tubetheme-2017-v3-gay-filled&file=404.php&wp_scrape_key=7b2417f85552606ed1d9748f05e1d670&wp_scrape_nonce=205842510 HTTP/1.1" 200 53635 "http://www.pricktube.com/wp-admin/theme-editor.php?theme=tubetheme-2017-v3-gay-filled&file=404.php&wp_scrape_key=7b2417f85552606ed1d9748f05e1d670&wp_scrape_nonce=205842510" "WordPress/5.1.8; http://www.pricktube.com"
74.206.190.81 - - [29/Jan/2026:18:33:44 -0500] "GET /?wp_scrape_key=7b2417f85552606ed1d9748f05e1d670&wp_scrape_nonce=205842510 HTTP/1.1" 200 54334 "http://www.pricktube.com/?wp_scrape_key=7b2417f85552606ed1d9748f05e1d670&wp_scrape_nonce=205842510" "WordPress/5.1.8; http://www.pricktube.com"
193.24.211.22 - - [29/Jan/2026:18:33:43 -0500] "POST /wp-admin/admin-ajax.php HTTP/1.1" 200 63 "http://www.pricktube.com/wp-admin/admin-ajax.php" "Mozilla/5.0 (Windows NT 10.0; Win64; x64) AppleWebKit/537.36 (KHTML, like Gecko) Chrome/124.0.6367.207 Safari/537.36"
193.24.211.22 - - [29/Jan/2026:18:33:45 -0500] "GET /wp-admin/theme-editor.php?file=footer.php&theme=tubetheme-2017-v3-gay-filled HTTP/1.1" 200 45244 "-" "Mozilla/5.0 (Windows NT 10.0; Win64; x64) AppleWebKit/537.36 (KHTML, like Gecko) Chrome/124.0.6367.207 Safari/537.36"
74.206.190.81 - - [29/Jan/2026:18:33:46 -0500] "GET /wp-admin/theme-editor.php?theme=tubetheme-2017-v3-gay-filled&file=footer.php&wp_scrape_key=ae7dafed450969c72297c10eb29f945b&wp_scrape_nonce=2105539921 HTTP/1.1" 200 50241 "http://www.pricktube.com/wp-admin/theme-editor.php?theme=tubetheme-2017-v3-gay-filled&file=footer.php&wp_scrape_key=ae7dafed450969c72297c10eb29f945b&wp_scrape_nonce=2105539921" "WordPress/5.1.8; http://www.pricktube.com"
74.206.190.81 - - [29/Jan/2026:18:33:46 -0500] "GET /?wp_scrape_key=ae7dafed450969c72297c10eb29f945b&wp_scrape_nonce=2105539921 HTTP/1.1" 200 25708 "http://www.pricktube.com/?wp_scrape_key=ae7dafed450969c72297c10eb29f945b&wp_scrape_nonce=2105539921" "WordPress/5.1.8; http://www.pricktube.com"
193.24.211.22 - - [29/Jan/2026:18:33:45 -0500] "POST /wp-admin/admin-ajax.php HTTP/1.1" 200 179 "http://www.pricktube.com/wp-admin/admin-ajax.php" "Mozilla/5.0 (Windows NT 10.0; Win64; x64) AppleWebKit/537.36 (KHTML, like Gecko) Chrome/124.0.6367.207 Safari/537.36"
193.24.211.22 - - [29/Jan/2026:18:33:47 -0500] "GET /wp-admin/theme-editor.php?file=single.php&theme=tubetheme-2017-v3-gay-filled HTTP/1.1" 200 54749 "-" "Mozilla/5.0 (Windows NT 10.0; Win64; x64) AppleWebKit/537.36 (KHTML, like Gecko) Chrome/124.0.6367.207 Safari/537.36"
74.206.190.81 - - [29/Jan/2026:18:33:48 -0500] "GET /wp-admin/theme-editor.php?theme=tubetheme-2017-v3-gay-filled&file=single.php&wp_scrape_key=04edc5aa3a573ac49a839f45e42ea326&wp_scrape_nonce=652998534 HTTP/1.1" 200 58991 "http://www.pricktube.com/wp-admin/theme-editor.php?theme=tubetheme-2017-v3-gay-filled&file=single.php&wp_scrape_key=04edc5aa3a573ac49a839f45e42ea326&wp_scrape_nonce=652998534" "WordPress/5.1.8; http://www.pricktube.com"
74.206.190.81 - - [29/Jan/2026:18:33:48 -0500] "GET /?wp_scrape_key=04edc5aa3a573ac49a839f45e42ea326&wp_scrape_nonce=652998534 HTTP/1.1" 200 54334 "http://www.pricktube.com/?wp_scrape_key=04edc5aa3a573ac49a839f45e42ea326&wp_scrape_nonce=652998534" "WordPress/5.1.8; http://www.pricktube.com"
193.24.211.22 - - [29/Jan/2026:18:33:47 -0500] "POST /wp-admin/admin-ajax.php HTTP/1.1" 200 63 "http://www.pricktube.com/wp-admin/admin-ajax.php" "Mozilla/5.0 (Windows NT 10.0; Win64; x64) AppleWebKit/537.36 (KHTML, like Gecko) Chrome/124.0.6367.207 Safari/537.36"
74.206.190.81 - - [29/Jan/2026:18:33:50 -0500] "GET /wp-admin/theme-editor.php?theme=tubetheme-2017-v3-gay-filled&file=single.php&wp_scrape_key=80ed69c998eb42897d73ccd5a6421d27&wp_scrape_nonce=448128293 HTTP/1.1" 200 55142 "http://www.pricktube.com/wp-admin/theme-editor.php?theme=tubetheme-2017-v3-gay-filled&file=single.php&wp_scrape_key=80ed69c998eb42897d73ccd5a6421d27&wp_scrape_nonce=448128293" "WordPress/5.1.8; http://www.pricktube.com"
74.206.190.81 - - [29/Jan/2026:18:33:50 -0500] "GET /?wp_scrape_key=80ed69c998eb42897d73ccd5a6421d27&wp_scrape_nonce=448128293 HTTP/1.1" 200 54334 "http://www.pricktube.com/?wp_scrape_key=80ed69c998eb42897d73ccd5a6421d27&wp_scrape_nonce=448128293" "WordPress/5.1.8; http://www.pricktube.com"
193.24.211.22 - - [29/Jan/2026:18:33:49 -0500] "POST /wp-admin/admin-ajax.php HTTP/1.1" 200 63 "http://www.pricktube.com/wp-admin/admin-ajax.php" "Mozilla/5.0 (Windows NT 10.0; Win64; x64) AppleWebKit/537.36 (KHTML, like Gecko) Chrome/124.0.6367.207 Safari/537.36"
193.24.211.22 - - [29/Jan/2026:18:33:51 -0500] "GET /wp-admin/theme-editor.php?file=index.php&theme=tubetheme-2017-v3-gay-filled HTTP/1.1" 200 55532 "-" "Mozilla/5.0 (Windows NT 10.0; Win64; x64) AppleWebKit/537.36 (KHTML, like Gecko) Chrome/124.0.6367.207 Safari/537.36"
74.206.190.81 - - [29/Jan/2026:18:33:51 -0500] "GET /wp-admin/theme-editor.php?theme=tubetheme-2017-v3-gay-filled&file=index.php&wp_scrape_key=192a6f8f85aac173220ac334a8b0e1cc&wp_scrape_nonce=505846576 HTTP/1.1" 200 59774 "http://www.pricktube.com/wp-admin/theme-editor.php?theme=tubetheme-2017-v3-gay-filled&file=index.php&wp_scrape_key=192a6f8f85aac173220ac334a8b0e1cc&wp_scrape_nonce=505846576" "WordPress/5.1.8; http://www.pricktube.com"
74.206.190.81 - - [29/Jan/2026:18:33:52 -0500] "GET /?wp_scrape_key=192a6f8f85aac173220ac334a8b0e1cc&wp_scrape_nonce=505846576 HTTP/1.1" 200 54334 "http://www.pricktube.com/?wp_scrape_key=192a6f8f85aac173220ac334a8b0e1cc&wp_scrape_nonce=505846576" "WordPress/5.1.8; http://www.pricktube.com"
193.24.211.22 - - [29/Jan/2026:18:33:51 -0500] "POST /wp-admin/admin-ajax.php HTTP/1.1" 200 63 "http://www.pricktube.com/wp-admin/admin-ajax.php" "Mozilla/5.0 (Windows NT 10.0; Win64; x64) AppleWebKit/537.36 (KHTML, like Gecko) Chrome/124.0.6367.207 Safari/537.36"
74.206.190.81 - - [29/Jan/2026:18:33:53 -0500] "GET /wp-admin/theme-editor.php?theme=tubetheme-2017-v3-gay-filled&file=index.php&wp_scrape_key=01cf857e97224b9d456bb701e0dae5ce&wp_scrape_nonce=706675898 HTTP/1.1" 200 55925 "http://www.pricktube.com/wp-admin/theme-editor.php?theme=tubetheme-2017-v3-gay-filled&file=index.php&wp_scrape_key=01cf857e97224b9d456bb701e0dae5ce&wp_scrape_nonce=706675898" "WordPress/5.1.8; http://www.pricktube.com"
74.206.190.81 - - [29/Jan/2026:18:33:53 -0500] "GET /?wp_scrape_key=01cf857e97224b9d456bb701e0dae5ce&wp_scrape_nonce=706675898 HTTP/1.1" 200 54517 "http://www.pricktube.com/?wp_scrape_key=01cf857e97224b9d456bb701e0dae5ce&wp_scrape_nonce=706675898" "WordPress/5.1.8; http://www.pricktube.com"
193.24.211.22 - - [29/Jan/2026:18:33:53 -0500] "POST /wp-admin/admin-ajax.php HTTP/1.1" 200 63 "http://www.pricktube.com/wp-admin/admin-ajax.php" "Mozilla/5.0 (Windows NT 10.0; Win64; x64) AppleWebKit/537.36 (KHTML, like Gecko) Chrome/124.0.6367.207 Safari/537.36"
193.24.211.22 - - [29/Jan/2026:18:33:55 -0500] "GET /wp-admin/theme-editor.php?file=searchform.php&theme=tubetheme-2017-v3-gay-filled HTTP/1.1" 200 44400 "-" "Mozilla/5.0 (Windows NT 10.0; Win64; x64) AppleWebKit/537.36 (KHTML, like Gecko) Chrome/124.0.6367.207 Safari/537.36"
74.206.190.81 - - [29/Jan/2026:18:33:55 -0500] "GET /wp-admin/theme-editor.php?theme=tubetheme-2017-v3-gay-filled&file=searchform.php&wp_scrape_key=ee057471debfa258ea2706e7503856c6&wp_scrape_nonce=1121217853 HTTP/1.1" 200 49295 "http://www.pricktube.com/wp-admin/theme-editor.php?theme=tubetheme-2017-v3-gay-filled&file=searchform.php&wp_scrape_key=ee057471debfa258ea2706e7503856c6&wp_scrape_nonce=1121217853" "WordPress/5.1.8; http://www.pricktube.com"
74.206.190.81 - - [29/Jan/2026:18:33:55 -0500] "GET /?wp_scrape_key=ee057471debfa258ea2706e7503856c6&wp_scrape_nonce=1121217853 HTTP/1.1" 200 6545 "http://www.pricktube.com/?wp_scrape_key=ee057471debfa258ea2706e7503856c6&wp_scrape_nonce=1121217853" "WordPress/5.1.8; http://www.pricktube.com"
193.24.211.22 - - [29/Jan/2026:18:33:55 -0500] "POST /wp-admin/admin-ajax.php HTTP/1.1" 200 183 "http://www.pricktube.com/wp-admin/admin-ajax.php" "Mozilla/5.0 (Windows NT 10.0; Win64; x64) AppleWebKit/537.36 (KHTML, like Gecko) Chrome/124.0.6367.207 Safari/537.36"
193.24.211.22 - - [29/Jan/2026:18:33:56 -0500] "GET /wp-login.php HTTP/1.1" 200 2956 "-" "Mozilla/5.0 (Macintosh; Intel Mac OS X 13_5) AppleWebKit/605.1.15 (KHTML, like Gecko) Version/17.5 Safari/605.1.15"
193.24.211.22 - - [29/Jan/2026:18:33:57 -0500] "GET /wp-login.php?wp_lang=en_US HTTP/1.1" 200 2956 "-" "Mozilla/5.0 (Windows NT 10.0; Win64; x64) AppleWebKit/537.36 (KHTML, like Gecko) Chrome/124.0.6367.207 Safari/537.36"
193.24.211.22 - - [29/Jan/2026:18:33:57 -0500] "POST /wp-login.php?wp_lang=en_US HTTP/1.1" 302 - "http://www.pricktube.com/wp-login.php?wp_lang=en_US" "Mozilla/5.0 (Windows NT 10.0; Win64; x64) AppleWebKit/537.36 (KHTML, like Gecko) Chrome/124.0.6367.207 Safari/537.36"
193.24.211.22 - - [29/Jan/2026:18:33:57 -0500] "GET /wp-admin/ HTTP/1.1" 200 72303 "http://www.pricktube.com/wp-login.php?wp_lang=en_US" "Mozilla/5.0 (Windows NT 10.0; Win64; x64) AppleWebKit/537.36 (KHTML, like Gecko) Chrome/124.0.6367.207 Safari/537.36"
193.24.211.22 - - [29/Jan/2026:18:33:58 -0500] "GET /wp-admin/plugin-install.php HTTP/1.1" 200 80249 "-" "Mozilla/5.0 (Windows NT 10.0; Win64; x64) AppleWebKit/537.36 (KHTML, like Gecko) Chrome/124.0.6367.207 Safari/537.36"
193.24.211.22 - - [29/Jan/2026:18:33:59 -0500] "POST /wp-admin/update.php?action=upload-plugin HTTP/1.1" 500 2798 "http://www.pricktube.com/wp-admin/update.php?action=upload-plugin" "Mozilla/5.0 (Windows NT 10.0; Win64; x64) AppleWebKit/537.36 (KHTML, like Gecko) Chrome/124.0.6367.207 Safari/537.36"
193.24.211.22 - - [29/Jan/2026:18:33:59 -0500] "POST /wp-admin/update.php?action=upload-plugin HTTP/1.1" 500 2798 "http://www.pricktube.com/wp-admin/update.php?action=upload-plugin" "Mozilla/5.0 (Windows NT 10.0; Win64; x64) AppleWebKit/537.36 (KHTML, like Gecko) Chrome/124.0.6367.207 Safari/537.36"
193.24.211.22 - - [29/Jan/2026:18:33:59 -0500] "POST /wp-admin/update.php?action=upload-plugin HTTP/1.1" 500 2798 "http://www.pricktube.com/wp-admin/update.php?action=upload-plugin" "Mozilla/5.0 (Windows NT 10.0; Win64; x64) AppleWebKit/537.36 (KHTML, like Gecko) Chrome/124.0.6367.207 Safari/537.36"
193.24.211.22 - - [29/Jan/2026:18:34:00 -0500] "POST /wp-admin/update.php?action=upload-plugin HTTP/1.1" 500 2798 "http://www.pricktube.com/wp-admin/update.php?action=upload-plugin" "Mozilla/5.0 (Windows NT 10.0; Win64; x64) AppleWebKit/537.36 (KHTML, like Gecko) Chrome/124.0.6367.207 Safari/537.36"
193.24.211.22 - - [29/Jan/2026:18:34:00 -0500] "POST /wp-admin/update.php?action=upload-plugin HTTP/1.1" 500 2798 "http://www.pricktube.com/wp-admin/update.php?action=upload-plugin" "Mozilla/5.0 (Windows NT 10.0; Win64; x64) AppleWebKit/537.36 (KHTML, like Gecko) Chrome/124.0.6367.207 Safari/537.36"
74.206.190.81 - - [29/Jan/2026:18:35:31 -0500] "GET / HTTP/1.1" 200 46127 "-" "curl/7.29.0"
74.206.190.81 - - [29/Jan/2026:18:40:39 -0500] "POST /wp-cron.php?doing_wp_cron=1769730039.2062330245971679687500 HTTP/1.1" 200 - "http://www.pricktube.com/wp-cron.php?doing_wp_cron=1769730039.2062330245971679687500" "WordPress/5.1.8; http://www.pricktube.com"
69.10.48.159 - - [29/Jan/2026:18:40:38 -0500] "GET / HTTP/1.1" 301 - "-" "Mozilla/5.0 (Macintosh; Intel Mac OS X 14_5) AppleWebKit/537.36 (KHTML, like Gecko) Chrome/124.0.0.0 Safari/537.36"
69.10.48.159 - - [29/Jan/2026:18:40:39 -0500] "GET / HTTP/1.1" 200 46127 "-" "Mozilla/5.0 (Macintosh; Intel Mac OS X 14_5) AppleWebKit/537.36 (KHTML, like Gecko) Chrome/124.0.0.0 Safari/537.36"
74.206.190.81 - - [29/Jan/2026:18:40:46 -0500] "GET / HTTP/1.1" 200 46127 "-" "curl/7.29.0"
74.206.190.81 - - [29/Jan/2026:18:45:39 -0500] "POST /wp-cron.php?doing_wp_cron=1769730339.8737680912017822265625 HTTP/1.1" 200 - "http://www.pricktube.com/wp-cron.php?doing_wp_cron=1769730339.8737680912017822265625" "WordPress/5.1.8; http://www.pricktube.com"
74.206.190.81 - - [29/Jan/2026:18:45:39 -0500] "GET / HTTP/1.1" 200 46127 "-" "curl/7.29.0"
74.206.190.81 - - [29/Jan/2026:18:50:30 -0500] "GET / HTTP/1.1" 200 46263 "-" "curl/7.29.0"
141.94.194.132 - - [29/Jan/2026:18:53:10 -0500] "GET /index.php/cock-tube/sucking-cock.html/feed HTTP/1.1" 200 1323 "-" "Mozilla/5.0 (X11; Linux i686) AppleWebKit/537.36 (KHTML, like Gecko) Chrome/30.0.1599.66 Safari/537.36"
74.206.190.81 - - [29/Jan/2026:18:55:38 -0500] "GET / HTTP/1.1" 200 46441 "-" "curl/7.29.0"
114.119.156.227 - - [29/Jan/2026:18:56:19 -0500] "GET /robots.txt HTTP/1.1" 200 29 "-" "Mozilla/5.0 (compatible;PetalBot;+https://webmaster.petalsearch.com/site/petalbot)"
74.206.190.81 - - [29/Jan/2026:19:00:43 -0500] "GET / HTTP/1.1" 200 46448 "-" "curl/7.29.0"
141.94.194.132 - - [29/Jan/2026:19:03:30 -0500] "GET /index.php/cock-tube/gay-dick.html/feed HTTP/1.1" 200 2047 "-" "Mozilla/5.0 (X11; Linux i686) AppleWebKit/537.36 (KHTML, like Gecko) Chrome/30.0.1599.66 Safari/537.36"
74.206.190.81 - - [29/Jan/2026:19:05:37 -0500] "GET / HTTP/1.1" 200 46448 "-" "curl/7.29.0"
130.213.14.73 - - [29/Jan/2026:19:05:49 -0500] "GET / HTTP/1.1" 200 46448 "-" "Mozilla/5.0 (Windows NT 10.0; Win64; x64; rv:128.0) Gecko/20100101 Firefox/128.0"
130.213.14.73 - - [29/Jan/2026:19:05:50 -0500] "GET /_profiler/phpinfo.php HTTP/1.1" 404 286 "-" "Mozilla/5.0 (Windows NT 10.0; Win64; x64; rv:128.0) Gecko/20100101 Firefox/128.0"
130.213.14.73 - - [29/Jan/2026:19:05:51 -0500] "GET /phpinfo HTTP/1.1" 404 272 "-" "Mozilla/5.0 (Windows NT 10.0; Win64; x64; rv:128.0) Gecko/20100101 Firefox/128.0"
130.213.14.73 - - [29/Jan/2026:19:05:51 -0500] "GET /_profiler/phpinfo HTTP/1.1" 404 282 "-" "Mozilla/5.0 (Windows NT 10.0; Win64; x64; rv:128.0) Gecko/20100101 Firefox/128.0"
130.213.14.73 - - [29/Jan/2026:19:05:52 -0500] "GET /info HTTP/1.1" 404 269 "-" "Mozilla/5.0 (Windows NT 10.0; Win64; x64; rv:128.0) Gecko/20100101 Firefox/128.0"
130.213.14.73 - - [29/Jan/2026:19:05:52 -0500] "GET /phpinfo.php HTTP/1.1" 404 276 "-" "Mozilla/5.0 (Windows NT 10.0; Win64; x64; rv:128.0) Gecko/20100101 Firefox/128.0"
130.213.14.73 - - [29/Jan/2026:19:05:53 -0500] "GET /info.php HTTP/1.1" 404 273 "-" "Mozilla/5.0 (Windows NT 10.0; Win64; x64; rv:128.0) Gecko/20100101 Firefox/128.0"
130.213.14.73 - - [29/Jan/2026:19:05:54 -0500] "GET /.env HTTP/1.1" 404 269 "-" "-"
130.213.14.73 - - [29/Jan/2026:19:05:54 -0500] "GET /.env.production HTTP/1.1" 404 280 "-" "-"
130.213.14.73 - - [29/Jan/2026:19:05:54 -0500] "GET /application/.env HTTP/1.1" 404 281 "-" "-"
130.213.14.73 - - [29/Jan/2026:19:05:54 -0500] "GET /prod/.env HTTP/1.1" 404 274 "-" "-"
130.213.14.73 - - [29/Jan/2026:19:05:54 -0500] "GET /.env.save HTTP/1.1" 404 274 "-" "-"
130.213.14.73 - - [29/Jan/2026:19:05:54 -0500] "GET /beta/.env HTTP/1.1" 404 274 "-" "-"
130.213.14.73 - - [29/Jan/2026:19:05:54 -0500] "GET /admin/.env HTTP/1.1" 404 275 "-" "-"
130.213.14.73 - - [29/Jan/2026:19:05:55 -0500] "GET /app/.env HTTP/1.1" 404 273 "-" "-"
130.213.14.73 - - [29/Jan/2026:19:05:55 -0500] "GET /config/.env HTTP/1.1" 404 276 "-" "-"
130.213.14.73 - - [29/Jan/2026:19:05:55 -0500] "GET /api/.env HTTP/1.1" 404 273 "-" "-"
130.213.14.73 - - [29/Jan/2026:19:05:55 -0500] "GET /laravel/.env HTTP/1.1" 404 277 "-" "-"
130.213.14.73 - - [29/Jan/2026:19:08:18 -0500] "GET / HTTP/1.1" 200 46448 "-" "Mozilla/5.0 (Windows NT 10.0; Win64; x64; rv:128.0) Gecko/20100101 Firefox/128.0"
130.213.14.73 - - [29/Jan/2026:19:08:20 -0500] "GET /_profiler/phpinfo.php HTTP/1.1" 404 286 "-" "Mozilla/5.0 (Windows NT 10.0; Win64; x64; rv:128.0) Gecko/20100101 Firefox/128.0"
130.213.14.73 - - [29/Jan/2026:19:08:20 -0500] "GET /phpinfo HTTP/1.1" 404 272 "-" "Mozilla/5.0 (Windows NT 10.0; Win64; x64; rv:128.0) Gecko/20100101 Firefox/128.0"
130.213.14.73 - - [29/Jan/2026:19:08:21 -0500] "GET /_profiler/phpinfo HTTP/1.1" 404 282 "-" "Mozilla/5.0 (Windows NT 10.0; Win64; x64; rv:128.0) Gecko/20100101 Firefox/128.0"
130.213.14.73 - - [29/Jan/2026:19:08:22 -0500] "GET /info HTTP/1.1" 404 269 "-" "Mozilla/5.0 (Windows NT 10.0; Win64; x64; rv:128.0) Gecko/20100101 Firefox/128.0"
130.213.14.73 - - [29/Jan/2026:19:08:24 -0500] "GET /phpinfo.php HTTP/1.1" 404 276 "-" "Mozilla/5.0 (Windows NT 10.0; Win64; x64; rv:128.0) Gecko/20100101 Firefox/128.0"
130.213.14.73 - - [29/Jan/2026:19:08:25 -0500] "GET /info.php HTTP/1.1" 404 273 "-" "Mozilla/5.0 (Windows NT 10.0; Win64; x64; rv:128.0) Gecko/20100101 Firefox/128.0"
130.213.14.73 - - [29/Jan/2026:19:08:26 -0500] "GET /.env HTTP/1.1" 404 269 "-" "-"
130.213.14.73 - - [29/Jan/2026:19:08:26 -0500] "GET /.env.production HTTP/1.1" 404 280 "-" "-"
130.213.14.73 - - [29/Jan/2026:19:08:26 -0500] "GET /application/.env HTTP/1.1" 404 281 "-" "-"
130.213.14.73 - - [29/Jan/2026:19:08:26 -0500] "GET /prod/.env HTTP/1.1" 404 274 "-" "-"
130.213.14.73 - - [29/Jan/2026:19:08:26 -0500] "GET /.env.save HTTP/1.1" 404 274 "-" "-"
130.213.14.73 - - [29/Jan/2026:19:08:26 -0500] "GET /beta/.env HTTP/1.1" 404 274 "-" "-"
130.213.14.73 - - [29/Jan/2026:19:08:27 -0500] "GET /admin/.env HTTP/1.1" 404 275 "-" "-"
130.213.14.73 - - [29/Jan/2026:19:08:27 -0500] "GET /app/.env HTTP/1.1" 404 273 "-" "-"
130.213.14.73 - - [29/Jan/2026:19:08:27 -0500] "GET /config/.env HTTP/1.1" 404 276 "-" "-"
130.213.14.73 - - [29/Jan/2026:19:08:27 -0500] "GET /api/.env HTTP/1.1" 404 273 "-" "-"
130.213.14.73 - - [29/Jan/2026:19:08:28 -0500] "GET /laravel/.env HTTP/1.1" 404 277 "-" "-"
74.206.190.81 - - [29/Jan/2026:19:10:30 -0500] "GET / HTTP/1.1" 200 46448 "-" "curl/7.29.0"
74.206.190.81 - - [29/Jan/2026:19:15:47 -0500] "GET / HTTP/1.1" 200 46448 "-" "curl/7.29.0"
74.206.190.81 - - [29/Jan/2026:19:21:16 -0500] "GET / HTTP/1.1" 200 46502 "-" "curl/7.29.0"
74.206.190.81 - - [29/Jan/2026:19:25:28 -0500] "GET / HTTP/1.1" 200 46502 "-" "curl/7.29.0"
74.206.190.81 - - [29/Jan/2026:19:30:28 -0500] "GET / HTTP/1.1" 200 46502 "-" "curl/7.29.0"
74.206.190.81 - - [29/Jan/2026:19:35:31 -0500] "GET / HTTP/1.1" 200 46502 "-" "curl/7.29.0"
74.206.190.81 - - [29/Jan/2026:19:40:53 -0500] "POST /wp-cron.php?doing_wp_cron=1769733653.8099260330200195312500 HTTP/1.1" 200 - "http://www.pricktube.com/wp-cron.php?doing_wp_cron=1769733653.8099260330200195312500" "WordPress/5.1.8; http://www.pricktube.com"
74.206.190.81 - - [29/Jan/2026:19:40:53 -0500] "GET / HTTP/1.1" 200 46448 "-" "curl/7.29.0"
74.206.190.81 - - [29/Jan/2026:19:45:31 -0500] "POST /wp-cron.php?doing_wp_cron=1769733931.2923240661621093750000 HTTP/1.1" 200 - "http://www.pricktube.com/wp-cron.php?doing_wp_cron=1769733931.2923240661621093750000" "WordPress/5.1.8; http://www.pricktube.com"
74.206.190.81 - - [29/Jan/2026:19:45:31 -0500] "GET / HTTP/1.1" 200 46562 "-" "curl/7.29.0"
141.94.194.132 - - [29/Jan/2026:19:49:55 -0500] "GET /index.php/cock-tube/42.html/feed HTTP/1.1" 200 1303 "-" "Mozilla/5.0 (X11; Linux i686) AppleWebKit/537.36 (KHTML, like Gecko) Chrome/30.0.1599.66 Safari/537.36"
141.94.194.132 - - [29/Jan/2026:19:50:24 -0500] "GET /index.php/tag/add-new-tag/feed HTTP/1.1" 200 2067 "-" "Mozilla/5.0 (X11; Linux i686) AppleWebKit/537.36 (KHTML, like Gecko) Chrome/30.0.1599.66 Safari/537.36"
74.206.190.81 - - [29/Jan/2026:19:50:30 -0500] "GET / HTTP/1.1" 200 46562 "-" "curl/7.29.0"
138.197.168.105 - - [29/Jan/2026:19:53:48 -0500] "GET / HTTP/1.1" 301 - "-" "Mozilla/5.0 (X11; Linux x86_64; rv:142.0) Gecko/20100101 Firefox/142.0"
74.206.190.81 - - [29/Jan/2026:19:55:29 -0500] "GET / HTTP/1.1" 200 46562 "-" "curl/7.29.0"
74.206.190.81 - - [29/Jan/2026:20:00:40 -0500] "GET / HTTP/1.1" 200 46562 "-" "curl/7.29.0"
114.119.140.179 - - [29/Jan/2026:20:04:09 -0500] "GET /index.php/cock-tube/thick-dick-tube.html HTTP/1.1" 200 45390 "http://www.pricktube.com/index.php/category/cock-tube/page/7" "Mozilla/5.0 (Linux; Android 7.0;) AppleWebKit/537.36 (KHTML, like Gecko) Mobile Safari/537.36 (compatible; PetalBot;+https://webmaster.petalsearch.com/site/petalbot)"
74.206.190.81 - - [29/Jan/2026:20:05:45 -0500] "GET / HTTP/1.1" 200 46562 "-" "curl/7.29.0"
198.98.53.57 - - [29/Jan/2026:20:08:21 -0500] "GET /wp-login.php HTTP/1.1" 200 2956 "-" "Mozilla/5.0 (X11; Ubuntu; Linux x86_64; rv:30.0) Gecko/20100101 Firefox/30.0"
198.98.53.57 - - [29/Jan/2026:20:08:22 -0500] "POST /wp-login.php HTTP/1.1" 200 3944 "-" "Mozilla/5.0 (X11; Ubuntu; Linux x86_64; rv:30.0) Gecko/20100101 Firefox/30.0"
198.98.53.57 - - [29/Jan/2026:20:10:12 -0500] "GET /wp-login.php HTTP/1.1" 200 2956 "-" "Mozilla/5.0 (Macintosh; Intel Mac OS X 10_9_4) AppleWebKit/537.36 (KHTML, like Gecko) Chrome/36.0.1985.143 Safari/537.36"
198.98.53.57 - - [29/Jan/2026:20:10:13 -0500] "POST /wp-login.php HTTP/1.1" 200 3906 "-" "Mozilla/5.0 (Macintosh; Intel Mac OS X 10_9_4) AppleWebKit/537.36 (KHTML, like Gecko) Chrome/36.0.1985.143 Safari/537.36"
74.206.190.81 - - [29/Jan/2026:20:10:35 -0500] "GET / HTTP/1.1" 200 46562 "-" "curl/7.29.0"
141.94.194.132 - - [29/Jan/2026:20:11:13 -0500] "GET /index.php/tag/cock/feed HTTP/1.1" 200 3747 "-" "Mozilla/5.0 (X11; Linux i686) AppleWebKit/537.36 (KHTML, like Gecko) Chrome/30.0.1599.66 Safari/537.36"
83.217.208.0 - - [29/Jan/2026:20:12:02 -0500] "GET /wp-login.php HTTP/1.1" 200 2956 "-" "Mozilla/5.0 (iPhone; CPU iPhone OS 7_0_4 like Mac OS X) AppleWebKit/537.51.1 (KHTML, like Gecko) Version/7.0 Mobile/11B554a Safari/9537.53"
83.217.208.0 - - [29/Jan/2026:20:12:03 -0500] "POST /wp-login.php HTTP/1.1" 200 3948 "-" "Mozilla/5.0 (iPhone; CPU iPhone OS 7_0_4 like Mac OS X) AppleWebKit/537.51.1 (KHTML, like Gecko) Version/7.0 Mobile/11B554a Safari/9537.53"
74.206.190.81 - - [29/Jan/2026:20:15:38 -0500] "GET / HTTP/1.1" 200 46562 "-" "curl/7.29.0"
74.206.190.81 - - [29/Jan/2026:20:20:40 -0500] "GET / HTTP/1.1" 200 46562 "-" "curl/7.29.0"
74.206.190.81 - - [29/Jan/2026:20:25:32 -0500] "GET / HTTP/1.1" 200 46562 "-" "curl/7.29.0"
74.206.190.81 - - [29/Jan/2026:20:30:30 -0500] "GET / HTTP/1.1" 200 46596 "-" "curl/7.29.0"
74.206.190.81 - - [29/Jan/2026:20:35:30 -0500] "GET / HTTP/1.1" 200 46596 "-" "curl/7.29.0"
74.206.190.81 - - [29/Jan/2026:20:40:38 -0500] "POST /wp-cron.php?doing_wp_cron=1769737238.5839600563049316406250 HTTP/1.1" 200 - "http://www.pricktube.com/wp-cron.php?doing_wp_cron=1769737238.5839600563049316406250" "WordPress/5.1.8; http://www.pricktube.com"
74.206.190.81 - - [29/Jan/2026:20:40:38 -0500] "GET / HTTP/1.1" 200 46596 "-" "curl/7.29.0"
74.206.190.81 - - [29/Jan/2026:20:45:41 -0500] "POST /wp-cron.php?doing_wp_cron=1769737541.4041879177093505859375 HTTP/1.1" 200 - "http://www.pricktube.com/wp-cron.php?doing_wp_cron=1769737541.4041879177093505859375" "WordPress/5.1.8; http://www.pricktube.com"
74.206.190.81 - - [29/Jan/2026:20:45:41 -0500] "GET / HTTP/1.1" 200 46596 "-" "curl/7.29.0"
209.50.163.126 - - [29/Jan/2026:20:46:30 -0500] "GET /wp-login.php HTTP/1.1" 200 2956 "-" "Mozilla/5.0 (Windows NT 10.0; Win64; x64) AppleWebKit/537.36 (KHTML, like Gecko) Chrome/124.0.6367.207 Safari/537.36"
209.50.163.126 - - [29/Jan/2026:20:46:31 -0500] "POST /xmlrpc.php HTTP/1.1" 403 279 "-" "Mozilla/5.0 (Windows NT 10.0; Win64; x64) AppleWebKit/537.36 (KHTML, like Gecko) Chrome/124.0.6367.207 Safari/537.36"
104.207.45.141 - - [29/Jan/2026:20:46:31 -0500] "POST /xmlrpc.php HTTP/1.1" 403 279 "-" "Mozilla/5.0 (Windows NT 10.0; Win64; x64) AppleWebKit/537.36 (KHTML, like Gecko) Chrome/124.0.6367.207 Safari/537.36"
45.3.45.19 - - [29/Jan/2026:20:46:32 -0500] "POST /xmlrpc.php HTTP/1.1" 403 279 "-" "Mozilla/5.0 (Windows NT 10.0; Win64; x64; rv:127.0) Gecko/20100101 Firefox/127.0"
45.3.34.53 - - [29/Jan/2026:20:46:33 -0500] "POST /xmlrpc.php HTTP/1.1" 403 279 "-" "Mozilla/5.0 (Macintosh; Intel Mac OS X 13_5) AppleWebKit/605.1.15 (KHTML, like Gecko) Version/17.5 Safari/605.1.15"
216.26.239.1 - - [29/Jan/2026:20:46:33 -0500] "POST /xmlrpc.php HTTP/1.1" 403 279 "-" "Mozilla/5.0 (Windows NT 10.0; Win64; x64) AppleWebKit/537.36 (KHTML, like Gecko) Chrome/124.0.6367.207 Safari/537.36"
