HEX
Server: Apache
System: Linux msm5694.mjhst.com 3.10.0-1160.119.1.el7.x86_64 #1 SMP Tue Jun 4 14:43:51 UTC 2024 x86_64
User: camjab_ssh (1000)
PHP: 5.3.29
Disabled: NONE
Upload Files
File: //home/httpd/logs/pricktube.com_access_log
74.206.190.81 - - [30/Jan/2026:03:55:42 -0500] "GET / HTTP/1.1" 200 47105 "-" "curl/7.29.0"
74.206.190.81 - - [30/Jan/2026:04:01:10 -0500] "GET / HTTP/1.1" 200 47105 "-" "curl/7.29.0"
178.220.112.149 - - [30/Jan/2026:04:02:00 -0500] "GET / HTTP/1.1" 200 47105 "-" "Mozilla/5.0 (Windows NT 10.0; Win64; x64) AppleWebKit/537.36 (KHTML, like Gecko) Chrome/120.0.0.0 Safari/537.36"
190.191.149.217 - - [30/Jan/2026:04:02:04 -0500] "GET /wp-login.php HTTP/1.1" 200 2956 "-" "Mozilla/5.0 (Windows NT 10.0; Win64; x64) AppleWebKit/537.36 (KHTML, like Gecko) Chrome/120.0.0.0 Safari/537.36"
190.191.149.217 - - [30/Jan/2026:04:02:05 -0500] "POST /wp-login.php HTTP/1.1" 302 - "http://www.pricktube.com/wp-login.php" "Mozilla/5.0 (Windows NT 10.0; Win64; x64) AppleWebKit/537.36 (KHTML, like Gecko) Chrome/120.0.0.0 Safari/537.36"
190.191.149.217 - - [30/Jan/2026:04:02:05 -0500] "GET /wp-admin/ HTTP/1.1" 200 72303 "http://www.pricktube.com/wp-login.php" "Mozilla/5.0 (Windows NT 10.0; Win64; x64) AppleWebKit/537.36 (KHTML, like Gecko) Chrome/120.0.0.0 Safari/537.36"
85.251.240.130 - - [30/Jan/2026:04:02:07 -0500] "POST /xmlrpc.php HTTP/1.1" 403 279 "-" "WordPress/5.0; http://www.pricktube.com"
85.251.240.130 - - [30/Jan/2026:04:02:08 -0500] "GET /wp-admin/admin-ajax.php?action=rest-nonce HTTP/1.1" 400 1 "-" "Mozilla/5.0 (Windows NT 10.0; Win64; x64) AppleWebKit/537.36 (KHTML, like Gecko) Chrome/120.0.0.0 Safari/537.36"
85.251.240.130 - - [30/Jan/2026:04:02:09 -0500] "GET /wp-admin/ HTTP/1.1" 200 72303 "-" "Mozilla/5.0 (Windows NT 10.0; Win64; x64) AppleWebKit/537.36 (KHTML, like Gecko) Chrome/120.0.0.0 Safari/537.36"
141.94.194.132 - - [30/Jan/2026:04:04:13 -0500] "GET /index.php/cock-tube/sucking-cock.html/feed HTTP/1.1" 200 1323 "-" "Mozilla/5.0 (X11; Linux i686) AppleWebKit/537.36 (KHTML, like Gecko) Chrome/30.0.1599.66 Safari/537.36"
74.206.190.81 - - [30/Jan/2026:04:05:37 -0500] "GET / HTTP/1.1" 200 47105 "-" "curl/7.29.0"
74.206.190.81 - - [30/Jan/2026:04:10:28 -0500] "GET / HTTP/1.1" 200 47105 "-" "curl/7.29.0"
74.206.190.81 - - [30/Jan/2026:04:15:30 -0500] "GET / HTTP/1.1" 200 47105 "-" "curl/7.29.0"
104.244.74.96 - - [30/Jan/2026:04:15:57 -0500] "GET /wp-login.php HTTP/1.1" 200 2956 "-" "Mozilla/5.0 (Windows NT 6.1; Trident/7.0; rv:11.0) like Gecko"
104.244.74.96 - - [30/Jan/2026:04:15:57 -0500] "POST /wp-login.php HTTP/1.1" 200 3924 "-" "Mozilla/5.0 (Windows NT 6.1; Trident/7.0; rv:11.0) like Gecko"
20.100.196.146 - - [30/Jan/2026:04:19:10 -0500] "GET /wp-content/plugins/hellopress/wp_filemanager.php HTTP/1.1" 404 309 "-" "-"
20.100.196.146 - - [30/Jan/2026:04:19:10 -0500] "GET /rip.php HTTP/1.1" 404 268 "-" "-"
141.94.194.132 - - [30/Jan/2026:04:19:33 -0500] "GET /index.php/cock-tube/gay-dick.html/feed HTTP/1.1" 200 2047 "-" "Mozilla/5.0 (X11; Linux i686) AppleWebKit/537.36 (KHTML, like Gecko) Chrome/30.0.1599.66 Safari/537.36"
74.206.190.81 - - [30/Jan/2026:04:20:39 -0500] "GET / HTTP/1.1" 200 47105 "-" "curl/7.29.0"
157.55.39.54 - - [30/Jan/2026:04:20:49 -0500] "GET /index.php/cock-tube/%D0%B2%D0%BE%D0%B4%D0%BA%D0%B0-%D0%BA%D0%B0%D0%B7%D0%B8%D0%BD%D0%BE-%D0%B7%D0%B0%D0%BF%D1%83%D1%81%D0%BA%D0%B0%D0%B5%D1%82-%D0%B8%D0%BD%D0%BD%D0%BE%D0%B2%D0%B0%D1%86%D0%B8%D0%BE%D0%BD%D0%BD%D1%83.html HTTP/1.1" 404 31118 "-" "Mozilla/5.0 AppleWebKit/537.36 (KHTML, like Gecko; compatible; bingbot/2.0; +http://www.bing.com/bingbot.htm) Chrome/116.0.1938.76 Safari/537.36"
74.206.190.81 - - [30/Jan/2026:04:25:28 -0500] "GET / HTTP/1.1" 200 47105 "-" "curl/7.29.0"
74.206.190.81 - - [30/Jan/2026:04:30:29 -0500] "GET / HTTP/1.1" 200 47105 "-" "curl/7.29.0"
93.123.109.125 - - [30/Jan/2026:04:31:21 -0500] "GET / HTTP/1.1" 200 16514 "-" "Mozilla/5.0 (Windows NT 10.0; Win64; x64) AppleWebKit/537.36 (KHTML, like Gecko) Chrome/142.0.0.0 Safari/537.36"
93.123.109.125 - - [30/Jan/2026:04:31:21 -0500] "GET / HTTP/1.1" 301 - "-" "Mozilla/5.0 (Windows NT 10.0; Win64; x64) AppleWebKit/537.36 (KHTML, like Gecko) Chrome/142.0.0.0 Safari/537.36"
141.94.194.132 - - [30/Jan/2026:04:31:21 -0500] "GET /index.php/tag/cock/feed HTTP/1.1" 200 3747 "-" "Mozilla/5.0 (X11; Linux i686) AppleWebKit/537.36 (KHTML, like Gecko) Chrome/30.0.1599.66 Safari/537.36"
74.206.190.81 - - [30/Jan/2026:04:35:30 -0500] "GET / HTTP/1.1" 200 47105 "-" "curl/7.29.0"
74.206.190.81 - - [30/Jan/2026:04:40:37 -0500] "POST /wp-cron.php?doing_wp_cron=1769766037.2193999290466308593750 HTTP/1.1" 200 - "http://www.pricktube.com/wp-cron.php?doing_wp_cron=1769766037.2193999290466308593750" "WordPress/5.1.8; http://www.pricktube.com"
74.206.190.81 - - [30/Jan/2026:04:40:37 -0500] "GET / HTTP/1.1" 200 47105 "-" "curl/7.29.0"
74.206.190.81 - - [30/Jan/2026:04:42:12 -0500] "POST /wp-cron.php?doing_wp_cron=1769766132.3910999298095703125000 HTTP/1.1" 200 - "http://www.pricktube.com/wp-cron.php?doing_wp_cron=1769766132.3910999298095703125000" "WordPress/5.1.8; http://www.pricktube.com"
112.121.183.78 - - [30/Jan/2026:04:42:12 -0500] "GET / HTTP/1.1" 200 47105 "-" "Mozilla/5.0 (Linux; Android 11; CPH2185) AppleWebKit/537.36 (KHTML, like Gecko) Chrome/91.0.4472.101 Mobile Safari/537.36"
141.94.194.132 - - [30/Jan/2026:04:43:55 -0500] "GET /index.php/cock-tube/42.html/feed HTTP/1.1" 200 1303 "-" "Mozilla/5.0 (X11; Linux i686) AppleWebKit/537.36 (KHTML, like Gecko) Chrome/30.0.1599.66 Safari/537.36"
74.206.190.81 - - [30/Jan/2026:04:45:30 -0500] "GET / HTTP/1.1" 200 47105 "-" "curl/7.29.0"
74.206.190.81 - - [30/Jan/2026:04:50:30 -0500] "GET / HTTP/1.1" 200 47105 "-" "curl/7.29.0"
74.206.190.81 - - [30/Jan/2026:04:55:28 -0500] "GET / HTTP/1.1" 200 47105 "-" "curl/7.29.0"
74.206.190.81 - - [30/Jan/2026:05:00:42 -0500] "GET / HTTP/1.1" 200 47105 "-" "curl/7.29.0"
74.206.190.81 - - [30/Jan/2026:05:05:35 -0500] "GET / HTTP/1.1" 200 47323 "-" "curl/7.29.0"
113.52.133.204 - - [30/Jan/2026:05:08:01 -0500] "GET /a.asp HTTP/1.1" 404 270 "-" "Mozilla/5.0 (Windows NT 10.0; WOW64; rv:48.0) Gecko/20100101 Firefox/48.0"
74.206.190.81 - - [30/Jan/2026:05:10:28 -0500] "GET / HTTP/1.1" 200 47323 "-" "curl/7.29.0"
5.133.192.175 - - [30/Jan/2026:05:11:49 -0500] "GET / HTTP/1.1" 301 - "-" "Mozilla/5.0 (X11; CrOS x86_64 14541.0.0) AppleWebKit/537.36 (KHTML, like Gecko) Chrome/121.0.0.0 Safari/537.3"
5.133.192.193 - - [30/Jan/2026:05:11:49 -0500] "GET / HTTP/1.1" 200 47323 "http://pricktube.com/" "Mozilla/5.0 (X11; CrOS x86_64 14541.0.0) AppleWebKit/537.36 (KHTML, like Gecko) Chrome/121.0.0.0 Safari/537.3"
185.6.11.146 - - [30/Jan/2026:05:11:50 -0500] "GET /index.php/cock-tube/%d1%81%d0%b2%d0%b5%d0%b6%d0%b8%d0%b5-%d0%be%d1%82%d0%b7%d1%8b%d0%b2%d1%8b-%d0%be-vodka-casino-%d0%ba%d0%b0%d0%ba-%d1%81%d0%b5%d0%b3%d0%be%d0%b4%d0%bd%d1%8f-%d0%b8%d0%b3%d1%80%d0%b0%d1%82%d1%8c-%d0%be.html HTTP/1.1" 404 31336 "-" "Mozilla/5.0 (X11; CrOS x86_64 14541.0.0) AppleWebKit/537.36 (KHTML, like Gecko) Chrome/121.0.0.0 Safari/537.3"
80.248.225.154 - - [30/Jan/2026:05:11:51 -0500] "GET /index.php/cock-tube/%d0%b3%d0%bb%d0%b0%d0%b2%d0%bd%d1%8b%d0%b5-%d0%bd%d0%be%d0%b2%d0%be%d1%81%d1%82%d0%b8-%d0%b7%d0%b5%d1%80%d0%ba%d0%b0%d0%bb%d0%be-%d0%b2%d0%be%d0%b4%d0%ba%d0%b0-%d0%ba%d0%b0%d0%b7%d0%b8%d0%bd%d0%be-v.html HTTP/1.1" 404 31336 "-" "Mozilla/5.0 (X11; CrOS x86_64 14541.0.0) AppleWebKit/537.36 (KHTML, like Gecko) Chrome/121.0.0.0 Safari/537.3"
185.13.96.91 - - [30/Jan/2026:05:11:52 -0500] "GET /index.php/cock-tube/%d0%b2%d0%be%d0%b4%d0%ba%d0%b0-%d0%ba%d0%b0%d0%b7%d0%b8%d0%bd%d0%be-%d0%bd%d0%be%d0%b2%d1%8b%d0%b9-%d0%b2%d0%b7%d0%b3%d0%bb%d1%8f%d0%b4-%d0%bd%d0%b0-%d0%b8%d0%b3%d1%80%d0%be%d0%b2%d0%be%d0%b9-%d0%bf.html HTTP/1.1" 404 31336 "-" "Mozilla/5.0 (X11; CrOS x86_64 14541.0.0) AppleWebKit/537.36 (KHTML, like Gecko) Chrome/121.0.0.0 Safari/537.3"
74.206.190.81 - - [30/Jan/2026:05:15:31 -0500] "GET / HTTP/1.1" 200 47323 "-" "curl/7.29.0"
74.206.190.81 - - [30/Jan/2026:05:20:37 -0500] "GET / HTTP/1.1" 200 47323 "-" "curl/7.29.0"
74.206.190.81 - - [30/Jan/2026:05:25:28 -0500] "GET / HTTP/1.1" 200 47323 "-" "curl/7.29.0"
74.206.190.81 - - [30/Jan/2026:05:30:32 -0500] "GET / HTTP/1.1" 200 47463 "-" "curl/7.29.0"
112.4.101.30 - - [30/Jan/2026:05:31:39 -0500] "GET / HTTP/1.1" 301 - "-" "curl/7.29.0"
106.75.14.169 - - [30/Jan/2026:05:35:20 -0500] "GET / HTTP/1.1" 301 - "-" "Mozilla/5.0 (Macintosh; Intel Mac OS X 8_1_1) AppleWebKit/535.36 (KHTML, like Gecko) Chrome/98.0.1567 Safari/537.36"
106.75.14.169 - - [30/Jan/2026:05:35:22 -0500] "GET /robots.txt HTTP/1.1" 200 29 "-" "Go-http-client/1.1"
74.206.190.81 - - [30/Jan/2026:05:35:30 -0500] "GET / HTTP/1.1" 200 47463 "-" "curl/7.29.0"
106.75.14.169 - - [30/Jan/2026:05:35:32 -0500] "GET / HTTP/1.1" 200 47463 "-" "Mozilla/5.0 (Macintosh; Intel Mac OS X 8_1) AppleWebKit/555.42 (KHTML, like Gecko) Chrome/54.0.2319 Safari/537.36"
141.94.194.132 - - [30/Jan/2026:05:35:49 -0500] "GET /index.php/cock-tube/big-dick-tube.html/feed HTTP/1.1" 200 822 "-" "Mozilla/5.0 (X11; Linux i686) AppleWebKit/537.36 (KHTML, like Gecko) Chrome/30.0.1599.66 Safari/537.36"
106.75.14.169 - - [30/Jan/2026:05:36:12 -0500] "GET /robots.txt HTTP/1.1" 200 29 "-" "Go-http-client/1.1"
74.206.190.81 - - [30/Jan/2026:05:40:42 -0500] "POST /wp-cron.php?doing_wp_cron=1769769642.3134651184082031250000 HTTP/1.1" 200 - "http://www.pricktube.com/wp-cron.php?doing_wp_cron=1769769642.3134651184082031250000" "WordPress/5.1.8; http://www.pricktube.com"
74.206.190.81 - - [30/Jan/2026:05:40:42 -0500] "GET / HTTP/1.1" 200 47463 "-" "curl/7.29.0"
74.206.190.81 - - [30/Jan/2026:05:45:34 -0500] "POST /wp-cron.php?doing_wp_cron=1769769934.6640539169311523437500 HTTP/1.1" 200 - "http://www.pricktube.com/wp-cron.php?doing_wp_cron=1769769934.6640539169311523437500" "WordPress/5.1.8; http://www.pricktube.com"
74.206.190.81 - - [30/Jan/2026:05:45:34 -0500] "GET / HTTP/1.1" 200 47463 "-" "curl/7.29.0"
114.119.128.46 - - [30/Jan/2026:05:47:00 -0500] "GET /index.php/latino-cocks/gay-cock-tube.html HTTP/1.1" 200 40650 "http://www.pricktube.com/index.php/latino-cocks/hard-gay-cock-3.html" "Mozilla/5.0 (Linux; Android 7.0;) AppleWebKit/537.36 (KHTML, like Gecko) Mobile Safari/537.36 (compatible; PetalBot;+https://webmaster.petalsearch.com/site/petalbot)"
74.206.190.81 - - [30/Jan/2026:05:50:28 -0500] "GET / HTTP/1.1" 200 47463 "-" "curl/7.29.0"
74.206.190.81 - - [30/Jan/2026:05:55:27 -0500] "GET / HTTP/1.1" 200 47463 "-" "curl/7.29.0"
74.206.190.81 - - [30/Jan/2026:06:00:39 -0500] "GET / HTTP/1.1" 200 47463 "-" "curl/7.29.0"
45.3.39.192 - - [30/Jan/2026:06:03:19 -0500] "GET /wp-login.php HTTP/1.1" 200 2956 "-" "Mozilla/5.0 (Macintosh; Intel Mac OS X 13_5) AppleWebKit/605.1.15 (KHTML, like Gecko) Version/17.5 Safari/605.1.15"
45.3.39.192 - - [30/Jan/2026:06:03:20 -0500] "POST /xmlrpc.php HTTP/1.1" 403 279 "-" "Mozilla/5.0 (Macintosh; Intel Mac OS X 13_5) AppleWebKit/605.1.15 (KHTML, like Gecko) Version/17.5 Safari/605.1.15"
104.207.52.182 - - [30/Jan/2026:06:03:21 -0500] "POST /xmlrpc.php HTTP/1.1" 403 279 "-" "Mozilla/5.0 (Windows NT 10.0; Win64; x64) AppleWebKit/537.36 (KHTML, like Gecko) Chrome/124.0.6367.207 Safari/537.36"
45.3.33.243 - - [30/Jan/2026:06:03:22 -0500] "POST /xmlrpc.php HTTP/1.1" 403 279 "-" "Mozilla/5.0 (Windows NT 10.0; Win64; x64; rv:127.0) Gecko/20100101 Firefox/127.0"
216.26.243.178 - - [30/Jan/2026:06:03:23 -0500] "POST /xmlrpc.php HTTP/1.1" 403 279 "-" "Mozilla/5.0 (Windows NT 10.0; Win64; x64) AppleWebKit/537.36 (KHTML, like Gecko) Chrome/124.0.6367.207 Safari/537.36"
104.207.44.126 - - [30/Jan/2026:06:03:25 -0500] "POST /xmlrpc.php HTTP/1.1" 403 279 "-" "Mozilla/5.0 (Macintosh; Intel Mac OS X 13_5) AppleWebKit/605.1.15 (KHTML, like Gecko) Version/17.5 Safari/605.1.15"
104.207.33.19 - - [30/Jan/2026:06:03:26 -0500] "POST /xmlrpc.php HTTP/1.1" 403 279 "-" "Mozilla/5.0 (Windows NT 10.0; Win64; x64; rv:127.0) Gecko/20100101 Firefox/127.0"
104.207.57.44 - - [30/Jan/2026:06:03:28 -0500] "POST /xmlrpc.php HTTP/1.1" 403 279 "-" "Mozilla/5.0 (Windows NT 10.0; Win64; x64; rv:127.0) Gecko/20100101 Firefox/127.0"
45.3.35.238 - - [30/Jan/2026:06:03:29 -0500] "POST /xmlrpc.php HTTP/1.1" 403 279 "-" "Mozilla/5.0 (Windows NT 10.0; Win64; x64) AppleWebKit/537.36 (KHTML, like Gecko) Chrome/124.0.6367.207 Safari/537.36"
216.26.241.87 - - [30/Jan/2026:06:03:31 -0500] "POST /xmlrpc.php HTTP/1.1" 403 279 "-" "Mozilla/5.0 (Macintosh; Intel Mac OS X 13_5) AppleWebKit/605.1.15 (KHTML, like Gecko) Version/17.5 Safari/605.1.15"
104.207.54.26 - - [30/Jan/2026:06:03:32 -0500] "POST /xmlrpc.php HTTP/1.1" 403 279 "-" "Mozilla/5.0 (Windows NT 10.0; Win64; x64; rv:127.0) Gecko/20100101 Firefox/127.0"
104.207.62.172 - - [30/Jan/2026:06:03:35 -0500] "POST /xmlrpc.php HTTP/1.1" 403 279 "-" "Mozilla/5.0 (Windows NT 10.0; Win64; x64) AppleWebKit/537.36 (KHTML, like Gecko) Chrome/124.0.6367.207 Safari/537.36"
45.3.39.192 - - [30/Jan/2026:06:03:37 -0500] "GET /wp-login.php HTTP/1.1" 200 2956 "-" "Mozilla/5.0 (Windows NT 10.0; Win64; x64) AppleWebKit/537.36 (KHTML, like Gecko) Chrome/124.0.6367.207 Safari/537.36"
45.3.39.192 - - [30/Jan/2026:06:03:38 -0500] "POST /wp-login.php HTTP/1.1" 302 - "http://www.pricktube.com/wp-login.php" "Mozilla/5.0 (Windows NT 10.0; Win64; x64) AppleWebKit/537.36 (KHTML, like Gecko) Chrome/124.0.6367.207 Safari/537.36"
45.3.39.192 - - [30/Jan/2026:06:03:39 -0500] "GET /wp-admin/ HTTP/1.1" 200 72303 "http://www.pricktube.com/wp-login.php" "Mozilla/5.0 (Windows NT 10.0; Win64; x64) AppleWebKit/537.36 (KHTML, like Gecko) Chrome/124.0.6367.207 Safari/537.36"
45.3.39.192 - - [30/Jan/2026:06:03:42 -0500] "GET /wp-admin/admin-ajax.php?action=rest-nonce HTTP/1.1" 400 1 "-" "Mozilla/5.0 (Windows NT 10.0; Win64; x64) AppleWebKit/537.36 (KHTML, like Gecko) Chrome/124.0.6367.207 Safari/537.36"
45.3.39.192 - - [30/Jan/2026:06:03:43 -0500] "GET /wp-admin/admin-ajax.php?action=rest-nonce HTTP/1.1" 400 1 "-" "Mozilla/5.0 (Windows NT 10.0; Win64; x64) AppleWebKit/537.36 (KHTML, like Gecko) Chrome/124.0.6367.207 Safari/537.36"
45.3.39.192 - - [30/Jan/2026:06:03:44 -0500] "GET /wp-admin/admin-ajax.php?action=rest-nonce HTTP/1.1" 400 1 "-" "Mozilla/5.0 (Windows NT 10.0; Win64; x64) AppleWebKit/537.36 (KHTML, like Gecko) Chrome/124.0.6367.207 Safari/537.36"
45.3.39.192 - - [30/Jan/2026:06:03:45 -0500] "GET /wp-admin/admin-ajax.php?action=rest-nonce HTTP/1.1" 400 1 "-" "Mozilla/5.0 (Windows NT 10.0; Win64; x64) AppleWebKit/537.36 (KHTML, like Gecko) Chrome/124.0.6367.207 Safari/537.36"
45.3.39.192 - - [30/Jan/2026:06:03:46 -0500] "GET /wp-admin/admin-ajax.php?action=rest-nonce HTTP/1.1" 400 1 "-" "Mozilla/5.0 (Windows NT 10.0; Win64; x64) AppleWebKit/537.36 (KHTML, like Gecko) Chrome/124.0.6367.207 Safari/537.36"
45.3.39.192 - - [30/Jan/2026:06:03:47 -0500] "GET /wp-json/wp/v2/users/me HTTP/1.1" 404 287 "-" "Mozilla/5.0 (Windows NT 10.0; Win64; x64) AppleWebKit/537.36 (KHTML, like Gecko) Chrome/124.0.6367.207 Safari/537.36"
45.3.39.192 - - [30/Jan/2026:06:03:48 -0500] "GET /wp-json/wp/v2/users/me HTTP/1.1" 404 287 "-" "Mozilla/5.0 (Windows NT 10.0; Win64; x64) AppleWebKit/537.36 (KHTML, like Gecko) Chrome/124.0.6367.207 Safari/537.36"
45.3.39.192 - - [30/Jan/2026:06:03:49 -0500] "GET /wp-json/wp/v2/users/me HTTP/1.1" 404 287 "-" "Mozilla/5.0 (Windows NT 10.0; Win64; x64) AppleWebKit/537.36 (KHTML, like Gecko) Chrome/124.0.6367.207 Safari/537.36"
45.3.39.192 - - [30/Jan/2026:06:03:49 -0500] "GET /wp-json/wp/v2/users/me HTTP/1.1" 404 287 "-" "Mozilla/5.0 (Windows NT 10.0; Win64; x64) AppleWebKit/537.36 (KHTML, like Gecko) Chrome/124.0.6367.207 Safari/537.36"
45.3.39.192 - - [30/Jan/2026:06:03:50 -0500] "GET /wp-json/wp/v2/users/me HTTP/1.1" 404 287 "-" "Mozilla/5.0 (Windows NT 10.0; Win64; x64) AppleWebKit/537.36 (KHTML, like Gecko) Chrome/124.0.6367.207 Safari/537.36"
45.3.39.192 - - [30/Jan/2026:06:03:51 -0500] "GET /wp-admin/theme-editor.php HTTP/1.1" 200 43965 "-" "Mozilla/5.0 (Windows NT 10.0; Win64; x64) AppleWebKit/537.36 (KHTML, like Gecko) Chrome/124.0.6367.207 Safari/537.36"
45.3.39.192 - - [30/Jan/2026:06:03:53 -0500] "GET /wp-admin/plugin-editor.php HTTP/1.1" 200 37791 "-" "Mozilla/5.0 (Windows NT 10.0; Win64; x64) AppleWebKit/537.36 (KHTML, like Gecko) Chrome/124.0.6367.207 Safari/537.36"
45.3.39.192 - - [30/Jan/2026:06:03:54 -0500] "GET /wp-admin/theme-install.php HTTP/1.1" 200 42840 "-" "Mozilla/5.0 (Windows NT 10.0; Win64; x64) AppleWebKit/537.36 (KHTML, like Gecko) Chrome/124.0.6367.207 Safari/537.36"
45.3.39.192 - - [30/Jan/2026:06:03:55 -0500] "GET /wp-admin/plugin-install.php HTTP/1.1" 200 80248 "-" "Mozilla/5.0 (Windows NT 10.0; Win64; x64) AppleWebKit/537.36 (KHTML, like Gecko) Chrome/124.0.6367.207 Safari/537.36"
45.3.39.192 - - [30/Jan/2026:06:03:57 -0500] "POST /wp-admin/update.php?action=upload-plugin HTTP/1.1" 500 2798 "http://www.pricktube.com/wp-admin/update.php?action=upload-plugin" "Mozilla/5.0 (Windows NT 10.0; Win64; x64) AppleWebKit/537.36 (KHTML, like Gecko) Chrome/124.0.6367.207 Safari/537.36"
45.3.39.192 - - [30/Jan/2026:06:03:59 -0500] "GET /wp-admin/plugins.php?plugin_status=all HTTP/1.1" 200 59126 "-" "Mozilla/5.0 (Windows NT 10.0; Win64; x64) AppleWebKit/537.36 (KHTML, like Gecko) Chrome/124.0.6367.207 Safari/537.36"
45.3.39.192 - - [30/Jan/2026:06:04:01 -0500] "GET /wp-admin/plugins.php?plugin_status=all HTTP/1.1" 200 59126 "-" "Mozilla/5.0 (Windows NT 10.0; Win64; x64) AppleWebKit/537.36 (KHTML, like Gecko) Chrome/124.0.6367.207 Safari/537.36"
45.3.39.192 - - [30/Jan/2026:06:04:02 -0500] "GET /wp-admin/plugins.php?plugin_status=all HTTP/1.1" 200 59126 "-" "Mozilla/5.0 (Windows NT 10.0; Win64; x64) AppleWebKit/537.36 (KHTML, like Gecko) Chrome/124.0.6367.207 Safari/537.36"
45.3.39.192 - - [30/Jan/2026:06:04:04 -0500] "GET /wp-admin/plugins.php?plugin_status=all HTTP/1.1" 200 59126 "-" "Mozilla/5.0 (Windows NT 10.0; Win64; x64) AppleWebKit/537.36 (KHTML, like Gecko) Chrome/124.0.6367.207 Safari/537.36"
45.3.39.192 - - [30/Jan/2026:06:04:05 -0500] "GET /wp-admin/plugins.php?plugin_status=all HTTP/1.1" 200 59126 "-" "Mozilla/5.0 (Windows NT 10.0; Win64; x64) AppleWebKit/537.36 (KHTML, like Gecko) Chrome/124.0.6367.207 Safari/537.36"
45.3.39.192 - - [30/Jan/2026:06:04:08 -0500] "GET /wp-admin/plugins.php HTTP/1.1" 200 59068 "-" "Mozilla/5.0 (Windows NT 10.0; Win64; x64) AppleWebKit/537.36 (KHTML, like Gecko) Chrome/124.0.6367.207 Safari/537.36"
154.47.20.216 - - [30/Jan/2026:06:04:39 -0500] "GET / HTTP/1.1" 200 47463 "-" "Mozilla/5.0 (Windows; U; Windows NT 6.1; en-US; rv:1.9.1.5) Gecko/20091102 Firefox/3.5.5 (.NET CLR 3.5.30729)"
74.206.190.81 - - [30/Jan/2026:06:05:31 -0500] "GET / HTTP/1.1" 200 47463 "-" "curl/7.29.0"
74.206.190.81 - - [30/Jan/2026:06:10:30 -0500] "GET / HTTP/1.1" 200 47515 "-" "curl/7.29.0"
113.52.133.204 - - [30/Jan/2026:06:10:39 -0500] "GET /a.asp HTTP/1.1" 404 266 "-" "Mozilla/5.0 (Windows NT 10.0; WOW64; rv:48.0) Gecko/20100101 Firefox/48.0"
74.206.190.81 - - [30/Jan/2026:06:15:33 -0500] "GET / HTTP/1.1" 200 47515 "-" "curl/7.29.0"
74.206.190.81 - - [30/Jan/2026:06:20:45 -0500] "GET / HTTP/1.1" 200 47515 "-" "curl/7.29.0"
74.206.190.81 - - [30/Jan/2026:06:25:34 -0500] "GET / HTTP/1.1" 200 47515 "-" "curl/7.29.0"
74.206.190.81 - - [30/Jan/2026:06:30:29 -0500] "GET / HTTP/1.1" 200 47203 "-" "curl/7.29.0"
74.206.190.81 - - [30/Jan/2026:06:35:31 -0500] "GET / HTTP/1.1" 200 47203 "-" "curl/7.29.0"
141.94.194.132 - - [30/Jan/2026:06:39:04 -0500] "GET /index.php/cock-tube/monster-cock-tube.html/feed HTTP/1.1" 200 834 "-" "Mozilla/5.0 (X11; Linux i686) AppleWebKit/537.36 (KHTML, like Gecko) Chrome/30.0.1599.66 Safari/537.36"
74.206.190.81 - - [30/Jan/2026:06:40:38 -0500] "POST /wp-cron.php?doing_wp_cron=1769773238.4974150657653808593750 HTTP/1.1" 200 - "http://www.pricktube.com/wp-cron.php?doing_wp_cron=1769773238.4974150657653808593750" "WordPress/5.1.8; http://www.pricktube.com"
74.206.190.81 - - [30/Jan/2026:06:40:38 -0500] "GET / HTTP/1.1" 200 47203 "-" "curl/7.29.0"
141.94.194.132 - - [30/Jan/2026:06:41:16 -0500] "GET /index.php/category/cock-tube/feed HTTP/1.1" 200 90345 "-" "Mozilla/5.0 (X11; Linux i686) AppleWebKit/537.36 (KHTML, like Gecko) Chrome/30.0.1599.66 Safari/537.36"
74.206.190.81 - - [30/Jan/2026:06:42:01 -0500] "POST /wp-cron.php?doing_wp_cron=1769773321.4222419261932373046875 HTTP/1.1" 200 - "http://www.pricktube.com/wp-cron.php?doing_wp_cron=1769773321.4222419261932373046875" "WordPress/5.1.8; http://www.pricktube.com"
141.94.194.132 - - [30/Jan/2026:06:42:01 -0500] "GET /index.php/latino-cocks/gay-xxx-tube.html/feed HTTP/1.1" 200 1775 "-" "Mozilla/5.0 (X11; Linux i686) AppleWebKit/537.36 (KHTML, like Gecko) Chrome/30.0.1599.66 Safari/537.36"
74.206.190.81 - - [30/Jan/2026:06:45:30 -0500] "GET / HTTP/1.1" 200 47519 "-" "curl/7.29.0"
141.94.194.132 - - [30/Jan/2026:06:46:13 -0500] "GET /index.php/cock-tube/sucking-cock.html/feed HTTP/1.1" 200 1323 "-" "Mozilla/5.0 (X11; Linux i686) AppleWebKit/537.36 (KHTML, like Gecko) Chrome/30.0.1599.66 Safari/537.36"
74.206.190.81 - - [30/Jan/2026:06:50:30 -0500] "GET / HTTP/1.1" 200 47995 "-" "curl/7.29.0"
141.94.194.132 - - [30/Jan/2026:06:51:33 -0500] "GET /index.php/cock-tube/gay-dick.html/feed HTTP/1.1" 200 2047 "-" "Mozilla/5.0 (X11; Linux i686) AppleWebKit/537.36 (KHTML, like Gecko) Chrome/30.0.1599.66 Safari/537.36"
74.206.190.81 - - [30/Jan/2026:06:55:28 -0500] "GET / HTTP/1.1" 200 47995 "-" "curl/7.29.0"
114.119.128.37 - - [30/Jan/2026:06:57:41 -0500] "GET /index.php/cock-tube/raw-dick-sex.html HTTP/1.1" 200 46646 "http://www.pricktube.com/index.php/category/cock-tube/page/5" "Mozilla/5.0 (Linux; Android 7.0;) AppleWebKit/537.36 (KHTML, like Gecko) Mobile Safari/537.36 (compatible; PetalBot;+https://webmaster.petalsearch.com/site/petalbot)"
220.181.51.116 - - [30/Jan/2026:06:59:15 -0500] "GET / HTTP/1.1" 301 - "-" "Mozilla/5.0 (Windows NT 10.0; WOW64) AppleWebKit/537.36 (KHTML, like Gecko) Chrome/48.0.2564.116 Safari/537.36"
74.206.190.81 - - [30/Jan/2026:07:00:36 -0500] "GET / HTTP/1.1" 200 48002 "-" "curl/7.29.0"
74.206.190.81 - - [30/Jan/2026:07:05:31 -0500] "GET / HTTP/1.1" 200 48002 "-" "curl/7.29.0"
191.99.12.57 - - [30/Jan/2026:07:05:32 -0500] "GET / HTTP/1.1" 200 48002 "-" "Mozilla/5.0 (Windows NT 10.0; Win64; x64) AppleWebKit/537.36 (KHTML, like Gecko) Chrome/120.0.0.0 Safari/537.36"
178.159.211.11 - - [30/Jan/2026:07:05:35 -0500] "GET /wp-login.php HTTP/1.1" 200 2956 "-" "Mozilla/5.0 (Windows NT 10.0; Win64; x64) AppleWebKit/537.36 (KHTML, like Gecko) Chrome/120.0.0.0 Safari/537.36"
178.159.211.11 - - [30/Jan/2026:07:05:36 -0500] "POST /wp-login.php HTTP/1.1" 302 - "http://www.pricktube.com/wp-login.php" "Mozilla/5.0 (Windows NT 10.0; Win64; x64) AppleWebKit/537.36 (KHTML, like Gecko) Chrome/120.0.0.0 Safari/537.36"
178.159.211.11 - - [30/Jan/2026:07:05:37 -0500] "GET /wp-admin/ HTTP/1.1" 200 72303 "http://www.pricktube.com/wp-login.php" "Mozilla/5.0 (Windows NT 10.0; Win64; x64) AppleWebKit/537.36 (KHTML, like Gecko) Chrome/120.0.0.0 Safari/537.36"
88.174.153.240 - - [30/Jan/2026:07:05:38 -0500] "POST /xmlrpc.php HTTP/1.1" 403 279 "-" "WordPress/5.0; http://www.pricktube.com"
88.174.153.240 - - [30/Jan/2026:07:05:39 -0500] "GET /wp-admin/admin-ajax.php?action=rest-nonce HTTP/1.1" 400 1 "-" "Mozilla/5.0 (Windows NT 10.0; Win64; x64) AppleWebKit/537.36 (KHTML, like Gecko) Chrome/120.0.0.0 Safari/537.36"
88.174.153.240 - - [30/Jan/2026:07:05:40 -0500] "GET /wp-admin/ HTTP/1.1" 200 72303 "-" "Mozilla/5.0 (Windows NT 10.0; Win64; x64) AppleWebKit/537.36 (KHTML, like Gecko) Chrome/120.0.0.0 Safari/537.36"
74.206.190.81 - - [30/Jan/2026:07:10:31 -0500] "GET / HTTP/1.1" 200 48064 "-" "curl/7.29.0"
74.206.190.81 - - [30/Jan/2026:07:15:30 -0500] "GET / HTTP/1.1" 200 48064 "-" "curl/7.29.0"
74.206.190.81 - - [30/Jan/2026:07:20:41 -0500] "GET / HTTP/1.1" 200 48064 "-" "curl/7.29.0"
74.206.190.81 - - [30/Jan/2026:07:25:28 -0500] "GET / HTTP/1.1" 200 48064 "-" "curl/7.29.0"
207.246.81.54 - - [30/Jan/2026:07:28:06 -0500] "GET /wp-content/plugins/fix/up.php HTTP/1.1" 404 294 "-" "Mozilla/5.0 (Windows NT 10.0; Win64; x64) AppleWebKit/537.36 (KHTML, like Gecko) Chrome/87.0.4280.141 Safari/537.36"
103.203.48.122 - - [30/Jan/2026:07:28:15 -0500] "GET /index/ajax/lang?lang=..//..//application/database HTTP/1.1" 404 276 "-" "Mozilla/5.0 (Windows NT 10.0; WOW64; rv:48.0) Gecko/20100101 Firefox/48.0"
207.246.81.54 - - [30/Jan/2026:07:29:28 -0500] "GET /dup-installer/main.installer.php HTTP/1.1" 404 297 "-" "Mozilla/5.0 (Windows NT 10.0; Win64; x64) AppleWebKit/537.36 (KHTML, like Gecko) Chrome/87.0.4280.141 Safari/537.36"
74.206.190.81 - - [30/Jan/2026:07:30:28 -0500] "GET / HTTP/1.1" 200 48064 "-" "curl/7.29.0"
207.246.81.54 - - [30/Jan/2026:07:31:52 -0500] "GET /wp-content/themes/seotheme/db.php?u HTTP/1.1" 404 298 "-" "Mozilla/5.0 (Windows NT 10.0; Win64; x64) AppleWebKit/537.36 (KHTML, like Gecko) Chrome/87.0.4280.141 Safari/537.36"
74.206.190.81 - - [30/Jan/2026:07:35:28 -0500] "GET / HTTP/1.1" 200 48064 "-" "curl/7.29.0"
74.206.190.81 - - [30/Jan/2026:07:40:42 -0500] "POST /wp-cron.php?doing_wp_cron=1769776842.8540720939636230468750 HTTP/1.1" 200 - "http://www.pricktube.com/wp-cron.php?doing_wp_cron=1769776842.8540720939636230468750" "WordPress/5.1.8; http://www.pricktube.com"
74.206.190.81 - - [30/Jan/2026:07:40:42 -0500] "GET / HTTP/1.1" 200 48064 "-" "curl/7.29.0"
74.206.190.81 - - [30/Jan/2026:07:43:23 -0500] "POST /wp-cron.php?doing_wp_cron=1769777003.5479679107666015625000 HTTP/1.1" 200 - "http://www.pricktube.com/wp-cron.php?doing_wp_cron=1769777003.5479679107666015625000" "WordPress/5.1.8; http://www.pricktube.com"
114.119.136.99 - - [30/Jan/2026:07:43:23 -0500] "GET /index.php/cock-tube/hard-cock-tube-2.html HTTP/1.1" 200 46750 "http://www.pricktube.com/index.php/category/cock-tube/page/4" "Mozilla/5.0 (Linux; Android 7.0;) AppleWebKit/537.36 (KHTML, like Gecko) Mobile Safari/537.36 (compatible; PetalBot;+https://webmaster.petalsearch.com/site/petalbot)"
141.94.194.132 - - [30/Jan/2026:07:43:27 -0500] "GET /index.php/tag/cock/feed HTTP/1.1" 200 3747 "-" "Mozilla/5.0 (X11; Linux i686) AppleWebKit/537.36 (KHTML, like Gecko) Chrome/30.0.1599.66 Safari/537.36"
116.171.106.78 - - [30/Jan/2026:07:44:19 -0500] "GET /wp-json/wp/v2/posts HTTP/1.1" 404 280 "-" "Mozilla/5.0 (Windows NT 10.0; Win64; x64) AppleWebKit/537.36 (KHTML, like Gecko) Chrome/120.0.0.0 Safari/537.36"
101.198.0.170 - - [30/Jan/2026:07:45:10 -0500] "GET / HTTP/1.1" 200 48064 "-" "Mozilla/5.0 (Macintosh; Intel Mac OS X 10_15_7) AppleWebKit/537.36 (KHTML, like Gecko) Chrome/120.0.0.0 Safari/537.36 Edg/120.0.0.0"
101.198.0.134 - - [30/Jan/2026:07:45:22 -0500] "GET /robots.txt HTTP/1.1" 200 29 "-" "Mozilla/5.0 (Macintosh; Intel Mac OS X 10_7_0) AppleWebKit/535.11 (KHTML, like Gecko) Chrome/17.0.963.56 Safari/535.11"
101.198.0.151 - - [30/Jan/2026:07:45:23 -0500] "GET /config.json HTTP/1.1" 404 276 "-" "Mozilla/5.0 (Macintosh; Intel Mac OS X 10_7_0) AppleWebKit/535.11 (KHTML, like Gecko) Chrome/17.0.963.56 Safari/535.11"
101.198.0.134 - - [30/Jan/2026:07:45:28 -0500] "GET /wp-content/themes/tubetheme-2017-v3-gay-filled/readme.txt HTTP/1.1" 404 322 "-" "Mozilla/5.0 (Windows 98) AppleWebKit/533.0 (KHTML, like Gecko) Chrome/19.0.833.0 Safari/533.0"
74.206.190.81 - - [30/Jan/2026:07:45:31 -0500] "GET / HTTP/1.1" 200 48064 "-" "curl/7.29.0"
74.206.190.81 - - [30/Jan/2026:07:50:29 -0500] "GET / HTTP/1.1" 200 48064 "-" "curl/7.29.0"
113.52.133.204 - - [30/Jan/2026:07:53:45 -0500] "GET /a.asp HTTP/1.1" 404 270 "-" "Mozilla/5.0 (Windows NT 10.0; WOW64; rv:48.0) Gecko/20100101 Firefox/48.0"
74.206.190.81 - - [30/Jan/2026:07:55:29 -0500] "GET / HTTP/1.1" 200 48064 "-" "curl/7.29.0"
74.206.190.81 - - [30/Jan/2026:08:00:42 -0500] "GET / HTTP/1.1" 200 48064 "-" "curl/7.29.0"
74.206.190.81 - - [30/Jan/2026:08:05:29 -0500] "GET / HTTP/1.1" 200 48064 "-" "curl/7.29.0"
114.119.141.18 - - [30/Jan/2026:08:07:02 -0500] "GET /index.php/cock-tube/gay-dick-tube.html HTTP/1.1" 200 46947 "http://www.pricktube.com/index.php/tag/raw-papi" "Mozilla/5.0 (Linux; Android 7.0;) AppleWebKit/537.36 (KHTML, like Gecko) Mobile Safari/537.36 (compatible; PetalBot;+https://webmaster.petalsearch.com/site/petalbot)"
114.119.141.194 - - [30/Jan/2026:08:10:22 -0500] "GET /index.php/cock-tube/cock-tube.html HTTP/1.1" 200 46930 "http://www.pricktube.com/index.php/cock-tube/cock-tube.html" "Mozilla/5.0 (Linux; Android 7.0;) AppleWebKit/537.36 (KHTML, like Gecko) Mobile Safari/537.36 (compatible; PetalBot;+https://webmaster.petalsearch.com/site/petalbot)"
74.206.190.81 - - [30/Jan/2026:08:10:29 -0500] "GET / HTTP/1.1" 200 48139 "-" "curl/7.29.0"
141.94.194.132 - - [30/Jan/2026:08:12:56 -0500] "GET /index.php/cock-tube/42.html/feed HTTP/1.1" 200 1303 "-" "Mozilla/5.0 (X11; Linux i686) AppleWebKit/537.36 (KHTML, like Gecko) Chrome/30.0.1599.66 Safari/537.36"
43.155.157.239 - - [30/Jan/2026:08:14:33 -0500] "GET / HTTP/1.1" 301 - "-" "Mozilla/5.0 (iPhone; CPU iPhone OS 13_2_3 like Mac OS X) AppleWebKit/605.1.15 (KHTML, like Gecko) Version/13.0.3 Mobile/15E148 Safari/604.1"
43.155.157.239 - - [30/Jan/2026:08:14:34 -0500] "GET / HTTP/1.1" 200 48333 "http://pricktube.com" "Mozilla/5.0 (iPhone; CPU iPhone OS 13_2_3 like Mac OS X) AppleWebKit/605.1.15 (KHTML, like Gecko) Version/13.0.3 Mobile/15E148 Safari/604.1"
74.206.190.81 - - [30/Jan/2026:08:15:30 -0500] "GET / HTTP/1.1" 200 48333 "-" "curl/7.29.0"
74.206.190.81 - - [30/Jan/2026:08:20:49 -0500] "GET / HTTP/1.1" 200 48333 "-" "curl/7.29.0"
112.121.183.166 - - [30/Jan/2026:08:21:48 -0500] "GET /login.php?s=Admin/login HTTP/1.1" 404 270 "-" "Mozilla/5.0 (Windows NT 10.0; WOW64; rv:48.0) Gecko/20100101 Firefox/48.0"
112.121.183.166 - - [30/Jan/2026:08:21:48 -0500] "GET /xxxss HTTP/1.1" 404 266 "-" "Mozilla/5.0 (Windows NT 10.0; WOW64; rv:48.0) Gecko/20100101 Firefox/48.0"
49.51.72.236 - - [30/Jan/2026:08:24:47 -0500] "GET / HTTP/1.1" 200 48333 "-" "Mozilla/5.0 (iPhone; CPU iPhone OS 13_2_3 like Mac OS X) AppleWebKit/605.1.15 (KHTML, like Gecko) Version/13.0.3 Mobile/15E148 Safari/604.1"
74.206.190.81 - - [30/Jan/2026:08:25:29 -0500] "GET / HTTP/1.1" 200 48333 "-" "curl/7.29.0"
74.206.190.81 - - [30/Jan/2026:08:30:29 -0500] "GET / HTTP/1.1" 200 48333 "-" "curl/7.29.0"
74.206.190.81 - - [30/Jan/2026:08:35:31 -0500] "GET / HTTP/1.1" 200 48333 "-" "curl/7.29.0"
74.206.190.81 - - [30/Jan/2026:08:40:38 -0500] "POST /wp-cron.php?doing_wp_cron=1769780438.8100409507751464843750 HTTP/1.1" 200 - "http://www.pricktube.com/wp-cron.php?doing_wp_cron=1769780438.8100409507751464843750" "WordPress/5.1.8; http://www.pricktube.com"
74.206.190.81 - - [30/Jan/2026:08:40:38 -0500] "GET / HTTP/1.1" 200 48333 "-" "curl/7.29.0"
74.206.190.81 - - [30/Jan/2026:08:45:32 -0500] "POST /wp-cron.php?doing_wp_cron=1769780732.2561519145965576171875 HTTP/1.1" 200 - "http://www.pricktube.com/wp-cron.php?doing_wp_cron=1769780732.2561519145965576171875" "WordPress/5.1.8; http://www.pricktube.com"
74.206.190.81 - - [30/Jan/2026:08:45:32 -0500] "GET / HTTP/1.1" 200 48333 "-" "curl/7.29.0"
74.206.190.81 - - [30/Jan/2026:08:50:36 -0500] "GET / HTTP/1.1" 200 48333 "-" "curl/7.29.0"
74.206.190.81 - - [30/Jan/2026:08:55:29 -0500] "GET / HTTP/1.1" 200 48333 "-" "curl/7.29.0"
74.206.190.81 - - [30/Jan/2026:09:00:43 -0500] "GET / HTTP/1.1" 200 48333 "-" "curl/7.29.0"
74.206.190.81 - - [30/Jan/2026:09:05:32 -0500] "GET / HTTP/1.1" 200 48333 "-" "curl/7.29.0"
74.206.190.81 - - [30/Jan/2026:09:10:33 -0500] "GET / HTTP/1.1" 200 48333 "-" "curl/7.29.0"
173.244.42.156 - - [30/Jan/2026:09:12:33 -0500] "GET / HTTP/1.1" 200 48333 "-" "Mozilla/5.0 (Windows; U; Windows NT 6.1; en-US; rv:1.9.1.5) Gecko/20091102 Firefox/3.5.5 (.NET CLR 3.5.30729)"
74.206.190.81 - - [30/Jan/2026:09:15:31 -0500] "GET / HTTP/1.1" 200 48333 "-" "curl/7.29.0"
95.85.238.51 - - [30/Jan/2026:09:16:22 -0500] "GET /wp-login.php HTTP/1.1" 200 2956 "-" "Mozilla/5.0 (Macintosh; Intel Mac OS X 10.9; rv:30.0) Gecko/20100101 Firefox/30.0"
95.85.238.51 - - [30/Jan/2026:09:16:23 -0500] "POST /wp-login.php HTTP/1.1" 200 3944 "-" "Mozilla/5.0 (Macintosh; Intel Mac OS X 10.9; rv:30.0) Gecko/20100101 Firefox/30.0"
177.130.20.186 - - [30/Jan/2026:09:16:52 -0500] "GET / HTTP/1.1" 200 48333 "-" "Mozilla/5.0 (Windows NT 10.0; Win64; x64) AppleWebKit/537.36 (KHTML, like Gecko) Chrome/120.0.0.0 Safari/537.36"
45.133.172.229 - - [30/Jan/2026:09:16:57 -0500] "GET /wp-login.php HTTP/1.1" 200 2956 "-" "Mozilla/5.0 (Windows NT 10.0; Win64; x64) AppleWebKit/537.36 (KHTML, like Gecko) Chrome/120.0.0.0 Safari/537.36"
45.133.172.229 - - [30/Jan/2026:09:16:59 -0500] "POST /wp-login.php HTTP/1.1" 302 - "http://www.pricktube.com/wp-login.php" "Mozilla/5.0 (Windows NT 10.0; Win64; x64) AppleWebKit/537.36 (KHTML, like Gecko) Chrome/120.0.0.0 Safari/537.36"
45.133.172.229 - - [30/Jan/2026:09:17:00 -0500] "GET /wp-admin/ HTTP/1.1" 200 72303 "http://www.pricktube.com/wp-login.php" "Mozilla/5.0 (Windows NT 10.0; Win64; x64) AppleWebKit/537.36 (KHTML, like Gecko) Chrome/120.0.0.0 Safari/537.36"
181.214.173.181 - - [30/Jan/2026:09:17:06 -0500] "POST /xmlrpc.php HTTP/1.1" 403 279 "-" "WordPress/5.0; http://www.pricktube.com"
181.214.173.181 - - [30/Jan/2026:09:17:06 -0500] "GET /wp-admin/admin-ajax.php?action=rest-nonce HTTP/1.1" 400 1 "-" "Mozilla/5.0 (Windows NT 10.0; Win64; x64) AppleWebKit/537.36 (KHTML, like Gecko) Chrome/120.0.0.0 Safari/537.36"
181.214.173.181 - - [30/Jan/2026:09:17:08 -0500] "GET /wp-admin/ HTTP/1.1" 200 72303 "-" "Mozilla/5.0 (Windows NT 10.0; Win64; x64) AppleWebKit/537.36 (KHTML, like Gecko) Chrome/120.0.0.0 Safari/537.36"
74.206.190.81 - - [30/Jan/2026:09:20:37 -0500] "GET / HTTP/1.1" 200 48333 "-" "curl/7.29.0"
74.206.190.81 - - [30/Jan/2026:09:25:30 -0500] "GET / HTTP/1.1" 200 48333 "-" "curl/7.29.0"
74.206.190.81 - - [30/Jan/2026:09:30:28 -0500] "GET / HTTP/1.1" 200 48333 "-" "curl/7.29.0"
114.119.134.231 - - [30/Jan/2026:09:34:35 -0500] "GET /index.php/cock-tube/casibom.hizlierisimadres.cc HTTP/1.1" 404 32346 "http://www.pricktube.com/index.php/cock-tube/thick-dick-tube.html" "Mozilla/5.0 (Linux; Android 7.0;) AppleWebKit/537.36 (KHTML, like Gecko) Mobile Safari/537.36 (compatible; PetalBot;+https://webmaster.petalsearch.com/site/petalbot)"
74.206.190.81 - - [30/Jan/2026:09:35:30 -0500] "GET / HTTP/1.1" 200 48333 "-" "curl/7.29.0"
74.206.190.81 - - [30/Jan/2026:09:38:14 -0500] "POST /wp-cron.php?doing_wp_cron=1769783894.3061909675598144531250 HTTP/1.1" 200 - "http://www.pricktube.com/wp-cron.php?doing_wp_cron=1769783894.3061909675598144531250" "WordPress/5.1.8; http://www.pricktube.com"
141.94.194.132 - - [30/Jan/2026:09:38:14 -0500] "GET /index.php/cock-tube/sucking-cock.html/feed HTTP/1.1" 200 1323 "-" "Mozilla/5.0 (X11; Linux i686) AppleWebKit/537.36 (KHTML, like Gecko) Chrome/30.0.1599.66 Safari/537.36"
74.206.190.81 - - [30/Jan/2026:09:40:43 -0500] "POST /wp-cron.php?doing_wp_cron=1769784043.2509429454803466796875 HTTP/1.1" 200 - "http://www.pricktube.com/wp-cron.php?doing_wp_cron=1769784043.2509429454803466796875" "WordPress/5.1.8; http://www.pricktube.com"
74.206.190.81 - - [30/Jan/2026:09:40:43 -0500] "GET / HTTP/1.1" 200 48333 "-" "curl/7.29.0"
74.206.190.81 - - [30/Jan/2026:09:45:30 -0500] "POST /wp-cron.php?doing_wp_cron=1769784330.5219891071319580078125 HTTP/1.1" 200 - "http://www.pricktube.com/wp-cron.php?doing_wp_cron=1769784330.5219891071319580078125" "WordPress/5.1.8; http://www.pricktube.com"
74.206.190.81 - - [30/Jan/2026:09:45:30 -0500] "GET / HTTP/1.1" 200 48333 "-" "curl/7.29.0"
141.94.194.132 - - [30/Jan/2026:09:48:18 -0500] "GET /index.php/tag/bareback-porn-gay/feed HTTP/1.1" 200 1891 "-" "Mozilla/5.0 (X11; Linux i686) AppleWebKit/537.36 (KHTML, like Gecko) Chrome/30.0.1599.66 Safari/537.36"
74.206.190.81 - - [30/Jan/2026:09:50:31 -0500] "GET / HTTP/1.1" 200 48333 "-" "curl/7.29.0"
101.42.46.71 - - [30/Jan/2026:09:54:41 -0500] "GET / HTTP/1.1" 301 - "-" "Mozilla/5.0 (iPhone; CPU iPhone OS 13_2_3 like Mac OS X) AppleWebKit/605.1.15 (KHTML, like Gecko) Version/13.0.3 Mobile/15E148 Safari/604.1"
101.42.46.71 - - [30/Jan/2026:09:54:44 -0500] "GET / HTTP/1.1" 200 48333 "http://pricktube.com" "Mozilla/5.0 (iPhone; CPU iPhone OS 13_2_3 like Mac OS X) AppleWebKit/605.1.15 (KHTML, like Gecko) Version/13.0.3 Mobile/15E148 Safari/604.1"
74.206.190.81 - - [30/Jan/2026:09:55:37 -0500] "GET / HTTP/1.1" 200 48333 "-" "curl/7.29.0"
74.7.241.176 - - [30/Jan/2026:09:58:01 -0500] "GET /robots.txt HTTP/1.1" 200 29 "-" "Mozilla/5.0 (Macintosh; Intel Mac OS X 10_15_7) AppleWebKit/537.36 (KHTML, like Gecko) Chrome/131.0.0.0 Safari/537.36; compatible; OAI-SearchBot/1.3; robots.txt; +https://openai.com/searchbot"
74.206.190.81 - - [30/Jan/2026:10:00:40 -0500] "GET / HTTP/1.1" 200 48333 "-" "curl/7.29.0"
103.217.190.151 - - [30/Jan/2026:10:05:08 -0500] "GET /index.php/admin/Login/index.html HTTP/1.1" 404 32410 "-" "Mozilla/5.0 (Windows NT 10.0; WOW64; rv:48.0) Gecko/20100101 Firefox/48.0"
74.206.190.81 - - [30/Jan/2026:10:05:34 -0500] "GET / HTTP/1.1" 200 48397 "-" "curl/7.29.0"
119.249.100.111 - - [30/Jan/2026:10:06:02 -0500] "GET / HTTP/1.1" 301 - "-" "Mozilla/5.0 (Windows NT 10.0; WOW64) AppleWebKit/537.36 (KHTML, like Gecko) Chrome/48.0.2564.116 Safari/537.36"
113.52.133.204 - - [30/Jan/2026:10:07:06 -0500] "GET /a.asp HTTP/1.1" 404 270 "-" "Mozilla/5.0 (Windows NT 10.0; WOW64; rv:48.0) Gecko/20100101 Firefox/48.0"
204.188.219.22 - - [30/Jan/2026:10:08:48 -0500] "GET / HTTP/1.1" 200 48397 "-" "Mozilla/5.0 (Linux; Android 11; CPH2185) AppleWebKit/537.36 (KHTML, like Gecko) Chrome/91.0.4472.101 Mobile Safari/537.36"
141.94.194.132 - - [30/Jan/2026:10:10:17 -0500] "GET /index.php/category/cock-tube/feed HTTP/1.1" 200 90345 "-" "Mozilla/5.0 (X11; Linux i686) AppleWebKit/537.36 (KHTML, like Gecko) Chrome/30.0.1599.66 Safari/537.36"
74.206.190.81 - - [30/Jan/2026:10:10:31 -0500] "GET / HTTP/1.1" 200 48397 "-" "curl/7.29.0"
158.158.35.58 - - [30/Jan/2026:10:13:38 -0500] "GET /wp-content/plugins/hellopress/wp_filemanager.php HTTP/1.1" 404 309 "-" "-"
158.158.35.58 - - [30/Jan/2026:10:13:38 -0500] "GET /thebe.php HTTP/1.1" 404 270 "-" "-"
158.158.35.58 - - [30/Jan/2026:10:13:39 -0500] "GET /ol.php HTTP/1.1" 404 267 "-" "-"
158.158.35.58 - - [30/Jan/2026:10:13:39 -0500] "GET /sanity.php HTTP/1.1" 404 271 "-" "-"
158.158.35.58 - - [30/Jan/2026:10:13:39 -0500] "GET /anj.php HTTP/1.1" 404 268 "-" "-"
158.158.35.58 - - [30/Jan/2026:10:13:39 -0500] "GET /baixy.php HTTP/1.1" 404 270 "-" "-"
158.158.35.58 - - [30/Jan/2026:10:13:39 -0500] "GET /ioxi.php HTTP/1.1" 404 269 "-" "-"
158.158.35.58 - - [30/Jan/2026:10:13:39 -0500] "GET /aboutc.php HTTP/1.1" 404 271 "-" "-"
158.158.35.58 - - [30/Jan/2026:10:13:39 -0500] "GET /8xyz.php HTTP/1.1" 404 269 "-" "-"
158.158.35.58 - - [30/Jan/2026:10:13:39 -0500] "GET /zmia.php HTTP/1.1" 404 269 "-" "-"
158.158.35.58 - - [30/Jan/2026:10:13:40 -0500] "GET /edorxrr.php HTTP/1.1" 404 272 "-" "-"
158.158.35.58 - - [30/Jan/2026:10:13:40 -0500] "GET /doko.php HTTP/1.1" 404 269 "-" "-"
158.158.35.58 - - [30/Jan/2026:10:13:40 -0500] "GET /sst.php HTTP/1.1" 404 268 "-" "-"
158.158.35.58 - - [30/Jan/2026:10:13:40 -0500] "GET /easy.php HTTP/1.1" 404 269 "-" "-"
158.158.35.58 - - [30/Jan/2026:10:13:40 -0500] "GET /wp-rss4.php HTTP/1.1" 404 272 "-" "-"
158.158.35.58 - - [30/Jan/2026:10:13:40 -0500] "GET /nlvbr.php HTTP/1.1" 404 270 "-" "-"
158.158.35.58 - - [30/Jan/2026:10:13:40 -0500] "GET /ah25.php HTTP/1.1" 404 269 "-" "-"
158.158.35.58 - - [30/Jan/2026:10:13:40 -0500] "GET /icoxp.php HTTP/1.1" 404 270 "-" "-"
158.158.35.58 - - [30/Jan/2026:10:13:41 -0500] "GET /wp-set.php HTTP/1.1" 404 271 "-" "-"
158.158.35.58 - - [30/Jan/2026:10:13:41 -0500] "GET /edit-tags.php HTTP/1.1" 404 274 "-" "-"
158.158.35.58 - - [30/Jan/2026:10:13:41 -0500] "GET /install.php HTTP/1.1" 404 272 "-" "-"
158.158.35.58 - - [30/Jan/2026:10:13:41 -0500] "GET /gettest.php HTTP/1.1" 404 272 "-" "-"
158.158.35.58 - - [30/Jan/2026:10:13:41 -0500] "GET /tempae.php HTTP/1.1" 404 271 "-" "-"
158.158.35.58 - - [30/Jan/2026:10:13:41 -0500] "GET /drfabyqp.php HTTP/1.1" 404 273 "-" "-"
158.158.35.58 - - [30/Jan/2026:10:13:41 -0500] "GET /f6.php HTTP/1.1" 404 267 "-" "-"
158.158.35.58 - - [30/Jan/2026:10:13:41 -0500] "GET /ty.php HTTP/1.1" 404 267 "-" "-"
158.158.35.58 - - [30/Jan/2026:10:13:41 -0500] "GET /RIP.php HTTP/1.1" 404 268 "-" "-"
158.158.35.58 - - [30/Jan/2026:10:13:42 -0500] "GET /bayss.php HTTP/1.1" 404 270 "-" "-"
158.158.35.58 - - [30/Jan/2026:10:13:42 -0500] "GET /w1.php HTTP/1.1" 404 267 "-" "-"
158.158.35.58 - - [30/Jan/2026:10:13:42 -0500] "GET /dgdaolin.php HTTP/1.1" 404 273 "-" "-"
158.158.35.58 - - [30/Jan/2026:10:13:42 -0500] "GET /rrhbdzdz.php HTTP/1.1" 404 273 "-" "-"
158.158.35.58 - - [30/Jan/2026:10:13:42 -0500] "GET /000.php HTTP/1.1" 404 268 "-" "-"
74.206.190.81 - - [30/Jan/2026:10:15:30 -0500] "GET / HTTP/1.1" 200 48465 "-" "curl/7.29.0"
141.94.194.132 - - [30/Jan/2026:10:16:27 -0500] "GET /index.php/tag/cock/feed HTTP/1.1" 200 3747 "-" "Mozilla/5.0 (X11; Linux i686) AppleWebKit/537.36 (KHTML, like Gecko) Chrome/30.0.1599.66 Safari/537.36"
141.94.194.132 - - [30/Jan/2026:10:20:34 -0500] "GET /index.php/cock-tube/gay-dick.html/feed HTTP/1.1" 200 2047 "-" "Mozilla/5.0 (X11; Linux i686) AppleWebKit/537.36 (KHTML, like Gecko) Chrome/30.0.1599.66 Safari/537.36"
74.206.190.81 - - [30/Jan/2026:10:21:03 -0500] "GET / HTTP/1.1" 200 48465 "-" "curl/7.29.0"
74.206.190.81 - - [30/Jan/2026:10:25:33 -0500] "GET / HTTP/1.1" 200 48465 "-" "curl/7.29.0"
74.206.190.81 - - [30/Jan/2026:10:30:27 -0500] "GET / HTTP/1.1" 200 48465 "-" "curl/7.29.0"
74.206.190.81 - - [30/Jan/2026:10:35:28 -0500] "GET / HTTP/1.1" 200 48465 "-" "curl/7.29.0"
74.206.190.81 - - [30/Jan/2026:10:40:36 -0500] "POST /wp-cron.php?doing_wp_cron=1769787636.8204069137573242187500 HTTP/1.1" 200 - "http://www.pricktube.com/wp-cron.php?doing_wp_cron=1769787636.8204069137573242187500" "WordPress/5.1.8; http://www.pricktube.com"
74.206.190.81 - - [30/Jan/2026:10:40:36 -0500] "GET / HTTP/1.1" 200 48465 "-" "curl/7.29.0"
74.206.190.81 - - [30/Jan/2026:10:45:31 -0500] "POST /wp-cron.php?doing_wp_cron=1769787931.2177000045776367187500 HTTP/1.1" 200 - "http://www.pricktube.com/wp-cron.php?doing_wp_cron=1769787931.2177000045776367187500" "WordPress/5.1.8; http://www.pricktube.com"
74.206.190.81 - - [30/Jan/2026:10:45:31 -0500] "GET / HTTP/1.1" 200 48465 "-" "curl/7.29.0"
74.206.190.81 - - [30/Jan/2026:10:50:30 -0500] "GET / HTTP/1.1" 200 48465 "-" "curl/7.29.0"
74.206.190.81 - - [30/Jan/2026:10:55:39 -0500] "GET / HTTP/1.1" 200 48465 "-" "curl/7.29.0"
141.94.194.132 - - [30/Jan/2026:10:56:20 -0500] "GET /index.php/cock-tube/gay-men-fucking-and-sucking-cock.html/feed HTTP/1.1" 200 862 "-" "Mozilla/5.0 (X11; Linux i686) AppleWebKit/537.36 (KHTML, like Gecko) Chrome/30.0.1599.66 Safari/537.36"
74.206.190.81 - - [30/Jan/2026:11:00:41 -0500] "GET / HTTP/1.1" 200 48465 "-" "curl/7.29.0"
74.206.190.81 - - [30/Jan/2026:11:05:31 -0500] "GET / HTTP/1.1" 200 48465 "-" "curl/7.29.0"
141.94.194.132 - - [30/Jan/2026:11:07:57 -0500] "GET /index.php/cock-tube/42.html/feed HTTP/1.1" 200 1303 "-" "Mozilla/5.0 (X11; Linux i686) AppleWebKit/537.36 (KHTML, like Gecko) Chrome/30.0.1599.66 Safari/537.36"
223.109.255.162 - - [30/Jan/2026:11:10:19 -0500] "GET /robots.txt HTTP/1.1" 403 279 "-" "Sogou web spider/4.0(+http://www.sogou.com/docs/help/webmasters.htm#07)"
74.206.190.81 - - [30/Jan/2026:11:10:29 -0500] "GET / HTTP/1.1" 200 48465 "-" "curl/7.29.0"
74.206.190.81 - - [30/Jan/2026:11:15:30 -0500] "GET / HTTP/1.1" 200 48465 "-" "curl/7.29.0"
156.245.205.68 - - [30/Jan/2026:11:17:45 -0500] "GET /admin/lib/webuploader/server/preview.php HTTP/1.1" 404 301 "-" "Mozilla/5.0 (Windows NT 10.0; WOW64; rv:48.0) Gecko/20100101 Firefox/48.0"
74.206.190.81 - - [30/Jan/2026:11:20:41 -0500] "GET / HTTP/1.1" 200 48465 "-" "curl/7.29.0"
74.206.190.81 - - [30/Jan/2026:11:25:28 -0500] "POST /wp-cron.php?doing_wp_cron=1769790328.1531069278717041015625 HTTP/1.1" 200 - "http://www.pricktube.com/wp-cron.php?doing_wp_cron=1769790328.1531069278717041015625" "WordPress/5.1.8; http://www.pricktube.com"
74.206.190.81 - - [30/Jan/2026:11:25:28 -0500] "GET / HTTP/1.1" 200 48465 "-" "curl/7.29.0"
74.206.190.81 - - [30/Jan/2026:11:30:29 -0500] "GET / HTTP/1.1" 200 48465 "-" "curl/7.29.0"
74.206.190.81 - - [30/Jan/2026:11:35:28 -0500] "GET / HTTP/1.1" 200 48465 "-" "curl/7.29.0"
74.206.190.81 - - [30/Jan/2026:11:40:45 -0500] "POST /wp-cron.php?doing_wp_cron=1769791245.4239699840545654296875 HTTP/1.1" 200 - "http://www.pricktube.com/wp-cron.php?doing_wp_cron=1769791245.4239699840545654296875" "WordPress/5.1.8; http://www.pricktube.com"
74.206.190.81 - - [30/Jan/2026:11:40:45 -0500] "GET / HTTP/1.1" 200 48465 "-" "curl/7.29.0"
74.206.190.81 - - [30/Jan/2026:11:43:03 -0500] "POST /wp-cron.php?doing_wp_cron=1769791383.7761619091033935546875 HTTP/1.1" 200 - "http://www.pricktube.com/wp-cron.php?doing_wp_cron=1769791383.7761619091033935546875" "WordPress/5.1.8; http://www.pricktube.com"
114.119.141.18 - - [30/Jan/2026:11:43:03 -0500] "GET /index.php/cock-tube/gay-dick-tube-2.html HTTP/1.1" 200 47283 "http://www.pricktube.com/index.php/cock-tube/gay-dick-tube-2.html" "Mozilla/5.0 (Linux; Android 7.0;) AppleWebKit/537.36 (KHTML, like Gecko) Mobile Safari/537.36 (compatible; PetalBot;+https://webmaster.petalsearch.com/site/petalbot)"
74.206.190.81 - - [30/Jan/2026:11:45:30 -0500] "GET / HTTP/1.1" 200 48465 "-" "curl/7.29.0"
74.206.190.81 - - [30/Jan/2026:11:50:30 -0500] "GET / HTTP/1.1" 200 48465 "-" "curl/7.29.0"
74.116.2.226 - - [30/Jan/2026:11:52:16 -0500] "HEAD / HTTP/1.1" 301 - "-" "WordPress/6.9; https://mytopgayporn.com"
74.116.2.226 - - [30/Jan/2026:11:52:16 -0500] "HEAD / HTTP/1.1" 200 - "-" "WordPress/6.9; https://mytopgayporn.com"
74.206.190.81 - - [30/Jan/2026:11:55:36 -0500] "GET / HTTP/1.1" 200 48465 "-" "curl/7.29.0"
173.52.56.91 - - [30/Jan/2026:11:57:08 -0500] "GET / HTTP/1.1" 301 - "-" "Mozilla/5.0 (Windows NT 10.0; Win64; x64) AppleWebKit/537.36 (KHTML, like Gecko) Chrome/120.0.0.0 Safari/537.36"
179.49.27.247 - - [30/Jan/2026:11:57:09 -0500] "GET / HTTP/1.1" 200 48465 "-" "Mozilla/5.0 (Windows NT 10.0; Win64; x64) AppleWebKit/537.36 (KHTML, like Gecko) Chrome/120.0.0.0 Safari/537.36"
45.11.115.194 - - [30/Jan/2026:11:57:13 -0500] "GET /wp-login.php HTTP/1.1" 200 2956 "-" "Mozilla/5.0 (Windows NT 10.0; Win64; x64) AppleWebKit/537.36 (KHTML, like Gecko) Chrome/120.0.0.0 Safari/537.36"
45.11.115.194 - - [30/Jan/2026:11:57:14 -0500] "POST /wp-login.php HTTP/1.1" 200 3910 "http://www.pricktube.com/wp-login.php" "Mozilla/5.0 (Windows NT 10.0; Win64; x64) AppleWebKit/537.36 (KHTML, like Gecko) Chrome/120.0.0.0 Safari/537.36"
45.11.115.194 - - [30/Jan/2026:11:57:20 -0500] "POST /wp-login.php HTTP/1.1" 200 3910 "http://www.pricktube.com/wp-login.php" "Mozilla/5.0 (Windows NT 10.0; Win64; x64) AppleWebKit/537.36 (KHTML, like Gecko) Chrome/120.0.0.0 Safari/537.36"
45.11.115.194 - - [30/Jan/2026:11:57:26 -0500] "POST /wp-login.php HTTP/1.1" 200 3910 "http://www.pricktube.com/wp-login.php" "Mozilla/5.0 (Windows NT 10.0; Win64; x64) AppleWebKit/537.36 (KHTML, like Gecko) Chrome/120.0.0.0 Safari/537.36"
45.11.115.194 - - [30/Jan/2026:11:57:27 -0500] "POST /xmlrpc.php HTTP/1.1" 403 279 "-" "WordPress/5.0; http://www.pricktube.com"
141.94.194.132 - - [30/Jan/2026:11:59:00 -0500] "GET /index.php/tag/cocks/feed HTTP/1.1" 200 1942 "-" "Mozilla/5.0 (X11; Linux i686) AppleWebKit/537.36 (KHTML, like Gecko) Chrome/30.0.1599.66 Safari/537.36"
74.206.190.81 - - [30/Jan/2026:12:00:41 -0500] "GET / HTTP/1.1" 200 48615 "-" "curl/7.29.0"
74.206.190.81 - - [30/Jan/2026:12:05:29 -0500] "GET / HTTP/1.1" 200 48615 "-" "curl/7.29.0"
114.119.141.194 - - [30/Jan/2026:12:08:35 -0500] "GET /index.php/tag/cocktube HTTP/1.1" 200 33411 "http://www.pricktube.com/index.php/cock-tube/gay-kitty-tube.html" "Mozilla/5.0 (Linux; Android 7.0;) AppleWebKit/537.36 (KHTML, like Gecko) Mobile Safari/537.36 (compatible; PetalBot;+https://webmaster.petalsearch.com/site/petalbot)"
74.206.190.81 - - [30/Jan/2026:12:10:31 -0500] "GET / HTTP/1.1" 200 48615 "-" "curl/7.29.0"
74.206.190.81 - - [30/Jan/2026:12:15:30 -0500] "GET / HTTP/1.1" 200 48615 "-" "curl/7.29.0"
74.206.190.81 - - [30/Jan/2026:12:20:43 -0500] "GET / HTTP/1.1" 200 48615 "-" "curl/7.29.0"
74.206.190.81 - - [30/Jan/2026:12:25:32 -0500] "GET / HTTP/1.1" 200 48615 "-" "curl/7.29.0"
74.206.190.81 - - [30/Jan/2026:12:30:35 -0500] "GET / HTTP/1.1" 200 48615 "-" "curl/7.29.0"
74.206.190.81 - - [30/Jan/2026:12:35:36 -0500] "GET / HTTP/1.1" 200 48327 "-" "curl/7.29.0"
74.206.190.81 - - [30/Jan/2026:12:41:00 -0500] "POST /wp-cron.php?doing_wp_cron=1769794860.2587730884552001953125 HTTP/1.1" 200 - "http://www.pricktube.com/wp-cron.php?doing_wp_cron=1769794860.2587730884552001953125" "WordPress/5.1.8; http://www.pricktube.com"
74.206.190.81 - - [30/Jan/2026:12:41:00 -0500] "GET / HTTP/1.1" 200 48327 "-" "curl/7.29.0"
74.206.190.81 - - [30/Jan/2026:12:45:15 -0500] "POST /wp-cron.php?doing_wp_cron=1769795115.7854900360107421875000 HTTP/1.1" 200 - "http://www.pricktube.com/wp-cron.php?doing_wp_cron=1769795115.7854900360107421875000" "WordPress/5.1.8; http://www.pricktube.com"
141.94.194.132 - - [30/Jan/2026:12:45:15 -0500] "GET /index.php/cock-tube/sucking-cock.html/feed HTTP/1.1" 200 1323 "-" "Mozilla/5.0 (X11; Linux i686) AppleWebKit/537.36 (KHTML, like Gecko) Chrome/30.0.1599.66 Safari/537.36"
74.206.190.81 - - [30/Jan/2026:12:45:34 -0500] "GET / HTTP/1.1" 200 48327 "-" "curl/7.29.0"
74.206.190.81 - - [30/Jan/2026:12:50:36 -0500] "GET / HTTP/1.1" 200 48327 "-" "curl/7.29.0"
74.206.190.81 - - [30/Jan/2026:12:55:46 -0500] "POST /wp-cron.php?doing_wp_cron=1769795746.0988779067993164062500 HTTP/1.1" 200 - "http://www.pricktube.com/wp-cron.php?doing_wp_cron=1769795746.0988779067993164062500" "WordPress/5.1.8; http://www.pricktube.com"
74.206.190.81 - - [30/Jan/2026:12:55:45 -0500] "GET / HTTP/1.1" 200 48327 "-" "curl/7.29.0"
74.206.190.81 - - [30/Jan/2026:13:00:51 -0500] "GET / HTTP/1.1" 200 48327 "-" "curl/7.29.0"
