98.63.199.239 - - [29/Jan/2026:04:31:05 -0500] "GET /media/videos/1/1/6/7/b/1167b414f035e3d.mp4 HTTP/1.1" 206 65536 "https://porn.tw/video/sofiakaufman-blonde-s-sweet-hole-vibration-cam-porn-2868.html" "Mozilla/5.0 (iPhone; CPU iPhone OS 18_7 like Mac OS X) AppleWebKit/605.1.15 (KHTML, like Gecko) Version/26.2 Mobile/15E148 Safari/604.1"
98.63.199.239 - - [29/Jan/2026:04:31:05 -0500] "GET /media/videos/1/1/6/7/b/1167b414f035e3d.mp4 HTTP/1.1" 206 422332735 "https://porn.tw/video/sofiakaufman-blonde-s-sweet-hole-vibration-cam-porn-2868.html" "Mozilla/5.0 (iPhone; CPU iPhone OS 18_7 like Mac OS X) AppleWebKit/605.1.15 (KHTML, like Gecko) Version/26.2 Mobile/15E148 Safari/604.1"
98.63.199.239 - - [29/Jan/2026:04:31:05 -0500] "GET /media/videos/1/1/6/7/b/1167b414f035e3d.mp4 HTTP/1.1" 206 65536 "https://porn.tw/video/sofiakaufman-blonde-s-sweet-hole-vibration-cam-porn-2868.html" "Mozilla/5.0 (iPhone; CPU iPhone OS 18_7 like Mac OS X) AppleWebKit/605.1.15 (KHTML, like Gecko) Version/26.2 Mobile/15E148 Safari/604.1"
98.63.199.239 - - [29/Jan/2026:04:31:05 -0500] "GET /media/videos/1/1/6/7/b/1167b414f035e3d.mp4 HTTP/1.1" 206 65536 "https://porn.tw/video/sofiakaufman-blonde-s-sweet-hole-vibration-cam-porn-2868.html" "Mozilla/5.0 (iPhone; CPU iPhone OS 18_7 like Mac OS X) AppleWebKit/605.1.15 (KHTML, like Gecko) Version/26.2 Mobile/15E148 Safari/604.1"
98.63.199.239 - - [29/Jan/2026:04:31:06 -0500] "GET /media/videos/1/1/6/7/b/1167b414f035e3d.mp4 HTTP/1.1" 206 65536 "https://porn.tw/video/sofiakaufman-blonde-s-sweet-hole-vibration-cam-porn-2868.html" "Mozilla/5.0 (iPhone; CPU iPhone OS 18_7 like Mac OS X) AppleWebKit/605.1.15 (KHTML, like Gecko) Version/26.2 Mobile/15E148 Safari/604.1"
98.63.199.239 - - [29/Jan/2026:04:31:06 -0500] "GET /media/videos/1/1/6/7/b/1167b414f035e3d.mp4 HTTP/1.1" 206 65536 "https://porn.tw/video/sofiakaufman-blonde-s-sweet-hole-vibration-cam-porn-2868.html" "Mozilla/5.0 (iPhone; CPU iPhone OS 18_7 like Mac OS X) AppleWebKit/605.1.15 (KHTML, like Gecko) Version/26.2 Mobile/15E148 Safari/604.1"
98.63.199.239 - - [29/Jan/2026:04:31:06 -0500] "GET /media/videos/1/1/6/7/b/1167b414f035e3d.mp4 HTTP/1.1" 206 65536 "https://porn.tw/video/sofiakaufman-blonde-s-sweet-hole-vibration-cam-porn-2868.html" "Mozilla/5.0 (iPhone; CPU iPhone OS 18_7 like Mac OS X) AppleWebKit/605.1.15 (KHTML, like Gecko) Version/26.2 Mobile/15E148 Safari/604.1"
98.63.199.239 - - [29/Jan/2026:04:31:06 -0500] "GET /media/videos/1/1/6/7/b/1167b414f035e3d.mp4 HTTP/1.1" 206 65536 "https://porn.tw/video/sofiakaufman-blonde-s-sweet-hole-vibration-cam-porn-2868.html" "Mozilla/5.0 (iPhone; CPU iPhone OS 18_7 like Mac OS X) AppleWebKit/605.1.15 (KHTML, like Gecko) Version/26.2 Mobile/15E148 Safari/604.1"
98.63.199.239 - - [29/Jan/2026:04:31:06 -0500] "GET /media/videos/1/1/6/7/b/1167b414f035e3d.mp4 HTTP/1.1" 206 65536 "https://porn.tw/video/sofiakaufman-blonde-s-sweet-hole-vibration-cam-porn-2868.html" "Mozilla/5.0 (iPhone; CPU iPhone OS 18_7 like Mac OS X) AppleWebKit/605.1.15 (KHTML, like Gecko) Version/26.2 Mobile/15E148 Safari/604.1"
98.63.199.239 - - [29/Jan/2026:04:31:07 -0500] "GET /media/videos/1/1/6/7/b/1167b414f035e3d.mp4 HTTP/1.1" 206 65536 "https://porn.tw/video/sofiakaufman-blonde-s-sweet-hole-vibration-cam-porn-2868.html" "Mozilla/5.0 (iPhone; CPU iPhone OS 18_7 like Mac OS X) AppleWebKit/605.1.15 (KHTML, like Gecko) Version/26.2 Mobile/15E148 Safari/604.1"
98.63.199.239 - - [29/Jan/2026:04:31:07 -0500] "GET /media/videos/1/1/6/7/b/1167b414f035e3d.mp4 HTTP/1.1" 206 65536 "https://porn.tw/video/sofiakaufman-blonde-s-sweet-hole-vibration-cam-porn-2868.html" "Mozilla/5.0 (iPhone; CPU iPhone OS 18_7 like Mac OS X) AppleWebKit/605.1.15 (KHTML, like Gecko) Version/26.2 Mobile/15E148 Safari/604.1"
98.63.199.239 - - [29/Jan/2026:04:31:06 -0500] "GET /media/videos/1/1/6/7/b/1167b414f035e3d.mp4 HTTP/1.1" 206 397101375 "https://porn.tw/video/sofiakaufman-blonde-s-sweet-hole-vibration-cam-porn-2868.html" "Mozilla/5.0 (iPhone; CPU iPhone OS 18_7 like Mac OS X) AppleWebKit/605.1.15 (KHTML, like Gecko) Version/26.2 Mobile/15E148 Safari/604.1"
98.63.199.239 - - [29/Jan/2026:04:31:07 -0500] "GET /media/videos/1/1/6/7/b/1167b414f035e3d.mp4 HTTP/1.1" 206 65536 "https://porn.tw/video/sofiakaufman-blonde-s-sweet-hole-vibration-cam-porn-2868.html" "Mozilla/5.0 (iPhone; CPU iPhone OS 18_7 like Mac OS X) AppleWebKit/605.1.15 (KHTML, like Gecko) Version/26.2 Mobile/15E148 Safari/604.1"
98.63.199.239 - - [29/Jan/2026:04:31:07 -0500] "GET /media/videos/1/1/6/7/b/1167b414f035e3d.mp4 HTTP/1.1" 206 65536 "https://porn.tw/video/sofiakaufman-blonde-s-sweet-hole-vibration-cam-porn-2868.html" "Mozilla/5.0 (iPhone; CPU iPhone OS 18_7 like Mac OS X) AppleWebKit/605.1.15 (KHTML, like Gecko) Version/26.2 Mobile/15E148 Safari/604.1"
98.63.199.239 - - [29/Jan/2026:04:31:07 -0500] "GET /media/videos/1/1/6/7/b/1167b414f035e3d.mp4 HTTP/1.1" 206 396446015 "https://porn.tw/video/sofiakaufman-blonde-s-sweet-hole-vibration-cam-porn-2868.html" "Mozilla/5.0 (iPhone; CPU iPhone OS 18_7 like Mac OS X) AppleWebKit/605.1.15 (KHTML, like Gecko) Version/26.2 Mobile/15E148 Safari/604.1"
98.63.199.239 - - [29/Jan/2026:04:31:09 -0500] "GET /media/videos/1/1/6/7/b/1167b414f035e3d.mp4 HTTP/1.1" 206 65536 "https://porn.tw/video/sofiakaufman-blonde-s-sweet-hole-vibration-cam-porn-2868.html" "Mozilla/5.0 (iPhone; CPU iPhone OS 18_7 like Mac OS X) AppleWebKit/605.1.15 (KHTML, like Gecko) Version/26.2 Mobile/15E148 Safari/604.1"
217.113.194.78 - - [29/Jan/2026:04:31:10 -0500] "GET /search/dripping-pussy-show/page3.html HTTP/1.1" 200 73049 "-" "Mozilla/5.0 (compatible; Barkrowler/0.9; +https://babbar.tech/crawler)"
66.249.74.5 - - [29/Jan/2026:04:31:14 -0500] "GET /search/webcam-solo-masturbating/views/page8.html HTTP/1.1" 200 74816 "-" "Mozilla/5.0 (Linux; Android 6.0.1; Nexus 5X Build/MMB29P) AppleWebKit/537.36 (KHTML, like Gecko) Chrome/143.0.7499.192 Mobile Safari/537.36 (compatible; Googlebot/2.1; +http://www.google.com/bot.html)"
217.113.194.75 - - [29/Jan/2026:04:31:15 -0500] "GET /search/seductive-babe/page10.html HTTP/1.1" 200 75313 "-" "Mozilla/5.0 (compatible; Barkrowler/0.9; +https://babbar.tech/crawler)"
66.249.74.5 - - [29/Jan/2026:04:31:15 -0500] "GET /search/webcam-squirt-masturbating/views/page1.html HTTP/1.1" 200 72566 "-" "Mozilla/5.0 (Linux; Android 6.0.1; Nexus 5X Build/MMB29P) AppleWebKit/537.36 (KHTML, like Gecko) Chrome/143.0.7499.192 Mobile Safari/537.36 (compatible; Googlebot/2.1; +http://www.google.com/bot.html)"
98.63.199.239 - - [29/Jan/2026:04:31:18 -0500] "GET /media/videos/1/1/6/7/b/1167b414f035e3d.mp4 HTTP/1.1" 206 65536 "https://porn.tw/video/sofiakaufman-blonde-s-sweet-hole-vibration-cam-porn-2868.html" "Mozilla/5.0 (iPhone; CPU iPhone OS 18_7 like Mac OS X) AppleWebKit/605.1.15 (KHTML, like Gecko) Version/26.2 Mobile/15E148 Safari/604.1"
98.63.199.239 - - [29/Jan/2026:04:31:18 -0500] "GET /media/videos/1/1/6/7/b/1167b414f035e3d.mp4 HTTP/1.1" 206 355289407 "https://porn.tw/video/sofiakaufman-blonde-s-sweet-hole-vibration-cam-porn-2868.html" "Mozilla/5.0 (iPhone; CPU iPhone OS 18_7 like Mac OS X) AppleWebKit/605.1.15 (KHTML, like Gecko) Version/26.2 Mobile/15E148 Safari/604.1"
98.63.199.239 - - [29/Jan/2026:04:31:19 -0500] "GET /media/videos/1/1/6/7/b/1167b414f035e3d.mp4 HTTP/1.1" 206 65536 "https://porn.tw/video/sofiakaufman-blonde-s-sweet-hole-vibration-cam-porn-2868.html" "Mozilla/5.0 (iPhone; CPU iPhone OS 18_7 like Mac OS X) AppleWebKit/605.1.15 (KHTML, like Gecko) Version/26.2 Mobile/15E148 Safari/604.1"
98.63.199.239 - - [29/Jan/2026:04:31:20 -0500] "GET /media/videos/1/1/6/7/b/1167b414f035e3d.mp4 HTTP/1.1" 206 65536 "https://porn.tw/video/sofiakaufman-blonde-s-sweet-hole-vibration-cam-porn-2868.html" "Mozilla/5.0 (iPhone; CPU iPhone OS 18_7 like Mac OS X) AppleWebKit/605.1.15 (KHTML, like Gecko) Version/26.2 Mobile/15E148 Safari/604.1"
98.63.199.239 - - [29/Jan/2026:04:31:19 -0500] "GET /media/videos/1/1/6/7/b/1167b414f035e3d.mp4 HTTP/1.1" 206 300370239 "https://porn.tw/video/sofiakaufman-blonde-s-sweet-hole-vibration-cam-porn-2868.html" "Mozilla/5.0 (iPhone; CPU iPhone OS 18_7 like Mac OS X) AppleWebKit/605.1.15 (KHTML, like Gecko) Version/26.2 Mobile/15E148 Safari/604.1"
98.63.199.239 - - [29/Jan/2026:04:31:20 -0500] "GET /media/videos/1/1/6/7/b/1167b414f035e3d.mp4 HTTP/1.1" 206 65536 "https://porn.tw/video/sofiakaufman-blonde-s-sweet-hole-vibration-cam-porn-2868.html" "Mozilla/5.0 (iPhone; CPU iPhone OS 18_7 like Mac OS X) AppleWebKit/605.1.15 (KHTML, like Gecko) Version/26.2 Mobile/15E148 Safari/604.1"
109.41.112.57 - - [29/Jan/2026:04:31:20 -0500] "GET /includes/fluidplayer/images/fluid_spinner.svg HTTP/1.1" 200 524 "https://porn.tw/includes/fluidplayer/fluidplayer.min.css" "Mozilla/5.0 (Android 16; Mobile; rv:147.0) Gecko/147.0 Firefox/147.0"
109.41.112.57 - - [29/Jan/2026:04:31:20 -0500] "GET /media/thumbs/2/6/6/6/d/2666df37025d559.mp4/vtt_014.jpg HTTP/1.1" 200 8580 "https://porn.tw/video/jade49-shemale-cam-1880.html" "Mozilla/5.0 (Android 16; Mobile; rv:147.0) Gecko/147.0 Firefox/147.0"
109.41.112.57 - - [29/Jan/2026:04:31:20 -0500] "GET /media/videos/2/6/6/6/d/2666df37025d559.mp4 HTTP/1.1" 206 148691952 "https://porn.tw/video/jade49-shemale-cam-1880.html" "Mozilla/5.0 (Android 16; Mobile; rv:147.0) Gecko/147.0 Firefox/147.0"
98.63.199.239 - - [29/Jan/2026:04:31:20 -0500] "GET /media/videos/1/1/6/7/b/1167b414f035e3d.mp4 HTTP/1.1" 206 299911487 "https://porn.tw/video/sofiakaufman-blonde-s-sweet-hole-vibration-cam-porn-2868.html" "Mozilla/5.0 (iPhone; CPU iPhone OS 18_7 like Mac OS X) AppleWebKit/605.1.15 (KHTML, like Gecko) Version/26.2 Mobile/15E148 Safari/604.1"
98.63.199.239 - - [29/Jan/2026:04:31:22 -0500] "GET /media/videos/1/1/6/7/b/1167b414f035e3d.mp4 HTTP/1.1" 206 65536 "https://porn.tw/video/sofiakaufman-blonde-s-sweet-hole-vibration-cam-porn-2868.html" "Mozilla/5.0 (iPhone; CPU iPhone OS 18_7 like Mac OS X) AppleWebKit/605.1.15 (KHTML, like Gecko) Version/26.2 Mobile/15E148 Safari/604.1"
98.63.199.239 - - [29/Jan/2026:04:31:22 -0500] "GET /media/videos/1/1/6/7/b/1167b414f035e3d.mp4 HTTP/1.1" 206 65536 "https://porn.tw/video/sofiakaufman-blonde-s-sweet-hole-vibration-cam-porn-2868.html" "Mozilla/5.0 (iPhone; CPU iPhone OS 18_7 like Mac OS X) AppleWebKit/605.1.15 (KHTML, like Gecko) Version/26.2 Mobile/15E148 Safari/604.1"
109.41.112.57 - - [29/Jan/2026:04:31:22 -0500] "GET /media/videos/2/6/6/6/d/2666df37025d559.mp4 HTTP/1.1" 206 235166704 "https://porn.tw/video/jade49-shemale-cam-1880.html" "Mozilla/5.0 (Android 16; Mobile; rv:147.0) Gecko/147.0 Firefox/147.0"
109.41.112.57 - - [29/Jan/2026:04:31:23 -0500] "GET /media/videos/2/6/6/6/d/2666df37025d559.mp4 HTTP/1.1" 206 76241904 "https://porn.tw/video/jade49-shemale-cam-1880.html" "Mozilla/5.0 (Android 16; Mobile; rv:147.0) Gecko/147.0 Firefox/147.0"
217.113.194.73 - - [29/Jan/2026:04:31:25 -0500] "GET /search/dripping-desire-tease/page3.html HTTP/1.1" 200 75477 "-" "Mozilla/5.0 (compatible; Barkrowler/0.9; +https://babbar.tech/crawler)"
109.41.112.57 - - [29/Jan/2026:04:31:25 -0500] "GET /media/videos/2/6/6/6/d/2666df37025d559.mp4 HTTP/1.1" 206 230513648 "https://porn.tw/video/jade49-shemale-cam-1880.html" "Mozilla/5.0 (Android 16; Mobile; rv:147.0) Gecko/147.0 Firefox/147.0"
109.41.112.57 - - [29/Jan/2026:04:31:26 -0500] "GET /media/videos/2/6/6/6/d/2666df37025d559.mp4 HTTP/1.1" 206 208329712 "https://porn.tw/video/jade49-shemale-cam-1880.html" "Mozilla/5.0 (Android 16; Mobile; rv:147.0) Gecko/147.0 Firefox/147.0"
217.113.194.81 - - [29/Jan/2026:04:31:30 -0500] "GET /search/seductive-solo-cam/views/ HTTP/1.1" 200 73770 "-" "Mozilla/5.0 (compatible; Barkrowler/0.9; +https://babbar.tech/crawler)"
98.63.199.239 - - [29/Jan/2026:04:31:30 -0500] "GET /media/videos/1/1/6/7/b/1167b414f035e3d.mp4 HTTP/1.1" 206 246827327 "https://porn.tw/video/sofiakaufman-blonde-s-sweet-hole-vibration-cam-porn-2868.html" "Mozilla/5.0 (iPhone; CPU iPhone OS 18_7 like Mac OS X) AppleWebKit/605.1.15 (KHTML, like Gecko) Version/26.2 Mobile/15E148 Safari/604.1"
119.249.100.44 - - [29/Jan/2026:04:31:31 -0500] "GET /search/female-pleasure/page10.html HTTP/1.1" 200 33566 "-" "Mozilla/5.0 (Windows NT 10.0; WOW64) AppleWebKit/537.36 (KHTML, like Gecko) Chrome/48.0.2564.116 Safari/537.36"
98.63.199.239 - - [29/Jan/2026:04:31:32 -0500] "GET /media/videos/1/1/6/7/b/1167b414f035e3d.mp4 HTTP/1.1" 206 65536 "https://porn.tw/video/sofiakaufman-blonde-s-sweet-hole-vibration-cam-porn-2868.html" "Mozilla/5.0 (iPhone; CPU iPhone OS 18_7 like Mac OS X) AppleWebKit/605.1.15 (KHTML, like Gecko) Version/26.2 Mobile/15E148 Safari/604.1"
98.63.199.239 - - [29/Jan/2026:04:31:32 -0500] "GET /media/videos/1/1/6/7/b/1167b414f035e3d.mp4 HTTP/1.1" 206 242895167 "https://porn.tw/video/sofiakaufman-blonde-s-sweet-hole-vibration-cam-porn-2868.html" "Mozilla/5.0 (iPhone; CPU iPhone OS 18_7 like Mac OS X) AppleWebKit/605.1.15 (KHTML, like Gecko) Version/26.2 Mobile/15E148 Safari/604.1"
98.63.199.239 - - [29/Jan/2026:04:31:38 -0500] "GET /media/videos/1/1/6/7/b/1167b414f035e3d.mp4 HTTP/1.1" 206 65536 "https://porn.tw/video/sofiakaufman-blonde-s-sweet-hole-vibration-cam-porn-2868.html" "Mozilla/5.0 (iPhone; CPU iPhone OS 18_7 like Mac OS X) AppleWebKit/605.1.15 (KHTML, like Gecko) Version/26.2 Mobile/15E148 Safari/604.1"
109.41.112.57 - - [29/Jan/2026:04:31:38 -0500] "GET /media/thumbs/2/6/6/6/d/2666df37025d559.mp4/vtt_023.jpg HTTP/1.1" 200 8804 "https://porn.tw/video/jade49-shemale-cam-1880.html" "Mozilla/5.0 (Android 16; Mobile; rv:147.0) Gecko/147.0 Firefox/147.0"
109.41.112.57 - - [29/Jan/2026:04:31:38 -0500] "GET /media/videos/2/6/6/6/d/2666df37025d559.mp4 HTTP/1.1" 206 106093552 "https://porn.tw/video/jade49-shemale-cam-1880.html" "Mozilla/5.0 (Android 16; Mobile; rv:147.0) Gecko/147.0 Firefox/147.0"
109.41.112.57 - - [29/Jan/2026:04:31:39 -0500] "GET /media/thumbs/2/6/6/6/d/2666df37025d559.mp4/vtt_017.jpg HTTP/1.1" 200 9219 "https://porn.tw/video/jade49-shemale-cam-1880.html" "Mozilla/5.0 (Android 16; Mobile; rv:147.0) Gecko/147.0 Firefox/147.0"
109.41.112.57 - - [29/Jan/2026:04:31:39 -0500] "GET /media/thumbs/2/6/6/6/d/2666df37025d559.mp4/vtt_019.jpg HTTP/1.1" 200 9531 "https://porn.tw/video/jade49-shemale-cam-1880.html" "Mozilla/5.0 (Android 16; Mobile; rv:147.0) Gecko/147.0 Firefox/147.0"
98.63.199.239 - - [29/Jan/2026:04:31:39 -0500] "GET /media/videos/1/1/6/7/b/1167b414f035e3d.mp4 HTTP/1.1" 206 182274367 "https://porn.tw/video/sofiakaufman-blonde-s-sweet-hole-vibration-cam-porn-2868.html" "Mozilla/5.0 (iPhone; CPU iPhone OS 18_7 like Mac OS X) AppleWebKit/605.1.15 (KHTML, like Gecko) Version/26.2 Mobile/15E148 Safari/604.1"
109.41.112.57 - - [29/Jan/2026:04:31:39 -0500] "GET /media/videos/2/6/6/6/d/2666df37025d559.mp4 HTTP/1.1" 206 99245040 "https://porn.tw/video/jade49-shemale-cam-1880.html" "Mozilla/5.0 (Android 16; Mobile; rv:147.0) Gecko/147.0 Firefox/147.0"
109.41.112.57 - - [29/Jan/2026:04:31:39 -0500] "GET /media/thumbs/2/6/6/6/d/2666df37025d559.mp4/vtt_016.jpg HTTP/1.1" 200 9194 "https://porn.tw/video/jade49-shemale-cam-1880.html" "Mozilla/5.0 (Android 16; Mobile; rv:147.0) Gecko/147.0 Firefox/147.0"
109.41.112.57 - - [29/Jan/2026:04:31:39 -0500] "GET /media/thumbs/2/6/6/6/d/2666df37025d559.mp4/vtt_013.jpg HTTP/1.1" 200 8309 "https://porn.tw/video/jade49-shemale-cam-1880.html" "Mozilla/5.0 (Android 16; Mobile; rv:147.0) Gecko/147.0 Firefox/147.0"
109.41.112.57 - - [29/Jan/2026:04:31:39 -0500] "GET /media/thumbs/2/6/6/6/d/2666df37025d559.mp4/vtt_010.jpg HTTP/1.1" 200 8603 "https://porn.tw/video/jade49-shemale-cam-1880.html" "Mozilla/5.0 (Android 16; Mobile; rv:147.0) Gecko/147.0 Firefox/147.0"
98.63.199.239 - - [29/Jan/2026:04:31:40 -0500] "GET /media/videos/1/1/6/7/b/1167b414f035e3d.mp4 HTTP/1.1" 206 65536 "https://porn.tw/video/sofiakaufman-blonde-s-sweet-hole-vibration-cam-porn-2868.html" "Mozilla/5.0 (iPhone; CPU iPhone OS 18_7 like Mac OS X) AppleWebKit/605.1.15 (KHTML, like Gecko) Version/26.2 Mobile/15E148 Safari/604.1"
109.41.112.57 - - [29/Jan/2026:04:31:40 -0500] "GET /media/thumbs/2/6/6/6/d/2666df37025d559.mp4/vtt_011.jpg HTTP/1.1" 200 8766 "https://porn.tw/video/jade49-shemale-cam-1880.html" "Mozilla/5.0 (Android 16; Mobile; rv:147.0) Gecko/147.0 Firefox/147.0"
98.63.199.239 - - [29/Jan/2026:04:31:40 -0500] "GET /media/videos/1/1/6/7/b/1167b414f035e3d.mp4 HTTP/1.1" 206 65536 "https://porn.tw/video/sofiakaufman-blonde-s-sweet-hole-vibration-cam-porn-2868.html" "Mozilla/5.0 (iPhone; CPU iPhone OS 18_7 like Mac OS X) AppleWebKit/605.1.15 (KHTML, like Gecko) Version/26.2 Mobile/15E148 Safari/604.1"
109.41.112.57 - - [29/Jan/2026:04:31:40 -0500] "GET /media/thumbs/2/6/6/6/d/2666df37025d559.mp4/vtt_008.jpg HTTP/1.1" 200 8726 "https://porn.tw/video/jade49-shemale-cam-1880.html" "Mozilla/5.0 (Android 16; Mobile; rv:147.0) Gecko/147.0 Firefox/147.0"
98.63.199.239 - - [29/Jan/2026:04:31:40 -0500] "GET /media/videos/1/1/6/7/b/1167b414f035e3d.mp4 HTTP/1.1" 206 65536 "https://porn.tw/video/sofiakaufman-blonde-s-sweet-hole-vibration-cam-porn-2868.html" "Mozilla/5.0 (iPhone; CPU iPhone OS 18_7 like Mac OS X) AppleWebKit/605.1.15 (KHTML, like Gecko) Version/26.2 Mobile/15E148 Safari/604.1"
109.41.112.57 - - [29/Jan/2026:04:31:40 -0500] "GET /media/thumbs/2/6/6/6/d/2666df37025d559.mp4/vtt_007.jpg HTTP/1.1" 200 8657 "https://porn.tw/video/jade49-shemale-cam-1880.html" "Mozilla/5.0 (Android 16; Mobile; rv:147.0) Gecko/147.0 Firefox/147.0"
109.41.112.57 - - [29/Jan/2026:04:31:40 -0500] "GET /media/thumbs/2/6/6/6/d/2666df37025d559.mp4/vtt_005.jpg HTTP/1.1" 200 9499 "https://porn.tw/video/jade49-shemale-cam-1880.html" "Mozilla/5.0 (Android 16; Mobile; rv:147.0) Gecko/147.0 Firefox/147.0"
109.41.112.57 - - [29/Jan/2026:04:31:40 -0500] "GET /media/videos/2/6/6/6/d/2666df37025d559.mp4 HTTP/1.1" 206 101538800 "https://porn.tw/video/jade49-shemale-cam-1880.html" "Mozilla/5.0 (Android 16; Mobile; rv:147.0) Gecko/147.0 Firefox/147.0"
109.41.112.57 - - [29/Jan/2026:04:31:40 -0500] "GET /media/thumbs/2/6/6/6/d/2666df37025d559.mp4/vtt_004.jpg HTTP/1.1" 200 9464 "https://porn.tw/video/jade49-shemale-cam-1880.html" "Mozilla/5.0 (Android 16; Mobile; rv:147.0) Gecko/147.0 Firefox/147.0"
98.63.199.239 - - [29/Jan/2026:04:31:40 -0500] "GET /media/videos/1/1/6/7/b/1167b414f035e3d.mp4 HTTP/1.1" 206 179652927 "https://porn.tw/video/sofiakaufman-blonde-s-sweet-hole-vibration-cam-porn-2868.html" "Mozilla/5.0 (iPhone; CPU iPhone OS 18_7 like Mac OS X) AppleWebKit/605.1.15 (KHTML, like Gecko) Version/26.2 Mobile/15E148 Safari/604.1"
109.41.112.57 - - [29/Jan/2026:04:31:40 -0500] "GET /media/thumbs/2/6/6/6/d/2666df37025d559.mp4/vtt_002.jpg HTTP/1.1" 200 9202 "https://porn.tw/video/jade49-shemale-cam-1880.html" "Mozilla/5.0 (Android 16; Mobile; rv:147.0) Gecko/147.0 Firefox/147.0"
109.41.112.57 - - [29/Jan/2026:04:31:40 -0500] "GET /media/thumbs/2/6/6/6/d/2666df37025d559.mp4/vtt_001.jpg HTTP/1.1" 200 5874 "https://porn.tw/video/jade49-shemale-cam-1880.html" "Mozilla/5.0 (Android 16; Mobile; rv:147.0) Gecko/147.0 Firefox/147.0"
109.41.112.57 - - [29/Jan/2026:04:31:40 -0500] "GET /media/videos/2/6/6/6/d/2666df37025d559.mp4 HTTP/1.1" 206 104913904 "https://porn.tw/video/jade49-shemale-cam-1880.html" "Mozilla/5.0 (Android 16; Mobile; rv:147.0) Gecko/147.0 Firefox/147.0"
217.113.194.75 - - [29/Jan/2026:04:31:41 -0500] "GET /search/dripping-pussy/rating/page1.html HTTP/1.1" 200 73613 "-" "Mozilla/5.0 (compatible; Barkrowler/0.9; +https://babbar.tech/crawler)"
109.41.112.57 - - [29/Jan/2026:04:31:41 -0500] "GET /media/videos/2/6/6/6/d/2666df37025d559.mp4 HTTP/1.1" 206 107273200 "https://porn.tw/video/jade49-shemale-cam-1880.html" "Mozilla/5.0 (Android 16; Mobile; rv:147.0) Gecko/147.0 Firefox/147.0"
109.41.112.57 - - [29/Jan/2026:04:31:42 -0500] "GET /media/videos/2/6/6/6/d/2666df37025d559.mp4 HTTP/1.1" 206 108420080 "https://porn.tw/video/jade49-shemale-cam-1880.html" "Mozilla/5.0 (Android 16; Mobile; rv:147.0) Gecko/147.0 Firefox/147.0"
109.41.112.57 - - [29/Jan/2026:04:31:42 -0500] "GET /media/videos/2/6/6/6/d/2666df37025d559.mp4 HTTP/1.1" 206 113007600 "https://porn.tw/video/jade49-shemale-cam-1880.html" "Mozilla/5.0 (Android 16; Mobile; rv:147.0) Gecko/147.0 Firefox/147.0"
109.41.112.57 - - [29/Jan/2026:04:31:43 -0500] "GET /media/videos/2/6/6/6/d/2666df37025d559.mp4 HTTP/1.1" 206 119921648 "https://porn.tw/video/jade49-shemale-cam-1880.html" "Mozilla/5.0 (Android 16; Mobile; rv:147.0) Gecko/147.0 Firefox/147.0"
109.41.112.57 - - [29/Jan/2026:04:31:44 -0500] "GET /media/videos/2/6/6/6/d/2666df37025d559.mp4 HTTP/1.1" 206 124509168 "https://porn.tw/video/jade49-shemale-cam-1880.html" "Mozilla/5.0 (Android 16; Mobile; rv:147.0) Gecko/147.0 Firefox/147.0"
109.41.112.57 - - [29/Jan/2026:04:31:45 -0500] "GET /media/videos/2/6/6/6/d/2666df37025d559.mp4 HTTP/1.1" 206 130276336 "https://porn.tw/video/jade49-shemale-cam-1880.html" "Mozilla/5.0 (Android 16; Mobile; rv:147.0) Gecko/147.0 Firefox/147.0"
217.113.194.81 - - [29/Jan/2026:04:31:46 -0500] "GET /search/seductive-solo-cam/page7.html HTTP/1.1" 200 74878 "-" "Mozilla/5.0 (compatible; Barkrowler/0.9; +https://babbar.tech/crawler)"
109.41.112.57 - - [29/Jan/2026:04:31:46 -0500] "GET /media/thumbs/4/6/5/b/3/465b31fbdf40f4.mp4/465b31fbdf40f4.mp4-5.jpg HTTP/1.1" 200 16482 "https://porn.tw/video/jade49-shemale-cam-1880.html" "Mozilla/5.0 (Android 16; Mobile; rv:147.0) Gecko/147.0 Firefox/147.0"
109.41.112.57 - - [29/Jan/2026:04:31:46 -0500] "GET /video/jade49-shemale-having-a-hot-threesome-592.html HTTP/1.1" 200 52571 "https://porn.tw/video/jade49-shemale-cam-1880.html" "Mozilla/5.0 (Android 16; Mobile; rv:147.0) Gecko/147.0 Firefox/147.0"
109.41.112.57 - - [29/Jan/2026:04:31:46 -0500] "GET /media/thumbs/4/6/5/b/3/465b31fbdf40f4.mp4/vtt_005.jpg HTTP/1.1" 200 9645 "https://porn.tw/video/jade49-shemale-having-a-hot-threesome-592.html" "Mozilla/5.0 (Android 16; Mobile; rv:147.0) Gecko/147.0 Firefox/147.0"
109.41.112.57 - - [29/Jan/2026:04:31:46 -0500] "GET /media/thumbs/4/6/5/b/3/465b31fbdf40f4.mp4/vtt_010.jpg HTTP/1.1" 200 9546 "https://porn.tw/video/jade49-shemale-having-a-hot-threesome-592.html" "Mozilla/5.0 (Android 16; Mobile; rv:147.0) Gecko/147.0 Firefox/147.0"
109.41.112.57 - - [29/Jan/2026:04:31:47 -0500] "GET /core/js/gdprJs.php HTTP/1.1" 200 1238 "https://porn.tw/video/jade49-shemale-having-a-hot-threesome-592.html" "Mozilla/5.0 (Android 16; Mobile; rv:147.0) Gecko/147.0 Firefox/147.0"
109.41.112.57 - - [29/Jan/2026:04:31:47 -0500] "GET /media/thumbs/4/6/5/b/3/465b31fbdf40f4.mp4/465b31fbdf40f4.mp4-3b.jpg HTTP/1.1" 200 89998 "https://porn.tw/video/jade49-shemale-having-a-hot-threesome-592.html" "Mozilla/5.0 (Android 16; Mobile; rv:147.0) Gecko/147.0 Firefox/147.0"
109.41.112.57 - - [29/Jan/2026:04:31:47 -0500] "GET /core/js/ageWarningJs.php HTTP/1.1" 200 1037 "https://porn.tw/video/jade49-shemale-having-a-hot-threesome-592.html" "Mozilla/5.0 (Android 16; Mobile; rv:147.0) Gecko/147.0 Firefox/147.0"
109.41.112.57 - - [29/Jan/2026:04:31:47 -0500] "GET /media/thumbs/4/6/5/b/3/465b31fbdf40f4.mp4/vtt_025.jpg HTTP/1.1" 200 9616 "https://porn.tw/video/jade49-shemale-having-a-hot-threesome-592.html" "Mozilla/5.0 (Android 16; Mobile; rv:147.0) Gecko/147.0 Firefox/147.0"
109.41.112.57 - - [29/Jan/2026:04:31:47 -0500] "GET /media/thumbs/4/6/5/b/3/465b31fbdf40f4.mp4/vtt_020.jpg HTTP/1.1" 200 9620 "https://porn.tw/video/jade49-shemale-having-a-hot-threesome-592.html" "Mozilla/5.0 (Android 16; Mobile; rv:147.0) Gecko/147.0 Firefox/147.0"
109.41.112.57 - - [29/Jan/2026:04:31:47 -0500] "GET /media/thumbs/4/6/5/b/3/465b31fbdf40f4.mp4/vtt_015.jpg HTTP/1.1" 200 9464 "https://porn.tw/video/jade49-shemale-having-a-hot-threesome-592.html" "Mozilla/5.0 (Android 16; Mobile; rv:147.0) Gecko/147.0 Firefox/147.0"
109.41.112.57 - - [29/Jan/2026:04:31:47 -0500] "GET /media/thumbs/4/6/5/b/3/465b31fbdf40f4.mp4/vtt_030.jpg HTTP/1.1" 200 9553 "https://porn.tw/video/jade49-shemale-having-a-hot-threesome-592.html" "Mozilla/5.0 (Android 16; Mobile; rv:147.0) Gecko/147.0 Firefox/147.0"
109.41.112.57 - - [29/Jan/2026:04:31:47 -0500] "GET /webvtt/592.vtt HTTP/1.1" 200 6088 "https://porn.tw/video/jade49-shemale-having-a-hot-threesome-592.html" "Mozilla/5.0 (Android 16; Mobile; rv:147.0) Gecko/147.0 Firefox/147.0"
109.41.112.57 - - [29/Jan/2026:04:31:47 -0500] "GET /templates/default_tube2019/template.ajax_comments.php?id=592&type=0&loaded=0&time=1769679107702 HTTP/1.1" 200 133 "https://porn.tw/video/jade49-shemale-having-a-hot-threesome-592.html" "Mozilla/5.0 (Android 16; Mobile; rv:147.0) Gecko/147.0 Firefox/147.0"
109.41.112.57 - - [29/Jan/2026:04:31:47 -0500] "GET /media/thumbs/4/6/5/b/3/465b31fbdf40f4.mp4/vtt_035.jpg HTTP/1.1" 200 9651 "https://porn.tw/video/jade49-shemale-having-a-hot-threesome-592.html" "Mozilla/5.0 (Android 16; Mobile; rv:147.0) Gecko/147.0 Firefox/147.0"
109.41.112.57 - - [29/Jan/2026:04:31:47 -0500] "GET /media/thumbs/4/6/5/b/3/465b31fbdf40f4.mp4/vtt_040.jpg HTTP/1.1" 200 9498 "https://porn.tw/video/jade49-shemale-having-a-hot-threesome-592.html" "Mozilla/5.0 (Android 16; Mobile; rv:147.0) Gecko/147.0 Firefox/147.0"
109.41.112.57 - - [29/Jan/2026:04:31:47 -0500] "GET /media/thumbs/4/6/5/b/3/465b31fbdf40f4.mp4/vtt_045.jpg HTTP/1.1" 200 9567 "https://porn.tw/video/jade49-shemale-having-a-hot-threesome-592.html" "Mozilla/5.0 (Android 16; Mobile; rv:147.0) Gecko/147.0 Firefox/147.0"
109.41.112.57 - - [29/Jan/2026:04:31:47 -0500] "GET /media/thumbs/4/6/5/b/3/465b31fbdf40f4.mp4/vtt_050.jpg HTTP/1.1" 200 9532 "https://porn.tw/video/jade49-shemale-having-a-hot-threesome-592.html" "Mozilla/5.0 (Android 16; Mobile; rv:147.0) Gecko/147.0 Firefox/147.0"
109.41.112.57 - - [29/Jan/2026:04:31:47 -0500] "GET /media/thumbs/4/6/5/b/3/465b31fbdf40f4.mp4/vtt_055.jpg HTTP/1.1" 200 9537 "https://porn.tw/video/jade49-shemale-having-a-hot-threesome-592.html" "Mozilla/5.0 (Android 16; Mobile; rv:147.0) Gecko/147.0 Firefox/147.0"
109.41.112.57 - - [29/Jan/2026:04:31:47 -0500] "GET /media/thumbs/4/6/5/b/3/465b31fbdf40f4.mp4/vtt_060.jpg HTTP/1.1" 200 9527 "https://porn.tw/video/jade49-shemale-having-a-hot-threesome-592.html" "Mozilla/5.0 (Android 16; Mobile; rv:147.0) Gecko/147.0 Firefox/147.0"
109.41.112.57 - - [29/Jan/2026:04:31:47 -0500] "GET /media/misc/653179da21948.jpg HTTP/1.1" 200 37105 "https://porn.tw/video/jade49-shemale-having-a-hot-threesome-592.html" "Mozilla/5.0 (Android 16; Mobile; rv:147.0) Gecko/147.0 Firefox/147.0"
109.41.112.57 - - [29/Jan/2026:04:31:47 -0500] "GET /media/thumbs/3/6/5/a/b/365ab6ca0a9a7a.mp4/365ab6ca0a9a7a.mp4-3.jpg HTTP/1.1" 200 14602 "https://porn.tw/video/jade49-shemale-having-a-hot-threesome-592.html" "Mozilla/5.0 (Android 16; Mobile; rv:147.0) Gecko/147.0 Firefox/147.0"
109.41.112.57 - - [29/Jan/2026:04:31:47 -0500] "GET /media/thumbs/3/6/5/8/3/36583b82368014.mp4/36583b82368014.mp4-3.jpg HTTP/1.1" 200 8615 "https://porn.tw/video/jade49-shemale-having-a-hot-threesome-592.html" "Mozilla/5.0 (Android 16; Mobile; rv:147.0) Gecko/147.0 Firefox/147.0"
109.41.112.57 - - [29/Jan/2026:04:31:47 -0500] "GET /media/thumbs/3/6/5/4/4/365446e24b038d.mp4/365446e24b038d.mp4-3.jpg HTTP/1.1" 200 9657 "https://porn.tw/video/jade49-shemale-having-a-hot-threesome-592.html" "Mozilla/5.0 (Android 16; Mobile; rv:147.0) Gecko/147.0 Firefox/147.0"
109.41.112.57 - - [29/Jan/2026:04:31:48 -0500] "GET /media/thumbs/3/6/5/a/c/365acb2b309e5f.mp4/365acb2b309e5f.mp4-3.jpg HTTP/1.1" 200 9891 "https://porn.tw/video/jade49-shemale-having-a-hot-threesome-592.html" "Mozilla/5.0 (Android 16; Mobile; rv:147.0) Gecko/147.0 Firefox/147.0"
109.41.112.57 - - [29/Jan/2026:04:31:47 -0500] "GET /media/videos/4/6/5/b/3/465b31fbdf40f4.mp4 HTTP/1.1" 206 399055188 "https://porn.tw/video/jade49-shemale-having-a-hot-threesome-592.html" "Mozilla/5.0 (Android 16; Mobile; rv:147.0) Gecko/147.0 Firefox/147.0"
109.41.112.57 - - [29/Jan/2026:04:31:48 -0500] "GET /media/videos/4/6/5/b/3/465b31fbdf40f4.mp4 HTTP/1.1" 206 72020 "https://porn.tw/video/jade49-shemale-having-a-hot-threesome-592.html" "Mozilla/5.0 (Android 16; Mobile; rv:147.0) Gecko/147.0 Firefox/147.0"
109.41.112.57 - - [29/Jan/2026:04:31:48 -0500] "GET /media/thumbs/5/6/5/5/7/565578cd4a3970.mp4/565578cd4a3970.mp4-6.jpg HTTP/1.1" 200 13162 "https://porn.tw/video/jade49-shemale-having-a-hot-threesome-592.html" "Mozilla/5.0 (Android 16; Mobile; rv:147.0) Gecko/147.0 Firefox/147.0"
109.41.112.57 - - [29/Jan/2026:04:31:48 -0500] "GET /media/thumbs/4/6/5/5/6/46556f48f4d3fd.mp4/46556f48f4d3fd.mp4-3.jpg HTTP/1.1" 200 14040 "https://porn.tw/video/jade49-shemale-having-a-hot-threesome-592.html" "Mozilla/5.0 (Android 16; Mobile; rv:147.0) Gecko/147.0 Firefox/147.0"
109.41.112.57 - - [29/Jan/2026:04:31:48 -0500] "GET /media/thumbs/4/6/5/5/1/465519c2856628.mp4/465519c2856628.mp4-3.jpg HTTP/1.1" 200 9439 "https://porn.tw/video/jade49-shemale-having-a-hot-threesome-592.html" "Mozilla/5.0 (Android 16; Mobile; rv:147.0) Gecko/147.0 Firefox/147.0"
109.41.112.57 - - [29/Jan/2026:04:31:48 -0500] "GET /media/thumbs/4/6/5/5/8/4655827703387a.mp4/4655827703387a.mp4-3.jpg HTTP/1.1" 200 12066 "https://porn.tw/video/jade49-shemale-having-a-hot-threesome-592.html" "Mozilla/5.0 (Android 16; Mobile; rv:147.0) Gecko/147.0 Firefox/147.0"
109.41.112.57 - - [29/Jan/2026:04:31:48 -0500] "GET /media/thumbs/4/6/5/7/c/4657c3205b9997.mp4/4657c3205b9997.mp4-3.jpg HTTP/1.1" 200 11510 "https://porn.tw/video/jade49-shemale-having-a-hot-threesome-592.html" "Mozilla/5.0 (Android 16; Mobile; rv:147.0) Gecko/147.0 Firefox/147.0"
109.41.112.57 - - [29/Jan/2026:04:31:48 -0500] "GET /media/videos/4/6/5/b/3/465b31fbdf40f4.mp4 HTTP/1.1" 206 399022420 "https://porn.tw/video/jade49-shemale-having-a-hot-threesome-592.html" "Mozilla/5.0 (Android 16; Mobile; rv:147.0) Gecko/147.0 Firefox/147.0"
109.41.112.57 - - [29/Jan/2026:04:31:51 -0500] "GET /media/videos/4/6/5/b/3/465b31fbdf40f4.mp4 HTTP/1.1" 206 199104852 "https://porn.tw/video/jade49-shemale-having-a-hot-threesome-592.html" "Mozilla/5.0 (Android 16; Mobile; rv:147.0) Gecko/147.0 Firefox/147.0"
109.41.112.57 - - [29/Jan/2026:04:31:52 -0500] "GET /media/videos/4/6/5/b/3/465b31fbdf40f4.mp4 HTTP/1.1" 206 194222420 "https://porn.tw/video/jade49-shemale-having-a-hot-threesome-592.html" "Mozilla/5.0 (Android 16; Mobile; rv:147.0) Gecko/147.0 Firefox/147.0"
109.41.112.57 - - [29/Jan/2026:04:31:52 -0500] "GET /media/videos/4/6/5/b/3/465b31fbdf40f4.mp4 HTTP/1.1" 206 193960276 "https://porn.tw/video/jade49-shemale-having-a-hot-threesome-592.html" "Mozilla/5.0 (Android 16; Mobile; rv:147.0) Gecko/147.0 Firefox/147.0"
109.41.112.57 - - [29/Jan/2026:04:31:53 -0500] "GET /media/videos/4/6/5/b/3/465b31fbdf40f4.mp4 HTTP/1.1" 206 198744404 "https://porn.tw/video/jade49-shemale-having-a-hot-threesome-592.html" "Mozilla/5.0 (Android 16; Mobile; rv:147.0) Gecko/147.0 Firefox/147.0"
98.63.199.239 - - [29/Jan/2026:04:31:54 -0500] "GET /media/videos/1/1/6/7/b/1167b414f035e3d.mp4 HTTP/1.1" 206 122964287 "https://porn.tw/video/sofiakaufman-blonde-s-sweet-hole-vibration-cam-porn-2868.html" "Mozilla/5.0 (iPhone; CPU iPhone OS 18_7 like Mac OS X) AppleWebKit/605.1.15 (KHTML, like Gecko) Version/26.2 Mobile/15E148 Safari/604.1"
217.113.194.72 - - [29/Jan/2026:04:31:56 -0500] "GET /search/dripping-pussy/rating/page7.html HTTP/1.1" 200 79327 "-" "Mozilla/5.0 (compatible; Barkrowler/0.9; +https://babbar.tech/crawler)"
114.119.132.9 - - [29/Jan/2026:04:31:57 -0500] "GET /video/sissysam-gets-thick-cock-sucked-by-horny-trap-25.html&title=Sissysam%20Gets%20Thick%20Cock%20Sucked%20By%20Horny%20Trap HTTP/1.1" 404 18278 "https://porn.tw/video/sissysam-gets-thick-cock-sucked-by-horny-trap-25.html" "Mozilla/5.0 (Linux; Android 7.0;) AppleWebKit/537.36 (KHTML, like Gecko) Mobile Safari/537.36 (compatible; PetalBot;+https://webmaster.petalsearch.com/site/petalbot)"
98.63.199.239 - - [29/Jan/2026:04:31:59 -0500] "GET /media/videos/1/1/6/7/b/1167b414f035e3d.mp4 HTTP/1.1" 206 115165503 "https://porn.tw/video/sofiakaufman-blonde-s-sweet-hole-vibration-cam-porn-2868.html" "Mozilla/5.0 (iPhone; CPU iPhone OS 18_7 like Mac OS X) AppleWebKit/605.1.15 (KHTML, like Gecko) Version/26.2 Mobile/15E148 Safari/604.1"
217.113.194.73 - - [29/Jan/2026:04:32:01 -0500] "GET /search/seductive-vixen/page1.html HTTP/1.1" 200 71624 "-" "Mozilla/5.0 (compatible; Barkrowler/0.9; +https://babbar.tech/crawler)"
109.41.112.57 - - [29/Jan/2026:04:32:02 -0500] "GET /video/jade49-shemale-cam-1880.html HTTP/1.1" 200 52507 "https://www.google.com/" "Mozilla/5.0 (Android 16; Mobile; rv:147.0) Gecko/147.0 Firefox/147.0"
109.41.112.57 - - [29/Jan/2026:04:32:02 -0500] "GET /templates/default_tube2019/template.ajax_comments.php?id=1880&type=0&loaded=0&time=1769679123246 HTTP/1.1" 200 133 "https://porn.tw/video/jade49-shemale-cam-1880.html" "Mozilla/5.0 (Android 16; Mobile; rv:147.0) Gecko/147.0 Firefox/147.0"
109.41.112.57 - - [29/Jan/2026:04:32:03 -0500] "GET /webvtt/1880.vtt HTTP/1.1" 200 3944 "https://porn.tw/video/jade49-shemale-cam-1880.html" "Mozilla/5.0 (Android 16; Mobile; rv:147.0) Gecko/147.0 Firefox/147.0"
109.41.112.57 - - [29/Jan/2026:04:32:03 -0500] "GET /media/videos/2/6/6/6/d/2666df37025d559.mp4 HTTP/1.1" 206 241818608 "https://porn.tw/video/jade49-shemale-cam-1880.html" "Mozilla/5.0 (Android 16; Mobile; rv:147.0) Gecko/147.0 Firefox/147.0"
109.41.112.57 - - [29/Jan/2026:04:32:05 -0500] "GET /media/thumbs/2/6/6/6/d/2666df37025d559.mp4/2666df37025d559.mp4-3.jpg HTTP/1.1" 200 12886 "https://www.google.com/" "Mozilla/5.0 (Android 16; Mobile; rv:147.0) Gecko/147.0 Firefox/147.0"
98.63.199.239 - - [29/Jan/2026:04:32:05 -0500] "GET /media/videos/1/1/6/7/b/1167b414f035e3d.mp4 HTTP/1.1" 206 106514751 "https://porn.tw/video/sofiakaufman-blonde-s-sweet-hole-vibration-cam-porn-2868.html" "Mozilla/5.0 (iPhone; CPU iPhone OS 18_7 like Mac OS X) AppleWebKit/605.1.15 (KHTML, like Gecko) Version/26.2 Mobile/15E148 Safari/604.1"
220.181.108.93 - - [29/Jan/2026:04:32:07 -0500] "GET /search/fucking.-couple/page1.html HTTP/1.1" 403 - "-" "Mozilla/5.0 (compatible; Baiduspider/2.0; +http://www.baidu.com/search/spider.html)"
3.222.190.107 - - [29/Jan/2026:04:32:08 -0500] "GET /search/vanesaboltonn-webcam/ HTTP/1.1" 200 71722 "-" "Mozilla/5.0 AppleWebKit/537.36 (KHTML, like Gecko; compatible; Amazonbot/0.1; +https://developer.amazon.com/support/amazonbot) Chrome/119.0.6045.214 Safari/537.36"
98.63.199.239 - - [29/Jan/2026:04:32:10 -0500] "GET /media/videos/1/1/6/7/b/1167b414f035e3d.mp4 HTTP/1.1" 206 96553279 "https://porn.tw/video/sofiakaufman-blonde-s-sweet-hole-vibration-cam-porn-2868.html" "Mozilla/5.0 (iPhone; CPU iPhone OS 18_7 like Mac OS X) AppleWebKit/605.1.15 (KHTML, like Gecko) Version/26.2 Mobile/15E148 Safari/604.1"
217.113.194.72 - - [29/Jan/2026:04:32:12 -0500] "GET /search/dripping-pussy/rating/page3.html HTTP/1.1" 200 73879 "-" "Mozilla/5.0 (compatible; Barkrowler/0.9; +https://babbar.tech/crawler)"
98.63.199.239 - - [29/Jan/2026:04:32:12 -0500] "GET /media/videos/1/1/6/7/b/1167b414f035e3d.mp4 HTTP/1.1" 206 86919487 "https://porn.tw/video/sofiakaufman-blonde-s-sweet-hole-vibration-cam-porn-2868.html" "Mozilla/5.0 (iPhone; CPU iPhone OS 18_7 like Mac OS X) AppleWebKit/605.1.15 (KHTML, like Gecko) Version/26.2 Mobile/15E148 Safari/604.1"
98.63.199.239 - - [29/Jan/2026:04:32:13 -0500] "GET /media/videos/1/1/6/7/b/1167b414f035e3d.mp4 HTTP/1.1" 206 65536 "https://porn.tw/video/sofiakaufman-blonde-s-sweet-hole-vibration-cam-porn-2868.html" "Mozilla/5.0 (iPhone; CPU iPhone OS 18_7 like Mac OS X) AppleWebKit/605.1.15 (KHTML, like Gecko) Version/26.2 Mobile/15E148 Safari/604.1"
98.63.199.239 - - [29/Jan/2026:04:32:13 -0500] "GET /media/videos/1/1/6/7/b/1167b414f035e3d.mp4 HTTP/1.1" 206 65536 "https://porn.tw/video/sofiakaufman-blonde-s-sweet-hole-vibration-cam-porn-2868.html" "Mozilla/5.0 (iPhone; CPU iPhone OS 18_7 like Mac OS X) AppleWebKit/605.1.15 (KHTML, like Gecko) Version/26.2 Mobile/15E148 Safari/604.1"
98.63.199.239 - - [29/Jan/2026:04:32:13 -0500] "GET /media/videos/1/1/6/7/b/1167b414f035e3d.mp4 HTTP/1.1" 206 65536 "https://porn.tw/video/sofiakaufman-blonde-s-sweet-hole-vibration-cam-porn-2868.html" "Mozilla/5.0 (iPhone; CPU iPhone OS 18_7 like Mac OS X) AppleWebKit/605.1.15 (KHTML, like Gecko) Version/26.2 Mobile/15E148 Safari/604.1"
98.63.199.239 - - [29/Jan/2026:04:32:13 -0500] "GET /media/videos/1/1/6/7/b/1167b414f035e3d.mp4 HTTP/1.1" 206 65536 "https://porn.tw/video/sofiakaufman-blonde-s-sweet-hole-vibration-cam-porn-2868.html" "Mozilla/5.0 (iPhone; CPU iPhone OS 18_7 like Mac OS X) AppleWebKit/605.1.15 (KHTML, like Gecko) Version/26.2 Mobile/15E148 Safari/604.1"
98.63.199.239 - - [29/Jan/2026:04:32:13 -0500] "GET /media/videos/1/1/6/7/b/1167b414f035e3d.mp4 HTTP/1.1" 206 65536 "https://porn.tw/video/sofiakaufman-blonde-s-sweet-hole-vibration-cam-porn-2868.html" "Mozilla/5.0 (iPhone; CPU iPhone OS 18_7 like Mac OS X) AppleWebKit/605.1.15 (KHTML, like Gecko) Version/26.2 Mobile/15E148 Safari/604.1"
98.63.199.239 - - [29/Jan/2026:04:32:14 -0500] "GET /media/videos/1/1/6/7/b/1167b414f035e3d.mp4 HTTP/1.1" 206 65536 "https://porn.tw/video/sofiakaufman-blonde-s-sweet-hole-vibration-cam-porn-2868.html" "Mozilla/5.0 (iPhone; CPU iPhone OS 18_7 like Mac OS X) AppleWebKit/605.1.15 (KHTML, like Gecko) Version/26.2 Mobile/15E148 Safari/604.1"
98.63.199.239 - - [29/Jan/2026:04:32:14 -0500] "GET /media/videos/1/1/6/7/b/1167b414f035e3d.mp4 HTTP/1.1" 206 65536 "https://porn.tw/video/sofiakaufman-blonde-s-sweet-hole-vibration-cam-porn-2868.html" "Mozilla/5.0 (iPhone; CPU iPhone OS 18_7 like Mac OS X) AppleWebKit/605.1.15 (KHTML, like Gecko) Version/26.2 Mobile/15E148 Safari/604.1"
98.63.199.239 - - [29/Jan/2026:04:32:14 -0500] "GET /media/videos/1/1/6/7/b/1167b414f035e3d.mp4 HTTP/1.1" 206 58214719 "https://porn.tw/video/sofiakaufman-blonde-s-sweet-hole-vibration-cam-porn-2868.html" "Mozilla/5.0 (iPhone; CPU iPhone OS 18_7 like Mac OS X) AppleWebKit/605.1.15 (KHTML, like Gecko) Version/26.2 Mobile/15E148 Safari/604.1"
98.63.199.239 - - [29/Jan/2026:04:32:14 -0500] "GET /media/videos/1/1/6/7/b/1167b414f035e3d.mp4 HTTP/1.1" 206 65536 "https://porn.tw/video/sofiakaufman-blonde-s-sweet-hole-vibration-cam-porn-2868.html" "Mozilla/5.0 (iPhone; CPU iPhone OS 18_7 like Mac OS X) AppleWebKit/605.1.15 (KHTML, like Gecko) Version/26.2 Mobile/15E148 Safari/604.1"
98.63.199.239 - - [29/Jan/2026:04:32:14 -0500] "GET /media/videos/1/1/6/7/b/1167b414f035e3d.mp4 HTTP/1.1" 206 65536 "https://porn.tw/video/sofiakaufman-blonde-s-sweet-hole-vibration-cam-porn-2868.html" "Mozilla/5.0 (iPhone; CPU iPhone OS 18_7 like Mac OS X) AppleWebKit/605.1.15 (KHTML, like Gecko) Version/26.2 Mobile/15E148 Safari/604.1"
119.249.100.50 - - [29/Jan/2026:04:32:15 -0500] "GET /search/fucking.-couple/page1.html HTTP/1.1" 200 71235 "-" "Mozilla/5.0 (Windows NT 10.0; WOW64) AppleWebKit/537.36 (KHTML, like Gecko) Chrome/48.0.2564.116 Safari/537.36"
217.113.194.80 - - [29/Jan/2026:04:32:17 -0500] "GET /user/barebackeddave-98/ HTTP/1.1" 200 26278 "-" "Mozilla/5.0 (compatible; Barkrowler/0.9; +https://babbar.tech/crawler)"
66.249.74.4 - - [29/Jan/2026:04:32:19 -0500] "GET /search/blonde-emmaaaa-cam/views/page2.html HTTP/1.1" 200 72945 "-" "Mozilla/5.0 (Linux; Android 6.0.1; Nexus 5X Build/MMB29P) AppleWebKit/537.36 (KHTML, like Gecko) Chrome/143.0.7499.192 Mobile Safari/537.36 (compatible; Googlebot/2.1; +http://www.google.com/bot.html)"
217.113.194.80 - - [29/Jan/2026:04:32:27 -0500] "GET /search/dripping-pussy/newest/page1.html HTTP/1.1" 200 74269 "-" "Mozilla/5.0 (compatible; Barkrowler/0.9; +https://babbar.tech/crawler)"
98.63.199.239 - - [29/Jan/2026:04:32:29 -0500] "GET /media/videos/1/1/6/7/b/1167b414f035e3d.mp4 HTTP/1.1" 206 4999487 "https://porn.tw/video/sofiakaufman-blonde-s-sweet-hole-vibration-cam-porn-2868.html" "Mozilla/5.0 (iPhone; CPU iPhone OS 18_7 like Mac OS X) AppleWebKit/605.1.15 (KHTML, like Gecko) Version/26.2 Mobile/15E148 Safari/604.1"
217.113.194.77 - - [29/Jan/2026:04:32:32 -0500] "GET /user/milenmarshmalow-100/ HTTP/1.1" 200 29777 "-" "Mozilla/5.0 (compatible; Barkrowler/0.9; +https://babbar.tech/crawler)"
217.113.194.76 - - [29/Jan/2026:04:32:43 -0500] "GET /search/dripping-wet-pussy/page1.html HTTP/1.1" 200 73208 "-" "Mozilla/5.0 (compatible; Barkrowler/0.9; +https://babbar.tech/crawler)"
98.63.199.239 - - [29/Jan/2026:04:32:47 -0500] "GET /media/thumbs/1/1/6/7/b/1167b826e8b8260.mp4/1167b826e8b8260.mp4-5.jpg HTTP/1.1" 200 10402 "https://porn.tw/video/sofiakaufman-blonde-s-sweet-hole-vibration-cam-porn-2868.html" "Mozilla/5.0 (iPhone; CPU iPhone OS 18_7 like Mac OS X) AppleWebKit/605.1.15 (KHTML, like Gecko) Version/26.2 Mobile/15E148 Safari/604.1"
98.63.199.239 - - [29/Jan/2026:04:32:47 -0500] "GET /media/thumbs/1/1/6/7/b/1167b826e8b8260.mp4/1167b826e8b8260.mp4-6.jpg HTTP/1.1" 200 10744 "https://porn.tw/video/sofiakaufman-blonde-s-sweet-hole-vibration-cam-porn-2868.html" "Mozilla/5.0 (iPhone; CPU iPhone OS 18_7 like Mac OS X) AppleWebKit/605.1.15 (KHTML, like Gecko) Version/26.2 Mobile/15E148 Safari/604.1"
98.63.199.239 - - [29/Jan/2026:04:32:47 -0500] "GET /media/thumbs/1/1/6/7/b/1167b826e8b8260.mp4/1167b826e8b8260.mp4-7.jpg HTTP/1.1" 200 10229 "https://porn.tw/video/sofiakaufman-blonde-s-sweet-hole-vibration-cam-porn-2868.html" "Mozilla/5.0 (iPhone; CPU iPhone OS 18_7 like Mac OS X) AppleWebKit/605.1.15 (KHTML, like Gecko) Version/26.2 Mobile/15E148 Safari/604.1"
217.113.194.81 - - [29/Jan/2026:04:32:48 -0500] "GET /action.php?action=reportVideo&id=109 HTTP/1.1" 200 3598 "-" "Mozilla/5.0 (compatible; Barkrowler/0.9; +https://babbar.tech/crawler)"
98.63.199.239 - - [29/Jan/2026:04:32:48 -0500] "GET /media/thumbs/1/1/6/7/b/1167b826e8b8260.mp4/1167b826e8b8260.mp4-8.jpg HTTP/1.1" 200 10012 "https://porn.tw/video/sofiakaufman-blonde-s-sweet-hole-vibration-cam-porn-2868.html" "Mozilla/5.0 (iPhone; CPU iPhone OS 18_7 like Mac OS X) AppleWebKit/605.1.15 (KHTML, like Gecko) Version/26.2 Mobile/15E148 Safari/604.1"
98.63.199.239 - - [29/Jan/2026:04:32:48 -0500] "GET /media/thumbs/1/1/6/7/b/1167b826e8b8260.mp4/1167b826e8b8260.mp4-9.jpg HTTP/1.1" 200 10892 "https://porn.tw/video/sofiakaufman-blonde-s-sweet-hole-vibration-cam-porn-2868.html" "Mozilla/5.0 (iPhone; CPU iPhone OS 18_7 like Mac OS X) AppleWebKit/605.1.15 (KHTML, like Gecko) Version/26.2 Mobile/15E148 Safari/604.1"
116.179.32.146 - - [29/Jan/2026:04:32:49 -0500] "GET /search/erotic-hairy-orgasm/views/page4.html HTTP/1.1" 403 - "-" "Mozilla/5.0 (compatible; Baiduspider/2.0; +http://www.baidu.com/search/spider.html)"
98.63.199.239 - - [29/Jan/2026:04:32:49 -0500] "GET /media/thumbs/1/1/6/7/b/1167b826e8b8260.mp4/1167b826e8b8260.mp4-1.jpg HTTP/1.1" 200 10273 "https://porn.tw/video/sofiakaufman-blonde-s-sweet-hole-vibration-cam-porn-2868.html" "Mozilla/5.0 (iPhone; CPU iPhone OS 18_7 like Mac OS X) AppleWebKit/605.1.15 (KHTML, like Gecko) Version/26.2 Mobile/15E148 Safari/604.1"
98.63.199.239 - - [29/Jan/2026:04:32:49 -0500] "GET /media/thumbs/1/1/6/7/b/1167b826e8b8260.mp4/1167b826e8b8260.mp4-2.jpg HTTP/1.1" 200 8393 "https://porn.tw/video/sofiakaufman-blonde-s-sweet-hole-vibration-cam-porn-2868.html" "Mozilla/5.0 (iPhone; CPU iPhone OS 18_7 like Mac OS X) AppleWebKit/605.1.15 (KHTML, like Gecko) Version/26.2 Mobile/15E148 Safari/604.1"
98.63.199.239 - - [29/Jan/2026:04:32:50 -0500] "GET /media/thumbs/1/1/6/7/b/1167b826e8b8260.mp4/1167b826e8b8260.mp4-3.jpg HTTP/1.1" 200 10345 "https://porn.tw/video/sofiakaufman-blonde-s-sweet-hole-vibration-cam-porn-2868.html" "Mozilla/5.0 (iPhone; CPU iPhone OS 18_7 like Mac OS X) AppleWebKit/605.1.15 (KHTML, like Gecko) Version/26.2 Mobile/15E148 Safari/604.1"
66.249.65.37 - - [29/Jan/2026:04:32:52 -0500] "GET /uploads-by-user/2/ HTTP/1.1" 200 55320 "-" "Mozilla/5.0 (Linux; Android 6.0.1; Nexus 5X Build/MMB29P) AppleWebKit/537.36 (KHTML, like Gecko) Chrome/143.0.7499.192 Mobile Safari/537.36 (compatible; Googlebot/2.1; +http://www.google.com/bot.html)"
98.63.199.239 - - [29/Jan/2026:04:32:55 -0500] "GET /media/thumbs/1/1/6/7/b/1167bad549b3797.mp4/1167bad549b3797.mp4-2.jpg HTTP/1.1" 200 7506 "https://porn.tw/video/sofiakaufman-blonde-s-sweet-hole-vibration-cam-porn-2868.html" "Mozilla/5.0 (iPhone; CPU iPhone OS 18_7 like Mac OS X) AppleWebKit/605.1.15 (KHTML, like Gecko) Version/26.2 Mobile/15E148 Safari/604.1"
98.63.199.239 - - [29/Jan/2026:04:32:56 -0500] "GET /media/thumbs/1/1/6/7/b/1167bad549b3797.mp4/1167bad549b3797.mp4-3.jpg HTTP/1.1" 200 5325 "https://porn.tw/video/sofiakaufman-blonde-s-sweet-hole-vibration-cam-porn-2868.html" "Mozilla/5.0 (iPhone; CPU iPhone OS 18_7 like Mac OS X) AppleWebKit/605.1.15 (KHTML, like Gecko) Version/26.2 Mobile/15E148 Safari/604.1"
98.63.199.239 - - [29/Jan/2026:04:32:56 -0500] "GET /media/thumbs/1/1/6/7/b/1167bad549b3797.mp4/1167bad549b3797.mp4-4.jpg HTTP/1.1" 200 10193 "https://porn.tw/video/sofiakaufman-blonde-s-sweet-hole-vibration-cam-porn-2868.html" "Mozilla/5.0 (iPhone; CPU iPhone OS 18_7 like Mac OS X) AppleWebKit/605.1.15 (KHTML, like Gecko) Version/26.2 Mobile/15E148 Safari/604.1"
98.63.199.239 - - [29/Jan/2026:04:32:57 -0500] "GET /media/thumbs/1/1/6/7/b/1167bad549b3797.mp4/1167bad549b3797.mp4-5.jpg HTTP/1.1" 200 10290 "https://porn.tw/video/sofiakaufman-blonde-s-sweet-hole-vibration-cam-porn-2868.html" "Mozilla/5.0 (iPhone; CPU iPhone OS 18_7 like Mac OS X) AppleWebKit/605.1.15 (KHTML, like Gecko) Version/26.2 Mobile/15E148 Safari/604.1"
98.63.199.239 - - [29/Jan/2026:04:32:57 -0500] "GET /video/jessicaportman-pretty-blonde-toys-pink-pussy-cam-porn-2885.html HTTP/1.1" 200 57735 "https://porn.tw/video/sofiakaufman-blonde-s-sweet-hole-vibration-cam-porn-2868.html" "Mozilla/5.0 (iPhone; CPU iPhone OS 18_7 like Mac OS X) AppleWebKit/605.1.15 (KHTML, like Gecko) Version/26.2 Mobile/15E148 Safari/604.1"
98.63.199.239 - - [29/Jan/2026:04:32:57 -0500] "GET /media/thumbs/1/1/6/7/b/1167bad549b3797.mp4/vtt_005.jpg HTTP/1.1" 200 6798 "https://porn.tw/video/jessicaportman-pretty-blonde-toys-pink-pussy-cam-porn-2885.html" "Mozilla/5.0 (iPhone; CPU iPhone OS 18_7 like Mac OS X) AppleWebKit/605.1.15 (KHTML, like Gecko) Version/26.2 Mobile/15E148 Safari/604.1"
98.63.199.239 - - [29/Jan/2026:04:32:57 -0500] "GET /media/thumbs/1/1/6/7/b/1167bad549b3797.mp4/vtt_010.jpg HTTP/1.1" 200 6943 "https://porn.tw/video/jessicaportman-pretty-blonde-toys-pink-pussy-cam-porn-2885.html" "Mozilla/5.0 (iPhone; CPU iPhone OS 18_7 like Mac OS X) AppleWebKit/605.1.15 (KHTML, like Gecko) Version/26.2 Mobile/15E148 Safari/604.1"
98.63.199.239 - - [29/Jan/2026:04:32:57 -0500] "GET /media/thumbs/7/6/6/4/3/766432d1932d83.mp4/766432d1932d83.mp4-4.jpg HTTP/1.1" 200 15290 "https://porn.tw/video/jessicaportman-pretty-blonde-toys-pink-pussy-cam-porn-2885.html" "Mozilla/5.0 (iPhone; CPU iPhone OS 18_7 like Mac OS X) AppleWebKit/605.1.15 (KHTML, like Gecko) Version/26.2 Mobile/15E148 Safari/604.1"
98.63.199.239 - - [29/Jan/2026:04:32:57 -0500] "GET /media/thumbs/1/1/6/7/b/1167bad549b3797.mp4/vtt_055.jpg HTTP/1.1" 200 7270 "https://porn.tw/video/jessicaportman-pretty-blonde-toys-pink-pussy-cam-porn-2885.html" "Mozilla/5.0 (iPhone; CPU iPhone OS 18_7 like Mac OS X) AppleWebKit/605.1.15 (KHTML, like Gecko) Version/26.2 Mobile/15E148 Safari/604.1"
98.63.199.239 - - [29/Jan/2026:04:32:57 -0500] "GET /core/js/ageWarningJs.php HTTP/1.1" 200 1037 "https://porn.tw/video/jessicaportman-pretty-blonde-toys-pink-pussy-cam-porn-2885.html" "Mozilla/5.0 (iPhone; CPU iPhone OS 18_7 like Mac OS X) AppleWebKit/605.1.15 (KHTML, like Gecko) Version/26.2 Mobile/15E148 Safari/604.1"
98.63.199.239 - - [29/Jan/2026:04:32:57 -0500] "GET /core/js/gdprJs.php HTTP/1.1" 200 1238 "https://porn.tw/video/jessicaportman-pretty-blonde-toys-pink-pussy-cam-porn-2885.html" "Mozilla/5.0 (iPhone; CPU iPhone OS 18_7 like Mac OS X) AppleWebKit/605.1.15 (KHTML, like Gecko) Version/26.2 Mobile/15E148 Safari/604.1"
98.63.199.239 - - [29/Jan/2026:04:32:57 -0500] "GET /media/thumbs/1/1/6/7/b/1167bad549b3797.mp4/vtt_025.jpg HTTP/1.1" 200 6231 "https://porn.tw/video/jessicaportman-pretty-blonde-toys-pink-pussy-cam-porn-2885.html" "Mozilla/5.0 (iPhone; CPU iPhone OS 18_7 like Mac OS X) AppleWebKit/605.1.15 (KHTML, like Gecko) Version/26.2 Mobile/15E148 Safari/604.1"
98.63.199.239 - - [29/Jan/2026:04:32:57 -0500] "GET /media/videos/1/1/6/7/b/1167bad549b3797.mp4 HTTP/1.1" 206 2 "https://porn.tw/video/jessicaportman-pretty-blonde-toys-pink-pussy-cam-porn-2885.html" "Mozilla/5.0 (iPhone; CPU iPhone OS 18_7 like Mac OS X) AppleWebKit/605.1.15 (KHTML, like Gecko) Version/26.2 Mobile/15E148 Safari/604.1"
98.63.199.239 - - [29/Jan/2026:04:32:57 -0500] "GET /webvtt/2885.vtt HTTP/1.1" 200 6056 "https://porn.tw/video/jessicaportman-pretty-blonde-toys-pink-pussy-cam-porn-2885.html" "Mozilla/5.0 (iPhone; CPU iPhone OS 18_7 like Mac OS X) AppleWebKit/605.1.15 (KHTML, like Gecko) Version/26.2 Mobile/15E148 Safari/604.1"
98.63.199.239 - - [29/Jan/2026:04:32:57 -0500] "GET /media/thumbs/3/6/6/9/6/366960f157b37d.mp4/366960f157b37d.mp4-8.jpg HTTP/1.1" 200 8568 "https://porn.tw/video/jessicaportman-pretty-blonde-toys-pink-pussy-cam-porn-2885.html" "Mozilla/5.0 (iPhone; CPU iPhone OS 18_7 like Mac OS X) AppleWebKit/605.1.15 (KHTML, like Gecko) Version/26.2 Mobile/15E148 Safari/604.1"
98.63.199.239 - - [29/Jan/2026:04:32:57 -0500] "GET /media/thumbs/7/6/6/7/9/7667991627583f.mp4/7667991627583f.mp4-4.jpg HTTP/1.1" 200 10852 "https://porn.tw/video/jessicaportman-pretty-blonde-toys-pink-pussy-cam-porn-2885.html" "Mozilla/5.0 (iPhone; CPU iPhone OS 18_7 like Mac OS X) AppleWebKit/605.1.15 (KHTML, like Gecko) Version/26.2 Mobile/15E148 Safari/604.1"
98.63.199.239 - - [29/Jan/2026:04:32:57 -0500] "GET /media/thumbs/1/1/6/7/b/1167bad549b3797.mp4/vtt_020.jpg HTTP/1.1" 200 6219 "https://porn.tw/video/jessicaportman-pretty-blonde-toys-pink-pussy-cam-porn-2885.html" "Mozilla/5.0 (iPhone; CPU iPhone OS 18_7 like Mac OS X) AppleWebKit/605.1.15 (KHTML, like Gecko) Version/26.2 Mobile/15E148 Safari/604.1"
