98.63.199.239 - - [29/Jan/2026:04:19:15 -0500] "GET /media/videos/7/6/5/e/e/765ee98107dd0e.mp4 HTTP/1.1" 206 65536 "https://porn.tw/video/sammy-roberts-horny-latina-dildo-fucks-her-wet-pussy-859.html" "Mozilla/5.0 (iPhone; CPU iPhone OS 18_7 like Mac OS X) AppleWebKit/605.1.15 (KHTML, like Gecko) Version/26.2 Mobile/15E148 Safari/604.1"
98.63.199.239 - - [29/Jan/2026:04:19:15 -0500] "GET /media/videos/7/6/5/e/e/765ee98107dd0e.mp4 HTTP/1.1" 206 65536 "https://porn.tw/video/sammy-roberts-horny-latina-dildo-fucks-her-wet-pussy-859.html" "Mozilla/5.0 (iPhone; CPU iPhone OS 18_7 like Mac OS X) AppleWebKit/605.1.15 (KHTML, like Gecko) Version/26.2 Mobile/15E148 Safari/604.1"
98.63.199.239 - - [29/Jan/2026:04:19:15 -0500] "GET /media/videos/7/6/5/e/e/765ee98107dd0e.mp4 HTTP/1.1" 206 131072 "https://porn.tw/video/sammy-roberts-horny-latina-dildo-fucks-her-wet-pussy-859.html" "Mozilla/5.0 (iPhone; CPU iPhone OS 18_7 like Mac OS X) AppleWebKit/605.1.15 (KHTML, like Gecko) Version/26.2 Mobile/15E148 Safari/604.1"
98.63.199.239 - - [29/Jan/2026:04:19:15 -0500] "GET /media/videos/7/6/5/e/e/765ee98107dd0e.mp4 HTTP/1.1" 206 65536 "https://porn.tw/video/sammy-roberts-horny-latina-dildo-fucks-her-wet-pussy-859.html" "Mozilla/5.0 (iPhone; CPU iPhone OS 18_7 like Mac OS X) AppleWebKit/605.1.15 (KHTML, like Gecko) Version/26.2 Mobile/15E148 Safari/604.1"
98.63.199.239 - - [29/Jan/2026:04:19:16 -0500] "GET /media/videos/7/6/5/e/e/765ee98107dd0e.mp4 HTTP/1.1" 206 131072 "https://porn.tw/video/sammy-roberts-horny-latina-dildo-fucks-her-wet-pussy-859.html" "Mozilla/5.0 (iPhone; CPU iPhone OS 18_7 like Mac OS X) AppleWebKit/605.1.15 (KHTML, like Gecko) Version/26.2 Mobile/15E148 Safari/604.1"
98.63.199.239 - - [29/Jan/2026:04:19:16 -0500] "GET /media/videos/7/6/5/e/e/765ee98107dd0e.mp4 HTTP/1.1" 206 65536 "https://porn.tw/video/sammy-roberts-horny-latina-dildo-fucks-her-wet-pussy-859.html" "Mozilla/5.0 (iPhone; CPU iPhone OS 18_7 like Mac OS X) AppleWebKit/605.1.15 (KHTML, like Gecko) Version/26.2 Mobile/15E148 Safari/604.1"
98.63.199.239 - - [29/Jan/2026:04:19:16 -0500] "GET /media/videos/7/6/5/e/e/765ee98107dd0e.mp4 HTTP/1.1" 206 131072 "https://porn.tw/video/sammy-roberts-horny-latina-dildo-fucks-her-wet-pussy-859.html" "Mozilla/5.0 (iPhone; CPU iPhone OS 18_7 like Mac OS X) AppleWebKit/605.1.15 (KHTML, like Gecko) Version/26.2 Mobile/15E148 Safari/604.1"
98.63.199.239 - - [29/Jan/2026:04:19:16 -0500] "GET /media/videos/7/6/5/e/e/765ee98107dd0e.mp4 HTTP/1.1" 206 65536 "https://porn.tw/video/sammy-roberts-horny-latina-dildo-fucks-her-wet-pussy-859.html" "Mozilla/5.0 (iPhone; CPU iPhone OS 18_7 like Mac OS X) AppleWebKit/605.1.15 (KHTML, like Gecko) Version/26.2 Mobile/15E148 Safari/604.1"
98.63.199.239 - - [29/Jan/2026:04:19:16 -0500] "GET /media/videos/7/6/5/e/e/765ee98107dd0e.mp4 HTTP/1.1" 206 196608 "https://porn.tw/video/sammy-roberts-horny-latina-dildo-fucks-her-wet-pussy-859.html" "Mozilla/5.0 (iPhone; CPU iPhone OS 18_7 like Mac OS X) AppleWebKit/605.1.15 (KHTML, like Gecko) Version/26.2 Mobile/15E148 Safari/604.1"
98.63.199.239 - - [29/Jan/2026:04:19:16 -0500] "GET /media/videos/7/6/5/e/e/765ee98107dd0e.mp4 HTTP/1.1" 206 65536 "https://porn.tw/video/sammy-roberts-horny-latina-dildo-fucks-her-wet-pussy-859.html" "Mozilla/5.0 (iPhone; CPU iPhone OS 18_7 like Mac OS X) AppleWebKit/605.1.15 (KHTML, like Gecko) Version/26.2 Mobile/15E148 Safari/604.1"
98.63.199.239 - - [29/Jan/2026:04:19:16 -0500] "GET /media/videos/7/6/5/e/e/765ee98107dd0e.mp4 HTTP/1.1" 206 65536 "https://porn.tw/video/sammy-roberts-horny-latina-dildo-fucks-her-wet-pussy-859.html" "Mozilla/5.0 (iPhone; CPU iPhone OS 18_7 like Mac OS X) AppleWebKit/605.1.15 (KHTML, like Gecko) Version/26.2 Mobile/15E148 Safari/604.1"
98.63.199.239 - - [29/Jan/2026:04:19:16 -0500] "GET /media/videos/7/6/5/e/e/765ee98107dd0e.mp4 HTTP/1.1" 206 65536 "https://porn.tw/video/sammy-roberts-horny-latina-dildo-fucks-her-wet-pussy-859.html" "Mozilla/5.0 (iPhone; CPU iPhone OS 18_7 like Mac OS X) AppleWebKit/605.1.15 (KHTML, like Gecko) Version/26.2 Mobile/15E148 Safari/604.1"
98.63.199.239 - - [29/Jan/2026:04:19:16 -0500] "GET /media/videos/7/6/5/e/e/765ee98107dd0e.mp4 HTTP/1.1" 206 196608 "https://porn.tw/video/sammy-roberts-horny-latina-dildo-fucks-her-wet-pussy-859.html" "Mozilla/5.0 (iPhone; CPU iPhone OS 18_7 like Mac OS X) AppleWebKit/605.1.15 (KHTML, like Gecko) Version/26.2 Mobile/15E148 Safari/604.1"
98.63.199.239 - - [29/Jan/2026:04:19:16 -0500] "GET /media/videos/7/6/5/e/e/765ee98107dd0e.mp4 HTTP/1.1" 206 65536 "https://porn.tw/video/sammy-roberts-horny-latina-dildo-fucks-her-wet-pussy-859.html" "Mozilla/5.0 (iPhone; CPU iPhone OS 18_7 like Mac OS X) AppleWebKit/605.1.15 (KHTML, like Gecko) Version/26.2 Mobile/15E148 Safari/604.1"
98.63.199.239 - - [29/Jan/2026:04:19:16 -0500] "GET /media/videos/7/6/5/e/e/765ee98107dd0e.mp4 HTTP/1.1" 206 65536 "https://porn.tw/video/sammy-roberts-horny-latina-dildo-fucks-her-wet-pussy-859.html" "Mozilla/5.0 (iPhone; CPU iPhone OS 18_7 like Mac OS X) AppleWebKit/605.1.15 (KHTML, like Gecko) Version/26.2 Mobile/15E148 Safari/604.1"
98.63.199.239 - - [29/Jan/2026:04:19:16 -0500] "GET /media/videos/7/6/5/e/e/765ee98107dd0e.mp4 HTTP/1.1" 206 65536 "https://porn.tw/video/sammy-roberts-horny-latina-dildo-fucks-her-wet-pussy-859.html" "Mozilla/5.0 (iPhone; CPU iPhone OS 18_7 like Mac OS X) AppleWebKit/605.1.15 (KHTML, like Gecko) Version/26.2 Mobile/15E148 Safari/604.1"
98.63.199.239 - - [29/Jan/2026:04:19:16 -0500] "GET /media/videos/7/6/5/e/e/765ee98107dd0e.mp4 HTTP/1.1" 206 65536 "https://porn.tw/video/sammy-roberts-horny-latina-dildo-fucks-her-wet-pussy-859.html" "Mozilla/5.0 (iPhone; CPU iPhone OS 18_7 like Mac OS X) AppleWebKit/605.1.15 (KHTML, like Gecko) Version/26.2 Mobile/15E148 Safari/604.1"
98.63.199.239 - - [29/Jan/2026:04:19:16 -0500] "GET /media/videos/7/6/5/e/e/765ee98107dd0e.mp4 HTTP/1.1" 206 65536 "https://porn.tw/video/sammy-roberts-horny-latina-dildo-fucks-her-wet-pussy-859.html" "Mozilla/5.0 (iPhone; CPU iPhone OS 18_7 like Mac OS X) AppleWebKit/605.1.15 (KHTML, like Gecko) Version/26.2 Mobile/15E148 Safari/604.1"
98.63.199.239 - - [29/Jan/2026:04:19:16 -0500] "GET /media/videos/7/6/5/e/e/765ee98107dd0e.mp4 HTTP/1.1" 206 65536 "https://porn.tw/video/sammy-roberts-horny-latina-dildo-fucks-her-wet-pussy-859.html" "Mozilla/5.0 (iPhone; CPU iPhone OS 18_7 like Mac OS X) AppleWebKit/605.1.15 (KHTML, like Gecko) Version/26.2 Mobile/15E148 Safari/604.1"
98.63.199.239 - - [29/Jan/2026:04:19:16 -0500] "GET /media/videos/7/6/5/e/e/765ee98107dd0e.mp4 HTTP/1.1" 206 65536 "https://porn.tw/video/sammy-roberts-horny-latina-dildo-fucks-her-wet-pussy-859.html" "Mozilla/5.0 (iPhone; CPU iPhone OS 18_7 like Mac OS X) AppleWebKit/605.1.15 (KHTML, like Gecko) Version/26.2 Mobile/15E148 Safari/604.1"
98.63.199.239 - - [29/Jan/2026:04:19:17 -0500] "GET /media/videos/7/6/5/e/e/765ee98107dd0e.mp4 HTTP/1.1" 206 65536 "https://porn.tw/video/sammy-roberts-horny-latina-dildo-fucks-her-wet-pussy-859.html" "Mozilla/5.0 (iPhone; CPU iPhone OS 18_7 like Mac OS X) AppleWebKit/605.1.15 (KHTML, like Gecko) Version/26.2 Mobile/15E148 Safari/604.1"
98.63.199.239 - - [29/Jan/2026:04:19:17 -0500] "GET /media/videos/7/6/5/e/e/765ee98107dd0e.mp4 HTTP/1.1" 206 65536 "https://porn.tw/video/sammy-roberts-horny-latina-dildo-fucks-her-wet-pussy-859.html" "Mozilla/5.0 (iPhone; CPU iPhone OS 18_7 like Mac OS X) AppleWebKit/605.1.15 (KHTML, like Gecko) Version/26.2 Mobile/15E148 Safari/604.1"
98.63.199.239 - - [29/Jan/2026:04:19:17 -0500] "GET /media/videos/7/6/5/e/e/765ee98107dd0e.mp4 HTTP/1.1" 206 65536 "https://porn.tw/video/sammy-roberts-horny-latina-dildo-fucks-her-wet-pussy-859.html" "Mozilla/5.0 (iPhone; CPU iPhone OS 18_7 like Mac OS X) AppleWebKit/605.1.15 (KHTML, like Gecko) Version/26.2 Mobile/15E148 Safari/604.1"
98.63.199.239 - - [29/Jan/2026:04:19:17 -0500] "GET /media/videos/7/6/5/e/e/765ee98107dd0e.mp4 HTTP/1.1" 206 131072 "https://porn.tw/video/sammy-roberts-horny-latina-dildo-fucks-her-wet-pussy-859.html" "Mozilla/5.0 (iPhone; CPU iPhone OS 18_7 like Mac OS X) AppleWebKit/605.1.15 (KHTML, like Gecko) Version/26.2 Mobile/15E148 Safari/604.1"
98.63.199.239 - - [29/Jan/2026:04:19:17 -0500] "GET /media/videos/7/6/5/e/e/765ee98107dd0e.mp4 HTTP/1.1" 206 65536 "https://porn.tw/video/sammy-roberts-horny-latina-dildo-fucks-her-wet-pussy-859.html" "Mozilla/5.0 (iPhone; CPU iPhone OS 18_7 like Mac OS X) AppleWebKit/605.1.15 (KHTML, like Gecko) Version/26.2 Mobile/15E148 Safari/604.1"
98.63.199.239 - - [29/Jan/2026:04:19:17 -0500] "GET /media/videos/7/6/5/e/e/765ee98107dd0e.mp4 HTTP/1.1" 206 65863680 "https://porn.tw/video/sammy-roberts-horny-latina-dildo-fucks-her-wet-pussy-859.html" "Mozilla/5.0 (iPhone; CPU iPhone OS 18_7 like Mac OS X) AppleWebKit/605.1.15 (KHTML, like Gecko) Version/26.2 Mobile/15E148 Safari/604.1"
98.63.199.239 - - [29/Jan/2026:04:19:17 -0500] "GET /media/videos/7/6/5/e/e/765ee98107dd0e.mp4 HTTP/1.1" 206 65536 "https://porn.tw/video/sammy-roberts-horny-latina-dildo-fucks-her-wet-pussy-859.html" "Mozilla/5.0 (iPhone; CPU iPhone OS 18_7 like Mac OS X) AppleWebKit/605.1.15 (KHTML, like Gecko) Version/26.2 Mobile/15E148 Safari/604.1"
98.63.199.239 - - [29/Jan/2026:04:19:17 -0500] "GET /media/videos/7/6/5/e/e/765ee98107dd0e.mp4 HTTP/1.1" 206 65536 "https://porn.tw/video/sammy-roberts-horny-latina-dildo-fucks-her-wet-pussy-859.html" "Mozilla/5.0 (iPhone; CPU iPhone OS 18_7 like Mac OS X) AppleWebKit/605.1.15 (KHTML, like Gecko) Version/26.2 Mobile/15E148 Safari/604.1"
66.249.74.5 - - [29/Jan/2026:04:19:19 -0500] "GET /search/trans-solo-masturbating/newest/page8.html HTTP/1.1" 200 72313 "-" "Mozilla/5.0 (Linux; Android 6.0.1; Nexus 5X Build/MMB29P) AppleWebKit/537.36 (KHTML, like Gecko) Chrome/143.0.7499.192 Mobile Safari/537.36 (compatible; Googlebot/2.1; +http://www.google.com/bot.html)"
66.249.74.5 - - [29/Jan/2026:04:19:23 -0500] "GET /search/trans-solo-masturbating/newest/page9.html HTTP/1.1" 200 71244 "-" "Mozilla/5.0 (Linux; Android 6.0.1; Nexus 5X Build/MMB29P) AppleWebKit/537.36 (KHTML, like Gecko) Chrome/143.0.7499.192 Mobile Safari/537.36 (compatible; Googlebot/2.1; +http://www.google.com/bot.html)"
217.113.194.73 - - [29/Jan/2026:04:19:25 -0500] "GET /search/sweet-pussy/rating/page4.html HTTP/1.1" 200 72598 "-" "Mozilla/5.0 (compatible; Barkrowler/0.9; +https://babbar.tech/crawler)"
98.63.199.239 - - [29/Jan/2026:04:19:28 -0500] "GET /media/videos/7/6/5/e/e/765ee98107dd0e.mp4 HTTP/1.1" 206 18743296 "https://porn.tw/video/sammy-roberts-horny-latina-dildo-fucks-her-wet-pussy-859.html" "Mozilla/5.0 (iPhone; CPU iPhone OS 18_7 like Mac OS X) AppleWebKit/605.1.15 (KHTML, like Gecko) Version/26.2 Mobile/15E148 Safari/604.1"
217.113.194.72 - - [29/Jan/2026:04:19:29 -0500] "GET /search/passionate-babe/newest/page8.html HTTP/1.1" 200 72486 "-" "Mozilla/5.0 (compatible; Barkrowler/0.9; +https://babbar.tech/crawler)"
98.63.199.239 - - [29/Jan/2026:04:19:32 -0500] "GET /media/videos/7/6/5/e/e/765ee98107dd0e.mp4 HTTP/1.1" 206 12648448 "https://porn.tw/video/sammy-roberts-horny-latina-dildo-fucks-her-wet-pussy-859.html" "Mozilla/5.0 (iPhone; CPU iPhone OS 18_7 like Mac OS X) AppleWebKit/605.1.15 (KHTML, like Gecko) Version/26.2 Mobile/15E148 Safari/604.1"
98.63.199.239 - - [29/Jan/2026:04:19:35 -0500] "GET /media/videos/7/6/5/e/e/765ee98107dd0e.mp4 HTTP/1.1" 206 9240576 "https://porn.tw/video/sammy-roberts-horny-latina-dildo-fucks-her-wet-pussy-859.html" "Mozilla/5.0 (iPhone; CPU iPhone OS 18_7 like Mac OS X) AppleWebKit/605.1.15 (KHTML, like Gecko) Version/26.2 Mobile/15E148 Safari/604.1"
98.63.199.239 - - [29/Jan/2026:04:19:38 -0500] "GET /media/videos/7/6/5/e/e/765ee98107dd0e.mp4 HTTP/1.1" 206 6225920 "https://porn.tw/video/sammy-roberts-horny-latina-dildo-fucks-her-wet-pussy-859.html" "Mozilla/5.0 (iPhone; CPU iPhone OS 18_7 like Mac OS X) AppleWebKit/605.1.15 (KHTML, like Gecko) Version/26.2 Mobile/15E148 Safari/604.1"
119.249.100.47 - - [29/Jan/2026:04:19:40 -0500] "GET /search/madissonrey-live-dating-cam/views/page2.html HTTP/1.1" 200 74631 "-" "Mozilla/5.0 (Windows NT 10.0; WOW64) AppleWebKit/537.36 (KHTML, like Gecko) Chrome/48.0.2564.116 Safari/537.36"
217.113.194.75 - - [29/Jan/2026:04:19:40 -0500] "GET /search/sweet-pussy-porn/newest/page10.html HTTP/1.1" 200 72695 "-" "Mozilla/5.0 (compatible; Barkrowler/0.9; +https://babbar.tech/crawler)"
98.63.199.239 - - [29/Jan/2026:04:19:41 -0500] "GET /media/videos/7/6/5/e/e/765ee98107dd0e.mp4 HTTP/1.1" 206 1245184 "https://porn.tw/video/sammy-roberts-horny-latina-dildo-fucks-her-wet-pussy-859.html" "Mozilla/5.0 (iPhone; CPU iPhone OS 18_7 like Mac OS X) AppleWebKit/605.1.15 (KHTML, like Gecko) Version/26.2 Mobile/15E148 Safari/604.1"
98.63.199.239 - - [29/Jan/2026:04:19:41 -0500] "GET /media/videos/7/6/5/e/e/765ee98107dd0e.mp4 HTTP/1.1" 206 65536 "https://porn.tw/video/sammy-roberts-horny-latina-dildo-fucks-her-wet-pussy-859.html" "Mozilla/5.0 (iPhone; CPU iPhone OS 18_7 like Mac OS X) AppleWebKit/605.1.15 (KHTML, like Gecko) Version/26.2 Mobile/15E148 Safari/604.1"
98.63.199.239 - - [29/Jan/2026:04:19:41 -0500] "GET /media/videos/7/6/5/e/e/765ee98107dd0e.mp4 HTTP/1.1" 206 65536 "https://porn.tw/video/sammy-roberts-horny-latina-dildo-fucks-her-wet-pussy-859.html" "Mozilla/5.0 (iPhone; CPU iPhone OS 18_7 like Mac OS X) AppleWebKit/605.1.15 (KHTML, like Gecko) Version/26.2 Mobile/15E148 Safari/604.1"
98.63.199.239 - - [29/Jan/2026:04:19:41 -0500] "GET /media/videos/7/6/5/e/e/765ee98107dd0e.mp4 HTTP/1.1" 206 65536 "https://porn.tw/video/sammy-roberts-horny-latina-dildo-fucks-her-wet-pussy-859.html" "Mozilla/5.0 (iPhone; CPU iPhone OS 18_7 like Mac OS X) AppleWebKit/605.1.15 (KHTML, like Gecko) Version/26.2 Mobile/15E148 Safari/604.1"
34.204.150.196 - - [29/Jan/2026:04:19:41 -0500] "GET /search/wanking/ HTTP/1.1" 200 25843 "-" "Mozilla/5.0 AppleWebKit/537.36 (KHTML, like Gecko; compatible; Amazonbot/0.1; +https://developer.amazon.com/support/amazonbot) Chrome/119.0.6045.214 Safari/537.36"
98.63.199.239 - - [29/Jan/2026:04:19:41 -0500] "GET /media/videos/7/6/5/e/e/765ee98107dd0e.mp4 HTTP/1.1" 206 65536 "https://porn.tw/video/sammy-roberts-horny-latina-dildo-fucks-her-wet-pussy-859.html" "Mozilla/5.0 (iPhone; CPU iPhone OS 18_7 like Mac OS X) AppleWebKit/605.1.15 (KHTML, like Gecko) Version/26.2 Mobile/15E148 Safari/604.1"
98.63.199.239 - - [29/Jan/2026:04:19:41 -0500] "GET /media/videos/7/6/5/e/e/765ee98107dd0e.mp4 HTTP/1.1" 206 65536 "https://porn.tw/video/sammy-roberts-horny-latina-dildo-fucks-her-wet-pussy-859.html" "Mozilla/5.0 (iPhone; CPU iPhone OS 18_7 like Mac OS X) AppleWebKit/605.1.15 (KHTML, like Gecko) Version/26.2 Mobile/15E148 Safari/604.1"
98.63.199.239 - - [29/Jan/2026:04:19:42 -0500] "GET /media/videos/7/6/5/e/e/765ee98107dd0e.mp4 HTTP/1.1" 206 65536 "https://porn.tw/video/sammy-roberts-horny-latina-dildo-fucks-her-wet-pussy-859.html" "Mozilla/5.0 (iPhone; CPU iPhone OS 18_7 like Mac OS X) AppleWebKit/605.1.15 (KHTML, like Gecko) Version/26.2 Mobile/15E148 Safari/604.1"
98.63.199.239 - - [29/Jan/2026:04:19:42 -0500] "GET /media/videos/7/6/5/e/e/765ee98107dd0e.mp4 HTTP/1.1" 206 65536 "https://porn.tw/video/sammy-roberts-horny-latina-dildo-fucks-her-wet-pussy-859.html" "Mozilla/5.0 (iPhone; CPU iPhone OS 18_7 like Mac OS X) AppleWebKit/605.1.15 (KHTML, like Gecko) Version/26.2 Mobile/15E148 Safari/604.1"
98.63.199.239 - - [29/Jan/2026:04:19:42 -0500] "GET /media/videos/7/6/5/e/e/765ee98107dd0e.mp4 HTTP/1.1" 206 7012352 "https://porn.tw/video/sammy-roberts-horny-latina-dildo-fucks-her-wet-pussy-859.html" "Mozilla/5.0 (iPhone; CPU iPhone OS 18_7 like Mac OS X) AppleWebKit/605.1.15 (KHTML, like Gecko) Version/26.2 Mobile/15E148 Safari/604.1"
98.63.199.239 - - [29/Jan/2026:04:19:42 -0500] "GET /media/videos/7/6/5/e/e/765ee98107dd0e.mp4 HTTP/1.1" 206 2162688 "https://porn.tw/video/sammy-roberts-horny-latina-dildo-fucks-her-wet-pussy-859.html" "Mozilla/5.0 (iPhone; CPU iPhone OS 18_7 like Mac OS X) AppleWebKit/605.1.15 (KHTML, like Gecko) Version/26.2 Mobile/15E148 Safari/604.1"
98.63.199.239 - - [29/Jan/2026:04:19:43 -0500] "GET /media/videos/7/6/5/e/e/765ee98107dd0e.mp4 HTTP/1.1" 206 65536 "https://porn.tw/video/sammy-roberts-horny-latina-dildo-fucks-her-wet-pussy-859.html" "Mozilla/5.0 (iPhone; CPU iPhone OS 18_7 like Mac OS X) AppleWebKit/605.1.15 (KHTML, like Gecko) Version/26.2 Mobile/15E148 Safari/604.1"
98.63.199.239 - - [29/Jan/2026:04:19:43 -0500] "GET /media/videos/7/6/5/e/e/765ee98107dd0e.mp4 HTTP/1.1" 206 327680 "https://porn.tw/video/sammy-roberts-horny-latina-dildo-fucks-her-wet-pussy-859.html" "Mozilla/5.0 (iPhone; CPU iPhone OS 18_7 like Mac OS X) AppleWebKit/605.1.15 (KHTML, like Gecko) Version/26.2 Mobile/15E148 Safari/604.1"
217.113.194.75 - - [29/Jan/2026:04:19:45 -0500] "GET /search/passionate-babe/views/page3.html HTTP/1.1" 200 74048 "-" "Mozilla/5.0 (compatible; Barkrowler/0.9; +https://babbar.tech/crawler)"
217.113.194.78 - - [29/Jan/2026:04:19:56 -0500] "GET /search/sweet-pussy-porn/newest/page12.html HTTP/1.1" 200 71743 "-" "Mozilla/5.0 (compatible; Barkrowler/0.9; +https://babbar.tech/crawler)"
217.113.194.79 - - [29/Jan/2026:04:20:01 -0500] "GET /search/passionate-babe/views/page6.html HTTP/1.1" 200 73919 "-" "Mozilla/5.0 (compatible; Barkrowler/0.9; +https://babbar.tech/crawler)"
66.249.74.6 - - [29/Jan/2026:04:20:06 -0500] "GET /search/dildo-blowjob/views/page8.html HTTP/1.1" 200 65807 "-" "Mozilla/5.0 (Linux; Android 6.0.1; Nexus 5X Build/MMB29P) AppleWebKit/537.36 (KHTML, like Gecko) Chrome/143.0.7499.192 Mobile Safari/537.36 (compatible; Googlebot/2.1; +http://www.google.com/bot.html)"
66.249.74.5 - - [29/Jan/2026:04:20:10 -0500] "GET /search/webcam-lingerie-masturbating/newest/page5.html HTTP/1.1" 200 76470 "-" "Mozilla/5.0 (Linux; Android 6.0.1; Nexus 5X Build/MMB29P) AppleWebKit/537.36 (KHTML, like Gecko) Chrome/143.0.7499.192 Mobile Safari/537.36 (compatible; Googlebot/2.1; +http://www.google.com/bot.html)"
217.113.194.75 - - [29/Jan/2026:04:20:12 -0500] "GET /search/sweet-pussy-porn/newest/page11.html HTTP/1.1" 200 71404 "-" "Mozilla/5.0 (compatible; Barkrowler/0.9; +https://babbar.tech/crawler)"
98.63.199.239 - - [29/Jan/2026:04:20:13 -0500] "GET /media/thumbs/7/6/5/a/c/765acd90d77c78.mp4/765acd90d77c78.mp4-4.jpg HTTP/1.1" 200 9175 "https://porn.tw/video/sammy-roberts-horny-latina-dildo-fucks-her-wet-pussy-859.html" "Mozilla/5.0 (iPhone; CPU iPhone OS 18_7 like Mac OS X) AppleWebKit/605.1.15 (KHTML, like Gecko) Version/26.2 Mobile/15E148 Safari/604.1"
98.63.199.239 - - [29/Jan/2026:04:20:13 -0500] "GET /media/thumbs/7/6/5/a/c/765acd90d77c78.mp4/765acd90d77c78.mp4-5.jpg HTTP/1.1" 200 8203 "https://porn.tw/video/sammy-roberts-horny-latina-dildo-fucks-her-wet-pussy-859.html" "Mozilla/5.0 (iPhone; CPU iPhone OS 18_7 like Mac OS X) AppleWebKit/605.1.15 (KHTML, like Gecko) Version/26.2 Mobile/15E148 Safari/604.1"
98.63.199.239 - - [29/Jan/2026:04:20:14 -0500] "GET /media/thumbs/7/6/5/a/c/765acd90d77c78.mp4/765acd90d77c78.mp4-6.jpg HTTP/1.1" 200 9434 "https://porn.tw/video/sammy-roberts-horny-latina-dildo-fucks-her-wet-pussy-859.html" "Mozilla/5.0 (iPhone; CPU iPhone OS 18_7 like Mac OS X) AppleWebKit/605.1.15 (KHTML, like Gecko) Version/26.2 Mobile/15E148 Safari/604.1"
98.63.199.239 - - [29/Jan/2026:04:20:14 -0500] "GET /media/thumbs/7/6/5/a/c/765acd90d77c78.mp4/765acd90d77c78.mp4-7.jpg HTTP/1.1" 200 7828 "https://porn.tw/video/sammy-roberts-horny-latina-dildo-fucks-her-wet-pussy-859.html" "Mozilla/5.0 (iPhone; CPU iPhone OS 18_7 like Mac OS X) AppleWebKit/605.1.15 (KHTML, like Gecko) Version/26.2 Mobile/15E148 Safari/604.1"
98.63.199.239 - - [29/Jan/2026:04:20:15 -0500] "GET /media/thumbs/7/6/5/a/c/765acd90d77c78.mp4/765acd90d77c78.mp4-8.jpg HTTP/1.1" 200 7858 "https://porn.tw/video/sammy-roberts-horny-latina-dildo-fucks-her-wet-pussy-859.html" "Mozilla/5.0 (iPhone; CPU iPhone OS 18_7 like Mac OS X) AppleWebKit/605.1.15 (KHTML, like Gecko) Version/26.2 Mobile/15E148 Safari/604.1"
98.63.199.239 - - [29/Jan/2026:04:20:15 -0500] "GET /video/sussanwhite-latina-masturbates-her-ass-with-her-glass-dildo-558.html HTTP/1.1" 200 52490 "https://porn.tw/video/sammy-roberts-horny-latina-dildo-fucks-her-wet-pussy-859.html" "Mozilla/5.0 (iPhone; CPU iPhone OS 18_7 like Mac OS X) AppleWebKit/605.1.15 (KHTML, like Gecko) Version/26.2 Mobile/15E148 Safari/604.1"
98.63.199.239 - - [29/Jan/2026:04:20:15 -0500] "GET /media/thumbs/7/6/5/a/c/765acd90d77c78.mp4/vtt_005.jpg HTTP/1.1" 200 6701 "https://porn.tw/video/sussanwhite-latina-masturbates-her-ass-with-her-glass-dildo-558.html" "Mozilla/5.0 (iPhone; CPU iPhone OS 18_7 like Mac OS X) AppleWebKit/605.1.15 (KHTML, like Gecko) Version/26.2 Mobile/15E148 Safari/604.1"
98.63.199.239 - - [29/Jan/2026:04:20:15 -0500] "GET /media/thumbs/7/6/5/b/1/765b1ebaa77d43.mp4/765b1ebaa77d43.mp4-3.jpg HTTP/1.1" 200 9172 "https://porn.tw/video/sussanwhite-latina-masturbates-her-ass-with-her-glass-dildo-558.html" "Mozilla/5.0 (iPhone; CPU iPhone OS 18_7 like Mac OS X) AppleWebKit/605.1.15 (KHTML, like Gecko) Version/26.2 Mobile/15E148 Safari/604.1"
98.63.199.239 - - [29/Jan/2026:04:20:15 -0500] "GET /core/js/gdprJs.php HTTP/1.1" 200 1238 "https://porn.tw/video/sussanwhite-latina-masturbates-her-ass-with-her-glass-dildo-558.html" "Mozilla/5.0 (iPhone; CPU iPhone OS 18_7 like Mac OS X) AppleWebKit/605.1.15 (KHTML, like Gecko) Version/26.2 Mobile/15E148 Safari/604.1"
98.63.199.239 - - [29/Jan/2026:04:20:15 -0500] "GET /core/js/ageWarningJs.php HTTP/1.1" 200 1037 "https://porn.tw/video/sussanwhite-latina-masturbates-her-ass-with-her-glass-dildo-558.html" "Mozilla/5.0 (iPhone; CPU iPhone OS 18_7 like Mac OS X) AppleWebKit/605.1.15 (KHTML, like Gecko) Version/26.2 Mobile/15E148 Safari/604.1"
98.63.199.239 - - [29/Jan/2026:04:20:15 -0500] "GET /media/thumbs/7/6/5/a/c/765acd90d77c78.mp4/vtt_010.jpg HTTP/1.1" 200 5855 "https://porn.tw/video/sussanwhite-latina-masturbates-her-ass-with-her-glass-dildo-558.html" "Mozilla/5.0 (iPhone; CPU iPhone OS 18_7 like Mac OS X) AppleWebKit/605.1.15 (KHTML, like Gecko) Version/26.2 Mobile/15E148 Safari/604.1"
98.63.199.239 - - [29/Jan/2026:04:20:15 -0500] "GET /media/thumbs/7/6/5/a/c/765acd90d77c78.mp4/vtt_060.jpg HTTP/1.1" 200 6090 "https://porn.tw/video/sussanwhite-latina-masturbates-her-ass-with-her-glass-dildo-558.html" "Mozilla/5.0 (iPhone; CPU iPhone OS 18_7 like Mac OS X) AppleWebKit/605.1.15 (KHTML, like Gecko) Version/26.2 Mobile/15E148 Safari/604.1"
98.63.199.239 - - [29/Jan/2026:04:20:15 -0500] "GET /media/thumbs/7/6/5/a/c/765acd90d77c78.mp4/vtt_055.jpg HTTP/1.1" 200 6116 "https://porn.tw/video/sussanwhite-latina-masturbates-her-ass-with-her-glass-dildo-558.html" "Mozilla/5.0 (iPhone; CPU iPhone OS 18_7 like Mac OS X) AppleWebKit/605.1.15 (KHTML, like Gecko) Version/26.2 Mobile/15E148 Safari/604.1"
98.63.199.239 - - [29/Jan/2026:04:20:15 -0500] "GET /media/thumbs/7/6/5/9/b/7659bbe6e81962.mp4/7659bbe6e81962.mp4-3.jpg HTTP/1.1" 200 10417 "https://porn.tw/video/sussanwhite-latina-masturbates-her-ass-with-her-glass-dildo-558.html" "Mozilla/5.0 (iPhone; CPU iPhone OS 18_7 like Mac OS X) AppleWebKit/605.1.15 (KHTML, like Gecko) Version/26.2 Mobile/15E148 Safari/604.1"
98.63.199.239 - - [29/Jan/2026:04:20:15 -0500] "GET /media/thumbs/7/6/5/a/c/765acd90d77c78.mp4/vtt_040.jpg HTTP/1.1" 200 5777 "https://porn.tw/video/sussanwhite-latina-masturbates-her-ass-with-her-glass-dildo-558.html" "Mozilla/5.0 (iPhone; CPU iPhone OS 18_7 like Mac OS X) AppleWebKit/605.1.15 (KHTML, like Gecko) Version/26.2 Mobile/15E148 Safari/604.1"
98.63.199.239 - - [29/Jan/2026:04:20:16 -0500] "GET /media/thumbs/7/6/5/a/8/765a8b1ddbb89f.mp4/765a8b1ddbb89f.mp4-3.jpg HTTP/1.1" 200 12290 "https://porn.tw/video/sussanwhite-latina-masturbates-her-ass-with-her-glass-dildo-558.html" "Mozilla/5.0 (iPhone; CPU iPhone OS 18_7 like Mac OS X) AppleWebKit/605.1.15 (KHTML, like Gecko) Version/26.2 Mobile/15E148 Safari/604.1"
98.63.199.239 - - [29/Jan/2026:04:20:16 -0500] "GET /media/thumbs/7/6/5/a/e/765ae234da936f.mp4/765ae234da936f.mp4-1.jpg HTTP/1.1" 200 9887 "https://porn.tw/video/sussanwhite-latina-masturbates-her-ass-with-her-glass-dildo-558.html" "Mozilla/5.0 (iPhone; CPU iPhone OS 18_7 like Mac OS X) AppleWebKit/605.1.15 (KHTML, like Gecko) Version/26.2 Mobile/15E148 Safari/604.1"
98.63.199.239 - - [29/Jan/2026:04:20:16 -0500] "GET /media/thumbs/7/6/5/4/9/76549d019608c2.mp4/76549d019608c2.mp4-4.jpg HTTP/1.1" 200 13545 "https://porn.tw/video/sussanwhite-latina-masturbates-her-ass-with-her-glass-dildo-558.html" "Mozilla/5.0 (iPhone; CPU iPhone OS 18_7 like Mac OS X) AppleWebKit/605.1.15 (KHTML, like Gecko) Version/26.2 Mobile/15E148 Safari/604.1"
98.63.199.239 - - [29/Jan/2026:04:20:16 -0500] "GET /media/thumbs/3/6/5/9/5/365950537241d4.mp4/365950537241d4.mp4-3.jpg HTTP/1.1" 200 9842 "https://porn.tw/video/sussanwhite-latina-masturbates-her-ass-with-her-glass-dildo-558.html" "Mozilla/5.0 (iPhone; CPU iPhone OS 18_7 like Mac OS X) AppleWebKit/605.1.15 (KHTML, like Gecko) Version/26.2 Mobile/15E148 Safari/604.1"
98.63.199.239 - - [29/Jan/2026:04:20:16 -0500] "GET /media/thumbs/7/6/5/8/5/76585195a6359e.mp4/76585195a6359e.mp4-3.jpg HTTP/1.1" 200 13185 "https://porn.tw/video/sussanwhite-latina-masturbates-her-ass-with-her-glass-dildo-558.html" "Mozilla/5.0 (iPhone; CPU iPhone OS 18_7 like Mac OS X) AppleWebKit/605.1.15 (KHTML, like Gecko) Version/26.2 Mobile/15E148 Safari/604.1"
98.63.199.239 - - [29/Jan/2026:04:20:16 -0500] "GET /media/thumbs/7/6/5/a/c/765acd90d77c78.mp4/vtt_045.jpg HTTP/1.1" 200 6000 "https://porn.tw/video/sussanwhite-latina-masturbates-her-ass-with-her-glass-dildo-558.html" "Mozilla/5.0 (iPhone; CPU iPhone OS 18_7 like Mac OS X) AppleWebKit/605.1.15 (KHTML, like Gecko) Version/26.2 Mobile/15E148 Safari/604.1"
98.63.199.239 - - [29/Jan/2026:04:20:16 -0500] "GET /media/thumbs/7/6/5/a/c/765acd90d77c78.mp4/vtt_050.jpg HTTP/1.1" 200 5751 "https://porn.tw/video/sussanwhite-latina-masturbates-her-ass-with-her-glass-dildo-558.html" "Mozilla/5.0 (iPhone; CPU iPhone OS 18_7 like Mac OS X) AppleWebKit/605.1.15 (KHTML, like Gecko) Version/26.2 Mobile/15E148 Safari/604.1"
98.63.199.239 - - [29/Jan/2026:04:20:16 -0500] "GET /media/thumbs/7/6/5/a/c/765acd90d77c78.mp4/vtt_020.jpg HTTP/1.1" 200 6973 "https://porn.tw/video/sussanwhite-latina-masturbates-her-ass-with-her-glass-dildo-558.html" "Mozilla/5.0 (iPhone; CPU iPhone OS 18_7 like Mac OS X) AppleWebKit/605.1.15 (KHTML, like Gecko) Version/26.2 Mobile/15E148 Safari/604.1"
98.63.199.239 - - [29/Jan/2026:04:20:16 -0500] "GET /media/thumbs/1/6/6/5/8/1665858dd30bc42.mp4/1665858dd30bc42.mp4-3.jpg HTTP/1.1" 200 9839 "https://porn.tw/video/sussanwhite-latina-masturbates-her-ass-with-her-glass-dildo-558.html" "Mozilla/5.0 (iPhone; CPU iPhone OS 18_7 like Mac OS X) AppleWebKit/605.1.15 (KHTML, like Gecko) Version/26.2 Mobile/15E148 Safari/604.1"
98.63.199.239 - - [29/Jan/2026:04:20:16 -0500] "GET /media/thumbs/7/6/5/a/7/765a75be16da0c.mp4/765a75be16da0c.mp4-3.jpg HTTP/1.1" 200 12177 "https://porn.tw/video/sussanwhite-latina-masturbates-her-ass-with-her-glass-dildo-558.html" "Mozilla/5.0 (iPhone; CPU iPhone OS 18_7 like Mac OS X) AppleWebKit/605.1.15 (KHTML, like Gecko) Version/26.2 Mobile/15E148 Safari/604.1"
98.63.199.239 - - [29/Jan/2026:04:20:16 -0500] "GET /media/thumbs/7/6/5/a/c/765acd90d77c78.mp4/765acd90d77c78.mp4-3b.jpg HTTP/1.1" 200 68338 "https://porn.tw/video/sussanwhite-latina-masturbates-her-ass-with-her-glass-dildo-558.html" "Mozilla/5.0 (iPhone; CPU iPhone OS 18_7 like Mac OS X) AppleWebKit/605.1.15 (KHTML, like Gecko) Version/26.2 Mobile/15E148 Safari/604.1"
98.63.199.239 - - [29/Jan/2026:04:20:16 -0500] "GET /media/thumbs/7/6/5/9/7/7659787a8058a8.mp4/7659787a8058a8.mp4-3.jpg HTTP/1.1" 200 9684 "https://porn.tw/video/sussanwhite-latina-masturbates-her-ass-with-her-glass-dildo-558.html" "Mozilla/5.0 (iPhone; CPU iPhone OS 18_7 like Mac OS X) AppleWebKit/605.1.15 (KHTML, like Gecko) Version/26.2 Mobile/15E148 Safari/604.1"
98.63.199.239 - - [29/Jan/2026:04:20:16 -0500] "GET /media/thumbs/7/6/5/a/c/765acd90d77c78.mp4/vtt_025.jpg HTTP/1.1" 200 5531 "https://porn.tw/video/sussanwhite-latina-masturbates-her-ass-with-her-glass-dildo-558.html" "Mozilla/5.0 (iPhone; CPU iPhone OS 18_7 like Mac OS X) AppleWebKit/605.1.15 (KHTML, like Gecko) Version/26.2 Mobile/15E148 Safari/604.1"
98.63.199.239 - - [29/Jan/2026:04:20:16 -0500] "GET /media/thumbs/7/6/5/a/c/765acd90d77c78.mp4/vtt_030.jpg HTTP/1.1" 200 6617 "https://porn.tw/video/sussanwhite-latina-masturbates-her-ass-with-her-glass-dildo-558.html" "Mozilla/5.0 (iPhone; CPU iPhone OS 18_7 like Mac OS X) AppleWebKit/605.1.15 (KHTML, like Gecko) Version/26.2 Mobile/15E148 Safari/604.1"
98.63.199.239 - - [29/Jan/2026:04:20:16 -0500] "GET /media/thumbs/7/6/5/a/c/765acd90d77c78.mp4/vtt_015.jpg HTTP/1.1" 200 6564 "https://porn.tw/video/sussanwhite-latina-masturbates-her-ass-with-her-glass-dildo-558.html" "Mozilla/5.0 (iPhone; CPU iPhone OS 18_7 like Mac OS X) AppleWebKit/605.1.15 (KHTML, like Gecko) Version/26.2 Mobile/15E148 Safari/604.1"
98.63.199.239 - - [29/Jan/2026:04:20:16 -0500] "GET /media/thumbs/7/6/5/a/c/765acd90d77c78.mp4/vtt_035.jpg HTTP/1.1" 200 7114 "https://porn.tw/video/sussanwhite-latina-masturbates-her-ass-with-her-glass-dildo-558.html" "Mozilla/5.0 (iPhone; CPU iPhone OS 18_7 like Mac OS X) AppleWebKit/605.1.15 (KHTML, like Gecko) Version/26.2 Mobile/15E148 Safari/604.1"
98.63.199.239 - - [29/Jan/2026:04:20:16 -0500] "GET /webvtt/558.vtt HTTP/1.1" 200 5803 "https://porn.tw/video/sussanwhite-latina-masturbates-her-ass-with-her-glass-dildo-558.html" "Mozilla/5.0 (iPhone; CPU iPhone OS 18_7 like Mac OS X) AppleWebKit/605.1.15 (KHTML, like Gecko) Version/26.2 Mobile/15E148 Safari/604.1"
98.63.199.239 - - [29/Jan/2026:04:20:16 -0500] "GET /media/videos/7/6/5/a/c/765acd90d77c78.mp4 HTTP/1.1" 206 2 "https://porn.tw/video/sussanwhite-latina-masturbates-her-ass-with-her-glass-dildo-558.html" "Mozilla/5.0 (iPhone; CPU iPhone OS 18_7 like Mac OS X) AppleWebKit/605.1.15 (KHTML, like Gecko) Version/26.2 Mobile/15E148 Safari/604.1"
98.63.199.239 - - [29/Jan/2026:04:20:16 -0500] "GET /templates/default_tube2019/template.ajax_comments.php?id=558&type=0&loaded=0&time=1769678415927 HTTP/1.1" 200 133 "https://porn.tw/video/sussanwhite-latina-masturbates-her-ass-with-her-glass-dildo-558.html" "Mozilla/5.0 (iPhone; CPU iPhone OS 18_7 like Mac OS X) AppleWebKit/605.1.15 (KHTML, like Gecko) Version/26.2 Mobile/15E148 Safari/604.1"
98.63.199.239 - - [29/Jan/2026:04:20:16 -0500] "GET /media/videos/7/6/5/a/c/765acd90d77c78.mp4 HTTP/1.1" 206 375241313 "https://porn.tw/video/sussanwhite-latina-masturbates-her-ass-with-her-glass-dildo-558.html" "Mozilla/5.0 (iPhone; CPU iPhone OS 18_7 like Mac OS X) AppleWebKit/605.1.15 (KHTML, like Gecko) Version/26.2 Mobile/15E148 Safari/604.1"
217.113.194.76 - - [29/Jan/2026:04:20:16 -0500] "GET /search/passionate-babe/views/page2.html HTTP/1.1" 200 73661 "-" "Mozilla/5.0 (compatible; Barkrowler/0.9; +https://babbar.tech/crawler)"
98.63.199.239 - - [29/Jan/2026:04:20:16 -0500] "GET /media/videos/7/6/5/a/c/765acd90d77c78.mp4 HTTP/1.1" 206 113249 "https://porn.tw/video/sussanwhite-latina-masturbates-her-ass-with-her-glass-dildo-558.html" "Mozilla/5.0 (iPhone; CPU iPhone OS 18_7 like Mac OS X) AppleWebKit/605.1.15 (KHTML, like Gecko) Version/26.2 Mobile/15E148 Safari/604.1"
98.63.199.239 - - [29/Jan/2026:04:20:16 -0500] "GET /media/videos/7/6/5/a/c/765acd90d77c78.mp4 HTTP/1.1" 206 31647 "https://porn.tw/video/sussanwhite-latina-masturbates-her-ass-with-her-glass-dildo-558.html" "Mozilla/5.0 (iPhone; CPU iPhone OS 18_7 like Mac OS X) AppleWebKit/605.1.15 (KHTML, like Gecko) Version/26.2 Mobile/15E148 Safari/604.1"
116.179.32.108 - - [29/Jan/2026:04:20:17 -0500] "GET /search/any-clark-porn-cam/newest/page4.html HTTP/1.1" 403 - "-" "Mozilla/5.0 (compatible; Baiduspider/2.0; +http://www.baidu.com/search/spider.html)"
98.63.199.239 - - [29/Jan/2026:04:20:17 -0500] "GET /media/videos/7/6/5/a/c/765acd90d77c78.mp4 HTTP/1.1" 206 375095609 "https://porn.tw/video/sussanwhite-latina-masturbates-her-ass-with-her-glass-dildo-558.html" "Mozilla/5.0 (iPhone; CPU iPhone OS 18_7 like Mac OS X) AppleWebKit/605.1.15 (KHTML, like Gecko) Version/26.2 Mobile/15E148 Safari/604.1"
217.113.194.79 - - [29/Jan/2026:04:20:27 -0500] "GET /search/sweet-pussy-porn/rating/page3.html HTTP/1.1" 200 73315 "-" "Mozilla/5.0 (compatible; Barkrowler/0.9; +https://babbar.tech/crawler)"
98.63.199.239 - - [29/Jan/2026:04:20:31 -0500] "GET /media/videos/7/6/5/a/c/765acd90d77c78.mp4 HTTP/1.1" 206 320471040 "https://porn.tw/video/sussanwhite-latina-masturbates-her-ass-with-her-glass-dildo-558.html" "Mozilla/5.0 (iPhone; CPU iPhone OS 18_7 like Mac OS X) AppleWebKit/605.1.15 (KHTML, like Gecko) Version/26.2 Mobile/15E148 Safari/604.1"
217.113.194.217 - - [29/Jan/2026:04:20:32 -0500] "GET /search/passionate-babe/views/page5.html HTTP/1.1" 200 73143 "-" "Mozilla/5.0 (compatible; Barkrowler/0.9; +https://babbar.tech/crawler)"
98.63.199.239 - - [29/Jan/2026:04:20:35 -0500] "GET /media/videos/7/6/5/a/c/765acd90d77c78.mp4 HTTP/1.1" 206 314572800 "https://porn.tw/video/sussanwhite-latina-masturbates-her-ass-with-her-glass-dildo-558.html" "Mozilla/5.0 (iPhone; CPU iPhone OS 18_7 like Mac OS X) AppleWebKit/605.1.15 (KHTML, like Gecko) Version/26.2 Mobile/15E148 Safari/604.1"
98.63.199.239 - - [29/Jan/2026:04:20:40 -0500] "GET /media/videos/7/6/5/a/c/765acd90d77c78.mp4 HTTP/1.1" 206 311558144 "https://porn.tw/video/sussanwhite-latina-masturbates-her-ass-with-her-glass-dildo-558.html" "Mozilla/5.0 (iPhone; CPU iPhone OS 18_7 like Mac OS X) AppleWebKit/605.1.15 (KHTML, like Gecko) Version/26.2 Mobile/15E148 Safari/604.1"
154.54.249.200 - - [29/Jan/2026:04:20:43 -0500] "GET /search/sweet-pussy-porn/rating/page2.html HTTP/1.1" 200 75194 "-" "Mozilla/5.0 (compatible; Barkrowler/0.9; +https://babbar.tech/crawler)"
217.113.194.78 - - [29/Jan/2026:04:20:47 -0500] "GET /search/passionate-cam-porn/page7.html HTTP/1.1" 200 59979 "-" "Mozilla/5.0 (compatible; Barkrowler/0.9; +https://babbar.tech/crawler)"
114.119.141.206 - - [29/Jan/2026:04:20:49 -0500] "GET /galleries/amberalenaa-49.html?image=5%2BAmberAlenaA&title=AmberAlenaA HTTP/1.1" 200 50101 "https://porn.tw/galleries/amberalenaa-49.html?image=5%2BAmberAlenaA&title=AmberAlenaA" "Mozilla/5.0 (Linux; Android 7.0;) AppleWebKit/537.36 (KHTML, like Gecko) Mobile Safari/537.36 (compatible; PetalBot;+https://webmaster.petalsearch.com/site/petalbot)"
98.63.199.239 - - [29/Jan/2026:04:20:54 -0500] "GET /media/videos/7/6/5/a/c/765acd90d77c78.mp4 HTTP/1.1" 206 293732352 "https://porn.tw/video/sussanwhite-latina-masturbates-her-ass-with-her-glass-dildo-558.html" "Mozilla/5.0 (iPhone; CPU iPhone OS 18_7 like Mac OS X) AppleWebKit/605.1.15 (KHTML, like Gecko) Version/26.2 Mobile/15E148 Safari/604.1"
217.113.194.72 - - [29/Jan/2026:04:20:59 -0500] "GET /search/2025-adult-cams/views/page3.html HTTP/1.1" 200 74970 "-" "Mozilla/5.0 (compatible; Barkrowler/0.9; +https://babbar.tech/crawler)"
217.113.194.74 - - [29/Jan/2026:04:21:03 -0500] "GET /search/passionate-cam-porn/rating/ HTTP/1.1" 200 72696 "-" "Mozilla/5.0 (compatible; Barkrowler/0.9; +https://babbar.tech/crawler)"
220.181.51.118 - - [29/Jan/2026:04:21:05 -0500] "GET /search/glasses-girl-masturbation/views/page2.html HTTP/1.1" 200 73508 "-" "Mozilla/5.0 (Windows NT 10.0; WOW64) AppleWebKit/537.36 (KHTML, like Gecko) Chrome/48.0.2564.116 Safari/537.36"
98.63.199.239 - - [29/Jan/2026:04:21:06 -0500] "GET /media/videos/7/6/5/a/c/765acd90d77c78.mp4 HTTP/1.1" 206 246677504 "https://porn.tw/video/sussanwhite-latina-masturbates-her-ass-with-her-glass-dildo-558.html" "Mozilla/5.0 (iPhone; CPU iPhone OS 18_7 like Mac OS X) AppleWebKit/605.1.15 (KHTML, like Gecko) Version/26.2 Mobile/15E148 Safari/604.1"
98.63.199.239 - - [29/Jan/2026:04:21:10 -0500] "GET /media/videos/7/6/5/a/c/765acd90d77c78.mp4 HTTP/1.1" 206 241500160 "https://porn.tw/video/sussanwhite-latina-masturbates-her-ass-with-her-glass-dildo-558.html" "Mozilla/5.0 (iPhone; CPU iPhone OS 18_7 like Mac OS X) AppleWebKit/605.1.15 (KHTML, like Gecko) Version/26.2 Mobile/15E148 Safari/604.1"
217.113.194.76 - - [29/Jan/2026:04:21:15 -0500] "GET /search/2025-adult-cams/views/page5.html HTTP/1.1" 200 75490 "-" "Mozilla/5.0 (compatible; Barkrowler/0.9; +https://babbar.tech/crawler)"
98.63.199.239 - - [29/Jan/2026:04:21:15 -0500] "GET /media/videos/7/6/5/a/c/765acd90d77c78.mp4 HTTP/1.1" 206 235012096 "https://porn.tw/video/sussanwhite-latina-masturbates-her-ass-with-her-glass-dildo-558.html" "Mozilla/5.0 (iPhone; CPU iPhone OS 18_7 like Mac OS X) AppleWebKit/605.1.15 (KHTML, like Gecko) Version/26.2 Mobile/15E148 Safari/604.1"
217.113.194.74 - - [29/Jan/2026:04:21:19 -0500] "GET /search/aprilxs-live/views/page1.html HTTP/1.1" 200 73813 "-" "Mozilla/5.0 (compatible; Barkrowler/0.9; +https://babbar.tech/crawler)"
116.179.33.77 - - [29/Jan/2026:04:21:20 -0500] "GET /core/js/gdprJs.php HTTP/1.1" 200 1238 "https://porn.tw/search/glasses-girl-masturbation/views/page2.html" "Mozilla/5.0 (Windows NT 10.0; Win64; x64) AppleWebKit/537.36 (KHTML, like Gecko) Chrome/99.0.4844.51 Safari/537.36"
98.63.199.239 - - [29/Jan/2026:04:21:25 -0500] "GET /media/videos/7/6/5/a/c/765acd90d77c78.mp4 HTTP/1.1" 206 192872448 "https://porn.tw/video/sussanwhite-latina-masturbates-her-ass-with-her-glass-dildo-558.html" "Mozilla/5.0 (iPhone; CPU iPhone OS 18_7 like Mac OS X) AppleWebKit/605.1.15 (KHTML, like Gecko) Version/26.2 Mobile/15E148 Safari/604.1"
66.249.74.6 - - [29/Jan/2026:04:21:27 -0500] "GET /search/webcam-lingerie-masturbating/newest/page6.html HTTP/1.1" 200 71041 "-" "Mozilla/5.0 (Linux; Android 6.0.1; Nexus 5X Build/MMB29P) AppleWebKit/537.36 (KHTML, like Gecko) Chrome/143.0.7499.192 Mobile Safari/537.36 (compatible; Googlebot/2.1; +http://www.google.com/bot.html)"
98.63.199.239 - - [29/Jan/2026:04:21:27 -0500] "GET /media/videos/7/6/5/a/c/765acd90d77c78.mp4 HTTP/1.1" 206 189923328 "https://porn.tw/video/sussanwhite-latina-masturbates-her-ass-with-her-glass-dildo-558.html" "Mozilla/5.0 (iPhone; CPU iPhone OS 18_7 like Mac OS X) AppleWebKit/605.1.15 (KHTML, like Gecko) Version/26.2 Mobile/15E148 Safari/604.1"
98.63.199.239 - - [29/Jan/2026:04:21:29 -0500] "GET /media/videos/7/6/5/a/c/765acd90d77c78.mp4 HTTP/1.1" 206 187170816 "https://porn.tw/video/sussanwhite-latina-masturbates-her-ass-with-her-glass-dildo-558.html" "Mozilla/5.0 (iPhone; CPU iPhone OS 18_7 like Mac OS X) AppleWebKit/605.1.15 (KHTML, like Gecko) Version/26.2 Mobile/15E148 Safari/604.1"
217.113.194.72 - - [29/Jan/2026:04:21:31 -0500] "GET /search/alyssaspicy-porn/page3.html HTTP/1.1" 200 71922 "-" "Mozilla/5.0 (compatible; Barkrowler/0.9; +https://babbar.tech/crawler)"
98.63.199.239 - - [29/Jan/2026:04:21:31 -0500] "GET /media/videos/7/6/5/a/c/765acd90d77c78.mp4 HTTP/1.1" 206 321 "https://porn.tw/video/sussanwhite-latina-masturbates-her-ass-with-her-glass-dildo-558.html" "Mozilla/5.0 (iPhone; CPU iPhone OS 18_7 like Mac OS X) AppleWebKit/605.1.15 (KHTML, like Gecko) Version/26.2 Mobile/15E148 Safari/604.1"
98.63.199.239 - - [29/Jan/2026:04:21:31 -0500] "GET /media/videos/7/6/5/a/c/765acd90d77c78.mp4 HTTP/1.1" 206 65536 "https://porn.tw/video/sussanwhite-latina-masturbates-her-ass-with-her-glass-dildo-558.html" "Mozilla/5.0 (iPhone; CPU iPhone OS 18_7 like Mac OS X) AppleWebKit/605.1.15 (KHTML, like Gecko) Version/26.2 Mobile/15E148 Safari/604.1"
98.63.199.239 - - [29/Jan/2026:04:21:31 -0500] "GET /media/videos/7/6/5/a/c/765acd90d77c78.mp4 HTTP/1.1" 206 176685056 "https://porn.tw/video/sussanwhite-latina-masturbates-her-ass-with-her-glass-dildo-558.html" "Mozilla/5.0 (iPhone; CPU iPhone OS 18_7 like Mac OS X) AppleWebKit/605.1.15 (KHTML, like Gecko) Version/26.2 Mobile/15E148 Safari/604.1"
98.63.199.239 - - [29/Jan/2026:04:21:31 -0500] "GET /media/videos/7/6/5/a/c/765acd90d77c78.mp4 HTTP/1.1" 206 65536 "https://porn.tw/video/sussanwhite-latina-masturbates-her-ass-with-her-glass-dildo-558.html" "Mozilla/5.0 (iPhone; CPU iPhone OS 18_7 like Mac OS X) AppleWebKit/605.1.15 (KHTML, like Gecko) Version/26.2 Mobile/15E148 Safari/604.1"
98.63.199.239 - - [29/Jan/2026:04:21:32 -0500] "GET /media/videos/7/6/5/a/c/765acd90d77c78.mp4 HTTP/1.1" 206 65536 "https://porn.tw/video/sussanwhite-latina-masturbates-her-ass-with-her-glass-dildo-558.html" "Mozilla/5.0 (iPhone; CPU iPhone OS 18_7 like Mac OS X) AppleWebKit/605.1.15 (KHTML, like Gecko) Version/26.2 Mobile/15E148 Safari/604.1"
98.63.199.239 - - [29/Jan/2026:04:21:32 -0500] "GET /media/videos/7/6/5/a/c/765acd90d77c78.mp4 HTTP/1.1" 206 65536 "https://porn.tw/video/sussanwhite-latina-masturbates-her-ass-with-her-glass-dildo-558.html" "Mozilla/5.0 (iPhone; CPU iPhone OS 18_7 like Mac OS X) AppleWebKit/605.1.15 (KHTML, like Gecko) Version/26.2 Mobile/15E148 Safari/604.1"
98.63.199.239 - - [29/Jan/2026:04:21:32 -0500] "GET /media/videos/7/6/5/a/c/765acd90d77c78.mp4 HTTP/1.1" 206 65536 "https://porn.tw/video/sussanwhite-latina-masturbates-her-ass-with-her-glass-dildo-558.html" "Mozilla/5.0 (iPhone; CPU iPhone OS 18_7 like Mac OS X) AppleWebKit/605.1.15 (KHTML, like Gecko) Version/26.2 Mobile/15E148 Safari/604.1"
98.63.199.239 - - [29/Jan/2026:04:21:32 -0500] "GET /media/videos/7/6/5/a/c/765acd90d77c78.mp4 HTTP/1.1" 206 65536 "https://porn.tw/video/sussanwhite-latina-masturbates-her-ass-with-her-glass-dildo-558.html" "Mozilla/5.0 (iPhone; CPU iPhone OS 18_7 like Mac OS X) AppleWebKit/605.1.15 (KHTML, like Gecko) Version/26.2 Mobile/15E148 Safari/604.1"
98.63.199.239 - - [29/Jan/2026:04:21:32 -0500] "GET /media/videos/7/6/5/a/c/765acd90d77c78.mp4 HTTP/1.1" 206 65536 "https://porn.tw/video/sussanwhite-latina-masturbates-her-ass-with-her-glass-dildo-558.html" "Mozilla/5.0 (iPhone; CPU iPhone OS 18_7 like Mac OS X) AppleWebKit/605.1.15 (KHTML, like Gecko) Version/26.2 Mobile/15E148 Safari/604.1"
98.63.199.239 - - [29/Jan/2026:04:21:32 -0500] "GET /media/videos/7/6/5/a/c/765acd90d77c78.mp4 HTTP/1.1" 206 65536 "https://porn.tw/video/sussanwhite-latina-masturbates-her-ass-with-her-glass-dildo-558.html" "Mozilla/5.0 (iPhone; CPU iPhone OS 18_7 like Mac OS X) AppleWebKit/605.1.15 (KHTML, like Gecko) Version/26.2 Mobile/15E148 Safari/604.1"
98.63.199.239 - - [29/Jan/2026:04:21:32 -0500] "GET /media/videos/7/6/5/a/c/765acd90d77c78.mp4 HTTP/1.1" 206 65536 "https://porn.tw/video/sussanwhite-latina-masturbates-her-ass-with-her-glass-dildo-558.html" "Mozilla/5.0 (iPhone; CPU iPhone OS 18_7 like Mac OS X) AppleWebKit/605.1.15 (KHTML, like Gecko) Version/26.2 Mobile/15E148 Safari/604.1"
98.63.199.239 - - [29/Jan/2026:04:21:32 -0500] "GET /media/videos/7/6/5/a/c/765acd90d77c78.mp4 HTTP/1.1" 206 65536 "https://porn.tw/video/sussanwhite-latina-masturbates-her-ass-with-her-glass-dildo-558.html" "Mozilla/5.0 (iPhone; CPU iPhone OS 18_7 like Mac OS X) AppleWebKit/605.1.15 (KHTML, like Gecko) Version/26.2 Mobile/15E148 Safari/604.1"
98.63.199.239 - - [29/Jan/2026:04:21:33 -0500] "GET /media/videos/7/6/5/a/c/765acd90d77c78.mp4 HTTP/1.1" 206 7798784 "https://porn.tw/video/sussanwhite-latina-masturbates-her-ass-with-her-glass-dildo-558.html" "Mozilla/5.0 (iPhone; CPU iPhone OS 18_7 like Mac OS X) AppleWebKit/605.1.15 (KHTML, like Gecko) Version/26.2 Mobile/15E148 Safari/604.1"
98.63.199.239 - - [29/Jan/2026:04:21:33 -0500] "GET /media/videos/7/6/5/a/c/765acd90d77c78.mp4 HTTP/1.1" 206 65536 "https://porn.tw/video/sussanwhite-latina-masturbates-her-ass-with-her-glass-dildo-558.html" "Mozilla/5.0 (iPhone; CPU iPhone OS 18_7 like Mac OS X) AppleWebKit/605.1.15 (KHTML, like Gecko) Version/26.2 Mobile/15E148 Safari/604.1"
98.63.199.239 - - [29/Jan/2026:04:21:33 -0500] "GET /media/videos/7/6/5/a/c/765acd90d77c78.mp4 HTTP/1.1" 206 33089 "https://porn.tw/video/sussanwhite-latina-masturbates-her-ass-with-her-glass-dildo-558.html" "Mozilla/5.0 (iPhone; CPU iPhone OS 18_7 like Mac OS X) AppleWebKit/605.1.15 (KHTML, like Gecko) Version/26.2 Mobile/15E148 Safari/604.1"
98.63.199.239 - - [29/Jan/2026:04:21:33 -0500] "GET /media/videos/7/6/5/a/c/765acd90d77c78.mp4 HTTP/1.1" 206 65536 "https://porn.tw/video/sussanwhite-latina-masturbates-her-ass-with-her-glass-dildo-558.html" "Mozilla/5.0 (iPhone; CPU iPhone OS 18_7 like Mac OS X) AppleWebKit/605.1.15 (KHTML, like Gecko) Version/26.2 Mobile/15E148 Safari/604.1"
98.63.199.239 - - [29/Jan/2026:04:21:34 -0500] "GET /media/videos/7/6/5/a/c/765acd90d77c78.mp4 HTTP/1.1" 206 65536 "https://porn.tw/video/sussanwhite-latina-masturbates-her-ass-with-her-glass-dildo-558.html" "Mozilla/5.0 (iPhone; CPU iPhone OS 18_7 like Mac OS X) AppleWebKit/605.1.15 (KHTML, like Gecko) Version/26.2 Mobile/15E148 Safari/604.1"
66.249.74.4 - - [29/Jan/2026:04:21:34 -0500] "GET /search/webcam-lingerie-masturbating/newest/page11.html HTTP/1.1" 200 71538 "-" "Mozilla/5.0 (Linux; Android 6.0.1; Nexus 5X Build/MMB29P) AppleWebKit/537.36 (KHTML, like Gecko) Chrome/143.0.7499.192 Mobile Safari/537.36 (compatible; Googlebot/2.1; +http://www.google.com/bot.html)"
98.63.199.239 - - [29/Jan/2026:04:21:34 -0500] "GET /media/videos/7/6/5/a/c/765acd90d77c78.mp4 HTTP/1.1" 206 65536 "https://porn.tw/video/sussanwhite-latina-masturbates-her-ass-with-her-glass-dildo-558.html" "Mozilla/5.0 (iPhone; CPU iPhone OS 18_7 like Mac OS X) AppleWebKit/605.1.15 (KHTML, like Gecko) Version/26.2 Mobile/15E148 Safari/604.1"
98.63.199.239 - - [29/Jan/2026:04:21:33 -0500] "GET /media/videos/7/6/5/a/c/765acd90d77c78.mp4 HTTP/1.1" 206 164954112 "https://porn.tw/video/sussanwhite-latina-masturbates-her-ass-with-her-glass-dildo-558.html" "Mozilla/5.0 (iPhone; CPU iPhone OS 18_7 like Mac OS X) AppleWebKit/605.1.15 (KHTML, like Gecko) Version/26.2 Mobile/15E148 Safari/604.1"
98.63.199.239 - - [29/Jan/2026:04:21:34 -0500] "GET /media/videos/7/6/5/a/c/765acd90d77c78.mp4 HTTP/1.1" 206 196608 "https://porn.tw/video/sussanwhite-latina-masturbates-her-ass-with-her-glass-dildo-558.html" "Mozilla/5.0 (iPhone; CPU iPhone OS 18_7 like Mac OS X) AppleWebKit/605.1.15 (KHTML, like Gecko) Version/26.2 Mobile/15E148 Safari/604.1"
98.63.199.239 - - [29/Jan/2026:04:21:34 -0500] "GET /media/videos/7/6/5/a/c/765acd90d77c78.mp4 HTTP/1.1" 206 65536 "https://porn.tw/video/sussanwhite-latina-masturbates-her-ass-with-her-glass-dildo-558.html" "Mozilla/5.0 (iPhone; CPU iPhone OS 18_7 like Mac OS X) AppleWebKit/605.1.15 (KHTML, like Gecko) Version/26.2 Mobile/15E148 Safari/604.1"
98.63.199.239 - - [29/Jan/2026:04:21:34 -0500] "GET /media/videos/7/6/5/a/c/765acd90d77c78.mp4 HTTP/1.1" 206 131072 "https://porn.tw/video/sussanwhite-latina-masturbates-her-ass-with-her-glass-dildo-558.html" "Mozilla/5.0 (iPhone; CPU iPhone OS 18_7 like Mac OS X) AppleWebKit/605.1.15 (KHTML, like Gecko) Version/26.2 Mobile/15E148 Safari/604.1"
98.63.199.239 - - [29/Jan/2026:04:21:34 -0500] "GET /media/videos/7/6/5/a/c/765acd90d77c78.mp4 HTTP/1.1" 206 65536 "https://porn.tw/video/sussanwhite-latina-masturbates-her-ass-with-her-glass-dildo-558.html" "Mozilla/5.0 (iPhone; CPU iPhone OS 18_7 like Mac OS X) AppleWebKit/605.1.15 (KHTML, like Gecko) Version/26.2 Mobile/15E148 Safari/604.1"
98.63.199.239 - - [29/Jan/2026:04:21:34 -0500] "GET /media/videos/7/6/5/a/c/765acd90d77c78.mp4 HTTP/1.1" 206 65536 "https://porn.tw/video/sussanwhite-latina-masturbates-her-ass-with-her-glass-dildo-558.html" "Mozilla/5.0 (iPhone; CPU iPhone OS 18_7 like Mac OS X) AppleWebKit/605.1.15 (KHTML, like Gecko) Version/26.2 Mobile/15E148 Safari/604.1"
217.113.194.218 - - [29/Jan/2026:04:21:35 -0500] "GET /search/aprilxs-webcam/newest/page8.html HTTP/1.1" 200 72100 "-" "Mozilla/5.0 (compatible; Barkrowler/0.9; +https://babbar.tech/crawler)"
98.63.199.239 - - [29/Jan/2026:04:21:34 -0500] "GET /media/videos/7/6/5/a/c/765acd90d77c78.mp4 HTTP/1.1" 206 164102144 "https://porn.tw/video/sussanwhite-latina-masturbates-her-ass-with-her-glass-dildo-558.html" "Mozilla/5.0 (iPhone; CPU iPhone OS 18_7 like Mac OS X) AppleWebKit/605.1.15 (KHTML, like Gecko) Version/26.2 Mobile/15E148 Safari/604.1"
98.63.199.239 - - [29/Jan/2026:04:21:35 -0500] "GET /media/videos/7/6/5/a/c/765acd90d77c78.mp4 HTTP/1.1" 206 65536 "https://porn.tw/video/sussanwhite-latina-masturbates-her-ass-with-her-glass-dildo-558.html" "Mozilla/5.0 (iPhone; CPU iPhone OS 18_7 like Mac OS X) AppleWebKit/605.1.15 (KHTML, like Gecko) Version/26.2 Mobile/15E148 Safari/604.1"
98.63.199.239 - - [29/Jan/2026:04:21:35 -0500] "GET /media/videos/7/6/5/a/c/765acd90d77c78.mp4 HTTP/1.1" 206 65536 "https://porn.tw/video/sussanwhite-latina-masturbates-her-ass-with-her-glass-dildo-558.html" "Mozilla/5.0 (iPhone; CPU iPhone OS 18_7 like Mac OS X) AppleWebKit/605.1.15 (KHTML, like Gecko) Version/26.2 Mobile/15E148 Safari/604.1"
217.113.194.74 - - [29/Jan/2026:04:21:46 -0500] "GET /search/alyssaspicy-porn/page5.html HTTP/1.1" 200 76265 "-" "Mozilla/5.0 (compatible; Barkrowler/0.9; +https://babbar.tech/crawler)"
98.63.199.239 - - [29/Jan/2026:04:21:47 -0500] "GET /media/videos/7/6/5/a/c/765acd90d77c78.mp4 HTTP/1.1" 206 111214592 "https://porn.tw/video/sussanwhite-latina-masturbates-her-ass-with-her-glass-dildo-558.html" "Mozilla/5.0 (iPhone; CPU iPhone OS 18_7 like Mac OS X) AppleWebKit/605.1.15 (KHTML, like Gecko) Version/26.2 Mobile/15E148 Safari/604.1"
217.113.194.80 - - [29/Jan/2026:04:21:50 -0500] "GET /search/aprilxs-webcam/views/page8.html HTTP/1.1" 200 74209 "-" "Mozilla/5.0 (compatible; Barkrowler/0.9; +https://babbar.tech/crawler)"
98.63.199.239 - - [29/Jan/2026:04:21:50 -0500] "GET /media/videos/7/6/5/a/c/765acd90d77c78.mp4 HTTP/1.1" 206 106299392 "https://porn.tw/video/sussanwhite-latina-masturbates-her-ass-with-her-glass-dildo-558.html" "Mozilla/5.0 (iPhone; CPU iPhone OS 18_7 like Mac OS X) AppleWebKit/605.1.15 (KHTML, like Gecko) Version/26.2 Mobile/15E148 Safari/604.1"
217.113.194.78 - - [29/Jan/2026:04:22:02 -0500] "GET /search/alexa-blaze-webcam/newest/page4.html HTTP/1.1" 200 76607 "-" "Mozilla/5.0 (compatible; Barkrowler/0.9; +https://babbar.tech/crawler)"
