217.113.194.77 - - [29/Jan/2026:04:03:51 -0500] "GET /search/bushy-babe-cam/page9.html HTTP/1.1" 200 74421 "-" "Mozilla/5.0 (compatible; Barkrowler/0.9; +https://babbar.tech/crawler)"
217.113.194.77 - - [29/Jan/2026:04:04:00 -0500] "GET /search/naughty-webcam-babe/views/page16.html HTTP/1.1" 200 21922 "-" "Mozilla/5.0 (compatible; Barkrowler/0.9; +https://babbar.tech/crawler)"
217.113.194.79 - - [29/Jan/2026:04:04:06 -0500] "GET /search/boob-squeezing/newest/ HTTP/1.1" 200 26680 "-" "Mozilla/5.0 (compatible; Barkrowler/0.9; +https://babbar.tech/crawler)"
66.249.74.5 - - [29/Jan/2026:04:04:08 -0500] "GET /search/nicollesteel-cam-porn/rating/page5.html HTTP/1.1" 200 75866 "-" "Mozilla/5.0 (Linux; Android 6.0.1; Nexus 5X Build/MMB29P) AppleWebKit/537.36 (KHTML, like Gecko) Chrome/143.0.7499.192 Mobile Safari/537.36 (compatible; Googlebot/2.1; +http://www.google.com/bot.html)"
188.189.108.15 - - [29/Jan/2026:04:04:10 -0500] "GET /video/girl-next-door19-is-a-cute-lady-who-loves-to-orgasm-on-webcam-1235.html HTTP/1.1" 200 55441 "https://www.google.com/" "Mozilla/5.0 (Macintosh; Intel Mac OS X 10_15_7) AppleWebKit/605.1.15 (KHTML, like Gecko) Version/18.4 Safari/605.1.15"
188.189.108.15 - - [29/Jan/2026:04:04:10 -0500] "GET /templates/default_tube2019/js/bootstrap.min.js HTTP/1.1" 200 70808 "https://porn.tw/video/girl-next-door19-is-a-cute-lady-who-loves-to-orgasm-on-webcam-1235.html" "Mozilla/5.0 (Macintosh; Intel Mac OS X 10_15_7) AppleWebKit/605.1.15 (KHTML, like Gecko) Version/18.4 Safari/605.1.15"
188.189.108.15 - - [29/Jan/2026:04:04:11 -0500] "GET /templates/default_tube2019/js/jQuery_v1.12.4.min.js HTTP/1.1" 200 97166 "https://porn.tw/video/girl-next-door19-is-a-cute-lady-who-loves-to-orgasm-on-webcam-1235.html" "Mozilla/5.0 (Macintosh; Intel Mac OS X 10_15_7) AppleWebKit/605.1.15 (KHTML, like Gecko) Version/18.4 Safari/605.1.15"
188.189.108.15 - - [29/Jan/2026:04:04:11 -0500] "GET /includes/fluidplayer/fluidplayer.min.js HTTP/1.1" 200 125605 "https://porn.tw/video/girl-next-door19-is-a-cute-lady-who-loves-to-orgasm-on-webcam-1235.html" "Mozilla/5.0 (Macintosh; Intel Mac OS X 10_15_7) AppleWebKit/605.1.15 (KHTML, like Gecko) Version/18.4 Safari/605.1.15"
188.189.108.15 - - [29/Jan/2026:04:04:11 -0500] "GET /templates/default_tube2019/js/lazyload.min.js HTTP/1.1" 200 2863 "https://porn.tw/video/girl-next-door19-is-a-cute-lady-who-loves-to-orgasm-on-webcam-1235.html" "Mozilla/5.0 (Macintosh; Intel Mac OS X 10_15_7) AppleWebKit/605.1.15 (KHTML, like Gecko) Version/18.4 Safari/605.1.15"
188.189.108.15 - - [29/Jan/2026:04:04:11 -0500] "GET /templates/default_tube2019/js/bootstrap-select.min.js HTTP/1.1" 200 33379 "https://porn.tw/video/girl-next-door19-is-a-cute-lady-who-loves-to-orgasm-on-webcam-1235.html" "Mozilla/5.0 (Macintosh; Intel Mac OS X 10_15_7) AppleWebKit/605.1.15 (KHTML, like Gecko) Version/18.4 Safari/605.1.15"
188.189.108.15 - - [29/Jan/2026:04:04:11 -0500] "GET /templates/default_tube2019/js/jquery.tinyscrollbar.min.js HTTP/1.1" 200 4105 "https://porn.tw/video/girl-next-door19-is-a-cute-lady-who-loves-to-orgasm-on-webcam-1235.html" "Mozilla/5.0 (Macintosh; Intel Mac OS X 10_15_7) AppleWebKit/605.1.15 (KHTML, like Gecko) Version/18.4 Safari/605.1.15"
188.189.108.15 - - [29/Jan/2026:04:04:11 -0500] "GET /templates/default_tube2019/js/img2svg.js HTTP/1.1" 200 1613 "https://porn.tw/video/girl-next-door19-is-a-cute-lady-who-loves-to-orgasm-on-webcam-1235.html" "Mozilla/5.0 (Macintosh; Intel Mac OS X 10_15_7) AppleWebKit/605.1.15 (KHTML, like Gecko) Version/18.4 Safari/605.1.15"
188.189.108.15 - - [29/Jan/2026:04:04:11 -0500] "GET /templates/default_tube2019/js/functions.js HTTP/1.1" 200 26636 "https://porn.tw/video/girl-next-door19-is-a-cute-lady-who-loves-to-orgasm-on-webcam-1235.html" "Mozilla/5.0 (Macintosh; Intel Mac OS X 10_15_7) AppleWebKit/605.1.15 (KHTML, like Gecko) Version/18.4 Safari/605.1.15"
188.189.108.15 - - [29/Jan/2026:04:04:11 -0500] "GET /core/js/Tube.js HTTP/1.1" 200 1519 "https://porn.tw/video/girl-next-door19-is-a-cute-lady-who-loves-to-orgasm-on-webcam-1235.html" "Mozilla/5.0 (Macintosh; Intel Mac OS X 10_15_7) AppleWebKit/605.1.15 (KHTML, like Gecko) Version/18.4 Safari/605.1.15"
188.189.108.15 - - [29/Jan/2026:04:04:11 -0500] "GET /core/js/ageWarningJs.php HTTP/1.1" 200 1037 "https://porn.tw/video/girl-next-door19-is-a-cute-lady-who-loves-to-orgasm-on-webcam-1235.html" "Mozilla/5.0 (Macintosh; Intel Mac OS X 10_15_7) AppleWebKit/605.1.15 (KHTML, like Gecko) Version/18.4 Safari/605.1.15"
188.189.108.15 - - [29/Jan/2026:04:04:11 -0500] "GET /core/js/gdprJs.php HTTP/1.1" 200 1238 "https://porn.tw/video/girl-next-door19-is-a-cute-lady-who-loves-to-orgasm-on-webcam-1235.html" "Mozilla/5.0 (Macintosh; Intel Mac OS X 10_15_7) AppleWebKit/605.1.15 (KHTML, like Gecko) Version/18.4 Safari/605.1.15"
188.189.108.15 - - [29/Jan/2026:04:04:12 -0500] "GET /templates/default_tube2019/fonts/Roboto/Roboto-Regular.ttf HTTP/1.1" 200 171676 "https://porn.tw/video/girl-next-door19-is-a-cute-lady-who-loves-to-orgasm-on-webcam-1235.html" "Mozilla/5.0 (Macintosh; Intel Mac OS X 10_15_7) AppleWebKit/605.1.15 (KHTML, like Gecko) Version/18.4 Safari/605.1.15"
188.189.108.15 - - [29/Jan/2026:04:04:12 -0500] "GET /templates/default_tube2019/fonts/fontawesome_5.7.1/fa-solid-900.woff2 HTTP/1.1" 200 74320 "https://porn.tw/video/girl-next-door19-is-a-cute-lady-who-loves-to-orgasm-on-webcam-1235.html" "Mozilla/5.0 (Macintosh; Intel Mac OS X 10_15_7) AppleWebKit/605.1.15 (KHTML, like Gecko) Version/18.4 Safari/605.1.15"
188.189.108.15 - - [29/Jan/2026:04:04:12 -0500] "GET /templates/default_tube2019/fonts/Roboto/Roboto-Medium.ttf HTTP/1.1" 200 172064 "https://porn.tw/video/girl-next-door19-is-a-cute-lady-who-loves-to-orgasm-on-webcam-1235.html" "Mozilla/5.0 (Macintosh; Intel Mac OS X 10_15_7) AppleWebKit/605.1.15 (KHTML, like Gecko) Version/18.4 Safari/605.1.15"
188.189.108.15 - - [29/Jan/2026:04:04:12 -0500] "GET /templates/default_tube2019/fonts/fontawesome_5.7.1/fa-regular-400.woff2 HTTP/1.1" 200 13608 "https://porn.tw/video/girl-next-door19-is-a-cute-lady-who-loves-to-orgasm-on-webcam-1235.html" "Mozilla/5.0 (Macintosh; Intel Mac OS X 10_15_7) AppleWebKit/605.1.15 (KHTML, like Gecko) Version/18.4 Safari/605.1.15"
188.189.108.15 - - [29/Jan/2026:04:04:12 -0500] "GET /templates/default_tube2019/images/logo.png HTTP/1.1" 200 2157 "https://porn.tw/video/girl-next-door19-is-a-cute-lady-who-loves-to-orgasm-on-webcam-1235.html" "Mozilla/5.0 (Macintosh; Intel Mac OS X 10_15_7) AppleWebKit/605.1.15 (KHTML, like Gecko) Version/18.4 Safari/605.1.15"
188.189.108.15 - - [29/Jan/2026:04:04:12 -0500] "GET /includes/fluidplayer//scripts/webvtt.min.js HTTP/1.1" 200 8856 "https://porn.tw/video/girl-next-door19-is-a-cute-lady-who-loves-to-orgasm-on-webcam-1235.html" "Mozilla/5.0 (Macintosh; Intel Mac OS X 10_15_7) AppleWebKit/605.1.15 (KHTML, like Gecko) Version/18.4 Safari/605.1.15"
188.189.108.15 - - [29/Jan/2026:04:04:12 -0500] "GET /includes/fluidplayer//scripts/vtt.js HTTP/1.1" 200 140908 "https://porn.tw/video/girl-next-door19-is-a-cute-lady-who-loves-to-orgasm-on-webcam-1235.html" "Mozilla/5.0 (Macintosh; Intel Mac OS X 10_15_7) AppleWebKit/605.1.15 (KHTML, like Gecko) Version/18.4 Safari/605.1.15"
188.189.108.15 - - [29/Jan/2026:04:04:12 -0500] "GET /templates/default_tube2019/fonts/Roboto/Roboto-Black.ttf HTTP/1.1" 200 171480 "https://porn.tw/video/girl-next-door19-is-a-cute-lady-who-loves-to-orgasm-on-webcam-1235.html" "Mozilla/5.0 (Macintosh; Intel Mac OS X 10_15_7) AppleWebKit/605.1.15 (KHTML, like Gecko) Version/18.4 Safari/605.1.15"
188.189.108.15 - - [29/Jan/2026:04:04:12 -0500] "GET /templates/default_tube2019/fonts/fontawesome_5.7.1/fa-brands-400.woff2 HTTP/1.1" 200 72148 "https://porn.tw/video/girl-next-door19-is-a-cute-lady-who-loves-to-orgasm-on-webcam-1235.html" "Mozilla/5.0 (Macintosh; Intel Mac OS X 10_15_7) AppleWebKit/605.1.15 (KHTML, like Gecko) Version/18.4 Safari/605.1.15"
188.189.108.15 - - [29/Jan/2026:04:04:12 -0500] "GET /templates/default_tube2019/images/plus-solid.svg HTTP/1.1" 200 449 "https://porn.tw/video/girl-next-door19-is-a-cute-lady-who-loves-to-orgasm-on-webcam-1235.html" "Mozilla/5.0 (Macintosh; Intel Mac OS X 10_15_7) AppleWebKit/605.1.15 (KHTML, like Gecko) Version/18.4 Safari/605.1.15"
188.189.108.15 - - [29/Jan/2026:04:04:13 -0500] "GET /templates/default_tube2019/images/minus-solid.svg HTTP/1.1" 200 328 "https://porn.tw/video/girl-next-door19-is-a-cute-lady-who-loves-to-orgasm-on-webcam-1235.html" "Mozilla/5.0 (Macintosh; Intel Mac OS X 10_15_7) AppleWebKit/605.1.15 (KHTML, like Gecko) Version/18.4 Safari/605.1.15"
188.189.108.15 - - [29/Jan/2026:04:04:13 -0500] "GET /templates/default_tube2019/template.ajax_comments.php?id=1235&type=0&loaded=0&time=1769677452500 HTTP/1.1" 200 133 "https://porn.tw/video/girl-next-door19-is-a-cute-lady-who-loves-to-orgasm-on-webcam-1235.html" "Mozilla/5.0 (Macintosh; Intel Mac OS X 10_15_7) AppleWebKit/605.1.15 (KHTML, like Gecko) Version/18.4 Safari/605.1.15"
188.189.108.15 - - [29/Jan/2026:04:04:13 -0500] "GET /webvtt/1235.vtt HTTP/1.1" 200 5993 "https://porn.tw/video/girl-next-door19-is-a-cute-lady-who-loves-to-orgasm-on-webcam-1235.html" "Mozilla/5.0 (Macintosh; Intel Mac OS X 10_15_7) AppleWebKit/605.1.15 (KHTML, like Gecko) Version/18.4 Safari/605.1.15"
188.189.108.15 - - [29/Jan/2026:04:04:13 -0500] "GET /core/images/catdefault.jpg HTTP/1.1" 200 3364 "https://porn.tw/video/girl-next-door19-is-a-cute-lady-who-loves-to-orgasm-on-webcam-1235.html" "Mozilla/5.0 (Macintosh; Intel Mac OS X 10_15_7) AppleWebKit/605.1.15 (KHTML, like Gecko) Version/18.4 Safari/605.1.15"
188.189.108.15 - - [29/Jan/2026:04:04:13 -0500] "GET /media/thumbs/3/6/6/4/e/3664ef97d81f77.mp4/vtt_005.jpg HTTP/1.1" 200 9258 "https://porn.tw/video/girl-next-door19-is-a-cute-lady-who-loves-to-orgasm-on-webcam-1235.html" "Mozilla/5.0 (Macintosh; Intel Mac OS X 10_15_7) AppleWebKit/605.1.15 (KHTML, like Gecko) Version/18.4 Safari/605.1.15"
188.189.108.15 - - [29/Jan/2026:04:04:13 -0500] "GET /media/thumbs/3/6/6/4/e/3664ef97d81f77.mp4/vtt_010.jpg HTTP/1.1" 200 9204 "https://porn.tw/video/girl-next-door19-is-a-cute-lady-who-loves-to-orgasm-on-webcam-1235.html" "Mozilla/5.0 (Macintosh; Intel Mac OS X 10_15_7) AppleWebKit/605.1.15 (KHTML, like Gecko) Version/18.4 Safari/605.1.15"
188.189.108.15 - - [29/Jan/2026:04:04:13 -0500] "GET /media/thumbs/3/6/6/4/e/3664ef97d81f77.mp4/vtt_015.jpg HTTP/1.1" 200 9091 "https://porn.tw/video/girl-next-door19-is-a-cute-lady-who-loves-to-orgasm-on-webcam-1235.html" "Mozilla/5.0 (Macintosh; Intel Mac OS X 10_15_7) AppleWebKit/605.1.15 (KHTML, like Gecko) Version/18.4 Safari/605.1.15"
188.189.108.15 - - [29/Jan/2026:04:04:13 -0500] "GET /media/thumbs/3/6/6/4/e/3664ef97d81f77.mp4/vtt_020.jpg HTTP/1.1" 200 8852 "https://porn.tw/video/girl-next-door19-is-a-cute-lady-who-loves-to-orgasm-on-webcam-1235.html" "Mozilla/5.0 (Macintosh; Intel Mac OS X 10_15_7) AppleWebKit/605.1.15 (KHTML, like Gecko) Version/18.4 Safari/605.1.15"
188.189.108.15 - - [29/Jan/2026:04:04:13 -0500] "GET /media/thumbs/3/6/6/4/e/3664ef97d81f77.mp4/vtt_025.jpg HTTP/1.1" 200 8833 "https://porn.tw/video/girl-next-door19-is-a-cute-lady-who-loves-to-orgasm-on-webcam-1235.html" "Mozilla/5.0 (Macintosh; Intel Mac OS X 10_15_7) AppleWebKit/605.1.15 (KHTML, like Gecko) Version/18.4 Safari/605.1.15"
188.189.108.15 - - [29/Jan/2026:04:04:13 -0500] "GET /media/thumbs/3/6/6/4/e/3664ef97d81f77.mp4/vtt_030.jpg HTTP/1.1" 200 6424 "https://porn.tw/video/girl-next-door19-is-a-cute-lady-who-loves-to-orgasm-on-webcam-1235.html" "Mozilla/5.0 (Macintosh; Intel Mac OS X 10_15_7) AppleWebKit/605.1.15 (KHTML, like Gecko) Version/18.4 Safari/605.1.15"
188.189.108.15 - - [29/Jan/2026:04:04:13 -0500] "GET /media/thumbs/3/6/6/4/e/3664ef97d81f77.mp4/vtt_035.jpg HTTP/1.1" 200 8393 "https://porn.tw/video/girl-next-door19-is-a-cute-lady-who-loves-to-orgasm-on-webcam-1235.html" "Mozilla/5.0 (Macintosh; Intel Mac OS X 10_15_7) AppleWebKit/605.1.15 (KHTML, like Gecko) Version/18.4 Safari/605.1.15"
188.189.108.15 - - [29/Jan/2026:04:04:13 -0500] "GET /media/thumbs/3/6/6/4/e/3664ef97d81f77.mp4/vtt_040.jpg HTTP/1.1" 200 7840 "https://porn.tw/video/girl-next-door19-is-a-cute-lady-who-loves-to-orgasm-on-webcam-1235.html" "Mozilla/5.0 (Macintosh; Intel Mac OS X 10_15_7) AppleWebKit/605.1.15 (KHTML, like Gecko) Version/18.4 Safari/605.1.15"
188.189.108.15 - - [29/Jan/2026:04:04:13 -0500] "GET /media/thumbs/3/6/6/4/e/3664ef97d81f77.mp4/vtt_045.jpg HTTP/1.1" 200 8262 "https://porn.tw/video/girl-next-door19-is-a-cute-lady-who-loves-to-orgasm-on-webcam-1235.html" "Mozilla/5.0 (Macintosh; Intel Mac OS X 10_15_7) AppleWebKit/605.1.15 (KHTML, like Gecko) Version/18.4 Safari/605.1.15"
188.189.108.15 - - [29/Jan/2026:04:04:13 -0500] "GET /media/thumbs/3/6/6/4/e/3664ef97d81f77.mp4/vtt_050.jpg HTTP/1.1" 200 8591 "https://porn.tw/video/girl-next-door19-is-a-cute-lady-who-loves-to-orgasm-on-webcam-1235.html" "Mozilla/5.0 (Macintosh; Intel Mac OS X 10_15_7) AppleWebKit/605.1.15 (KHTML, like Gecko) Version/18.4 Safari/605.1.15"
188.189.108.15 - - [29/Jan/2026:04:04:13 -0500] "GET /media/thumbs/3/6/6/4/e/3664ef97d81f77.mp4/vtt_055.jpg HTTP/1.1" 200 8036 "https://porn.tw/video/girl-next-door19-is-a-cute-lady-who-loves-to-orgasm-on-webcam-1235.html" "Mozilla/5.0 (Macintosh; Intel Mac OS X 10_15_7) AppleWebKit/605.1.15 (KHTML, like Gecko) Version/18.4 Safari/605.1.15"
188.189.108.15 - - [29/Jan/2026:04:04:13 -0500] "GET /media/thumbs/3/6/6/4/e/3664ef97d81f77.mp4/vtt_060.jpg HTTP/1.1" 200 8507 "https://porn.tw/video/girl-next-door19-is-a-cute-lady-who-loves-to-orgasm-on-webcam-1235.html" "Mozilla/5.0 (Macintosh; Intel Mac OS X 10_15_7) AppleWebKit/605.1.15 (KHTML, like Gecko) Version/18.4 Safari/605.1.15"
188.189.108.15 - - [29/Jan/2026:04:04:13 -0500] "GET /templates/default_tube2019/images/plus-solid.svg HTTP/1.1" 200 449 "https://porn.tw/video/girl-next-door19-is-a-cute-lady-who-loves-to-orgasm-on-webcam-1235.html" "Mozilla/5.0 (Macintosh; Intel Mac OS X 10_15_7) AppleWebKit/605.1.15 (KHTML, like Gecko) Version/18.4 Safari/605.1.15"
188.189.108.15 - - [29/Jan/2026:04:04:13 -0500] "GET /templates/default_tube2019/images/minus-solid.svg HTTP/1.1" 200 328 "https://porn.tw/video/girl-next-door19-is-a-cute-lady-who-loves-to-orgasm-on-webcam-1235.html" "Mozilla/5.0 (Macintosh; Intel Mac OS X 10_15_7) AppleWebKit/605.1.15 (KHTML, like Gecko) Version/18.4 Safari/605.1.15"
188.189.108.15 - - [29/Jan/2026:04:04:13 -0500] "GET /media/misc/653171c2a944c.jpg HTTP/1.1" 200 3209 "https://porn.tw/video/girl-next-door19-is-a-cute-lady-who-loves-to-orgasm-on-webcam-1235.html" "Mozilla/5.0 (Macintosh; Intel Mac OS X 10_15_7) AppleWebKit/605.1.15 (KHTML, like Gecko) Version/18.4 Safari/605.1.15"
188.189.108.15 - - [29/Jan/2026:04:04:13 -0500] "GET /templates/default_tube2019/images/ad-280-2.png HTTP/1.1" 200 98354 "https://porn.tw/video/girl-next-door19-is-a-cute-lady-who-loves-to-orgasm-on-webcam-1235.html" "Mozilla/5.0 (Macintosh; Intel Mac OS X 10_15_7) AppleWebKit/605.1.15 (KHTML, like Gecko) Version/18.4 Safari/605.1.15"
188.189.108.15 - - [29/Jan/2026:04:04:13 -0500] "GET /templates/default_tube2019/images/ad-280.png HTTP/1.1" 200 73287 "https://porn.tw/video/girl-next-door19-is-a-cute-lady-who-loves-to-orgasm-on-webcam-1235.html" "Mozilla/5.0 (Macintosh; Intel Mac OS X 10_15_7) AppleWebKit/605.1.15 (KHTML, like Gecko) Version/18.4 Safari/605.1.15"
188.189.108.15 - - [29/Jan/2026:04:04:14 -0500] "GET /templates/default_tube2019/images/ad-280-3.png HTTP/1.1" 200 116616 "https://porn.tw/video/girl-next-door19-is-a-cute-lady-who-loves-to-orgasm-on-webcam-1235.html" "Mozilla/5.0 (Macintosh; Intel Mac OS X 10_15_7) AppleWebKit/605.1.15 (KHTML, like Gecko) Version/18.4 Safari/605.1.15"
188.189.108.15 - - [29/Jan/2026:04:04:14 -0500] "GET /media/thumbs/3/6/6/5/8/366584a7e3ebfa.mp4/366584a7e3ebfa.mp4-3.jpg HTTP/1.1" 200 10580 "https://porn.tw/video/girl-next-door19-is-a-cute-lady-who-loves-to-orgasm-on-webcam-1235.html" "Mozilla/5.0 (Macintosh; Intel Mac OS X 10_15_7) AppleWebKit/605.1.15 (KHTML, like Gecko) Version/18.4 Safari/605.1.15"
188.189.108.15 - - [29/Jan/2026:04:04:14 -0500] "GET /media/thumbs/2/6/5/a/5/265a52669c6416.mp4/265a52669c6416.mp4-3.jpg HTTP/1.1" 200 12075 "https://porn.tw/video/girl-next-door19-is-a-cute-lady-who-loves-to-orgasm-on-webcam-1235.html" "Mozilla/5.0 (Macintosh; Intel Mac OS X 10_15_7) AppleWebKit/605.1.15 (KHTML, like Gecko) Version/18.4 Safari/605.1.15"
188.189.108.15 - - [29/Jan/2026:04:04:14 -0500] "GET /media/thumbs/3/6/6/2/0/36620fbddb4307.mp4/36620fbddb4307.mp4-5.jpg HTTP/1.1" 200 10687 "https://porn.tw/video/girl-next-door19-is-a-cute-lady-who-loves-to-orgasm-on-webcam-1235.html" "Mozilla/5.0 (Macintosh; Intel Mac OS X 10_15_7) AppleWebKit/605.1.15 (KHTML, like Gecko) Version/18.4 Safari/605.1.15"
188.189.108.15 - - [29/Jan/2026:04:04:14 -0500] "GET /media/thumbs/3/6/6/7/b/3667b8609858d3.mp4/3667b8609858d3.mp4-5.jpg HTTP/1.1" 200 13098 "https://porn.tw/video/girl-next-door19-is-a-cute-lady-who-loves-to-orgasm-on-webcam-1235.html" "Mozilla/5.0 (Macintosh; Intel Mac OS X 10_15_7) AppleWebKit/605.1.15 (KHTML, like Gecko) Version/18.4 Safari/605.1.15"
188.189.108.15 - - [29/Jan/2026:04:04:14 -0500] "GET /media/thumbs/3/6/6/4/7/366471e20471b8.mp4/366471e20471b8.mp4-3.jpg HTTP/1.1" 200 11149 "https://porn.tw/video/girl-next-door19-is-a-cute-lady-who-loves-to-orgasm-on-webcam-1235.html" "Mozilla/5.0 (Macintosh; Intel Mac OS X 10_15_7) AppleWebKit/605.1.15 (KHTML, like Gecko) Version/18.4 Safari/605.1.15"
188.189.108.15 - - [29/Jan/2026:04:04:14 -0500] "GET /media/thumbs/3/6/6/3/7/366373c9f2a7ec.mp4/366373c9f2a7ec.mp4-4.jpg HTTP/1.1" 200 10271 "https://porn.tw/video/girl-next-door19-is-a-cute-lady-who-loves-to-orgasm-on-webcam-1235.html" "Mozilla/5.0 (Macintosh; Intel Mac OS X 10_15_7) AppleWebKit/605.1.15 (KHTML, like Gecko) Version/18.4 Safari/605.1.15"
188.189.108.15 - - [29/Jan/2026:04:04:14 -0500] "GET /media/thumbs/1/7/6/5/7/17657ae6358f190.mp4/17657ae6358f190.mp4-8.jpg HTTP/1.1" 200 7672 "https://porn.tw/video/girl-next-door19-is-a-cute-lady-who-loves-to-orgasm-on-webcam-1235.html" "Mozilla/5.0 (Macintosh; Intel Mac OS X 10_15_7) AppleWebKit/605.1.15 (KHTML, like Gecko) Version/18.4 Safari/605.1.15"
188.189.108.15 - - [29/Jan/2026:04:04:14 -0500] "GET /media/thumbs/4/0/6/6/8/4066801e6bf341d.mp4/4066801e6bf341d.mp4-4.jpg HTTP/1.1" 200 14001 "https://porn.tw/video/girl-next-door19-is-a-cute-lady-who-loves-to-orgasm-on-webcam-1235.html" "Mozilla/5.0 (Macintosh; Intel Mac OS X 10_15_7) AppleWebKit/605.1.15 (KHTML, like Gecko) Version/18.4 Safari/605.1.15"
188.189.108.15 - - [29/Jan/2026:04:04:14 -0500] "GET /media/thumbs/4/0/6/6/9/4066912be87614f.mp4/4066912be87614f.mp4-3.jpg HTTP/1.1" 200 12716 "https://porn.tw/video/girl-next-door19-is-a-cute-lady-who-loves-to-orgasm-on-webcam-1235.html" "Mozilla/5.0 (Macintosh; Intel Mac OS X 10_15_7) AppleWebKit/605.1.15 (KHTML, like Gecko) Version/18.4 Safari/605.1.15"
188.189.108.15 - - [29/Jan/2026:04:04:14 -0500] "GET /media/thumbs/3/6/6/0/c/3660cabdb15329.mp4/3660cabdb15329.mp4-7.jpg HTTP/1.1" 200 13110 "https://porn.tw/video/girl-next-door19-is-a-cute-lady-who-loves-to-orgasm-on-webcam-1235.html" "Mozilla/5.0 (Macintosh; Intel Mac OS X 10_15_7) AppleWebKit/605.1.15 (KHTML, like Gecko) Version/18.4 Safari/605.1.15"
188.189.108.15 - - [29/Jan/2026:04:04:14 -0500] "GET /media/thumbs/1/1/6/6/3/11663ddba1f21ee.mp4/11663ddba1f21ee.mp4-5.jpg HTTP/1.1" 200 10960 "https://porn.tw/video/girl-next-door19-is-a-cute-lady-who-loves-to-orgasm-on-webcam-1235.html" "Mozilla/5.0 (Macintosh; Intel Mac OS X 10_15_7) AppleWebKit/605.1.15 (KHTML, like Gecko) Version/18.4 Safari/605.1.15"
188.189.108.15 - - [29/Jan/2026:04:04:14 -0500] "GET /media/thumbs/3/6/5/f/3/365f3fd58b37f6.mp4/365f3fd58b37f6.mp4-5.jpg HTTP/1.1" 200 10927 "https://porn.tw/video/girl-next-door19-is-a-cute-lady-who-loves-to-orgasm-on-webcam-1235.html" "Mozilla/5.0 (Macintosh; Intel Mac OS X 10_15_7) AppleWebKit/605.1.15 (KHTML, like Gecko) Version/18.4 Safari/605.1.15"
188.189.108.15 - - [29/Jan/2026:04:04:14 -0500] "GET /media/thumbs/3/6/6/2/c/3662ce348566cf.mp4/3662ce348566cf.mp4-3.jpg HTTP/1.1" 200 15508 "https://porn.tw/video/girl-next-door19-is-a-cute-lady-who-loves-to-orgasm-on-webcam-1235.html" "Mozilla/5.0 (Macintosh; Intel Mac OS X 10_15_7) AppleWebKit/605.1.15 (KHTML, like Gecko) Version/18.4 Safari/605.1.15"
188.189.108.15 - - [29/Jan/2026:04:04:14 -0500] "GET /media/thumbs/3/6/6/3/8/36638827fcced3.mp4/36638827fcced3.mp4-5.jpg HTTP/1.1" 200 11243 "https://porn.tw/video/girl-next-door19-is-a-cute-lady-who-loves-to-orgasm-on-webcam-1235.html" "Mozilla/5.0 (Macintosh; Intel Mac OS X 10_15_7) AppleWebKit/605.1.15 (KHTML, like Gecko) Version/18.4 Safari/605.1.15"
188.189.108.15 - - [29/Jan/2026:04:04:14 -0500] "GET /media/thumbs/3/6/5/8/f/3658faed0c1e74.mp4/3658faed0c1e74.mp4-8.jpg HTTP/1.1" 200 9581 "https://porn.tw/video/girl-next-door19-is-a-cute-lady-who-loves-to-orgasm-on-webcam-1235.html" "Mozilla/5.0 (Macintosh; Intel Mac OS X 10_15_7) AppleWebKit/605.1.15 (KHTML, like Gecko) Version/18.4 Safari/605.1.15"
188.189.108.15 - - [29/Jan/2026:04:04:14 -0500] "GET /includes/player/logo.png HTTP/1.1" 200 8496 "https://porn.tw/video/girl-next-door19-is-a-cute-lady-who-loves-to-orgasm-on-webcam-1235.html" "Mozilla/5.0 (Macintosh; Intel Mac OS X 10_15_7) AppleWebKit/605.1.15 (KHTML, like Gecko) Version/18.4 Safari/605.1.15"
188.189.108.15 - - [29/Jan/2026:04:04:14 -0500] "GET /includes/fluidplayer/images/fluid_icons.svg HTTP/1.1" 200 18488 "https://porn.tw/video/girl-next-door19-is-a-cute-lady-who-loves-to-orgasm-on-webcam-1235.html" "Mozilla/5.0 (Macintosh; Intel Mac OS X 10_15_7) AppleWebKit/605.1.15 (KHTML, like Gecko) Version/18.4 Safari/605.1.15"
188.189.108.15 - - [29/Jan/2026:04:04:14 -0500] "GET /media/thumbs/3/6/6/4/e/3664ef97d81f77.mp4/3664ef97d81f77.mp4-7b.jpg HTTP/1.1" 200 89909 "https://porn.tw/video/girl-next-door19-is-a-cute-lady-who-loves-to-orgasm-on-webcam-1235.html" "Mozilla/5.0 (Macintosh; Intel Mac OS X 10_15_7) AppleWebKit/605.1.15 (KHTML, like Gecko) Version/18.4 Safari/605.1.15"
188.189.108.15 - - [29/Jan/2026:04:04:15 -0500] "GET /templates/default_tube2019/images/touch/fav.png HTTP/1.1" 200 3931 "https://porn.tw/video/girl-next-door19-is-a-cute-lady-who-loves-to-orgasm-on-webcam-1235.html" "Mozilla/5.0 (Macintosh; Intel Mac OS X 10_15_7) AppleWebKit/605.1.15 (KHTML, like Gecko) Version/18.4 Safari/605.1.15"
188.189.108.15 - - [29/Jan/2026:04:04:15 -0500] "GET /templates/default_tube2019/images/touch/chrome-touch-icon-192x192.png HTTP/1.1" 200 12951 "https://porn.tw/video/girl-next-door19-is-a-cute-lady-who-loves-to-orgasm-on-webcam-1235.html" "Mozilla/5.0 (Macintosh; Intel Mac OS X 10_15_7) AppleWebKit/605.1.15 (KHTML, like Gecko) Version/18.4 Safari/605.1.15"
220.181.108.146 - - [29/Jan/2026:04:04:15 -0500] "GET /search/petite-camgirl/newest/page2.html HTTP/1.1" 403 - "-" "Mozilla/5.0 (compatible; Baiduspider/2.0; +http://www.baidu.com/search/spider.html)"
217.113.194.76 - - [29/Jan/2026:04:04:16 -0500] "GET /search/naughty-pleasure-porn/newest/page8.html HTTP/1.1" 200 80731 "-" "Mozilla/5.0 (compatible; Barkrowler/0.9; +https://babbar.tech/crawler)"
119.249.100.240 - - [29/Jan/2026:04:04:20 -0500] "GET /search/petite-camgirl/newest/page2.html HTTP/1.1" 200 72981 "-" "Mozilla/5.0 (Windows NT 10.0; WOW64) AppleWebKit/537.36 (KHTML, like Gecko) Chrome/48.0.2564.116 Safari/537.36"
217.113.194.77 - - [29/Jan/2026:04:04:22 -0500] "GET /search/boobie-play/newest/page2.html HTTP/1.1" 200 74827 "-" "Mozilla/5.0 (compatible; Barkrowler/0.9; +https://babbar.tech/crawler)"
217.113.194.74 - - [29/Jan/2026:04:04:31 -0500] "GET /search/naughty-pleasure-porn/newest/page12.html HTTP/1.1" 200 71372 "-" "Mozilla/5.0 (compatible; Barkrowler/0.9; +https://babbar.tech/crawler)"
217.113.194.217 - - [29/Jan/2026:04:04:37 -0500] "GET /search/naughty-babe/rating/page4.html HTTP/1.1" 200 71234 "-" "Mozilla/5.0 (compatible; Barkrowler/0.9; +https://babbar.tech/crawler)"
217.113.194.77 - - [29/Jan/2026:04:04:47 -0500] "GET /search/naughty-pleasure-porn/newest/page4.html HTTP/1.1" 200 76794 "-" "Mozilla/5.0 (compatible; Barkrowler/0.9; +https://babbar.tech/crawler)"
66.249.74.4 - - [29/Jan/2026:04:04:48 -0500] "GET /search/trans-porn-solo/newest/page8.html HTTP/1.1" 200 73444 "-" "Mozilla/5.0 (Linux; Android 6.0.1; Nexus 5X Build/MMB29P) AppleWebKit/537.36 (KHTML, like Gecko) Chrome/143.0.7499.192 Mobile Safari/537.36 (compatible; Googlebot/2.1; +http://www.google.com/bot.html)"
217.113.194.76 - - [29/Jan/2026:04:04:53 -0500] "GET /search/naughty-babe/rating/page2.html HTTP/1.1" 200 74310 "-" "Mozilla/5.0 (compatible; Barkrowler/0.9; +https://babbar.tech/crawler)"
220.181.51.90 - - [29/Jan/2026:04:05:00 -0500] "GET /search/solo-play/views/page5.html HTTP/1.1" 200 74587 "-" "Mozilla/5.0 (Windows NT 10.0; WOW64) AppleWebKit/537.36 (KHTML, like Gecko) Chrome/48.0.2564.116 Safari/537.36"
217.113.194.72 - - [29/Jan/2026:04:05:02 -0500] "GET /search/naughty-pleasure-porn/views/page1.html HTTP/1.1" 200 73265 "-" "Mozilla/5.0 (compatible; Barkrowler/0.9; +https://babbar.tech/crawler)"
217.113.194.73 - - [29/Jan/2026:04:05:09 -0500] "GET /search/naughty-babe/rating/page3.html HTTP/1.1" 200 71738 "-" "Mozilla/5.0 (compatible; Barkrowler/0.9; +https://babbar.tech/crawler)"
188.189.108.15 - - [29/Jan/2026:04:05:14 -0500] "GET /media/videos/3/6/6/4/e/3664ef97d81f77.mp4 HTTP/1.1" 206 2 "https://porn.tw/video/girl-next-door19-is-a-cute-lady-who-loves-to-orgasm-on-webcam-1235.html" "Mozilla/5.0 (Macintosh; Intel Mac OS X 10_15_7) AppleWebKit/605.1.15 (KHTML, like Gecko) Version/18.4 Safari/605.1.15"
188.189.108.15 - - [29/Jan/2026:04:05:15 -0500] "GET /media/videos/3/6/6/4/e/3664ef97d81f77.mp4 HTTP/1.1" 206 389136017 "https://porn.tw/video/girl-next-door19-is-a-cute-lady-who-loves-to-orgasm-on-webcam-1235.html" "Mozilla/5.0 (Macintosh; Intel Mac OS X 10_15_7) AppleWebKit/605.1.15 (KHTML, like Gecko) Version/18.4 Safari/605.1.15"
188.189.108.15 - - [29/Jan/2026:04:05:16 -0500] "GET /media/videos/3/6/6/4/e/3664ef97d81f77.mp4 HTTP/1.1" 206 114321 "https://porn.tw/video/girl-next-door19-is-a-cute-lady-who-loves-to-orgasm-on-webcam-1235.html" "Mozilla/5.0 (Macintosh; Intel Mac OS X 10_15_7) AppleWebKit/605.1.15 (KHTML, like Gecko) Version/18.4 Safari/605.1.15"
188.189.108.15 - - [29/Jan/2026:04:05:18 -0500] "GET /includes/fluidplayer/images/fluid_spinner.svg HTTP/1.1" 200 524 "https://porn.tw/video/girl-next-door19-is-a-cute-lady-who-loves-to-orgasm-on-webcam-1235.html" "Mozilla/5.0 (Macintosh; Intel Mac OS X 10_15_7) AppleWebKit/605.1.15 (KHTML, like Gecko) Version/18.4 Safari/605.1.15"
217.113.194.73 - - [29/Jan/2026:04:05:18 -0500] "GET /search/naughty-pleasure-porn/views/page7.html HTTP/1.1" 200 74211 "-" "Mozilla/5.0 (compatible; Barkrowler/0.9; +https://babbar.tech/crawler)"
188.189.108.15 - - [29/Jan/2026:04:05:18 -0500] "GET /media/videos/3/6/6/4/e/3664ef97d81f77.mp4 HTTP/1.1" 206 32719 "https://porn.tw/video/girl-next-door19-is-a-cute-lady-who-loves-to-orgasm-on-webcam-1235.html" "Mozilla/5.0 (Macintosh; Intel Mac OS X 10_15_7) AppleWebKit/605.1.15 (KHTML, like Gecko) Version/18.4 Safari/605.1.15"
188.189.108.15 - - [29/Jan/2026:04:05:18 -0500] "GET /media/thumbs/2/6/5/a/5/265a52669c6416.mp4/265a52669c6416.mp4-4.jpg HTTP/1.1" 200 12614 "https://porn.tw/video/girl-next-door19-is-a-cute-lady-who-loves-to-orgasm-on-webcam-1235.html" "Mozilla/5.0 (Macintosh; Intel Mac OS X 10_15_7) AppleWebKit/605.1.15 (KHTML, like Gecko) Version/18.4 Safari/605.1.15"
188.189.108.15 - - [29/Jan/2026:04:05:19 -0500] "GET /templates/default_tube2019/iimages/touch/apple-touch-icon.png HTTP/1.1" 404 6804 "https://porn.tw/video/girl-next-door19-is-a-cute-lady-who-loves-to-orgasm-on-webcam-1235.html" "Mozilla/5.0 (Macintosh; Intel Mac OS X 10_15_7) AppleWebKit/605.1.15 (KHTML, like Gecko) Version/18.4 Safari/605.1.15"
188.189.108.15 - - [29/Jan/2026:04:05:19 -0500] "GET /media/thumbs/2/6/5/a/5/265a52669c6416.mp4/265a52669c6416.mp4-6.jpg HTTP/1.1" 200 13099 "https://porn.tw/video/girl-next-door19-is-a-cute-lady-who-loves-to-orgasm-on-webcam-1235.html" "Mozilla/5.0 (Macintosh; Intel Mac OS X 10_15_7) AppleWebKit/605.1.15 (KHTML, like Gecko) Version/18.4 Safari/605.1.15"
188.189.108.15 - - [29/Jan/2026:04:05:19 -0500] "GET /media/videos/3/6/6/4/e/3664ef97d81f77.mp4 HTTP/1.1" 206 388989241 "https://porn.tw/video/girl-next-door19-is-a-cute-lady-who-loves-to-orgasm-on-webcam-1235.html" "Mozilla/5.0 (Macintosh; Intel Mac OS X 10_15_7) AppleWebKit/605.1.15 (KHTML, like Gecko) Version/18.4 Safari/605.1.15"
188.189.108.15 - - [29/Jan/2026:04:05:20 -0500] "GET /media/thumbs/2/6/5/a/5/265a52669c6416.mp4/265a52669c6416.mp4-5.jpg HTTP/1.1" 200 12372 "https://porn.tw/video/girl-next-door19-is-a-cute-lady-who-loves-to-orgasm-on-webcam-1235.html" "Mozilla/5.0 (Macintosh; Intel Mac OS X 10_15_7) AppleWebKit/605.1.15 (KHTML, like Gecko) Version/18.4 Safari/605.1.15"
188.189.108.15 - - [29/Jan/2026:04:05:20 -0500] "GET /media/thumbs/2/6/5/a/5/265a52669c6416.mp4/265a52669c6416.mp4-7.jpg HTTP/1.1" 200 13297 "https://porn.tw/video/girl-next-door19-is-a-cute-lady-who-loves-to-orgasm-on-webcam-1235.html" "Mozilla/5.0 (Macintosh; Intel Mac OS X 10_15_7) AppleWebKit/605.1.15 (KHTML, like Gecko) Version/18.4 Safari/605.1.15"
188.189.108.15 - - [29/Jan/2026:04:05:20 -0500] "GET /media/thumbs/3/6/6/3/7/366373c9f2a7ec.mp4/366373c9f2a7ec.mp4-5.jpg HTTP/1.1" 200 9568 "https://porn.tw/video/girl-next-door19-is-a-cute-lady-who-loves-to-orgasm-on-webcam-1235.html" "Mozilla/5.0 (Macintosh; Intel Mac OS X 10_15_7) AppleWebKit/605.1.15 (KHTML, like Gecko) Version/18.4 Safari/605.1.15"
188.189.108.15 - - [29/Jan/2026:04:05:20 -0500] "GET /media/thumbs/3/6/6/3/7/366373c9f2a7ec.mp4/366373c9f2a7ec.mp4-6.jpg HTTP/1.1" 200 9468 "https://porn.tw/video/girl-next-door19-is-a-cute-lady-who-loves-to-orgasm-on-webcam-1235.html" "Mozilla/5.0 (Macintosh; Intel Mac OS X 10_15_7) AppleWebKit/605.1.15 (KHTML, like Gecko) Version/18.4 Safari/605.1.15"
66.249.74.6 - - [29/Jan/2026:04:05:21 -0500] "GET /search/transgender/ HTTP/1.1" 200 37923 "-" "Mozilla/5.0 (Linux; Android 6.0.1; Nexus 5X Build/MMB29P) AppleWebKit/537.36 (KHTML, like Gecko) Chrome/143.0.7499.192 Mobile Safari/537.36 (compatible; Googlebot/2.1; +http://www.google.com/bot.html)"
188.189.108.15 - - [29/Jan/2026:04:05:21 -0500] "GET /media/thumbs/3/6/6/3/7/366373c9f2a7ec.mp4/366373c9f2a7ec.mp4-7.jpg HTTP/1.1" 200 9762 "https://porn.tw/video/girl-next-door19-is-a-cute-lady-who-loves-to-orgasm-on-webcam-1235.html" "Mozilla/5.0 (Macintosh; Intel Mac OS X 10_15_7) AppleWebKit/605.1.15 (KHTML, like Gecko) Version/18.4 Safari/605.1.15"
188.189.108.15 - - [29/Jan/2026:04:05:22 -0500] "GET /media/thumbs/3/6/6/3/7/366373c9f2a7ec.mp4/366373c9f2a7ec.mp4-8.jpg HTTP/1.1" 200 9816 "https://porn.tw/video/girl-next-door19-is-a-cute-lady-who-loves-to-orgasm-on-webcam-1235.html" "Mozilla/5.0 (Macintosh; Intel Mac OS X 10_15_7) AppleWebKit/605.1.15 (KHTML, like Gecko) Version/18.4 Safari/605.1.15"
40.77.167.143 - - [29/Jan/2026:04:05:22 -0500] "GET /search/foxy-babe-cam/rating/page7.html HTTP/1.1" 200 72955 "-" "Mozilla/5.0 AppleWebKit/537.36 (KHTML, like Gecko; compatible; bingbot/2.0; +http://www.bing.com/bingbot.htm) Chrome/116.0.1938.76 Safari/537.36"
188.189.108.15 - - [29/Jan/2026:04:05:22 -0500] "GET /media/thumbs/3/6/6/3/7/366373c9f2a7ec.mp4/366373c9f2a7ec.mp4-9.jpg HTTP/1.1" 200 9523 "https://porn.tw/video/girl-next-door19-is-a-cute-lady-who-loves-to-orgasm-on-webcam-1235.html" "Mozilla/5.0 (Macintosh; Intel Mac OS X 10_15_7) AppleWebKit/605.1.15 (KHTML, like Gecko) Version/18.4 Safari/605.1.15"
188.189.108.15 - - [29/Jan/2026:04:05:23 -0500] "GET /media/thumbs/3/6/6/3/7/366373c9f2a7ec.mp4/366373c9f2a7ec.mp4-1.jpg HTTP/1.1" 200 9470 "https://porn.tw/video/girl-next-door19-is-a-cute-lady-who-loves-to-orgasm-on-webcam-1235.html" "Mozilla/5.0 (Macintosh; Intel Mac OS X 10_15_7) AppleWebKit/605.1.15 (KHTML, like Gecko) Version/18.4 Safari/605.1.15"
66.249.74.6 - - [29/Jan/2026:04:05:24 -0500] "GET /search/trans-porn-solo/newest/page12.html HTTP/1.1" 200 71743 "-" "Mozilla/5.0 (Linux; Android 6.0.1; Nexus 5X Build/MMB29P) AppleWebKit/537.36 (KHTML, like Gecko) Chrome/143.0.7499.192 Mobile Safari/537.36 (compatible; Googlebot/2.1; +http://www.google.com/bot.html)"
188.189.108.15 - - [29/Jan/2026:04:05:24 -0500] "GET /media/thumbs/3/6/6/4/e/3664ef97d81f77.mp4/vtt_019.jpg HTTP/1.1" 200 9050 "https://porn.tw/video/girl-next-door19-is-a-cute-lady-who-loves-to-orgasm-on-webcam-1235.html" "Mozilla/5.0 (Macintosh; Intel Mac OS X 10_15_7) AppleWebKit/605.1.15 (KHTML, like Gecko) Version/18.4 Safari/605.1.15"
188.189.108.15 - - [29/Jan/2026:04:05:24 -0500] "GET /media/thumbs/3/6/6/4/e/3664ef97d81f77.mp4/vtt_017.jpg HTTP/1.1" 200 8871 "https://porn.tw/video/girl-next-door19-is-a-cute-lady-who-loves-to-orgasm-on-webcam-1235.html" "Mozilla/5.0 (Macintosh; Intel Mac OS X 10_15_7) AppleWebKit/605.1.15 (KHTML, like Gecko) Version/18.4 Safari/605.1.15"
217.113.194.72 - - [29/Jan/2026:04:05:24 -0500] "GET /search/naughty-glasses-girl/newest/page2.html HTTP/1.1" 200 74842 "-" "Mozilla/5.0 (compatible; Barkrowler/0.9; +https://babbar.tech/crawler)"
188.189.108.15 - - [29/Jan/2026:04:05:25 -0500] "GET /media/thumbs/3/6/6/4/e/3664ef97d81f77.mp4/vtt_006.jpg HTTP/1.1" 200 9326 "https://porn.tw/video/girl-next-door19-is-a-cute-lady-who-loves-to-orgasm-on-webcam-1235.html" "Mozilla/5.0 (Macintosh; Intel Mac OS X 10_15_7) AppleWebKit/605.1.15 (KHTML, like Gecko) Version/18.4 Safari/605.1.15"
188.189.108.15 - - [29/Jan/2026:04:05:25 -0500] "GET /media/thumbs/3/6/6/4/e/3664ef97d81f77.mp4/vtt_007.jpg HTTP/1.1" 200 9140 "https://porn.tw/video/girl-next-door19-is-a-cute-lady-who-loves-to-orgasm-on-webcam-1235.html" "Mozilla/5.0 (Macintosh; Intel Mac OS X 10_15_7) AppleWebKit/605.1.15 (KHTML, like Gecko) Version/18.4 Safari/605.1.15"
104.28.218.189 - - [29/Jan/2026:04:05:26 -0500] "GET /video/ginevrafedez-tattooed-sexy-blonde-fucks-her-sweet-hole-75.html HTTP/1.1" 200 53322 "https://www.google.com/url?q=https://porn.tw/video/ginevrafedez-tattooed-sexy-blonde-fucks-her-sweet-hole-75.html&sa=U&ved=2ahUKEwjIhsD-sbCSAxUYyzgGHbmnCwYQFnoECDIQAQ&usg=AOvVaw2qK_ouQIH2aQAWCDGxLi-V" "Mozilla/5.0 (iPhone; CPU iPhone OS 26_2_0 like Mac OS X) AppleWebKit/605.1.15 (KHTML, like Gecko) GSA/405.0.859829126 Mobile/15E148 Safari/604.1"
188.189.108.15 - - [29/Jan/2026:04:05:26 -0500] "GET /media/thumbs/3/6/6/4/e/3664ef97d81f77.mp4/vtt_008.jpg HTTP/1.1" 200 9278 "https://porn.tw/video/girl-next-door19-is-a-cute-lady-who-loves-to-orgasm-on-webcam-1235.html" "Mozilla/5.0 (Macintosh; Intel Mac OS X 10_15_7) AppleWebKit/605.1.15 (KHTML, like Gecko) Version/18.4 Safari/605.1.15"
188.189.108.15 - - [29/Jan/2026:04:05:26 -0500] "GET /media/thumbs/3/6/6/4/e/3664ef97d81f77.mp4/vtt_009.jpg HTTP/1.1" 200 9185 "https://porn.tw/video/girl-next-door19-is-a-cute-lady-who-loves-to-orgasm-on-webcam-1235.html" "Mozilla/5.0 (Macintosh; Intel Mac OS X 10_15_7) AppleWebKit/605.1.15 (KHTML, like Gecko) Version/18.4 Safari/605.1.15"
188.189.108.15 - - [29/Jan/2026:04:05:28 -0500] "GET /media/videos/3/6/6/4/e/3664ef97d81f77.mp4 HTTP/1.1" 206 65536 "https://porn.tw/video/girl-next-door19-is-a-cute-lady-who-loves-to-orgasm-on-webcam-1235.html" "Mozilla/5.0 (Macintosh; Intel Mac OS X 10_15_7) AppleWebKit/605.1.15 (KHTML, like Gecko) Version/18.4 Safari/605.1.15"
188.189.108.15 - - [29/Jan/2026:04:05:28 -0500] "GET /media/videos/3/6/6/4/e/3664ef97d81f77.mp4 HTTP/1.1" 206 261947392 "https://porn.tw/video/girl-next-door19-is-a-cute-lady-who-loves-to-orgasm-on-webcam-1235.html" "Mozilla/5.0 (Macintosh; Intel Mac OS X 10_15_7) AppleWebKit/605.1.15 (KHTML, like Gecko) Version/18.4 Safari/605.1.15"
188.189.108.15 - - [29/Jan/2026:04:05:28 -0500] "GET /media/videos/3/6/6/4/e/3664ef97d81f77.mp4 HTTP/1.1" 206 356253696 "https://porn.tw/video/girl-next-door19-is-a-cute-lady-who-loves-to-orgasm-on-webcam-1235.html" "Mozilla/5.0 (Macintosh; Intel Mac OS X 10_15_7) AppleWebKit/605.1.15 (KHTML, like Gecko) Version/18.4 Safari/605.1.15"
188.189.108.15 - - [29/Jan/2026:04:05:28 -0500] "GET /media/videos/3/6/6/4/e/3664ef97d81f77.mp4 HTTP/1.1" 206 261750784 "https://porn.tw/video/girl-next-door19-is-a-cute-lady-who-loves-to-orgasm-on-webcam-1235.html" "Mozilla/5.0 (Macintosh; Intel Mac OS X 10_15_7) AppleWebKit/605.1.15 (KHTML, like Gecko) Version/18.4 Safari/605.1.15"
188.189.108.15 - - [29/Jan/2026:04:05:29 -0500] "GET /media/videos/3/6/6/4/e/3664ef97d81f77.mp4 HTTP/1.1" 206 65536 "https://porn.tw/video/girl-next-door19-is-a-cute-lady-who-loves-to-orgasm-on-webcam-1235.html" "Mozilla/5.0 (Macintosh; Intel Mac OS X 10_15_7) AppleWebKit/605.1.15 (KHTML, like Gecko) Version/18.4 Safari/605.1.15"
188.189.108.15 - - [29/Jan/2026:04:05:30 -0500] "GET /media/videos/3/6/6/4/e/3664ef97d81f77.mp4 HTTP/1.1" 206 65536 "https://porn.tw/video/girl-next-door19-is-a-cute-lady-who-loves-to-orgasm-on-webcam-1235.html" "Mozilla/5.0 (Macintosh; Intel Mac OS X 10_15_7) AppleWebKit/605.1.15 (KHTML, like Gecko) Version/18.4 Safari/605.1.15"
104.28.218.189 - - [29/Jan/2026:04:05:30 -0500] "GET /video/ginevrafedez-tattooed-sexy-blonde-fucks-her-sweet-hole-75.html HTTP/1.1" 200 53322 "-" "Mozilla/5.0 (iPhone; CPU iPhone OS 26_2_0 like Mac OS X) AppleWebKit/605.1.15 (KHTML, like Gecko) GSA/405.0.859829126 Mobile/15E148 Safari/604.1"
188.189.108.15 - - [29/Jan/2026:04:05:30 -0500] "GET /media/videos/3/6/6/4/e/3664ef97d81f77.mp4 HTTP/1.1" 206 65536 "https://porn.tw/video/girl-next-door19-is-a-cute-lady-who-loves-to-orgasm-on-webcam-1235.html" "Mozilla/5.0 (Macintosh; Intel Mac OS X 10_15_7) AppleWebKit/605.1.15 (KHTML, like Gecko) Version/18.4 Safari/605.1.15"
188.189.108.15 - - [29/Jan/2026:04:05:30 -0500] "GET /media/videos/3/6/6/4/e/3664ef97d81f77.mp4 HTTP/1.1" 206 65536 "https://porn.tw/video/girl-next-door19-is-a-cute-lady-who-loves-to-orgasm-on-webcam-1235.html" "Mozilla/5.0 (Macintosh; Intel Mac OS X 10_15_7) AppleWebKit/605.1.15 (KHTML, like Gecko) Version/18.4 Safari/605.1.15"
188.189.108.15 - - [29/Jan/2026:04:05:30 -0500] "GET /media/videos/3/6/6/4/e/3664ef97d81f77.mp4 HTTP/1.1" 206 9830400 "https://porn.tw/video/girl-next-door19-is-a-cute-lady-who-loves-to-orgasm-on-webcam-1235.html" "Mozilla/5.0 (Macintosh; Intel Mac OS X 10_15_7) AppleWebKit/605.1.15 (KHTML, like Gecko) Version/18.4 Safari/605.1.15"
188.189.108.15 - - [29/Jan/2026:04:05:30 -0500] "GET /media/videos/3/6/6/4/e/3664ef97d81f77.mp4 HTTP/1.1" 206 65536 "https://porn.tw/video/girl-next-door19-is-a-cute-lady-who-loves-to-orgasm-on-webcam-1235.html" "Mozilla/5.0 (Macintosh; Intel Mac OS X 10_15_7) AppleWebKit/605.1.15 (KHTML, like Gecko) Version/18.4 Safari/605.1.15"
188.189.108.15 - - [29/Jan/2026:04:05:31 -0500] "GET /media/videos/3/6/6/4/e/3664ef97d81f77.mp4 HTTP/1.1" 206 65536 "https://porn.tw/video/girl-next-door19-is-a-cute-lady-who-loves-to-orgasm-on-webcam-1235.html" "Mozilla/5.0 (Macintosh; Intel Mac OS X 10_15_7) AppleWebKit/605.1.15 (KHTML, like Gecko) Version/18.4 Safari/605.1.15"
104.28.218.189 - - [29/Jan/2026:04:05:31 -0500] "GET /templates/default_tube2019/js/bootstrap.min.js HTTP/1.1" 200 70808 "https://porn.tw/video/ginevrafedez-tattooed-sexy-blonde-fucks-her-sweet-hole-75.html" "Mozilla/5.0 (iPhone; CPU iPhone OS 26_2_0 like Mac OS X) AppleWebKit/605.1.15 (KHTML, like Gecko) GSA/405.0.859829126 Mobile/15E148 Safari/604.1"
188.189.108.15 - - [29/Jan/2026:04:05:31 -0500] "GET /media/videos/3/6/6/4/e/3664ef97d81f77.mp4 HTTP/1.1" 206 65536 "https://porn.tw/video/girl-next-door19-is-a-cute-lady-who-loves-to-orgasm-on-webcam-1235.html" "Mozilla/5.0 (Macintosh; Intel Mac OS X 10_15_7) AppleWebKit/605.1.15 (KHTML, like Gecko) Version/18.4 Safari/605.1.15"
188.189.108.15 - - [29/Jan/2026:04:05:31 -0500] "GET /media/videos/3/6/6/4/e/3664ef97d81f77.mp4 HTTP/1.1" 206 65536 "https://porn.tw/video/girl-next-door19-is-a-cute-lady-who-loves-to-orgasm-on-webcam-1235.html" "Mozilla/5.0 (Macintosh; Intel Mac OS X 10_15_7) AppleWebKit/605.1.15 (KHTML, like Gecko) Version/18.4 Safari/605.1.15"
104.28.218.189 - - [29/Jan/2026:04:05:32 -0500] "GET /includes/fluidplayer/fluidplayer.min.js HTTP/1.1" 200 125605 "https://porn.tw/video/ginevrafedez-tattooed-sexy-blonde-fucks-her-sweet-hole-75.html" "Mozilla/5.0 (iPhone; CPU iPhone OS 26_2_0 like Mac OS X) AppleWebKit/605.1.15 (KHTML, like Gecko) GSA/405.0.859829126 Mobile/15E148 Safari/604.1"
104.28.218.189 - - [29/Jan/2026:04:05:32 -0500] "GET /templates/default_tube2019/js/jQuery_v1.12.4.min.js HTTP/1.1" 200 97166 "https://porn.tw/video/ginevrafedez-tattooed-sexy-blonde-fucks-her-sweet-hole-75.html" "Mozilla/5.0 (iPhone; CPU iPhone OS 26_2_0 like Mac OS X) AppleWebKit/605.1.15 (KHTML, like Gecko) GSA/405.0.859829126 Mobile/15E148 Safari/604.1"
188.189.108.15 - - [29/Jan/2026:04:05:32 -0500] "GET /media/videos/3/6/6/4/e/3664ef97d81f77.mp4 HTTP/1.1" 206 65536 "https://porn.tw/video/girl-next-door19-is-a-cute-lady-who-loves-to-orgasm-on-webcam-1235.html" "Mozilla/5.0 (Macintosh; Intel Mac OS X 10_15_7) AppleWebKit/605.1.15 (KHTML, like Gecko) Version/18.4 Safari/605.1.15"
104.28.218.189 - - [29/Jan/2026:04:05:32 -0500] "GET /templates/default_tube2019/js/lazyload.min.js HTTP/1.1" 200 2863 "https://porn.tw/video/ginevrafedez-tattooed-sexy-blonde-fucks-her-sweet-hole-75.html" "Mozilla/5.0 (iPhone; CPU iPhone OS 26_2_0 like Mac OS X) AppleWebKit/605.1.15 (KHTML, like Gecko) GSA/405.0.859829126 Mobile/15E148 Safari/604.1"
104.28.218.189 - - [29/Jan/2026:04:05:32 -0500] "GET /templates/default_tube2019/js/bootstrap-select.min.js HTTP/1.1" 200 33379 "https://porn.tw/video/ginevrafedez-tattooed-sexy-blonde-fucks-her-sweet-hole-75.html" "Mozilla/5.0 (iPhone; CPU iPhone OS 26_2_0 like Mac OS X) AppleWebKit/605.1.15 (KHTML, like Gecko) GSA/405.0.859829126 Mobile/15E148 Safari/604.1"
104.28.218.189 - - [29/Jan/2026:04:05:32 -0500] "GET /templates/default_tube2019/js/jquery.tinyscrollbar.min.js HTTP/1.1" 200 4105 "https://porn.tw/video/ginevrafedez-tattooed-sexy-blonde-fucks-her-sweet-hole-75.html" "Mozilla/5.0 (iPhone; CPU iPhone OS 26_2_0 like Mac OS X) AppleWebKit/605.1.15 (KHTML, like Gecko) GSA/405.0.859829126 Mobile/15E148 Safari/604.1"
188.189.108.15 - - [29/Jan/2026:04:05:32 -0500] "GET /media/videos/3/6/6/4/e/3664ef97d81f77.mp4 HTTP/1.1" 206 65536 "https://porn.tw/video/girl-next-door19-is-a-cute-lady-who-loves-to-orgasm-on-webcam-1235.html" "Mozilla/5.0 (Macintosh; Intel Mac OS X 10_15_7) AppleWebKit/605.1.15 (KHTML, like Gecko) Version/18.4 Safari/605.1.15"
104.28.218.189 - - [29/Jan/2026:04:05:32 -0500] "GET /templates/default_tube2019/js/img2svg.js HTTP/1.1" 200 1613 "https://porn.tw/video/ginevrafedez-tattooed-sexy-blonde-fucks-her-sweet-hole-75.html" "Mozilla/5.0 (iPhone; CPU iPhone OS 26_2_0 like Mac OS X) AppleWebKit/605.1.15 (KHTML, like Gecko) GSA/405.0.859829126 Mobile/15E148 Safari/604.1"
188.189.108.15 - - [29/Jan/2026:04:05:32 -0500] "GET /media/videos/3/6/6/4/e/3664ef97d81f77.mp4 HTTP/1.1" 206 65536 "https://porn.tw/video/girl-next-door19-is-a-cute-lady-who-loves-to-orgasm-on-webcam-1235.html" "Mozilla/5.0 (Macintosh; Intel Mac OS X 10_15_7) AppleWebKit/605.1.15 (KHTML, like Gecko) Version/18.4 Safari/605.1.15"
104.28.218.189 - - [29/Jan/2026:04:05:32 -0500] "GET /templates/default_tube2019/js/functions.js HTTP/1.1" 200 26636 "https://porn.tw/video/ginevrafedez-tattooed-sexy-blonde-fucks-her-sweet-hole-75.html" "Mozilla/5.0 (iPhone; CPU iPhone OS 26_2_0 like Mac OS X) AppleWebKit/605.1.15 (KHTML, like Gecko) GSA/405.0.859829126 Mobile/15E148 Safari/604.1"
104.28.218.189 - - [29/Jan/2026:04:05:33 -0500] "GET /core/js/Tube.js HTTP/1.1" 200 1519 "https://porn.tw/video/ginevrafedez-tattooed-sexy-blonde-fucks-her-sweet-hole-75.html" "Mozilla/5.0 (iPhone; CPU iPhone OS 26_2_0 like Mac OS X) AppleWebKit/605.1.15 (KHTML, like Gecko) GSA/405.0.859829126 Mobile/15E148 Safari/604.1"
188.189.108.15 - - [29/Jan/2026:04:05:33 -0500] "GET /media/videos/3/6/6/4/e/3664ef97d81f77.mp4 HTTP/1.1" 206 65536 "https://porn.tw/video/girl-next-door19-is-a-cute-lady-who-loves-to-orgasm-on-webcam-1235.html" "Mozilla/5.0 (Macintosh; Intel Mac OS X 10_15_7) AppleWebKit/605.1.15 (KHTML, like Gecko) Version/18.4 Safari/605.1.15"
104.28.218.189 - - [29/Jan/2026:04:05:33 -0500] "GET /core/js/ageWarningJs.php HTTP/1.1" 200 1037 "https://porn.tw/video/ginevrafedez-tattooed-sexy-blonde-fucks-her-sweet-hole-75.html" "Mozilla/5.0 (iPhone; CPU iPhone OS 26_2_0 like Mac OS X) AppleWebKit/605.1.15 (KHTML, like Gecko) GSA/405.0.859829126 Mobile/15E148 Safari/604.1"
104.28.218.189 - - [29/Jan/2026:04:05:33 -0500] "GET /core/js/gdprJs.php HTTP/1.1" 200 1238 "https://porn.tw/video/ginevrafedez-tattooed-sexy-blonde-fucks-her-sweet-hole-75.html" "Mozilla/5.0 (iPhone; CPU iPhone OS 26_2_0 like Mac OS X) AppleWebKit/605.1.15 (KHTML, like Gecko) GSA/405.0.859829126 Mobile/15E148 Safari/604.1"
104.28.218.189 - - [29/Jan/2026:04:05:33 -0500] "GET /templates/default_tube2019/fonts/fontawesome_5.7.1/fa-solid-900.woff2 HTTP/1.1" 200 74320 "https://porn.tw/video/ginevrafedez-tattooed-sexy-blonde-fucks-her-sweet-hole-75.html" "Mozilla/5.0 (iPhone; CPU iPhone OS 26_2_0 like Mac OS X) AppleWebKit/605.1.15 (KHTML, like Gecko) GSA/405.0.859829126 Mobile/15E148 Safari/604.1"
104.28.218.189 - - [29/Jan/2026:04:05:33 -0500] "GET /templates/default_tube2019/fonts/Roboto/Roboto-Regular.ttf HTTP/1.1" 200 171676 "https://porn.tw/video/ginevrafedez-tattooed-sexy-blonde-fucks-her-sweet-hole-75.html" "Mozilla/5.0 (iPhone; CPU iPhone OS 26_2_0 like Mac OS X) AppleWebKit/605.1.15 (KHTML, like Gecko) GSA/405.0.859829126 Mobile/15E148 Safari/604.1"
104.28.218.189 - - [29/Jan/2026:04:05:33 -0500] "GET /templates/default_tube2019/fonts/Roboto/Roboto-Medium.ttf HTTP/1.1" 200 172064 "https://porn.tw/video/ginevrafedez-tattooed-sexy-blonde-fucks-her-sweet-hole-75.html" "Mozilla/5.0 (iPhone; CPU iPhone OS 26_2_0 like Mac OS X) AppleWebKit/605.1.15 (KHTML, like Gecko) GSA/405.0.859829126 Mobile/15E148 Safari/604.1"
188.189.108.15 - - [29/Jan/2026:04:05:33 -0500] "GET /media/videos/3/6/6/4/e/3664ef97d81f77.mp4 HTTP/1.1" 206 65536 "https://porn.tw/video/girl-next-door19-is-a-cute-lady-who-loves-to-orgasm-on-webcam-1235.html" "Mozilla/5.0 (Macintosh; Intel Mac OS X 10_15_7) AppleWebKit/605.1.15 (KHTML, like Gecko) Version/18.4 Safari/605.1.15"
104.28.218.189 - - [29/Jan/2026:04:05:33 -0500] "GET /media/videos/7/6/5/4/0/7654079f530c15.mp4 HTTP/1.1" 206 2 "https://porn.tw/video/ginevrafedez-tattooed-sexy-blonde-fucks-her-sweet-hole-75.html" "Mozilla/5.0 (iPhone; CPU iPhone OS 26_2_0 like Mac OS X) AppleWebKit/605.1.15 (KHTML, like Gecko) GSA/405.0.859829126 Mobile/15E148 Safari/604.1"
66.249.74.5 - - [29/Jan/2026:04:05:33 -0500] "GET /search/alyssaspicy-cams-show/views/page8.html HTTP/1.1" 200 67474 "-" "Mozilla/5.0 (Linux; Android 6.0.1; Nexus 5X Build/MMB29P) AppleWebKit/537.36 (KHTML, like Gecko) Chrome/143.0.7499.192 Mobile Safari/537.36 (compatible; Googlebot/2.1; +http://www.google.com/bot.html)"
104.28.218.189 - - [29/Jan/2026:04:05:33 -0500] "GET /includes/fluidplayer//scripts/webvtt.min.js HTTP/1.1" 200 8856 "https://porn.tw/video/ginevrafedez-tattooed-sexy-blonde-fucks-her-sweet-hole-75.html" "Mozilla/5.0 (iPhone; CPU iPhone OS 26_2_0 like Mac OS X) AppleWebKit/605.1.15 (KHTML, like Gecko) GSA/405.0.859829126 Mobile/15E148 Safari/604.1"
104.28.218.189 - - [29/Jan/2026:04:05:33 -0500] "GET /includes/fluidplayer//scripts/vtt.js HTTP/1.1" 200 140908 "https://porn.tw/video/ginevrafedez-tattooed-sexy-blonde-fucks-her-sweet-hole-75.html" "Mozilla/5.0 (iPhone; CPU iPhone OS 26_2_0 like Mac OS X) AppleWebKit/605.1.15 (KHTML, like Gecko) GSA/405.0.859829126 Mobile/15E148 Safari/604.1"
188.189.108.15 - - [29/Jan/2026:04:05:33 -0500] "GET /media/videos/3/6/6/4/e/3664ef97d81f77.mp4 HTTP/1.1" 206 65536 "https://porn.tw/video/girl-next-door19-is-a-cute-lady-who-loves-to-orgasm-on-webcam-1235.html" "Mozilla/5.0 (Macintosh; Intel Mac OS X 10_15_7) AppleWebKit/605.1.15 (KHTML, like Gecko) Version/18.4 Safari/605.1.15"
104.28.218.189 - - [29/Jan/2026:04:05:33 -0500] "GET /templates/default_tube2019/fonts/Roboto/Roboto-Black.ttf HTTP/1.1" 200 171480 "https://porn.tw/video/ginevrafedez-tattooed-sexy-blonde-fucks-her-sweet-hole-75.html" "Mozilla/5.0 (iPhone; CPU iPhone OS 26_2_0 like Mac OS X) AppleWebKit/605.1.15 (KHTML, like Gecko) GSA/405.0.859829126 Mobile/15E148 Safari/604.1"
104.28.218.189 - - [29/Jan/2026:04:05:33 -0500] "GET /templates/default_tube2019/fonts/fontawesome_5.7.1/fa-regular-400.woff2 HTTP/1.1" 200 13608 "https://porn.tw/video/ginevrafedez-tattooed-sexy-blonde-fucks-her-sweet-hole-75.html" "Mozilla/5.0 (iPhone; CPU iPhone OS 26_2_0 like Mac OS X) AppleWebKit/605.1.15 (KHTML, like Gecko) GSA/405.0.859829126 Mobile/15E148 Safari/604.1"
188.189.108.15 - - [29/Jan/2026:04:05:34 -0500] "GET /media/videos/3/6/6/4/e/3664ef97d81f77.mp4 HTTP/1.1" 206 65536 "https://porn.tw/video/girl-next-door19-is-a-cute-lady-who-loves-to-orgasm-on-webcam-1235.html" "Mozilla/5.0 (Macintosh; Intel Mac OS X 10_15_7) AppleWebKit/605.1.15 (KHTML, like Gecko) Version/18.4 Safari/605.1.15"
104.28.218.189 - - [29/Jan/2026:04:05:34 -0500] "GET /templates/default_tube2019/fonts/fontawesome_5.7.1/fa-brands-400.woff2 HTTP/1.1" 200 72148 "https://porn.tw/video/ginevrafedez-tattooed-sexy-blonde-fucks-her-sweet-hole-75.html" "Mozilla/5.0 (iPhone; CPU iPhone OS 26_2_0 like Mac OS X) AppleWebKit/605.1.15 (KHTML, like Gecko) GSA/405.0.859829126 Mobile/15E148 Safari/604.1"
104.28.218.189 - - [29/Jan/2026:04:05:34 -0500] "GET /templates/default_tube2019/images/plus-solid.svg HTTP/1.1" 200 449 "https://porn.tw/video/ginevrafedez-tattooed-sexy-blonde-fucks-her-sweet-hole-75.html" "Mozilla/5.0 (iPhone; CPU iPhone OS 26_2_0 like Mac OS X) AppleWebKit/605.1.15 (KHTML, like Gecko) GSA/405.0.859829126 Mobile/15E148 Safari/604.1"
