217.113.194.76 - - [29/Jan/2026:05:14:16 -0500] "GET /action.php?action=reportVideo&id=2402 HTTP/1.1" 200 3603 "-" "Mozilla/5.0 (compatible; Barkrowler/0.9; +https://babbar.tech/crawler)"
66.249.74.6 - - [29/Jan/2026:05:14:24 -0500] "GET /video/elizabeth-gilbert-naughty-babe-s-squirt-explosion-live-webcam-3440.html HTTP/1.1" 200 57794 "-" "Mozilla/5.0 (Linux; Android 6.0.1; Nexus 5X Build/MMB29P) AppleWebKit/537.36 (KHTML, like Gecko) Chrome/143.0.7499.192 Mobile Safari/537.36 (compatible; Googlebot/2.1; +http://www.google.com/bot.html)"
66.249.74.4 - - [29/Jan/2026:05:14:26 -0500] "GET /templates/default_tube2019/template.ajax_comments.php?id=3440&type=0&loaded=0&time=1767744000000 HTTP/1.1" 200 133 "https://porn.tw/video/elizabeth-gilbert-naughty-babe-s-squirt-explosion-live-webcam-3440.html" "Mozilla/5.0 (Linux; Android 6.0.1; Nexus 5X Build/MMB29P) AppleWebKit/537.36 (KHTML, like Gecko) Chrome/143.0.7499.192 Mobile Safari/537.36 (compatible; Googlebot/2.1; +http://www.google.com/bot.html)"
217.113.194.79 - - [29/Jan/2026:05:14:27 -0500] "GET /search/webcam-porn-inked/newest/page7.html HTTP/1.1" 200 72715 "-" "Mozilla/5.0 (compatible; Barkrowler/0.9; +https://babbar.tech/crawler)"
217.113.194.81 - - [29/Jan/2026:05:14:31 -0500] "GET /action.php?action=reportVideo&id=2353 HTTP/1.1" 200 3603 "-" "Mozilla/5.0 (compatible; Barkrowler/0.9; +https://babbar.tech/crawler)"
101.198.0.179 - - [29/Jan/2026:05:14:34 -0500] "GET /favicon.ico HTTP/1.1" 404 18160 "http://mail.porn.tw/favicon.ico" "Mozilla/5.0 (Macintosh; Intel Mac OS X 10_7_0) AppleWebKit/535.11 (KHTML, like Gecko) Chrome/17.0.963.56 Safari/535.11"
119.249.100.178 - - [29/Jan/2026:05:14:41 -0500] "GET /search/sharoon-fleming-solo-webcam/newest/ HTTP/1.1" 200 73978 "-" "Mozilla/5.0 (Windows NT 10.0; WOW64) AppleWebKit/537.36 (KHTML, like Gecko) Chrome/48.0.2564.116 Safari/537.36"
217.113.194.72 - - [29/Jan/2026:05:14:42 -0500] "GET /search/webcam-porn-inked/newest/page5.html HTTP/1.1" 200 75635 "-" "Mozilla/5.0 (compatible; Barkrowler/0.9; +https://babbar.tech/crawler)"
101.198.0.152 - - [29/Jan/2026:05:14:43 -0500] "GET /robots.txt HTTP/1.1" 200 243 "http://mail.porn.tw/robots.txt" "Mozilla/5.0 (Macintosh; Intel Mac OS X 10_7_0) AppleWebKit/535.11 (KHTML, like Gecko) Chrome/17.0.963.56 Safari/535.11"
85.208.96.199 - - [29/Jan/2026:05:14:45 -0500] "GET /search/candle-wax/ HTTP/1.1" 403 - "-" "Mozilla/5.0 (compatible; SemrushBot/7~bl; +http://www.semrush.com/bot.html)"
217.113.194.75 - - [29/Jan/2026:05:14:47 -0500] "GET /action.php?action=reportVideo&id=2392 HTTP/1.1" 200 3603 "-" "Mozilla/5.0 (compatible; Barkrowler/0.9; +https://babbar.tech/crawler)"
52.167.144.206 - - [29/Jan/2026:05:14:52 -0500] "GET /search/milancorleone-cams-show/rating/page6.html HTTP/1.1" 200 75464 "-" "Mozilla/5.0 AppleWebKit/537.36 (KHTML, like Gecko; compatible; bingbot/2.0; +http://www.bing.com/bingbot.htm) Chrome/116.0.1938.76 Safari/537.36"
217.113.194.73 - - [29/Jan/2026:05:14:58 -0500] "GET /search/webcam-porn-inked/views/page7.html HTTP/1.1" 200 72729 "-" "Mozilla/5.0 (compatible; Barkrowler/0.9; +https://babbar.tech/crawler)"
217.113.194.78 - - [29/Jan/2026:05:15:02 -0500] "GET /action.php?action=reportVideo&id=2363 HTTP/1.1" 200 3603 "-" "Mozilla/5.0 (compatible; Barkrowler/0.9; +https://babbar.tech/crawler)"
17.22.237.89 - - [29/Jan/2026:05:15:06 -0500] "GET /robots.txt HTTP/1.1" 200 243 "-" "Mozilla/5.0 (Macintosh; Intel Mac OS X 10_15_7) AppleWebKit/605.1.15 (KHTML, like Gecko) Version/17.4 Safari/605.1.15 (Applebot/0.1; +http://www.apple.com/go/applebot)"
17.22.237.89 - - [29/Jan/2026:05:15:06 -0500] "GET /video/karollovea-super-flexible-babe-spreads-wide-and-gets-a-pounding-from-a-fucking-machine-in-her-asshole-1242.html HTTP/1.1" 200 59449 "-" "Mozilla/5.0 (Macintosh; Intel Mac OS X 10_15_7) AppleWebKit/605.1.15 (KHTML, like Gecko) Version/17.4 Safari/605.1.15 (Applebot/0.1; +http://www.apple.com/go/applebot)"
114.119.154.81 - - [29/Jan/2026:05:15:10 -0500] "GET /galleries/amberalenaa-49.html?image=2%2BAmberAlenaA&title=AmberAlenaA%2BAmberAlenaA%2BAmberAlenaA%2BAmberAlenaA HTTP/1.1" 200 50185 "https://porn.tw/galleries/amberalenaa-49.html?image=2%2BAmberAlenaA&title=AmberAlenaA%2BAmberAlenaA%2BAmberAlenaA%2BAmberAlenaA" "Mozilla/5.0 (Linux; Android 7.0;) AppleWebKit/537.36 (KHTML, like Gecko) Mobile Safari/537.36 (compatible; PetalBot;+https://webmaster.petalsearch.com/site/petalbot)"
217.113.194.79 - - [29/Jan/2026:05:15:14 -0500] "GET /search/webcam-porn-inked/views/page3.html HTTP/1.1" 200 72751 "-" "Mozilla/5.0 (compatible; Barkrowler/0.9; +https://babbar.tech/crawler)"
66.249.74.4 - - [29/Jan/2026:05:15:17 -0500] "GET /uploads-by-user/10/?photos=1 HTTP/1.1" 200 23111 "-" "Mozilla/5.0 (Linux; Android 6.0.1; Nexus 5X Build/MMB29P) AppleWebKit/537.36 (KHTML, like Gecko) Chrome/143.0.7499.192 Mobile Safari/537.36 (compatible; Googlebot/2.1; +http://www.google.com/bot.html)"
185.26.173.216 - - [29/Jan/2026:05:15:17 -0500] "GET /video/sexy-vania-hot-shemales-play-with-their-cocks-and-asses-705.html HTTP/1.1" 200 53632 "https://forums.socialmediagirls.com/" "Mozilla/5.0 (iPhone; CPU iPhone OS 18_7 like Mac OS X) AppleWebKit/605.1.15 (KHTML, like Gecko) Version/26.2 Mobile/15E148 Safari/604.1"
185.26.173.216 - - [29/Jan/2026:05:15:17 -0500] "GET /templates/default_tube2019/js/jQuery_v1.12.4.min.js HTTP/1.1" 200 97166 "https://www.porn.tw/video/sexy-vania-hot-shemales-play-with-their-cocks-and-asses-705.html" "Mozilla/5.0 (iPhone; CPU iPhone OS 18_7 like Mac OS X) AppleWebKit/605.1.15 (KHTML, like Gecko) Version/26.2 Mobile/15E148 Safari/604.1"
217.113.194.78 - - [29/Jan/2026:05:15:18 -0500] "GET /action.php?action=reportVideo&id=1746 HTTP/1.1" 200 3603 "-" "Mozilla/5.0 (compatible; Barkrowler/0.9; +https://babbar.tech/crawler)"
185.26.173.216 - - [29/Jan/2026:05:15:18 -0500] "GET /templates/default_tube2019/js/bootstrap.min.js HTTP/1.1" 200 70808 "https://www.porn.tw/video/sexy-vania-hot-shemales-play-with-their-cocks-and-asses-705.html" "Mozilla/5.0 (iPhone; CPU iPhone OS 18_7 like Mac OS X) AppleWebKit/605.1.15 (KHTML, like Gecko) Version/26.2 Mobile/15E148 Safari/604.1"
185.26.173.216 - - [29/Jan/2026:05:15:18 -0500] "GET /templates/default_tube2019/js/lazyload.min.js HTTP/1.1" 200 2863 "https://www.porn.tw/video/sexy-vania-hot-shemales-play-with-their-cocks-and-asses-705.html" "Mozilla/5.0 (iPhone; CPU iPhone OS 18_7 like Mac OS X) AppleWebKit/605.1.15 (KHTML, like Gecko) Version/26.2 Mobile/15E148 Safari/604.1"
185.26.173.216 - - [29/Jan/2026:05:15:18 -0500] "GET /includes/fluidplayer/fluidplayer.min.js HTTP/1.1" 200 125605 "https://www.porn.tw/video/sexy-vania-hot-shemales-play-with-their-cocks-and-asses-705.html" "Mozilla/5.0 (iPhone; CPU iPhone OS 18_7 like Mac OS X) AppleWebKit/605.1.15 (KHTML, like Gecko) Version/26.2 Mobile/15E148 Safari/604.1"
185.26.173.216 - - [29/Jan/2026:05:15:18 -0500] "GET /templates/default_tube2019/js/jquery.tinyscrollbar.min.js HTTP/1.1" 200 4105 "https://www.porn.tw/video/sexy-vania-hot-shemales-play-with-their-cocks-and-asses-705.html" "Mozilla/5.0 (iPhone; CPU iPhone OS 18_7 like Mac OS X) AppleWebKit/605.1.15 (KHTML, like Gecko) Version/26.2 Mobile/15E148 Safari/604.1"
185.26.173.216 - - [29/Jan/2026:05:15:18 -0500] "GET /templates/default_tube2019/js/functions.js HTTP/1.1" 200 26636 "https://www.porn.tw/video/sexy-vania-hot-shemales-play-with-their-cocks-and-asses-705.html" "Mozilla/5.0 (iPhone; CPU iPhone OS 18_7 like Mac OS X) AppleWebKit/605.1.15 (KHTML, like Gecko) Version/26.2 Mobile/15E148 Safari/604.1"
185.26.173.216 - - [29/Jan/2026:05:15:18 -0500] "GET /templates/default_tube2019/js/bootstrap-select.min.js HTTP/1.1" 200 33379 "https://www.porn.tw/video/sexy-vania-hot-shemales-play-with-their-cocks-and-asses-705.html" "Mozilla/5.0 (iPhone; CPU iPhone OS 18_7 like Mac OS X) AppleWebKit/605.1.15 (KHTML, like Gecko) Version/26.2 Mobile/15E148 Safari/604.1"
185.26.173.216 - - [29/Jan/2026:05:15:18 -0500] "GET /templates/default_tube2019/js/img2svg.js HTTP/1.1" 200 1613 "https://www.porn.tw/video/sexy-vania-hot-shemales-play-with-their-cocks-and-asses-705.html" "Mozilla/5.0 (iPhone; CPU iPhone OS 18_7 like Mac OS X) AppleWebKit/605.1.15 (KHTML, like Gecko) Version/26.2 Mobile/15E148 Safari/604.1"
185.26.173.216 - - [29/Jan/2026:05:15:18 -0500] "GET /core/js/Tube.js HTTP/1.1" 200 1519 "https://www.porn.tw/video/sexy-vania-hot-shemales-play-with-their-cocks-and-asses-705.html" "Mozilla/5.0 (iPhone; CPU iPhone OS 18_7 like Mac OS X) AppleWebKit/605.1.15 (KHTML, like Gecko) Version/26.2 Mobile/15E148 Safari/604.1"
185.26.173.216 - - [29/Jan/2026:05:15:19 -0500] "GET /core/js/ageWarningJs.php HTTP/1.1" 200 1041 "https://www.porn.tw/video/sexy-vania-hot-shemales-play-with-their-cocks-and-asses-705.html" "Mozilla/5.0 (iPhone; CPU iPhone OS 18_7 like Mac OS X) AppleWebKit/605.1.15 (KHTML, like Gecko) Version/26.2 Mobile/15E148 Safari/604.1"
185.26.173.216 - - [29/Jan/2026:05:15:19 -0500] "GET /core/js/gdprJs.php HTTP/1.1" 200 1238 "https://www.porn.tw/video/sexy-vania-hot-shemales-play-with-their-cocks-and-asses-705.html" "Mozilla/5.0 (iPhone; CPU iPhone OS 18_7 like Mac OS X) AppleWebKit/605.1.15 (KHTML, like Gecko) Version/26.2 Mobile/15E148 Safari/604.1"
185.26.173.216 - - [29/Jan/2026:05:15:19 -0500] "GET /templates/default_tube2019/fonts/Roboto/Roboto-Medium.ttf HTTP/1.1" 200 172064 "https://www.porn.tw/video/sexy-vania-hot-shemales-play-with-their-cocks-and-asses-705.html" "Mozilla/5.0 (iPhone; CPU iPhone OS 18_7 like Mac OS X) AppleWebKit/605.1.15 (KHTML, like Gecko) Version/26.2 Mobile/15E148 Safari/604.1"
185.26.173.216 - - [29/Jan/2026:05:15:19 -0500] "GET /templates/default_tube2019/fonts/Roboto/Roboto-Regular.ttf HTTP/1.1" 200 171676 "https://www.porn.tw/video/sexy-vania-hot-shemales-play-with-their-cocks-and-asses-705.html" "Mozilla/5.0 (iPhone; CPU iPhone OS 18_7 like Mac OS X) AppleWebKit/605.1.15 (KHTML, like Gecko) Version/26.2 Mobile/15E148 Safari/604.1"
185.26.173.216 - - [29/Jan/2026:05:15:19 -0500] "GET /templates/default_tube2019/fonts/fontawesome_5.7.1/fa-solid-900.woff2 HTTP/1.1" 200 74320 "https://www.porn.tw/video/sexy-vania-hot-shemales-play-with-their-cocks-and-asses-705.html" "Mozilla/5.0 (iPhone; CPU iPhone OS 18_7 like Mac OS X) AppleWebKit/605.1.15 (KHTML, like Gecko) Version/26.2 Mobile/15E148 Safari/604.1"
185.26.173.216 - - [29/Jan/2026:05:15:19 -0500] "GET /templates/default_tube2019/fonts/fontawesome_5.7.1/fa-regular-400.woff2 HTTP/1.1" 200 13608 "https://www.porn.tw/video/sexy-vania-hot-shemales-play-with-their-cocks-and-asses-705.html" "Mozilla/5.0 (iPhone; CPU iPhone OS 18_7 like Mac OS X) AppleWebKit/605.1.15 (KHTML, like Gecko) Version/26.2 Mobile/15E148 Safari/604.1"
185.26.173.216 - - [29/Jan/2026:05:15:19 -0500] "GET /includes/fluidplayer//scripts/webvtt.min.js HTTP/1.1" 200 8856 "https://www.porn.tw/video/sexy-vania-hot-shemales-play-with-their-cocks-and-asses-705.html" "Mozilla/5.0 (iPhone; CPU iPhone OS 18_7 like Mac OS X) AppleWebKit/605.1.15 (KHTML, like Gecko) Version/26.2 Mobile/15E148 Safari/604.1"
185.26.173.216 - - [29/Jan/2026:05:15:19 -0500] "GET /includes/fluidplayer//scripts/vtt.js HTTP/1.1" 200 140908 "https://www.porn.tw/video/sexy-vania-hot-shemales-play-with-their-cocks-and-asses-705.html" "Mozilla/5.0 (iPhone; CPU iPhone OS 18_7 like Mac OS X) AppleWebKit/605.1.15 (KHTML, like Gecko) Version/26.2 Mobile/15E148 Safari/604.1"
185.26.173.216 - - [29/Jan/2026:05:15:19 -0500] "GET /templates/default_tube2019/fonts/Roboto/Roboto-Black.ttf HTTP/1.1" 200 171480 "https://www.porn.tw/video/sexy-vania-hot-shemales-play-with-their-cocks-and-asses-705.html" "Mozilla/5.0 (iPhone; CPU iPhone OS 18_7 like Mac OS X) AppleWebKit/605.1.15 (KHTML, like Gecko) Version/26.2 Mobile/15E148 Safari/604.1"
185.26.173.216 - - [29/Jan/2026:05:15:19 -0500] "GET /templates/default_tube2019/fonts/fontawesome_5.7.1/fa-brands-400.woff2 HTTP/1.1" 200 72148 "https://www.porn.tw/video/sexy-vania-hot-shemales-play-with-their-cocks-and-asses-705.html" "Mozilla/5.0 (iPhone; CPU iPhone OS 18_7 like Mac OS X) AppleWebKit/605.1.15 (KHTML, like Gecko) Version/26.2 Mobile/15E148 Safari/604.1"
185.26.173.216 - - [29/Jan/2026:05:15:19 -0500] "GET /templates/default_tube2019/images/plus-solid.svg HTTP/1.1" 200 449 "https://www.porn.tw/video/sexy-vania-hot-shemales-play-with-their-cocks-and-asses-705.html" "Mozilla/5.0 (iPhone; CPU iPhone OS 18_7 like Mac OS X) AppleWebKit/605.1.15 (KHTML, like Gecko) Version/26.2 Mobile/15E148 Safari/604.1"
185.26.173.216 - - [29/Jan/2026:05:15:19 -0500] "GET /templates/default_tube2019/images/minus-solid.svg HTTP/1.1" 200 328 "https://www.porn.tw/video/sexy-vania-hot-shemales-play-with-their-cocks-and-asses-705.html" "Mozilla/5.0 (iPhone; CPU iPhone OS 18_7 like Mac OS X) AppleWebKit/605.1.15 (KHTML, like Gecko) Version/26.2 Mobile/15E148 Safari/604.1"
185.26.173.216 - - [29/Jan/2026:05:15:19 -0500] "GET /templates/default_tube2019/template.ajax_comments.php?id=705&type=0&loaded=0&time=1769681719553 HTTP/1.1" 200 133 "https://www.porn.tw/video/sexy-vania-hot-shemales-play-with-their-cocks-and-asses-705.html" "Mozilla/5.0 (iPhone; CPU iPhone OS 18_7 like Mac OS X) AppleWebKit/605.1.15 (KHTML, like Gecko) Version/26.2 Mobile/15E148 Safari/604.1"
185.26.173.216 - - [29/Jan/2026:05:15:20 -0500] "GET /webvtt/705.vtt HTTP/1.1" 200 6056 "https://www.porn.tw/video/sexy-vania-hot-shemales-play-with-their-cocks-and-asses-705.html" "Mozilla/5.0 (iPhone; CPU iPhone OS 18_7 like Mac OS X) AppleWebKit/605.1.15 (KHTML, like Gecko) Version/26.2 Mobile/15E148 Safari/604.1"
185.26.173.216 - - [29/Jan/2026:05:15:20 -0500] "GET /templates/default_tube2019/images/logo.png HTTP/1.1" 200 2157 "https://www.porn.tw/video/sexy-vania-hot-shemales-play-with-their-cocks-and-asses-705.html" "Mozilla/5.0 (iPhone; CPU iPhone OS 18_7 like Mac OS X) AppleWebKit/605.1.15 (KHTML, like Gecko) Version/26.2 Mobile/15E148 Safari/604.1"
185.26.173.216 - - [29/Jan/2026:05:15:20 -0500] "GET /media/misc/65b45deae959e.jpg HTTP/1.1" 200 5395 "https://www.porn.tw/video/sexy-vania-hot-shemales-play-with-their-cocks-and-asses-705.html" "Mozilla/5.0 (iPhone; CPU iPhone OS 18_7 like Mac OS X) AppleWebKit/605.1.15 (KHTML, like Gecko) Version/26.2 Mobile/15E148 Safari/604.1"
185.26.173.216 - - [29/Jan/2026:05:15:20 -0500] "GET /includes/fluidplayer/images/fluid_icons.svg HTTP/1.1" 200 18488 "https://www.porn.tw/video/sexy-vania-hot-shemales-play-with-their-cocks-and-asses-705.html" "Mozilla/5.0 (iPhone; CPU iPhone OS 18_7 like Mac OS X) AppleWebKit/605.1.15 (KHTML, like Gecko) Version/26.2 Mobile/15E148 Safari/604.1"
185.26.173.216 - - [29/Jan/2026:05:15:20 -0500] "GET /core/images/catdefault.jpg HTTP/1.1" 200 3364 "https://www.porn.tw/video/sexy-vania-hot-shemales-play-with-their-cocks-and-asses-705.html" "Mozilla/5.0 (iPhone; CPU iPhone OS 18_7 like Mac OS X) AppleWebKit/605.1.15 (KHTML, like Gecko) Version/26.2 Mobile/15E148 Safari/604.1"
185.26.173.216 - - [29/Jan/2026:05:15:20 -0500] "GET /templates/default_tube2019/images/plus-solid.svg HTTP/1.1" 200 449 "https://www.porn.tw/video/sexy-vania-hot-shemales-play-with-their-cocks-and-asses-705.html" "Mozilla/5.0 (iPhone; CPU iPhone OS 18_7 like Mac OS X) AppleWebKit/605.1.15 (KHTML, like Gecko) Version/26.2 Mobile/15E148 Safari/604.1"
185.26.173.216 - - [29/Jan/2026:05:15:20 -0500] "GET /templates/default_tube2019/images/ad-280.png HTTP/1.1" 200 73287 "https://www.porn.tw/video/sexy-vania-hot-shemales-play-with-their-cocks-and-asses-705.html" "Mozilla/5.0 (iPhone; CPU iPhone OS 18_7 like Mac OS X) AppleWebKit/605.1.15 (KHTML, like Gecko) Version/26.2 Mobile/15E148 Safari/604.1"
185.26.173.216 - - [29/Jan/2026:05:15:20 -0500] "GET /templates/default_tube2019/images/minus-solid.svg HTTP/1.1" 200 328 "https://www.porn.tw/video/sexy-vania-hot-shemales-play-with-their-cocks-and-asses-705.html" "Mozilla/5.0 (iPhone; CPU iPhone OS 18_7 like Mac OS X) AppleWebKit/605.1.15 (KHTML, like Gecko) Version/26.2 Mobile/15E148 Safari/604.1"
185.26.173.216 - - [29/Jan/2026:05:15:20 -0500] "GET /templates/default_tube2019/images/ad-280-2.png HTTP/1.1" 200 98354 "https://www.porn.tw/video/sexy-vania-hot-shemales-play-with-their-cocks-and-asses-705.html" "Mozilla/5.0 (iPhone; CPU iPhone OS 18_7 like Mac OS X) AppleWebKit/605.1.15 (KHTML, like Gecko) Version/26.2 Mobile/15E148 Safari/604.1"
185.26.173.216 - - [29/Jan/2026:05:15:21 -0500] "GET /templates/default_tube2019/images/ad-280-3.png HTTP/1.1" 200 116616 "https://www.porn.tw/video/sexy-vania-hot-shemales-play-with-their-cocks-and-asses-705.html" "Mozilla/5.0 (iPhone; CPU iPhone OS 18_7 like Mac OS X) AppleWebKit/605.1.15 (KHTML, like Gecko) Version/26.2 Mobile/15E148 Safari/604.1"
185.26.173.216 - - [29/Jan/2026:05:15:21 -0500] "GET /includes/player/logo.png HTTP/1.1" 200 8496 "https://www.porn.tw/video/sexy-vania-hot-shemales-play-with-their-cocks-and-asses-705.html" "Mozilla/5.0 (iPhone; CPU iPhone OS 18_7 like Mac OS X) AppleWebKit/605.1.15 (KHTML, like Gecko) Version/26.2 Mobile/15E148 Safari/604.1"
185.26.173.216 - - [29/Jan/2026:05:15:21 -0500] "GET /media/thumbs/2/6/6/5/c/2665cb9ac58d921.mp4/vtt_005.jpg HTTP/1.1" 200 6524 "https://www.porn.tw/" "Mozilla/5.0 (iPhone; CPU iPhone OS 18_7 like Mac OS X) AppleWebKit/605.1.15 (KHTML, like Gecko) Version/26.2 Mobile/15E148 Safari/604.1"
185.26.173.216 - - [29/Jan/2026:05:15:22 -0500] "GET /media/thumbs/2/6/6/5/c/2665cb9ac58d921.mp4/vtt_040.jpg HTTP/1.1" 200 9468 "https://www.porn.tw/" "Mozilla/5.0 (iPhone; CPU iPhone OS 18_7 like Mac OS X) AppleWebKit/605.1.15 (KHTML, like Gecko) Version/26.2 Mobile/15E148 Safari/604.1"
185.26.173.216 - - [29/Jan/2026:05:15:22 -0500] "GET /media/thumbs/4/6/5/5/8/4655827703387a.mp4/4655827703387a.mp4-3.jpg HTTP/1.1" 200 12066 "https://www.porn.tw/" "Mozilla/5.0 (iPhone; CPU iPhone OS 18_7 like Mac OS X) AppleWebKit/605.1.15 (KHTML, like Gecko) Version/26.2 Mobile/15E148 Safari/604.1"
185.26.173.216 - - [29/Jan/2026:05:15:22 -0500] "GET /media/thumbs/2/6/6/5/c/2665cb9ac58d921.mp4/vtt_030.jpg HTTP/1.1" 200 6409 "https://www.porn.tw/" "Mozilla/5.0 (iPhone; CPU iPhone OS 18_7 like Mac OS X) AppleWebKit/605.1.15 (KHTML, like Gecko) Version/26.2 Mobile/15E148 Safari/604.1"
185.26.173.216 - - [29/Jan/2026:05:15:22 -0500] "GET /media/thumbs/2/6/6/5/c/2665cb9ac58d921.mp4/vtt_010.jpg HTTP/1.1" 200 6444 "https://www.porn.tw/" "Mozilla/5.0 (iPhone; CPU iPhone OS 18_7 like Mac OS X) AppleWebKit/605.1.15 (KHTML, like Gecko) Version/26.2 Mobile/15E148 Safari/604.1"
185.26.173.216 - - [29/Jan/2026:05:15:22 -0500] "GET /media/thumbs/4/6/5/3/3/46533bc3ad4522.mp4/46533bc3ad4522.mp4-4.jpg HTTP/1.1" 200 11481 "https://www.porn.tw/" "Mozilla/5.0 (iPhone; CPU iPhone OS 18_7 like Mac OS X) AppleWebKit/605.1.15 (KHTML, like Gecko) Version/26.2 Mobile/15E148 Safari/604.1"
185.26.173.216 - - [29/Jan/2026:05:15:22 -0500] "GET /media/thumbs/4/6/5/3/c/4653cc33c216ec.mp4/4653cc33c216ec.mp4-3.jpg HTTP/1.1" 200 11410 "https://www.porn.tw/" "Mozilla/5.0 (iPhone; CPU iPhone OS 18_7 like Mac OS X) AppleWebKit/605.1.15 (KHTML, like Gecko) Version/26.2 Mobile/15E148 Safari/604.1"
185.26.173.216 - - [29/Jan/2026:05:15:22 -0500] "GET /media/videos/2/6/6/5/c/2665cb9ac58d921.mp4 HTTP/1.1" 206 2 "https://www.porn.tw/" "Mozilla/5.0 (iPhone; CPU iPhone OS 18_7 like Mac OS X) AppleWebKit/605.1.15 (KHTML, like Gecko) Version/26.2 Mobile/15E148 Safari/604.1"
185.26.173.216 - - [29/Jan/2026:05:15:22 -0500] "GET /media/thumbs/4/6/5/3/5/46535f0cc301b1.mp4/46535f0cc301b1.mp4-4.jpg HTTP/1.1" 200 14853 "https://www.porn.tw/" "Mozilla/5.0 (iPhone; CPU iPhone OS 18_7 like Mac OS X) AppleWebKit/605.1.15 (KHTML, like Gecko) Version/26.2 Mobile/15E148 Safari/604.1"
185.26.173.216 - - [29/Jan/2026:05:15:22 -0500] "GET /media/thumbs/2/6/6/5/c/2665cb9ac58d921.mp4/vtt_050.jpg HTTP/1.1" 200 7737 "https://www.porn.tw/" "Mozilla/5.0 (iPhone; CPU iPhone OS 18_7 like Mac OS X) AppleWebKit/605.1.15 (KHTML, like Gecko) Version/26.2 Mobile/15E148 Safari/604.1"
185.26.173.216 - - [29/Jan/2026:05:15:22 -0500] "GET /media/thumbs/2/6/6/5/c/2665cb9ac58d921.mp4/vtt_035.jpg HTTP/1.1" 200 5214 "https://www.porn.tw/" "Mozilla/5.0 (iPhone; CPU iPhone OS 18_7 like Mac OS X) AppleWebKit/605.1.15 (KHTML, like Gecko) Version/26.2 Mobile/15E148 Safari/604.1"
185.26.173.216 - - [29/Jan/2026:05:15:22 -0500] "GET /media/thumbs/3/6/5/4/8/3654876fb21a2b.mp4/3654876fb21a2b.mp4-8.jpg HTTP/1.1" 200 10706 "https://www.porn.tw/" "Mozilla/5.0 (iPhone; CPU iPhone OS 18_7 like Mac OS X) AppleWebKit/605.1.15 (KHTML, like Gecko) Version/26.2 Mobile/15E148 Safari/604.1"
185.26.173.216 - - [29/Jan/2026:05:15:22 -0500] "GET /media/thumbs/2/6/6/5/c/2665cb9ac58d921.mp4/vtt_060.jpg HTTP/1.1" 200 7748 "https://www.porn.tw/" "Mozilla/5.0 (iPhone; CPU iPhone OS 18_7 like Mac OS X) AppleWebKit/605.1.15 (KHTML, like Gecko) Version/26.2 Mobile/15E148 Safari/604.1"
185.26.173.216 - - [29/Jan/2026:05:15:22 -0500] "GET /media/thumbs/4/6/5/5/6/46556f48f4d3fd.mp4/46556f48f4d3fd.mp4-3.jpg HTTP/1.1" 200 14040 "https://www.porn.tw/" "Mozilla/5.0 (iPhone; CPU iPhone OS 18_7 like Mac OS X) AppleWebKit/605.1.15 (KHTML, like Gecko) Version/26.2 Mobile/15E148 Safari/604.1"
185.26.173.216 - - [29/Jan/2026:05:15:22 -0500] "GET /media/thumbs/4/6/5/4/3/46543ad763482c.mp4/46543ad763482c.mp4-3.jpg HTTP/1.1" 200 10075 "https://www.porn.tw/" "Mozilla/5.0 (iPhone; CPU iPhone OS 18_7 like Mac OS X) AppleWebKit/605.1.15 (KHTML, like Gecko) Version/26.2 Mobile/15E148 Safari/604.1"
185.26.173.216 - - [29/Jan/2026:05:15:23 -0500] "GET /media/thumbs/2/6/6/5/c/2665cb9ac58d921.mp4/vtt_020.jpg HTTP/1.1" 200 6014 "https://www.porn.tw/" "Mozilla/5.0 (iPhone; CPU iPhone OS 18_7 like Mac OS X) AppleWebKit/605.1.15 (KHTML, like Gecko) Version/26.2 Mobile/15E148 Safari/604.1"
185.26.173.216 - - [29/Jan/2026:05:15:23 -0500] "GET /media/thumbs/2/6/6/5/c/2665cb9ac58d921.mp4/vtt_045.jpg HTTP/1.1" 200 9118 "https://www.porn.tw/" "Mozilla/5.0 (iPhone; CPU iPhone OS 18_7 like Mac OS X) AppleWebKit/605.1.15 (KHTML, like Gecko) Version/26.2 Mobile/15E148 Safari/604.1"
185.26.173.216 - - [29/Jan/2026:05:15:23 -0500] "GET /media/thumbs/4/6/5/4/0/46540abb638b75.mp4/46540abb638b75.mp4-3.jpg HTTP/1.1" 200 12385 "https://www.porn.tw/" "Mozilla/5.0 (iPhone; CPU iPhone OS 18_7 like Mac OS X) AppleWebKit/605.1.15 (KHTML, like Gecko) Version/26.2 Mobile/15E148 Safari/604.1"
185.26.173.216 - - [29/Jan/2026:05:15:23 -0500] "GET /media/thumbs/4/6/5/4/4/465449ae307c1f.mp4/465449ae307c1f.mp4-8.jpg HTTP/1.1" 200 10684 "https://www.porn.tw/" "Mozilla/5.0 (iPhone; CPU iPhone OS 18_7 like Mac OS X) AppleWebKit/605.1.15 (KHTML, like Gecko) Version/26.2 Mobile/15E148 Safari/604.1"
185.26.173.216 - - [29/Jan/2026:05:15:23 -0500] "GET /media/thumbs/4/6/5/6/a/4656ab0a4a3227.mp4/4656ab0a4a3227.mp4-3.jpg HTTP/1.1" 200 10214 "https://www.porn.tw/" "Mozilla/5.0 (iPhone; CPU iPhone OS 18_7 like Mac OS X) AppleWebKit/605.1.15 (KHTML, like Gecko) Version/26.2 Mobile/15E148 Safari/604.1"
185.26.173.216 - - [29/Jan/2026:05:15:23 -0500] "GET /media/thumbs/4/6/5/3/b/4653b601fac8cd.mp4/4653b601fac8cd.mp4-3.jpg HTTP/1.1" 200 11900 "https://www.porn.tw/" "Mozilla/5.0 (iPhone; CPU iPhone OS 18_7 like Mac OS X) AppleWebKit/605.1.15 (KHTML, like Gecko) Version/26.2 Mobile/15E148 Safari/604.1"
185.26.173.216 - - [29/Jan/2026:05:15:23 -0500] "GET /media/thumbs/2/6/6/5/c/2665cb9ac58d921.mp4/vtt_055.jpg HTTP/1.1" 200 7287 "https://www.porn.tw/" "Mozilla/5.0 (iPhone; CPU iPhone OS 18_7 like Mac OS X) AppleWebKit/605.1.15 (KHTML, like Gecko) Version/26.2 Mobile/15E148 Safari/604.1"
185.26.173.216 - - [29/Jan/2026:05:15:23 -0500] "GET /media/thumbs/4/6/5/8/6/4658628b5232dc.mp4/4658628b5232dc.mp4-3.jpg HTTP/1.1" 200 9748 "https://www.porn.tw/" "Mozilla/5.0 (iPhone; CPU iPhone OS 18_7 like Mac OS X) AppleWebKit/605.1.15 (KHTML, like Gecko) Version/26.2 Mobile/15E148 Safari/604.1"
185.26.173.216 - - [29/Jan/2026:05:15:23 -0500] "GET /media/thumbs/2/6/6/5/c/2665cb9ac58d921.mp4/vtt_015.jpg HTTP/1.1" 200 6371 "https://www.porn.tw/" "Mozilla/5.0 (iPhone; CPU iPhone OS 18_7 like Mac OS X) AppleWebKit/605.1.15 (KHTML, like Gecko) Version/26.2 Mobile/15E148 Safari/604.1"
185.26.173.216 - - [29/Jan/2026:05:15:23 -0500] "GET /media/thumbs/2/6/6/5/c/2665cb9ac58d921.mp4/2665cb9ac58d921.mp4-3b.jpg HTTP/1.1" 200 72481 "https://www.porn.tw/" "Mozilla/5.0 (iPhone; CPU iPhone OS 18_7 like Mac OS X) AppleWebKit/605.1.15 (KHTML, like Gecko) Version/26.2 Mobile/15E148 Safari/604.1"
185.26.173.216 - - [29/Jan/2026:05:15:23 -0500] "GET /media/thumbs/4/6/5/5/4/465546cb402522.mp4/465546cb402522.mp4-3.jpg HTTP/1.1" 200 12864 "https://www.porn.tw/" "Mozilla/5.0 (iPhone; CPU iPhone OS 18_7 like Mac OS X) AppleWebKit/605.1.15 (KHTML, like Gecko) Version/26.2 Mobile/15E148 Safari/604.1"
185.26.173.216 - - [29/Jan/2026:05:15:23 -0500] "GET /media/thumbs/2/6/6/5/c/2665cb9ac58d921.mp4/vtt_025.jpg HTTP/1.1" 200 6554 "https://www.porn.tw/" "Mozilla/5.0 (iPhone; CPU iPhone OS 18_7 like Mac OS X) AppleWebKit/605.1.15 (KHTML, like Gecko) Version/26.2 Mobile/15E148 Safari/604.1"
185.26.173.216 - - [29/Jan/2026:05:15:23 -0500] "GET /media/thumbs/4/6/5/5/1/465519c2856628.mp4/465519c2856628.mp4-3.jpg HTTP/1.1" 200 9439 "https://www.porn.tw/" "Mozilla/5.0 (iPhone; CPU iPhone OS 18_7 like Mac OS X) AppleWebKit/605.1.15 (KHTML, like Gecko) Version/26.2 Mobile/15E148 Safari/604.1"
185.26.173.216 - - [29/Jan/2026:05:15:23 -0500] "GET /media/thumbs/4/6/5/5/5/46555aaa96d184.mp4/46555aaa96d184.mp4-3.jpg HTTP/1.1" 200 10158 "https://www.porn.tw/" "Mozilla/5.0 (iPhone; CPU iPhone OS 18_7 like Mac OS X) AppleWebKit/605.1.15 (KHTML, like Gecko) Version/26.2 Mobile/15E148 Safari/604.1"
185.26.173.216 - - [29/Jan/2026:05:15:25 -0500] "GET /templates/default_tube2019/images/touch/fav.png HTTP/1.1" 200 3931 "https://www.porn.tw/video/sexy-vania-hot-shemales-play-with-their-cocks-and-asses-705.html" "Mozilla/5.0 (iPhone; CPU iPhone OS 18_7 like Mac OS X) AppleWebKit/605.1.15 (KHTML, like Gecko) Version/26.2 Mobile/15E148 Safari/604.1"
185.26.173.216 - - [29/Jan/2026:05:15:23 -0500] "GET /media/videos/2/6/6/5/c/2665cb9ac58d921.mp4 HTTP/1.1" 206 476986539 "https://www.porn.tw/" "Mozilla/5.0 (iPhone; CPU iPhone OS 18_7 like Mac OS X) AppleWebKit/605.1.15 (KHTML, like Gecko) Version/26.2 Mobile/15E148 Safari/604.1"
185.26.173.216 - - [29/Jan/2026:05:15:23 -0500] "GET /media/videos/2/6/6/5/c/2665cb9ac58d921.mp4 HTTP/1.1" 206 477052075 "https://www.porn.tw/" "Mozilla/5.0 (iPhone; CPU iPhone OS 18_7 like Mac OS X) AppleWebKit/605.1.15 (KHTML, like Gecko) Version/26.2 Mobile/15E148 Safari/604.1"
185.26.173.216 - - [29/Jan/2026:05:15:25 -0500] "GET /templates/default_tube2019/iimages/touch/apple-touch-icon.png HTTP/1.1" 404 6804 "https://www.porn.tw/video/sexy-vania-hot-shemales-play-with-their-cocks-and-asses-705.html" "Mozilla/5.0 (iPhone; CPU iPhone OS 18_7 like Mac OS X) AppleWebKit/605.1.15 (KHTML, like Gecko) Version/26.2 Mobile/15E148 Safari/604.1"
185.26.173.216 - - [29/Jan/2026:05:15:25 -0500] "GET /templates/default_tube2019/images/touch/chrome-touch-icon-192x192.png HTTP/1.1" 200 12951 "https://www.porn.tw/video/sexy-vania-hot-shemales-play-with-their-cocks-and-asses-705.html" "Mozilla/5.0 (iPhone; CPU iPhone OS 18_7 like Mac OS X) AppleWebKit/605.1.15 (KHTML, like Gecko) Version/26.2 Mobile/15E148 Safari/604.1"
185.26.173.216 - - [29/Jan/2026:05:15:24 -0500] "GET /media/videos/2/6/6/5/c/2665cb9ac58d921.mp4 HTTP/1.1" 206 477019620 "https://www.porn.tw/" "Mozilla/5.0 (iPhone; CPU iPhone OS 18_7 like Mac OS X) AppleWebKit/605.1.15 (KHTML, like Gecko) Version/26.2 Mobile/15E148 Safari/604.1"
185.26.173.216 - - [29/Jan/2026:05:15:26 -0500] "GET /includes/fluidplayer/images/fluid_spinner.svg HTTP/1.1" 200 524 "https://www.porn.tw/video/sexy-vania-hot-shemales-play-with-their-cocks-and-asses-705.html" "Mozilla/5.0 (iPhone; CPU iPhone OS 18_7 like Mac OS X) AppleWebKit/605.1.15 (KHTML, like Gecko) Version/26.2 Mobile/15E148 Safari/604.1"
185.26.173.216 - - [29/Jan/2026:05:15:27 -0500] "GET /media/videos/2/6/6/5/c/2665cb9ac58d921.mp4 HTTP/1.1" 206 476675873 "https://www.porn.tw/" "Mozilla/5.0 (iPhone; CPU iPhone OS 18_7 like Mac OS X) AppleWebKit/605.1.15 (KHTML, like Gecko) Version/26.2 Mobile/15E148 Safari/604.1"
217.113.194.218 - - [29/Jan/2026:05:15:29 -0500] "GET /search/webcam-porn-blowjob/newest/page1.html HTTP/1.1" 200 73624 "-" "Mozilla/5.0 (compatible; Barkrowler/0.9; +https://babbar.tech/crawler)"
185.26.173.216 - - [29/Jan/2026:05:15:32 -0500] "GET /media/videos/2/6/6/5/c/2665cb9ac58d921.mp4 HTTP/1.1" 206 286604459 "https://www.porn.tw/" "Mozilla/5.0 (iPhone; CPU iPhone OS 18_7 like Mac OS X) AppleWebKit/605.1.15 (KHTML, like Gecko) Version/26.2 Mobile/15E148 Safari/604.1"
185.26.173.216 - - [29/Jan/2026:05:15:33 -0500] "GET /media/videos/2/6/6/5/c/2665cb9ac58d921.mp4 HTTP/1.1" 206 65536 "https://www.porn.tw/" "Mozilla/5.0 (iPhone; CPU iPhone OS 18_7 like Mac OS X) AppleWebKit/605.1.15 (KHTML, like Gecko) Version/26.2 Mobile/15E148 Safari/604.1"
217.113.194.217 - - [29/Jan/2026:05:15:33 -0500] "GET /action.php?action=reportVideo&id=1791 HTTP/1.1" 200 3603 "-" "Mozilla/5.0 (compatible; Barkrowler/0.9; +https://babbar.tech/crawler)"
185.26.173.216 - - [29/Jan/2026:05:15:34 -0500] "GET /media/thumbs/2/6/6/5/c/2665cb9ac58d921.mp4/vtt_008.jpg HTTP/1.1" 200 6281 "https://www.porn.tw/" "Mozilla/5.0 (iPhone; CPU iPhone OS 18_7 like Mac OS X) AppleWebKit/605.1.15 (KHTML, like Gecko) Version/26.2 Mobile/15E148 Safari/604.1"
185.26.173.216 - - [29/Jan/2026:05:15:34 -0500] "GET /media/thumbs/2/6/6/5/c/2665cb9ac58d921.mp4/vtt_007.jpg HTTP/1.1" 200 6257 "https://www.porn.tw/" "Mozilla/5.0 (iPhone; CPU iPhone OS 18_7 like Mac OS X) AppleWebKit/605.1.15 (KHTML, like Gecko) Version/26.2 Mobile/15E148 Safari/604.1"
185.26.173.216 - - [29/Jan/2026:05:15:34 -0500] "GET /media/thumbs/2/6/6/5/c/2665cb9ac58d921.mp4/vtt_004.jpg HTTP/1.1" 200 6970 "https://www.porn.tw/" "Mozilla/5.0 (iPhone; CPU iPhone OS 18_7 like Mac OS X) AppleWebKit/605.1.15 (KHTML, like Gecko) Version/26.2 Mobile/15E148 Safari/604.1"
185.26.173.216 - - [29/Jan/2026:05:15:34 -0500] "GET /media/thumbs/2/6/6/5/c/2665cb9ac58d921.mp4/vtt_006.jpg HTTP/1.1" 200 6469 "https://www.porn.tw/" "Mozilla/5.0 (iPhone; CPU iPhone OS 18_7 like Mac OS X) AppleWebKit/605.1.15 (KHTML, like Gecko) Version/26.2 Mobile/15E148 Safari/604.1"
185.26.173.216 - - [29/Jan/2026:05:15:34 -0500] "GET /media/thumbs/2/6/6/5/c/2665cb9ac58d921.mp4/vtt_003.jpg HTTP/1.1" 200 6789 "https://www.porn.tw/" "Mozilla/5.0 (iPhone; CPU iPhone OS 18_7 like Mac OS X) AppleWebKit/605.1.15 (KHTML, like Gecko) Version/26.2 Mobile/15E148 Safari/604.1"
185.26.173.216 - - [29/Jan/2026:05:15:34 -0500] "GET /media/thumbs/2/6/6/5/c/2665cb9ac58d921.mp4/vtt_011.jpg HTTP/1.1" 200 6677 "https://www.porn.tw/" "Mozilla/5.0 (iPhone; CPU iPhone OS 18_7 like Mac OS X) AppleWebKit/605.1.15 (KHTML, like Gecko) Version/26.2 Mobile/15E148 Safari/604.1"
185.26.173.216 - - [29/Jan/2026:05:15:34 -0500] "GET /media/thumbs/2/6/6/5/c/2665cb9ac58d921.mp4/vtt_012.jpg HTTP/1.1" 200 6525 "https://www.porn.tw/" "Mozilla/5.0 (iPhone; CPU iPhone OS 18_7 like Mac OS X) AppleWebKit/605.1.15 (KHTML, like Gecko) Version/26.2 Mobile/15E148 Safari/604.1"
185.26.173.216 - - [29/Jan/2026:05:15:34 -0500] "GET /media/thumbs/2/6/6/5/c/2665cb9ac58d921.mp4/vtt_013.jpg HTTP/1.1" 200 6424 "https://www.porn.tw/" "Mozilla/5.0 (iPhone; CPU iPhone OS 18_7 like Mac OS X) AppleWebKit/605.1.15 (KHTML, like Gecko) Version/26.2 Mobile/15E148 Safari/604.1"
185.26.173.216 - - [29/Jan/2026:05:15:34 -0500] "GET /media/thumbs/2/6/6/5/c/2665cb9ac58d921.mp4/vtt_014.jpg HTTP/1.1" 200 6590 "https://www.porn.tw/" "Mozilla/5.0 (iPhone; CPU iPhone OS 18_7 like Mac OS X) AppleWebKit/605.1.15 (KHTML, like Gecko) Version/26.2 Mobile/15E148 Safari/604.1"
185.26.173.216 - - [29/Jan/2026:05:15:34 -0500] "GET /media/thumbs/2/6/6/5/c/2665cb9ac58d921.mp4/vtt_016.jpg HTTP/1.1" 200 6268 "https://www.porn.tw/" "Mozilla/5.0 (iPhone; CPU iPhone OS 18_7 like Mac OS X) AppleWebKit/605.1.15 (KHTML, like Gecko) Version/26.2 Mobile/15E148 Safari/604.1"
185.26.173.216 - - [29/Jan/2026:05:15:34 -0500] "GET /media/thumbs/2/6/6/5/c/2665cb9ac58d921.mp4/vtt_017.jpg HTTP/1.1" 200 6272 "https://www.porn.tw/" "Mozilla/5.0 (iPhone; CPU iPhone OS 18_7 like Mac OS X) AppleWebKit/605.1.15 (KHTML, like Gecko) Version/26.2 Mobile/15E148 Safari/604.1"
185.26.173.216 - - [29/Jan/2026:05:15:34 -0500] "GET /media/thumbs/2/6/6/5/c/2665cb9ac58d921.mp4/vtt_018.jpg HTTP/1.1" 200 6482 "https://www.porn.tw/" "Mozilla/5.0 (iPhone; CPU iPhone OS 18_7 like Mac OS X) AppleWebKit/605.1.15 (KHTML, like Gecko) Version/26.2 Mobile/15E148 Safari/604.1"
185.26.173.216 - - [29/Jan/2026:05:15:34 -0500] "GET /media/thumbs/2/6/6/5/c/2665cb9ac58d921.mp4/vtt_019.jpg HTTP/1.1" 200 6679 "https://www.porn.tw/" "Mozilla/5.0 (iPhone; CPU iPhone OS 18_7 like Mac OS X) AppleWebKit/605.1.15 (KHTML, like Gecko) Version/26.2 Mobile/15E148 Safari/604.1"
185.26.173.216 - - [29/Jan/2026:05:15:34 -0500] "GET /media/thumbs/2/6/6/5/c/2665cb9ac58d921.mp4/vtt_021.jpg HTTP/1.1" 200 6731 "https://www.porn.tw/" "Mozilla/5.0 (iPhone; CPU iPhone OS 18_7 like Mac OS X) AppleWebKit/605.1.15 (KHTML, like Gecko) Version/26.2 Mobile/15E148 Safari/604.1"
185.26.173.216 - - [29/Jan/2026:05:15:34 -0500] "GET /media/thumbs/2/6/6/5/c/2665cb9ac58d921.mp4/vtt_022.jpg HTTP/1.1" 200 6791 "https://www.porn.tw/" "Mozilla/5.0 (iPhone; CPU iPhone OS 18_7 like Mac OS X) AppleWebKit/605.1.15 (KHTML, like Gecko) Version/26.2 Mobile/15E148 Safari/604.1"
185.26.173.216 - - [29/Jan/2026:05:15:34 -0500] "GET /media/thumbs/2/6/6/5/c/2665cb9ac58d921.mp4/vtt_023.jpg HTTP/1.1" 200 6729 "https://www.porn.tw/" "Mozilla/5.0 (iPhone; CPU iPhone OS 18_7 like Mac OS X) AppleWebKit/605.1.15 (KHTML, like Gecko) Version/26.2 Mobile/15E148 Safari/604.1"
185.26.173.216 - - [29/Jan/2026:05:15:34 -0500] "GET /media/videos/2/6/6/5/c/2665cb9ac58d921.mp4 HTTP/1.1" 206 65536 "https://www.porn.tw/" "Mozilla/5.0 (iPhone; CPU iPhone OS 18_7 like Mac OS X) AppleWebKit/605.1.15 (KHTML, like Gecko) Version/26.2 Mobile/15E148 Safari/604.1"
185.26.173.216 - - [29/Jan/2026:05:15:34 -0500] "GET /media/videos/2/6/6/5/c/2665cb9ac58d921.mp4 HTTP/1.1" 206 65536 "https://www.porn.tw/" "Mozilla/5.0 (iPhone; CPU iPhone OS 18_7 like Mac OS X) AppleWebKit/605.1.15 (KHTML, like Gecko) Version/26.2 Mobile/15E148 Safari/604.1"
185.26.173.216 - - [29/Jan/2026:05:15:34 -0500] "GET /media/videos/2/6/6/5/c/2665cb9ac58d921.mp4 HTTP/1.1" 206 65536 "https://www.porn.tw/" "Mozilla/5.0 (iPhone; CPU iPhone OS 18_7 like Mac OS X) AppleWebKit/605.1.15 (KHTML, like Gecko) Version/26.2 Mobile/15E148 Safari/604.1"
185.26.173.216 - - [29/Jan/2026:05:15:35 -0500] "GET /media/videos/2/6/6/5/c/2665cb9ac58d921.mp4 HTTP/1.1" 206 65536 "https://www.porn.tw/" "Mozilla/5.0 (iPhone; CPU iPhone OS 18_7 like Mac OS X) AppleWebKit/605.1.15 (KHTML, like Gecko) Version/26.2 Mobile/15E148 Safari/604.1"
185.26.173.216 - - [29/Jan/2026:05:15:35 -0500] "GET /media/videos/2/6/6/5/c/2665cb9ac58d921.mp4 HTTP/1.1" 206 720896 "https://www.porn.tw/" "Mozilla/5.0 (iPhone; CPU iPhone OS 18_7 like Mac OS X) AppleWebKit/605.1.15 (KHTML, like Gecko) Version/26.2 Mobile/15E148 Safari/604.1"
185.26.173.216 - - [29/Jan/2026:05:15:35 -0500] "GET /media/videos/2/6/6/5/c/2665cb9ac58d921.mp4 HTTP/1.1" 206 65536 "https://www.porn.tw/" "Mozilla/5.0 (iPhone; CPU iPhone OS 18_7 like Mac OS X) AppleWebKit/605.1.15 (KHTML, like Gecko) Version/26.2 Mobile/15E148 Safari/604.1"
185.26.173.216 - - [29/Jan/2026:05:15:36 -0500] "GET /media/videos/2/6/6/5/c/2665cb9ac58d921.mp4 HTTP/1.1" 206 65536 "https://www.porn.tw/" "Mozilla/5.0 (iPhone; CPU iPhone OS 18_7 like Mac OS X) AppleWebKit/605.1.15 (KHTML, like Gecko) Version/26.2 Mobile/15E148 Safari/604.1"
185.26.173.216 - - [29/Jan/2026:05:15:36 -0500] "GET /media/videos/2/6/6/5/c/2665cb9ac58d921.mp4 HTTP/1.1" 206 278396396 "https://www.porn.tw/" "Mozilla/5.0 (iPhone; CPU iPhone OS 18_7 like Mac OS X) AppleWebKit/605.1.15 (KHTML, like Gecko) Version/26.2 Mobile/15E148 Safari/604.1"
185.26.173.216 - - [29/Jan/2026:05:15:36 -0500] "GET /media/videos/2/6/6/5/c/2665cb9ac58d921.mp4 HTTP/1.1" 206 65536 "https://www.porn.tw/" "Mozilla/5.0 (iPhone; CPU iPhone OS 18_7 like Mac OS X) AppleWebKit/605.1.15 (KHTML, like Gecko) Version/26.2 Mobile/15E148 Safari/604.1"
185.26.173.216 - - [29/Jan/2026:05:15:37 -0500] "GET /media/videos/2/6/6/5/c/2665cb9ac58d921.mp4 HTTP/1.1" 206 65536 "https://www.porn.tw/" "Mozilla/5.0 (iPhone; CPU iPhone OS 18_7 like Mac OS X) AppleWebKit/605.1.15 (KHTML, like Gecko) Version/26.2 Mobile/15E148 Safari/604.1"
185.26.173.216 - - [29/Jan/2026:05:15:37 -0500] "GET /media/videos/2/6/6/5/c/2665cb9ac58d921.mp4 HTTP/1.1" 206 65536 "https://www.porn.tw/" "Mozilla/5.0 (iPhone; CPU iPhone OS 18_7 like Mac OS X) AppleWebKit/605.1.15 (KHTML, like Gecko) Version/26.2 Mobile/15E148 Safari/604.1"
185.26.173.216 - - [29/Jan/2026:05:15:37 -0500] "GET /media/videos/2/6/6/5/c/2665cb9ac58d921.mp4 HTTP/1.1" 206 65536 "https://www.porn.tw/" "Mozilla/5.0 (iPhone; CPU iPhone OS 18_7 like Mac OS X) AppleWebKit/605.1.15 (KHTML, like Gecko) Version/26.2 Mobile/15E148 Safari/604.1"
185.26.173.216 - - [29/Jan/2026:05:15:38 -0500] "GET /media/videos/2/6/6/5/c/2665cb9ac58d921.mp4 HTTP/1.1" 206 65536 "https://www.porn.tw/" "Mozilla/5.0 (iPhone; CPU iPhone OS 18_7 like Mac OS X) AppleWebKit/605.1.15 (KHTML, like Gecko) Version/26.2 Mobile/15E148 Safari/604.1"
66.249.65.36 - - [29/Jan/2026:05:15:40 -0500] "GET /search/petitexxx-webcam/page2.html HTTP/1.1" 200 72796 "-" "Mozilla/5.0 (Linux; Android 6.0.1; Nexus 5X Build/MMB29P) AppleWebKit/537.36 (KHTML, like Gecko) Chrome/143.0.7499.192 Mobile Safari/537.36 (compatible; Googlebot/2.1; +http://www.google.com/bot.html)"
185.26.173.216 - - [29/Jan/2026:05:15:41 -0500] "GET /media/thumbs/2/6/6/5/c/2665cb9ac58d921.mp4/vtt_028.jpg HTTP/1.1" 200 6438 "https://www.porn.tw/" "Mozilla/5.0 (iPhone; CPU iPhone OS 18_7 like Mac OS X) AppleWebKit/605.1.15 (KHTML, like Gecko) Version/26.2 Mobile/15E148 Safari/604.1"
185.26.173.216 - - [29/Jan/2026:05:15:41 -0500] "GET /media/thumbs/2/6/6/5/c/2665cb9ac58d921.mp4/vtt_029.jpg HTTP/1.1" 200 6591 "https://www.porn.tw/" "Mozilla/5.0 (iPhone; CPU iPhone OS 18_7 like Mac OS X) AppleWebKit/605.1.15 (KHTML, like Gecko) Version/26.2 Mobile/15E148 Safari/604.1"
185.26.173.216 - - [29/Jan/2026:05:15:42 -0500] "GET /media/thumbs/2/6/6/5/c/2665cb9ac58d921.mp4/vtt_032.jpg HTTP/1.1" 200 6464 "https://www.porn.tw/" "Mozilla/5.0 (iPhone; CPU iPhone OS 18_7 like Mac OS X) AppleWebKit/605.1.15 (KHTML, like Gecko) Version/26.2 Mobile/15E148 Safari/604.1"
185.26.173.216 - - [29/Jan/2026:05:15:42 -0500] "GET /media/thumbs/2/6/6/5/c/2665cb9ac58d921.mp4/vtt_031.jpg HTTP/1.1" 200 6576 "https://www.porn.tw/" "Mozilla/5.0 (iPhone; CPU iPhone OS 18_7 like Mac OS X) AppleWebKit/605.1.15 (KHTML, like Gecko) Version/26.2 Mobile/15E148 Safari/604.1"
185.26.173.216 - - [29/Jan/2026:05:15:42 -0500] "GET /media/thumbs/2/6/6/5/c/2665cb9ac58d921.mp4/vtt_033.jpg HTTP/1.1" 200 6665 "https://www.porn.tw/" "Mozilla/5.0 (iPhone; CPU iPhone OS 18_7 like Mac OS X) AppleWebKit/605.1.15 (KHTML, like Gecko) Version/26.2 Mobile/15E148 Safari/604.1"
185.26.173.216 - - [29/Jan/2026:05:15:41 -0500] "GET /media/videos/2/6/6/5/c/2665cb9ac58d921.mp4 HTTP/1.1" 206 265436331 "https://www.porn.tw/" "Mozilla/5.0 (iPhone; CPU iPhone OS 18_7 like Mac OS X) AppleWebKit/605.1.15 (KHTML, like Gecko) Version/26.2 Mobile/15E148 Safari/604.1"
185.26.173.216 - - [29/Jan/2026:05:15:43 -0500] "GET /media/videos/2/6/6/5/c/2665cb9ac58d921.mp4 HTTP/1.1" 206 65536 "https://www.porn.tw/" "Mozilla/5.0 (iPhone; CPU iPhone OS 18_7 like Mac OS X) AppleWebKit/605.1.15 (KHTML, like Gecko) Version/26.2 Mobile/15E148 Safari/604.1"
185.26.173.216 - - [29/Jan/2026:05:15:43 -0500] "GET /media/videos/2/6/6/5/c/2665cb9ac58d921.mp4 HTTP/1.1" 206 231095467 "https://www.porn.tw/" "Mozilla/5.0 (iPhone; CPU iPhone OS 18_7 like Mac OS X) AppleWebKit/605.1.15 (KHTML, like Gecko) Version/26.2 Mobile/15E148 Safari/604.1"
185.26.173.216 - - [29/Jan/2026:05:15:43 -0500] "GET /media/videos/2/6/6/5/c/2665cb9ac58d921.mp4 HTTP/1.1" 206 65536 "https://www.porn.tw/" "Mozilla/5.0 (iPhone; CPU iPhone OS 18_7 like Mac OS X) AppleWebKit/605.1.15 (KHTML, like Gecko) Version/26.2 Mobile/15E148 Safari/604.1"
217.113.194.79 - - [29/Jan/2026:05:15:45 -0500] "GET /search/webcam-porn-blowjob/newest/page12.html HTTP/1.1" 200 70844 "-" "Mozilla/5.0 (compatible; Barkrowler/0.9; +https://babbar.tech/crawler)"
66.249.74.5 - - [29/Jan/2026:05:15:48 -0500] "GET /media/videos/7/6/6/6/2/76662facfadd7c.mp4 HTTP/1.1" 304 - "-" "Googlebot-Video/1.0"
66.249.74.5 - - [29/Jan/2026:05:15:49 -0500] "GET /media/thumbs/1/9/6/7/4/19674a6eef00d79.mp4/vtt_011.jpg HTTP/1.1" 200 5918 "-" "Googlebot-Image/1.0"
217.113.194.218 - - [29/Jan/2026:05:15:49 -0500] "GET /action.php?action=reportVideo&id=2627 HTTP/1.1" 200 3603 "-" "Mozilla/5.0 (compatible; Barkrowler/0.9; +https://babbar.tech/crawler)"
217.113.194.79 - - [29/Jan/2026:05:16:00 -0500] "GET /search/webcam-porn-blowjob/views/page2.html HTTP/1.1" 200 72891 "-" "Mozilla/5.0 (compatible; Barkrowler/0.9; +https://babbar.tech/crawler)"
116.179.32.234 - - [29/Jan/2026:05:16:01 -0500] "GET /search/blonde-doll-fantasy/views/ HTTP/1.1" 403 - "-" "Mozilla/5.0 (compatible; Baiduspider/2.0; +http://www.baidu.com/search/spider.html)"
217.113.194.78 - - [29/Jan/2026:05:16:04 -0500] "GET /action.php?action=reportVideo&id=2631 HTTP/1.1" 200 3603 "-" "Mozilla/5.0 (compatible; Barkrowler/0.9; +https://babbar.tech/crawler)"
220.181.51.90 - - [29/Jan/2026:05:16:10 -0500] "GET /search/blonde-doll-fantasy/views/ HTTP/1.1" 200 74235 "-" "Mozilla/5.0 (Windows NT 10.0; WOW64) AppleWebKit/537.36 (KHTML, like Gecko) Chrome/48.0.2564.116 Safari/537.36"
217.113.194.80 - - [29/Jan/2026:05:16:16 -0500] "GET /search/webcam-porn-blowjob/views/page13.html HTTP/1.1" 200 75321 "-" "Mozilla/5.0 (compatible; Barkrowler/0.9; +https://babbar.tech/crawler)"
43.173.180.238 - - [29/Jan/2026:05:16:19 -0500] "GET / HTTP/1.1" 200 98631 "http://porn.tw/" "Mozilla/5.0 (Windows NT 10.0; Win64; x64) AppleWebKit/537.36 (KHTML, like Gecko) Chrome/110.0.0.0 Safari/537.36"
217.113.194.74 - - [29/Jan/2026:05:16:20 -0500] "GET /action.php?action=reportVideo&id=2638 HTTP/1.1" 200 3603 "-" "Mozilla/5.0 (compatible; Barkrowler/0.9; +https://babbar.tech/crawler)"
185.191.171.4 - - [29/Jan/2026:05:16:29 -0500] "GET /action.php?action=add_favorites&id=1589 HTTP/1.1" 403 - "-" "Mozilla/5.0 (compatible; SemrushBot/7~bl; +http://www.semrush.com/bot.html)"
217.113.194.77 - - [29/Jan/2026:05:16:32 -0500] "GET /search/webcam-porn-blowjob/views/page12.html HTTP/1.1" 200 75255 "-" "Mozilla/5.0 (compatible; Barkrowler/0.9; +https://babbar.tech/crawler)"
114.119.150.49 - - [29/Jan/2026:05:16:32 -0500] "GET /action.php?action=reportVideo&id=723 HTTP/1.1" 200 3598 "https://porn.tw/video/yulya-miu-pretty-tranny-gets-pleasured-by-her-bf-723.html" "Mozilla/5.0 (Linux; Android 7.0;) AppleWebKit/537.36 (KHTML, like Gecko) Mobile Safari/537.36 (compatible; PetalBot;+https://webmaster.petalsearch.com/site/petalbot)"
43.163.22.250 - - [29/Jan/2026:05:16:32 -0500] "GET / HTTP/1.1" 200 98631 "http://porn.tw" "Mozilla/5.0 (Windows NT 10.0; Win64; x64) AppleWebKit/537.36 (KHTML, like Gecko) Chrome/109.0.0.0 Safari/537.36"
154.54.249.200 - - [29/Jan/2026:05:16:36 -0500] "GET /action.php?action=reportVideo&id=2661 HTTP/1.1" 200 3603 "-" "Mozilla/5.0 (compatible; Barkrowler/0.9; +https://babbar.tech/crawler)"
220.181.108.165 - - [29/Jan/2026:05:16:42 -0500] "GET /search/tight-cunt-cam/views/page4.html HTTP/1.1" 403 - "-" "Mozilla/5.0 (compatible; Baiduspider/2.0; +http://www.baidu.com/search/spider.html)"
119.249.100.236 - - [29/Jan/2026:05:16:47 -0500] "GET /search/tight-cunt-cam/views/page4.html HTTP/1.1" 200 74314 "-" "Mozilla/5.0 (Windows NT 10.0; WOW64) AppleWebKit/537.36 (KHTML, like Gecko) Chrome/48.0.2564.116 Safari/537.36"
217.113.194.77 - - [29/Jan/2026:05:16:48 -0500] "GET /search/webcam-porn-blowjob/views/page3.html HTTP/1.1" 200 72898 "-" "Mozilla/5.0 (compatible; Barkrowler/0.9; +https://babbar.tech/crawler)"
217.113.194.76 - - [29/Jan/2026:05:16:51 -0500] "GET /action.php?action=reportVideo&id=2658 HTTP/1.1" 200 3603 "-" "Mozilla/5.0 (compatible; Barkrowler/0.9; +https://babbar.tech/crawler)"
217.113.194.77 - - [29/Jan/2026:05:17:03 -0500] "GET /search/webcam-porn-blowjob/views/page14.html HTTP/1.1" 200 34285 "-" "Mozilla/5.0 (compatible; Barkrowler/0.9; +https://babbar.tech/crawler)"
217.113.194.75 - - [29/Jan/2026:05:17:07 -0500] "GET /action.php?action=reportVideo&id=2196 HTTP/1.1" 200 3603 "-" "Mozilla/5.0 (compatible; Barkrowler/0.9; +https://babbar.tech/crawler)"
217.113.194.77 - - [29/Jan/2026:05:17:19 -0500] "GET /search/webcam-porn-brunette/newest/page12.html HTTP/1.1" 200 70801 "-" "Mozilla/5.0 (compatible; Barkrowler/0.9; +https://babbar.tech/crawler)"
217.113.194.78 - - [29/Jan/2026:05:17:23 -0500] "GET /action.php?action=reportVideo&id=2179 HTTP/1.1" 200 3603 "-" "Mozilla/5.0 (compatible; Barkrowler/0.9; +https://babbar.tech/crawler)"
220.181.51.118 - - [29/Jan/2026:05:17:26 -0500] "GET /search/seductive-redhead-cam/rating/page3.html HTTP/1.1" 200 76819 "-" "Mozilla/5.0 (Windows NT 10.0; WOW64) AppleWebKit/537.36 (KHTML, like Gecko) Chrome/48.0.2564.116 Safari/537.36"
66.249.65.36 - - [29/Jan/2026:05:17:29 -0500] "GET /search/-soffipink-webcam/page10.html HTTP/1.1" 200 66392 "-" "Mozilla/5.0 (Linux; Android 6.0.1; Nexus 5X Build/MMB29P) AppleWebKit/537.36 (KHTML, like Gecko) Chrome/143.0.7499.192 Mobile Safari/537.36 (compatible; Googlebot/2.1; +http://www.google.com/bot.html)"
101.198.0.180 - - [29/Jan/2026:05:17:33 -0500] "GET / HTTP/1.1" 200 99756 "-" "Mozilla/5.0 (Macintosh; Intel Mac OS X 10_15_7) AppleWebKit/537.36 (KHTML, like Gecko) Chrome/120.0.0.0 Safari/537.36 Edg/120.0.0.0"
217.113.194.218 - - [29/Jan/2026:05:17:34 -0500] "GET /search/webcam-porn-brunette/views/page5.html HTTP/1.1" 200 73715 "-" "Mozilla/5.0 (compatible; Barkrowler/0.9; +https://babbar.tech/crawler)"
217.113.194.218 - - [29/Jan/2026:05:17:39 -0500] "GET /action.php?action=reportVideo&id=2163 HTTP/1.1" 200 3603 "-" "Mozilla/5.0 (compatible; Barkrowler/0.9; +https://babbar.tech/crawler)"
217.113.194.72 - - [29/Jan/2026:05:17:50 -0500] "GET /search/webcam-porn-squirt/newest/page6.html HTTP/1.1" 200 75226 "-" "Mozilla/5.0 (compatible; Barkrowler/0.9; +https://babbar.tech/crawler)"
101.198.0.134 - - [29/Jan/2026:05:17:54 -0500] "GET /templates/default_tube2019/images/touch/chrome-touch-icon-192x192.png HTTP/1.1" 200 12951 "-" "Mozilla/5.0 (Macintosh; Intel Mac OS X 10_7_0) AppleWebKit/535.11 (KHTML, like Gecko) Chrome/17.0.963.56 Safari/535.11"
217.113.194.218 - - [29/Jan/2026:05:17:54 -0500] "GET /action.php?action=reportVideo&id=2177 HTTP/1.1" 200 3603 "-" "Mozilla/5.0 (compatible; Barkrowler/0.9; +https://babbar.tech/crawler)"
101.198.0.183 - - [29/Jan/2026:05:17:58 -0500] "GET /robots.txt HTTP/1.1" 200 243 "-" "Mozilla/5.0 (Macintosh; Intel Mac OS X 10_7_0) AppleWebKit/535.11 (KHTML, like Gecko) Chrome/17.0.963.56 Safari/535.11"
114.119.159.237 - - [29/Jan/2026:05:18:00 -0500] "GET /most-discussed/page9.html HTTP/1.1" 200 75204 "https://porn.tw/most-discussed/" "Mozilla/5.0 (Linux; Android 7.0;) AppleWebKit/537.36 (KHTML, like Gecko) Mobile Safari/537.36 (compatible; PetalBot;+https://webmaster.petalsearch.com/site/petalbot)"
217.113.194.77 - - [29/Jan/2026:05:18:06 -0500] "GET /search/webcam-porn-squirt/newest/page2.html HTTP/1.1" 200 74484 "-" "Mozilla/5.0 (compatible; Barkrowler/0.9; +https://babbar.tech/crawler)"
217.113.194.80 - - [29/Jan/2026:05:18:10 -0500] "GET /action.php?action=reportVideo&id=715 HTTP/1.1" 200 3602 "-" "Mozilla/5.0 (compatible; Barkrowler/0.9; +https://babbar.tech/crawler)"
119.249.100.114 - - [29/Jan/2026:05:18:13 -0500] "GET /search/aching-core-tease/views/page2.html HTTP/1.1" 200 73331 "-" "Mozilla/5.0 (Windows NT 10.0; WOW64) AppleWebKit/537.36 (KHTML, like Gecko) Chrome/48.0.2564.116 Safari/537.36"
66.249.74.5 - - [29/Jan/2026:05:18:19 -0500] "GET /pornstars/gracee-swift-341.html HTTP/1.1" 200 27145 "-" "Mozilla/5.0 (Linux; Android 6.0.1; Nexus 5X Build/MMB29P) AppleWebKit/537.36 (KHTML, like Gecko) Chrome/143.0.7499.192 Mobile Safari/537.36 (compatible; Googlebot/2.1; +http://www.google.com/bot.html)"
217.113.194.72 - - [29/Jan/2026:05:18:21 -0500] "GET /search/webcam-porn-squirt/views/page1.html HTTP/1.1" 200 71313 "-" "Mozilla/5.0 (compatible; Barkrowler/0.9; +https://babbar.tech/crawler)"
101.198.0.135 - - [29/Jan/2026:05:18:24 -0500] "GET /config.json HTTP/1.1" 404 18485 "-" "Mozilla/5.0 (Macintosh; Intel Mac OS X 10_7_0) AppleWebKit/535.11 (KHTML, like Gecko) Chrome/17.0.963.56 Safari/535.11"
154.54.249.200 - - [29/Jan/2026:05:18:25 -0500] "GET /action.php?action=reportVideo&id=1242 HTTP/1.1" 200 3603 "-" "Mozilla/5.0 (compatible; Barkrowler/0.9; +https://babbar.tech/crawler)"
66.249.74.5 - - [29/Jan/2026:05:18:33 -0500] "GET /video/yulya-miu-pretty-tranny-gets-pleasured-by-her-bf-723.html HTTP/1.1" 200 52946 "-" "Mozilla/5.0 (Linux; Android 6.0.1; Nexus 5X Build/MMB29P) AppleWebKit/537.36 (KHTML, like Gecko) Chrome/143.0.7499.192 Mobile Safari/537.36 (compatible; Googlebot/2.1; +http://www.google.com/bot.html)"
217.113.194.75 - - [29/Jan/2026:05:18:37 -0500] "GET /search/webcam-porn-squirt/views/page7.html HTTP/1.1" 200 72774 "-" "Mozilla/5.0 (compatible; Barkrowler/0.9; +https://babbar.tech/crawler)"
217.113.194.78 - - [29/Jan/2026:05:18:41 -0500] "GET /action.php?action=reportVideo&id=409 HTTP/1.1" 200 3602 "-" "Mozilla/5.0 (compatible; Barkrowler/0.9; +https://babbar.tech/crawler)"
220.181.108.80 - - [29/Jan/2026:05:18:46 -0500] "GET /action.php?action=reportVideo&id=1544 HTTP/1.1" 403 - "-" "Mozilla/5.0 (compatible; Baiduspider/2.0; +http://www.baidu.com/search/spider.html)"
220.181.51.92 - - [29/Jan/2026:05:18:47 -0500] "GET /action.php?action=reportVideo&id=1544 HTTP/1.1" 200 3603 "-" "Mozilla/5.0 (Windows NT 10.0; WOW64) AppleWebKit/537.36 (KHTML, like Gecko) Chrome/48.0.2564.116 Safari/537.36"
