222.90.115.246 - - [29/Jan/2026:05:12:20 -0500] "GET /templates/default_tube2019/js/jquery.tinyscrollbar.min.js HTTP/1.1" 200 4105 "https://porn.tw/" "Mozilla/5.0 (Windows NT 10.0; Win64; x64) AppleWebKit/537.36 (KHTML, like Gecko) Chrome/135.0.0.0 Safari/537.36 Edg/135.0.0.0"
222.90.115.246 - - [29/Jan/2026:05:12:20 -0500] "GET /templates/default_tube2019/js/img2svg.js HTTP/1.1" 200 1613 "https://porn.tw/" "Mozilla/5.0 (Windows NT 10.0; Win64; x64) AppleWebKit/537.36 (KHTML, like Gecko) Chrome/135.0.0.0 Safari/537.36 Edg/135.0.0.0"
222.90.115.246 - - [29/Jan/2026:05:12:20 -0500] "GET /templates/default_tube2019/js/bootstrap-select.min.js HTTP/1.1" 200 33379 "https://porn.tw/" "Mozilla/5.0 (Windows NT 10.0; Win64; x64) AppleWebKit/537.36 (KHTML, like Gecko) Chrome/135.0.0.0 Safari/537.36 Edg/135.0.0.0"
222.90.115.246 - - [29/Jan/2026:05:12:20 -0500] "GET /media/thumbs/5/6/6/9/4/56694737ce6206.mp4/56694737ce6206.mp4-4.jpg HTTP/1.1" 200 11377 "https://porn.tw/" "Mozilla/5.0 (Windows NT 10.0; Win64; x64) AppleWebKit/537.36 (KHTML, like Gecko) Chrome/135.0.0.0 Safari/537.36 Edg/135.0.0.0"
222.90.115.246 - - [29/Jan/2026:05:12:20 -0500] "GET /media/thumbs/7/6/5/8/d/7658d12253fe5d.mp4/7658d12253fe5d.mp4-7.jpg HTTP/1.1" 200 10265 "https://porn.tw/" "Mozilla/5.0 (Windows NT 10.0; Win64; x64) AppleWebKit/537.36 (KHTML, like Gecko) Chrome/135.0.0.0 Safari/537.36 Edg/135.0.0.0"
222.90.115.246 - - [29/Jan/2026:05:12:20 -0500] "GET /media/thumbs/5/6/5/4/f/5654fa19837813.mp4/5654fa19837813.mp4-8.jpg HTTP/1.1" 200 8353 "https://porn.tw/" "Mozilla/5.0 (Windows NT 10.0; Win64; x64) AppleWebKit/537.36 (KHTML, like Gecko) Chrome/135.0.0.0 Safari/537.36 Edg/135.0.0.0"
222.90.115.246 - - [29/Jan/2026:05:12:20 -0500] "GET /templates/default_tube2019/js/functions.js HTTP/1.1" 200 26636 "https://porn.tw/" "Mozilla/5.0 (Windows NT 10.0; Win64; x64) AppleWebKit/537.36 (KHTML, like Gecko) Chrome/135.0.0.0 Safari/537.36 Edg/135.0.0.0"
222.90.115.246 - - [29/Jan/2026:05:12:21 -0500] "GET /core/js/Tube.js HTTP/1.1" 200 1519 "https://porn.tw/" "Mozilla/5.0 (Windows NT 10.0; Win64; x64) AppleWebKit/537.36 (KHTML, like Gecko) Chrome/135.0.0.0 Safari/537.36 Edg/135.0.0.0"
222.90.115.246 - - [29/Jan/2026:05:12:21 -0500] "GET /core/js/ageWarningJs.php HTTP/1.1" 200 1037 "https://porn.tw/" "Mozilla/5.0 (Windows NT 10.0; Win64; x64) AppleWebKit/537.36 (KHTML, like Gecko) Chrome/135.0.0.0 Safari/537.36 Edg/135.0.0.0"
222.90.115.246 - - [29/Jan/2026:05:12:21 -0500] "GET /core/js/gdprJs.php HTTP/1.1" 200 1238 "https://porn.tw/" "Mozilla/5.0 (Windows NT 10.0; Win64; x64) AppleWebKit/537.36 (KHTML, like Gecko) Chrome/135.0.0.0 Safari/537.36 Edg/135.0.0.0"
222.90.115.246 - - [29/Jan/2026:05:12:21 -0500] "GET /media/thumbs/9/6/8/6/8/968687287c1cb9.mp4/968687287c1cb9.mp4-8.jpg HTTP/1.1" 200 11972 "https://porn.tw/" "Mozilla/5.0 (Windows NT 10.0; Win64; x64) AppleWebKit/537.36 (KHTML, like Gecko) Chrome/135.0.0.0 Safari/537.36 Edg/135.0.0.0"
222.90.115.246 - - [29/Jan/2026:05:12:21 -0500] "GET /media/thumbs/7/6/8/6/7/768676cec4cb65.mp4/768676cec4cb65.mp4-8.jpg HTTP/1.1" 200 11729 "https://porn.tw/" "Mozilla/5.0 (Windows NT 10.0; Win64; x64) AppleWebKit/537.36 (KHTML, like Gecko) Chrome/135.0.0.0 Safari/537.36 Edg/135.0.0.0"
222.90.115.246 - - [29/Jan/2026:05:12:21 -0500] "GET /media/thumbs/7/6/8/6/7/7686745f2570f6.mp4/7686745f2570f6.mp4-3.jpg HTTP/1.1" 200 9025 "https://porn.tw/" "Mozilla/5.0 (Windows NT 10.0; Win64; x64) AppleWebKit/537.36 (KHTML, like Gecko) Chrome/135.0.0.0 Safari/537.36 Edg/135.0.0.0"
222.90.115.246 - - [29/Jan/2026:05:12:21 -0500] "GET /media/thumbs/9/6/8/6/8/9686861bbf22fe.mp4/9686861bbf22fe.mp4-3.jpg HTTP/1.1" 200 11044 "https://porn.tw/" "Mozilla/5.0 (Windows NT 10.0; Win64; x64) AppleWebKit/537.36 (KHTML, like Gecko) Chrome/135.0.0.0 Safari/537.36 Edg/135.0.0.0"
222.90.115.246 - - [29/Jan/2026:05:12:21 -0500] "GET /media/thumbs/9/6/8/6/7/9686725cc67965.mp4/9686725cc67965.mp4-3.jpg HTTP/1.1" 200 11446 "https://porn.tw/" "Mozilla/5.0 (Windows NT 10.0; Win64; x64) AppleWebKit/537.36 (KHTML, like Gecko) Chrome/135.0.0.0 Safari/537.36 Edg/135.0.0.0"
222.90.115.246 - - [29/Jan/2026:05:12:22 -0500] "GET /media/thumbs/9/6/8/6/7/968671445c3dda.mp4/968671445c3dda.mp4-3.jpg HTTP/1.1" 200 10423 "https://porn.tw/" "Mozilla/5.0 (Windows NT 10.0; Win64; x64) AppleWebKit/537.36 (KHTML, like Gecko) Chrome/135.0.0.0 Safari/537.36 Edg/135.0.0.0"
222.90.115.246 - - [29/Jan/2026:05:12:22 -0500] "GET /media/thumbs/7/6/8/6/6/7686612ce0807d.mp4/7686612ce0807d.mp4-3.jpg HTTP/1.1" 200 10714 "https://porn.tw/" "Mozilla/5.0 (Windows NT 10.0; Win64; x64) AppleWebKit/537.36 (KHTML, like Gecko) Chrome/135.0.0.0 Safari/537.36 Edg/135.0.0.0"
222.90.115.246 - - [29/Jan/2026:05:12:22 -0500] "GET /media/thumbs/9/6/8/6/5/96865db9b356f9.mp4/96865db9b356f9.mp4-3.jpg HTTP/1.1" 200 11065 "https://porn.tw/" "Mozilla/5.0 (Windows NT 10.0; Win64; x64) AppleWebKit/537.36 (KHTML, like Gecko) Chrome/135.0.0.0 Safari/537.36 Edg/135.0.0.0"
222.90.115.246 - - [29/Jan/2026:05:12:22 -0500] "GET /media/thumbs/9/6/8/6/5/96865c7a7c57dc.mp4/96865c7a7c57dc.mp4-8.jpg HTTP/1.1" 200 12191 "https://porn.tw/" "Mozilla/5.0 (Windows NT 10.0; Win64; x64) AppleWebKit/537.36 (KHTML, like Gecko) Chrome/135.0.0.0 Safari/537.36 Edg/135.0.0.0"
222.90.115.246 - - [29/Jan/2026:05:12:22 -0500] "GET /media/thumbs/7/6/8/6/6/76866265e99465.mp4/76866265e99465.mp4-5.jpg HTTP/1.1" 200 9800 "https://porn.tw/" "Mozilla/5.0 (Windows NT 10.0; Win64; x64) AppleWebKit/537.36 (KHTML, like Gecko) Chrome/135.0.0.0 Safari/537.36 Edg/135.0.0.0"
222.90.115.246 - - [29/Jan/2026:05:12:22 -0500] "GET /media/thumbs/9/6/8/8/6/96886d4ef05f72.mp4/96886d4ef05f72.mp4-3.jpg HTTP/1.1" 200 9734 "https://porn.tw/" "Mozilla/5.0 (Windows NT 10.0; Win64; x64) AppleWebKit/537.36 (KHTML, like Gecko) Chrome/135.0.0.0 Safari/537.36 Edg/135.0.0.0"
222.90.115.246 - - [29/Jan/2026:05:12:22 -0500] "GET /media/thumbs/9/6/8/8/6/96886b772b55dd.mp4/96886b772b55dd.mp4-8.jpg HTTP/1.1" 200 10691 "https://porn.tw/" "Mozilla/5.0 (Windows NT 10.0; Win64; x64) AppleWebKit/537.36 (KHTML, like Gecko) Chrome/135.0.0.0 Safari/537.36 Edg/135.0.0.0"
222.90.115.246 - - [29/Jan/2026:05:12:22 -0500] "GET /media/thumbs/9/6/8/8/5/968858dde0fd10.mp4/968858dde0fd10.mp4-3.jpg HTTP/1.1" 200 9812 "https://porn.tw/" "Mozilla/5.0 (Windows NT 10.0; Win64; x64) AppleWebKit/537.36 (KHTML, like Gecko) Chrome/135.0.0.0 Safari/537.36 Edg/135.0.0.0"
222.90.115.246 - - [29/Jan/2026:05:12:23 -0500] "GET /media/thumbs/9/6/8/8/5/9688571ee9f923.mp4/9688571ee9f923.mp4-3.jpg HTTP/1.1" 200 13518 "https://porn.tw/" "Mozilla/5.0 (Windows NT 10.0; Win64; x64) AppleWebKit/537.36 (KHTML, like Gecko) Chrome/135.0.0.0 Safari/537.36 Edg/135.0.0.0"
222.90.115.246 - - [29/Jan/2026:05:12:23 -0500] "GET /media/thumbs/9/6/8/8/8/9688832d8e062c.mp4/9688832d8e062c.mp4-3.jpg HTTP/1.1" 200 16186 "https://porn.tw/" "Mozilla/5.0 (Windows NT 10.0; Win64; x64) AppleWebKit/537.36 (KHTML, like Gecko) Chrome/135.0.0.0 Safari/537.36 Edg/135.0.0.0"
222.90.115.246 - - [29/Jan/2026:05:12:23 -0500] "GET /media/thumbs/9/6/8/8/0/9688025a0e55b1.mp4/9688025a0e55b1.mp4-3.jpg HTTP/1.1" 200 10092 "https://porn.tw/" "Mozilla/5.0 (Windows NT 10.0; Win64; x64) AppleWebKit/537.36 (KHTML, like Gecko) Chrome/135.0.0.0 Safari/537.36 Edg/135.0.0.0"
222.90.115.246 - - [29/Jan/2026:05:12:23 -0500] "GET /media/thumbs/9/6/8/8/1/968817e177fc78.mp4/968817e177fc78.mp4-3.jpg HTTP/1.1" 200 13514 "https://porn.tw/" "Mozilla/5.0 (Windows NT 10.0; Win64; x64) AppleWebKit/537.36 (KHTML, like Gecko) Chrome/135.0.0.0 Safari/537.36 Edg/135.0.0.0"
217.113.194.76 - - [29/Jan/2026:05:12:23 -0500] "GET /search/webcam-mature-tease/rating/page1.html HTTP/1.1" 200 73103 "-" "Mozilla/5.0 (compatible; Barkrowler/0.9; +https://babbar.tech/crawler)"
222.90.115.246 - - [29/Jan/2026:05:12:23 -0500] "GET /media/thumbs/7/6/8/9/d/7689da035cfa13.mp4/7689da035cfa13.mp4-1.jpg HTTP/1.1" 200 11020 "https://porn.tw/" "Mozilla/5.0 (Windows NT 10.0; Win64; x64) AppleWebKit/537.36 (KHTML, like Gecko) Chrome/135.0.0.0 Safari/537.36 Edg/135.0.0.0"
222.90.115.246 - - [29/Jan/2026:05:12:23 -0500] "GET /media/thumbs/9/6/8/9/c/9689c00ec13343.mp4/9689c00ec13343.mp4-2.jpg HTTP/1.1" 200 14585 "https://porn.tw/" "Mozilla/5.0 (Windows NT 10.0; Win64; x64) AppleWebKit/537.36 (KHTML, like Gecko) Chrome/135.0.0.0 Safari/537.36 Edg/135.0.0.0"
222.90.115.246 - - [29/Jan/2026:05:12:23 -0500] "GET /media/thumbs/7/6/8/9/a/7689ae564deb8c.mp4/7689ae564deb8c.mp4-2.jpg HTTP/1.1" 200 14872 "https://porn.tw/" "Mozilla/5.0 (Windows NT 10.0; Win64; x64) AppleWebKit/537.36 (KHTML, like Gecko) Chrome/135.0.0.0 Safari/537.36 Edg/135.0.0.0"
222.90.115.246 - - [29/Jan/2026:05:12:23 -0500] "GET /media/thumbs/7/6/8/9/a/7689ac0dfd1c67.mp4/7689ac0dfd1c67.mp4-5.jpg HTTP/1.1" 200 13123 "https://porn.tw/" "Mozilla/5.0 (Windows NT 10.0; Win64; x64) AppleWebKit/537.36 (KHTML, like Gecko) Chrome/135.0.0.0 Safari/537.36 Edg/135.0.0.0"
114.119.140.111 - - [29/Jan/2026:05:12:25 -0500] "GET /uploads-by-user/7?photos=1 HTTP/1.1" 404 18166 "-" "Mozilla/5.0 (Linux; Android 7.0;) AppleWebKit/537.36 (KHTML, like Gecko) Mobile Safari/537.36 (compatible; PetalBot;+https://webmaster.petalsearch.com/site/petalbot)"
123.6.49.50 - - [29/Jan/2026:05:12:25 -0500] "GET / HTTP/1.1" 200 98236 "-" "Mozilla/5.0 (Linux; U; Android 8.1.0; zh-cn; MI 8 Build/OPM1.171019.011) AppleWebKit/537.36 (KHTML, like Gecko) Version/4.0 Chrome/57.0.2987.108 Mobile Safari/537.36"
123.6.49.15 - - [29/Jan/2026:05:12:26 -0500] "GET /templates/default_tube2019/js/jQuery_v1.12.4.min.js HTTP/1.1" 200 97166 "https://porn.tw/" "Mozilla/5.0 (Linux; U; Android 8.1.0; zh-cn; MI 8 Build/OPM1.171019.011) AppleWebKit/537.36 (KHTML, like Gecko) Version/4.0 Chrome/57.0.2987.108 Mobile Safari/537.36"
123.6.49.50 - - [29/Jan/2026:05:12:26 -0500] "GET /templates/default_tube2019/js/bootstrap.min.js HTTP/1.1" 200 70808 "https://porn.tw/" "Mozilla/5.0 (Linux; U; Android 8.1.0; zh-cn; MI 8 Build/OPM1.171019.011) AppleWebKit/537.36 (KHTML, like Gecko) Version/4.0 Chrome/57.0.2987.108 Mobile Safari/537.36"
217.113.194.78 - - [29/Jan/2026:05:12:26 -0500] "GET /action.php?action=reportVideo&id=1347 HTTP/1.1" 200 3603 "-" "Mozilla/5.0 (compatible; Barkrowler/0.9; +https://babbar.tech/crawler)"
123.6.49.50 - - [29/Jan/2026:05:12:27 -0500] "GET /templates/default_tube2019/js/bootstrap-select.min.js HTTP/1.1" 200 33379 "https://porn.tw/" "Mozilla/5.0 (Linux; U; Android 8.1.0; zh-cn; MI 8 Build/OPM1.171019.011) AppleWebKit/537.36 (KHTML, like Gecko) Version/4.0 Chrome/57.0.2987.108 Mobile Safari/537.36"
123.6.49.18 - - [29/Jan/2026:05:12:27 -0500] "GET /templates/default_tube2019/js/jquery.tinyscrollbar.min.js HTTP/1.1" 200 4105 "https://porn.tw/" "Mozilla/5.0 (Linux; U; Android 8.1.0; zh-cn; MI 8 Build/OPM1.171019.011) AppleWebKit/537.36 (KHTML, like Gecko) Version/4.0 Chrome/57.0.2987.108 Mobile Safari/537.36"
123.6.49.15 - - [29/Jan/2026:05:12:27 -0500] "GET /templates/default_tube2019/js/lazyload.min.js HTTP/1.1" 200 2863 "https://porn.tw/" "Mozilla/5.0 (Linux; U; Android 8.1.0; zh-cn; MI 8 Build/OPM1.171019.011) AppleWebKit/537.36 (KHTML, like Gecko) Version/4.0 Chrome/57.0.2987.108 Mobile Safari/537.36"
123.6.49.50 - - [29/Jan/2026:05:12:27 -0500] "GET /templates/default_tube2019/fonts/Roboto/Roboto-Medium.ttf HTTP/1.1" 200 172064 "https://porn.tw/templates/default_tube2019/css/styles.css" "Mozilla/5.0 (Linux; U; Android 8.1.0; zh-cn; MI 8 Build/OPM1.171019.011) AppleWebKit/537.36 (KHTML, like Gecko) Version/4.0 Chrome/57.0.2987.108 Mobile Safari/537.36"
123.6.49.18 - - [29/Jan/2026:05:12:27 -0500] "GET /templates/default_tube2019/fonts/fontawesome_5.7.1/fa-solid-900.woff2 HTTP/1.1" 200 74320 "https://porn.tw/templates/default_tube2019/css/styles.css" "Mozilla/5.0 (Linux; U; Android 8.1.0; zh-cn; MI 8 Build/OPM1.171019.011) AppleWebKit/537.36 (KHTML, like Gecko) Version/4.0 Chrome/57.0.2987.108 Mobile Safari/537.36"
123.6.49.15 - - [29/Jan/2026:05:12:27 -0500] "GET /templates/default_tube2019/fonts/Roboto/Roboto-Regular.ttf HTTP/1.1" 200 171676 "https://porn.tw/templates/default_tube2019/css/styles.css" "Mozilla/5.0 (Linux; U; Android 8.1.0; zh-cn; MI 8 Build/OPM1.171019.011) AppleWebKit/537.36 (KHTML, like Gecko) Version/4.0 Chrome/57.0.2987.108 Mobile Safari/537.36"
123.6.49.50 - - [29/Jan/2026:05:12:27 -0500] "GET /templates/default_tube2019/fonts/fontawesome_5.7.1/fa-brands-400.woff2 HTTP/1.1" 200 72148 "https://porn.tw/templates/default_tube2019/css/styles.css" "Mozilla/5.0 (Linux; U; Android 8.1.0; zh-cn; MI 8 Build/OPM1.171019.011) AppleWebKit/537.36 (KHTML, like Gecko) Version/4.0 Chrome/57.0.2987.108 Mobile Safari/537.36"
123.6.49.15 - - [29/Jan/2026:05:12:27 -0500] "GET /templates/default_tube2019/fonts/Roboto/Roboto-Black.ttf HTTP/1.1" 200 171480 "https://porn.tw/templates/default_tube2019/css/styles.css" "Mozilla/5.0 (Linux; U; Android 8.1.0; zh-cn; MI 8 Build/OPM1.171019.011) AppleWebKit/537.36 (KHTML, like Gecko) Version/4.0 Chrome/57.0.2987.108 Mobile Safari/537.36"
123.6.49.50 - - [29/Jan/2026:05:12:27 -0500] "GET /templates/default_tube2019/images/logo.png HTTP/1.1" 200 2157 "https://porn.tw/" "Mozilla/5.0 (Linux; U; Android 8.1.0; zh-cn; MI 8 Build/OPM1.171019.011) AppleWebKit/537.36 (KHTML, like Gecko) Version/4.0 Chrome/57.0.2987.108 Mobile Safari/537.36"
123.6.49.50 - - [29/Jan/2026:05:12:28 -0500] "GET /media/thumbs/7/6/6/0/2/76602752d3f6ea.mp4/76602752d3f6ea.mp4-1.jpg HTTP/1.1" 200 12139 "https://porn.tw/" "Mozilla/5.0 (Linux; U; Android 8.1.0; zh-cn; MI 8 Build/OPM1.171019.011) AppleWebKit/537.36 (KHTML, like Gecko) Version/4.0 Chrome/57.0.2987.108 Mobile Safari/537.36"
123.6.49.50 - - [29/Jan/2026:05:12:28 -0500] "GET /media/thumbs/4/0/6/6/f/4066f0a77d1750c.mp4/4066f0a77d1750c.mp4-3.jpg HTTP/1.1" 200 12476 "https://porn.tw/" "Mozilla/5.0 (Linux; U; Android 8.1.0; zh-cn; MI 8 Build/OPM1.171019.011) AppleWebKit/537.36 (KHTML, like Gecko) Version/4.0 Chrome/57.0.2987.108 Mobile Safari/537.36"
123.6.49.50 - - [29/Jan/2026:05:12:28 -0500] "GET /templates/default_tube2019/js/img2svg.js HTTP/1.1" 200 1613 "https://porn.tw/" "Mozilla/5.0 (Linux; U; Android 8.1.0; zh-cn; MI 8 Build/OPM1.171019.011) AppleWebKit/537.36 (KHTML, like Gecko) Version/4.0 Chrome/57.0.2987.108 Mobile Safari/537.36"
123.6.49.18 - - [29/Jan/2026:05:12:28 -0500] "GET /templates/default_tube2019/js/functions.js HTTP/1.1" 200 26636 "https://porn.tw/" "Mozilla/5.0 (Linux; U; Android 8.1.0; zh-cn; MI 8 Build/OPM1.171019.011) AppleWebKit/537.36 (KHTML, like Gecko) Version/4.0 Chrome/57.0.2987.108 Mobile Safari/537.36"
123.6.49.50 - - [29/Jan/2026:05:12:28 -0500] "GET /core/js/Tube.js HTTP/1.1" 200 1519 "https://porn.tw/" "Mozilla/5.0 (Linux; U; Android 8.1.0; zh-cn; MI 8 Build/OPM1.171019.011) AppleWebKit/537.36 (KHTML, like Gecko) Version/4.0 Chrome/57.0.2987.108 Mobile Safari/537.36"
123.6.49.50 - - [29/Jan/2026:05:12:28 -0500] "GET /core/js/ageWarningJs.php HTTP/1.1" 200 1037 "https://porn.tw/" "Mozilla/5.0 (Linux; U; Android 8.1.0; zh-cn; MI 8 Build/OPM1.171019.011) AppleWebKit/537.36 (KHTML, like Gecko) Version/4.0 Chrome/57.0.2987.108 Mobile Safari/537.36"
123.6.49.50 - - [29/Jan/2026:05:12:28 -0500] "GET /core/js/gdprJs.php HTTP/1.1" 200 1238 "https://porn.tw/" "Mozilla/5.0 (Linux; U; Android 8.1.0; zh-cn; MI 8 Build/OPM1.171019.011) AppleWebKit/537.36 (KHTML, like Gecko) Version/4.0 Chrome/57.0.2987.108 Mobile Safari/537.36"
123.6.49.15 - - [29/Jan/2026:05:12:28 -0500] "GET /core/images/catdefault.jpg HTTP/1.1" 200 3364 "https://porn.tw/" "Mozilla/5.0 (Linux; U; Android 8.1.0; zh-cn; MI 8 Build/OPM1.171019.011) AppleWebKit/537.36 (KHTML, like Gecko) Version/4.0 Chrome/57.0.2987.108 Mobile Safari/537.36"
123.6.49.50 - - [29/Jan/2026:05:12:28 -0500] "GET /media/thumbs/9/6/8/a/e/968ae740c05d07.mp4/968ae740c05d07.mp4-2.jpg HTTP/1.1" 200 11037 "https://porn.tw/" "Mozilla/5.0 (Linux; U; Android 8.1.0; zh-cn; MI 8 Build/OPM1.171019.011) AppleWebKit/537.36 (KHTML, like Gecko) Version/4.0 Chrome/57.0.2987.108 Mobile Safari/537.36"
123.6.49.18 - - [29/Jan/2026:05:12:28 -0500] "GET /media/thumbs/1/1/6/5/c/1165c0675169458.mp4/1165c0675169458.mp4-8.jpg HTTP/1.1" 200 12210 "https://porn.tw/" "Mozilla/5.0 (Linux; U; Android 8.1.0; zh-cn; MI 8 Build/OPM1.171019.011) AppleWebKit/537.36 (KHTML, like Gecko) Version/4.0 Chrome/57.0.2987.108 Mobile Safari/537.36"
123.6.49.50 - - [29/Jan/2026:05:12:28 -0500] "GET /media/thumbs/2/6/6/5/e/2665e414d9a6b47.mp4/2665e414d9a6b47.mp4-3.jpg HTTP/1.1" 200 13827 "https://porn.tw/" "Mozilla/5.0 (Linux; U; Android 8.1.0; zh-cn; MI 8 Build/OPM1.171019.011) AppleWebKit/537.36 (KHTML, like Gecko) Version/4.0 Chrome/57.0.2987.108 Mobile Safari/537.36"
123.6.49.18 - - [29/Jan/2026:05:12:29 -0500] "GET /media/thumbs/3/6/6/8/e/3668e1ab5e3bb7.mp4/3668e1ab5e3bb7.mp4-8.jpg HTTP/1.1" 200 10729 "https://porn.tw/" "Mozilla/5.0 (Linux; U; Android 8.1.0; zh-cn; MI 8 Build/OPM1.171019.011) AppleWebKit/537.36 (KHTML, like Gecko) Version/4.0 Chrome/57.0.2987.108 Mobile Safari/537.36"
123.6.49.50 - - [29/Jan/2026:05:12:29 -0500] "GET /templates/default_tube2019/images/ad-280.png HTTP/1.1" 200 73287 "https://porn.tw/" "Mozilla/5.0 (Linux; U; Android 8.1.0; zh-cn; MI 8 Build/OPM1.171019.011) AppleWebKit/537.36 (KHTML, like Gecko) Version/4.0 Chrome/57.0.2987.108 Mobile Safari/537.36"
123.6.49.15 - - [29/Jan/2026:05:12:29 -0500] "GET /media/thumbs/3/6/6/3/5/36635d9623d129.mp4/36635d9623d129.mp4-8.jpg HTTP/1.1" 200 12218 "https://porn.tw/" "Mozilla/5.0 (Linux; U; Android 8.1.0; zh-cn; MI 8 Build/OPM1.171019.011) AppleWebKit/537.36 (KHTML, like Gecko) Version/4.0 Chrome/57.0.2987.108 Mobile Safari/537.36"
123.6.49.50 - - [29/Jan/2026:05:12:29 -0500] "GET /media/thumbs/3/6/6/0/2/36602179a2e600.mp4/36602179a2e600.mp4-8.jpg HTTP/1.1" 200 12117 "https://porn.tw/" "Mozilla/5.0 (Linux; U; Android 8.1.0; zh-cn; MI 8 Build/OPM1.171019.011) AppleWebKit/537.36 (KHTML, like Gecko) Version/4.0 Chrome/57.0.2987.108 Mobile Safari/537.36"
123.6.49.15 - - [29/Jan/2026:05:12:29 -0500] "GET /media/thumbs/1/1/6/5/4/11654e62d6138e3.mp4/11654e62d6138e3.mp4-3.jpg HTTP/1.1" 200 9409 "https://porn.tw/" "Mozilla/5.0 (Linux; U; Android 8.1.0; zh-cn; MI 8 Build/OPM1.171019.011) AppleWebKit/537.36 (KHTML, like Gecko) Version/4.0 Chrome/57.0.2987.108 Mobile Safari/537.36"
123.6.49.50 - - [29/Jan/2026:05:12:29 -0500] "GET /media/thumbs/5/6/5/5/8/56558c2ca33054.mp4/56558c2ca33054.mp4-3.jpg HTTP/1.1" 200 8486 "https://porn.tw/" "Mozilla/5.0 (Linux; U; Android 8.1.0; zh-cn; MI 8 Build/OPM1.171019.011) AppleWebKit/537.36 (KHTML, like Gecko) Version/4.0 Chrome/57.0.2987.108 Mobile Safari/537.36"
123.6.49.50 - - [29/Jan/2026:05:12:29 -0500] "GET /media/thumbs/2/6/6/5/c/2665cb9ac58d921.mp4/2665cb9ac58d921.mp4-3.jpg HTTP/1.1" 200 12540 "https://porn.tw/" "Mozilla/5.0 (Linux; U; Android 8.1.0; zh-cn; MI 8 Build/OPM1.171019.011) AppleWebKit/537.36 (KHTML, like Gecko) Version/4.0 Chrome/57.0.2987.108 Mobile Safari/537.36"
123.6.49.18 - - [29/Jan/2026:05:12:29 -0500] "GET /media/thumbs/7/6/5/8/d/7658d12253fe5d.mp4/7658d12253fe5d.mp4-7.jpg HTTP/1.1" 200 10265 "https://porn.tw/" "Mozilla/5.0 (Linux; U; Android 8.1.0; zh-cn; MI 8 Build/OPM1.171019.011) AppleWebKit/537.36 (KHTML, like Gecko) Version/4.0 Chrome/57.0.2987.108 Mobile Safari/537.36"
123.6.49.50 - - [29/Jan/2026:05:12:29 -0500] "GET /media/thumbs/5/6/5/4/f/5654fa19837813.mp4/5654fa19837813.mp4-8.jpg HTTP/1.1" 200 8353 "https://porn.tw/" "Mozilla/5.0 (Linux; U; Android 8.1.0; zh-cn; MI 8 Build/OPM1.171019.011) AppleWebKit/537.36 (KHTML, like Gecko) Version/4.0 Chrome/57.0.2987.108 Mobile Safari/537.36"
123.6.49.15 - - [29/Jan/2026:05:12:29 -0500] "GET /media/thumbs/5/6/5/8/2/565827a5e0eb81.mp4/565827a5e0eb81.mp4-3.jpg HTTP/1.1" 200 9146 "https://porn.tw/" "Mozilla/5.0 (Linux; U; Android 8.1.0; zh-cn; MI 8 Build/OPM1.171019.011) AppleWebKit/537.36 (KHTML, like Gecko) Version/4.0 Chrome/57.0.2987.108 Mobile Safari/537.36"
123.6.49.50 - - [29/Jan/2026:05:12:29 -0500] "GET /media/thumbs/5/6/5/5/7/565578cd4a3970.mp4/565578cd4a3970.mp4-6.jpg HTTP/1.1" 200 13162 "https://porn.tw/" "Mozilla/5.0 (Linux; U; Android 8.1.0; zh-cn; MI 8 Build/OPM1.171019.011) AppleWebKit/537.36 (KHTML, like Gecko) Version/4.0 Chrome/57.0.2987.108 Mobile Safari/537.36"
123.6.49.15 - - [29/Jan/2026:05:12:29 -0500] "GET /media/thumbs/5/6/6/9/4/56694737ce6206.mp4/56694737ce6206.mp4-4.jpg HTTP/1.1" 200 11377 "https://porn.tw/" "Mozilla/5.0 (Linux; U; Android 8.1.0; zh-cn; MI 8 Build/OPM1.171019.011) AppleWebKit/537.36 (KHTML, like Gecko) Version/4.0 Chrome/57.0.2987.108 Mobile Safari/537.36"
123.6.49.50 - - [29/Jan/2026:05:12:30 -0500] "GET /media/thumbs/9/6/8/6/7/968671445c3dda.mp4/968671445c3dda.mp4-3.jpg HTTP/1.1" 200 10423 "https://porn.tw/" "Mozilla/5.0 (Linux; U; Android 8.1.0; zh-cn; MI 8 Build/OPM1.171019.011) AppleWebKit/537.36 (KHTML, like Gecko) Version/4.0 Chrome/57.0.2987.108 Mobile Safari/537.36"
123.6.49.18 - - [29/Jan/2026:05:12:30 -0500] "GET /media/thumbs/9/6/8/6/8/9686861bbf22fe.mp4/9686861bbf22fe.mp4-3.jpg HTTP/1.1" 200 11044 "https://porn.tw/" "Mozilla/5.0 (Linux; U; Android 8.1.0; zh-cn; MI 8 Build/OPM1.171019.011) AppleWebKit/537.36 (KHTML, like Gecko) Version/4.0 Chrome/57.0.2987.108 Mobile Safari/537.36"
123.6.49.15 - - [29/Jan/2026:05:12:30 -0500] "GET /media/thumbs/9/6/8/6/8/968687287c1cb9.mp4/968687287c1cb9.mp4-8.jpg HTTP/1.1" 200 11972 "https://porn.tw/" "Mozilla/5.0 (Linux; U; Android 8.1.0; zh-cn; MI 8 Build/OPM1.171019.011) AppleWebKit/537.36 (KHTML, like Gecko) Version/4.0 Chrome/57.0.2987.108 Mobile Safari/537.36"
123.6.49.50 - - [29/Jan/2026:05:12:30 -0500] "GET /media/thumbs/9/6/8/6/7/9686725cc67965.mp4/9686725cc67965.mp4-3.jpg HTTP/1.1" 200 11446 "https://porn.tw/" "Mozilla/5.0 (Linux; U; Android 8.1.0; zh-cn; MI 8 Build/OPM1.171019.011) AppleWebKit/537.36 (KHTML, like Gecko) Version/4.0 Chrome/57.0.2987.108 Mobile Safari/537.36"
123.6.49.15 - - [29/Jan/2026:05:12:30 -0500] "GET /media/thumbs/7/6/8/6/7/7686745f2570f6.mp4/7686745f2570f6.mp4-3.jpg HTTP/1.1" 200 9025 "https://porn.tw/" "Mozilla/5.0 (Linux; U; Android 8.1.0; zh-cn; MI 8 Build/OPM1.171019.011) AppleWebKit/537.36 (KHTML, like Gecko) Version/4.0 Chrome/57.0.2987.108 Mobile Safari/537.36"
123.6.49.50 - - [29/Jan/2026:05:12:30 -0500] "GET /media/thumbs/7/6/8/6/7/768676cec4cb65.mp4/768676cec4cb65.mp4-8.jpg HTTP/1.1" 200 11729 "https://porn.tw/" "Mozilla/5.0 (Linux; U; Android 8.1.0; zh-cn; MI 8 Build/OPM1.171019.011) AppleWebKit/537.36 (KHTML, like Gecko) Version/4.0 Chrome/57.0.2987.108 Mobile Safari/537.36"
123.6.49.18 - - [29/Jan/2026:05:12:30 -0500] "GET /media/thumbs/9/6/8/6/5/96865c7a7c57dc.mp4/96865c7a7c57dc.mp4-8.jpg HTTP/1.1" 200 12191 "https://porn.tw/" "Mozilla/5.0 (Linux; U; Android 8.1.0; zh-cn; MI 8 Build/OPM1.171019.011) AppleWebKit/537.36 (KHTML, like Gecko) Version/4.0 Chrome/57.0.2987.108 Mobile Safari/537.36"
123.6.49.50 - - [29/Jan/2026:05:12:30 -0500] "GET /media/thumbs/9/6/8/8/6/96886d4ef05f72.mp4/96886d4ef05f72.mp4-3.jpg HTTP/1.1" 200 9734 "https://porn.tw/" "Mozilla/5.0 (Linux; U; Android 8.1.0; zh-cn; MI 8 Build/OPM1.171019.011) AppleWebKit/537.36 (KHTML, like Gecko) Version/4.0 Chrome/57.0.2987.108 Mobile Safari/537.36"
123.6.49.50 - - [29/Jan/2026:05:12:30 -0500] "GET /media/thumbs/7/6/8/6/6/76866265e99465.mp4/76866265e99465.mp4-5.jpg HTTP/1.1" 200 9800 "https://porn.tw/" "Mozilla/5.0 (Linux; U; Android 8.1.0; zh-cn; MI 8 Build/OPM1.171019.011) AppleWebKit/537.36 (KHTML, like Gecko) Version/4.0 Chrome/57.0.2987.108 Mobile Safari/537.36"
123.6.49.50 - - [29/Jan/2026:05:12:30 -0500] "GET /media/thumbs/7/6/8/6/6/7686612ce0807d.mp4/7686612ce0807d.mp4-3.jpg HTTP/1.1" 200 10714 "https://porn.tw/" "Mozilla/5.0 (Linux; U; Android 8.1.0; zh-cn; MI 8 Build/OPM1.171019.011) AppleWebKit/537.36 (KHTML, like Gecko) Version/4.0 Chrome/57.0.2987.108 Mobile Safari/537.36"
123.6.49.15 - - [29/Jan/2026:05:12:30 -0500] "GET /media/thumbs/9/6/8/6/5/96865db9b356f9.mp4/96865db9b356f9.mp4-3.jpg HTTP/1.1" 200 11065 "https://porn.tw/" "Mozilla/5.0 (Linux; U; Android 8.1.0; zh-cn; MI 8 Build/OPM1.171019.011) AppleWebKit/537.36 (KHTML, like Gecko) Version/4.0 Chrome/57.0.2987.108 Mobile Safari/537.36"
123.6.49.15 - - [29/Jan/2026:05:12:30 -0500] "GET /media/thumbs/9/6/8/8/6/96886b772b55dd.mp4/96886b772b55dd.mp4-8.jpg HTTP/1.1" 200 10691 "https://porn.tw/" "Mozilla/5.0 (Linux; U; Android 8.1.0; zh-cn; MI 8 Build/OPM1.171019.011) AppleWebKit/537.36 (KHTML, like Gecko) Version/4.0 Chrome/57.0.2987.108 Mobile Safari/537.36"
116.179.32.48 - - [29/Jan/2026:05:12:31 -0500] "GET /search/live-shemale-porn/rating/page3.html HTTP/1.1" 403 - "-" "Mozilla/5.0 (compatible; Baiduspider/2.0; +http://www.baidu.com/search/spider.html)"
123.6.49.15 - - [29/Jan/2026:05:12:32 -0500] "GET /templates/default_tube2019/images/touch/fav.png HTTP/1.1" 200 3931 "-" "Mozilla/5.0 (Windows NT 10.0; Win64; x64) AppleWebKit/537.36 (KHTML, like Gecko) Chrome/120.0.0.0 Safari/537.36"
217.113.194.80 - - [29/Jan/2026:05:12:38 -0500] "GET /search/webcam-mature-tease/rating/page2.html HTTP/1.1" 200 74528 "-" "Mozilla/5.0 (compatible; Barkrowler/0.9; +https://babbar.tech/crawler)"
123.6.49.50 - - [29/Jan/2026:05:12:39 -0500] "GET /static/tos.html HTTP/1.1" 404 18174 "-" "Mozilla/5.0 (Linux; U; Android 8.1.0; zh-cn; MI 8 Build/OPM1.171019.011) AppleWebKit/537.36 (KHTML, like Gecko) Version/4.0 Chrome/57.0.2987.108 Mobile Safari/537.36"
123.6.49.15 - - [29/Jan/2026:05:12:39 -0500] "GET /templates/default_tube2019/js/jQuery_v1.12.4.min.js HTTP/1.1" 200 97166 "https://porn.tw/static/tos.html" "Mozilla/5.0 (Linux; U; Android 8.1.0; zh-cn; MI 8 Build/OPM1.171019.011) AppleWebKit/537.36 (KHTML, like Gecko) Version/4.0 Chrome/57.0.2987.108 Mobile Safari/537.36"
27.115.124.70 - - [29/Jan/2026:05:12:40 -0500] "GET /login HTTP/1.1" 200 20007 "-" "Mozilla/5.0 (Linux; U; Android 8.1.0; zh-cn; MI 8 Build/OPM1.171019.011) AppleWebKit/537.36 (KHTML, like Gecko) Version/4.0 Chrome/57.0.2987.108 Mobile Safari/537.36"
27.115.124.45 - - [29/Jan/2026:05:12:40 -0500] "GET /static/privacy.html HTTP/1.1" 404 18178 "-" "Mozilla/5.0 (Linux; Android 11; CPH2185) AppleWebKit/537.36 (KHTML, like Gecko) Chrome/91.0.4472.101 Mobile Safari/537.36"
123.6.49.50 - - [29/Jan/2026:05:12:40 -0500] "GET /templates/default_tube2019/js/bootstrap.min.js HTTP/1.1" 200 70808 "https://porn.tw/static/tos.html" "Mozilla/5.0 (Linux; U; Android 8.1.0; zh-cn; MI 8 Build/OPM1.171019.011) AppleWebKit/537.36 (KHTML, like Gecko) Version/4.0 Chrome/57.0.2987.108 Mobile Safari/537.36"
27.115.124.70 - - [29/Jan/2026:05:12:40 -0500] "GET /templates/default_tube2019/js/jQuery_v1.12.4.min.js HTTP/1.1" 200 97166 "https://porn.tw/static/privacy.html" "Mozilla/5.0 (Linux; Android 11; CPH2185) AppleWebKit/537.36 (KHTML, like Gecko) Chrome/91.0.4472.101 Mobile Safari/537.36"
27.115.124.118 - - [29/Jan/2026:05:12:40 -0500] "GET /templates/default_tube2019/js/jQuery_v1.12.4.min.js HTTP/1.1" 200 97166 "https://porn.tw/login" "Mozilla/5.0 (Linux; U; Android 8.1.0; zh-cn; MI 8 Build/OPM1.171019.011) AppleWebKit/537.36 (KHTML, like Gecko) Version/4.0 Chrome/57.0.2987.108 Mobile Safari/537.36"
123.6.49.15 - - [29/Jan/2026:05:12:40 -0500] "GET /templates/default_tube2019/js/lazyload.min.js HTTP/1.1" 200 2863 "https://porn.tw/static/tos.html" "Mozilla/5.0 (Linux; U; Android 8.1.0; zh-cn; MI 8 Build/OPM1.171019.011) AppleWebKit/537.36 (KHTML, like Gecko) Version/4.0 Chrome/57.0.2987.108 Mobile Safari/537.36"
123.6.49.44 - - [29/Jan/2026:05:12:40 -0500] "GET /templates/default_tube2019/js/jquery.tinyscrollbar.min.js HTTP/1.1" 200 4105 "https://porn.tw/static/tos.html" "Mozilla/5.0 (Linux; U; Android 8.1.0; zh-cn; MI 8 Build/OPM1.171019.011) AppleWebKit/537.36 (KHTML, like Gecko) Version/4.0 Chrome/57.0.2987.108 Mobile Safari/537.36"
123.6.49.44 - - [29/Jan/2026:05:12:40 -0500] "GET /templates/default_tube2019/js/bootstrap-select.min.js HTTP/1.1" 200 33379 "https://porn.tw/static/tos.html" "Mozilla/5.0 (Linux; U; Android 8.1.0; zh-cn; MI 8 Build/OPM1.171019.011) AppleWebKit/537.36 (KHTML, like Gecko) Version/4.0 Chrome/57.0.2987.108 Mobile Safari/537.36"
123.6.49.15 - - [29/Jan/2026:05:12:41 -0500] "GET /templates/default_tube2019/fonts/Roboto/Roboto-Regular.ttf HTTP/1.1" 200 171676 "https://porn.tw/templates/default_tube2019/css/styles.css" "Mozilla/5.0 (Linux; U; Android 8.1.0; zh-cn; MI 8 Build/OPM1.171019.011) AppleWebKit/537.36 (KHTML, like Gecko) Version/4.0 Chrome/57.0.2987.108 Mobile Safari/537.36"
123.6.49.44 - - [29/Jan/2026:05:12:41 -0500] "GET /templates/default_tube2019/fonts/Roboto/Roboto-Medium.ttf HTTP/1.1" 200 172064 "https://porn.tw/templates/default_tube2019/css/styles.css" "Mozilla/5.0 (Linux; U; Android 8.1.0; zh-cn; MI 8 Build/OPM1.171019.011) AppleWebKit/537.36 (KHTML, like Gecko) Version/4.0 Chrome/57.0.2987.108 Mobile Safari/537.36"
123.6.49.50 - - [29/Jan/2026:05:12:41 -0500] "GET /templates/default_tube2019/fonts/fontawesome_5.7.1/fa-solid-900.woff2 HTTP/1.1" 200 74320 "https://porn.tw/templates/default_tube2019/css/styles.css" "Mozilla/5.0 (Linux; U; Android 8.1.0; zh-cn; MI 8 Build/OPM1.171019.011) AppleWebKit/537.36 (KHTML, like Gecko) Version/4.0 Chrome/57.0.2987.108 Mobile Safari/537.36"
123.6.49.44 - - [29/Jan/2026:05:12:41 -0500] "GET /templates/default_tube2019/fonts/fontawesome_5.7.1/fa-brands-400.woff2 HTTP/1.1" 200 72148 "https://porn.tw/templates/default_tube2019/css/styles.css" "Mozilla/5.0 (Linux; U; Android 8.1.0; zh-cn; MI 8 Build/OPM1.171019.011) AppleWebKit/537.36 (KHTML, like Gecko) Version/4.0 Chrome/57.0.2987.108 Mobile Safari/537.36"
27.115.124.38 - - [29/Jan/2026:05:12:41 -0500] "GET /templates/default_tube2019/js/bootstrap.min.js HTTP/1.1" 200 70808 "https://porn.tw/login" "Mozilla/5.0 (Linux; U; Android 8.1.0; zh-cn; MI 8 Build/OPM1.171019.011) AppleWebKit/537.36 (KHTML, like Gecko) Version/4.0 Chrome/57.0.2987.108 Mobile Safari/537.36"
27.115.124.45 - - [29/Jan/2026:05:12:41 -0500] "GET /templates/default_tube2019/js/bootstrap.min.js HTTP/1.1" 200 70808 "https://porn.tw/static/privacy.html" "Mozilla/5.0 (Linux; Android 11; CPH2185) AppleWebKit/537.36 (KHTML, like Gecko) Chrome/91.0.4472.101 Mobile Safari/537.36"
27.115.124.118 - - [29/Jan/2026:05:12:41 -0500] "GET /templates/default_tube2019/js/bootstrap-select.min.js HTTP/1.1" 200 33379 "https://porn.tw/static/privacy.html" "Mozilla/5.0 (Linux; Android 11; CPH2185) AppleWebKit/537.36 (KHTML, like Gecko) Chrome/91.0.4472.101 Mobile Safari/537.36"
27.115.124.45 - - [29/Jan/2026:05:12:41 -0500] "GET /templates/default_tube2019/js/jquery.tinyscrollbar.min.js HTTP/1.1" 200 4105 "https://porn.tw/static/privacy.html" "Mozilla/5.0 (Linux; Android 11; CPH2185) AppleWebKit/537.36 (KHTML, like Gecko) Chrome/91.0.4472.101 Mobile Safari/537.36"
27.115.124.70 - - [29/Jan/2026:05:12:41 -0500] "GET /templates/default_tube2019/js/lazyload.min.js HTTP/1.1" 200 2863 "https://porn.tw/static/privacy.html" "Mozilla/5.0 (Linux; Android 11; CPH2185) AppleWebKit/537.36 (KHTML, like Gecko) Chrome/91.0.4472.101 Mobile Safari/537.36"
27.115.124.70 - - [29/Jan/2026:05:12:41 -0500] "GET /templates/default_tube2019/js/bootstrap-select.min.js HTTP/1.1" 200 33379 "https://porn.tw/login" "Mozilla/5.0 (Linux; U; Android 8.1.0; zh-cn; MI 8 Build/OPM1.171019.011) AppleWebKit/537.36 (KHTML, like Gecko) Version/4.0 Chrome/57.0.2987.108 Mobile Safari/537.36"
27.115.124.118 - - [29/Jan/2026:05:12:41 -0500] "GET /templates/default_tube2019/js/lazyload.min.js HTTP/1.1" 200 2863 "https://porn.tw/login" "Mozilla/5.0 (Linux; U; Android 8.1.0; zh-cn; MI 8 Build/OPM1.171019.011) AppleWebKit/537.36 (KHTML, like Gecko) Version/4.0 Chrome/57.0.2987.108 Mobile Safari/537.36"
27.115.124.38 - - [29/Jan/2026:05:12:41 -0500] "GET /templates/default_tube2019/js/jquery.tinyscrollbar.min.js HTTP/1.1" 200 4105 "https://porn.tw/login" "Mozilla/5.0 (Linux; U; Android 8.1.0; zh-cn; MI 8 Build/OPM1.171019.011) AppleWebKit/537.36 (KHTML, like Gecko) Version/4.0 Chrome/57.0.2987.108 Mobile Safari/537.36"
123.6.49.12 - - [29/Jan/2026:05:12:41 -0500] "GET /templates/default_tube2019/images/ad-280.png HTTP/1.1" 200 73287 "https://porn.tw/static/tos.html" "Mozilla/5.0 (Linux; U; Android 8.1.0; zh-cn; MI 8 Build/OPM1.171019.011) AppleWebKit/537.36 (KHTML, like Gecko) Version/4.0 Chrome/57.0.2987.108 Mobile Safari/537.36"
123.6.49.50 - - [29/Jan/2026:05:12:41 -0500] "GET /templates/default_tube2019/images/ad-280-3.png HTTP/1.1" 200 116616 "https://porn.tw/static/tos.html" "Mozilla/5.0 (Linux; U; Android 8.1.0; zh-cn; MI 8 Build/OPM1.171019.011) AppleWebKit/537.36 (KHTML, like Gecko) Version/4.0 Chrome/57.0.2987.108 Mobile Safari/537.36"
123.6.49.50 - - [29/Jan/2026:05:12:41 -0500] "GET /templates/default_tube2019/images/ad-280-2.png HTTP/1.1" 200 98354 "https://porn.tw/static/tos.html" "Mozilla/5.0 (Linux; U; Android 8.1.0; zh-cn; MI 8 Build/OPM1.171019.011) AppleWebKit/537.36 (KHTML, like Gecko) Version/4.0 Chrome/57.0.2987.108 Mobile Safari/537.36"
27.115.124.45 - - [29/Jan/2026:05:12:41 -0500] "GET /templates/default_tube2019/fonts/Roboto/Roboto-Regular.ttf HTTP/1.1" 200 171676 "https://porn.tw/templates/default_tube2019/css/styles.css" "Mozilla/5.0 (Linux; Android 11; CPH2185) AppleWebKit/537.36 (KHTML, like Gecko) Chrome/91.0.4472.101 Mobile Safari/537.36"
27.115.124.70 - - [29/Jan/2026:05:12:41 -0500] "GET /templates/default_tube2019/fonts/Roboto/Roboto-Medium.ttf HTTP/1.1" 200 172064 "https://porn.tw/templates/default_tube2019/css/styles.css" "Mozilla/5.0 (Linux; Android 11; CPH2185) AppleWebKit/537.36 (KHTML, like Gecko) Chrome/91.0.4472.101 Mobile Safari/537.36"
27.115.124.38 - - [29/Jan/2026:05:12:41 -0500] "GET /templates/default_tube2019/fonts/Roboto/Roboto-Regular.ttf HTTP/1.1" 200 171676 "https://porn.tw/templates/default_tube2019/css/styles.css" "Mozilla/5.0 (Linux; U; Android 8.1.0; zh-cn; MI 8 Build/OPM1.171019.011) AppleWebKit/537.36 (KHTML, like Gecko) Version/4.0 Chrome/57.0.2987.108 Mobile Safari/537.36"
27.115.124.118 - - [29/Jan/2026:05:12:41 -0500] "GET /templates/default_tube2019/fonts/Roboto/Roboto-Medium.ttf HTTP/1.1" 200 172064 "https://porn.tw/templates/default_tube2019/css/styles.css" "Mozilla/5.0 (Linux; U; Android 8.1.0; zh-cn; MI 8 Build/OPM1.171019.011) AppleWebKit/537.36 (KHTML, like Gecko) Version/4.0 Chrome/57.0.2987.108 Mobile Safari/537.36"
123.6.49.15 - - [29/Jan/2026:05:12:41 -0500] "GET /templates/default_tube2019/images/logo.png HTTP/1.1" 200 2157 "https://porn.tw/static/tos.html" "Mozilla/5.0 (Linux; U; Android 8.1.0; zh-cn; MI 8 Build/OPM1.171019.011) AppleWebKit/537.36 (KHTML, like Gecko) Version/4.0 Chrome/57.0.2987.108 Mobile Safari/537.36"
123.6.49.44 - - [29/Jan/2026:05:12:41 -0500] "GET /templates/default_tube2019/js/img2svg.js HTTP/1.1" 200 1613 "https://porn.tw/static/tos.html" "Mozilla/5.0 (Linux; U; Android 8.1.0; zh-cn; MI 8 Build/OPM1.171019.011) AppleWebKit/537.36 (KHTML, like Gecko) Version/4.0 Chrome/57.0.2987.108 Mobile Safari/537.36"
27.115.124.38 - - [29/Jan/2026:05:12:41 -0500] "GET /templates/default_tube2019/fonts/fontawesome_5.7.1/fa-brands-400.woff2 HTTP/1.1" 200 72148 "https://porn.tw/templates/default_tube2019/css/styles.css" "Mozilla/5.0 (Linux; Android 11; CPH2185) AppleWebKit/537.36 (KHTML, like Gecko) Chrome/91.0.4472.101 Mobile Safari/537.36"
27.115.124.45 - - [29/Jan/2026:05:12:41 -0500] "GET /templates/default_tube2019/fonts/fontawesome_5.7.1/fa-solid-900.woff2 HTTP/1.1" 200 74320 "https://porn.tw/templates/default_tube2019/css/styles.css" "Mozilla/5.0 (Linux; Android 11; CPH2185) AppleWebKit/537.36 (KHTML, like Gecko) Chrome/91.0.4472.101 Mobile Safari/537.36"
27.115.124.101 - - [29/Jan/2026:05:12:41 -0500] "GET /templates/default_tube2019/fonts/fontawesome_5.7.1/fa-solid-900.woff2 HTTP/1.1" 200 74320 "https://porn.tw/templates/default_tube2019/css/styles.css" "Mozilla/5.0 (Linux; U; Android 8.1.0; zh-cn; MI 8 Build/OPM1.171019.011) AppleWebKit/537.36 (KHTML, like Gecko) Version/4.0 Chrome/57.0.2987.108 Mobile Safari/537.36"
27.115.124.6 - - [29/Jan/2026:05:12:41 -0500] "GET /templates/default_tube2019/fonts/Roboto/Roboto-Bold.ttf HTTP/1.1" 200 170760 "https://porn.tw/templates/default_tube2019/css/styles.css" "Mozilla/5.0 (Linux; U; Android 8.1.0; zh-cn; MI 8 Build/OPM1.171019.011) AppleWebKit/537.36 (KHTML, like Gecko) Version/4.0 Chrome/57.0.2987.108 Mobile Safari/537.36"
27.115.124.101 - - [29/Jan/2026:05:12:41 -0500] "GET /templates/default_tube2019/images/logo.png HTTP/1.1" 200 2157 "https://porn.tw/static/privacy.html" "Mozilla/5.0 (Linux; Android 11; CPH2185) AppleWebKit/537.36 (KHTML, like Gecko) Chrome/91.0.4472.101 Mobile Safari/537.36"
27.115.124.118 - - [29/Jan/2026:05:12:41 -0500] "GET /templates/default_tube2019/images/ad-280-2.png HTTP/1.1" 200 98354 "https://porn.tw/static/privacy.html" "Mozilla/5.0 (Linux; Android 11; CPH2185) AppleWebKit/537.36 (KHTML, like Gecko) Chrome/91.0.4472.101 Mobile Safari/537.36"
27.115.124.70 - - [29/Jan/2026:05:12:41 -0500] "GET /templates/default_tube2019/fonts/fontawesome_5.7.1/fa-brands-400.woff2 HTTP/1.1" 200 72148 "https://porn.tw/templates/default_tube2019/css/styles.css" "Mozilla/5.0 (Linux; U; Android 8.1.0; zh-cn; MI 8 Build/OPM1.171019.011) AppleWebKit/537.36 (KHTML, like Gecko) Version/4.0 Chrome/57.0.2987.108 Mobile Safari/537.36"
123.6.49.50 - - [29/Jan/2026:05:12:41 -0500] "GET /templates/default_tube2019/js/functions.js HTTP/1.1" 200 26636 "https://porn.tw/static/tos.html" "Mozilla/5.0 (Linux; U; Android 8.1.0; zh-cn; MI 8 Build/OPM1.171019.011) AppleWebKit/537.36 (KHTML, like Gecko) Version/4.0 Chrome/57.0.2987.108 Mobile Safari/537.36"
123.6.49.15 - - [29/Jan/2026:05:12:41 -0500] "GET /core/js/Tube.js HTTP/1.1" 200 1519 "https://porn.tw/static/tos.html" "Mozilla/5.0 (Linux; U; Android 8.1.0; zh-cn; MI 8 Build/OPM1.171019.011) AppleWebKit/537.36 (KHTML, like Gecko) Version/4.0 Chrome/57.0.2987.108 Mobile Safari/537.36"
27.115.124.38 - - [29/Jan/2026:05:12:41 -0500] "GET /templates/default_tube2019/js/img2svg.js HTTP/1.1" 200 1613 "https://porn.tw/login" "Mozilla/5.0 (Linux; U; Android 8.1.0; zh-cn; MI 8 Build/OPM1.171019.011) AppleWebKit/537.36 (KHTML, like Gecko) Version/4.0 Chrome/57.0.2987.108 Mobile Safari/537.36"
123.6.49.44 - - [29/Jan/2026:05:12:42 -0500] "GET /core/js/ageWarningJs.php HTTP/1.1" 200 1037 "https://porn.tw/static/tos.html" "Mozilla/5.0 (Linux; U; Android 8.1.0; zh-cn; MI 8 Build/OPM1.171019.011) AppleWebKit/537.36 (KHTML, like Gecko) Version/4.0 Chrome/57.0.2987.108 Mobile Safari/537.36"
123.6.49.44 - - [29/Jan/2026:05:12:42 -0500] "GET /core/js/gdprJs.php HTTP/1.1" 200 1238 "https://porn.tw/static/tos.html" "Mozilla/5.0 (Linux; U; Android 8.1.0; zh-cn; MI 8 Build/OPM1.171019.011) AppleWebKit/537.36 (KHTML, like Gecko) Version/4.0 Chrome/57.0.2987.108 Mobile Safari/537.36"
27.115.124.101 - - [29/Jan/2026:05:12:42 -0500] "GET /templates/default_tube2019/images/ad-280-3.png HTTP/1.1" 200 116616 "https://porn.tw/static/privacy.html" "Mozilla/5.0 (Linux; Android 11; CPH2185) AppleWebKit/537.36 (KHTML, like Gecko) Chrome/91.0.4472.101 Mobile Safari/537.36"
123.6.49.50 - - [29/Jan/2026:05:12:42 -0500] "GET /core/images/catdefault.jpg HTTP/1.1" 200 3364 "https://porn.tw/static/tos.html" "Mozilla/5.0 (Linux; U; Android 8.1.0; zh-cn; MI 8 Build/OPM1.171019.011) AppleWebKit/537.36 (KHTML, like Gecko) Version/4.0 Chrome/57.0.2987.108 Mobile Safari/537.36"
27.115.124.70 - - [29/Jan/2026:05:12:42 -0500] "GET /templates/default_tube2019/images/ad-280.png HTTP/1.1" 200 73287 "https://porn.tw/static/privacy.html" "Mozilla/5.0 (Linux; Android 11; CPH2185) AppleWebKit/537.36 (KHTML, like Gecko) Chrome/91.0.4472.101 Mobile Safari/537.36"
27.115.124.118 - - [29/Jan/2026:05:12:42 -0500] "GET /templates/default_tube2019/js/functions.js HTTP/1.1" 200 26636 "https://porn.tw/login" "Mozilla/5.0 (Linux; U; Android 8.1.0; zh-cn; MI 8 Build/OPM1.171019.011) AppleWebKit/537.36 (KHTML, like Gecko) Version/4.0 Chrome/57.0.2987.108 Mobile Safari/537.36"
27.115.124.38 - - [29/Jan/2026:05:12:42 -0500] "GET /core/js/Tube.js HTTP/1.1" 200 1519 "https://porn.tw/login" "Mozilla/5.0 (Linux; U; Android 8.1.0; zh-cn; MI 8 Build/OPM1.171019.011) AppleWebKit/537.36 (KHTML, like Gecko) Version/4.0 Chrome/57.0.2987.108 Mobile Safari/537.36"
27.115.124.45 - - [29/Jan/2026:05:12:42 -0500] "GET /templates/default_tube2019/js/img2svg.js HTTP/1.1" 200 1613 "https://porn.tw/static/privacy.html" "Mozilla/5.0 (Linux; Android 11; CPH2185) AppleWebKit/537.36 (KHTML, like Gecko) Chrome/91.0.4472.101 Mobile Safari/537.36"
27.115.124.118 - - [29/Jan/2026:05:12:42 -0500] "GET /templates/default_tube2019/js/functions.js HTTP/1.1" 200 26636 "https://porn.tw/static/privacy.html" "Mozilla/5.0 (Linux; Android 11; CPH2185) AppleWebKit/537.36 (KHTML, like Gecko) Chrome/91.0.4472.101 Mobile Safari/537.36"
27.115.124.70 - - [29/Jan/2026:05:12:42 -0500] "GET /core/js/ageWarningJs.php HTTP/1.1" 200 1037 "https://porn.tw/login" "Mozilla/5.0 (Linux; U; Android 8.1.0; zh-cn; MI 8 Build/OPM1.171019.011) AppleWebKit/537.36 (KHTML, like Gecko) Version/4.0 Chrome/57.0.2987.108 Mobile Safari/537.36"
27.115.124.70 - - [29/Jan/2026:05:12:42 -0500] "GET /core/js/Tube.js HTTP/1.1" 200 1519 "https://porn.tw/static/privacy.html" "Mozilla/5.0 (Linux; Android 11; CPH2185) AppleWebKit/537.36 (KHTML, like Gecko) Chrome/91.0.4472.101 Mobile Safari/537.36"
27.115.124.118 - - [29/Jan/2026:05:12:42 -0500] "GET /core/js/gdprJs.php HTTP/1.1" 200 1238 "https://porn.tw/login" "Mozilla/5.0 (Linux; U; Android 8.1.0; zh-cn; MI 8 Build/OPM1.171019.011) AppleWebKit/537.36 (KHTML, like Gecko) Version/4.0 Chrome/57.0.2987.108 Mobile Safari/537.36"
217.113.194.217 - - [29/Jan/2026:05:12:42 -0500] "GET /action.php?action=reportVideo&id=1341 HTTP/1.1" 200 3603 "-" "Mozilla/5.0 (compatible; Barkrowler/0.9; +https://babbar.tech/crawler)"
27.115.124.38 - - [29/Jan/2026:05:12:42 -0500] "GET /core/js/ageWarningJs.php HTTP/1.1" 200 1037 "https://porn.tw/static/privacy.html" "Mozilla/5.0 (Linux; Android 11; CPH2185) AppleWebKit/537.36 (KHTML, like Gecko) Chrome/91.0.4472.101 Mobile Safari/537.36"
27.115.124.38 - - [29/Jan/2026:05:12:42 -0500] "GET /templates/default_tube2019/images/logo.png HTTP/1.1" 200 2157 "https://porn.tw/login" "Mozilla/5.0 (Linux; U; Android 8.1.0; zh-cn; MI 8 Build/OPM1.171019.011) AppleWebKit/537.36 (KHTML, like Gecko) Version/4.0 Chrome/57.0.2987.108 Mobile Safari/537.36"
27.115.124.101 - - [29/Jan/2026:05:12:42 -0500] "GET /templates/default_tube2019/images/ad-280-2.png HTTP/1.1" 200 98354 "https://porn.tw/login" "Mozilla/5.0 (Linux; U; Android 8.1.0; zh-cn; MI 8 Build/OPM1.171019.011) AppleWebKit/537.36 (KHTML, like Gecko) Version/4.0 Chrome/57.0.2987.108 Mobile Safari/537.36"
27.115.124.45 - - [29/Jan/2026:05:12:42 -0500] "GET /core/js/gdprJs.php HTTP/1.1" 200 1238 "https://porn.tw/static/privacy.html" "Mozilla/5.0 (Linux; Android 11; CPH2185) AppleWebKit/537.36 (KHTML, like Gecko) Chrome/91.0.4472.101 Mobile Safari/537.36"
27.115.124.118 - - [29/Jan/2026:05:12:42 -0500] "GET /core/images/catdefault.jpg HTTP/1.1" 200 3364 "https://porn.tw/static/privacy.html" "Mozilla/5.0 (Linux; Android 11; CPH2185) AppleWebKit/537.36 (KHTML, like Gecko) Chrome/91.0.4472.101 Mobile Safari/537.36"
27.115.124.38 - - [29/Jan/2026:05:12:42 -0500] "GET /templates/default_tube2019/images/ad-280.png HTTP/1.1" 200 73287 "https://porn.tw/login" "Mozilla/5.0 (Linux; U; Android 8.1.0; zh-cn; MI 8 Build/OPM1.171019.011) AppleWebKit/537.36 (KHTML, like Gecko) Version/4.0 Chrome/57.0.2987.108 Mobile Safari/537.36"
27.115.124.70 - - [29/Jan/2026:05:12:42 -0500] "GET /templates/default_tube2019/images/ad-280-3.png HTTP/1.1" 200 116616 "https://porn.tw/login" "Mozilla/5.0 (Linux; U; Android 8.1.0; zh-cn; MI 8 Build/OPM1.171019.011) AppleWebKit/537.36 (KHTML, like Gecko) Version/4.0 Chrome/57.0.2987.108 Mobile Safari/537.36"
27.115.124.118 - - [29/Jan/2026:05:12:42 -0500] "GET /core/images/catdefault.jpg HTTP/1.1" 200 3364 "https://porn.tw/login" "Mozilla/5.0 (Linux; U; Android 8.1.0; zh-cn; MI 8 Build/OPM1.171019.011) AppleWebKit/537.36 (KHTML, like Gecko) Version/4.0 Chrome/57.0.2987.108 Mobile Safari/537.36"
123.6.49.12 - - [29/Jan/2026:05:12:45 -0500] "GET /templates/default_tube2019/iimages/touch/apple-touch-icon.png HTTP/1.1" 404 6804 "-" "Mozilla/5.0 (Windows NT 10.0; WOW64) AppleWebKit/537.36 (KHTML, like Gecko) Chrome/78.0.3904.108 Safari/537.36"
27.115.124.45 - - [29/Jan/2026:05:12:46 -0500] "GET /templates/default_tube2019/iimages/touch/apple-touch-icon.png HTTP/1.1" 404 6804 "-" "Mozilla/5.0 (Windows NT 10.0; WOW64) AppleWebKit/537.36 (KHTML, like Gecko) Chrome/78.0.3904.108 Safari/537.36"
27.115.124.118 - - [29/Jan/2026:05:12:47 -0500] "GET /templates/default_tube2019/images/touch/chrome-touch-icon-192x192.png HTTP/1.1" 200 12951 "-" "Mozilla/5.0 (Windows NT 10.0; WOW64) AppleWebKit/537.36 (KHTML, like Gecko) Chrome/78.0.3904.108 Safari/537.36"
123.6.49.12 - - [29/Jan/2026:05:12:47 -0500] "GET /templates/default_tube2019/images/touch/chrome-touch-icon-192x192.png HTTP/1.1" 200 12951 "-" "Mozilla/5.0 (Windows NT 10.0; WOW64) AppleWebKit/537.36 (KHTML, like Gecko) Chrome/78.0.3904.108 Safari/537.36"
27.115.124.6 - - [29/Jan/2026:05:12:48 -0500] "GET /templates/default_tube2019/images/touch/fav.png HTTP/1.1" 200 3931 "-" "Mozilla/5.0 (Windows NT 10.0; WOW64) AppleWebKit/537.36 (KHTML, like Gecko) Chrome/78.0.3904.108 Safari/537.36"
123.6.49.47 - - [29/Jan/2026:05:12:48 -0500] "GET /templates/default_tube2019/images/touch/fav.png HTTP/1.1" 200 3931 "-" "Mozilla/5.0 (Windows NT 10.0; WOW64) AppleWebKit/537.36 (KHTML, like Gecko) Chrome/78.0.3904.108 Safari/537.36"
27.115.124.109 - - [29/Jan/2026:05:12:49 -0500] "GET /templates/default_tube2019/images/touch/chrome-touch-icon-192x192.png HTTP/1.1" 200 12951 "-" "Mozilla/5.0 (Windows NT 10.0; WOW64) AppleWebKit/537.36 (KHTML, like Gecko) Chrome/78.0.3904.108 Safari/537.36"
27.115.124.53 - - [29/Jan/2026:05:12:50 -0500] "GET /templates/default_tube2019/iimages/touch/apple-touch-icon.png HTTP/1.1" 404 6804 "-" "Mozilla/5.0 (Windows NT 10.0; WOW64) AppleWebKit/537.36 (KHTML, like Gecko) Chrome/78.0.3904.108 Safari/537.36"
27.115.124.38 - - [29/Jan/2026:05:12:51 -0500] "GET /templates/default_tube2019/images/touch/fav.png HTTP/1.1" 200 3931 "-" "Mozilla/5.0 (Windows NT 10.0; WOW64) AppleWebKit/537.36 (KHTML, like Gecko) Chrome/78.0.3904.108 Safari/537.36"
123.6.49.15 - - [29/Jan/2026:05:12:54 -0500] "GET /templates/default_tube2019/images/touch/fav.png HTTP/1.1" 200 3931 "-" "Mozilla/5.0 (Windows NT 10.0; WOW64) AppleWebKit/537.36 (KHTML, like Gecko) Chrome/78.0.3904.108 Safari/537.36"
217.113.194.72 - - [29/Jan/2026:05:12:54 -0500] "GET /search/webcam-porn-feet/newest/page11.html HTTP/1.1" 200 70438 "-" "Mozilla/5.0 (compatible; Barkrowler/0.9; +https://babbar.tech/crawler)"
144.76.32.114 - - [29/Jan/2026:05:12:57 -0500] "GET /search/horny-blonde/ HTTP/1.1" 200 72241 "-" "Mozilla/5.0 (compatible; SERankingBacklinksBot/1.0; +https://seranking.com/backlinks-crawler)"
217.113.194.79 - - [29/Jan/2026:05:12:59 -0500] "GET /action.php?action=reportVideo&id=1088 HTTP/1.1" 200 3603 "-" "Mozilla/5.0 (compatible; Barkrowler/0.9; +https://babbar.tech/crawler)"
217.113.194.72 - - [29/Jan/2026:05:13:09 -0500] "GET /search/webcam-porn-feet/views/page3.html HTTP/1.1" 200 72847 "-" "Mozilla/5.0 (compatible; Barkrowler/0.9; +https://babbar.tech/crawler)"
217.113.194.81 - - [29/Jan/2026:05:13:14 -0500] "GET /action.php?action=reportVideo&id=1074 HTTP/1.1" 200 3603 "-" "Mozilla/5.0 (compatible; Barkrowler/0.9; +https://babbar.tech/crawler)"
116.179.32.204 - - [29/Jan/2026:05:13:16 -0500] "GET /search/sex-toy-play/rating/ HTTP/1.1" 403 - "-" "Mozilla/5.0 (compatible; Baiduspider/2.0; +http://www.baidu.com/search/spider.html)"
217.113.194.217 - - [29/Jan/2026:05:13:25 -0500] "GET /search/webcam-porn-feet/rating/page8.html HTTP/1.1" 200 73356 "-" "Mozilla/5.0 (compatible; Barkrowler/0.9; +https://babbar.tech/crawler)"
217.113.194.78 - - [29/Jan/2026:05:13:29 -0500] "GET /action.php?action=reportVideo&id=1336 HTTP/1.1" 200 3603 "-" "Mozilla/5.0 (compatible; Barkrowler/0.9; +https://babbar.tech/crawler)"
217.113.194.76 - - [29/Jan/2026:05:13:40 -0500] "GET /search/webcam-porn-feet/rating/page1.html HTTP/1.1" 200 72068 "-" "Mozilla/5.0 (compatible; Barkrowler/0.9; +https://babbar.tech/crawler)"
217.113.194.217 - - [29/Jan/2026:05:13:45 -0500] "GET /action.php?action=reportVideo&id=1511 HTTP/1.1" 200 3603 "-" "Mozilla/5.0 (compatible; Barkrowler/0.9; +https://babbar.tech/crawler)"
114.119.141.206 - - [29/Jan/2026:05:13:46 -0500] "GET /uploads-by-user/7/page2.html HTTP/1.1" 200 78315 "https://porn.tw/uploads-by-user/7/page5.html" "Mozilla/5.0 (Linux; Android 7.0;) AppleWebKit/537.36 (KHTML, like Gecko) Mobile Safari/537.36 (compatible; PetalBot;+https://webmaster.petalsearch.com/site/petalbot)"
217.113.194.81 - - [29/Jan/2026:05:13:56 -0500] "GET /search/webcam-porn-inked/rating/page12.html HTTP/1.1" 200 74323 "-" "Mozilla/5.0 (compatible; Barkrowler/0.9; +https://babbar.tech/crawler)"
220.181.51.92 - - [29/Jan/2026:05:13:58 -0500] "GET /search/sofiakaufman-cam-porn/rating/page1.html HTTP/1.1" 200 72281 "-" "Mozilla/5.0 (Windows NT 10.0; WOW64) AppleWebKit/537.36 (KHTML, like Gecko) Chrome/48.0.2564.116 Safari/537.36"
217.113.194.218 - - [29/Jan/2026:05:14:00 -0500] "GET /action.php?action=reportVideo&id=2488 HTTP/1.1" 200 3603 "-" "Mozilla/5.0 (compatible; Barkrowler/0.9; +https://babbar.tech/crawler)"
52.167.144.206 - - [29/Jan/2026:05:14:02 -0500] "GET /search/erin_swallows-porn/rating/ HTTP/1.1" 200 72257 "-" "Mozilla/5.0 AppleWebKit/537.36 (KHTML, like Gecko; compatible; bingbot/2.0; +http://www.bing.com/bingbot.htm) Chrome/116.0.1938.76 Safari/537.36"
54.235.172.108 - - [29/Jan/2026:05:14:04 -0500] "GET /search/cam-show/ HTTP/1.1" 200 72812 "-" "Mozilla/5.0 AppleWebKit/537.36 (KHTML, like Gecko; compatible; Amazonbot/0.1; +https://developer.amazon.com/support/amazonbot) Chrome/119.0.6045.214 Safari/537.36"
217.113.194.75 - - [29/Jan/2026:05:14:11 -0500] "GET /search/webcam-porn-inked/newest/page9.html HTTP/1.1" 200 72163 "-" "Mozilla/5.0 (compatible; Barkrowler/0.9; +https://babbar.tech/crawler)"
