98.63.199.239 - - [29/Jan/2026:04:24:52 -0500] "GET /media/videos/7/6/5/a/e/765ae234da936f.mp4 HTTP/1.1" 206 65536 "https://porn.tw/video/sammyroberts-colombian-porn-562.html" "Mozilla/5.0 (iPhone; CPU iPhone OS 18_7 like Mac OS X) AppleWebKit/605.1.15 (KHTML, like Gecko) Version/26.2 Mobile/15E148 Safari/604.1"
98.63.199.239 - - [29/Jan/2026:04:24:52 -0500] "GET /media/videos/7/6/5/a/e/765ae234da936f.mp4 HTTP/1.1" 206 115008 "https://porn.tw/video/sammyroberts-colombian-porn-562.html" "Mozilla/5.0 (iPhone; CPU iPhone OS 18_7 like Mac OS X) AppleWebKit/605.1.15 (KHTML, like Gecko) Version/26.2 Mobile/15E148 Safari/604.1"
98.63.199.239 - - [29/Jan/2026:04:24:52 -0500] "GET /media/videos/7/6/5/a/e/765ae234da936f.mp4 HTTP/1.1" 206 65536 "https://porn.tw/video/sammyroberts-colombian-porn-562.html" "Mozilla/5.0 (iPhone; CPU iPhone OS 18_7 like Mac OS X) AppleWebKit/605.1.15 (KHTML, like Gecko) Version/26.2 Mobile/15E148 Safari/604.1"
98.63.199.239 - - [29/Jan/2026:04:24:52 -0500] "GET /media/videos/7/6/5/a/e/765ae234da936f.mp4 HTTP/1.1" 206 78348608 "https://porn.tw/video/sammyroberts-colombian-porn-562.html" "Mozilla/5.0 (iPhone; CPU iPhone OS 18_7 like Mac OS X) AppleWebKit/605.1.15 (KHTML, like Gecko) Version/26.2 Mobile/15E148 Safari/604.1"
184.160.118.171 - - [29/Jan/2026:04:24:53 -0500] "GET /media/thumbs/9/6/8/a/c/968ac84d02f388.mp4/968ac84d02f388.mp4-4.jpg HTTP/1.1" 200 9935 "https://porn.tw/video/elizabeth-gilbert-s-slutty-deepthroat-and-wild-toy-fuck-3829.html" "Mozilla/5.0 (Windows NT 10.0; Win64; x64) AppleWebKit/537.36 (KHTML, like Gecko) Chrome/144.0.0.0 Safari/537.66"
184.160.118.171 - - [29/Jan/2026:04:24:53 -0500] "GET /media/thumbs/7/6/8/3/5/768351882a1956.mp4/768351882a1956.mp4-4.jpg HTTP/1.1" 200 12831 "https://porn.tw/video/elizabeth-gilbert-s-slutty-deepthroat-and-wild-toy-fuck-3829.html" "Mozilla/5.0 (Windows NT 10.0; Win64; x64) AppleWebKit/537.36 (KHTML, like Gecko) Chrome/144.0.0.0 Safari/537.66"
184.160.118.171 - - [29/Jan/2026:04:24:53 -0500] "GET /media/thumbs/7/6/8/3/5/768351882a1956.mp4/768351882a1956.mp4-5.jpg HTTP/1.1" 200 12874 "https://porn.tw/video/elizabeth-gilbert-s-slutty-deepthroat-and-wild-toy-fuck-3829.html" "Mozilla/5.0 (Windows NT 10.0; Win64; x64) AppleWebKit/537.36 (KHTML, like Gecko) Chrome/144.0.0.0 Safari/537.66"
184.160.118.171 - - [29/Jan/2026:04:24:54 -0500] "GET /media/thumbs/7/6/8/3/5/768351882a1956.mp4/768351882a1956.mp4-6.jpg HTTP/1.1" 200 12110 "https://porn.tw/video/elizabeth-gilbert-s-slutty-deepthroat-and-wild-toy-fuck-3829.html" "Mozilla/5.0 (Windows NT 10.0; Win64; x64) AppleWebKit/537.36 (KHTML, like Gecko) Chrome/144.0.0.0 Safari/537.66"
184.160.118.171 - - [29/Jan/2026:04:24:54 -0500] "GET /media/thumbs/7/6/8/3/5/768351882a1956.mp4/768351882a1956.mp4-7.jpg HTTP/1.1" 200 12456 "https://porn.tw/video/elizabeth-gilbert-s-slutty-deepthroat-and-wild-toy-fuck-3829.html" "Mozilla/5.0 (Windows NT 10.0; Win64; x64) AppleWebKit/537.36 (KHTML, like Gecko) Chrome/144.0.0.0 Safari/537.66"
184.160.118.171 - - [29/Jan/2026:04:24:54 -0500] "GET /video/elizabeth-gilbert-cam-solo-play-to-creamy-finish-show-3266.html HTTP/1.1" 200 56590 "https://porn.tw/video/elizabeth-gilbert-s-slutty-deepthroat-and-wild-toy-fuck-3829.html" "Mozilla/5.0 (Windows NT 10.0; Win64; x64) AppleWebKit/537.36 (KHTML, like Gecko) Chrome/144.0.0.0 Safari/537.66"
184.160.118.171 - - [29/Jan/2026:04:24:54 -0500] "GET /media/thumbs/7/6/8/3/5/768351882a1956.mp4/vtt_015.jpg HTTP/1.1" 200 7113 "https://porn.tw/video/elizabeth-gilbert-cam-solo-play-to-creamy-finish-show-3266.html" "Mozilla/5.0 (Windows NT 10.0; Win64; x64) AppleWebKit/537.36 (KHTML, like Gecko) Chrome/144.0.0.0 Safari/537.66"
184.160.118.171 - - [29/Jan/2026:04:24:54 -0500] "GET /core/js/ageWarningJs.php HTTP/1.1" 200 1037 "https://porn.tw/video/elizabeth-gilbert-cam-solo-play-to-creamy-finish-show-3266.html" "Mozilla/5.0 (Windows NT 10.0; Win64; x64) AppleWebKit/537.36 (KHTML, like Gecko) Chrome/144.0.0.0 Safari/537.66"
184.160.118.171 - - [29/Jan/2026:04:24:54 -0500] "GET /media/thumbs/7/6/8/3/5/768351882a1956.mp4/vtt_010.jpg HTTP/1.1" 200 7180 "https://porn.tw/video/elizabeth-gilbert-cam-solo-play-to-creamy-finish-show-3266.html" "Mozilla/5.0 (Windows NT 10.0; Win64; x64) AppleWebKit/537.36 (KHTML, like Gecko) Chrome/144.0.0.0 Safari/537.66"
184.160.118.171 - - [29/Jan/2026:04:24:54 -0500] "GET /media/thumbs/7/6/8/3/5/768351882a1956.mp4/vtt_005.jpg HTTP/1.1" 200 7331 "https://porn.tw/video/elizabeth-gilbert-cam-solo-play-to-creamy-finish-show-3266.html" "Mozilla/5.0 (Windows NT 10.0; Win64; x64) AppleWebKit/537.36 (KHTML, like Gecko) Chrome/144.0.0.0 Safari/537.66"
184.160.118.171 - - [29/Jan/2026:04:24:54 -0500] "GET /media/thumbs/7/6/8/3/5/768351882a1956.mp4/vtt_030.jpg HTTP/1.1" 200 7289 "https://porn.tw/video/elizabeth-gilbert-cam-solo-play-to-creamy-finish-show-3266.html" "Mozilla/5.0 (Windows NT 10.0; Win64; x64) AppleWebKit/537.36 (KHTML, like Gecko) Chrome/144.0.0.0 Safari/537.66"
184.160.118.171 - - [29/Jan/2026:04:24:54 -0500] "GET /webvtt/3266.vtt HTTP/1.1" 200 6183 "https://porn.tw/video/elizabeth-gilbert-cam-solo-play-to-creamy-finish-show-3266.html" "Mozilla/5.0 (Windows NT 10.0; Win64; x64) AppleWebKit/537.36 (KHTML, like Gecko) Chrome/144.0.0.0 Safari/537.66"
184.160.118.171 - - [29/Jan/2026:04:24:54 -0500] "GET /media/thumbs/7/6/8/3/5/768351882a1956.mp4/vtt_060.jpg HTTP/1.1" 200 7089 "https://porn.tw/video/elizabeth-gilbert-cam-solo-play-to-creamy-finish-show-3266.html" "Mozilla/5.0 (Windows NT 10.0; Win64; x64) AppleWebKit/537.36 (KHTML, like Gecko) Chrome/144.0.0.0 Safari/537.66"
184.160.118.171 - - [29/Jan/2026:04:24:55 -0500] "GET /media/thumbs/7/6/8/3/5/768351882a1956.mp4/vtt_040.jpg HTTP/1.1" 200 7339 "https://porn.tw/video/elizabeth-gilbert-cam-solo-play-to-creamy-finish-show-3266.html" "Mozilla/5.0 (Windows NT 10.0; Win64; x64) AppleWebKit/537.36 (KHTML, like Gecko) Chrome/144.0.0.0 Safari/537.66"
184.160.118.171 - - [29/Jan/2026:04:24:55 -0500] "GET /media/thumbs/7/6/8/3/5/768351882a1956.mp4/vtt_050.jpg HTTP/1.1" 200 6781 "https://porn.tw/video/elizabeth-gilbert-cam-solo-play-to-creamy-finish-show-3266.html" "Mozilla/5.0 (Windows NT 10.0; Win64; x64) AppleWebKit/537.36 (KHTML, like Gecko) Chrome/144.0.0.0 Safari/537.66"
184.160.118.171 - - [29/Jan/2026:04:24:55 -0500] "GET /media/thumbs/7/6/8/3/5/768351882a1956.mp4/vtt_035.jpg HTTP/1.1" 200 7231 "https://porn.tw/video/elizabeth-gilbert-cam-solo-play-to-creamy-finish-show-3266.html" "Mozilla/5.0 (Windows NT 10.0; Win64; x64) AppleWebKit/537.36 (KHTML, like Gecko) Chrome/144.0.0.0 Safari/537.66"
184.160.118.171 - - [29/Jan/2026:04:24:55 -0500] "GET /media/thumbs/7/6/8/3/5/768351882a1956.mp4/vtt_045.jpg HTTP/1.1" 200 7436 "https://porn.tw/video/elizabeth-gilbert-cam-solo-play-to-creamy-finish-show-3266.html" "Mozilla/5.0 (Windows NT 10.0; Win64; x64) AppleWebKit/537.36 (KHTML, like Gecko) Chrome/144.0.0.0 Safari/537.66"
184.160.118.171 - - [29/Jan/2026:04:24:55 -0500] "GET /media/thumbs/7/6/8/3/5/768351882a1956.mp4/vtt_025.jpg HTTP/1.1" 200 7099 "https://porn.tw/video/elizabeth-gilbert-cam-solo-play-to-creamy-finish-show-3266.html" "Mozilla/5.0 (Windows NT 10.0; Win64; x64) AppleWebKit/537.36 (KHTML, like Gecko) Chrome/144.0.0.0 Safari/537.66"
184.160.118.171 - - [29/Jan/2026:04:24:55 -0500] "GET /media/thumbs/7/6/8/3/5/768351882a1956.mp4/vtt_055.jpg HTTP/1.1" 200 7111 "https://porn.tw/video/elizabeth-gilbert-cam-solo-play-to-creamy-finish-show-3266.html" "Mozilla/5.0 (Windows NT 10.0; Win64; x64) AppleWebKit/537.36 (KHTML, like Gecko) Chrome/144.0.0.0 Safari/537.66"
184.160.118.171 - - [29/Jan/2026:04:24:55 -0500] "GET /core/js/gdprJs.php HTTP/1.1" 200 1238 "https://porn.tw/video/elizabeth-gilbert-cam-solo-play-to-creamy-finish-show-3266.html" "Mozilla/5.0 (Windows NT 10.0; Win64; x64) AppleWebKit/537.36 (KHTML, like Gecko) Chrome/144.0.0.0 Safari/537.66"
184.160.118.171 - - [29/Jan/2026:04:24:55 -0500] "GET /media/thumbs/7/6/8/3/5/768351882a1956.mp4/vtt_020.jpg HTTP/1.1" 200 7036 "https://porn.tw/video/elizabeth-gilbert-cam-solo-play-to-creamy-finish-show-3266.html" "Mozilla/5.0 (Windows NT 10.0; Win64; x64) AppleWebKit/537.36 (KHTML, like Gecko) Chrome/144.0.0.0 Safari/537.66"
184.160.118.171 - - [29/Jan/2026:04:24:55 -0500] "GET /media/thumbs/1/1/1/6/8/11168163652cc815.mp4/11168163652cc815.mp4-8.jpg HTTP/1.1" 200 12182 "https://porn.tw/video/elizabeth-gilbert-cam-solo-play-to-creamy-finish-show-3266.html" "Mozilla/5.0 (Windows NT 10.0; Win64; x64) AppleWebKit/537.36 (KHTML, like Gecko) Chrome/144.0.0.0 Safari/537.66"
184.160.118.171 - - [29/Jan/2026:04:24:55 -0500] "GET /media/thumbs/1/1/1/6/8/11168125c0d6448e.mp4/11168125c0d6448e.mp4-8.jpg HTTP/1.1" 200 12143 "https://porn.tw/video/elizabeth-gilbert-cam-solo-play-to-creamy-finish-show-3266.html" "Mozilla/5.0 (Windows NT 10.0; Win64; x64) AppleWebKit/537.36 (KHTML, like Gecko) Chrome/144.0.0.0 Safari/537.66"
184.160.118.171 - - [29/Jan/2026:04:24:55 -0500] "GET /media/thumbs/3/6/8/2/d/3682dcf11b5e0c.mp4/3682dcf11b5e0c.mp4-3.jpg HTTP/1.1" 200 11299 "https://porn.tw/video/elizabeth-gilbert-cam-solo-play-to-creamy-finish-show-3266.html" "Mozilla/5.0 (Windows NT 10.0; Win64; x64) AppleWebKit/537.36 (KHTML, like Gecko) Chrome/144.0.0.0 Safari/537.66"
184.160.118.171 - - [29/Jan/2026:04:24:55 -0500] "GET /media/thumbs/1/1/6/8/0/116807544393efd.mp4/116807544393efd.mp4-3.jpg HTTP/1.1" 200 10289 "https://porn.tw/video/elizabeth-gilbert-cam-solo-play-to-creamy-finish-show-3266.html" "Mozilla/5.0 (Windows NT 10.0; Win64; x64) AppleWebKit/537.36 (KHTML, like Gecko) Chrome/144.0.0.0 Safari/537.66"
184.160.118.171 - - [29/Jan/2026:04:24:55 -0500] "GET /media/thumbs/1/9/6/8/0/19680a1374a97d9.mp4/19680a1374a97d9.mp4-3.jpg HTTP/1.1" 200 13301 "https://porn.tw/video/elizabeth-gilbert-cam-solo-play-to-creamy-finish-show-3266.html" "Mozilla/5.0 (Windows NT 10.0; Win64; x64) AppleWebKit/537.36 (KHTML, like Gecko) Chrome/144.0.0.0 Safari/537.66"
184.160.118.171 - - [29/Jan/2026:04:24:55 -0500] "GET /media/thumbs/1/0/6/6/8/1066809a4b50d9ac.mp4/1066809a4b50d9ac.mp4-8.jpg HTTP/1.1" 200 9762 "https://porn.tw/video/elizabeth-gilbert-cam-solo-play-to-creamy-finish-show-3266.html" "Mozilla/5.0 (Windows NT 10.0; Win64; x64) AppleWebKit/537.36 (KHTML, like Gecko) Chrome/144.0.0.0 Safari/537.66"
184.160.118.171 - - [29/Jan/2026:04:24:55 -0500] "GET /templates/default_tube2019/template.ajax_comments.php?id=3266&type=0&loaded=0&time=1769678696071 HTTP/1.1" 200 133 "https://porn.tw/video/elizabeth-gilbert-cam-solo-play-to-creamy-finish-show-3266.html" "Mozilla/5.0 (Windows NT 10.0; Win64; x64) AppleWebKit/537.36 (KHTML, like Gecko) Chrome/144.0.0.0 Safari/537.66"
184.160.118.171 - - [29/Jan/2026:04:24:55 -0500] "GET /media/thumbs/1/0/6/6/8/10668066e8b0f3c4.mp4/10668066e8b0f3c4.mp4-3.jpg HTTP/1.1" 200 8758 "https://porn.tw/video/elizabeth-gilbert-cam-solo-play-to-creamy-finish-show-3266.html" "Mozilla/5.0 (Windows NT 10.0; Win64; x64) AppleWebKit/537.36 (KHTML, like Gecko) Chrome/144.0.0.0 Safari/537.66"
184.160.118.171 - - [29/Jan/2026:04:24:55 -0500] "GET /media/thumbs/1/1/1/6/8/111681f764fb1d2f.mp4/111681f764fb1d2f.mp4-4.jpg HTTP/1.1" 200 12426 "https://porn.tw/video/elizabeth-gilbert-cam-solo-play-to-creamy-finish-show-3266.html" "Mozilla/5.0 (Windows NT 10.0; Win64; x64) AppleWebKit/537.36 (KHTML, like Gecko) Chrome/144.0.0.0 Safari/537.66"
184.160.118.171 - - [29/Jan/2026:04:24:55 -0500] "GET /media/thumbs/7/6/8/1/3/7681308931cf8e.mp4/7681308931cf8e.mp4-8.jpg HTTP/1.1" 200 13465 "https://porn.tw/video/elizabeth-gilbert-cam-solo-play-to-creamy-finish-show-3266.html" "Mozilla/5.0 (Windows NT 10.0; Win64; x64) AppleWebKit/537.36 (KHTML, like Gecko) Chrome/144.0.0.0 Safari/537.66"
184.160.118.171 - - [29/Jan/2026:04:24:55 -0500] "GET /media/thumbs/1/1/1/6/8/1116818b56e4cbd8.mp4/1116818b56e4cbd8.mp4-5.jpg HTTP/1.1" 200 9563 "https://porn.tw/video/elizabeth-gilbert-cam-solo-play-to-creamy-finish-show-3266.html" "Mozilla/5.0 (Windows NT 10.0; Win64; x64) AppleWebKit/537.36 (KHTML, like Gecko) Chrome/144.0.0.0 Safari/537.66"
184.160.118.171 - - [29/Jan/2026:04:24:55 -0500] "GET /media/thumbs/1/0/4/6/8/10468158736b41e9.mp4/10468158736b41e9.mp4-3.jpg HTTP/1.1" 200 11734 "https://porn.tw/video/elizabeth-gilbert-cam-solo-play-to-creamy-finish-show-3266.html" "Mozilla/5.0 (Windows NT 10.0; Win64; x64) AppleWebKit/537.36 (KHTML, like Gecko) Chrome/144.0.0.0 Safari/537.66"
184.160.118.171 - - [29/Jan/2026:04:24:55 -0500] "GET /media/thumbs/1/0/4/6/7/10467f9679cd0b61.mp4/10467f9679cd0b61.mp4-3.jpg HTTP/1.1" 200 8395 "https://porn.tw/video/elizabeth-gilbert-cam-solo-play-to-creamy-finish-show-3266.html" "Mozilla/5.0 (Windows NT 10.0; Win64; x64) AppleWebKit/537.36 (KHTML, like Gecko) Chrome/144.0.0.0 Safari/537.66"
184.160.118.171 - - [29/Jan/2026:04:24:55 -0500] "GET /media/thumbs/9/6/8/3/3/96833490ef359d.mp4/96833490ef359d.mp4-3.jpg HTTP/1.1" 200 10543 "https://porn.tw/video/elizabeth-gilbert-cam-solo-play-to-creamy-finish-show-3266.html" "Mozilla/5.0 (Windows NT 10.0; Win64; x64) AppleWebKit/537.36 (KHTML, like Gecko) Chrome/144.0.0.0 Safari/537.66"
184.160.118.171 - - [29/Jan/2026:04:24:55 -0500] "GET /media/thumbs/9/6/8/1/8/968189838e16cb.mp4/968189838e16cb.mp4-8.jpg HTTP/1.1" 200 9945 "https://porn.tw/video/elizabeth-gilbert-cam-solo-play-to-creamy-finish-show-3266.html" "Mozilla/5.0 (Windows NT 10.0; Win64; x64) AppleWebKit/537.36 (KHTML, like Gecko) Chrome/144.0.0.0 Safari/537.66"
184.160.118.171 - - [29/Jan/2026:04:24:55 -0500] "GET /media/videos/7/6/8/3/5/768351882a1956.mp4 HTTP/1.1" 206 485397686 "https://porn.tw/video/elizabeth-gilbert-cam-solo-play-to-creamy-finish-show-3266.html" "Mozilla/5.0 (Windows NT 10.0; Win64; x64) AppleWebKit/537.36 (KHTML, like Gecko) Chrome/144.0.0.0 Safari/537.66"
217.113.194.74 - - [29/Jan/2026:04:24:56 -0500] "GET /search/sofiakaufman-live-cam/page1.html HTTP/1.1" 200 74897 "-" "Mozilla/5.0 (compatible; Barkrowler/0.9; +https://babbar.tech/crawler)"
184.160.118.171 - - [29/Jan/2026:04:24:57 -0500] "GET /media/thumbs/7/6/8/3/5/768351882a1956.mp4/vtt_054.jpg HTTP/1.1" 200 7187 "https://porn.tw/video/elizabeth-gilbert-cam-solo-play-to-creamy-finish-show-3266.html" "Mozilla/5.0 (Windows NT 10.0; Win64; x64) AppleWebKit/537.36 (KHTML, like Gecko) Chrome/144.0.0.0 Safari/537.66"
184.160.118.171 - - [29/Jan/2026:04:24:57 -0500] "GET /media/thumbs/7/6/8/3/5/768351882a1956.mp4/vtt_056.jpg HTTP/1.1" 200 6781 "https://porn.tw/video/elizabeth-gilbert-cam-solo-play-to-creamy-finish-show-3266.html" "Mozilla/5.0 (Windows NT 10.0; Win64; x64) AppleWebKit/537.36 (KHTML, like Gecko) Chrome/144.0.0.0 Safari/537.66"
184.160.118.171 - - [29/Jan/2026:04:24:57 -0500] "GET /media/thumbs/7/6/8/3/5/768351882a1956.mp4/vtt_057.jpg HTTP/1.1" 200 7112 "https://porn.tw/video/elizabeth-gilbert-cam-solo-play-to-creamy-finish-show-3266.html" "Mozilla/5.0 (Windows NT 10.0; Win64; x64) AppleWebKit/537.36 (KHTML, like Gecko) Chrome/144.0.0.0 Safari/537.66"
184.160.118.171 - - [29/Jan/2026:04:24:57 -0500] "GET /media/thumbs/7/6/8/3/5/768351882a1956.mp4/vtt_058.jpg HTTP/1.1" 200 6937 "https://porn.tw/video/elizabeth-gilbert-cam-solo-play-to-creamy-finish-show-3266.html" "Mozilla/5.0 (Windows NT 10.0; Win64; x64) AppleWebKit/537.36 (KHTML, like Gecko) Chrome/144.0.0.0 Safari/537.66"
184.160.118.171 - - [29/Jan/2026:04:24:57 -0500] "GET /media/thumbs/7/6/8/3/5/768351882a1956.mp4/vtt_059.jpg HTTP/1.1" 200 6795 "https://porn.tw/video/elizabeth-gilbert-cam-solo-play-to-creamy-finish-show-3266.html" "Mozilla/5.0 (Windows NT 10.0; Win64; x64) AppleWebKit/537.36 (KHTML, like Gecko) Chrome/144.0.0.0 Safari/537.66"
184.160.118.171 - - [29/Jan/2026:04:24:57 -0500] "GET /media/thumbs/7/6/8/3/5/768351882a1956.mp4/vtt_061.jpg HTTP/1.1" 200 6810 "https://porn.tw/video/elizabeth-gilbert-cam-solo-play-to-creamy-finish-show-3266.html" "Mozilla/5.0 (Windows NT 10.0; Win64; x64) AppleWebKit/537.36 (KHTML, like Gecko) Chrome/144.0.0.0 Safari/537.66"
184.160.118.171 - - [29/Jan/2026:04:24:57 -0500] "GET /media/thumbs/7/6/8/3/5/768351882a1956.mp4/vtt_062.jpg HTTP/1.1" 200 6639 "https://porn.tw/video/elizabeth-gilbert-cam-solo-play-to-creamy-finish-show-3266.html" "Mozilla/5.0 (Windows NT 10.0; Win64; x64) AppleWebKit/537.36 (KHTML, like Gecko) Chrome/144.0.0.0 Safari/537.66"
184.160.118.171 - - [29/Jan/2026:04:24:58 -0500] "GET /media/thumbs/3/6/8/2/d/3682dcf11b5e0c.mp4/3682dcf11b5e0c.mp4-4.jpg HTTP/1.1" 200 11279 "https://porn.tw/video/elizabeth-gilbert-cam-solo-play-to-creamy-finish-show-3266.html" "Mozilla/5.0 (Windows NT 10.0; Win64; x64) AppleWebKit/537.36 (KHTML, like Gecko) Chrome/144.0.0.0 Safari/537.66"
184.160.118.171 - - [29/Jan/2026:04:24:58 -0500] "GET /media/thumbs/1/1/1/6/8/11168125c0d6448e.mp4/11168125c0d6448e.mp4-9.jpg HTTP/1.1" 200 12333 "https://porn.tw/video/elizabeth-gilbert-cam-solo-play-to-creamy-finish-show-3266.html" "Mozilla/5.0 (Windows NT 10.0; Win64; x64) AppleWebKit/537.36 (KHTML, like Gecko) Chrome/144.0.0.0 Safari/537.66"
184.160.118.171 - - [29/Jan/2026:04:24:59 -0500] "GET /media/thumbs/1/1/6/7/a/1167a2dbb72f625.mp4/1167a2dbb72f625.mp4-7.jpg HTTP/1.1" 200 11217 "https://porn.tw/video/elizabeth-gilbert-cam-solo-play-to-creamy-finish-show-3266.html" "Mozilla/5.0 (Windows NT 10.0; Win64; x64) AppleWebKit/537.36 (KHTML, like Gecko) Chrome/144.0.0.0 Safari/537.66"
114.119.132.9 - - [29/Jan/2026:04:24:59 -0500] "GET /action.php?action=reportVideo&id=3510 HTTP/1.1" 200 3599 "https://porn.tw/video/teeniemarie-hot-skinny-babe-lingerie-tease-3510.html" "Mozilla/5.0 (Linux; Android 7.0;) AppleWebKit/537.36 (KHTML, like Gecko) Mobile Safari/537.36 (compatible; PetalBot;+https://webmaster.petalsearch.com/site/petalbot)"
184.160.118.171 - - [29/Jan/2026:04:24:59 -0500] "GET /media/thumbs/1/1/6/7/a/1167a2dbb72f625.mp4/1167a2dbb72f625.mp4-8.jpg HTTP/1.1" 200 12361 "https://porn.tw/video/elizabeth-gilbert-cam-solo-play-to-creamy-finish-show-3266.html" "Mozilla/5.0 (Windows NT 10.0; Win64; x64) AppleWebKit/537.36 (KHTML, like Gecko) Chrome/144.0.0.0 Safari/537.66"
217.113.194.79 - - [29/Jan/2026:04:25:00 -0500] "GET /search/dripping-pussy/views/page7.html HTTP/1.1" 200 73787 "-" "Mozilla/5.0 (compatible; Barkrowler/0.9; +https://babbar.tech/crawler)"
184.160.118.171 - - [29/Jan/2026:04:25:00 -0500] "GET /media/thumbs/1/1/6/7/a/1167a2dbb72f625.mp4/1167a2dbb72f625.mp4-9.jpg HTTP/1.1" 200 14136 "https://porn.tw/video/elizabeth-gilbert-cam-solo-play-to-creamy-finish-show-3266.html" "Mozilla/5.0 (Windows NT 10.0; Win64; x64) AppleWebKit/537.36 (KHTML, like Gecko) Chrome/144.0.0.0 Safari/537.66"
184.160.118.171 - - [29/Jan/2026:04:25:00 -0500] "GET /video/elizabeth-gilbert-hot-brunette-cums-on-porn-cam-2824.html HTTP/1.1" 200 58294 "https://porn.tw/video/elizabeth-gilbert-cam-solo-play-to-creamy-finish-show-3266.html" "Mozilla/5.0 (Windows NT 10.0; Win64; x64) AppleWebKit/537.36 (KHTML, like Gecko) Chrome/144.0.0.0 Safari/537.66"
184.160.118.171 - - [29/Jan/2026:04:25:00 -0500] "GET /media/thumbs/1/1/6/7/a/1167a2dbb72f625.mp4/vtt_005.jpg HTTP/1.1" 200 9445 "https://porn.tw/video/elizabeth-gilbert-hot-brunette-cums-on-porn-cam-2824.html" "Mozilla/5.0 (Windows NT 10.0; Win64; x64) AppleWebKit/537.36 (KHTML, like Gecko) Chrome/144.0.0.0 Safari/537.66"
184.160.118.171 - - [29/Jan/2026:04:25:00 -0500] "GET /media/thumbs/1/1/6/7/a/1167a2dbb72f625.mp4/vtt_015.jpg HTTP/1.1" 200 9354 "https://porn.tw/video/elizabeth-gilbert-hot-brunette-cums-on-porn-cam-2824.html" "Mozilla/5.0 (Windows NT 10.0; Win64; x64) AppleWebKit/537.36 (KHTML, like Gecko) Chrome/144.0.0.0 Safari/537.66"
184.160.118.171 - - [29/Jan/2026:04:25:00 -0500] "GET /media/thumbs/1/1/6/7/a/1167a2dbb72f625.mp4/vtt_010.jpg HTTP/1.1" 200 9226 "https://porn.tw/video/elizabeth-gilbert-hot-brunette-cums-on-porn-cam-2824.html" "Mozilla/5.0 (Windows NT 10.0; Win64; x64) AppleWebKit/537.36 (KHTML, like Gecko) Chrome/144.0.0.0 Safari/537.66"
184.160.118.171 - - [29/Jan/2026:04:25:00 -0500] "GET /media/thumbs/1/1/6/7/a/1167a2dbb72f625.mp4/vtt_055.jpg HTTP/1.1" 200 7836 "https://porn.tw/video/elizabeth-gilbert-hot-brunette-cums-on-porn-cam-2824.html" "Mozilla/5.0 (Windows NT 10.0; Win64; x64) AppleWebKit/537.36 (KHTML, like Gecko) Chrome/144.0.0.0 Safari/537.66"
184.160.118.171 - - [29/Jan/2026:04:25:00 -0500] "GET /media/thumbs/1/1/6/7/a/1167a2dbb72f625.mp4/vtt_040.jpg HTTP/1.1" 200 5703 "https://porn.tw/video/elizabeth-gilbert-hot-brunette-cums-on-porn-cam-2824.html" "Mozilla/5.0 (Windows NT 10.0; Win64; x64) AppleWebKit/537.36 (KHTML, like Gecko) Chrome/144.0.0.0 Safari/537.66"
184.160.118.171 - - [29/Jan/2026:04:25:00 -0500] "GET /webvtt/2824.vtt HTTP/1.1" 200 6056 "https://porn.tw/video/elizabeth-gilbert-hot-brunette-cums-on-porn-cam-2824.html" "Mozilla/5.0 (Windows NT 10.0; Win64; x64) AppleWebKit/537.36 (KHTML, like Gecko) Chrome/144.0.0.0 Safari/537.66"
184.160.118.171 - - [29/Jan/2026:04:25:00 -0500] "GET /media/thumbs/1/1/6/7/a/1167a2dbb72f625.mp4/vtt_025.jpg HTTP/1.1" 200 9570 "https://porn.tw/video/elizabeth-gilbert-hot-brunette-cums-on-porn-cam-2824.html" "Mozilla/5.0 (Windows NT 10.0; Win64; x64) AppleWebKit/537.36 (KHTML, like Gecko) Chrome/144.0.0.0 Safari/537.66"
184.160.118.171 - - [29/Jan/2026:04:25:00 -0500] "GET /media/thumbs/1/1/6/7/a/1167a2dbb72f625.mp4/vtt_035.jpg HTTP/1.1" 200 6222 "https://porn.tw/video/elizabeth-gilbert-hot-brunette-cums-on-porn-cam-2824.html" "Mozilla/5.0 (Windows NT 10.0; Win64; x64) AppleWebKit/537.36 (KHTML, like Gecko) Chrome/144.0.0.0 Safari/537.66"
184.160.118.171 - - [29/Jan/2026:04:25:00 -0500] "GET /media/thumbs/1/1/6/7/a/1167a2dbb72f625.mp4/vtt_050.jpg HTTP/1.1" 200 7969 "https://porn.tw/video/elizabeth-gilbert-hot-brunette-cums-on-porn-cam-2824.html" "Mozilla/5.0 (Windows NT 10.0; Win64; x64) AppleWebKit/537.36 (KHTML, like Gecko) Chrome/144.0.0.0 Safari/537.66"
184.160.118.171 - - [29/Jan/2026:04:25:00 -0500] "GET /media/thumbs/1/1/6/7/a/1167a2dbb72f625.mp4/vtt_045.jpg HTTP/1.1" 200 5542 "https://porn.tw/video/elizabeth-gilbert-hot-brunette-cums-on-porn-cam-2824.html" "Mozilla/5.0 (Windows NT 10.0; Win64; x64) AppleWebKit/537.36 (KHTML, like Gecko) Chrome/144.0.0.0 Safari/537.66"
184.160.118.171 - - [29/Jan/2026:04:25:00 -0500] "GET /media/thumbs/1/1/6/7/a/1167a2dbb72f625.mp4/vtt_060.jpg HTTP/1.1" 200 7101 "https://porn.tw/video/elizabeth-gilbert-hot-brunette-cums-on-porn-cam-2824.html" "Mozilla/5.0 (Windows NT 10.0; Win64; x64) AppleWebKit/537.36 (KHTML, like Gecko) Chrome/144.0.0.0 Safari/537.66"
184.160.118.171 - - [29/Jan/2026:04:25:00 -0500] "GET /media/thumbs/1/1/6/7/a/1167a2dbb72f625.mp4/vtt_030.jpg HTTP/1.1" 200 9645 "https://porn.tw/video/elizabeth-gilbert-hot-brunette-cums-on-porn-cam-2824.html" "Mozilla/5.0 (Windows NT 10.0; Win64; x64) AppleWebKit/537.36 (KHTML, like Gecko) Chrome/144.0.0.0 Safari/537.66"
184.160.118.171 - - [29/Jan/2026:04:25:00 -0500] "GET /core/js/ageWarningJs.php HTTP/1.1" 200 1037 "https://porn.tw/video/elizabeth-gilbert-hot-brunette-cums-on-porn-cam-2824.html" "Mozilla/5.0 (Windows NT 10.0; Win64; x64) AppleWebKit/537.36 (KHTML, like Gecko) Chrome/144.0.0.0 Safari/537.66"
184.160.118.171 - - [29/Jan/2026:04:25:00 -0500] "GET /core/js/gdprJs.php HTTP/1.1" 200 1238 "https://porn.tw/video/elizabeth-gilbert-hot-brunette-cums-on-porn-cam-2824.html" "Mozilla/5.0 (Windows NT 10.0; Win64; x64) AppleWebKit/537.36 (KHTML, like Gecko) Chrome/144.0.0.0 Safari/537.66"
184.160.118.171 - - [29/Jan/2026:04:25:00 -0500] "GET /media/thumbs/1/1/6/7/a/1167a2dbb72f625.mp4/vtt_020.jpg HTTP/1.1" 200 9399 "https://porn.tw/video/elizabeth-gilbert-hot-brunette-cums-on-porn-cam-2824.html" "Mozilla/5.0 (Windows NT 10.0; Win64; x64) AppleWebKit/537.36 (KHTML, like Gecko) Chrome/144.0.0.0 Safari/537.66"
184.160.118.171 - - [29/Jan/2026:04:25:00 -0500] "GET /media/misc/653a9d810507b.jpg HTTP/1.1" 200 11066 "https://porn.tw/video/elizabeth-gilbert-hot-brunette-cums-on-porn-cam-2824.html" "Mozilla/5.0 (Windows NT 10.0; Win64; x64) AppleWebKit/537.36 (KHTML, like Gecko) Chrome/144.0.0.0 Safari/537.66"
184.160.118.171 - - [29/Jan/2026:04:25:00 -0500] "GET /media/thumbs/2/6/6/7/b/2667b804c7c264e.mp4/2667b804c7c264e.mp4-6.jpg HTTP/1.1" 200 13609 "https://porn.tw/video/elizabeth-gilbert-hot-brunette-cums-on-porn-cam-2824.html" "Mozilla/5.0 (Windows NT 10.0; Win64; x64) AppleWebKit/537.36 (KHTML, like Gecko) Chrome/144.0.0.0 Safari/537.66"
184.160.118.171 - - [29/Jan/2026:04:25:00 -0500] "GET /media/thumbs/1/0/6/6/8/1066802fe65d7ecd.mp4/1066802fe65d7ecd.mp4-3.jpg HTTP/1.1" 200 9991 "https://porn.tw/video/elizabeth-gilbert-hot-brunette-cums-on-porn-cam-2824.html" "Mozilla/5.0 (Windows NT 10.0; Win64; x64) AppleWebKit/537.36 (KHTML, like Gecko) Chrome/144.0.0.0 Safari/537.66"
184.160.118.171 - - [29/Jan/2026:04:25:01 -0500] "GET /media/thumbs/3/6/7/9/c/3679ce57db111d.mp4/3679ce57db111d.mp4-5.jpg HTTP/1.1" 200 9549 "https://porn.tw/video/elizabeth-gilbert-hot-brunette-cums-on-porn-cam-2824.html" "Mozilla/5.0 (Windows NT 10.0; Win64; x64) AppleWebKit/537.36 (KHTML, like Gecko) Chrome/144.0.0.0 Safari/537.66"
184.160.118.171 - - [29/Jan/2026:04:25:01 -0500] "GET /media/thumbs/1/0/4/6/7/10467fad72962669.mp4/10467fad72962669.mp4-4.jpg HTTP/1.1" 200 10949 "https://porn.tw/video/elizabeth-gilbert-hot-brunette-cums-on-porn-cam-2824.html" "Mozilla/5.0 (Windows NT 10.0; Win64; x64) AppleWebKit/537.36 (KHTML, like Gecko) Chrome/144.0.0.0 Safari/537.66"
184.160.118.171 - - [29/Jan/2026:04:25:01 -0500] "GET /templates/default_tube2019/template.ajax_comments.php?id=2824&type=0&loaded=0&time=1769678701864 HTTP/1.1" 200 133 "https://porn.tw/video/elizabeth-gilbert-hot-brunette-cums-on-porn-cam-2824.html" "Mozilla/5.0 (Windows NT 10.0; Win64; x64) AppleWebKit/537.36 (KHTML, like Gecko) Chrome/144.0.0.0 Safari/537.66"
184.160.118.171 - - [29/Jan/2026:04:25:01 -0500] "GET /media/thumbs/3/6/7/b/1/367b196ff6ff6b.mp4/367b196ff6ff6b.mp4-2.jpg HTTP/1.1" 200 11821 "https://porn.tw/video/elizabeth-gilbert-hot-brunette-cums-on-porn-cam-2824.html" "Mozilla/5.0 (Windows NT 10.0; Win64; x64) AppleWebKit/537.36 (KHTML, like Gecko) Chrome/144.0.0.0 Safari/537.66"
184.160.118.171 - - [29/Jan/2026:04:25:01 -0500] "GET /media/thumbs/1/0/4/6/7/10467f6cd078e038.mp4/10467f6cd078e038.mp4-3.jpg HTTP/1.1" 200 9439 "https://porn.tw/video/elizabeth-gilbert-hot-brunette-cums-on-porn-cam-2824.html" "Mozilla/5.0 (Windows NT 10.0; Win64; x64) AppleWebKit/537.36 (KHTML, like Gecko) Chrome/144.0.0.0 Safari/537.66"
184.160.118.171 - - [29/Jan/2026:04:25:01 -0500] "GET /media/thumbs/1/0/6/6/7/10667f6b39bd1404.mp4/10667f6b39bd1404.mp4-8.jpg HTTP/1.1" 200 9496 "https://porn.tw/video/elizabeth-gilbert-hot-brunette-cums-on-porn-cam-2824.html" "Mozilla/5.0 (Windows NT 10.0; Win64; x64) AppleWebKit/537.36 (KHTML, like Gecko) Chrome/144.0.0.0 Safari/537.66"
184.160.118.171 - - [29/Jan/2026:04:25:01 -0500] "GET /media/thumbs/1/0/6/6/7/10667ff108347ef0.mp4/10667ff108347ef0.mp4-7.jpg HTTP/1.1" 200 9916 "https://porn.tw/video/elizabeth-gilbert-hot-brunette-cums-on-porn-cam-2824.html" "Mozilla/5.0 (Windows NT 10.0; Win64; x64) AppleWebKit/537.36 (KHTML, like Gecko) Chrome/144.0.0.0 Safari/537.66"
184.160.118.171 - - [29/Jan/2026:04:25:01 -0500] "GET /media/thumbs/3/6/6/6/7/36667de9f93a4f.mp4/36667de9f93a4f.mp4-7.jpg HTTP/1.1" 200 9707 "https://porn.tw/video/elizabeth-gilbert-hot-brunette-cums-on-porn-cam-2824.html" "Mozilla/5.0 (Windows NT 10.0; Win64; x64) AppleWebKit/537.36 (KHTML, like Gecko) Chrome/144.0.0.0 Safari/537.66"
184.160.118.171 - - [29/Jan/2026:04:25:01 -0500] "GET /media/thumbs/1/1/6/7/b/1167bd2336ae7e6.mp4/1167bd2336ae7e6.mp4-4.jpg HTTP/1.1" 200 12542 "https://porn.tw/video/elizabeth-gilbert-hot-brunette-cums-on-porn-cam-2824.html" "Mozilla/5.0 (Windows NT 10.0; Win64; x64) AppleWebKit/537.36 (KHTML, like Gecko) Chrome/144.0.0.0 Safari/537.66"
184.160.118.171 - - [29/Jan/2026:04:25:01 -0500] "GET /media/thumbs/6/5/6/8/e/765526f195f28c.mp4/765526f195f28c.mp4-3.jpg HTTP/1.1" 200 10852 "https://porn.tw/video/elizabeth-gilbert-hot-brunette-cums-on-porn-cam-2824.html" "Mozilla/5.0 (Windows NT 10.0; Win64; x64) AppleWebKit/537.36 (KHTML, like Gecko) Chrome/144.0.0.0 Safari/537.66"
184.160.118.171 - - [29/Jan/2026:04:25:01 -0500] "GET /media/thumbs/1/0/6/6/7/10667f97ba190928.mp4/10667f97ba190928.mp4-7.jpg HTTP/1.1" 200 10265 "https://porn.tw/video/elizabeth-gilbert-hot-brunette-cums-on-porn-cam-2824.html" "Mozilla/5.0 (Windows NT 10.0; Win64; x64) AppleWebKit/537.36 (KHTML, like Gecko) Chrome/144.0.0.0 Safari/537.66"
184.160.118.171 - - [29/Jan/2026:04:25:01 -0500] "GET /media/thumbs/1/1/6/7/a/1167ad77fab185c.mp4/1167ad77fab185c.mp4-6.jpg HTTP/1.1" 200 10891 "https://porn.tw/video/elizabeth-gilbert-hot-brunette-cums-on-porn-cam-2824.html" "Mozilla/5.0 (Windows NT 10.0; Win64; x64) AppleWebKit/537.36 (KHTML, like Gecko) Chrome/144.0.0.0 Safari/537.66"
184.160.118.171 - - [29/Jan/2026:04:25:01 -0500] "GET /media/videos/1/1/6/7/a/1167a2dbb72f625.mp4 HTTP/1.1" 206 470902449 "https://porn.tw/video/elizabeth-gilbert-hot-brunette-cums-on-porn-cam-2824.html" "Mozilla/5.0 (Windows NT 10.0; Win64; x64) AppleWebKit/537.36 (KHTML, like Gecko) Chrome/144.0.0.0 Safari/537.66"
66.249.74.6 - - [29/Jan/2026:04:25:02 -0500] "GET /search/sharoon-fleming-porn/rating/page6.html HTTP/1.1" 200 70627 "-" "Mozilla/5.0 (Linux; Android 6.0.1; Nexus 5X Build/MMB29P) AppleWebKit/537.36 (KHTML, like Gecko) Chrome/143.0.7499.192 Mobile Safari/537.36 (compatible; Googlebot/2.1; +http://www.google.com/bot.html)"
184.160.118.171 - - [29/Jan/2026:04:25:02 -0500] "GET /media/thumbs/1/1/6/7/a/1167a2dbb72f625.mp4/vtt_046.jpg HTTP/1.1" 200 8575 "https://porn.tw/video/elizabeth-gilbert-hot-brunette-cums-on-porn-cam-2824.html" "Mozilla/5.0 (Windows NT 10.0; Win64; x64) AppleWebKit/537.36 (KHTML, like Gecko) Chrome/144.0.0.0 Safari/537.66"
184.160.118.171 - - [29/Jan/2026:04:25:04 -0500] "GET /media/thumbs/1/1/6/7/a/1167a2dbb72f625.mp4/vtt_047.jpg HTTP/1.1" 200 7731 "https://porn.tw/video/elizabeth-gilbert-hot-brunette-cums-on-porn-cam-2824.html" "Mozilla/5.0 (Windows NT 10.0; Win64; x64) AppleWebKit/537.36 (KHTML, like Gecko) Chrome/144.0.0.0 Safari/537.66"
184.160.118.171 - - [29/Jan/2026:04:25:04 -0500] "GET /media/thumbs/1/1/6/7/a/1167a2dbb72f625.mp4/vtt_049.jpg HTTP/1.1" 200 7917 "https://porn.tw/video/elizabeth-gilbert-hot-brunette-cums-on-porn-cam-2824.html" "Mozilla/5.0 (Windows NT 10.0; Win64; x64) AppleWebKit/537.36 (KHTML, like Gecko) Chrome/144.0.0.0 Safari/537.66"
184.160.118.171 - - [29/Jan/2026:04:25:04 -0500] "GET /media/thumbs/1/1/6/7/a/1167a2dbb72f625.mp4/vtt_051.jpg HTTP/1.1" 200 7958 "https://porn.tw/video/elizabeth-gilbert-hot-brunette-cums-on-porn-cam-2824.html" "Mozilla/5.0 (Windows NT 10.0; Win64; x64) AppleWebKit/537.36 (KHTML, like Gecko) Chrome/144.0.0.0 Safari/537.66"
184.160.118.171 - - [29/Jan/2026:04:25:04 -0500] "GET /media/videos/1/1/6/7/a/1167a2dbb72f625.mp4 HTTP/1.1" 206 124642993 "https://porn.tw/video/elizabeth-gilbert-hot-brunette-cums-on-porn-cam-2824.html" "Mozilla/5.0 (Windows NT 10.0; Win64; x64) AppleWebKit/537.36 (KHTML, like Gecko) Chrome/144.0.0.0 Safari/537.66"
184.160.118.171 - - [29/Jan/2026:04:25:04 -0500] "GET /media/thumbs/1/1/6/7/a/1167a2dbb72f625.mp4/vtt_052.jpg HTTP/1.1" 200 7914 "https://porn.tw/video/elizabeth-gilbert-hot-brunette-cums-on-porn-cam-2824.html" "Mozilla/5.0 (Windows NT 10.0; Win64; x64) AppleWebKit/537.36 (KHTML, like Gecko) Chrome/144.0.0.0 Safari/537.66"
184.160.118.171 - - [29/Jan/2026:04:25:04 -0500] "GET /media/thumbs/1/1/6/7/a/1167a2dbb72f625.mp4/vtt_053.jpg HTTP/1.1" 200 7776 "https://porn.tw/video/elizabeth-gilbert-hot-brunette-cums-on-porn-cam-2824.html" "Mozilla/5.0 (Windows NT 10.0; Win64; x64) AppleWebKit/537.36 (KHTML, like Gecko) Chrome/144.0.0.0 Safari/537.66"
184.160.118.171 - - [29/Jan/2026:04:25:04 -0500] "GET /media/thumbs/1/1/6/7/a/1167a2dbb72f625.mp4/vtt_054.jpg HTTP/1.1" 200 7871 "https://porn.tw/video/elizabeth-gilbert-hot-brunette-cums-on-porn-cam-2824.html" "Mozilla/5.0 (Windows NT 10.0; Win64; x64) AppleWebKit/537.36 (KHTML, like Gecko) Chrome/144.0.0.0 Safari/537.66"
184.160.118.171 - - [29/Jan/2026:04:25:04 -0500] "GET /media/thumbs/1/1/6/7/a/1167a2dbb72f625.mp4/vtt_056.jpg HTTP/1.1" 200 7945 "https://porn.tw/video/elizabeth-gilbert-hot-brunette-cums-on-porn-cam-2824.html" "Mozilla/5.0 (Windows NT 10.0; Win64; x64) AppleWebKit/537.36 (KHTML, like Gecko) Chrome/144.0.0.0 Safari/537.66"
184.160.118.171 - - [29/Jan/2026:04:25:05 -0500] "GET /media/videos/1/1/6/7/a/1167a2dbb72f625.mp4 HTTP/1.1" 206 45573809 "https://porn.tw/video/elizabeth-gilbert-hot-brunette-cums-on-porn-cam-2824.html" "Mozilla/5.0 (Windows NT 10.0; Win64; x64) AppleWebKit/537.36 (KHTML, like Gecko) Chrome/144.0.0.0 Safari/537.66"
184.160.118.171 - - [29/Jan/2026:04:25:05 -0500] "GET /media/thumbs/1/1/6/7/a/1167a2dbb72f625.mp4/vtt_057.jpg HTTP/1.1" 200 7474 "https://porn.tw/video/elizabeth-gilbert-hot-brunette-cums-on-porn-cam-2824.html" "Mozilla/5.0 (Windows NT 10.0; Win64; x64) AppleWebKit/537.36 (KHTML, like Gecko) Chrome/144.0.0.0 Safari/537.66"
184.160.118.171 - - [29/Jan/2026:04:25:05 -0500] "GET /media/thumbs/1/1/6/7/a/1167a2dbb72f625.mp4/vtt_058.jpg HTTP/1.1" 200 7012 "https://porn.tw/video/elizabeth-gilbert-hot-brunette-cums-on-porn-cam-2824.html" "Mozilla/5.0 (Windows NT 10.0; Win64; x64) AppleWebKit/537.36 (KHTML, like Gecko) Chrome/144.0.0.0 Safari/537.66"
184.160.118.171 - - [29/Jan/2026:04:25:05 -0500] "GET /media/thumbs/1/1/6/7/a/1167a2dbb72f625.mp4/vtt_059.jpg HTTP/1.1" 200 7364 "https://porn.tw/video/elizabeth-gilbert-hot-brunette-cums-on-porn-cam-2824.html" "Mozilla/5.0 (Windows NT 10.0; Win64; x64) AppleWebKit/537.36 (KHTML, like Gecko) Chrome/144.0.0.0 Safari/537.66"
184.160.118.171 - - [29/Jan/2026:04:25:06 -0500] "GET /media/videos/1/1/6/7/a/1167a2dbb72f625.mp4 HTTP/1.1" 206 20276913 "https://porn.tw/video/elizabeth-gilbert-hot-brunette-cums-on-porn-cam-2824.html" "Mozilla/5.0 (Windows NT 10.0; Win64; x64) AppleWebKit/537.36 (KHTML, like Gecko) Chrome/144.0.0.0 Safari/537.66"
184.160.118.171 - - [29/Jan/2026:04:25:07 -0500] "GET /media/thumbs/1/1/6/7/a/1167a2dbb72f625.mp4/vtt_061.jpg HTTP/1.1" 200 7513 "https://porn.tw/video/elizabeth-gilbert-hot-brunette-cums-on-porn-cam-2824.html" "Mozilla/5.0 (Windows NT 10.0; Win64; x64) AppleWebKit/537.36 (KHTML, like Gecko) Chrome/144.0.0.0 Safari/537.66"
184.160.118.171 - - [29/Jan/2026:04:25:07 -0500] "GET /media/thumbs/1/1/6/7/a/1167a2dbb72f625.mp4/vtt_062.jpg HTTP/1.1" 200 5264 "https://porn.tw/video/elizabeth-gilbert-hot-brunette-cums-on-porn-cam-2824.html" "Mozilla/5.0 (Windows NT 10.0; Win64; x64) AppleWebKit/537.36 (KHTML, like Gecko) Chrome/144.0.0.0 Safari/537.66"
184.160.118.171 - - [29/Jan/2026:04:25:07 -0500] "GET /media/thumbs/1/1/6/7/a/1167a2dbb72f625.mp4/vtt_063.jpg HTTP/1.1" 200 2808 "https://porn.tw/video/elizabeth-gilbert-hot-brunette-cums-on-porn-cam-2824.html" "Mozilla/5.0 (Windows NT 10.0; Win64; x64) AppleWebKit/537.36 (KHTML, like Gecko) Chrome/144.0.0.0 Safari/537.66"
98.63.199.239 - - [29/Jan/2026:04:25:08 -0500] "GET /media/videos/7/6/5/a/e/765ae234da936f.mp4 HTTP/1.1" 206 40304640 "https://porn.tw/video/sammyroberts-colombian-porn-562.html" "Mozilla/5.0 (iPhone; CPU iPhone OS 18_7 like Mac OS X) AppleWebKit/605.1.15 (KHTML, like Gecko) Version/26.2 Mobile/15E148 Safari/604.1"
184.160.118.171 - - [29/Jan/2026:04:25:09 -0500] "GET /media/thumbs/1/1/6/7/a/1167a2dbb72f625.mp4/vtt_032.jpg HTTP/1.1" 200 9579 "https://porn.tw/video/elizabeth-gilbert-hot-brunette-cums-on-porn-cam-2824.html" "Mozilla/5.0 (Windows NT 10.0; Win64; x64) AppleWebKit/537.36 (KHTML, like Gecko) Chrome/144.0.0.0 Safari/537.66"
184.160.118.171 - - [29/Jan/2026:04:25:09 -0500] "GET /media/thumbs/1/1/6/7/a/1167a2dbb72f625.mp4/vtt_033.jpg HTTP/1.1" 200 9615 "https://porn.tw/video/elizabeth-gilbert-hot-brunette-cums-on-porn-cam-2824.html" "Mozilla/5.0 (Windows NT 10.0; Win64; x64) AppleWebKit/537.36 (KHTML, like Gecko) Chrome/144.0.0.0 Safari/537.66"
184.160.118.171 - - [29/Jan/2026:04:25:09 -0500] "GET /media/thumbs/1/1/6/7/a/1167a2dbb72f625.mp4/vtt_036.jpg HTTP/1.1" 200 7868 "https://porn.tw/video/elizabeth-gilbert-hot-brunette-cums-on-porn-cam-2824.html" "Mozilla/5.0 (Windows NT 10.0; Win64; x64) AppleWebKit/537.36 (KHTML, like Gecko) Chrome/144.0.0.0 Safari/537.66"
184.160.118.171 - - [29/Jan/2026:04:25:09 -0500] "GET /media/thumbs/1/1/6/7/a/1167a2dbb72f625.mp4/vtt_037.jpg HTTP/1.1" 200 8600 "https://porn.tw/video/elizabeth-gilbert-hot-brunette-cums-on-porn-cam-2824.html" "Mozilla/5.0 (Windows NT 10.0; Win64; x64) AppleWebKit/537.36 (KHTML, like Gecko) Chrome/144.0.0.0 Safari/537.66"
184.160.118.171 - - [29/Jan/2026:04:25:09 -0500] "GET /media/thumbs/1/1/6/7/a/1167a2dbb72f625.mp4/vtt_038.jpg HTTP/1.1" 200 8537 "https://porn.tw/video/elizabeth-gilbert-hot-brunette-cums-on-porn-cam-2824.html" "Mozilla/5.0 (Windows NT 10.0; Win64; x64) AppleWebKit/537.36 (KHTML, like Gecko) Chrome/144.0.0.0 Safari/537.66"
184.160.118.171 - - [29/Jan/2026:04:25:09 -0500] "GET /media/thumbs/1/1/6/7/a/1167a2dbb72f625.mp4/vtt_039.jpg HTTP/1.1" 200 8492 "https://porn.tw/video/elizabeth-gilbert-hot-brunette-cums-on-porn-cam-2824.html" "Mozilla/5.0 (Windows NT 10.0; Win64; x64) AppleWebKit/537.36 (KHTML, like Gecko) Chrome/144.0.0.0 Safari/537.66"
184.160.118.171 - - [29/Jan/2026:04:25:10 -0500] "GET /media/thumbs/1/1/6/7/a/1167a2dbb72f625.mp4/vtt_041.jpg HTTP/1.1" 200 8284 "https://porn.tw/video/elizabeth-gilbert-hot-brunette-cums-on-porn-cam-2824.html" "Mozilla/5.0 (Windows NT 10.0; Win64; x64) AppleWebKit/537.36 (KHTML, like Gecko) Chrome/144.0.0.0 Safari/537.66"
184.160.118.171 - - [29/Jan/2026:04:25:10 -0500] "GET /media/thumbs/1/1/6/7/a/1167a2dbb72f625.mp4/vtt_042.jpg HTTP/1.1" 200 8350 "https://porn.tw/video/elizabeth-gilbert-hot-brunette-cums-on-porn-cam-2824.html" "Mozilla/5.0 (Windows NT 10.0; Win64; x64) AppleWebKit/537.36 (KHTML, like Gecko) Chrome/144.0.0.0 Safari/537.66"
98.63.199.239 - - [29/Jan/2026:04:25:11 -0500] "GET /media/videos/7/6/5/a/e/765ae234da936f.mp4 HTTP/1.1" 206 35651584 "https://porn.tw/video/sammyroberts-colombian-porn-562.html" "Mozilla/5.0 (iPhone; CPU iPhone OS 18_7 like Mac OS X) AppleWebKit/605.1.15 (KHTML, like Gecko) Version/26.2 Mobile/15E148 Safari/604.1"
184.160.118.171 - - [29/Jan/2026:04:25:11 -0500] "GET /media/thumbs/3/6/7/9/c/3679ce57db111d.mp4/3679ce57db111d.mp4-6.jpg HTTP/1.1" 200 10554 "https://porn.tw/video/elizabeth-gilbert-hot-brunette-cums-on-porn-cam-2824.html" "Mozilla/5.0 (Windows NT 10.0; Win64; x64) AppleWebKit/537.36 (KHTML, like Gecko) Chrome/144.0.0.0 Safari/537.66"
184.160.118.171 - - [29/Jan/2026:04:25:11 -0500] "GET /media/thumbs/3/6/6/6/7/36667de9f93a4f.mp4/36667de9f93a4f.mp4-8.jpg HTTP/1.1" 200 9762 "https://porn.tw/video/elizabeth-gilbert-hot-brunette-cums-on-porn-cam-2824.html" "Mozilla/5.0 (Windows NT 10.0; Win64; x64) AppleWebKit/537.36 (KHTML, like Gecko) Chrome/144.0.0.0 Safari/537.66"
217.113.194.76 - - [29/Jan/2026:04:25:12 -0500] "GET /search/sofiakaufman-webcam/views/page4.html HTTP/1.1" 200 73653 "-" "Mozilla/5.0 (compatible; Barkrowler/0.9; +https://babbar.tech/crawler)"
116.179.32.159 - - [29/Jan/2026:04:25:13 -0500] "GET /search/lexie-river-live-dating-cam/newest/page5.html HTTP/1.1" 403 - "-" "Mozilla/5.0 (compatible; Baiduspider/2.0; +http://www.baidu.com/search/spider.html)"
184.160.118.171 - - [29/Jan/2026:04:25:14 -0500] "GET /media/thumbs/6/5/6/8/e/765526f195f28c.mp4/765526f195f28c.mp4-4.jpg HTTP/1.1" 200 10451 "https://porn.tw/video/elizabeth-gilbert-hot-brunette-cums-on-porn-cam-2824.html" "Mozilla/5.0 (Windows NT 10.0; Win64; x64) AppleWebKit/537.36 (KHTML, like Gecko) Chrome/144.0.0.0 Safari/537.66"
184.160.118.171 - - [29/Jan/2026:04:25:14 -0500] "GET /media/thumbs/1/0/6/6/7/10667f6b39bd1404.mp4/10667f6b39bd1404.mp4-9.jpg HTTP/1.1" 200 9769 "https://porn.tw/video/elizabeth-gilbert-hot-brunette-cums-on-porn-cam-2824.html" "Mozilla/5.0 (Windows NT 10.0; Win64; x64) AppleWebKit/537.36 (KHTML, like Gecko) Chrome/144.0.0.0 Safari/537.66"
184.160.118.171 - - [29/Jan/2026:04:25:14 -0500] "GET /media/thumbs/2/6/6/7/b/2667b804c7c264e.mp4/2667b804c7c264e.mp4-7.jpg HTTP/1.1" 200 13860 "https://porn.tw/video/elizabeth-gilbert-hot-brunette-cums-on-porn-cam-2824.html" "Mozilla/5.0 (Windows NT 10.0; Win64; x64) AppleWebKit/537.36 (KHTML, like Gecko) Chrome/144.0.0.0 Safari/537.66"
184.160.118.171 - - [29/Jan/2026:04:25:14 -0500] "GET /media/thumbs/1/1/6/7/a/1167a2dbb72f625.mp4/vtt_026.jpg HTTP/1.1" 200 9721 "https://porn.tw/video/elizabeth-gilbert-hot-brunette-cums-on-porn-cam-2824.html" "Mozilla/5.0 (Windows NT 10.0; Win64; x64) AppleWebKit/537.36 (KHTML, like Gecko) Chrome/144.0.0.0 Safari/537.66"
98.63.199.239 - - [29/Jan/2026:04:25:15 -0500] "GET /media/videos/7/6/5/a/e/765ae234da936f.mp4 HTTP/1.1" 206 31260672 "https://porn.tw/video/sammyroberts-colombian-porn-562.html" "Mozilla/5.0 (iPhone; CPU iPhone OS 18_7 like Mac OS X) AppleWebKit/605.1.15 (KHTML, like Gecko) Version/26.2 Mobile/15E148 Safari/604.1"
3.232.39.98 - - [29/Jan/2026:04:25:16 -0500] "GET /search/free/page1.html HTTP/1.1" 200 74169 "-" "Mozilla/5.0 AppleWebKit/537.36 (KHTML, like Gecko; compatible; Amazonbot/0.1; +https://developer.amazon.com/support/amazonbot) Chrome/119.0.6045.214 Safari/537.36"
217.113.194.79 - - [29/Jan/2026:04:25:16 -0500] "GET /search/dripping-wet-pussy/page9.html HTTP/1.1" 200 74971 "-" "Mozilla/5.0 (compatible; Barkrowler/0.9; +https://babbar.tech/crawler)"
98.63.199.239 - - [29/Jan/2026:04:25:18 -0500] "GET /media/videos/7/6/5/a/e/765ae234da936f.mp4 HTTP/1.1" 206 28049408 "https://porn.tw/video/sammyroberts-colombian-porn-562.html" "Mozilla/5.0 (iPhone; CPU iPhone OS 18_7 like Mac OS X) AppleWebKit/605.1.15 (KHTML, like Gecko) Version/26.2 Mobile/15E148 Safari/604.1"
220.181.51.92 - - [29/Jan/2026:04:25:19 -0500] "GET /search/lexie-river-live-dating-cam/newest/page5.html HTTP/1.1" 200 67801 "-" "Mozilla/5.0 (Windows NT 10.0; WOW64) AppleWebKit/537.36 (KHTML, like Gecko) Chrome/48.0.2564.116 Safari/537.36"
98.63.199.239 - - [29/Jan/2026:04:25:20 -0500] "GET /media/videos/7/6/5/a/e/765ae234da936f.mp4 HTTP/1.1" 206 25296896 "https://porn.tw/video/sammyroberts-colombian-porn-562.html" "Mozilla/5.0 (iPhone; CPU iPhone OS 18_7 like Mac OS X) AppleWebKit/605.1.15 (KHTML, like Gecko) Version/26.2 Mobile/15E148 Safari/604.1"
98.63.199.239 - - [29/Jan/2026:04:25:24 -0500] "GET /media/videos/7/6/5/a/e/765ae234da936f.mp4 HTTP/1.1" 206 19464192 "https://porn.tw/video/sammyroberts-colombian-porn-562.html" "Mozilla/5.0 (iPhone; CPU iPhone OS 18_7 like Mac OS X) AppleWebKit/605.1.15 (KHTML, like Gecko) Version/26.2 Mobile/15E148 Safari/604.1"
217.113.194.74 - - [29/Jan/2026:04:25:28 -0500] "GET /search/sofiakaufman-webcam/newest/page4.html HTTP/1.1" 200 76615 "-" "Mozilla/5.0 (compatible; Barkrowler/0.9; +https://babbar.tech/crawler)"
98.63.199.239 - - [29/Jan/2026:04:25:28 -0500] "GET /media/videos/7/6/5/a/e/765ae234da936f.mp4 HTTP/1.1" 206 16384000 "https://porn.tw/video/sammyroberts-colombian-porn-562.html" "Mozilla/5.0 (iPhone; CPU iPhone OS 18_7 like Mac OS X) AppleWebKit/605.1.15 (KHTML, like Gecko) Version/26.2 Mobile/15E148 Safari/604.1"
154.54.249.200 - - [29/Jan/2026:04:25:31 -0500] "GET /search/dripping-wet-vagina/rating/ HTTP/1.1" 200 73994 "-" "Mozilla/5.0 (compatible; Barkrowler/0.9; +https://babbar.tech/crawler)"
98.63.199.239 - - [29/Jan/2026:04:25:31 -0500] "GET /media/videos/7/6/5/a/e/765ae234da936f.mp4 HTTP/1.1" 206 11665408 "https://porn.tw/video/sammyroberts-colombian-porn-562.html" "Mozilla/5.0 (iPhone; CPU iPhone OS 18_7 like Mac OS X) AppleWebKit/605.1.15 (KHTML, like Gecko) Version/26.2 Mobile/15E148 Safari/604.1"
98.63.199.239 - - [29/Jan/2026:04:25:36 -0500] "GET /media/videos/7/6/5/a/e/765ae234da936f.mp4 HTTP/1.1" 206 7012352 "https://porn.tw/video/sammyroberts-colombian-porn-562.html" "Mozilla/5.0 (iPhone; CPU iPhone OS 18_7 like Mac OS X) AppleWebKit/605.1.15 (KHTML, like Gecko) Version/26.2 Mobile/15E148 Safari/604.1"
98.63.199.239 - - [29/Jan/2026:04:25:40 -0500] "GET /media/videos/7/6/5/a/e/765ae234da936f.mp4 HTTP/1.1" 206 1114112 "https://porn.tw/video/sammyroberts-colombian-porn-562.html" "Mozilla/5.0 (iPhone; CPU iPhone OS 18_7 like Mac OS X) AppleWebKit/605.1.15 (KHTML, like Gecko) Version/26.2 Mobile/15E148 Safari/604.1"
3.215.221.125 - - [29/Jan/2026:04:25:42 -0500] "GET /search/thick/ HTTP/1.1" 200 75481 "-" "Mozilla/5.0 AppleWebKit/537.36 (KHTML, like Gecko; compatible; Amazonbot/0.1; +https://developer.amazon.com/support/amazonbot) Chrome/119.0.6045.214 Safari/537.36"
217.113.194.73 - - [29/Jan/2026:04:25:44 -0500] "GET /search/sofiakaufman-porn-show/page3.html HTTP/1.1" 200 71289 "-" "Mozilla/5.0 (compatible; Barkrowler/0.9; +https://babbar.tech/crawler)"
217.113.194.81 - - [29/Jan/2026:04:25:47 -0500] "GET /search/avimiller-webcam/newest/page3.html HTTP/1.1" 200 75489 "-" "Mozilla/5.0 (compatible; Barkrowler/0.9; +https://babbar.tech/crawler)"
116.179.32.232 - - [29/Jan/2026:04:25:51 -0500] "GET /search/couple-porn-stream/views/page4.html HTTP/1.1" 403 - "-" "Mozilla/5.0 (compatible; Baiduspider/2.0; +http://www.baidu.com/search/spider.html)"
220.181.51.90 - - [29/Jan/2026:04:25:57 -0500] "GET /search/couple-porn-stream/views/page4.html HTTP/1.1" 200 73040 "-" "Mozilla/5.0 (Windows NT 10.0; WOW64) AppleWebKit/537.36 (KHTML, like Gecko) Chrome/48.0.2564.116 Safari/537.36"
217.113.194.75 - - [29/Jan/2026:04:25:59 -0500] "GET /search/sofiakaufman-porn-show/page6.html HTTP/1.1" 200 75763 "-" "Mozilla/5.0 (compatible; Barkrowler/0.9; +https://babbar.tech/crawler)"
98.63.199.239 - - [29/Jan/2026:04:26:01 -0500] "GET /media/thumbs/7/6/5/3/f/7653f417d7665f.mp4/7653f417d7665f.mp4-4.jpg HTTP/1.1" 200 11324 "https://porn.tw/video/sammyroberts-colombian-porn-562.html" "Mozilla/5.0 (iPhone; CPU iPhone OS 18_7 like Mac OS X) AppleWebKit/605.1.15 (KHTML, like Gecko) Version/26.2 Mobile/15E148 Safari/604.1"
98.63.199.239 - - [29/Jan/2026:04:26:01 -0500] "GET /media/thumbs/7/6/5/3/f/7653f417d7665f.mp4/7653f417d7665f.mp4-5.jpg HTTP/1.1" 200 12867 "https://porn.tw/video/sammyroberts-colombian-porn-562.html" "Mozilla/5.0 (iPhone; CPU iPhone OS 18_7 like Mac OS X) AppleWebKit/605.1.15 (KHTML, like Gecko) Version/26.2 Mobile/15E148 Safari/604.1"
98.63.199.239 - - [29/Jan/2026:04:26:01 -0500] "GET /media/thumbs/7/6/5/3/f/7653f417d7665f.mp4/7653f417d7665f.mp4-6.jpg HTTP/1.1" 200 11867 "https://porn.tw/video/sammyroberts-colombian-porn-562.html" "Mozilla/5.0 (iPhone; CPU iPhone OS 18_7 like Mac OS X) AppleWebKit/605.1.15 (KHTML, like Gecko) Version/26.2 Mobile/15E148 Safari/604.1"
98.63.199.239 - - [29/Jan/2026:04:26:02 -0500] "GET /media/thumbs/7/6/5/3/f/7653f417d7665f.mp4/7653f417d7665f.mp4-7.jpg HTTP/1.1" 200 11187 "https://porn.tw/video/sammyroberts-colombian-porn-562.html" "Mozilla/5.0 (iPhone; CPU iPhone OS 18_7 like Mac OS X) AppleWebKit/605.1.15 (KHTML, like Gecko) Version/26.2 Mobile/15E148 Safari/604.1"
98.63.199.239 - - [29/Jan/2026:04:26:02 -0500] "GET /media/thumbs/7/6/5/3/f/7653f417d7665f.mp4/7653f417d7665f.mp4-8.jpg HTTP/1.1" 200 11429 "https://porn.tw/video/sammyroberts-colombian-porn-562.html" "Mozilla/5.0 (iPhone; CPU iPhone OS 18_7 like Mac OS X) AppleWebKit/605.1.15 (KHTML, like Gecko) Version/26.2 Mobile/15E148 Safari/604.1"
217.113.194.77 - - [29/Jan/2026:04:26:03 -0500] "GET /search/avimiller-webcam/newest/page6.html HTTP/1.1" 200 74530 "-" "Mozilla/5.0 (compatible; Barkrowler/0.9; +https://babbar.tech/crawler)"
98.63.199.239 - - [29/Jan/2026:04:26:03 -0500] "GET /media/thumbs/7/6/5/3/f/7653f417d7665f.mp4/7653f417d7665f.mp4-9.jpg HTTP/1.1" 200 11414 "https://porn.tw/video/sammyroberts-colombian-porn-562.html" "Mozilla/5.0 (iPhone; CPU iPhone OS 18_7 like Mac OS X) AppleWebKit/605.1.15 (KHTML, like Gecko) Version/26.2 Mobile/15E148 Safari/604.1"
98.63.199.239 - - [29/Jan/2026:04:26:03 -0500] "GET /media/thumbs/7/6/5/3/f/7653f417d7665f.mp4/7653f417d7665f.mp4-1.jpg HTTP/1.1" 200 10819 "https://porn.tw/video/sammyroberts-colombian-porn-562.html" "Mozilla/5.0 (iPhone; CPU iPhone OS 18_7 like Mac OS X) AppleWebKit/605.1.15 (KHTML, like Gecko) Version/26.2 Mobile/15E148 Safari/604.1"
98.63.199.239 - - [29/Jan/2026:04:26:04 -0500] "GET /media/thumbs/7/6/5/3/f/7653f417d7665f.mp4/7653f417d7665f.mp4-2.jpg HTTP/1.1" 200 11613 "https://porn.tw/video/sammyroberts-colombian-porn-562.html" "Mozilla/5.0 (iPhone; CPU iPhone OS 18_7 like Mac OS X) AppleWebKit/605.1.15 (KHTML, like Gecko) Version/26.2 Mobile/15E148 Safari/604.1"
217.113.194.218 - - [29/Jan/2026:04:26:15 -0500] "GET /search/dakota-evanssx-webcam/page1.html HTTP/1.1" 200 72362 "-" "Mozilla/5.0 (compatible; Barkrowler/0.9; +https://babbar.tech/crawler)"
100.24.167.60 - - [29/Jan/2026:04:26:18 -0500] "GET /search/trans-party/newest/page1.html HTTP/1.1" 200 73848 "-" "Mozilla/5.0 AppleWebKit/537.36 (KHTML, like Gecko; compatible; Amazonbot/0.1; +https://developer.amazon.com/support/amazonbot) Chrome/119.0.6045.214 Safari/537.36"
217.113.194.217 - - [29/Jan/2026:04:26:18 -0500] "GET /search/hard-toy-porn/rating/page9.html HTTP/1.1" 200 40697 "-" "Mozilla/5.0 (compatible; Barkrowler/0.9; +https://babbar.tech/crawler)"
98.63.199.239 - - [29/Jan/2026:04:26:20 -0500] "GET /media/thumbs/7/6/5/a/3/765a36044adbb8.mp4/765a36044adbb8.mp4-4.jpg HTTP/1.1" 200 9086 "https://porn.tw/video/sammyroberts-colombian-porn-562.html" "Mozilla/5.0 (iPhone; CPU iPhone OS 18_7 like Mac OS X) AppleWebKit/605.1.15 (KHTML, like Gecko) Version/26.2 Mobile/15E148 Safari/604.1"
98.63.199.239 - - [29/Jan/2026:04:26:20 -0500] "GET /media/thumbs/7/6/5/a/3/765a36044adbb8.mp4/765a36044adbb8.mp4-5.jpg HTTP/1.1" 200 8855 "https://porn.tw/video/sammyroberts-colombian-porn-562.html" "Mozilla/5.0 (iPhone; CPU iPhone OS 18_7 like Mac OS X) AppleWebKit/605.1.15 (KHTML, like Gecko) Version/26.2 Mobile/15E148 Safari/604.1"
98.63.199.239 - - [29/Jan/2026:04:26:21 -0500] "GET /media/thumbs/7/6/5/a/3/765a36044adbb8.mp4/765a36044adbb8.mp4-6.jpg HTTP/1.1" 200 8573 "https://porn.tw/video/sammyroberts-colombian-porn-562.html" "Mozilla/5.0 (iPhone; CPU iPhone OS 18_7 like Mac OS X) AppleWebKit/605.1.15 (KHTML, like Gecko) Version/26.2 Mobile/15E148 Safari/604.1"
