98.63.199.239 - - [29/Jan/2026:04:36:29 -0500] "GET /media/videos/7/6/6/4/3/766432d1932d83.mp4 HTTP/1.1" 206 131072 "https://porn.tw/video/simone-simmons-blonde-porn-1170.html" "Mozilla/5.0 (iPhone; CPU iPhone OS 18_7 like Mac OS X) AppleWebKit/605.1.15 (KHTML, like Gecko) Version/26.2 Mobile/15E148 Safari/604.1"
98.63.199.239 - - [29/Jan/2026:04:36:29 -0500] "GET /media/videos/7/6/6/4/3/766432d1932d83.mp4 HTTP/1.1" 206 131072 "https://porn.tw/video/simone-simmons-blonde-porn-1170.html" "Mozilla/5.0 (iPhone; CPU iPhone OS 18_7 like Mac OS X) AppleWebKit/605.1.15 (KHTML, like Gecko) Version/26.2 Mobile/15E148 Safari/604.1"
98.63.199.239 - - [29/Jan/2026:04:36:29 -0500] "GET /media/videos/7/6/6/4/3/766432d1932d83.mp4 HTTP/1.1" 206 196608 "https://porn.tw/video/simone-simmons-blonde-porn-1170.html" "Mozilla/5.0 (iPhone; CPU iPhone OS 18_7 like Mac OS X) AppleWebKit/605.1.15 (KHTML, like Gecko) Version/26.2 Mobile/15E148 Safari/604.1"
98.63.199.239 - - [29/Jan/2026:04:36:29 -0500] "GET /media/videos/7/6/6/4/3/766432d1932d83.mp4 HTTP/1.1" 206 201883969 "https://porn.tw/video/simone-simmons-blonde-porn-1170.html" "Mozilla/5.0 (iPhone; CPU iPhone OS 18_7 like Mac OS X) AppleWebKit/605.1.15 (KHTML, like Gecko) Version/26.2 Mobile/15E148 Safari/604.1"
217.113.194.80 - - [29/Jan/2026:04:36:29 -0500] "GET /index.php/tag/nikkibender/page22.html HTTP/1.1" 200 98246 "-" "Mozilla/5.0 (compatible; Barkrowler/0.9; +https://babbar.tech/crawler)"
92.71.98.158 - - [29/Jan/2026:04:36:37 -0500] "GET /search/moaning-performance/newest/page2.html HTTP/1.1" 200 75498 "-" "Mozilla/5.0 (Macintosh; Intel Mac OS X 10_15_7) AppleWebKit/537.36 (KHTML, like Gecko) Chrome/142.0.0.0 Safari/537.36"
144.76.32.114 - - [29/Jan/2026:04:36:38 -0500] "GET /search/steamy-tease/ HTTP/1.1" 200 74026 "-" "Mozilla/5.0 (compatible; SERankingBacklinksBot/1.0; +https://seranking.com/backlinks-crawler)"
217.113.194.72 - - [29/Jan/2026:04:36:38 -0500] "GET /search/oily-ass-babe/newest/page3.html HTTP/1.1" 200 75987 "-" "Mozilla/5.0 (compatible; Barkrowler/0.9; +https://babbar.tech/crawler)"
98.63.199.239 - - [29/Jan/2026:04:36:41 -0500] "GET /media/videos/7/6/6/4/3/766432d1932d83.mp4 HTTP/1.1" 206 156696576 "https://porn.tw/video/simone-simmons-blonde-porn-1170.html" "Mozilla/5.0 (iPhone; CPU iPhone OS 18_7 like Mac OS X) AppleWebKit/605.1.15 (KHTML, like Gecko) Version/26.2 Mobile/15E148 Safari/604.1"
98.63.199.239 - - [29/Jan/2026:04:36:44 -0500] "GET /media/videos/7/6/6/4/3/766432d1932d83.mp4 HTTP/1.1" 206 152764416 "https://porn.tw/video/simone-simmons-blonde-porn-1170.html" "Mozilla/5.0 (iPhone; CPU iPhone OS 18_7 like Mac OS X) AppleWebKit/605.1.15 (KHTML, like Gecko) Version/26.2 Mobile/15E148 Safari/604.1"
217.113.194.218 - - [29/Jan/2026:04:36:45 -0500] "GET /index.php/tag/nikkibender/page12.html HTTP/1.1" 200 98246 "-" "Mozilla/5.0 (compatible; Barkrowler/0.9; +https://babbar.tech/crawler)"
98.63.199.239 - - [29/Jan/2026:04:36:47 -0500] "GET /media/videos/7/6/6/4/3/766432d1932d83.mp4 HTTP/1.1" 206 148897792 "https://porn.tw/video/simone-simmons-blonde-porn-1170.html" "Mozilla/5.0 (iPhone; CPU iPhone OS 18_7 like Mac OS X) AppleWebKit/605.1.15 (KHTML, like Gecko) Version/26.2 Mobile/15E148 Safari/604.1"
54.90.8.255 - - [29/Jan/2026:04:36:51 -0500] "GET /search/sultry-por/newest/page2.html HTTP/1.1" 200 74558 "-" "Mozilla/5.0 AppleWebKit/537.36 (KHTML, like Gecko; compatible; Amazonbot/0.1; +https://developer.amazon.com/support/amazonbot) Chrome/119.0.6045.214 Safari/537.36"
185.202.220.178 - - [29/Jan/2026:04:36:53 -0500] "GET /video/ellinrose-twerk-hard-on-her-purple-dildo-in-this-cam-porn-clip-3228.html HTTP/1.1" 200 57746 "https://www.google.com/" "Mozilla/5.0 (Linux; Android 10; K) AppleWebKit/537.36 (KHTML, like Gecko) Chrome/144.0.0.0 Mobile Safari/537.36"
185.202.220.178 - - [29/Jan/2026:04:36:53 -0500] "GET /templates/default_tube2019/js/jQuery_v1.12.4.min.js HTTP/1.1" 200 97166 "https://porn.tw/video/ellinrose-twerk-hard-on-her-purple-dildo-in-this-cam-porn-clip-3228.html" "Mozilla/5.0 (Linux; Android 10; K) AppleWebKit/537.36 (KHTML, like Gecko) Chrome/144.0.0.0 Mobile Safari/537.36"
185.202.220.178 - - [29/Jan/2026:04:36:53 -0500] "GET /templates/default_tube2019/images/logo.png HTTP/1.1" 200 2157 "https://porn.tw/video/ellinrose-twerk-hard-on-her-purple-dildo-in-this-cam-porn-clip-3228.html" "Mozilla/5.0 (Linux; Android 10; K) AppleWebKit/537.36 (KHTML, like Gecko) Chrome/144.0.0.0 Mobile Safari/537.36"
185.202.220.178 - - [29/Jan/2026:04:36:53 -0500] "GET /core/images/catdefault.jpg HTTP/1.1" 200 3364 "https://porn.tw/video/ellinrose-twerk-hard-on-her-purple-dildo-in-this-cam-porn-clip-3228.html" "Mozilla/5.0 (Linux; Android 10; K) AppleWebKit/537.36 (KHTML, like Gecko) Chrome/144.0.0.0 Mobile Safari/537.36"
98.63.199.239 - - [29/Jan/2026:04:36:53 -0500] "GET /media/videos/7/6/6/4/3/766432d1932d83.mp4 HTTP/1.1" 206 65536 "https://porn.tw/video/simone-simmons-blonde-porn-1170.html" "Mozilla/5.0 (iPhone; CPU iPhone OS 18_7 like Mac OS X) AppleWebKit/605.1.15 (KHTML, like Gecko) Version/26.2 Mobile/15E148 Safari/604.1"
98.63.199.239 - - [29/Jan/2026:04:36:53 -0500] "GET /media/videos/7/6/6/4/3/766432d1932d83.mp4 HTTP/1.1" 206 141688832 "https://porn.tw/video/simone-simmons-blonde-porn-1170.html" "Mozilla/5.0 (iPhone; CPU iPhone OS 18_7 like Mac OS X) AppleWebKit/605.1.15 (KHTML, like Gecko) Version/26.2 Mobile/15E148 Safari/604.1"
185.202.220.178 - - [29/Jan/2026:04:36:53 -0500] "GET /includes/fluidplayer/fluidplayer.min.js HTTP/1.1" 200 125605 "https://porn.tw/video/ellinrose-twerk-hard-on-her-purple-dildo-in-this-cam-porn-clip-3228.html" "Mozilla/5.0 (Linux; Android 10; K) AppleWebKit/537.36 (KHTML, like Gecko) Chrome/144.0.0.0 Mobile Safari/537.36"
98.63.199.239 - - [29/Jan/2026:04:36:54 -0500] "GET /media/videos/7/6/6/4/3/766432d1932d83.mp4 HTTP/1.1" 206 65536 "https://porn.tw/video/simone-simmons-blonde-porn-1170.html" "Mozilla/5.0 (iPhone; CPU iPhone OS 18_7 like Mac OS X) AppleWebKit/605.1.15 (KHTML, like Gecko) Version/26.2 Mobile/15E148 Safari/604.1"
185.202.220.178 - - [29/Jan/2026:04:36:54 -0500] "GET /media/thumbs/3/6/8/2/d/3682d0bae88885.mp4/vtt_005.jpg HTTP/1.1" 200 5080 "https://porn.tw/video/ellinrose-twerk-hard-on-her-purple-dildo-in-this-cam-porn-clip-3228.html" "Mozilla/5.0 (Linux; Android 10; K) AppleWebKit/537.36 (KHTML, like Gecko) Chrome/144.0.0.0 Mobile Safari/537.36"
185.202.220.178 - - [29/Jan/2026:04:36:54 -0500] "GET /media/thumbs/3/6/8/2/d/3682d0bae88885.mp4/vtt_010.jpg HTTP/1.1" 200 5190 "https://porn.tw/video/ellinrose-twerk-hard-on-her-purple-dildo-in-this-cam-porn-clip-3228.html" "Mozilla/5.0 (Linux; Android 10; K) AppleWebKit/537.36 (KHTML, like Gecko) Chrome/144.0.0.0 Mobile Safari/537.36"
98.63.199.239 - - [29/Jan/2026:04:36:54 -0500] "GET /media/videos/7/6/6/4/3/766432d1932d83.mp4 HTTP/1.1" 206 65536 "https://porn.tw/video/simone-simmons-blonde-porn-1170.html" "Mozilla/5.0 (iPhone; CPU iPhone OS 18_7 like Mac OS X) AppleWebKit/605.1.15 (KHTML, like Gecko) Version/26.2 Mobile/15E148 Safari/604.1"
185.202.220.178 - - [29/Jan/2026:04:36:54 -0500] "GET /media/thumbs/3/6/8/2/d/3682d0bae88885.mp4/vtt_015.jpg HTTP/1.1" 200 5590 "https://porn.tw/video/ellinrose-twerk-hard-on-her-purple-dildo-in-this-cam-porn-clip-3228.html" "Mozilla/5.0 (Linux; Android 10; K) AppleWebKit/537.36 (KHTML, like Gecko) Chrome/144.0.0.0 Mobile Safari/537.36"
217.113.194.79 - - [29/Jan/2026:04:36:54 -0500] "GET /search/submissive-babe/rating/page5.html HTTP/1.1" 200 73531 "-" "Mozilla/5.0 (compatible; Barkrowler/0.9; +https://babbar.tech/crawler)"
98.63.199.239 - - [29/Jan/2026:04:36:54 -0500] "GET /media/videos/7/6/6/4/3/766432d1932d83.mp4 HTTP/1.1" 206 65536 "https://porn.tw/video/simone-simmons-blonde-porn-1170.html" "Mozilla/5.0 (iPhone; CPU iPhone OS 18_7 like Mac OS X) AppleWebKit/605.1.15 (KHTML, like Gecko) Version/26.2 Mobile/15E148 Safari/604.1"
98.63.199.239 - - [29/Jan/2026:04:36:54 -0500] "GET /media/videos/7/6/6/4/3/766432d1932d83.mp4 HTTP/1.1" 206 65536 "https://porn.tw/video/simone-simmons-blonde-porn-1170.html" "Mozilla/5.0 (iPhone; CPU iPhone OS 18_7 like Mac OS X) AppleWebKit/605.1.15 (KHTML, like Gecko) Version/26.2 Mobile/15E148 Safari/604.1"
185.202.220.178 - - [29/Jan/2026:04:36:54 -0500] "GET /templates/default_tube2019/js/bootstrap.min.js HTTP/1.1" 200 70808 "https://porn.tw/video/ellinrose-twerk-hard-on-her-purple-dildo-in-this-cam-porn-clip-3228.html" "Mozilla/5.0 (Linux; Android 10; K) AppleWebKit/537.36 (KHTML, like Gecko) Chrome/144.0.0.0 Mobile Safari/537.36"
185.202.220.178 - - [29/Jan/2026:04:36:54 -0500] "GET /templates/default_tube2019/js/lazyload.min.js HTTP/1.1" 200 2863 "https://porn.tw/video/ellinrose-twerk-hard-on-her-purple-dildo-in-this-cam-porn-clip-3228.html" "Mozilla/5.0 (Linux; Android 10; K) AppleWebKit/537.36 (KHTML, like Gecko) Chrome/144.0.0.0 Mobile Safari/537.36"
185.202.220.178 - - [29/Jan/2026:04:36:54 -0500] "GET /templates/default_tube2019/js/bootstrap-select.min.js HTTP/1.1" 200 33379 "https://porn.tw/video/ellinrose-twerk-hard-on-her-purple-dildo-in-this-cam-porn-clip-3228.html" "Mozilla/5.0 (Linux; Android 10; K) AppleWebKit/537.36 (KHTML, like Gecko) Chrome/144.0.0.0 Mobile Safari/537.36"
98.63.199.239 - - [29/Jan/2026:04:36:54 -0500] "GET /media/videos/7/6/6/4/3/766432d1932d83.mp4 HTTP/1.1" 206 134348800 "https://porn.tw/video/simone-simmons-blonde-porn-1170.html" "Mozilla/5.0 (iPhone; CPU iPhone OS 18_7 like Mac OS X) AppleWebKit/605.1.15 (KHTML, like Gecko) Version/26.2 Mobile/15E148 Safari/604.1"
98.63.199.239 - - [29/Jan/2026:04:36:54 -0500] "GET /media/videos/7/6/6/4/3/766432d1932d83.mp4 HTTP/1.1" 206 49473 "https://porn.tw/video/simone-simmons-blonde-porn-1170.html" "Mozilla/5.0 (iPhone; CPU iPhone OS 18_7 like Mac OS X) AppleWebKit/605.1.15 (KHTML, like Gecko) Version/26.2 Mobile/15E148 Safari/604.1"
185.202.220.178 - - [29/Jan/2026:04:36:54 -0500] "GET /templates/default_tube2019/js/jquery.tinyscrollbar.min.js HTTP/1.1" 200 4105 "https://porn.tw/video/ellinrose-twerk-hard-on-her-purple-dildo-in-this-cam-porn-clip-3228.html" "Mozilla/5.0 (Linux; Android 10; K) AppleWebKit/537.36 (KHTML, like Gecko) Chrome/144.0.0.0 Mobile Safari/537.36"
185.202.220.178 - - [29/Jan/2026:04:36:54 -0500] "GET /templates/default_tube2019/js/img2svg.js HTTP/1.1" 200 1613 "https://porn.tw/video/ellinrose-twerk-hard-on-her-purple-dildo-in-this-cam-porn-clip-3228.html" "Mozilla/5.0 (Linux; Android 10; K) AppleWebKit/537.36 (KHTML, like Gecko) Chrome/144.0.0.0 Mobile Safari/537.36"
98.63.199.239 - - [29/Jan/2026:04:36:54 -0500] "GET /media/videos/7/6/6/4/3/766432d1932d83.mp4 HTTP/1.1" 206 65536 "https://porn.tw/video/simone-simmons-blonde-porn-1170.html" "Mozilla/5.0 (iPhone; CPU iPhone OS 18_7 like Mac OS X) AppleWebKit/605.1.15 (KHTML, like Gecko) Version/26.2 Mobile/15E148 Safari/604.1"
185.202.220.178 - - [29/Jan/2026:04:36:55 -0500] "GET /templates/default_tube2019/js/functions.js HTTP/1.1" 200 26636 "https://porn.tw/video/ellinrose-twerk-hard-on-her-purple-dildo-in-this-cam-porn-clip-3228.html" "Mozilla/5.0 (Linux; Android 10; K) AppleWebKit/537.36 (KHTML, like Gecko) Chrome/144.0.0.0 Mobile Safari/537.36"
185.202.220.178 - - [29/Jan/2026:04:36:55 -0500] "GET /core/js/Tube.js HTTP/1.1" 200 1519 "https://porn.tw/video/ellinrose-twerk-hard-on-her-purple-dildo-in-this-cam-porn-clip-3228.html" "Mozilla/5.0 (Linux; Android 10; K) AppleWebKit/537.36 (KHTML, like Gecko) Chrome/144.0.0.0 Mobile Safari/537.36"
98.63.199.239 - - [29/Jan/2026:04:36:55 -0500] "GET /media/videos/7/6/6/4/3/766432d1932d83.mp4 HTTP/1.1" 206 65536 "https://porn.tw/video/simone-simmons-blonde-porn-1170.html" "Mozilla/5.0 (iPhone; CPU iPhone OS 18_7 like Mac OS X) AppleWebKit/605.1.15 (KHTML, like Gecko) Version/26.2 Mobile/15E148 Safari/604.1"
185.202.220.178 - - [29/Jan/2026:04:36:55 -0500] "GET /core/js/ageWarningJs.php HTTP/1.1" 200 1037 "https://porn.tw/video/ellinrose-twerk-hard-on-her-purple-dildo-in-this-cam-porn-clip-3228.html" "Mozilla/5.0 (Linux; Android 10; K) AppleWebKit/537.36 (KHTML, like Gecko) Chrome/144.0.0.0 Mobile Safari/537.36"
185.202.220.178 - - [29/Jan/2026:04:36:55 -0500] "GET /templates/default_tube2019/fonts/Roboto/Roboto-Medium.ttf HTTP/1.1" 200 172064 "https://porn.tw/templates/default_tube2019/css/styles.css" "Mozilla/5.0 (Linux; Android 10; K) AppleWebKit/537.36 (KHTML, like Gecko) Chrome/144.0.0.0 Mobile Safari/537.36"
185.202.220.178 - - [29/Jan/2026:04:36:55 -0500] "GET /templates/default_tube2019/fonts/Roboto/Roboto-Regular.ttf HTTP/1.1" 200 171676 "https://porn.tw/templates/default_tube2019/css/styles.css" "Mozilla/5.0 (Linux; Android 10; K) AppleWebKit/537.36 (KHTML, like Gecko) Chrome/144.0.0.0 Mobile Safari/537.36"
98.63.199.239 - - [29/Jan/2026:04:36:55 -0500] "GET /media/videos/7/6/6/4/3/766432d1932d83.mp4 HTTP/1.1" 206 65536 "https://porn.tw/video/simone-simmons-blonde-porn-1170.html" "Mozilla/5.0 (iPhone; CPU iPhone OS 18_7 like Mac OS X) AppleWebKit/605.1.15 (KHTML, like Gecko) Version/26.2 Mobile/15E148 Safari/604.1"
185.202.220.178 - - [29/Jan/2026:04:36:55 -0500] "GET /templates/default_tube2019/fonts/fontawesome_5.7.1/fa-solid-900.woff2 HTTP/1.1" 200 74320 "https://porn.tw/templates/default_tube2019/css/styles.css" "Mozilla/5.0 (Linux; Android 10; K) AppleWebKit/537.36 (KHTML, like Gecko) Chrome/144.0.0.0 Mobile Safari/537.36"
185.202.220.178 - - [29/Jan/2026:04:36:55 -0500] "GET /core/js/gdprJs.php HTTP/1.1" 200 1238 "https://porn.tw/video/ellinrose-twerk-hard-on-her-purple-dildo-in-this-cam-porn-clip-3228.html" "Mozilla/5.0 (Linux; Android 10; K) AppleWebKit/537.36 (KHTML, like Gecko) Chrome/144.0.0.0 Mobile Safari/537.36"
98.63.199.239 - - [29/Jan/2026:04:36:55 -0500] "GET /media/videos/7/6/6/4/3/766432d1932d83.mp4 HTTP/1.1" 206 65536 "https://porn.tw/video/simone-simmons-blonde-porn-1170.html" "Mozilla/5.0 (iPhone; CPU iPhone OS 18_7 like Mac OS X) AppleWebKit/605.1.15 (KHTML, like Gecko) Version/26.2 Mobile/15E148 Safari/604.1"
98.63.199.239 - - [29/Jan/2026:04:36:55 -0500] "GET /media/videos/7/6/6/4/3/766432d1932d83.mp4 HTTP/1.1" 206 65536 "https://porn.tw/video/simone-simmons-blonde-porn-1170.html" "Mozilla/5.0 (iPhone; CPU iPhone OS 18_7 like Mac OS X) AppleWebKit/605.1.15 (KHTML, like Gecko) Version/26.2 Mobile/15E148 Safari/604.1"
185.202.220.178 - - [29/Jan/2026:04:36:55 -0500] "GET /templates/default_tube2019/images/plus-solid.svg HTTP/1.1" 200 449 "https://porn.tw/video/ellinrose-twerk-hard-on-her-purple-dildo-in-this-cam-porn-clip-3228.html" "Mozilla/5.0 (Linux; Android 10; K) AppleWebKit/537.36 (KHTML, like Gecko) Chrome/144.0.0.0 Mobile Safari/537.36"
185.202.220.178 - - [29/Jan/2026:04:36:55 -0500] "GET /templates/default_tube2019/images/minus-solid.svg HTTP/1.1" 200 328 "https://porn.tw/video/ellinrose-twerk-hard-on-her-purple-dildo-in-this-cam-porn-clip-3228.html" "Mozilla/5.0 (Linux; Android 10; K) AppleWebKit/537.36 (KHTML, like Gecko) Chrome/144.0.0.0 Mobile Safari/537.36"
185.202.220.178 - - [29/Jan/2026:04:36:55 -0500] "GET /templates/default_tube2019/template.ajax_comments.php?id=3228&type=0&loaded=0&time=1769679417350 HTTP/1.1" 200 133 "https://porn.tw/video/ellinrose-twerk-hard-on-her-purple-dildo-in-this-cam-porn-clip-3228.html" "Mozilla/5.0 (Linux; Android 10; K) AppleWebKit/537.36 (KHTML, like Gecko) Chrome/144.0.0.0 Mobile Safari/537.36"
185.202.220.178 - - [29/Jan/2026:04:36:55 -0500] "GET /templates/default_tube2019/fonts/fontawesome_5.7.1/fa-brands-400.woff2 HTTP/1.1" 200 72148 "https://porn.tw/templates/default_tube2019/css/styles.css" "Mozilla/5.0 (Linux; Android 10; K) AppleWebKit/537.36 (KHTML, like Gecko) Chrome/144.0.0.0 Mobile Safari/537.36"
98.63.199.239 - - [29/Jan/2026:04:36:55 -0500] "GET /media/videos/7/6/6/4/3/766432d1932d83.mp4 HTTP/1.1" 206 65536 "https://porn.tw/video/simone-simmons-blonde-porn-1170.html" "Mozilla/5.0 (iPhone; CPU iPhone OS 18_7 like Mac OS X) AppleWebKit/605.1.15 (KHTML, like Gecko) Version/26.2 Mobile/15E148 Safari/604.1"
185.202.220.178 - - [29/Jan/2026:04:36:55 -0500] "GET /templates/default_tube2019/fonts/Roboto/Roboto-Black.ttf HTTP/1.1" 200 171480 "https://porn.tw/templates/default_tube2019/css/styles.css" "Mozilla/5.0 (Linux; Android 10; K) AppleWebKit/537.36 (KHTML, like Gecko) Chrome/144.0.0.0 Mobile Safari/537.36"
185.202.220.178 - - [29/Jan/2026:04:36:55 -0500] "GET /templates/default_tube2019/fonts/fontawesome_5.7.1/fa-regular-400.woff2 HTTP/1.1" 200 13608 "https://porn.tw/templates/default_tube2019/css/styles.css" "Mozilla/5.0 (Linux; Android 10; K) AppleWebKit/537.36 (KHTML, like Gecko) Chrome/144.0.0.0 Mobile Safari/537.36"
185.202.220.178 - - [29/Jan/2026:04:36:56 -0500] "GET /media/thumbs/3/6/8/2/d/3682d0bae88885.mp4/3682d0bae88885.mp4-8b.jpg HTTP/1.1" 200 63198 "https://porn.tw/video/ellinrose-twerk-hard-on-her-purple-dildo-in-this-cam-porn-clip-3228.html" "Mozilla/5.0 (Linux; Android 10; K) AppleWebKit/537.36 (KHTML, like Gecko) Chrome/144.0.0.0 Mobile Safari/537.36"
185.202.220.178 - - [29/Jan/2026:04:36:56 -0500] "GET /includes/fluidplayer/images/fluid_icons.svg HTTP/1.1" 200 18488 "https://porn.tw/includes/fluidplayer/fluidplayer.min.css" "Mozilla/5.0 (Linux; Android 10; K) AppleWebKit/537.36 (KHTML, like Gecko) Chrome/144.0.0.0 Mobile Safari/537.36"
98.63.199.239 - - [29/Jan/2026:04:36:56 -0500] "GET /media/videos/7/6/6/4/3/766432d1932d83.mp4 HTTP/1.1" 206 5767168 "https://porn.tw/video/simone-simmons-blonde-porn-1170.html" "Mozilla/5.0 (iPhone; CPU iPhone OS 18_7 like Mac OS X) AppleWebKit/605.1.15 (KHTML, like Gecko) Version/26.2 Mobile/15E148 Safari/604.1"
185.202.220.178 - - [29/Jan/2026:04:36:56 -0500] "GET /media/thumbs/3/6/8/2/d/3682d0bae88885.mp4/vtt_020.jpg HTTP/1.1" 200 5192 "https://porn.tw/video/ellinrose-twerk-hard-on-her-purple-dildo-in-this-cam-porn-clip-3228.html" "Mozilla/5.0 (Linux; Android 10; K) AppleWebKit/537.36 (KHTML, like Gecko) Chrome/144.0.0.0 Mobile Safari/537.36"
185.202.220.178 - - [29/Jan/2026:04:36:56 -0500] "GET /media/thumbs/3/6/8/2/d/3682d0bae88885.mp4/vtt_030.jpg HTTP/1.1" 200 5177 "https://porn.tw/video/ellinrose-twerk-hard-on-her-purple-dildo-in-this-cam-porn-clip-3228.html" "Mozilla/5.0 (Linux; Android 10; K) AppleWebKit/537.36 (KHTML, like Gecko) Chrome/144.0.0.0 Mobile Safari/537.36"
185.202.220.178 - - [29/Jan/2026:04:36:56 -0500] "GET /media/thumbs/3/6/8/2/d/3682d0bae88885.mp4/vtt_025.jpg HTTP/1.1" 200 5206 "https://porn.tw/video/ellinrose-twerk-hard-on-her-purple-dildo-in-this-cam-porn-clip-3228.html" "Mozilla/5.0 (Linux; Android 10; K) AppleWebKit/537.36 (KHTML, like Gecko) Chrome/144.0.0.0 Mobile Safari/537.36"
185.202.220.178 - - [29/Jan/2026:04:36:56 -0500] "GET /media/thumbs/3/6/8/2/d/3682d0bae88885.mp4/vtt_035.jpg HTTP/1.1" 200 5679 "https://porn.tw/video/ellinrose-twerk-hard-on-her-purple-dildo-in-this-cam-porn-clip-3228.html" "Mozilla/5.0 (Linux; Android 10; K) AppleWebKit/537.36 (KHTML, like Gecko) Chrome/144.0.0.0 Mobile Safari/537.36"
185.202.220.178 - - [29/Jan/2026:04:36:56 -0500] "GET /media/thumbs/3/6/8/2/d/3682d0bae88885.mp4/vtt_040.jpg HTTP/1.1" 200 4943 "https://porn.tw/video/ellinrose-twerk-hard-on-her-purple-dildo-in-this-cam-porn-clip-3228.html" "Mozilla/5.0 (Linux; Android 10; K) AppleWebKit/537.36 (KHTML, like Gecko) Chrome/144.0.0.0 Mobile Safari/537.36"
185.202.220.178 - - [29/Jan/2026:04:36:56 -0500] "GET /media/thumbs/3/6/8/2/d/3682d0bae88885.mp4/vtt_045.jpg HTTP/1.1" 200 4810 "https://porn.tw/video/ellinrose-twerk-hard-on-her-purple-dildo-in-this-cam-porn-clip-3228.html" "Mozilla/5.0 (Linux; Android 10; K) AppleWebKit/537.36 (KHTML, like Gecko) Chrome/144.0.0.0 Mobile Safari/537.36"
185.202.220.178 - - [29/Jan/2026:04:36:56 -0500] "GET /media/thumbs/3/6/8/2/d/3682d0bae88885.mp4/vtt_050.jpg HTTP/1.1" 200 4870 "https://porn.tw/video/ellinrose-twerk-hard-on-her-purple-dildo-in-this-cam-porn-clip-3228.html" "Mozilla/5.0 (Linux; Android 10; K) AppleWebKit/537.36 (KHTML, like Gecko) Chrome/144.0.0.0 Mobile Safari/537.36"
185.202.220.178 - - [29/Jan/2026:04:36:56 -0500] "GET /media/thumbs/3/6/8/2/d/3682d0bae88885.mp4/vtt_055.jpg HTTP/1.1" 200 5212 "https://porn.tw/video/ellinrose-twerk-hard-on-her-purple-dildo-in-this-cam-porn-clip-3228.html" "Mozilla/5.0 (Linux; Android 10; K) AppleWebKit/537.36 (KHTML, like Gecko) Chrome/144.0.0.0 Mobile Safari/537.36"
185.202.220.178 - - [29/Jan/2026:04:36:56 -0500] "GET /media/thumbs/3/6/8/2/d/3682d0bae88885.mp4/vtt_060.jpg HTTP/1.1" 200 5764 "https://porn.tw/video/ellinrose-twerk-hard-on-her-purple-dildo-in-this-cam-porn-clip-3228.html" "Mozilla/5.0 (Linux; Android 10; K) AppleWebKit/537.36 (KHTML, like Gecko) Chrome/144.0.0.0 Mobile Safari/537.36"
185.202.220.178 - - [29/Jan/2026:04:36:56 -0500] "GET /media/misc/653171c2a944c.jpg HTTP/1.1" 200 3209 "https://porn.tw/video/ellinrose-twerk-hard-on-her-purple-dildo-in-this-cam-porn-clip-3228.html" "Mozilla/5.0 (Linux; Android 10; K) AppleWebKit/537.36 (KHTML, like Gecko) Chrome/144.0.0.0 Mobile Safari/537.36"
98.63.199.239 - - [29/Jan/2026:04:36:56 -0500] "GET /media/videos/7/6/6/4/3/766432d1932d83.mp4 HTTP/1.1" 206 33089 "https://porn.tw/video/simone-simmons-blonde-porn-1170.html" "Mozilla/5.0 (iPhone; CPU iPhone OS 18_7 like Mac OS X) AppleWebKit/605.1.15 (KHTML, like Gecko) Version/26.2 Mobile/15E148 Safari/604.1"
185.202.220.178 - - [29/Jan/2026:04:36:56 -0500] "GET /includes/player/logo.png HTTP/1.1" 200 8496 "https://porn.tw/video/ellinrose-twerk-hard-on-her-purple-dildo-in-this-cam-porn-clip-3228.html" "Mozilla/5.0 (Linux; Android 10; K) AppleWebKit/537.36 (KHTML, like Gecko) Chrome/144.0.0.0 Mobile Safari/537.36"
185.202.220.178 - - [29/Jan/2026:04:36:56 -0500] "GET /templates/default_tube2019/images/ad-280.png HTTP/1.1" 200 73287 "https://porn.tw/video/ellinrose-twerk-hard-on-her-purple-dildo-in-this-cam-porn-clip-3228.html" "Mozilla/5.0 (Linux; Android 10; K) AppleWebKit/537.36 (KHTML, like Gecko) Chrome/144.0.0.0 Mobile Safari/537.36"
98.63.199.239 - - [29/Jan/2026:04:36:56 -0500] "GET /media/videos/7/6/6/4/3/766432d1932d83.mp4 HTTP/1.1" 206 65536 "https://porn.tw/video/simone-simmons-blonde-porn-1170.html" "Mozilla/5.0 (iPhone; CPU iPhone OS 18_7 like Mac OS X) AppleWebKit/605.1.15 (KHTML, like Gecko) Version/26.2 Mobile/15E148 Safari/604.1"
185.202.220.178 - - [29/Jan/2026:04:36:56 -0500] "GET /templates/default_tube2019/images/ad-280-2.png HTTP/1.1" 200 98354 "https://porn.tw/video/ellinrose-twerk-hard-on-her-purple-dildo-in-this-cam-porn-clip-3228.html" "Mozilla/5.0 (Linux; Android 10; K) AppleWebKit/537.36 (KHTML, like Gecko) Chrome/144.0.0.0 Mobile Safari/537.36"
98.63.199.239 - - [29/Jan/2026:04:36:56 -0500] "GET /media/videos/7/6/6/4/3/766432d1932d83.mp4 HTTP/1.1" 206 327680 "https://porn.tw/video/simone-simmons-blonde-porn-1170.html" "Mozilla/5.0 (iPhone; CPU iPhone OS 18_7 like Mac OS X) AppleWebKit/605.1.15 (KHTML, like Gecko) Version/26.2 Mobile/15E148 Safari/604.1"
98.63.199.239 - - [29/Jan/2026:04:36:57 -0500] "GET /media/videos/7/6/6/4/3/766432d1932d83.mp4 HTTP/1.1" 206 65536 "https://porn.tw/video/simone-simmons-blonde-porn-1170.html" "Mozilla/5.0 (iPhone; CPU iPhone OS 18_7 like Mac OS X) AppleWebKit/605.1.15 (KHTML, like Gecko) Version/26.2 Mobile/15E148 Safari/604.1"
98.63.199.239 - - [29/Jan/2026:04:36:57 -0500] "GET /media/videos/7/6/6/4/3/766432d1932d83.mp4 HTTP/1.1" 206 65536 "https://porn.tw/video/simone-simmons-blonde-porn-1170.html" "Mozilla/5.0 (iPhone; CPU iPhone OS 18_7 like Mac OS X) AppleWebKit/605.1.15 (KHTML, like Gecko) Version/26.2 Mobile/15E148 Safari/604.1"
185.202.220.178 - - [29/Jan/2026:04:36:57 -0500] "GET /templates/default_tube2019/images/ad-280-3.png HTTP/1.1" 200 116616 "https://porn.tw/video/ellinrose-twerk-hard-on-her-purple-dildo-in-this-cam-porn-clip-3228.html" "Mozilla/5.0 (Linux; Android 10; K) AppleWebKit/537.36 (KHTML, like Gecko) Chrome/144.0.0.0 Mobile Safari/537.36"
185.202.220.178 - - [29/Jan/2026:04:36:57 -0500] "GET /media/thumbs/7/6/8/3/0/768300f8d44c74.mp4/768300f8d44c74.mp4-3.jpg HTTP/1.1" 200 8489 "https://porn.tw/video/ellinrose-twerk-hard-on-her-purple-dildo-in-this-cam-porn-clip-3228.html" "Mozilla/5.0 (Linux; Android 10; K) AppleWebKit/537.36 (KHTML, like Gecko) Chrome/144.0.0.0 Mobile Safari/537.36"
98.63.199.239 - - [29/Jan/2026:04:36:57 -0500] "GET /media/videos/7/6/6/4/3/766432d1932d83.mp4 HTTP/1.1" 206 65536 "https://porn.tw/video/simone-simmons-blonde-porn-1170.html" "Mozilla/5.0 (iPhone; CPU iPhone OS 18_7 like Mac OS X) AppleWebKit/605.1.15 (KHTML, like Gecko) Version/26.2 Mobile/15E148 Safari/604.1"
98.63.199.239 - - [29/Jan/2026:04:36:57 -0500] "GET /media/videos/7/6/6/4/3/766432d1932d83.mp4 HTTP/1.1" 206 196608 "https://porn.tw/video/simone-simmons-blonde-porn-1170.html" "Mozilla/5.0 (iPhone; CPU iPhone OS 18_7 like Mac OS X) AppleWebKit/605.1.15 (KHTML, like Gecko) Version/26.2 Mobile/15E148 Safari/604.1"
185.202.220.178 - - [29/Jan/2026:04:36:57 -0500] "GET /media/thumbs/1/9/6/8/0/19680a1374a97d9.mp4/19680a1374a97d9.mp4-3.jpg HTTP/1.1" 200 13301 "https://porn.tw/video/ellinrose-twerk-hard-on-her-purple-dildo-in-this-cam-porn-clip-3228.html" "Mozilla/5.0 (Linux; Android 10; K) AppleWebKit/537.36 (KHTML, like Gecko) Chrome/144.0.0.0 Mobile Safari/537.36"
98.63.199.239 - - [29/Jan/2026:04:36:57 -0500] "GET /media/videos/7/6/6/4/3/766432d1932d83.mp4 HTTP/1.1" 206 65536 "https://porn.tw/video/simone-simmons-blonde-porn-1170.html" "Mozilla/5.0 (iPhone; CPU iPhone OS 18_7 like Mac OS X) AppleWebKit/605.1.15 (KHTML, like Gecko) Version/26.2 Mobile/15E148 Safari/604.1"
185.202.220.178 - - [29/Jan/2026:04:36:57 -0500] "GET /media/thumbs/7/6/8/2/d/7682da859a090c.mp4/7682da859a090c.mp4-8.jpg HTTP/1.1" 200 11441 "https://porn.tw/video/ellinrose-twerk-hard-on-her-purple-dildo-in-this-cam-porn-clip-3228.html" "Mozilla/5.0 (Linux; Android 10; K) AppleWebKit/537.36 (KHTML, like Gecko) Chrome/144.0.0.0 Mobile Safari/537.36"
98.63.199.239 - - [29/Jan/2026:04:36:57 -0500] "GET /media/videos/7/6/6/4/3/766432d1932d83.mp4 HTTP/1.1" 206 5259583 "https://porn.tw/video/simone-simmons-blonde-porn-1170.html" "Mozilla/5.0 (iPhone; CPU iPhone OS 18_7 like Mac OS X) AppleWebKit/605.1.15 (KHTML, like Gecko) Version/26.2 Mobile/15E148 Safari/604.1"
98.63.199.239 - - [29/Jan/2026:04:36:57 -0500] "GET /media/videos/7/6/6/4/3/766432d1932d83.mp4 HTTP/1.1" 206 65536 "https://porn.tw/video/simone-simmons-blonde-porn-1170.html" "Mozilla/5.0 (iPhone; CPU iPhone OS 18_7 like Mac OS X) AppleWebKit/605.1.15 (KHTML, like Gecko) Version/26.2 Mobile/15E148 Safari/604.1"
185.202.220.178 - - [29/Jan/2026:04:36:57 -0500] "GET /media/thumbs/3/6/8/2/d/3682d2febb89d1.mp4/3682d2febb89d1.mp4-3.jpg HTTP/1.1" 200 10466 "https://porn.tw/video/ellinrose-twerk-hard-on-her-purple-dildo-in-this-cam-porn-clip-3228.html" "Mozilla/5.0 (Linux; Android 10; K) AppleWebKit/537.36 (KHTML, like Gecko) Chrome/144.0.0.0 Mobile Safari/537.36"
98.63.199.239 - - [29/Jan/2026:04:36:57 -0500] "GET /media/videos/7/6/6/4/3/766432d1932d83.mp4 HTTP/1.1" 206 65536 "https://porn.tw/video/simone-simmons-blonde-porn-1170.html" "Mozilla/5.0 (iPhone; CPU iPhone OS 18_7 like Mac OS X) AppleWebKit/605.1.15 (KHTML, like Gecko) Version/26.2 Mobile/15E148 Safari/604.1"
98.63.199.239 - - [29/Jan/2026:04:36:57 -0500] "GET /media/videos/7/6/6/4/3/766432d1932d83.mp4 HTTP/1.1" 206 65536 "https://porn.tw/video/simone-simmons-blonde-porn-1170.html" "Mozilla/5.0 (iPhone; CPU iPhone OS 18_7 like Mac OS X) AppleWebKit/605.1.15 (KHTML, like Gecko) Version/26.2 Mobile/15E148 Safari/604.1"
185.202.220.178 - - [29/Jan/2026:04:36:57 -0500] "GET /media/thumbs/1/1/1/6/8/1116828a33d96313.mp4/1116828a33d96313.mp4-3.jpg HTTP/1.1" 200 15001 "https://porn.tw/video/ellinrose-twerk-hard-on-her-purple-dildo-in-this-cam-porn-clip-3228.html" "Mozilla/5.0 (Linux; Android 10; K) AppleWebKit/537.36 (KHTML, like Gecko) Chrome/144.0.0.0 Mobile Safari/537.36"
185.202.220.178 - - [29/Jan/2026:04:36:57 -0500] "GET /media/thumbs/3/6/8/2/9/3682952cf1deeb.mp4/3682952cf1deeb.mp4-3.jpg HTTP/1.1" 200 11624 "https://porn.tw/video/ellinrose-twerk-hard-on-her-purple-dildo-in-this-cam-porn-clip-3228.html" "Mozilla/5.0 (Linux; Android 10; K) AppleWebKit/537.36 (KHTML, like Gecko) Chrome/144.0.0.0 Mobile Safari/537.36"
185.202.220.178 - - [29/Jan/2026:04:36:57 -0500] "GET /media/thumbs/1/1/1/6/8/111682f446b9e2bc.mp4/111682f446b9e2bc.mp4-3.jpg HTTP/1.1" 200 11778 "https://porn.tw/video/ellinrose-twerk-hard-on-her-purple-dildo-in-this-cam-porn-clip-3228.html" "Mozilla/5.0 (Linux; Android 10; K) AppleWebKit/537.36 (KHTML, like Gecko) Chrome/144.0.0.0 Mobile Safari/537.36"
185.202.220.178 - - [29/Jan/2026:04:36:57 -0500] "GET /media/thumbs/3/6/7/9/c/3679ce57db111d.mp4/3679ce57db111d.mp4-5.jpg HTTP/1.1" 200 9549 "https://porn.tw/video/ellinrose-twerk-hard-on-her-purple-dildo-in-this-cam-porn-clip-3228.html" "Mozilla/5.0 (Linux; Android 10; K) AppleWebKit/537.36 (KHTML, like Gecko) Chrome/144.0.0.0 Mobile Safari/537.36"
185.202.220.178 - - [29/Jan/2026:04:36:57 -0500] "GET /media/thumbs/1/0/0/6/8/100682aa548bdfb5.mp4/100682aa548bdfb5.mp4-3.jpg HTTP/1.1" 200 9740 "https://porn.tw/video/ellinrose-twerk-hard-on-her-purple-dildo-in-this-cam-porn-clip-3228.html" "Mozilla/5.0 (Linux; Android 10; K) AppleWebKit/537.36 (KHTML, like Gecko) Chrome/144.0.0.0 Mobile Safari/537.36"
98.63.199.239 - - [29/Jan/2026:04:36:58 -0500] "GET /media/videos/7/6/6/4/3/766432d1932d83.mp4 HTTP/1.1" 206 65536 "https://porn.tw/video/simone-simmons-blonde-porn-1170.html" "Mozilla/5.0 (iPhone; CPU iPhone OS 18_7 like Mac OS X) AppleWebKit/605.1.15 (KHTML, like Gecko) Version/26.2 Mobile/15E148 Safari/604.1"
185.202.220.178 - - [29/Jan/2026:04:36:58 -0500] "GET /media/thumbs/1/0/6/6/8/10668066e8b0f3c4.mp4/10668066e8b0f3c4.mp4-3.jpg HTTP/1.1" 200 8758 "https://porn.tw/video/ellinrose-twerk-hard-on-her-purple-dildo-in-this-cam-porn-clip-3228.html" "Mozilla/5.0 (Linux; Android 10; K) AppleWebKit/537.36 (KHTML, like Gecko) Chrome/144.0.0.0 Mobile Safari/537.36"
185.202.220.178 - - [29/Jan/2026:04:36:58 -0500] "GET /media/thumbs/1/0/4/6/8/104682958c7d2c12.mp4/104682958c7d2c12.mp4-3.jpg HTTP/1.1" 200 10869 "https://porn.tw/video/ellinrose-twerk-hard-on-her-purple-dildo-in-this-cam-porn-clip-3228.html" "Mozilla/5.0 (Linux; Android 10; K) AppleWebKit/537.36 (KHTML, like Gecko) Chrome/144.0.0.0 Mobile Safari/537.36"
185.202.220.178 - - [29/Jan/2026:04:36:58 -0500] "GET /media/thumbs/7/6/8/2/d/7682d8726aa836.mp4/7682d8726aa836.mp4-1.jpg HTTP/1.1" 200 11931 "https://porn.tw/video/ellinrose-twerk-hard-on-her-purple-dildo-in-this-cam-porn-clip-3228.html" "Mozilla/5.0 (Linux; Android 10; K) AppleWebKit/537.36 (KHTML, like Gecko) Chrome/144.0.0.0 Mobile Safari/537.36"
98.63.199.239 - - [29/Jan/2026:04:36:58 -0500] "GET /media/videos/7/6/6/4/3/766432d1932d83.mp4 HTTP/1.1" 206 65536 "https://porn.tw/video/simone-simmons-blonde-porn-1170.html" "Mozilla/5.0 (iPhone; CPU iPhone OS 18_7 like Mac OS X) AppleWebKit/605.1.15 (KHTML, like Gecko) Version/26.2 Mobile/15E148 Safari/604.1"
98.63.199.239 - - [29/Jan/2026:04:36:58 -0500] "GET /media/videos/7/6/6/4/3/766432d1932d83.mp4 HTTP/1.1" 206 65536 "https://porn.tw/video/simone-simmons-blonde-porn-1170.html" "Mozilla/5.0 (iPhone; CPU iPhone OS 18_7 like Mac OS X) AppleWebKit/605.1.15 (KHTML, like Gecko) Version/26.2 Mobile/15E148 Safari/604.1"
185.202.220.178 - - [29/Jan/2026:04:36:58 -0500] "GET /media/thumbs/2/6/6/7/9/2667970184ee03e.mp4/2667970184ee03e.mp4-7.jpg HTTP/1.1" 200 12042 "https://porn.tw/video/ellinrose-twerk-hard-on-her-purple-dildo-in-this-cam-porn-clip-3228.html" "Mozilla/5.0 (Linux; Android 10; K) AppleWebKit/537.36 (KHTML, like Gecko) Chrome/144.0.0.0 Mobile Safari/537.36"
185.202.220.178 - - [29/Jan/2026:04:36:58 -0500] "GET /media/thumbs/7/6/8/2/e/7682e4b9eec578.mp4/7682e4b9eec578.mp4-3.jpg HTTP/1.1" 200 12749 "https://porn.tw/video/ellinrose-twerk-hard-on-her-purple-dildo-in-this-cam-porn-clip-3228.html" "Mozilla/5.0 (Linux; Android 10; K) AppleWebKit/537.36 (KHTML, like Gecko) Chrome/144.0.0.0 Mobile Safari/537.36"
185.202.220.178 - - [29/Jan/2026:04:36:58 -0500] "GET /media/thumbs/8/1/6/7/4/816749f8bdab639.mp4/816749f8bdab639.mp4-6.jpg HTTP/1.1" 200 10536 "https://porn.tw/video/ellinrose-twerk-hard-on-her-purple-dildo-in-this-cam-porn-clip-3228.html" "Mozilla/5.0 (Linux; Android 10; K) AppleWebKit/537.36 (KHTML, like Gecko) Chrome/144.0.0.0 Mobile Safari/537.36"
98.63.199.239 - - [29/Jan/2026:04:36:58 -0500] "GET /media/videos/7/6/6/4/3/766432d1932d83.mp4 HTTP/1.1" 206 65536 "https://porn.tw/video/simone-simmons-blonde-porn-1170.html" "Mozilla/5.0 (iPhone; CPU iPhone OS 18_7 like Mac OS X) AppleWebKit/605.1.15 (KHTML, like Gecko) Version/26.2 Mobile/15E148 Safari/604.1"
185.202.220.178 - - [29/Jan/2026:04:36:58 -0500] "GET /includes/fluidplayer//scripts/webvtt.min.js HTTP/1.1" 200 8856 "https://porn.tw/video/ellinrose-twerk-hard-on-her-purple-dildo-in-this-cam-porn-clip-3228.html" "Mozilla/5.0 (Linux; Android 10; K) AppleWebKit/537.36 (KHTML, like Gecko) Chrome/144.0.0.0 Mobile Safari/537.36"
185.202.220.178 - - [29/Jan/2026:04:36:58 -0500] "GET /includes/fluidplayer//scripts/vtt.js HTTP/1.1" 200 140908 "https://porn.tw/video/ellinrose-twerk-hard-on-her-purple-dildo-in-this-cam-porn-clip-3228.html" "Mozilla/5.0 (Linux; Android 10; K) AppleWebKit/537.36 (KHTML, like Gecko) Chrome/144.0.0.0 Mobile Safari/537.36"
98.63.199.239 - - [29/Jan/2026:04:36:58 -0500] "GET /media/videos/7/6/6/4/3/766432d1932d83.mp4 HTTP/1.1" 206 65536 "https://porn.tw/video/simone-simmons-blonde-porn-1170.html" "Mozilla/5.0 (iPhone; CPU iPhone OS 18_7 like Mac OS X) AppleWebKit/605.1.15 (KHTML, like Gecko) Version/26.2 Mobile/15E148 Safari/604.1"
185.202.220.178 - - [29/Jan/2026:04:36:58 -0500] "GET /webvtt/3228.vtt HTTP/1.1" 200 5993 "https://porn.tw/video/ellinrose-twerk-hard-on-her-purple-dildo-in-this-cam-porn-clip-3228.html" "Mozilla/5.0 (Linux; Android 10; K) AppleWebKit/537.36 (KHTML, like Gecko) Chrome/144.0.0.0 Mobile Safari/537.36"
98.63.199.239 - - [29/Jan/2026:04:36:58 -0500] "GET /media/videos/7/6/6/4/3/766432d1932d83.mp4 HTTP/1.1" 206 65536 "https://porn.tw/video/simone-simmons-blonde-porn-1170.html" "Mozilla/5.0 (iPhone; CPU iPhone OS 18_7 like Mac OS X) AppleWebKit/605.1.15 (KHTML, like Gecko) Version/26.2 Mobile/15E148 Safari/604.1"
185.202.220.178 - - [29/Jan/2026:04:36:58 -0500] "GET /templates/default_tube2019/images/touch/chrome-touch-icon-192x192.png HTTP/1.1" 200 12951 "https://porn.tw/video/ellinrose-twerk-hard-on-her-purple-dildo-in-this-cam-porn-clip-3228.html" "Mozilla/5.0 (Linux; Android 10; K) AppleWebKit/537.36 (KHTML, like Gecko) Chrome/144.0.0.0 Mobile Safari/537.36"
185.202.220.178 - - [29/Jan/2026:04:36:58 -0500] "GET /templates/default_tube2019/iimages/touch/apple-touch-icon.png HTTP/1.1" 404 6804 "https://porn.tw/video/ellinrose-twerk-hard-on-her-purple-dildo-in-this-cam-porn-clip-3228.html" "Mozilla/5.0 (Linux; Android 10; K) AppleWebKit/537.36 (KHTML, like Gecko) Chrome/144.0.0.0 Mobile Safari/537.36"
98.63.199.239 - - [29/Jan/2026:04:36:58 -0500] "GET /media/videos/7/6/6/4/3/766432d1932d83.mp4 HTTP/1.1" 206 65536 "https://porn.tw/video/simone-simmons-blonde-porn-1170.html" "Mozilla/5.0 (iPhone; CPU iPhone OS 18_7 like Mac OS X) AppleWebKit/605.1.15 (KHTML, like Gecko) Version/26.2 Mobile/15E148 Safari/604.1"
98.63.199.239 - - [29/Jan/2026:04:36:59 -0500] "GET /media/videos/7/6/6/4/3/766432d1932d83.mp4 HTTP/1.1" 206 65536 "https://porn.tw/video/simone-simmons-blonde-porn-1170.html" "Mozilla/5.0 (iPhone; CPU iPhone OS 18_7 like Mac OS X) AppleWebKit/605.1.15 (KHTML, like Gecko) Version/26.2 Mobile/15E148 Safari/604.1"
98.63.199.239 - - [29/Jan/2026:04:36:59 -0500] "GET /media/videos/7/6/6/4/3/766432d1932d83.mp4 HTTP/1.1" 206 65536 "https://porn.tw/video/simone-simmons-blonde-porn-1170.html" "Mozilla/5.0 (iPhone; CPU iPhone OS 18_7 like Mac OS X) AppleWebKit/605.1.15 (KHTML, like Gecko) Version/26.2 Mobile/15E148 Safari/604.1"
98.63.199.239 - - [29/Jan/2026:04:36:59 -0500] "GET /media/videos/7/6/6/4/3/766432d1932d83.mp4 HTTP/1.1" 206 65536 "https://porn.tw/video/simone-simmons-blonde-porn-1170.html" "Mozilla/5.0 (iPhone; CPU iPhone OS 18_7 like Mac OS X) AppleWebKit/605.1.15 (KHTML, like Gecko) Version/26.2 Mobile/15E148 Safari/604.1"
98.63.199.239 - - [29/Jan/2026:04:36:59 -0500] "GET /media/videos/7/6/6/4/3/766432d1932d83.mp4 HTTP/1.1" 206 65536 "https://porn.tw/video/simone-simmons-blonde-porn-1170.html" "Mozilla/5.0 (iPhone; CPU iPhone OS 18_7 like Mac OS X) AppleWebKit/605.1.15 (KHTML, like Gecko) Version/26.2 Mobile/15E148 Safari/604.1"
98.63.199.239 - - [29/Jan/2026:04:36:59 -0500] "GET /media/videos/7/6/6/4/3/766432d1932d83.mp4 HTTP/1.1" 206 128843776 "https://porn.tw/video/simone-simmons-blonde-porn-1170.html" "Mozilla/5.0 (iPhone; CPU iPhone OS 18_7 like Mac OS X) AppleWebKit/605.1.15 (KHTML, like Gecko) Version/26.2 Mobile/15E148 Safari/604.1"
98.63.199.239 - - [29/Jan/2026:04:37:00 -0500] "GET /media/videos/7/6/6/4/3/766432d1932d83.mp4 HTTP/1.1" 206 131072 "https://porn.tw/video/simone-simmons-blonde-porn-1170.html" "Mozilla/5.0 (iPhone; CPU iPhone OS 18_7 like Mac OS X) AppleWebKit/605.1.15 (KHTML, like Gecko) Version/26.2 Mobile/15E148 Safari/604.1"
98.63.199.239 - - [29/Jan/2026:04:37:01 -0500] "GET /media/videos/7/6/6/4/3/766432d1932d83.mp4 HTTP/1.1" 206 65536 "https://porn.tw/video/simone-simmons-blonde-porn-1170.html" "Mozilla/5.0 (iPhone; CPU iPhone OS 18_7 like Mac OS X) AppleWebKit/605.1.15 (KHTML, like Gecko) Version/26.2 Mobile/15E148 Safari/604.1"
154.54.249.200 - - [29/Jan/2026:04:37:01 -0500] "GET /index.php/tag/nikki-bender/page11.html HTTP/1.1" 200 98326 "-" "Mozilla/5.0 (compatible; Barkrowler/0.9; +https://babbar.tech/crawler)"
98.63.199.239 - - [29/Jan/2026:04:37:01 -0500] "GET /media/videos/7/6/6/4/3/766432d1932d83.mp4 HTTP/1.1" 206 65536 "https://porn.tw/video/simone-simmons-blonde-porn-1170.html" "Mozilla/5.0 (iPhone; CPU iPhone OS 18_7 like Mac OS X) AppleWebKit/605.1.15 (KHTML, like Gecko) Version/26.2 Mobile/15E148 Safari/604.1"
98.63.199.239 - - [29/Jan/2026:04:37:01 -0500] "GET /media/videos/7/6/6/4/3/766432d1932d83.mp4 HTTP/1.1" 206 65536 "https://porn.tw/video/simone-simmons-blonde-porn-1170.html" "Mozilla/5.0 (iPhone; CPU iPhone OS 18_7 like Mac OS X) AppleWebKit/605.1.15 (KHTML, like Gecko) Version/26.2 Mobile/15E148 Safari/604.1"
220.181.108.103 - - [29/Jan/2026:04:37:01 -0500] "GET /search/anal-dildo/page2.html HTTP/1.1" 403 - "-" "Mozilla/5.0 (compatible; Baiduspider/2.0; +http://www.baidu.com/search/spider.html)"
98.63.199.239 - - [29/Jan/2026:04:37:01 -0500] "GET /media/videos/7/6/6/4/3/766432d1932d83.mp4 HTTP/1.1" 206 65536 "https://porn.tw/video/simone-simmons-blonde-porn-1170.html" "Mozilla/5.0 (iPhone; CPU iPhone OS 18_7 like Mac OS X) AppleWebKit/605.1.15 (KHTML, like Gecko) Version/26.2 Mobile/15E148 Safari/604.1"
98.63.199.239 - - [29/Jan/2026:04:37:01 -0500] "GET /media/videos/7/6/6/4/3/766432d1932d83.mp4 HTTP/1.1" 206 65536 "https://porn.tw/video/simone-simmons-blonde-porn-1170.html" "Mozilla/5.0 (iPhone; CPU iPhone OS 18_7 like Mac OS X) AppleWebKit/605.1.15 (KHTML, like Gecko) Version/26.2 Mobile/15E148 Safari/604.1"
98.63.199.239 - - [29/Jan/2026:04:37:01 -0500] "GET /media/videos/7/6/6/4/3/766432d1932d83.mp4 HTTP/1.1" 206 125878593 "https://porn.tw/video/simone-simmons-blonde-porn-1170.html" "Mozilla/5.0 (iPhone; CPU iPhone OS 18_7 like Mac OS X) AppleWebKit/605.1.15 (KHTML, like Gecko) Version/26.2 Mobile/15E148 Safari/604.1"
220.181.51.92 - - [29/Jan/2026:04:37:03 -0500] "GET /search/anal-dildo/page2.html HTTP/1.1" 200 72070 "-" "Mozilla/5.0 (Windows NT 10.0; WOW64) AppleWebKit/537.36 (KHTML, like Gecko) Chrome/48.0.2564.116 Safari/537.36"
217.113.194.81 - - [29/Jan/2026:04:37:10 -0500] "GET /search/submissive-babe/rating/page7.html HTTP/1.1" 200 73603 "-" "Mozilla/5.0 (compatible; Barkrowler/0.9; +https://babbar.tech/crawler)"
98.63.199.239 - - [29/Jan/2026:04:37:13 -0500] "GET /media/videos/7/6/6/4/3/766432d1932d83.mp4 HTTP/1.1" 206 80478208 "https://porn.tw/video/simone-simmons-blonde-porn-1170.html" "Mozilla/5.0 (iPhone; CPU iPhone OS 18_7 like Mac OS X) AppleWebKit/605.1.15 (KHTML, like Gecko) Version/26.2 Mobile/15E148 Safari/604.1"
217.113.194.76 - - [29/Jan/2026:04:37:16 -0500] "GET /index.php/tag/nikki-bender/page12.html HTTP/1.1" 200 98326 "-" "Mozilla/5.0 (compatible; Barkrowler/0.9; +https://babbar.tech/crawler)"
98.63.199.239 - - [29/Jan/2026:04:37:17 -0500] "GET /media/videos/7/6/6/4/3/766432d1932d83.mp4 HTTP/1.1" 206 76152832 "https://porn.tw/video/simone-simmons-blonde-porn-1170.html" "Mozilla/5.0 (iPhone; CPU iPhone OS 18_7 like Mac OS X) AppleWebKit/605.1.15 (KHTML, like Gecko) Version/26.2 Mobile/15E148 Safari/604.1"
98.63.199.239 - - [29/Jan/2026:04:37:22 -0500] "GET /media/videos/7/6/6/4/3/766432d1932d83.mp4 HTTP/1.1" 206 69206016 "https://porn.tw/video/simone-simmons-blonde-porn-1170.html" "Mozilla/5.0 (iPhone; CPU iPhone OS 18_7 like Mac OS X) AppleWebKit/605.1.15 (KHTML, like Gecko) Version/26.2 Mobile/15E148 Safari/604.1"
98.63.199.239 - - [29/Jan/2026:04:37:24 -0500] "GET /media/videos/7/6/6/4/3/766432d1932d83.mp4 HTTP/1.1" 206 65536000 "https://porn.tw/video/simone-simmons-blonde-porn-1170.html" "Mozilla/5.0 (iPhone; CPU iPhone OS 18_7 like Mac OS X) AppleWebKit/605.1.15 (KHTML, like Gecko) Version/26.2 Mobile/15E148 Safari/604.1"
217.113.194.72 - - [29/Jan/2026:04:37:25 -0500] "GET /search/hally_thonz/newest/ HTTP/1.1" 200 19925 "-" "Mozilla/5.0 (compatible; Barkrowler/0.9; +https://babbar.tech/crawler)"
98.63.199.239 - - [29/Jan/2026:04:37:26 -0500] "GET /media/videos/7/6/6/4/3/766432d1932d83.mp4 HTTP/1.1" 206 61865984 "https://porn.tw/video/simone-simmons-blonde-porn-1170.html" "Mozilla/5.0 (iPhone; CPU iPhone OS 18_7 like Mac OS X) AppleWebKit/605.1.15 (KHTML, like Gecko) Version/26.2 Mobile/15E148 Safari/604.1"
98.63.199.239 - - [29/Jan/2026:04:37:29 -0500] "GET /media/videos/7/6/6/4/3/766432d1932d83.mp4 HTTP/1.1" 206 58851328 "https://porn.tw/video/simone-simmons-blonde-porn-1170.html" "Mozilla/5.0 (iPhone; CPU iPhone OS 18_7 like Mac OS X) AppleWebKit/605.1.15 (KHTML, like Gecko) Version/26.2 Mobile/15E148 Safari/604.1"
98.63.199.239 - - [29/Jan/2026:04:37:31 -0500] "GET /media/videos/7/6/6/4/3/766432d1932d83.mp4 HTTP/1.1" 206 65536 "https://porn.tw/video/simone-simmons-blonde-porn-1170.html" "Mozilla/5.0 (iPhone; CPU iPhone OS 18_7 like Mac OS X) AppleWebKit/605.1.15 (KHTML, like Gecko) Version/26.2 Mobile/15E148 Safari/604.1"
98.63.199.239 - - [29/Jan/2026:04:37:31 -0500] "GET /media/videos/7/6/6/4/3/766432d1932d83.mp4 HTTP/1.1" 206 65536 "https://porn.tw/video/simone-simmons-blonde-porn-1170.html" "Mozilla/5.0 (iPhone; CPU iPhone OS 18_7 like Mac OS X) AppleWebKit/605.1.15 (KHTML, like Gecko) Version/26.2 Mobile/15E148 Safari/604.1"
98.63.199.239 - - [29/Jan/2026:04:37:32 -0500] "GET /media/videos/7/6/6/4/3/766432d1932d83.mp4 HTTP/1.1" 206 65536 "https://porn.tw/video/simone-simmons-blonde-porn-1170.html" "Mozilla/5.0 (iPhone; CPU iPhone OS 18_7 like Mac OS X) AppleWebKit/605.1.15 (KHTML, like Gecko) Version/26.2 Mobile/15E148 Safari/604.1"
98.63.199.239 - - [29/Jan/2026:04:37:32 -0500] "GET /media/videos/7/6/6/4/3/766432d1932d83.mp4 HTTP/1.1" 206 65536 "https://porn.tw/video/simone-simmons-blonde-porn-1170.html" "Mozilla/5.0 (iPhone; CPU iPhone OS 18_7 like Mac OS X) AppleWebKit/605.1.15 (KHTML, like Gecko) Version/26.2 Mobile/15E148 Safari/604.1"
98.63.199.239 - - [29/Jan/2026:04:37:32 -0500] "GET /media/videos/7/6/6/4/3/766432d1932d83.mp4 HTTP/1.1" 206 65536 "https://porn.tw/video/simone-simmons-blonde-porn-1170.html" "Mozilla/5.0 (iPhone; CPU iPhone OS 18_7 like Mac OS X) AppleWebKit/605.1.15 (KHTML, like Gecko) Version/26.2 Mobile/15E148 Safari/604.1"
98.63.199.239 - - [29/Jan/2026:04:37:32 -0500] "GET /media/videos/7/6/6/4/3/766432d1932d83.mp4 HTTP/1.1" 206 65536 "https://porn.tw/video/simone-simmons-blonde-porn-1170.html" "Mozilla/5.0 (iPhone; CPU iPhone OS 18_7 like Mac OS X) AppleWebKit/605.1.15 (KHTML, like Gecko) Version/26.2 Mobile/15E148 Safari/604.1"
98.63.199.239 - - [29/Jan/2026:04:37:32 -0500] "GET /media/videos/7/6/6/4/3/766432d1932d83.mp4 HTTP/1.1" 206 65536 "https://porn.tw/video/simone-simmons-blonde-porn-1170.html" "Mozilla/5.0 (iPhone; CPU iPhone OS 18_7 like Mac OS X) AppleWebKit/605.1.15 (KHTML, like Gecko) Version/26.2 Mobile/15E148 Safari/604.1"
98.63.199.239 - - [29/Jan/2026:04:37:32 -0500] "GET /media/videos/7/6/6/4/3/766432d1932d83.mp4 HTTP/1.1" 206 65536 "https://porn.tw/video/simone-simmons-blonde-porn-1170.html" "Mozilla/5.0 (iPhone; CPU iPhone OS 18_7 like Mac OS X) AppleWebKit/605.1.15 (KHTML, like Gecko) Version/26.2 Mobile/15E148 Safari/604.1"
98.63.199.239 - - [29/Jan/2026:04:37:32 -0500] "GET /media/videos/7/6/6/4/3/766432d1932d83.mp4 HTTP/1.1" 206 4456448 "https://porn.tw/video/simone-simmons-blonde-porn-1170.html" "Mozilla/5.0 (iPhone; CPU iPhone OS 18_7 like Mac OS X) AppleWebKit/605.1.15 (KHTML, like Gecko) Version/26.2 Mobile/15E148 Safari/604.1"
114.119.150.49 - - [29/Jan/2026:04:37:32 -0500] "GET /uploads-by-user/104/ HTTP/1.1" 200 58000 "https://porn.tw/uploads-by-user/104/" "Mozilla/5.0 (Linux; Android 7.0;) AppleWebKit/537.36 (KHTML, like Gecko) Mobile Safari/537.36 (compatible; PetalBot;+https://webmaster.petalsearch.com/site/petalbot)"
217.113.194.81 - - [29/Jan/2026:04:37:32 -0500] "GET /index.php/tag/beauty-4-ever/page14.html HTTP/1.1" 200 98327 "-" "Mozilla/5.0 (compatible; Barkrowler/0.9; +https://babbar.tech/crawler)"
98.63.199.239 - - [29/Jan/2026:04:37:33 -0500] "GET /media/videos/7/6/6/4/3/766432d1932d83.mp4 HTTP/1.1" 206 1966080 "https://porn.tw/video/simone-simmons-blonde-porn-1170.html" "Mozilla/5.0 (iPhone; CPU iPhone OS 18_7 like Mac OS X) AppleWebKit/605.1.15 (KHTML, like Gecko) Version/26.2 Mobile/15E148 Safari/604.1"
98.63.199.239 - - [29/Jan/2026:04:37:34 -0500] "GET /media/videos/7/6/6/4/3/766432d1932d83.mp4 HTTP/1.1" 206 131072 "https://porn.tw/video/simone-simmons-blonde-porn-1170.html" "Mozilla/5.0 (iPhone; CPU iPhone OS 18_7 like Mac OS X) AppleWebKit/605.1.15 (KHTML, like Gecko) Version/26.2 Mobile/15E148 Safari/604.1"
98.63.199.239 - - [29/Jan/2026:04:37:34 -0500] "GET /media/videos/7/6/6/4/3/766432d1932d83.mp4 HTTP/1.1" 206 53805056 "https://porn.tw/video/simone-simmons-blonde-porn-1170.html" "Mozilla/5.0 (iPhone; CPU iPhone OS 18_7 like Mac OS X) AppleWebKit/605.1.15 (KHTML, like Gecko) Version/26.2 Mobile/15E148 Safari/604.1"
98.63.199.239 - - [29/Jan/2026:04:37:38 -0500] "GET /media/videos/7/6/6/4/3/766432d1932d83.mp4 HTTP/1.1" 206 36634624 "https://porn.tw/video/simone-simmons-blonde-porn-1170.html" "Mozilla/5.0 (iPhone; CPU iPhone OS 18_7 like Mac OS X) AppleWebKit/605.1.15 (KHTML, like Gecko) Version/26.2 Mobile/15E148 Safari/604.1"
98.63.199.239 - - [29/Jan/2026:04:37:38 -0500] "GET /media/videos/7/6/6/4/3/766432d1932d83.mp4 HTTP/1.1" 206 320 "https://porn.tw/video/simone-simmons-blonde-porn-1170.html" "Mozilla/5.0 (iPhone; CPU iPhone OS 18_7 like Mac OS X) AppleWebKit/605.1.15 (KHTML, like Gecko) Version/26.2 Mobile/15E148 Safari/604.1"
98.63.199.239 - - [29/Jan/2026:04:37:38 -0500] "GET /media/videos/7/6/6/4/3/766432d1932d83.mp4 HTTP/1.1" 206 65536 "https://porn.tw/video/simone-simmons-blonde-porn-1170.html" "Mozilla/5.0 (iPhone; CPU iPhone OS 18_7 like Mac OS X) AppleWebKit/605.1.15 (KHTML, like Gecko) Version/26.2 Mobile/15E148 Safari/604.1"
98.63.199.239 - - [29/Jan/2026:04:37:39 -0500] "GET /media/videos/7/6/6/4/3/766432d1932d83.mp4 HTTP/1.1" 206 65536 "https://porn.tw/video/simone-simmons-blonde-porn-1170.html" "Mozilla/5.0 (iPhone; CPU iPhone OS 18_7 like Mac OS X) AppleWebKit/605.1.15 (KHTML, like Gecko) Version/26.2 Mobile/15E148 Safari/604.1"
98.63.199.239 - - [29/Jan/2026:04:37:39 -0500] "GET /media/videos/7/6/6/4/3/766432d1932d83.mp4 HTTP/1.1" 206 65536 "https://porn.tw/video/simone-simmons-blonde-porn-1170.html" "Mozilla/5.0 (iPhone; CPU iPhone OS 18_7 like Mac OS X) AppleWebKit/605.1.15 (KHTML, like Gecko) Version/26.2 Mobile/15E148 Safari/604.1"
98.63.199.239 - - [29/Jan/2026:04:37:39 -0500] "GET /media/videos/7/6/6/4/3/766432d1932d83.mp4 HTTP/1.1" 206 65536 "https://porn.tw/video/simone-simmons-blonde-porn-1170.html" "Mozilla/5.0 (iPhone; CPU iPhone OS 18_7 like Mac OS X) AppleWebKit/605.1.15 (KHTML, like Gecko) Version/26.2 Mobile/15E148 Safari/604.1"
98.63.199.239 - - [29/Jan/2026:04:37:39 -0500] "GET /media/videos/7/6/6/4/3/766432d1932d83.mp4 HTTP/1.1" 206 65536 "https://porn.tw/video/simone-simmons-blonde-porn-1170.html" "Mozilla/5.0 (iPhone; CPU iPhone OS 18_7 like Mac OS X) AppleWebKit/605.1.15 (KHTML, like Gecko) Version/26.2 Mobile/15E148 Safari/604.1"
98.63.199.239 - - [29/Jan/2026:04:37:39 -0500] "GET /media/videos/7/6/6/4/3/766432d1932d83.mp4 HTTP/1.1" 206 65536 "https://porn.tw/video/simone-simmons-blonde-porn-1170.html" "Mozilla/5.0 (iPhone; CPU iPhone OS 18_7 like Mac OS X) AppleWebKit/605.1.15 (KHTML, like Gecko) Version/26.2 Mobile/15E148 Safari/604.1"
98.63.199.239 - - [29/Jan/2026:04:37:39 -0500] "GET /media/videos/7/6/6/4/3/766432d1932d83.mp4 HTTP/1.1" 206 589824 "https://porn.tw/video/simone-simmons-blonde-porn-1170.html" "Mozilla/5.0 (iPhone; CPU iPhone OS 18_7 like Mac OS X) AppleWebKit/605.1.15 (KHTML, like Gecko) Version/26.2 Mobile/15E148 Safari/604.1"
98.63.199.239 - - [29/Jan/2026:04:37:40 -0500] "GET /media/videos/7/6/6/4/3/766432d1932d83.mp4 HTTP/1.1" 206 65536 "https://porn.tw/video/simone-simmons-blonde-porn-1170.html" "Mozilla/5.0 (iPhone; CPU iPhone OS 18_7 like Mac OS X) AppleWebKit/605.1.15 (KHTML, like Gecko) Version/26.2 Mobile/15E148 Safari/604.1"
116.179.33.73 - - [29/Jan/2026:04:37:40 -0500] "GET /core/js/ageWarningJs.php HTTP/1.1" 200 1037 "https://porn.tw/search/anal-dildo/page2.html" "Mozilla/5.0 (Windows NT 10.0; Win64; x64) AppleWebKit/537.36 (KHTML, like Gecko) Chrome/99.0.4844.51 Safari/537.36"
98.63.199.239 - - [29/Jan/2026:04:37:40 -0500] "GET /media/videos/7/6/6/4/3/766432d1932d83.mp4 HTTP/1.1" 206 65536 "https://porn.tw/video/simone-simmons-blonde-porn-1170.html" "Mozilla/5.0 (iPhone; CPU iPhone OS 18_7 like Mac OS X) AppleWebKit/605.1.15 (KHTML, like Gecko) Version/26.2 Mobile/15E148 Safari/604.1"
