187.190.151.230 - - [29/Jan/2026:03:55:38 -0500] "GET /templates/default_tube2019/js/functions.js HTTP/1.1" 200 26636 "https://porn.tw/video/emilylittle-free-webcam-sexy-babe-squirting-live-shows-3120.html" "Mozilla/5.0 (Linux; Android 10; K) AppleWebKit/537.36 (KHTML, like Gecko) Chrome/144.0.0.0 Mobile Safari/537.36"
187.190.151.230 - - [29/Jan/2026:03:55:38 -0500] "GET /templates/default_tube2019/js/img2svg.js HTTP/1.1" 200 1613 "https://porn.tw/video/emilylittle-free-webcam-sexy-babe-squirting-live-shows-3120.html" "Mozilla/5.0 (Linux; Android 10; K) AppleWebKit/537.36 (KHTML, like Gecko) Chrome/144.0.0.0 Mobile Safari/537.36"
187.190.151.230 - - [29/Jan/2026:03:55:38 -0500] "GET /core/js/Tube.js HTTP/1.1" 200 1519 "https://porn.tw/video/emilylittle-free-webcam-sexy-babe-squirting-live-shows-3120.html" "Mozilla/5.0 (Linux; Android 10; K) AppleWebKit/537.36 (KHTML, like Gecko) Chrome/144.0.0.0 Mobile Safari/537.36"
187.190.151.230 - - [29/Jan/2026:03:55:38 -0500] "GET /core/js/ageWarningJs.php HTTP/1.1" 200 1037 "https://porn.tw/video/emilylittle-free-webcam-sexy-babe-squirting-live-shows-3120.html" "Mozilla/5.0 (Linux; Android 10; K) AppleWebKit/537.36 (KHTML, like Gecko) Chrome/144.0.0.0 Mobile Safari/537.36"
187.190.151.230 - - [29/Jan/2026:03:55:38 -0500] "GET /core/js/gdprJs.php HTTP/1.1" 200 1238 "https://porn.tw/video/emilylittle-free-webcam-sexy-babe-squirting-live-shows-3120.html" "Mozilla/5.0 (Linux; Android 10; K) AppleWebKit/537.36 (KHTML, like Gecko) Chrome/144.0.0.0 Mobile Safari/537.36"
187.190.151.230 - - [29/Jan/2026:03:55:38 -0500] "GET /media/thumbs/1/0/4/6/8/10468096e6b934eb.mp4/vtt_020.jpg HTTP/1.1" 200 7516 "https://porn.tw/video/emilylittle-free-webcam-sexy-babe-squirting-live-shows-3120.html" "Mozilla/5.0 (Linux; Android 10; K) AppleWebKit/537.36 (KHTML, like Gecko) Chrome/144.0.0.0 Mobile Safari/537.36"
187.190.151.230 - - [29/Jan/2026:03:55:38 -0500] "GET /media/thumbs/1/0/4/6/8/10468096e6b934eb.mp4/vtt_025.jpg HTTP/1.1" 200 7560 "https://porn.tw/video/emilylittle-free-webcam-sexy-babe-squirting-live-shows-3120.html" "Mozilla/5.0 (Linux; Android 10; K) AppleWebKit/537.36 (KHTML, like Gecko) Chrome/144.0.0.0 Mobile Safari/537.36"
187.190.151.230 - - [29/Jan/2026:03:55:38 -0500] "GET /templates/default_tube2019/fonts/fontawesome_5.7.1/fa-brands-400.woff2 HTTP/1.1" 200 72148 "https://porn.tw/templates/default_tube2019/css/styles.css" "Mozilla/5.0 (Linux; Android 10; K) AppleWebKit/537.36 (KHTML, like Gecko) Chrome/144.0.0.0 Mobile Safari/537.36"
187.190.151.230 - - [29/Jan/2026:03:55:38 -0500] "GET /templates/default_tube2019/fonts/Roboto/Roboto-Black.ttf HTTP/1.1" 200 171480 "https://porn.tw/templates/default_tube2019/css/styles.css" "Mozilla/5.0 (Linux; Android 10; K) AppleWebKit/537.36 (KHTML, like Gecko) Chrome/144.0.0.0 Mobile Safari/537.36"
187.190.151.230 - - [29/Jan/2026:03:55:38 -0500] "GET /templates/default_tube2019/fonts/fontawesome_5.7.1/fa-regular-400.woff2 HTTP/1.1" 200 13608 "https://porn.tw/templates/default_tube2019/css/styles.css" "Mozilla/5.0 (Linux; Android 10; K) AppleWebKit/537.36 (KHTML, like Gecko) Chrome/144.0.0.0 Mobile Safari/537.36"
187.190.151.230 - - [29/Jan/2026:03:55:38 -0500] "GET /includes/player/logo.png HTTP/1.1" 200 8496 "https://porn.tw/video/emilylittle-free-webcam-sexy-babe-squirting-live-shows-3120.html" "Mozilla/5.0 (Linux; Android 10; K) AppleWebKit/537.36 (KHTML, like Gecko) Chrome/144.0.0.0 Mobile Safari/537.36"
187.190.151.230 - - [29/Jan/2026:03:55:38 -0500] "GET /includes/fluidplayer/images/fluid_icons.svg HTTP/1.1" 200 18488 "https://porn.tw/includes/fluidplayer/fluidplayer.min.css" "Mozilla/5.0 (Linux; Android 10; K) AppleWebKit/537.36 (KHTML, like Gecko) Chrome/144.0.0.0 Mobile Safari/537.36"
187.190.151.230 - - [29/Jan/2026:03:55:38 -0500] "GET /media/thumbs/1/0/4/6/8/10468096e6b934eb.mp4/10468096e6b934eb.mp4-4b.jpg HTTP/1.1" 200 70413 "https://porn.tw/video/emilylittle-free-webcam-sexy-babe-squirting-live-shows-3120.html" "Mozilla/5.0 (Linux; Android 10; K) AppleWebKit/537.36 (KHTML, like Gecko) Chrome/144.0.0.0 Mobile Safari/537.36"
187.190.151.230 - - [29/Jan/2026:03:55:38 -0500] "GET /media/thumbs/1/0/4/6/8/10468096e6b934eb.mp4/vtt_055.jpg HTTP/1.1" 200 6597 "https://porn.tw/video/emilylittle-free-webcam-sexy-babe-squirting-live-shows-3120.html" "Mozilla/5.0 (Linux; Android 10; K) AppleWebKit/537.36 (KHTML, like Gecko) Chrome/144.0.0.0 Mobile Safari/537.36"
187.190.151.230 - - [29/Jan/2026:03:55:38 -0500] "GET /media/thumbs/1/0/4/6/8/10468096e6b934eb.mp4/vtt_040.jpg HTTP/1.1" 200 6519 "https://porn.tw/video/emilylittle-free-webcam-sexy-babe-squirting-live-shows-3120.html" "Mozilla/5.0 (Linux; Android 10; K) AppleWebKit/537.36 (KHTML, like Gecko) Chrome/144.0.0.0 Mobile Safari/537.36"
187.190.151.230 - - [29/Jan/2026:03:55:38 -0500] "GET /media/thumbs/1/0/4/6/8/10468096e6b934eb.mp4/vtt_030.jpg HTTP/1.1" 200 7470 "https://porn.tw/video/emilylittle-free-webcam-sexy-babe-squirting-live-shows-3120.html" "Mozilla/5.0 (Linux; Android 10; K) AppleWebKit/537.36 (KHTML, like Gecko) Chrome/144.0.0.0 Mobile Safari/537.36"
187.190.151.230 - - [29/Jan/2026:03:55:38 -0500] "GET /media/thumbs/1/0/4/6/8/10468096e6b934eb.mp4/vtt_035.jpg HTTP/1.1" 200 6699 "https://porn.tw/video/emilylittle-free-webcam-sexy-babe-squirting-live-shows-3120.html" "Mozilla/5.0 (Linux; Android 10; K) AppleWebKit/537.36 (KHTML, like Gecko) Chrome/144.0.0.0 Mobile Safari/537.36"
187.190.151.230 - - [29/Jan/2026:03:55:38 -0500] "GET /media/thumbs/1/0/4/6/8/10468096e6b934eb.mp4/vtt_050.jpg HTTP/1.1" 200 6458 "https://porn.tw/video/emilylittle-free-webcam-sexy-babe-squirting-live-shows-3120.html" "Mozilla/5.0 (Linux; Android 10; K) AppleWebKit/537.36 (KHTML, like Gecko) Chrome/144.0.0.0 Mobile Safari/537.36"
187.190.151.230 - - [29/Jan/2026:03:55:39 -0500] "GET /media/thumbs/1/0/4/6/8/10468096e6b934eb.mp4/vtt_045.jpg HTTP/1.1" 200 6787 "https://porn.tw/video/emilylittle-free-webcam-sexy-babe-squirting-live-shows-3120.html" "Mozilla/5.0 (Linux; Android 10; K) AppleWebKit/537.36 (KHTML, like Gecko) Chrome/144.0.0.0 Mobile Safari/537.36"
187.190.151.230 - - [29/Jan/2026:03:55:39 -0500] "GET /templates/default_tube2019/images/minus-solid.svg HTTP/1.1" 200 328 "https://porn.tw/video/emilylittle-free-webcam-sexy-babe-squirting-live-shows-3120.html" "Mozilla/5.0 (Linux; Android 10; K) AppleWebKit/537.36 (KHTML, like Gecko) Chrome/144.0.0.0 Mobile Safari/537.36"
187.190.151.230 - - [29/Jan/2026:03:55:39 -0500] "GET /media/misc/67e4588ebf04e.jpg HTTP/1.1" 200 6956 "https://porn.tw/video/emilylittle-free-webcam-sexy-babe-squirting-live-shows-3120.html" "Mozilla/5.0 (Linux; Android 10; K) AppleWebKit/537.36 (KHTML, like Gecko) Chrome/144.0.0.0 Mobile Safari/537.36"
187.190.151.230 - - [29/Jan/2026:03:55:39 -0500] "GET /media/thumbs/1/0/4/6/8/10468096e6b934eb.mp4/vtt_060.jpg HTTP/1.1" 200 6195 "https://porn.tw/video/emilylittle-free-webcam-sexy-babe-squirting-live-shows-3120.html" "Mozilla/5.0 (Linux; Android 10; K) AppleWebKit/537.36 (KHTML, like Gecko) Chrome/144.0.0.0 Mobile Safari/537.36"
187.190.151.230 - - [29/Jan/2026:03:55:39 -0500] "GET /templates/default_tube2019/images/plus-solid.svg HTTP/1.1" 200 449 "https://porn.tw/video/emilylittle-free-webcam-sexy-babe-squirting-live-shows-3120.html" "Mozilla/5.0 (Linux; Android 10; K) AppleWebKit/537.36 (KHTML, like Gecko) Chrome/144.0.0.0 Mobile Safari/537.36"
187.190.151.230 - - [29/Jan/2026:03:55:39 -0500] "GET /templates/default_tube2019/template.ajax_comments.php?id=3120&type=0&loaded=0&time=1769676939843 HTTP/1.1" 200 133 "https://porn.tw/video/emilylittle-free-webcam-sexy-babe-squirting-live-shows-3120.html" "Mozilla/5.0 (Linux; Android 10; K) AppleWebKit/537.36 (KHTML, like Gecko) Chrome/144.0.0.0 Mobile Safari/537.36"
187.190.151.230 - - [29/Jan/2026:03:55:39 -0500] "GET /templates/default_tube2019/images/ad-280-3.png HTTP/1.1" 200 116616 "https://porn.tw/video/emilylittle-free-webcam-sexy-babe-squirting-live-shows-3120.html" "Mozilla/5.0 (Linux; Android 10; K) AppleWebKit/537.36 (KHTML, like Gecko) Chrome/144.0.0.0 Mobile Safari/537.36"
187.190.151.230 - - [29/Jan/2026:03:55:39 -0500] "GET /templates/default_tube2019/images/ad-280-2.png HTTP/1.1" 200 98354 "https://porn.tw/video/emilylittle-free-webcam-sexy-babe-squirting-live-shows-3120.html" "Mozilla/5.0 (Linux; Android 10; K) AppleWebKit/537.36 (KHTML, like Gecko) Chrome/144.0.0.0 Mobile Safari/537.36"
187.190.151.230 - - [29/Jan/2026:03:55:39 -0500] "GET /templates/default_tube2019/images/ad-280.png HTTP/1.1" 200 73287 "https://porn.tw/video/emilylittle-free-webcam-sexy-babe-squirting-live-shows-3120.html" "Mozilla/5.0 (Linux; Android 10; K) AppleWebKit/537.36 (KHTML, like Gecko) Chrome/144.0.0.0 Mobile Safari/537.36"
187.190.151.230 - - [29/Jan/2026:03:55:39 -0500] "GET /media/thumbs/3/6/6/8/3/36683d93e9357c.mp4/36683d93e9357c.mp4-3.jpg HTTP/1.1" 200 8044 "https://porn.tw/video/emilylittle-free-webcam-sexy-babe-squirting-live-shows-3120.html" "Mozilla/5.0 (Linux; Android 10; K) AppleWebKit/537.36 (KHTML, like Gecko) Chrome/144.0.0.0 Mobile Safari/537.36"
187.190.151.230 - - [29/Jan/2026:03:55:39 -0500] "GET /media/thumbs/3/6/6/8/d/3668df4278f1eb.mp4/3668df4278f1eb.mp4-3.jpg HTTP/1.1" 200 14452 "https://porn.tw/video/emilylittle-free-webcam-sexy-babe-squirting-live-shows-3120.html" "Mozilla/5.0 (Linux; Android 10; K) AppleWebKit/537.36 (KHTML, like Gecko) Chrome/144.0.0.0 Mobile Safari/537.36"
187.190.151.230 - - [29/Jan/2026:03:55:39 -0500] "GET /media/thumbs/1/0/4/6/7/10467ffc04aa3a84.mp4/10467ffc04aa3a84.mp4-3.jpg HTTP/1.1" 200 12020 "https://porn.tw/video/emilylittle-free-webcam-sexy-babe-squirting-live-shows-3120.html" "Mozilla/5.0 (Linux; Android 10; K) AppleWebKit/537.36 (KHTML, like Gecko) Chrome/144.0.0.0 Mobile Safari/537.36"
187.190.151.230 - - [29/Jan/2026:03:55:39 -0500] "GET /media/thumbs/1/1/6/7/a/1167ad77fab185c.mp4/1167ad77fab185c.mp4-6.jpg HTTP/1.1" 200 10891 "https://porn.tw/video/emilylittle-free-webcam-sexy-babe-squirting-live-shows-3120.html" "Mozilla/5.0 (Linux; Android 10; K) AppleWebKit/537.36 (KHTML, like Gecko) Chrome/144.0.0.0 Mobile Safari/537.36"
187.190.151.230 - - [29/Jan/2026:03:55:39 -0500] "GET /media/thumbs/3/6/7/a/5/367a5d847c4a3c.mp4/367a5d847c4a3c.mp4-3.jpg HTTP/1.1" 200 13906 "https://porn.tw/video/emilylittle-free-webcam-sexy-babe-squirting-live-shows-3120.html" "Mozilla/5.0 (Linux; Android 10; K) AppleWebKit/537.36 (KHTML, like Gecko) Chrome/144.0.0.0 Mobile Safari/537.36"
187.190.151.230 - - [29/Jan/2026:03:55:39 -0500] "GET /media/thumbs/2/6/6/7/b/2667b804c7c264e.mp4/2667b804c7c264e.mp4-6.jpg HTTP/1.1" 200 13609 "https://porn.tw/video/emilylittle-free-webcam-sexy-babe-squirting-live-shows-3120.html" "Mozilla/5.0 (Linux; Android 10; K) AppleWebKit/537.36 (KHTML, like Gecko) Chrome/144.0.0.0 Mobile Safari/537.36"
187.190.151.230 - - [29/Jan/2026:03:55:39 -0500] "GET /media/thumbs/3/6/7/4/a/3674ac04824f4e.mp4/3674ac04824f4e.mp4-1.jpg HTTP/1.1" 200 11617 "https://porn.tw/video/emilylittle-free-webcam-sexy-babe-squirting-live-shows-3120.html" "Mozilla/5.0 (Linux; Android 10; K) AppleWebKit/537.36 (KHTML, like Gecko) Chrome/144.0.0.0 Mobile Safari/537.36"
187.190.151.230 - - [29/Jan/2026:03:55:39 -0500] "GET /media/thumbs/1/0/6/6/8/1066802fe65d7ecd.mp4/1066802fe65d7ecd.mp4-3.jpg HTTP/1.1" 200 9991 "https://porn.tw/video/emilylittle-free-webcam-sexy-babe-squirting-live-shows-3120.html" "Mozilla/5.0 (Linux; Android 10; K) AppleWebKit/537.36 (KHTML, like Gecko) Chrome/144.0.0.0 Mobile Safari/537.36"
187.190.151.230 - - [29/Jan/2026:03:55:39 -0500] "GET /media/thumbs/3/6/5/c/d/365cde92ec6766.mp4/365cde92ec6766.mp4-3.jpg HTTP/1.1" 200 14169 "https://porn.tw/video/emilylittle-free-webcam-sexy-babe-squirting-live-shows-3120.html" "Mozilla/5.0 (Linux; Android 10; K) AppleWebKit/537.36 (KHTML, like Gecko) Chrome/144.0.0.0 Mobile Safari/537.36"
187.190.151.230 - - [29/Jan/2026:03:55:39 -0500] "GET /media/thumbs/3/6/5/d/1/365d1a782c00b3.mp4/365d1a782c00b3.mp4-6.jpg HTTP/1.1" 200 10023 "https://porn.tw/video/emilylittle-free-webcam-sexy-babe-squirting-live-shows-3120.html" "Mozilla/5.0 (Linux; Android 10; K) AppleWebKit/537.36 (KHTML, like Gecko) Chrome/144.0.0.0 Mobile Safari/537.36"
187.190.151.230 - - [29/Jan/2026:03:55:39 -0500] "GET /media/thumbs/7/6/6/9/6/766969eb80956e.mp4/766969eb80956e.mp4-8.jpg HTTP/1.1" 200 11967 "https://porn.tw/video/emilylittle-free-webcam-sexy-babe-squirting-live-shows-3120.html" "Mozilla/5.0 (Linux; Android 10; K) AppleWebKit/537.36 (KHTML, like Gecko) Chrome/144.0.0.0 Mobile Safari/537.36"
187.190.151.230 - - [29/Jan/2026:03:55:39 -0500] "GET /media/thumbs/3/6/5/d/5/365d52c05b1946.mp4/365d52c05b1946.mp4-3.jpg HTTP/1.1" 200 12473 "https://porn.tw/video/emilylittle-free-webcam-sexy-babe-squirting-live-shows-3120.html" "Mozilla/5.0 (Linux; Android 10; K) AppleWebKit/537.36 (KHTML, like Gecko) Chrome/144.0.0.0 Mobile Safari/537.36"
187.190.151.230 - - [29/Jan/2026:03:55:39 -0500] "GET /media/thumbs/3/6/6/6/a/3666a8c0c94876.mp4/3666a8c0c94876.mp4-5.jpg HTTP/1.1" 200 7718 "https://porn.tw/video/emilylittle-free-webcam-sexy-babe-squirting-live-shows-3120.html" "Mozilla/5.0 (Linux; Android 10; K) AppleWebKit/537.36 (KHTML, like Gecko) Chrome/144.0.0.0 Mobile Safari/537.36"
187.190.151.230 - - [29/Jan/2026:03:55:39 -0500] "GET /media/thumbs/1/0/6/6/7/10667fae9449b9e0.mp4/10667fae9449b9e0.mp4-5.jpg HTTP/1.1" 200 9933 "https://porn.tw/video/emilylittle-free-webcam-sexy-babe-squirting-live-shows-3120.html" "Mozilla/5.0 (Linux; Android 10; K) AppleWebKit/537.36 (KHTML, like Gecko) Chrome/144.0.0.0 Mobile Safari/537.36"
187.190.151.230 - - [29/Jan/2026:03:55:39 -0500] "GET /media/thumbs/3/6/6/a/8/366a8495708cf1.mp4/366a8495708cf1.mp4-3.jpg HTTP/1.1" 200 8185 "https://porn.tw/video/emilylittle-free-webcam-sexy-babe-squirting-live-shows-3120.html" "Mozilla/5.0 (Linux; Android 10; K) AppleWebKit/537.36 (KHTML, like Gecko) Chrome/144.0.0.0 Mobile Safari/537.36"
187.190.151.230 - - [29/Jan/2026:03:55:39 -0500] "GET /includes/fluidplayer//scripts/webvtt.min.js HTTP/1.1" 200 8856 "https://porn.tw/video/emilylittle-free-webcam-sexy-babe-squirting-live-shows-3120.html" "Mozilla/5.0 (Linux; Android 10; K) AppleWebKit/537.36 (KHTML, like Gecko) Chrome/144.0.0.0 Mobile Safari/537.36"
187.190.151.230 - - [29/Jan/2026:03:55:39 -0500] "GET /includes/fluidplayer//scripts/vtt.js HTTP/1.1" 200 140908 "https://porn.tw/video/emilylittle-free-webcam-sexy-babe-squirting-live-shows-3120.html" "Mozilla/5.0 (Linux; Android 10; K) AppleWebKit/537.36 (KHTML, like Gecko) Chrome/144.0.0.0 Mobile Safari/537.36"
187.190.151.230 - - [29/Jan/2026:03:55:39 -0500] "GET /webvtt/3120.vtt HTTP/1.1" 200 6022 "https://porn.tw/video/emilylittle-free-webcam-sexy-babe-squirting-live-shows-3120.html" "Mozilla/5.0 (Linux; Android 10; K) AppleWebKit/537.36 (KHTML, like Gecko) Chrome/144.0.0.0 Mobile Safari/537.36"
187.190.151.230 - - [29/Jan/2026:03:55:40 -0500] "GET /templates/default_tube2019/images/touch/chrome-touch-icon-192x192.png HTTP/1.1" 200 12951 "https://porn.tw/video/emilylittle-free-webcam-sexy-babe-squirting-live-shows-3120.html" "Mozilla/5.0 (Linux; Android 10; K) AppleWebKit/537.36 (KHTML, like Gecko) Chrome/144.0.0.0 Mobile Safari/537.36"
187.190.151.230 - - [29/Jan/2026:03:55:40 -0500] "GET /templates/default_tube2019/iimages/touch/apple-touch-icon.png HTTP/1.1" 404 6804 "https://porn.tw/video/emilylittle-free-webcam-sexy-babe-squirting-live-shows-3120.html" "Mozilla/5.0 (Linux; Android 10; K) AppleWebKit/537.36 (KHTML, like Gecko) Chrome/144.0.0.0 Mobile Safari/537.36"
114.119.159.237 - - [29/Jan/2026:03:55:40 -0500] "GET /action.php?action=add_favorites&id=1147 HTTP/1.1" 200 719 "https://porn.tw/search/dildo-sucking/views/page6.html" "Mozilla/5.0 (Linux; Android 7.0;) AppleWebKit/537.36 (KHTML, like Gecko) Mobile Safari/537.36 (compatible; PetalBot;+https://webmaster.petalsearch.com/site/petalbot)"
187.190.151.230 - - [29/Jan/2026:03:55:39 -0500] "GET /media/videos/1/0/4/6/8/10468096e6b934eb.mp4 HTTP/1.1" 206 474980626 "https://porn.tw/video/emilylittle-free-webcam-sexy-babe-squirting-live-shows-3120.html" "Mozilla/5.0 (Linux; Android 10; K) AppleWebKit/537.36 (KHTML, like Gecko) Chrome/144.0.0.0 Mobile Safari/537.36"
217.113.194.74 - - [29/Jan/2026:03:55:46 -0500] "GET /search/pussy-gaping/newest/page6.html HTTP/1.1" 200 72502 "-" "Mozilla/5.0 (compatible; Barkrowler/0.9; +https://babbar.tech/crawler)"
217.113.194.80 - - [29/Jan/2026:03:55:54 -0500] "GET /search/trans-porn-squirt/views/page3.html HTTP/1.1" 200 74264 "-" "Mozilla/5.0 (compatible; Barkrowler/0.9; +https://babbar.tech/crawler)"
220.181.108.174 - - [29/Jan/2026:03:55:54 -0500] "GET /search/mia-kirshner-adult-show/rating/page1.html HTTP/1.1" 403 - "-" "Mozilla/5.0 (compatible; Baiduspider/2.0; +http://www.baidu.com/search/spider.html)"
220.181.51.113 - - [29/Jan/2026:03:55:56 -0500] "GET /search/mia-kirshner-adult-show/rating/page1.html HTTP/1.1" 200 74207 "-" "Mozilla/5.0 (Windows NT 10.0; WOW64) AppleWebKit/537.36 (KHTML, like Gecko) Chrome/48.0.2564.116 Safari/537.36"
66.249.74.5 - - [29/Jan/2026:03:56:00 -0500] "GET /search/sucking-and-fingering/views/page5.html HTTP/1.1" 200 32554 "-" "Mozilla/5.0 (Linux; Android 6.0.1; Nexus 5X Build/MMB29P) AppleWebKit/537.36 (KHTML, like Gecko) Chrome/143.0.7499.192 Mobile Safari/537.36 (compatible; Googlebot/2.1; +http://www.google.com/bot.html)"
217.113.194.76 - - [29/Jan/2026:03:56:02 -0500] "GET /search/pussy-gaping/newest/page2.html HTTP/1.1" 200 74880 "-" "Mozilla/5.0 (compatible; Barkrowler/0.9; +https://babbar.tech/crawler)"
217.113.194.79 - - [29/Jan/2026:03:56:09 -0500] "GET /search/trans-porn-squirt/newest/page1.html HTTP/1.1" 200 74579 "-" "Mozilla/5.0 (compatible; Barkrowler/0.9; +https://babbar.tech/crawler)"
217.113.194.73 - - [29/Jan/2026:03:56:17 -0500] "GET /search/pussy-gaping/rating/page1.html HTTP/1.1" 200 72470 "-" "Mozilla/5.0 (compatible; Barkrowler/0.9; +https://babbar.tech/crawler)"
217.113.194.76 - - [29/Jan/2026:03:56:25 -0500] "GET /search/trans-porn-squirt/rating/page4.html HTTP/1.1" 200 72870 "-" "Mozilla/5.0 (compatible; Barkrowler/0.9; +https://babbar.tech/crawler)"
217.113.194.78 - - [29/Jan/2026:03:56:33 -0500] "GET /search/pussy-gaping/views/page4.html HTTP/1.1" 200 73614 "-" "Mozilla/5.0 (compatible; Barkrowler/0.9; +https://babbar.tech/crawler)"
116.179.32.219 - - [29/Jan/2026:03:56:36 -0500] "GET /search/sensual-desire/views/page5.html HTTP/1.1" 403 - "-" "Mozilla/5.0 (compatible; Baiduspider/2.0; +http://www.baidu.com/search/spider.html)"
119.249.100.50 - - [29/Jan/2026:03:56:37 -0500] "GET /search/sensual-desire/views/page5.html HTTP/1.1" 200 74315 "-" "Mozilla/5.0 (Windows NT 10.0; WOW64) AppleWebKit/537.36 (KHTML, like Gecko) Chrome/48.0.2564.116 Safari/537.36"
217.113.194.80 - - [29/Jan/2026:03:56:40 -0500] "GET /search/subtle-curves/rating/page3.html HTTP/1.1" 200 76535 "-" "Mozilla/5.0 (compatible; Barkrowler/0.9; +https://babbar.tech/crawler)"
52.167.144.216 - - [29/Jan/2026:03:56:44 -0500] "GET /search/confident-milf-tease/rating/ HTTP/1.1" 200 73377 "-" "Mozilla/5.0 AppleWebKit/537.36 (KHTML, like Gecko; compatible; bingbot/2.0; +http://www.bing.com/bingbot.htm) Chrome/116.0.1938.76 Safari/537.36"
66.249.74.5 - - [29/Jan/2026:03:56:48 -0500] "GET /search/erotic-fantasies/ HTTP/1.1" 200 74586 "-" "Mozilla/5.0 (Linux; Android 6.0.1; Nexus 5X Build/MMB29P) AppleWebKit/537.36 (KHTML, like Gecko) Chrome/143.0.7499.192 Mobile Safari/537.36 (compatible; Googlebot/2.1; +http://www.google.com/bot.html)"
217.113.194.218 - - [29/Jan/2026:03:56:49 -0500] "GET /search/pussy-pounding/views/page8.html HTTP/1.1" 200 74607 "-" "Mozilla/5.0 (compatible; Barkrowler/0.9; +https://babbar.tech/crawler)"
40.77.167.116 - - [29/Jan/2026:03:56:50 -0500] "GET /search/deep-dildo-ride/rating/page2.html HTTP/1.1" 200 73039 "-" "Mozilla/5.0 AppleWebKit/537.36 (KHTML, like Gecko; compatible; bingbot/2.0; +http://www.bing.com/bingbot.htm) Chrome/116.0.1938.76 Safari/537.36"
217.113.194.218 - - [29/Jan/2026:03:56:56 -0500] "GET /search/subtle-curves/rating/page2.html HTTP/1.1" 200 74033 "-" "Mozilla/5.0 (compatible; Barkrowler/0.9; +https://babbar.tech/crawler)"
114.119.132.9 - - [29/Jan/2026:03:57:03 -0500] "GET /action.php?action=reportVideo&id=340 HTTP/1.1" 200 3598 "https://porn.tw/video/yessi-ross-masturbating-her-wet-pussy-on-cam-340.html" "Mozilla/5.0 (Linux; Android 7.0;) AppleWebKit/537.36 (KHTML, like Gecko) Mobile Safari/537.36 (compatible; PetalBot;+https://webmaster.petalsearch.com/site/petalbot)"
217.113.194.81 - - [29/Jan/2026:03:57:04 -0500] "GET /search/pussy-pounding/views/page9.html HTTP/1.1" 200 74192 "-" "Mozilla/5.0 (compatible; Barkrowler/0.9; +https://babbar.tech/crawler)"
78.97.175.43 - - [29/Jan/2026:03:57:07 -0500] "GET /media/thumbs/4/6/8/2/3/46823495db5cdc.mp4/46823495db5cdc.mp4-3.jpg HTTP/1.1" 200 12721 "https://www.google.com/" "Mozilla/5.0 (Windows NT 10.0; Win64; x64) AppleWebKit/537.36 (KHTML, like Gecko) Chrome/143.0.0.0 Safari/537.36"
217.113.194.75 - - [29/Jan/2026:03:57:12 -0500] "GET /search/subtle-curves/views/page4.html HTTP/1.1" 200 67929 "-" "Mozilla/5.0 (compatible; Barkrowler/0.9; +https://babbar.tech/crawler)"
66.249.74.6 - - [29/Jan/2026:03:57:18 -0500] "GET /search/ariana-reynoldss-live-porn/rating/page9.html HTTP/1.1" 200 48093 "-" "Mozilla/5.0 (Linux; Android 6.0.1; Nexus 5X Build/MMB29P) AppleWebKit/537.36 (KHTML, like Gecko) Chrome/143.0.7499.192 Mobile Safari/537.36 (compatible; Googlebot/2.1; +http://www.google.com/bot.html)"
220.181.108.146 - - [29/Jan/2026:03:57:18 -0500] "GET /search/rainbow-dildo/newest/page3.html HTTP/1.1" 403 - "-" "Mozilla/5.0 (compatible; Baiduspider/2.0; +http://www.baidu.com/search/spider.html)"
217.113.194.77 - - [29/Jan/2026:03:57:20 -0500] "GET /search/pussy-teasing/rating/page10.html HTTP/1.1" 200 74700 "-" "Mozilla/5.0 (compatible; Barkrowler/0.9; +https://babbar.tech/crawler)"
119.249.100.52 - - [29/Jan/2026:03:57:23 -0500] "GET /search/rainbow-dildo/newest/page3.html HTTP/1.1" 200 77343 "-" "Mozilla/5.0 (Windows NT 10.0; WOW64) AppleWebKit/537.36 (KHTML, like Gecko) Chrome/48.0.2564.116 Safari/537.36"
217.113.194.80 - - [29/Jan/2026:03:57:28 -0500] "GET /search/insatiable-babe-cam/views/ HTTP/1.1" 200 73734 "-" "Mozilla/5.0 (compatible; Barkrowler/0.9; +https://babbar.tech/crawler)"
217.113.194.77 - - [29/Jan/2026:03:57:35 -0500] "GET /search/pussy-teasing/rating/page8.html HTTP/1.1" 200 77331 "-" "Mozilla/5.0 (compatible; Barkrowler/0.9; +https://babbar.tech/crawler)"
154.54.249.200 - - [29/Jan/2026:03:57:44 -0500] "GET /search/insatiable-babe-cam/page5.html HTTP/1.1" 200 78183 "-" "Mozilla/5.0 (compatible; Barkrowler/0.9; +https://babbar.tech/crawler)"
66.249.65.37 - - [29/Jan/2026:03:57:45 -0500] "GET /search/chloesmith/views/ HTTP/1.1" 200 19921 "-" "Mozilla/5.0 (Linux; Android 6.0.1; Nexus 5X Build/MMB29P) AppleWebKit/537.36 (KHTML, like Gecko) Chrome/143.0.7499.192 Mobile Safari/537.36 (compatible; Googlebot/2.1; +http://www.google.com/bot.html)"
217.113.194.79 - - [29/Jan/2026:03:57:51 -0500] "GET /search/pussy-teasing/newest/page9.html HTTP/1.1" 200 72700 "-" "Mozilla/5.0 (compatible; Barkrowler/0.9; +https://babbar.tech/crawler)"
217.113.194.81 - - [29/Jan/2026:03:57:59 -0500] "GET /search/-kathtybaker-webcam/newest/ HTTP/1.1" 200 73907 "-" "Mozilla/5.0 (compatible; Barkrowler/0.9; +https://babbar.tech/crawler)"
66.249.74.4 - - [29/Jan/2026:03:58:01 -0500] "GET /search/steamy-tease/ HTTP/1.1" 200 73394 "-" "Mozilla/5.0 (Linux; Android 6.0.1; Nexus 5X Build/MMB29P) AppleWebKit/537.36 (KHTML, like Gecko) Chrome/143.0.7499.192 Mobile Safari/537.36 (compatible; Googlebot/2.1; +http://www.google.com/bot.html)"
66.249.74.4 - - [29/Jan/2026:03:58:02 -0500] "GET /search/trans-porn-grindin/newest/page6.html HTTP/1.1" 200 70006 "-" "Mozilla/5.0 (Linux; Android 6.0.1; Nexus 5X Build/MMB29P) AppleWebKit/537.36 (KHTML, like Gecko) Chrome/143.0.7499.192 Mobile Safari/537.36 (compatible; Googlebot/2.1; +http://www.google.com/bot.html)"
116.179.32.214 - - [29/Jan/2026:03:58:03 -0500] "GET /search/erotic-connection/page2.html HTTP/1.1" 403 - "-" "Mozilla/5.0 (compatible; Baiduspider/2.0; +http://www.baidu.com/search/spider.html)"
217.113.194.78 - - [29/Jan/2026:03:58:06 -0500] "GET /search/pussy-fnger/newest/page9.html HTTP/1.1" 200 71366 "-" "Mozilla/5.0 (compatible; Barkrowler/0.9; +https://babbar.tech/crawler)"
119.249.100.115 - - [29/Jan/2026:03:58:09 -0500] "GET /search/erotic-connection/page2.html HTTP/1.1" 200 75403 "-" "Mozilla/5.0 (Windows NT 10.0; WOW64) AppleWebKit/537.36 (KHTML, like Gecko) Chrome/48.0.2564.116 Safari/537.36"
66.249.74.4 - - [29/Jan/2026:03:58:10 -0500] "GET /search/raw-pleasure/ HTTP/1.1" 200 71691 "-" "Mozilla/5.0 (Linux; Android 6.0.1; Nexus 5X Build/MMB29P) AppleWebKit/537.36 (KHTML, like Gecko) Chrome/143.0.7499.192 Mobile Safari/537.36 (compatible; Googlebot/2.1; +http://www.google.com/bot.html)"
217.113.194.72 - - [29/Jan/2026:03:58:15 -0500] "GET /search/naughty-cam-babe/newest/page4.html HTTP/1.1" 200 75687 "-" "Mozilla/5.0 (compatible; Barkrowler/0.9; +https://babbar.tech/crawler)"
66.249.74.4 - - [29/Jan/2026:03:58:16 -0500] "GET /search/trans-porn-grindin/newest/page2.html HTTP/1.1" 200 75737 "-" "Mozilla/5.0 (Linux; Android 6.0.1; Nexus 5X Build/MMB29P) AppleWebKit/537.36 (KHTML, like Gecko) Chrome/143.0.7499.192 Mobile Safari/537.36 (compatible; Googlebot/2.1; +http://www.google.com/bot.html)"
187.190.151.230 - - [29/Jan/2026:03:58:15 -0500] "GET /media/videos/1/0/4/6/8/10468096e6b934eb.mp4 HTTP/1.1" 200 474980626 "https://porn.tw/video/emilylittle-free-webcam-sexy-babe-squirting-live-shows-3120.html" "Mozilla/5.0 (Linux; Android 10; K) AppleWebKit/537.36 (KHTML, like Gecko) Chrome/144.0.0.0 Mobile Safari/537.36"
187.190.151.230 - - [29/Jan/2026:03:58:15 -0500] "GET /media/videos/1/0/4/6/8/10468096e6b934eb.mp4 HTTP/1.1" 206 158326876 "https://porn.tw/video/emilylittle-free-webcam-sexy-babe-squirting-live-shows-3120.html" "Mozilla/5.0 (Linux; Android 10; K) AppleWebKit/537.36 (KHTML, like Gecko) Chrome/144.0.0.0 Mobile Safari/537.36"
187.190.151.230 - - [29/Jan/2026:03:58:15 -0500] "GET /media/videos/1/0/4/6/8/10468096e6b934eb.mp4 HTTP/1.1" 206 316653751 "https://porn.tw/video/emilylittle-free-webcam-sexy-babe-squirting-live-shows-3120.html" "Mozilla/5.0 (Linux; Android 10; K) AppleWebKit/537.36 (KHTML, like Gecko) Chrome/144.0.0.0 Mobile Safari/537.36"
66.249.74.4 - - [29/Jan/2026:03:58:21 -0500] "GET /search/raquel_lust/ HTTP/1.1" 200 25832 "-" "Mozilla/5.0 (Linux; Android 6.0.1; Nexus 5X Build/MMB29P) AppleWebKit/537.36 (KHTML, like Gecko) Chrome/143.0.7499.192 Mobile Safari/537.36 (compatible; Googlebot/2.1; +http://www.google.com/bot.html)"
217.113.194.76 - - [29/Jan/2026:03:58:22 -0500] "GET /search/pussy-fnger/views/page4.html HTTP/1.1" 200 73606 "-" "Mozilla/5.0 (compatible; Barkrowler/0.9; +https://babbar.tech/crawler)"
187.190.151.230 - - [29/Jan/2026:03:58:24 -0500] "GET /media/videos/1/0/4/6/8/10468096e6b934eb.mp4 HTTP/1.1" 200 474980626 "https://porn.tw/video/emilylittle-free-webcam-sexy-babe-squirting-live-shows-3120.html" "Mozilla/5.0 (Linux; Android 10; K) AppleWebKit/537.36 (KHTML, like Gecko) Chrome/144.0.0.0 Mobile Safari/537.36"
187.190.151.230 - - [29/Jan/2026:03:58:24 -0500] "GET /media/videos/1/0/4/6/8/10468096e6b934eb.mp4 HTTP/1.1" 206 158326876 "https://porn.tw/video/emilylittle-free-webcam-sexy-babe-squirting-live-shows-3120.html" "Mozilla/5.0 (Linux; Android 10; K) AppleWebKit/537.36 (KHTML, like Gecko) Chrome/144.0.0.0 Mobile Safari/537.36"
187.190.151.230 - - [29/Jan/2026:03:58:24 -0500] "GET /media/videos/1/0/4/6/8/10468096e6b934eb.mp4 HTTP/1.1" 206 316653751 "https://porn.tw/video/emilylittle-free-webcam-sexy-babe-squirting-live-shows-3120.html" "Mozilla/5.0 (Linux; Android 10; K) AppleWebKit/537.36 (KHTML, like Gecko) Chrome/144.0.0.0 Mobile Safari/537.36"
66.249.74.4 - - [29/Jan/2026:03:58:27 -0500] "GET /search/sensual-toys/ HTTP/1.1" 200 72329 "-" "Mozilla/5.0 (Linux; Android 6.0.1; Nexus 5X Build/MMB29P) AppleWebKit/537.36 (KHTML, like Gecko) Chrome/143.0.7499.192 Mobile Safari/537.36 (compatible; Googlebot/2.1; +http://www.google.com/bot.html)"
114.119.141.206 - - [29/Jan/2026:03:58:27 -0500] "GET /video/mari-and-anna-lesbian-cam-1961.html HTTP/1.1" 200 60101 "https://porn.tw/channels/7/explore-diversity-lesbian-love-life-and-community-videos-porn/longest/" "Mozilla/5.0 (Linux; Android 7.0;) AppleWebKit/537.36 (KHTML, like Gecko) Mobile Safari/537.36 (compatible; PetalBot;+https://webmaster.petalsearch.com/site/petalbot)"
66.249.74.4 - - [29/Jan/2026:03:58:28 -0500] "GET /search/cherrryross-live-porn/newest/page8.html HTTP/1.1" 200 69763 "-" "Mozilla/5.0 (Linux; Android 6.0.1; Nexus 5X Build/MMB29P) AppleWebKit/537.36 (KHTML, like Gecko) Chrome/143.0.7499.192 Mobile Safari/537.36 (compatible; Googlebot/2.1; +http://www.google.com/bot.html)"
217.113.194.72 - - [29/Jan/2026:03:58:30 -0500] "GET /search/naughty-cam-babe/views/page7.html HTTP/1.1" 200 74446 "-" "Mozilla/5.0 (compatible; Barkrowler/0.9; +https://babbar.tech/crawler)"
217.113.194.80 - - [29/Jan/2026:03:58:38 -0500] "GET /search/kusssecka-seduction/newest/ HTTP/1.1" 200 72313 "-" "Mozilla/5.0 (compatible; Barkrowler/0.9; +https://babbar.tech/crawler)"
220.181.108.90 - - [29/Jan/2026:03:58:40 -0500] "GET /search/solo-rub/views/ HTTP/1.1" 403 - "-" "Mozilla/5.0 (compatible; Baiduspider/2.0; +http://www.baidu.com/search/spider.html)"
220.181.51.92 - - [29/Jan/2026:03:58:41 -0500] "GET /search/solo-rub/views/ HTTP/1.1" 200 74899 "-" "Mozilla/5.0 (Windows NT 10.0; WOW64) AppleWebKit/537.36 (KHTML, like Gecko) Chrome/48.0.2564.116 Safari/537.36"
217.113.194.77 - - [29/Jan/2026:03:58:47 -0500] "GET /search/naughty-cam-babe/views/page11.html HTTP/1.1" 200 39637 "-" "Mozilla/5.0 (compatible; Barkrowler/0.9; +https://babbar.tech/crawler)"
217.113.194.81 - - [29/Jan/2026:03:58:53 -0500] "GET /search/kusssecka-porn/newest/ HTTP/1.1" 200 74196 "-" "Mozilla/5.0 (compatible; Barkrowler/0.9; +https://babbar.tech/crawler)"
217.113.194.217 - - [29/Jan/2026:03:59:03 -0500] "GET /search/naughty-cam-babe/rating/page1.html HTTP/1.1" 200 74111 "-" "Mozilla/5.0 (compatible; Barkrowler/0.9; +https://babbar.tech/crawler)"
217.113.194.76 - - [29/Jan/2026:03:59:09 -0500] "GET /search/jessica-portman-live/newest/ HTTP/1.1" 200 73437 "-" "Mozilla/5.0 (compatible; Barkrowler/0.9; +https://babbar.tech/crawler)"
217.113.194.80 - - [29/Jan/2026:03:59:19 -0500] "GET /search/naughty-nerd-cam/views/page2.html HTTP/1.1" 200 74259 "-" "Mozilla/5.0 (compatible; Barkrowler/0.9; +https://babbar.tech/crawler)"
187.190.151.230 - - [29/Jan/2026:03:59:22 -0500] "GET /media/thumbs/1/0/4/6/7/10467ffc04aa3a84.mp4/10467ffc04aa3a84.mp4-4.jpg HTTP/1.1" 200 12052 "https://porn.tw/video/emilylittle-free-webcam-sexy-babe-squirting-live-shows-3120.html" "Mozilla/5.0 (Linux; Android 10; K) AppleWebKit/537.36 (KHTML, like Gecko) Chrome/144.0.0.0 Mobile Safari/537.36"
220.181.108.114 - - [29/Jan/2026:03:59:23 -0500] "GET /search/shaantalll-live/views/page2.html HTTP/1.1" 403 - "-" "Mozilla/5.0 (compatible; Baiduspider/2.0; +http://www.baidu.com/search/spider.html)"
187.190.151.230 - - [29/Jan/2026:03:59:23 -0500] "GET /media/thumbs/1/0/4/6/7/10467ffc04aa3a84.mp4/10467ffc04aa3a84.mp4-5.jpg HTTP/1.1" 200 12447 "https://porn.tw/video/emilylittle-free-webcam-sexy-babe-squirting-live-shows-3120.html" "Mozilla/5.0 (Linux; Android 10; K) AppleWebKit/537.36 (KHTML, like Gecko) Chrome/144.0.0.0 Mobile Safari/537.36"
187.190.151.230 - - [29/Jan/2026:03:59:23 -0500] "GET /media/thumbs/1/0/4/6/7/10467ffc04aa3a84.mp4/10467ffc04aa3a84.mp4-6.jpg HTTP/1.1" 200 12204 "https://porn.tw/video/emilylittle-free-webcam-sexy-babe-squirting-live-shows-3120.html" "Mozilla/5.0 (Linux; Android 10; K) AppleWebKit/537.36 (KHTML, like Gecko) Chrome/144.0.0.0 Mobile Safari/537.36"
187.190.151.230 - - [29/Jan/2026:03:59:24 -0500] "GET /media/thumbs/1/0/4/6/7/10467ffc04aa3a84.mp4/10467ffc04aa3a84.mp4-7.jpg HTTP/1.1" 200 12210 "https://porn.tw/video/emilylittle-free-webcam-sexy-babe-squirting-live-shows-3120.html" "Mozilla/5.0 (Linux; Android 10; K) AppleWebKit/537.36 (KHTML, like Gecko) Chrome/144.0.0.0 Mobile Safari/537.36"
187.190.151.230 - - [29/Jan/2026:03:59:24 -0500] "GET /media/thumbs/1/0/4/6/7/10467ffc04aa3a84.mp4/10467ffc04aa3a84.mp4-8.jpg HTTP/1.1" 200 11991 "https://porn.tw/video/emilylittle-free-webcam-sexy-babe-squirting-live-shows-3120.html" "Mozilla/5.0 (Linux; Android 10; K) AppleWebKit/537.36 (KHTML, like Gecko) Chrome/144.0.0.0 Mobile Safari/537.36"
217.113.194.78 - - [29/Jan/2026:03:59:24 -0500] "GET /search/jessica-portman-live/views/ HTTP/1.1" 200 73877 "-" "Mozilla/5.0 (compatible; Barkrowler/0.9; +https://babbar.tech/crawler)"
187.190.151.230 - - [29/Jan/2026:03:59:25 -0500] "GET /media/thumbs/1/0/4/6/7/10467ffc04aa3a84.mp4/10467ffc04aa3a84.mp4-9.jpg HTTP/1.1" 200 12198 "https://porn.tw/video/emilylittle-free-webcam-sexy-babe-squirting-live-shows-3120.html" "Mozilla/5.0 (Linux; Android 10; K) AppleWebKit/537.36 (KHTML, like Gecko) Chrome/144.0.0.0 Mobile Safari/537.36"
187.190.151.230 - - [29/Jan/2026:03:59:25 -0500] "GET /media/thumbs/1/0/4/6/7/10467ffc04aa3a84.mp4/10467ffc04aa3a84.mp4-1.jpg HTTP/1.1" 200 12046 "https://porn.tw/video/emilylittle-free-webcam-sexy-babe-squirting-live-shows-3120.html" "Mozilla/5.0 (Linux; Android 10; K) AppleWebKit/537.36 (KHTML, like Gecko) Chrome/144.0.0.0 Mobile Safari/537.36"
187.190.151.230 - - [29/Jan/2026:03:59:26 -0500] "GET /media/thumbs/1/0/4/6/7/10467ffc04aa3a84.mp4/10467ffc04aa3a84.mp4-2.jpg HTTP/1.1" 200 12385 "https://porn.tw/video/emilylittle-free-webcam-sexy-babe-squirting-live-shows-3120.html" "Mozilla/5.0 (Linux; Android 10; K) AppleWebKit/537.36 (KHTML, like Gecko) Chrome/144.0.0.0 Mobile Safari/537.36"
66.249.74.5 - - [29/Jan/2026:03:59:33 -0500] "GET /search/hot-kayceejhons-porn/newest/page5.html HTTP/1.1" 200 69320 "-" "Mozilla/5.0 (Linux; Android 6.0.1; Nexus 5X Build/MMB29P) AppleWebKit/537.36 (KHTML, like Gecko) Chrome/143.0.7499.192 Mobile Safari/537.36 (compatible; Googlebot/2.1; +http://www.google.com/bot.html)"
217.113.194.76 - - [29/Jan/2026:03:59:35 -0500] "GET /search/naughty-nerd-cam/views/page3.html HTTP/1.1" 200 31908 "-" "Mozilla/5.0 (compatible; Barkrowler/0.9; +https://babbar.tech/crawler)"
187.190.151.230 - - [29/Jan/2026:03:59:39 -0500] "GET /media/thumbs/3/6/7/a/5/367a5d847c4a3c.mp4/367a5d847c4a3c.mp4-4.jpg HTTP/1.1" 200 11859 "https://porn.tw/video/emilylittle-free-webcam-sexy-babe-squirting-live-shows-3120.html" "Mozilla/5.0 (Linux; Android 10; K) AppleWebKit/537.36 (KHTML, like Gecko) Chrome/144.0.0.0 Mobile Safari/537.36"
187.190.151.230 - - [29/Jan/2026:03:59:39 -0500] "GET /video/bad-princess-brunette-milf-rides-dildo-on-porn-cam-2840.html HTTP/1.1" 200 57848 "https://porn.tw/video/emilylittle-free-webcam-sexy-babe-squirting-live-shows-3120.html" "Mozilla/5.0 (Linux; Android 10; K) AppleWebKit/537.36 (KHTML, like Gecko) Chrome/144.0.0.0 Mobile Safari/537.36"
217.113.194.80 - - [29/Jan/2026:03:59:40 -0500] "GET /search/searing-fucking-cam-porn/ HTTP/1.1" 200 72391 "-" "Mozilla/5.0 (compatible; Barkrowler/0.9; +https://babbar.tech/crawler)"
187.190.151.230 - - [29/Jan/2026:03:59:40 -0500] "GET /media/thumbs/3/6/7/a/5/367a5d847c4a3c.mp4/vtt_005.jpg HTTP/1.1" 200 8135 "https://porn.tw/video/bad-princess-brunette-milf-rides-dildo-on-porn-cam-2840.html" "Mozilla/5.0 (Linux; Android 10; K) AppleWebKit/537.36 (KHTML, like Gecko) Chrome/144.0.0.0 Mobile Safari/537.36"
187.190.151.230 - - [29/Jan/2026:03:59:40 -0500] "GET /media/thumbs/3/6/7/a/5/367a5d847c4a3c.mp4/vtt_010.jpg HTTP/1.1" 200 8435 "https://porn.tw/video/bad-princess-brunette-milf-rides-dildo-on-porn-cam-2840.html" "Mozilla/5.0 (Linux; Android 10; K) AppleWebKit/537.36 (KHTML, like Gecko) Chrome/144.0.0.0 Mobile Safari/537.36"
187.190.151.230 - - [29/Jan/2026:03:59:40 -0500] "GET /media/thumbs/3/6/7/a/5/367a5d847c4a3c.mp4/vtt_015.jpg HTTP/1.1" 200 8348 "https://porn.tw/video/bad-princess-brunette-milf-rides-dildo-on-porn-cam-2840.html" "Mozilla/5.0 (Linux; Android 10; K) AppleWebKit/537.36 (KHTML, like Gecko) Chrome/144.0.0.0 Mobile Safari/537.36"
187.190.151.230 - - [29/Jan/2026:03:59:40 -0500] "GET /media/thumbs/3/6/7/a/5/367a5d847c4a3c.mp4/367a5d847c4a3c.mp4-3b.jpg HTTP/1.1" 200 90566 "https://porn.tw/video/bad-princess-brunette-milf-rides-dildo-on-porn-cam-2840.html" "Mozilla/5.0 (Linux; Android 10; K) AppleWebKit/537.36 (KHTML, like Gecko) Chrome/144.0.0.0 Mobile Safari/537.36"
187.190.151.230 - - [29/Jan/2026:03:59:40 -0500] "GET /media/thumbs/3/6/7/a/5/367a5d847c4a3c.mp4/vtt_055.jpg HTTP/1.1" 200 7803 "https://porn.tw/video/bad-princess-brunette-milf-rides-dildo-on-porn-cam-2840.html" "Mozilla/5.0 (Linux; Android 10; K) AppleWebKit/537.36 (KHTML, like Gecko) Chrome/144.0.0.0 Mobile Safari/537.36"
187.190.151.230 - - [29/Jan/2026:03:59:40 -0500] "GET /media/thumbs/3/6/7/a/5/367a5d847c4a3c.mp4/vtt_045.jpg HTTP/1.1" 200 7515 "https://porn.tw/video/bad-princess-brunette-milf-rides-dildo-on-porn-cam-2840.html" "Mozilla/5.0 (Linux; Android 10; K) AppleWebKit/537.36 (KHTML, like Gecko) Chrome/144.0.0.0 Mobile Safari/537.36"
187.190.151.230 - - [29/Jan/2026:03:59:40 -0500] "GET /media/thumbs/3/6/7/a/5/367a5d847c4a3c.mp4/vtt_060.jpg HTTP/1.1" 200 7695 "https://porn.tw/video/bad-princess-brunette-milf-rides-dildo-on-porn-cam-2840.html" "Mozilla/5.0 (Linux; Android 10; K) AppleWebKit/537.36 (KHTML, like Gecko) Chrome/144.0.0.0 Mobile Safari/537.36"
187.190.151.230 - - [29/Jan/2026:03:59:40 -0500] "GET /media/thumbs/3/6/7/a/5/367a5d847c4a3c.mp4/vtt_050.jpg HTTP/1.1" 200 7607 "https://porn.tw/video/bad-princess-brunette-milf-rides-dildo-on-porn-cam-2840.html" "Mozilla/5.0 (Linux; Android 10; K) AppleWebKit/537.36 (KHTML, like Gecko) Chrome/144.0.0.0 Mobile Safari/537.36"
187.190.151.230 - - [29/Jan/2026:03:59:40 -0500] "GET /media/misc/653171c2a944c.jpg HTTP/1.1" 200 3209 "https://porn.tw/video/bad-princess-brunette-milf-rides-dildo-on-porn-cam-2840.html" "Mozilla/5.0 (Linux; Android 10; K) AppleWebKit/537.36 (KHTML, like Gecko) Chrome/144.0.0.0 Mobile Safari/537.36"
187.190.151.230 - - [29/Jan/2026:03:59:40 -0500] "GET /media/thumbs/3/6/7/a/5/367a5d847c4a3c.mp4/vtt_040.jpg HTTP/1.1" 200 7625 "https://porn.tw/video/bad-princess-brunette-milf-rides-dildo-on-porn-cam-2840.html" "Mozilla/5.0 (Linux; Android 10; K) AppleWebKit/537.36 (KHTML, like Gecko) Chrome/144.0.0.0 Mobile Safari/537.36"
187.190.151.230 - - [29/Jan/2026:03:59:40 -0500] "GET /media/thumbs/3/6/7/a/5/367a5d847c4a3c.mp4/vtt_035.jpg HTTP/1.1" 200 7686 "https://porn.tw/video/bad-princess-brunette-milf-rides-dildo-on-porn-cam-2840.html" "Mozilla/5.0 (Linux; Android 10; K) AppleWebKit/537.36 (KHTML, like Gecko) Chrome/144.0.0.0 Mobile Safari/537.36"
187.190.151.230 - - [29/Jan/2026:03:59:40 -0500] "GET /templates/default_tube2019/images/minus-solid.svg HTTP/1.1" 200 328 "https://porn.tw/video/bad-princess-brunette-milf-rides-dildo-on-porn-cam-2840.html" "Mozilla/5.0 (Linux; Android 10; K) AppleWebKit/537.36 (KHTML, like Gecko) Chrome/144.0.0.0 Mobile Safari/537.36"
187.190.151.230 - - [29/Jan/2026:03:59:40 -0500] "GET /media/thumbs/3/6/7/a/5/367a5d847c4a3c.mp4/vtt_020.jpg HTTP/1.1" 200 7699 "https://porn.tw/video/bad-princess-brunette-milf-rides-dildo-on-porn-cam-2840.html" "Mozilla/5.0 (Linux; Android 10; K) AppleWebKit/537.36 (KHTML, like Gecko) Chrome/144.0.0.0 Mobile Safari/537.36"
187.190.151.230 - - [29/Jan/2026:03:59:40 -0500] "GET /templates/default_tube2019/images/plus-solid.svg HTTP/1.1" 200 449 "https://porn.tw/video/bad-princess-brunette-milf-rides-dildo-on-porn-cam-2840.html" "Mozilla/5.0 (Linux; Android 10; K) AppleWebKit/537.36 (KHTML, like Gecko) Chrome/144.0.0.0 Mobile Safari/537.36"
187.190.151.230 - - [29/Jan/2026:03:59:40 -0500] "GET /media/thumbs/3/6/7/a/5/367a5d847c4a3c.mp4/vtt_025.jpg HTTP/1.1" 200 7535 "https://porn.tw/video/bad-princess-brunette-milf-rides-dildo-on-porn-cam-2840.html" "Mozilla/5.0 (Linux; Android 10; K) AppleWebKit/537.36 (KHTML, like Gecko) Chrome/144.0.0.0 Mobile Safari/537.36"
187.190.151.230 - - [29/Jan/2026:03:59:40 -0500] "GET /includes/fluidplayer/images/fluid_spinner.svg HTTP/1.1" 200 524 "https://porn.tw/includes/fluidplayer/fluidplayer.min.css" "Mozilla/5.0 (Linux; Android 10; K) AppleWebKit/537.36 (KHTML, like Gecko) Chrome/144.0.0.0 Mobile Safari/537.36"
187.190.151.230 - - [29/Jan/2026:03:59:40 -0500] "GET /media/thumbs/3/6/7/a/5/367a5d847c4a3c.mp4/vtt_030.jpg HTTP/1.1" 200 7680 "https://porn.tw/video/bad-princess-brunette-milf-rides-dildo-on-porn-cam-2840.html" "Mozilla/5.0 (Linux; Android 10; K) AppleWebKit/537.36 (KHTML, like Gecko) Chrome/144.0.0.0 Mobile Safari/537.36"
187.190.151.230 - - [29/Jan/2026:03:59:40 -0500] "GET /core/js/ageWarningJs.php HTTP/1.1" 200 1037 "https://porn.tw/video/bad-princess-brunette-milf-rides-dildo-on-porn-cam-2840.html" "Mozilla/5.0 (Linux; Android 10; K) AppleWebKit/537.36 (KHTML, like Gecko) Chrome/144.0.0.0 Mobile Safari/537.36"
187.190.151.230 - - [29/Jan/2026:03:59:40 -0500] "GET /core/js/gdprJs.php HTTP/1.1" 200 1238 "https://porn.tw/video/bad-princess-brunette-milf-rides-dildo-on-porn-cam-2840.html" "Mozilla/5.0 (Linux; Android 10; K) AppleWebKit/537.36 (KHTML, like Gecko) Chrome/144.0.0.0 Mobile Safari/537.36"
187.190.151.230 - - [29/Jan/2026:03:59:40 -0500] "GET /media/thumbs/1/1/6/7/a/1167a2dbb72f625.mp4/1167a2dbb72f625.mp4-6.jpg HTTP/1.1" 200 11637 "https://porn.tw/video/bad-princess-brunette-milf-rides-dildo-on-porn-cam-2840.html" "Mozilla/5.0 (Linux; Android 10; K) AppleWebKit/537.36 (KHTML, like Gecko) Chrome/144.0.0.0 Mobile Safari/537.36"
187.190.151.230 - - [29/Jan/2026:03:59:40 -0500] "GET /media/thumbs/3/6/7/9/c/3679ce57db111d.mp4/3679ce57db111d.mp4-5.jpg HTTP/1.1" 200 9549 "https://porn.tw/video/bad-princess-brunette-milf-rides-dildo-on-porn-cam-2840.html" "Mozilla/5.0 (Linux; Android 10; K) AppleWebKit/537.36 (KHTML, like Gecko) Chrome/144.0.0.0 Mobile Safari/537.36"
187.190.151.230 - - [29/Jan/2026:03:59:40 -0500] "GET /media/thumbs/3/6/7/a/4/367a46c5cd235b.mp4/367a46c5cd235b.mp4-2.jpg HTTP/1.1" 200 11905 "https://porn.tw/video/bad-princess-brunette-milf-rides-dildo-on-porn-cam-2840.html" "Mozilla/5.0 (Linux; Android 10; K) AppleWebKit/537.36 (KHTML, like Gecko) Chrome/144.0.0.0 Mobile Safari/537.36"
187.190.151.230 - - [29/Jan/2026:03:59:40 -0500] "GET /media/thumbs/1/1/6/7/a/1167a552c0ba55a.mp4/1167a552c0ba55a.mp4-4.jpg HTTP/1.1" 200 12247 "https://porn.tw/video/bad-princess-brunette-milf-rides-dildo-on-porn-cam-2840.html" "Mozilla/5.0 (Linux; Android 10; K) AppleWebKit/537.36 (KHTML, like Gecko) Chrome/144.0.0.0 Mobile Safari/537.36"
187.190.151.230 - - [29/Jan/2026:03:59:40 -0500] "GET /media/thumbs/3/6/7/b/1/367b196ff6ff6b.mp4/367b196ff6ff6b.mp4-2.jpg HTTP/1.1" 200 11821 "https://porn.tw/video/bad-princess-brunette-milf-rides-dildo-on-porn-cam-2840.html" "Mozilla/5.0 (Linux; Android 10; K) AppleWebKit/537.36 (KHTML, like Gecko) Chrome/144.0.0.0 Mobile Safari/537.36"
187.190.151.230 - - [29/Jan/2026:03:59:40 -0500] "GET /media/thumbs/1/0/4/6/7/10467fad72962669.mp4/10467fad72962669.mp4-4.jpg HTTP/1.1" 200 10949 "https://porn.tw/video/bad-princess-brunette-milf-rides-dildo-on-porn-cam-2840.html" "Mozilla/5.0 (Linux; Android 10; K) AppleWebKit/537.36 (KHTML, like Gecko) Chrome/144.0.0.0 Mobile Safari/537.36"
187.190.151.230 - - [29/Jan/2026:03:59:40 -0500] "GET /media/thumbs/7/6/5/4/9/76549d019608c2.mp4/76549d019608c2.mp4-4.jpg HTTP/1.1" 200 13545 "https://porn.tw/video/bad-princess-brunette-milf-rides-dildo-on-porn-cam-2840.html" "Mozilla/5.0 (Linux; Android 10; K) AppleWebKit/537.36 (KHTML, like Gecko) Chrome/144.0.0.0 Mobile Safari/537.36"
187.190.151.230 - - [29/Jan/2026:03:59:40 -0500] "GET /templates/default_tube2019/template.ajax_comments.php?id=2840&type=0&loaded=0&time=1769677181883 HTTP/1.1" 200 133 "https://porn.tw/video/bad-princess-brunette-milf-rides-dildo-on-porn-cam-2840.html" "Mozilla/5.0 (Linux; Android 10; K) AppleWebKit/537.36 (KHTML, like Gecko) Chrome/144.0.0.0 Mobile Safari/537.36"
187.190.151.230 - - [29/Jan/2026:03:59:40 -0500] "GET /media/thumbs/1/1/6/7/a/1167a4196117ff6.mp4/1167a4196117ff6.mp4-5.jpg HTTP/1.1" 200 9592 "https://porn.tw/video/bad-princess-brunette-milf-rides-dildo-on-porn-cam-2840.html" "Mozilla/5.0 (Linux; Android 10; K) AppleWebKit/537.36 (KHTML, like Gecko) Chrome/144.0.0.0 Mobile Safari/537.36"
187.190.151.230 - - [29/Jan/2026:03:59:40 -0500] "GET /media/thumbs/3/6/6/4/3/3664319fcec995.mp4/3664319fcec995.mp4-6.jpg HTTP/1.1" 200 11460 "https://porn.tw/video/bad-princess-brunette-milf-rides-dildo-on-porn-cam-2840.html" "Mozilla/5.0 (Linux; Android 10; K) AppleWebKit/537.36 (KHTML, like Gecko) Chrome/144.0.0.0 Mobile Safari/537.36"
187.190.151.230 - - [29/Jan/2026:03:59:40 -0500] "GET /media/thumbs/3/6/6/c/0/366c026911e55a.mp4/366c026911e55a.mp4-3.jpg HTTP/1.1" 200 8670 "https://porn.tw/video/bad-princess-brunette-milf-rides-dildo-on-porn-cam-2840.html" "Mozilla/5.0 (Linux; Android 10; K) AppleWebKit/537.36 (KHTML, like Gecko) Chrome/144.0.0.0 Mobile Safari/537.36"
187.190.151.230 - - [29/Jan/2026:03:59:41 -0500] "GET /media/thumbs/1/1/6/6/c/1166ce8f67b8e6b.mp4/1166ce8f67b8e6b.mp4-3.jpg HTTP/1.1" 200 10649 "https://porn.tw/video/bad-princess-brunette-milf-rides-dildo-on-porn-cam-2840.html" "Mozilla/5.0 (Linux; Android 10; K) AppleWebKit/537.36 (KHTML, like Gecko) Chrome/144.0.0.0 Mobile Safari/537.36"
187.190.151.230 - - [29/Jan/2026:03:59:41 -0500] "GET /media/thumbs/3/6/5/3/6/36536270875e99.mp4/36536270875e99.mp4-6.jpg HTTP/1.1" 200 9597 "https://porn.tw/video/bad-princess-brunette-milf-rides-dildo-on-porn-cam-2840.html" "Mozilla/5.0 (Linux; Android 10; K) AppleWebKit/537.36 (KHTML, like Gecko) Chrome/144.0.0.0 Mobile Safari/537.36"
187.190.151.230 - - [29/Jan/2026:03:59:41 -0500] "GET /includes/fluidplayer//scripts/webvtt.min.js HTTP/1.1" 200 8856 "https://porn.tw/video/bad-princess-brunette-milf-rides-dildo-on-porn-cam-2840.html" "Mozilla/5.0 (Linux; Android 10; K) AppleWebKit/537.36 (KHTML, like Gecko) Chrome/144.0.0.0 Mobile Safari/537.36"
187.190.151.230 - - [29/Jan/2026:03:59:41 -0500] "GET /includes/fluidplayer//scripts/vtt.js HTTP/1.1" 200 140908 "https://porn.tw/video/bad-princess-brunette-milf-rides-dildo-on-porn-cam-2840.html" "Mozilla/5.0 (Linux; Android 10; K) AppleWebKit/537.36 (KHTML, like Gecko) Chrome/144.0.0.0 Mobile Safari/537.36"
187.190.151.230 - - [29/Jan/2026:03:59:41 -0500] "GET /webvtt/2840.vtt HTTP/1.1" 200 5993 "https://porn.tw/video/bad-princess-brunette-milf-rides-dildo-on-porn-cam-2840.html" "Mozilla/5.0 (Linux; Android 10; K) AppleWebKit/537.36 (KHTML, like Gecko) Chrome/144.0.0.0 Mobile Safari/537.36"
187.190.151.230 - - [29/Jan/2026:03:59:41 -0500] "GET /media/videos/3/6/7/a/5/367a5d847c4a3c.mp4 HTTP/1.1" 206 386161433 "https://porn.tw/video/bad-princess-brunette-milf-rides-dildo-on-porn-cam-2840.html" "Mozilla/5.0 (Linux; Android 10; K) AppleWebKit/537.36 (KHTML, like Gecko) Chrome/144.0.0.0 Mobile Safari/537.36"
187.190.151.230 - - [29/Jan/2026:03:59:41 -0500] "GET /media/videos/3/6/7/a/5/367a5d847c4a3c.mp4 HTTP/1.1" 206 88857 "https://porn.tw/video/bad-princess-brunette-milf-rides-dildo-on-porn-cam-2840.html" "Mozilla/5.0 (Linux; Android 10; K) AppleWebKit/537.36 (KHTML, like Gecko) Chrome/144.0.0.0 Mobile Safari/537.36"
187.190.151.230 - - [29/Jan/2026:03:59:41 -0500] "GET /templates/default_tube2019/images/touch/chrome-touch-icon-192x192.png HTTP/1.1" 200 12951 "https://porn.tw/video/bad-princess-brunette-milf-rides-dildo-on-porn-cam-2840.html" "Mozilla/5.0 (Linux; Android 10; K) AppleWebKit/537.36 (KHTML, like Gecko) Chrome/144.0.0.0 Mobile Safari/537.36"
187.190.151.230 - - [29/Jan/2026:03:59:41 -0500] "GET /media/videos/3/6/7/a/5/367a5d847c4a3c.mp4 HTTP/1.1" 206 385974585 "https://porn.tw/video/bad-princess-brunette-milf-rides-dildo-on-porn-cam-2840.html" "Mozilla/5.0 (Linux; Android 10; K) AppleWebKit/537.36 (KHTML, like Gecko) Chrome/144.0.0.0 Mobile Safari/537.36"
187.190.151.230 - - [29/Jan/2026:03:59:47 -0500] "GET /video/emilylittle-free-webcam-sexy-babe-squirting-live-shows-3120.html HTTP/1.1" 200 57813 "https://www.google.com/" "Mozilla/5.0 (Linux; Android 10; K) AppleWebKit/537.36 (KHTML, like Gecko) Chrome/144.0.0.0 Mobile Safari/537.36"
187.190.151.230 - - [29/Jan/2026:03:59:47 -0500] "GET /media/thumbs/1/0/4/6/8/10468096e6b934eb.mp4/vtt_005.jpg HTTP/1.1" 200 7379 "https://porn.tw/video/emilylittle-free-webcam-sexy-babe-squirting-live-shows-3120.html" "Mozilla/5.0 (Linux; Android 10; K) AppleWebKit/537.36 (KHTML, like Gecko) Chrome/144.0.0.0 Mobile Safari/537.36"
187.190.151.230 - - [29/Jan/2026:03:59:47 -0500] "GET /media/thumbs/1/0/4/6/8/10468096e6b934eb.mp4/vtt_015.jpg HTTP/1.1" 200 7379 "https://porn.tw/video/emilylittle-free-webcam-sexy-babe-squirting-live-shows-3120.html" "Mozilla/5.0 (Linux; Android 10; K) AppleWebKit/537.36 (KHTML, like Gecko) Chrome/144.0.0.0 Mobile Safari/537.36"
187.190.151.230 - - [29/Jan/2026:03:59:47 -0500] "GET /media/thumbs/1/0/4/6/8/10468096e6b934eb.mp4/vtt_010.jpg HTTP/1.1" 200 7330 "https://porn.tw/video/emilylittle-free-webcam-sexy-babe-squirting-live-shows-3120.html" "Mozilla/5.0 (Linux; Android 10; K) AppleWebKit/537.36 (KHTML, like Gecko) Chrome/144.0.0.0 Mobile Safari/537.36"
187.190.151.230 - - [29/Jan/2026:03:59:47 -0500] "GET /media/thumbs/1/0/4/6/8/10468096e6b934eb.mp4/vtt_020.jpg HTTP/1.1" 200 7516 "https://porn.tw/video/emilylittle-free-webcam-sexy-babe-squirting-live-shows-3120.html" "Mozilla/5.0 (Linux; Android 10; K) AppleWebKit/537.36 (KHTML, like Gecko) Chrome/144.0.0.0 Mobile Safari/537.36"
187.190.151.230 - - [29/Jan/2026:03:59:47 -0500] "GET /media/thumbs/1/0/4/6/8/10468096e6b934eb.mp4/10468096e6b934eb.mp4-4b.jpg HTTP/1.1" 200 70413 "https://porn.tw/video/emilylittle-free-webcam-sexy-babe-squirting-live-shows-3120.html" "Mozilla/5.0 (Linux; Android 10; K) AppleWebKit/537.36 (KHTML, like Gecko) Chrome/144.0.0.0 Mobile Safari/537.36"
