188.189.108.15 - - [29/Jan/2026:04:05:34 -0500] "GET /media/videos/3/6/6/4/e/3664ef97d81f77.mp4 HTTP/1.1" 206 65536 "https://porn.tw/video/girl-next-door19-is-a-cute-lady-who-loves-to-orgasm-on-webcam-1235.html" "Mozilla/5.0 (Macintosh; Intel Mac OS X 10_15_7) AppleWebKit/605.1.15 (KHTML, like Gecko) Version/18.4 Safari/605.1.15"
104.28.218.189 - - [29/Jan/2026:04:05:34 -0500] "GET /templates/default_tube2019/images/minus-solid.svg HTTP/1.1" 200 328 "https://porn.tw/video/ginevrafedez-tattooed-sexy-blonde-fucks-her-sweet-hole-75.html" "Mozilla/5.0 (iPhone; CPU iPhone OS 26_2_0 like Mac OS X) AppleWebKit/605.1.15 (KHTML, like Gecko) GSA/405.0.859829126 Mobile/15E148 Safari/604.1"
104.28.218.189 - - [29/Jan/2026:04:05:34 -0500] "GET /templates/default_tube2019/template.ajax_comments.php?id=75&type=0&loaded=0&time=1769677533543 HTTP/1.1" 200 133 "https://porn.tw/video/ginevrafedez-tattooed-sexy-blonde-fucks-her-sweet-hole-75.html" "Mozilla/5.0 (iPhone; CPU iPhone OS 26_2_0 like Mac OS X) AppleWebKit/605.1.15 (KHTML, like Gecko) GSA/405.0.859829126 Mobile/15E148 Safari/604.1"
217.113.194.72 - - [29/Jan/2026:04:05:34 -0500] "GET /search/naughty-pleasure-porn/views/page3.html HTTP/1.1" 200 74825 "-" "Mozilla/5.0 (compatible; Barkrowler/0.9; +https://babbar.tech/crawler)"
188.189.108.15 - - [29/Jan/2026:04:05:34 -0500] "GET /media/videos/3/6/6/4/e/3664ef97d81f77.mp4 HTTP/1.1" 206 65536 "https://porn.tw/video/girl-next-door19-is-a-cute-lady-who-loves-to-orgasm-on-webcam-1235.html" "Mozilla/5.0 (Macintosh; Intel Mac OS X 10_15_7) AppleWebKit/605.1.15 (KHTML, like Gecko) Version/18.4 Safari/605.1.15"
104.28.218.189 - - [29/Jan/2026:04:05:34 -0500] "GET /webvtt/75.vtt HTTP/1.1" 200 3618 "https://porn.tw/video/ginevrafedez-tattooed-sexy-blonde-fucks-her-sweet-hole-75.html" "Mozilla/5.0 (iPhone; CPU iPhone OS 26_2_0 like Mac OS X) AppleWebKit/605.1.15 (KHTML, like Gecko) GSA/405.0.859829126 Mobile/15E148 Safari/604.1"
104.28.218.189 - - [29/Jan/2026:04:05:34 -0500] "GET /media/videos/7/6/5/4/0/7654079f530c15.mp4 HTTP/1.1" 206 72487958 "https://porn.tw/video/ginevrafedez-tattooed-sexy-blonde-fucks-her-sweet-hole-75.html" "Mozilla/5.0 (iPhone; CPU iPhone OS 26_2_0 like Mac OS X) AppleWebKit/605.1.15 (KHTML, like Gecko) GSA/405.0.859829126 Mobile/15E148 Safari/604.1"
104.28.218.189 - - [29/Jan/2026:04:05:34 -0500] "GET /media/thumbs/5/6/5/3/a/5653a51990d009.mp4/5653a51990d009.mp4-3.jpg HTTP/1.1" 200 10913 "https://porn.tw/video/ginevrafedez-tattooed-sexy-blonde-fucks-her-sweet-hole-75.html" "Mozilla/5.0 (iPhone; CPU iPhone OS 26_2_0 like Mac OS X) AppleWebKit/605.1.15 (KHTML, like Gecko) GSA/405.0.859829126 Mobile/15E148 Safari/604.1"
104.28.218.189 - - [29/Jan/2026:04:05:34 -0500] "GET /media/thumbs/7/6/5/4/0/7654079f530c15.mp4/vtt_009.jpg HTTP/1.1" 200 6571 "https://porn.tw/video/ginevrafedez-tattooed-sexy-blonde-fucks-her-sweet-hole-75.html" "Mozilla/5.0 (iPhone; CPU iPhone OS 26_2_0 like Mac OS X) AppleWebKit/605.1.15 (KHTML, like Gecko) GSA/405.0.859829126 Mobile/15E148 Safari/604.1"
188.189.108.15 - - [29/Jan/2026:04:05:34 -0500] "GET /media/videos/3/6/6/4/e/3664ef97d81f77.mp4 HTTP/1.1" 206 65536 "https://porn.tw/video/girl-next-door19-is-a-cute-lady-who-loves-to-orgasm-on-webcam-1235.html" "Mozilla/5.0 (Macintosh; Intel Mac OS X 10_15_7) AppleWebKit/605.1.15 (KHTML, like Gecko) Version/18.4 Safari/605.1.15"
104.28.218.189 - - [29/Jan/2026:04:05:35 -0500] "GET /media/thumbs/7/6/5/4/0/7654079f530c15.mp4/vtt_018.jpg HTTP/1.1" 200 6487 "https://porn.tw/video/ginevrafedez-tattooed-sexy-blonde-fucks-her-sweet-hole-75.html" "Mozilla/5.0 (iPhone; CPU iPhone OS 26_2_0 like Mac OS X) AppleWebKit/605.1.15 (KHTML, like Gecko) GSA/405.0.859829126 Mobile/15E148 Safari/604.1"
104.28.218.189 - - [29/Jan/2026:04:05:35 -0500] "GET /media/thumbs/7/6/5/3/b/7653b4b9a3e974.mp4/7653b4b9a3e974.mp4-7.jpg HTTP/1.1" 200 9636 "https://porn.tw/video/ginevrafedez-tattooed-sexy-blonde-fucks-her-sweet-hole-75.html" "Mozilla/5.0 (iPhone; CPU iPhone OS 26_2_0 like Mac OS X) AppleWebKit/605.1.15 (KHTML, like Gecko) GSA/405.0.859829126 Mobile/15E148 Safari/604.1"
188.189.108.15 - - [29/Jan/2026:04:05:35 -0500] "GET /media/videos/3/6/6/4/e/3664ef97d81f77.mp4 HTTP/1.1" 206 65536 "https://porn.tw/video/girl-next-door19-is-a-cute-lady-who-loves-to-orgasm-on-webcam-1235.html" "Mozilla/5.0 (Macintosh; Intel Mac OS X 10_15_7) AppleWebKit/605.1.15 (KHTML, like Gecko) Version/18.4 Safari/605.1.15"
104.28.218.189 - - [29/Jan/2026:04:05:35 -0500] "GET /media/videos/7/6/5/4/0/7654079f530c15.mp4 HTTP/1.1" 206 72422422 "https://porn.tw/video/ginevrafedez-tattooed-sexy-blonde-fucks-her-sweet-hole-75.html" "Mozilla/5.0 (iPhone; CPU iPhone OS 26_2_0 like Mac OS X) AppleWebKit/605.1.15 (KHTML, like Gecko) GSA/405.0.859829126 Mobile/15E148 Safari/604.1"
104.28.218.189 - - [29/Jan/2026:04:05:35 -0500] "GET /media/thumbs/7/6/5/4/0/7654079f530c15.mp4/vtt_015.jpg HTTP/1.1" 200 6575 "https://porn.tw/video/ginevrafedez-tattooed-sexy-blonde-fucks-her-sweet-hole-75.html" "Mozilla/5.0 (iPhone; CPU iPhone OS 26_2_0 like Mac OS X) AppleWebKit/605.1.15 (KHTML, like Gecko) GSA/405.0.859829126 Mobile/15E148 Safari/604.1"
104.28.218.189 - - [29/Jan/2026:04:05:35 -0500] "GET /media/thumbs/7/6/5/3/7/765377555318ef.mp4/765377555318ef.mp4-8.jpg HTTP/1.1" 200 10983 "https://porn.tw/video/ginevrafedez-tattooed-sexy-blonde-fucks-her-sweet-hole-75.html" "Mozilla/5.0 (iPhone; CPU iPhone OS 26_2_0 like Mac OS X) AppleWebKit/605.1.15 (KHTML, like Gecko) GSA/405.0.859829126 Mobile/15E148 Safari/604.1"
188.189.108.15 - - [29/Jan/2026:04:05:35 -0500] "GET /media/videos/3/6/6/4/e/3664ef97d81f77.mp4 HTTP/1.1" 206 65536 "https://porn.tw/video/girl-next-door19-is-a-cute-lady-who-loves-to-orgasm-on-webcam-1235.html" "Mozilla/5.0 (Macintosh; Intel Mac OS X 10_15_7) AppleWebKit/605.1.15 (KHTML, like Gecko) Version/18.4 Safari/605.1.15"
104.28.218.189 - - [29/Jan/2026:04:05:35 -0500] "GET /media/thumbs/7/6/5/4/0/7654079f530c15.mp4/vtt_021.jpg HTTP/1.1" 200 6332 "https://porn.tw/video/ginevrafedez-tattooed-sexy-blonde-fucks-her-sweet-hole-75.html" "Mozilla/5.0 (iPhone; CPU iPhone OS 26_2_0 like Mac OS X) AppleWebKit/605.1.15 (KHTML, like Gecko) GSA/405.0.859829126 Mobile/15E148 Safari/604.1"
104.28.218.189 - - [29/Jan/2026:04:05:35 -0500] "GET /media/thumbs/6/6/5/3/5/665355e1b264f2.mp4/665355e1b264f2.mp4-8.jpg HTTP/1.1" 200 12817 "https://porn.tw/video/ginevrafedez-tattooed-sexy-blonde-fucks-her-sweet-hole-75.html" "Mozilla/5.0 (iPhone; CPU iPhone OS 26_2_0 like Mac OS X) AppleWebKit/605.1.15 (KHTML, like Gecko) GSA/405.0.859829126 Mobile/15E148 Safari/604.1"
188.189.108.15 - - [29/Jan/2026:04:05:35 -0500] "GET /media/videos/3/6/6/4/e/3664ef97d81f77.mp4 HTTP/1.1" 206 65536 "https://porn.tw/video/girl-next-door19-is-a-cute-lady-who-loves-to-orgasm-on-webcam-1235.html" "Mozilla/5.0 (Macintosh; Intel Mac OS X 10_15_7) AppleWebKit/605.1.15 (KHTML, like Gecko) Version/18.4 Safari/605.1.15"
104.28.218.189 - - [29/Jan/2026:04:05:36 -0500] "GET /media/thumbs/7/6/5/3/d/7653d2fc4737e4.mp4/7653d2fc4737e4.mp4-3.jpg HTTP/1.1" 200 11971 "https://porn.tw/video/ginevrafedez-tattooed-sexy-blonde-fucks-her-sweet-hole-75.html" "Mozilla/5.0 (iPhone; CPU iPhone OS 26_2_0 like Mac OS X) AppleWebKit/605.1.15 (KHTML, like Gecko) GSA/405.0.859829126 Mobile/15E148 Safari/604.1"
104.28.218.189 - - [29/Jan/2026:04:05:36 -0500] "GET /media/thumbs/7/6/5/4/0/7654079f530c15.mp4/vtt_036.jpg HTTP/1.1" 200 6813 "https://porn.tw/video/ginevrafedez-tattooed-sexy-blonde-fucks-her-sweet-hole-75.html" "Mozilla/5.0 (iPhone; CPU iPhone OS 26_2_0 like Mac OS X) AppleWebKit/605.1.15 (KHTML, like Gecko) GSA/405.0.859829126 Mobile/15E148 Safari/604.1"
104.28.218.189 - - [29/Jan/2026:04:05:36 -0500] "GET /media/thumbs/7/6/5/4/0/7654079f530c15.mp4/vtt_027.jpg HTTP/1.1" 200 6344 "https://porn.tw/video/ginevrafedez-tattooed-sexy-blonde-fucks-her-sweet-hole-75.html" "Mozilla/5.0 (iPhone; CPU iPhone OS 26_2_0 like Mac OS X) AppleWebKit/605.1.15 (KHTML, like Gecko) GSA/405.0.859829126 Mobile/15E148 Safari/604.1"
104.28.218.189 - - [29/Jan/2026:04:05:36 -0500] "GET /media/videos/7/6/5/4/0/7654079f530c15.mp4 HTTP/1.1" 206 49461 "https://porn.tw/video/ginevrafedez-tattooed-sexy-blonde-fucks-her-sweet-hole-75.html" "Mozilla/5.0 (iPhone; CPU iPhone OS 26_2_0 like Mac OS X) AppleWebKit/605.1.15 (KHTML, like Gecko) GSA/405.0.859829126 Mobile/15E148 Safari/604.1"
188.189.108.15 - - [29/Jan/2026:04:05:36 -0500] "GET /media/videos/3/6/6/4/e/3664ef97d81f77.mp4 HTTP/1.1" 206 65536 "https://porn.tw/video/girl-next-door19-is-a-cute-lady-who-loves-to-orgasm-on-webcam-1235.html" "Mozilla/5.0 (Macintosh; Intel Mac OS X 10_15_7) AppleWebKit/605.1.15 (KHTML, like Gecko) Version/18.4 Safari/605.1.15"
104.28.218.189 - - [29/Jan/2026:04:05:36 -0500] "GET /media/thumbs/7/6/5/4/0/7654079f530c15.mp4/vtt_030.jpg HTTP/1.1" 200 6303 "https://porn.tw/video/ginevrafedez-tattooed-sexy-blonde-fucks-her-sweet-hole-75.html" "Mozilla/5.0 (iPhone; CPU iPhone OS 26_2_0 like Mac OS X) AppleWebKit/605.1.15 (KHTML, like Gecko) GSA/405.0.859829126 Mobile/15E148 Safari/604.1"
188.189.108.15 - - [29/Jan/2026:04:05:36 -0500] "GET /media/videos/3/6/6/4/e/3664ef97d81f77.mp4 HTTP/1.1" 206 65536 "https://porn.tw/video/girl-next-door19-is-a-cute-lady-who-loves-to-orgasm-on-webcam-1235.html" "Mozilla/5.0 (Macintosh; Intel Mac OS X 10_15_7) AppleWebKit/605.1.15 (KHTML, like Gecko) Version/18.4 Safari/605.1.15"
104.28.218.189 - - [29/Jan/2026:04:05:36 -0500] "GET /media/thumbs/7/6/5/3/9/76539e6df82f7b.mp4/76539e6df82f7b.mp4-2.jpg HTTP/1.1" 200 11102 "https://porn.tw/video/ginevrafedez-tattooed-sexy-blonde-fucks-her-sweet-hole-75.html" "Mozilla/5.0 (iPhone; CPU iPhone OS 26_2_0 like Mac OS X) AppleWebKit/605.1.15 (KHTML, like Gecko) GSA/405.0.859829126 Mobile/15E148 Safari/604.1"
104.28.218.189 - - [29/Jan/2026:04:05:36 -0500] "GET /media/thumbs/7/6/5/4/0/7654079f530c15.mp4/vtt_024.jpg HTTP/1.1" 200 6339 "https://porn.tw/video/ginevrafedez-tattooed-sexy-blonde-fucks-her-sweet-hole-75.html" "Mozilla/5.0 (iPhone; CPU iPhone OS 26_2_0 like Mac OS X) AppleWebKit/605.1.15 (KHTML, like Gecko) GSA/405.0.859829126 Mobile/15E148 Safari/604.1"
104.28.218.190 - - [29/Jan/2026:04:05:36 -0500] "GET /includes/fluidplayer/images/fluid_icons.svg HTTP/1.1" 200 18488 "https://porn.tw/video/ginevrafedez-tattooed-sexy-blonde-fucks-her-sweet-hole-75.html" "Mozilla/5.0 (iPhone; CPU iPhone OS 26_2_0 like Mac OS X) AppleWebKit/605.1.15 (KHTML, like Gecko) GSA/405.0.859829126 Mobile/15E148 Safari/604.1"
188.189.108.15 - - [29/Jan/2026:04:05:36 -0500] "GET /media/videos/3/6/6/4/e/3664ef97d81f77.mp4 HTTP/1.1" 206 65536 "https://porn.tw/video/girl-next-door19-is-a-cute-lady-who-loves-to-orgasm-on-webcam-1235.html" "Mozilla/5.0 (Macintosh; Intel Mac OS X 10_15_7) AppleWebKit/605.1.15 (KHTML, like Gecko) Version/18.4 Safari/605.1.15"
104.28.218.189 - - [29/Jan/2026:04:05:36 -0500] "GET /media/thumbs/7/6/5/4/0/7654079f530c15.mp4/vtt_012.jpg HTTP/1.1" 200 5805 "https://porn.tw/video/ginevrafedez-tattooed-sexy-blonde-fucks-her-sweet-hole-75.html" "Mozilla/5.0 (iPhone; CPU iPhone OS 26_2_0 like Mac OS X) AppleWebKit/605.1.15 (KHTML, like Gecko) GSA/405.0.859829126 Mobile/15E148 Safari/604.1"
188.189.108.15 - - [29/Jan/2026:04:05:37 -0500] "GET /media/videos/3/6/6/4/e/3664ef97d81f77.mp4 HTTP/1.1" 206 65536 "https://porn.tw/video/girl-next-door19-is-a-cute-lady-who-loves-to-orgasm-on-webcam-1235.html" "Mozilla/5.0 (Macintosh; Intel Mac OS X 10_15_7) AppleWebKit/605.1.15 (KHTML, like Gecko) Version/18.4 Safari/605.1.15"
104.28.218.189 - - [29/Jan/2026:04:05:37 -0500] "GET /media/thumbs/7/6/5/4/0/7654079f530c15.mp4/vtt_003.jpg HTTP/1.1" 200 6194 "https://porn.tw/video/ginevrafedez-tattooed-sexy-blonde-fucks-her-sweet-hole-75.html" "Mozilla/5.0 (iPhone; CPU iPhone OS 26_2_0 like Mac OS X) AppleWebKit/605.1.15 (KHTML, like Gecko) GSA/405.0.859829126 Mobile/15E148 Safari/604.1"
104.28.218.189 - - [29/Jan/2026:04:05:37 -0500] "GET /media/thumbs/7/6/5/3/7/7653730672ab3a.mp4/7653730672ab3a.mp4-3.jpg HTTP/1.1" 200 11180 "https://porn.tw/video/ginevrafedez-tattooed-sexy-blonde-fucks-her-sweet-hole-75.html" "Mozilla/5.0 (iPhone; CPU iPhone OS 26_2_0 like Mac OS X) AppleWebKit/605.1.15 (KHTML, like Gecko) GSA/405.0.859829126 Mobile/15E148 Safari/604.1"
104.28.218.189 - - [29/Jan/2026:04:05:37 -0500] "GET /media/misc/65323aa4ae803.jpg HTTP/1.1" 200 11950 "https://porn.tw/video/ginevrafedez-tattooed-sexy-blonde-fucks-her-sweet-hole-75.html" "Mozilla/5.0 (iPhone; CPU iPhone OS 26_2_0 like Mac OS X) AppleWebKit/605.1.15 (KHTML, like Gecko) GSA/405.0.859829126 Mobile/15E148 Safari/604.1"
188.189.108.15 - - [29/Jan/2026:04:05:37 -0500] "GET /media/videos/3/6/6/4/e/3664ef97d81f77.mp4 HTTP/1.1" 206 65536 "https://porn.tw/video/girl-next-door19-is-a-cute-lady-who-loves-to-orgasm-on-webcam-1235.html" "Mozilla/5.0 (Macintosh; Intel Mac OS X 10_15_7) AppleWebKit/605.1.15 (KHTML, like Gecko) Version/18.4 Safari/605.1.15"
104.28.218.189 - - [29/Jan/2026:04:05:37 -0500] "GET /media/thumbs/7/6/5/3/f/7653f417d7665f.mp4/7653f417d7665f.mp4-3.jpg HTTP/1.1" 200 13070 "https://porn.tw/video/ginevrafedez-tattooed-sexy-blonde-fucks-her-sweet-hole-75.html" "Mozilla/5.0 (iPhone; CPU iPhone OS 26_2_0 like Mac OS X) AppleWebKit/605.1.15 (KHTML, like Gecko) GSA/405.0.859829126 Mobile/15E148 Safari/604.1"
104.28.218.190 - - [29/Jan/2026:04:05:37 -0500] "GET /media/thumbs/7/6/5/3/6/7653614a713861.mp4/7653614a713861.mp4-8.jpg HTTP/1.1" 200 9709 "https://porn.tw/video/ginevrafedez-tattooed-sexy-blonde-fucks-her-sweet-hole-75.html" "Mozilla/5.0 (iPhone; CPU iPhone OS 26_2_0 like Mac OS X) AppleWebKit/605.1.15 (KHTML, like Gecko) GSA/405.0.859829126 Mobile/15E148 Safari/604.1"
104.28.218.190 - - [29/Jan/2026:04:05:37 -0500] "GET /media/thumbs/7/6/5/4/0/7654079f530c15.mp4/7654079f530c15.mp4-3b.jpg HTTP/1.1" 200 67520 "https://porn.tw/video/ginevrafedez-tattooed-sexy-blonde-fucks-her-sweet-hole-75.html" "Mozilla/5.0 (iPhone; CPU iPhone OS 26_2_0 like Mac OS X) AppleWebKit/605.1.15 (KHTML, like Gecko) GSA/405.0.859829126 Mobile/15E148 Safari/604.1"
104.28.218.189 - - [29/Jan/2026:04:05:37 -0500] "GET /media/thumbs/3/6/5/3/a/3653a010d7b93e.mp4/3653a010d7b93e.mp4-3.jpg HTTP/1.1" 200 12672 "https://porn.tw/video/ginevrafedez-tattooed-sexy-blonde-fucks-her-sweet-hole-75.html" "Mozilla/5.0 (iPhone; CPU iPhone OS 26_2_0 like Mac OS X) AppleWebKit/605.1.15 (KHTML, like Gecko) GSA/405.0.859829126 Mobile/15E148 Safari/604.1"
104.28.218.189 - - [29/Jan/2026:04:05:37 -0500] "GET /media/thumbs/7/6/5/3/9/7653946fa8b5e0.mp4/7653946fa8b5e0.mp4-1.jpg HTTP/1.1" 200 11343 "https://porn.tw/video/ginevrafedez-tattooed-sexy-blonde-fucks-her-sweet-hole-75.html" "Mozilla/5.0 (iPhone; CPU iPhone OS 26_2_0 like Mac OS X) AppleWebKit/605.1.15 (KHTML, like Gecko) GSA/405.0.859829126 Mobile/15E148 Safari/604.1"
188.189.108.15 - - [29/Jan/2026:04:05:37 -0500] "GET /media/videos/3/6/6/4/e/3664ef97d81f77.mp4 HTTP/1.1" 206 65536 "https://porn.tw/video/girl-next-door19-is-a-cute-lady-who-loves-to-orgasm-on-webcam-1235.html" "Mozilla/5.0 (Macintosh; Intel Mac OS X 10_15_7) AppleWebKit/605.1.15 (KHTML, like Gecko) Version/18.4 Safari/605.1.15"
188.189.108.15 - - [29/Jan/2026:04:05:37 -0500] "GET /media/videos/3/6/6/4/e/3664ef97d81f77.mp4 HTTP/1.1" 206 115009 "https://porn.tw/video/girl-next-door19-is-a-cute-lady-who-loves-to-orgasm-on-webcam-1235.html" "Mozilla/5.0 (Macintosh; Intel Mac OS X 10_15_7) AppleWebKit/605.1.15 (KHTML, like Gecko) Version/18.4 Safari/605.1.15"
104.28.218.189 - - [29/Jan/2026:04:05:37 -0500] "GET /media/thumbs/7/6/5/3/5/765355d9f68bfa.mp4/765355d9f68bfa.mp4-3.jpg HTTP/1.1" 200 8263 "https://porn.tw/video/ginevrafedez-tattooed-sexy-blonde-fucks-her-sweet-hole-75.html" "Mozilla/5.0 (iPhone; CPU iPhone OS 26_2_0 like Mac OS X) AppleWebKit/605.1.15 (KHTML, like Gecko) GSA/405.0.859829126 Mobile/15E148 Safari/604.1"
104.28.218.189 - - [29/Jan/2026:04:05:37 -0500] "GET /media/thumbs/3/6/5/3/7/3653779d0e668e.mp4/3653779d0e668e.mp4-2.jpg HTTP/1.1" 200 10317 "https://porn.tw/video/ginevrafedez-tattooed-sexy-blonde-fucks-her-sweet-hole-75.html" "Mozilla/5.0 (iPhone; CPU iPhone OS 26_2_0 like Mac OS X) AppleWebKit/605.1.15 (KHTML, like Gecko) GSA/405.0.859829126 Mobile/15E148 Safari/604.1"
104.28.218.190 - - [29/Jan/2026:04:05:37 -0500] "GET /media/thumbs/7/6/5/3/a/7653a045b4c297.mp4/7653a045b4c297.mp4-4.jpg HTTP/1.1" 200 9007 "https://porn.tw/video/ginevrafedez-tattooed-sexy-blonde-fucks-her-sweet-hole-75.html" "Mozilla/5.0 (iPhone; CPU iPhone OS 26_2_0 like Mac OS X) AppleWebKit/605.1.15 (KHTML, like Gecko) GSA/405.0.859829126 Mobile/15E148 Safari/604.1"
188.189.108.15 - - [29/Jan/2026:04:05:37 -0500] "GET /media/videos/3/6/6/4/e/3664ef97d81f77.mp4 HTTP/1.1" 206 131072 "https://porn.tw/video/girl-next-door19-is-a-cute-lady-who-loves-to-orgasm-on-webcam-1235.html" "Mozilla/5.0 (Macintosh; Intel Mac OS X 10_15_7) AppleWebKit/605.1.15 (KHTML, like Gecko) Version/18.4 Safari/605.1.15"
188.189.108.15 - - [29/Jan/2026:04:05:37 -0500] "GET /media/videos/3/6/6/4/e/3664ef97d81f77.mp4 HTTP/1.1" 206 65536 "https://porn.tw/video/girl-next-door19-is-a-cute-lady-who-loves-to-orgasm-on-webcam-1235.html" "Mozilla/5.0 (Macintosh; Intel Mac OS X 10_15_7) AppleWebKit/605.1.15 (KHTML, like Gecko) Version/18.4 Safari/605.1.15"
104.28.218.189 - - [29/Jan/2026:04:05:38 -0500] "GET /media/thumbs/3/6/5/3/2/365324cb67db05.mp4/365324cb67db05.mp4-8.jpg HTTP/1.1" 200 7518 "https://porn.tw/video/ginevrafedez-tattooed-sexy-blonde-fucks-her-sweet-hole-75.html" "Mozilla/5.0 (iPhone; CPU iPhone OS 26_2_0 like Mac OS X) AppleWebKit/605.1.15 (KHTML, like Gecko) GSA/405.0.859829126 Mobile/15E148 Safari/604.1"
104.28.218.189 - - [29/Jan/2026:04:05:38 -0500] "GET /media/thumbs/7/6/5/4/0/7654079f530c15.mp4/vtt_033.jpg HTTP/1.1" 200 6933 "https://porn.tw/video/ginevrafedez-tattooed-sexy-blonde-fucks-her-sweet-hole-75.html" "Mozilla/5.0 (iPhone; CPU iPhone OS 26_2_0 like Mac OS X) AppleWebKit/605.1.15 (KHTML, like Gecko) GSA/405.0.859829126 Mobile/15E148 Safari/604.1"
104.28.218.189 - - [29/Jan/2026:04:05:38 -0500] "GET /templates/default_tube2019/images/logo.png HTTP/1.1" 200 2157 "https://porn.tw/video/ginevrafedez-tattooed-sexy-blonde-fucks-her-sweet-hole-75.html" "Mozilla/5.0 (iPhone; CPU iPhone OS 26_2_0 like Mac OS X) AppleWebKit/605.1.15 (KHTML, like Gecko) GSA/405.0.859829126 Mobile/15E148 Safari/604.1"
104.28.218.189 - - [29/Jan/2026:04:05:38 -0500] "GET /media/thumbs/7/6/5/4/0/7654079f530c15.mp4/vtt_006.jpg HTTP/1.1" 200 6282 "https://porn.tw/video/ginevrafedez-tattooed-sexy-blonde-fucks-her-sweet-hole-75.html" "Mozilla/5.0 (iPhone; CPU iPhone OS 26_2_0 like Mac OS X) AppleWebKit/605.1.15 (KHTML, like Gecko) GSA/405.0.859829126 Mobile/15E148 Safari/604.1"
188.189.108.15 - - [29/Jan/2026:04:05:38 -0500] "GET /media/videos/3/6/6/4/e/3664ef97d81f77.mp4 HTTP/1.1" 206 65536 "https://porn.tw/video/girl-next-door19-is-a-cute-lady-who-loves-to-orgasm-on-webcam-1235.html" "Mozilla/5.0 (Macintosh; Intel Mac OS X 10_15_7) AppleWebKit/605.1.15 (KHTML, like Gecko) Version/18.4 Safari/605.1.15"
188.189.108.15 - - [29/Jan/2026:04:05:38 -0500] "GET /media/videos/3/6/6/4/e/3664ef97d81f77.mp4 HTTP/1.1" 206 65536 "https://porn.tw/video/girl-next-door19-is-a-cute-lady-who-loves-to-orgasm-on-webcam-1235.html" "Mozilla/5.0 (Macintosh; Intel Mac OS X 10_15_7) AppleWebKit/605.1.15 (KHTML, like Gecko) Version/18.4 Safari/605.1.15"
104.28.218.189 - - [29/Jan/2026:04:05:38 -0500] "GET /core/images/catdefault.jpg HTTP/1.1" 200 3364 "https://porn.tw/video/ginevrafedez-tattooed-sexy-blonde-fucks-her-sweet-hole-75.html" "Mozilla/5.0 (iPhone; CPU iPhone OS 26_2_0 like Mac OS X) AppleWebKit/605.1.15 (KHTML, like Gecko) GSA/405.0.859829126 Mobile/15E148 Safari/604.1"
188.189.108.15 - - [29/Jan/2026:04:05:38 -0500] "GET /media/videos/3/6/6/4/e/3664ef97d81f77.mp4 HTTP/1.1" 206 65536 "https://porn.tw/video/girl-next-door19-is-a-cute-lady-who-loves-to-orgasm-on-webcam-1235.html" "Mozilla/5.0 (Macintosh; Intel Mac OS X 10_15_7) AppleWebKit/605.1.15 (KHTML, like Gecko) Version/18.4 Safari/605.1.15"
104.28.218.189 - - [29/Jan/2026:04:05:38 -0500] "GET /templates/default_tube2019/images/plus-solid.svg HTTP/1.1" 200 449 "https://porn.tw/video/ginevrafedez-tattooed-sexy-blonde-fucks-her-sweet-hole-75.html" "Mozilla/5.0 (iPhone; CPU iPhone OS 26_2_0 like Mac OS X) AppleWebKit/605.1.15 (KHTML, like Gecko) GSA/405.0.859829126 Mobile/15E148 Safari/604.1"
104.28.218.189 - - [29/Jan/2026:04:05:38 -0500] "GET /templates/default_tube2019/images/ad-280.png HTTP/1.1" 200 73287 "https://porn.tw/video/ginevrafedez-tattooed-sexy-blonde-fucks-her-sweet-hole-75.html" "Mozilla/5.0 (iPhone; CPU iPhone OS 26_2_0 like Mac OS X) AppleWebKit/605.1.15 (KHTML, like Gecko) GSA/405.0.859829126 Mobile/15E148 Safari/604.1"
104.28.218.189 - - [29/Jan/2026:04:05:38 -0500] "GET /templates/default_tube2019/images/minus-solid.svg HTTP/1.1" 200 328 "https://porn.tw/video/ginevrafedez-tattooed-sexy-blonde-fucks-her-sweet-hole-75.html" "Mozilla/5.0 (iPhone; CPU iPhone OS 26_2_0 like Mac OS X) AppleWebKit/605.1.15 (KHTML, like Gecko) GSA/405.0.859829126 Mobile/15E148 Safari/604.1"
104.28.218.190 - - [29/Jan/2026:04:05:38 -0500] "GET /templates/default_tube2019/images/ad-280-2.png HTTP/1.1" 200 98354 "https://porn.tw/video/ginevrafedez-tattooed-sexy-blonde-fucks-her-sweet-hole-75.html" "Mozilla/5.0 (iPhone; CPU iPhone OS 26_2_0 like Mac OS X) AppleWebKit/605.1.15 (KHTML, like Gecko) GSA/405.0.859829126 Mobile/15E148 Safari/604.1"
188.189.108.15 - - [29/Jan/2026:04:05:38 -0500] "GET /media/videos/3/6/6/4/e/3664ef97d81f77.mp4 HTTP/1.1" 206 131072 "https://porn.tw/video/girl-next-door19-is-a-cute-lady-who-loves-to-orgasm-on-webcam-1235.html" "Mozilla/5.0 (Macintosh; Intel Mac OS X 10_15_7) AppleWebKit/605.1.15 (KHTML, like Gecko) Version/18.4 Safari/605.1.15"
188.189.108.15 - - [29/Jan/2026:04:05:39 -0500] "GET /media/videos/3/6/6/4/e/3664ef97d81f77.mp4 HTTP/1.1" 206 65536 "https://porn.tw/video/girl-next-door19-is-a-cute-lady-who-loves-to-orgasm-on-webcam-1235.html" "Mozilla/5.0 (Macintosh; Intel Mac OS X 10_15_7) AppleWebKit/605.1.15 (KHTML, like Gecko) Version/18.4 Safari/605.1.15"
104.28.218.189 - - [29/Jan/2026:04:05:39 -0500] "GET /templates/default_tube2019/images/ad-280-3.png HTTP/1.1" 200 116616 "https://porn.tw/video/ginevrafedez-tattooed-sexy-blonde-fucks-her-sweet-hole-75.html" "Mozilla/5.0 (iPhone; CPU iPhone OS 26_2_0 like Mac OS X) AppleWebKit/605.1.15 (KHTML, like Gecko) GSA/405.0.859829126 Mobile/15E148 Safari/604.1"
188.189.108.15 - - [29/Jan/2026:04:05:39 -0500] "GET /media/videos/3/6/6/4/e/3664ef97d81f77.mp4 HTTP/1.1" 206 65536 "https://porn.tw/video/girl-next-door19-is-a-cute-lady-who-loves-to-orgasm-on-webcam-1235.html" "Mozilla/5.0 (Macintosh; Intel Mac OS X 10_15_7) AppleWebKit/605.1.15 (KHTML, like Gecko) Version/18.4 Safari/605.1.15"
104.28.218.189 - - [29/Jan/2026:04:05:39 -0500] "GET /includes/player/logo.png HTTP/1.1" 200 8496 "https://porn.tw/video/ginevrafedez-tattooed-sexy-blonde-fucks-her-sweet-hole-75.html" "Mozilla/5.0 (iPhone; CPU iPhone OS 26_2_0 like Mac OS X) AppleWebKit/605.1.15 (KHTML, like Gecko) GSA/405.0.859829126 Mobile/15E148 Safari/604.1"
116.179.32.131 - - [29/Jan/2026:04:05:39 -0500] "GET /search/female-pleasure/page2.html HTTP/1.1" 403 - "-" "Mozilla/5.0 (compatible; Baiduspider/2.0; +http://www.baidu.com/search/spider.html)"
188.189.108.15 - - [29/Jan/2026:04:05:39 -0500] "GET /media/videos/3/6/6/4/e/3664ef97d81f77.mp4 HTTP/1.1" 206 65536 "https://porn.tw/video/girl-next-door19-is-a-cute-lady-who-loves-to-orgasm-on-webcam-1235.html" "Mozilla/5.0 (Macintosh; Intel Mac OS X 10_15_7) AppleWebKit/605.1.15 (KHTML, like Gecko) Version/18.4 Safari/605.1.15"
188.189.108.15 - - [29/Jan/2026:04:05:39 -0500] "GET /media/videos/3/6/6/4/e/3664ef97d81f77.mp4 HTTP/1.1" 206 65536 "https://porn.tw/video/girl-next-door19-is-a-cute-lady-who-loves-to-orgasm-on-webcam-1235.html" "Mozilla/5.0 (Macintosh; Intel Mac OS X 10_15_7) AppleWebKit/605.1.15 (KHTML, like Gecko) Version/18.4 Safari/605.1.15"
188.189.108.15 - - [29/Jan/2026:04:05:39 -0500] "GET /media/videos/3/6/6/4/e/3664ef97d81f77.mp4 HTTP/1.1" 206 65536 "https://porn.tw/video/girl-next-door19-is-a-cute-lady-who-loves-to-orgasm-on-webcam-1235.html" "Mozilla/5.0 (Macintosh; Intel Mac OS X 10_15_7) AppleWebKit/605.1.15 (KHTML, like Gecko) Version/18.4 Safari/605.1.15"
188.189.108.15 - - [29/Jan/2026:04:05:40 -0500] "GET /media/videos/3/6/6/4/e/3664ef97d81f77.mp4 HTTP/1.1" 206 131072 "https://porn.tw/video/girl-next-door19-is-a-cute-lady-who-loves-to-orgasm-on-webcam-1235.html" "Mozilla/5.0 (Macintosh; Intel Mac OS X 10_15_7) AppleWebKit/605.1.15 (KHTML, like Gecko) Version/18.4 Safari/605.1.15"
188.189.108.15 - - [29/Jan/2026:04:05:40 -0500] "GET /media/videos/3/6/6/4/e/3664ef97d81f77.mp4 HTTP/1.1" 206 65536 "https://porn.tw/video/girl-next-door19-is-a-cute-lady-who-loves-to-orgasm-on-webcam-1235.html" "Mozilla/5.0 (Macintosh; Intel Mac OS X 10_15_7) AppleWebKit/605.1.15 (KHTML, like Gecko) Version/18.4 Safari/605.1.15"
217.113.194.81 - - [29/Jan/2026:04:05:40 -0500] "GET /search/naughty-toy-webcam/page6.html HTTP/1.1" 200 71580 "-" "Mozilla/5.0 (compatible; Barkrowler/0.9; +https://babbar.tech/crawler)"
188.189.108.15 - - [29/Jan/2026:04:05:40 -0500] "GET /media/videos/3/6/6/4/e/3664ef97d81f77.mp4 HTTP/1.1" 206 131072 "https://porn.tw/video/girl-next-door19-is-a-cute-lady-who-loves-to-orgasm-on-webcam-1235.html" "Mozilla/5.0 (Macintosh; Intel Mac OS X 10_15_7) AppleWebKit/605.1.15 (KHTML, like Gecko) Version/18.4 Safari/605.1.15"
188.189.108.15 - - [29/Jan/2026:04:05:40 -0500] "GET /media/videos/3/6/6/4/e/3664ef97d81f77.mp4 HTTP/1.1" 206 65536 "https://porn.tw/video/girl-next-door19-is-a-cute-lady-who-loves-to-orgasm-on-webcam-1235.html" "Mozilla/5.0 (Macintosh; Intel Mac OS X 10_15_7) AppleWebKit/605.1.15 (KHTML, like Gecko) Version/18.4 Safari/605.1.15"
188.189.108.15 - - [29/Jan/2026:04:05:41 -0500] "GET /media/videos/3/6/6/4/e/3664ef97d81f77.mp4 HTTP/1.1" 206 65536 "https://porn.tw/video/girl-next-door19-is-a-cute-lady-who-loves-to-orgasm-on-webcam-1235.html" "Mozilla/5.0 (Macintosh; Intel Mac OS X 10_15_7) AppleWebKit/605.1.15 (KHTML, like Gecko) Version/18.4 Safari/605.1.15"
188.189.108.15 - - [29/Jan/2026:04:05:41 -0500] "GET /media/videos/3/6/6/4/e/3664ef97d81f77.mp4 HTTP/1.1" 206 65536 "https://porn.tw/video/girl-next-door19-is-a-cute-lady-who-loves-to-orgasm-on-webcam-1235.html" "Mozilla/5.0 (Macintosh; Intel Mac OS X 10_15_7) AppleWebKit/605.1.15 (KHTML, like Gecko) Version/18.4 Safari/605.1.15"
104.28.218.189 - - [29/Jan/2026:04:05:45 -0500] "GET /includes/fluidplayer/images/fluid_spinner.svg HTTP/1.1" 200 524 "https://porn.tw/video/ginevrafedez-tattooed-sexy-blonde-fucks-her-sweet-hole-75.html" "Mozilla/5.0 (iPhone; CPU iPhone OS 26_2_0 like Mac OS X) AppleWebKit/605.1.15 (KHTML, like Gecko) GSA/405.0.859829126 Mobile/15E148 Safari/604.1"
104.28.218.189 - - [29/Jan/2026:04:05:45 -0500] "GET /templates/default_tube2019/iimages/touch/apple-touch-icon.png HTTP/1.1" 404 6804 "https://porn.tw/video/ginevrafedez-tattooed-sexy-blonde-fucks-her-sweet-hole-75.html" "Mozilla/5.0 (iPhone; CPU iPhone OS 26_2_0 like Mac OS X) AppleWebKit/605.1.15 (KHTML, like Gecko) GSA/405.0.859829126 Mobile/15E148 Safari/604.1"
104.28.218.189 - - [29/Jan/2026:04:05:45 -0500] "GET /media/videos/7/6/5/4/0/7654079f530c15.mp4 HTTP/1.1" 206 72258895 "https://porn.tw/video/ginevrafedez-tattooed-sexy-blonde-fucks-her-sweet-hole-75.html" "Mozilla/5.0 (iPhone; CPU iPhone OS 26_2_0 like Mac OS X) AppleWebKit/605.1.15 (KHTML, like Gecko) GSA/405.0.859829126 Mobile/15E148 Safari/604.1"
217.113.194.77 - - [29/Jan/2026:04:05:50 -0500] "GET /search/paula-hills-live-porn/page1.html HTTP/1.1" 200 72611 "-" "Mozilla/5.0 (compatible; Barkrowler/0.9; +https://babbar.tech/crawler)"
217.113.194.80 - - [29/Jan/2026:04:05:56 -0500] "GET /search/naughty-babe-cam/rating/page8.html HTTP/1.1" 200 75255 "-" "Mozilla/5.0 (compatible; Barkrowler/0.9; +https://babbar.tech/crawler)"
66.249.74.4 - - [29/Jan/2026:04:05:58 -0500] "GET /search/alyssaspicy-cams-show/views/page2.html HTTP/1.1" 200 73520 "-" "Mozilla/5.0 (Linux; Android 6.0.1; Nexus 5X Build/MMB29P) AppleWebKit/537.36 (KHTML, like Gecko) Chrome/143.0.7499.192 Mobile Safari/537.36 (compatible; Googlebot/2.1; +http://www.google.com/bot.html)"
104.28.218.190 - - [29/Jan/2026:04:06:05 -0500] "GET /media/videos/7/6/5/4/0/7654079f530c15.mp4 HTTP/1.1" 206 65536 "https://porn.tw/video/ginevrafedez-tattooed-sexy-blonde-fucks-her-sweet-hole-75.html" "Mozilla/5.0 (iPhone; CPU iPhone OS 26_2_0 like Mac OS X) AppleWebKit/605.1.15 (KHTML, like Gecko) GSA/405.0.859829126 Mobile/15E148 Safari/604.1"
217.113.194.72 - - [29/Jan/2026:04:06:05 -0500] "GET /search/paula-hills-cams/views/page2.html HTTP/1.1" 200 74304 "-" "Mozilla/5.0 (compatible; Barkrowler/0.9; +https://babbar.tech/crawler)"
104.28.218.190 - - [29/Jan/2026:04:06:07 -0500] "GET /media/videos/7/6/5/4/0/7654079f530c15.mp4 HTTP/1.1" 206 33395 "https://porn.tw/video/ginevrafedez-tattooed-sexy-blonde-fucks-her-sweet-hole-75.html" "Mozilla/5.0 (iPhone; CPU iPhone OS 26_2_0 like Mac OS X) AppleWebKit/605.1.15 (KHTML, like Gecko) GSA/405.0.859829126 Mobile/15E148 Safari/604.1"
217.113.194.76 - - [29/Jan/2026:04:06:12 -0500] "GET /search/naughty-shemale-tube/page4.html HTTP/1.1" 200 54038 "-" "Mozilla/5.0 (compatible; Barkrowler/0.9; +https://babbar.tech/crawler)"
220.181.108.102 - - [29/Jan/2026:04:06:21 -0500] "GET /search/gimbobar-webcam/rating/page10.html HTTP/1.1" 403 - "-" "Mozilla/5.0 (compatible; Baiduspider/2.0; +http://www.baidu.com/search/spider.html)"
217.113.194.80 - - [29/Jan/2026:04:06:21 -0500] "GET /search/paula-hills-self-pleasure/page7.html HTTP/1.1" 200 75985 "-" "Mozilla/5.0 (compatible; Barkrowler/0.9; +https://babbar.tech/crawler)"
220.181.51.92 - - [29/Jan/2026:04:06:27 -0500] "GET /search/gimbobar-webcam/rating/page10.html HTTP/1.1" 200 64722 "-" "Mozilla/5.0 (Windows NT 10.0; WOW64) AppleWebKit/537.36 (KHTML, like Gecko) Chrome/48.0.2564.116 Safari/537.36"
217.113.194.75 - - [29/Jan/2026:04:06:27 -0500] "GET /search/naughty-shemale-tube/page3.html HTTP/1.1" 200 75086 "-" "Mozilla/5.0 (compatible; Barkrowler/0.9; +https://babbar.tech/crawler)"
66.249.74.6 - - [29/Jan/2026:04:06:33 -0500] "GET /search/-laura-bennet-porn/newest/page2.html HTTP/1.1" 200 75631 "-" "Mozilla/5.0 (Linux; Android 6.0.1; Nexus 5X Build/MMB29P) AppleWebKit/537.36 (KHTML, like Gecko) Chrome/143.0.7499.192 Mobile Safari/537.36 (compatible; Googlebot/2.1; +http://www.google.com/bot.html)"
217.113.194.75 - - [29/Jan/2026:04:06:36 -0500] "GET /search/live-cam-passion/newest/page2.html HTTP/1.1" 200 75355 "-" "Mozilla/5.0 (compatible; Barkrowler/0.9; +https://babbar.tech/crawler)"
217.113.194.74 - - [29/Jan/2026:04:06:43 -0500] "GET /search/naughty-shemale/views/page4.html HTTP/1.1" 200 37478 "-" "Mozilla/5.0 (compatible; Barkrowler/0.9; +https://babbar.tech/crawler)"
66.249.74.4 - - [29/Jan/2026:04:06:48 -0500] "GET /search/toy-play/page1.html HTTP/1.1" 200 73971 "-" "Mozilla/5.0 (Linux; Android 6.0.1; Nexus 5X Build/MMB29P) AppleWebKit/537.36 (KHTML, like Gecko) Chrome/143.0.7499.192 Mobile Safari/537.36 (compatible; Googlebot/2.1; +http://www.google.com/bot.html)"
217.113.194.73 - - [29/Jan/2026:04:06:52 -0500] "GET /search/live-cam-blonde/newest/page8.html HTTP/1.1" 200 71662 "-" "Mozilla/5.0 (compatible; Barkrowler/0.9; +https://babbar.tech/crawler)"
217.113.194.75 - - [29/Jan/2026:04:06:58 -0500] "GET /search/naughty-oral-show/views/page8.html HTTP/1.1" 200 49036 "-" "Mozilla/5.0 (compatible; Barkrowler/0.9; +https://babbar.tech/crawler)"
66.249.74.4 - - [29/Jan/2026:04:06:59 -0500] "GET /search/any-clark-porn-cam/ HTTP/1.1" 200 71789 "-" "Mozilla/5.0 (Linux; Android 6.0.1; Nexus 5X Build/MMB29P) AppleWebKit/537.36 (KHTML, like Gecko) Chrome/143.0.7499.192 Mobile Safari/537.36 (compatible; Googlebot/2.1; +http://www.google.com/bot.html)"
220.181.108.94 - - [29/Jan/2026:04:07:04 -0500] "GET /search/body-pleasure/newest/page9.html HTTP/1.1" 403 - "-" "Mozilla/5.0 (compatible; Baiduspider/2.0; +http://www.baidu.com/search/spider.html)"
119.249.100.234 - - [29/Jan/2026:04:07:05 -0500] "GET /search/body-pleasure/newest/page9.html HTTP/1.1" 200 72358 "-" "Mozilla/5.0 (Windows NT 10.0; WOW64) AppleWebKit/537.36 (KHTML, like Gecko) Chrome/48.0.2564.116 Safari/537.36"
217.113.194.72 - - [29/Jan/2026:04:07:07 -0500] "GET /search/live-cam-blonde/newest/page7.html HTTP/1.1" 200 74319 "-" "Mozilla/5.0 (compatible; Barkrowler/0.9; +https://babbar.tech/crawler)"
52.71.216.196 - - [29/Jan/2026:04:07:10 -0500] "GET /channels/4/big-ass/page3.html HTTP/1.1" 200 82495 "-" "Mozilla/5.0 AppleWebKit/537.36 (KHTML, like Gecko; compatible; Amazonbot/0.1; +https://developer.amazon.com/support/amazonbot) Chrome/119.0.6045.214 Safari/537.36"
217.113.194.77 - - [29/Jan/2026:04:07:14 -0500] "GET /search/paula-hills-live/views/page1.html HTTP/1.1" 200 73845 "-" "Mozilla/5.0 (compatible; Barkrowler/0.9; +https://babbar.tech/crawler)"
66.249.74.4 - - [29/Jan/2026:04:07:18 -0500] "GET /search/any-clark-live-porn/ HTTP/1.1" 200 71963 "-" "Mozilla/5.0 (Linux; Android 6.0.1; Nexus 5X Build/MMB29P) AppleWebKit/537.36 (KHTML, like Gecko) Chrome/143.0.7499.192 Mobile Safari/537.36 (compatible; Googlebot/2.1; +http://www.google.com/bot.html)"
17.22.237.252 - - [29/Jan/2026:04:07:19 -0500] "GET /video/milablush-uses-an-ice-cube-to-pleasure-her-body-33.html HTTP/1.1" 200 53742 "-" "Mozilla/5.0 (Macintosh; Intel Mac OS X 10_15_7) AppleWebKit/605.1.15 (KHTML, like Gecko) Version/17.4 Safari/605.1.15 (Applebot/0.1; +http://www.apple.com/go/applebot)"
217.113.194.80 - - [29/Jan/2026:04:07:23 -0500] "GET /search/live-cam-blonde/newest/page4.html HTTP/1.1" 200 75959 "-" "Mozilla/5.0 (compatible; Barkrowler/0.9; +https://babbar.tech/crawler)"
217.113.194.81 - - [29/Jan/2026:04:07:29 -0500] "GET /search/paula-hills-live-porn/page2.html HTTP/1.1" 200 70926 "-" "Mozilla/5.0 (compatible; Barkrowler/0.9; +https://babbar.tech/crawler)"
217.113.194.81 - - [29/Jan/2026:04:07:39 -0500] "GET /search/live-cam-blonde/views/page8.html HTTP/1.1" 200 75898 "-" "Mozilla/5.0 (compatible; Barkrowler/0.9; +https://babbar.tech/crawler)"
217.113.194.72 - - [29/Jan/2026:04:07:45 -0500] "GET /search/ass-fucking/newest/page1.html HTTP/1.1" 200 74467 "-" "Mozilla/5.0 (compatible; Barkrowler/0.9; +https://babbar.tech/crawler)"
116.179.32.75 - - [29/Jan/2026:04:07:47 -0500] "GET /search/live-anal-porn/newest/ HTTP/1.1" 403 - "-" "Mozilla/5.0 (compatible; Baiduspider/2.0; +http://www.baidu.com/search/spider.html)"
119.249.100.113 - - [29/Jan/2026:04:07:49 -0500] "GET /search/live-anal-porn/newest/ HTTP/1.1" 200 73952 "-" "Mozilla/5.0 (Windows NT 10.0; WOW64) AppleWebKit/537.36 (KHTML, like Gecko) Chrome/48.0.2564.116 Safari/537.36"
144.76.32.114 - - [29/Jan/2026:04:07:54 -0500] "GET /search/slutty-model/ HTTP/1.1" 200 74078 "-" "Mozilla/5.0 (compatible; SERankingBacklinksBot/1.0; +https://seranking.com/backlinks-crawler)"
217.113.194.77 - - [29/Jan/2026:04:07:54 -0500] "GET /search/live-cam-blonde/views/page9.html HTTP/1.1" 200 60817 "-" "Mozilla/5.0 (compatible; Barkrowler/0.9; +https://babbar.tech/crawler)"
66.249.74.4 - - [29/Jan/2026:04:07:58 -0500] "GET /search/wicked-tongue-tease/ HTTP/1.1" 200 71820 "-" "Mozilla/5.0 (Linux; Android 6.0.1; Nexus 5X Build/MMB29P) AppleWebKit/537.36 (KHTML, like Gecko) Chrome/143.0.7499.192 Mobile Safari/537.36 (compatible; Googlebot/2.1; +http://www.google.com/bot.html)"
217.113.194.79 - - [29/Jan/2026:04:08:00 -0500] "GET /search/ass-fuck/rating/page3.html HTTP/1.1" 200 44565 "-" "Mozilla/5.0 (compatible; Barkrowler/0.9; +https://babbar.tech/crawler)"
217.113.194.77 - - [29/Jan/2026:04:08:10 -0500] "GET /search/live-cam-porn/newest/page1.html HTTP/1.1" 200 74048 "-" "Mozilla/5.0 (compatible; Barkrowler/0.9; +https://babbar.tech/crawler)"
66.249.74.4 - - [29/Jan/2026:04:08:16 -0500] "GET /search/any-clark-magic-mouth/ HTTP/1.1" 200 72129 "-" "Mozilla/5.0 (Linux; Android 6.0.1; Nexus 5X Build/MMB29P) AppleWebKit/537.36 (KHTML, like Gecko) Chrome/143.0.7499.192 Mobile Safari/537.36 (compatible; Googlebot/2.1; +http://www.google.com/bot.html)"
217.113.194.78 - - [29/Jan/2026:04:08:16 -0500] "GET /search/liass_molly-live-cam/ HTTP/1.1" 200 74257 "-" "Mozilla/5.0 (compatible; Barkrowler/0.9; +https://babbar.tech/crawler)"
114.119.140.111 - - [29/Jan/2026:04:08:19 -0500] "GET /uploads-by-user/47 HTTP/1.1" 404 18167 "-" "Mozilla/5.0 (Linux; Android 7.0;) AppleWebKit/537.36 (KHTML, like Gecko) Mobile Safari/537.36 (compatible; PetalBot;+https://webmaster.petalsearch.com/site/petalbot)"
66.249.65.35 - - [29/Jan/2026:04:08:20 -0500] "GET /search/petitexxx-cam-porn/newest/ HTTP/1.1" 200 74819 "-" "Mozilla/5.0 (Linux; Android 6.0.1; Nexus 5X Build/MMB29P) AppleWebKit/537.36 (KHTML, like Gecko) Chrome/143.0.7499.192 Mobile Safari/537.36 (compatible; Googlebot/2.1; +http://www.google.com/bot.html)"
217.113.194.79 - - [29/Jan/2026:04:08:25 -0500] "GET /search/live-cam-excitement/page5.html HTTP/1.1" 200 74617 "-" "Mozilla/5.0 (compatible; Barkrowler/0.9; +https://babbar.tech/crawler)"
116.179.32.150 - - [29/Jan/2026:04:08:26 -0500] "GET /search/ariana-reynoldss-adult-performance/ HTTP/1.1" 403 - "-" "Mozilla/5.0 (compatible; Baiduspider/2.0; +http://www.baidu.com/search/spider.html)"
43.165.135.242 - - [29/Jan/2026:04:08:27 -0500] "GET / HTTP/1.1" 200 98716 "http://porn.tw" "Mozilla/5.0 (iPhone; CPU iPhone OS 13_2_3 like Mac OS X) AppleWebKit/605.1.15 (KHTML, like Gecko) Version/13.0.3 Mobile/15E148 Safari/604.1"
119.249.100.234 - - [29/Jan/2026:04:08:31 -0500] "GET /search/ariana-reynoldss-adult-performance/ HTTP/1.1" 200 75440 "-" "Mozilla/5.0 (Windows NT 10.0; WOW64) AppleWebKit/537.36 (KHTML, like Gecko) Chrome/48.0.2564.116 Safari/537.36"
154.54.249.200 - - [29/Jan/2026:04:08:31 -0500] "GET /search/live-cam-porn/views/page6.html HTTP/1.1" 200 73756 "-" "Mozilla/5.0 (compatible; Barkrowler/0.9; +https://babbar.tech/crawler)"
217.113.194.217 - - [29/Jan/2026:04:08:41 -0500] "GET /search/barbie-bombshell-cam/newest/ HTTP/1.1" 200 62984 "-" "Mozilla/5.0 (compatible; Barkrowler/0.9; +https://babbar.tech/crawler)"
217.113.194.80 - - [29/Jan/2026:04:08:47 -0500] "GET /search/live-cam-porn/rating/page4.html HTTP/1.1" 200 71850 "-" "Mozilla/5.0 (compatible; Barkrowler/0.9; +https://babbar.tech/crawler)"
217.113.194.75 - - [29/Jan/2026:04:08:56 -0500] "GET /search/big-brown-eyes/views/page1.html HTTP/1.1" 200 73677 "-" "Mozilla/5.0 (compatible; Barkrowler/0.9; +https://babbar.tech/crawler)"
66.249.74.4 - - [29/Jan/2026:04:09:02 -0500] "GET /search/webcam-deep-masturbating/newest/page4.html HTTP/1.1" 200 75785 "-" "Mozilla/5.0 (Linux; Android 6.0.1; Nexus 5X Build/MMB29P) AppleWebKit/537.36 (KHTML, like Gecko) Chrome/143.0.7499.192 Mobile Safari/537.36 (compatible; Googlebot/2.1; +http://www.google.com/bot.html)"
217.113.194.79 - - [29/Jan/2026:04:09:03 -0500] "GET /search/live-cam-porn/rating/page3.html HTTP/1.1" 200 70521 "-" "Mozilla/5.0 (compatible; Barkrowler/0.9; +https://babbar.tech/crawler)"
116.179.32.153 - - [29/Jan/2026:04:09:07 -0500] "GET /search/lizza-ferreti-seductive-cam/newest/ HTTP/1.1" 403 - "-" "Mozilla/5.0 (compatible; Baiduspider/2.0; +http://www.baidu.com/search/spider.html)"
90.130.62.220 - - [29/Jan/2026:04:09:11 -0500] "GET /media/thumbs/7/6/5/c/1/765c1e13ed94ce.mp4/765c1e13ed94ce.mp4-8.jpg HTTP/1.1" 200 12431 "https://www.google.com/" "Mozilla/5.0 (iPhone; CPU iPhone OS 18_5 like Mac OS X) AppleWebKit/605.1.15 (KHTML, like Gecko) Brave/1 Mobile/15E148 Safari/604.1"
217.113.194.80 - - [29/Jan/2026:04:09:12 -0500] "GET /search/-elizabeth-gilbert-webcam/newest/ HTTP/1.1" 200 73955 "-" "Mozilla/5.0 (compatible; Barkrowler/0.9; +https://babbar.tech/crawler)"
217.113.194.75 - - [29/Jan/2026:04:09:18 -0500] "GET /search/live-cam-porn/rating/page2.html HTTP/1.1" 200 72232 "-" "Mozilla/5.0 (compatible; Barkrowler/0.9; +https://babbar.tech/crawler)"
116.179.33.139 - - [29/Jan/2026:04:09:20 -0500] "GET /search/lizza-ferreti-seductive-cam/newest/ HTTP/1.1" 200 74252 "-" "Mozilla/5.0 (Windows NT 10.0; Win64; x64) AppleWebKit/537.36 (KHTML, like Gecko) Chrome/99.0.4844.51 Safari/537.36"
217.113.194.74 - - [29/Jan/2026:04:09:28 -0500] "GET /search/rubbing-pussy/views/page3.html HTTP/1.1" 200 73790 "-" "Mozilla/5.0 (compatible; Barkrowler/0.9; +https://babbar.tech/crawler)"
217.113.194.75 - - [29/Jan/2026:04:09:34 -0500] "GET /search/barbie-gone-wild/page2.html HTTP/1.1" 200 75684 "-" "Mozilla/5.0 (compatible; Barkrowler/0.9; +https://babbar.tech/crawler)"
142.147.188.14 - - [29/Jan/2026:04:09:35 -0500] "GET /search/moaning-performance/newest/page2.html HTTP/1.1" 200 75498 "-" "Mozilla/5.0 (Macintosh; Intel Mac OS X 10_15_7) AppleWebKit/537.36 (KHTML, like Gecko) Chrome/142.0.0.0 Safari/537.36"
114.119.159.129 - - [29/Jan/2026:04:09:40 -0500] "GET /video/hemibabexo-asian-model-cam-show-14.html HTTP/1.1" 200 45581 "https://porn.tw/search/blonde-webcam-porn/" "Mozilla/5.0 (Linux; Android 7.0;) AppleWebKit/537.36 (KHTML, like Gecko) Mobile Safari/537.36 (compatible; PetalBot;+https://webmaster.petalsearch.com/site/petalbot)"
217.113.194.81 - - [29/Jan/2026:04:09:44 -0500] "GET /search/horny-cam-babe/newest/page7.html HTTP/1.1" 200 72920 "-" "Mozilla/5.0 (compatible; Barkrowler/0.9; +https://babbar.tech/crawler)"
217.113.194.74 - - [29/Jan/2026:04:09:49 -0500] "GET /search/licking-pussy/rating/page6.html HTTP/1.1" 200 72782 "-" "Mozilla/5.0 (compatible; Barkrowler/0.9; +https://babbar.tech/crawler)"
71.94.173.155 - - [29/Jan/2026:04:09:50 -0500] "GET /video/girl-mila-lesbian-2504.html HTTP/1.1" 200 53187 "-" "Mozilla/5.0 (Linux; Android 14; onn. 4K Streaming Box Build/URO1.250103.055.A2) AppleWebKit/537.36 (KHTML, like Gecko) Version/4.0 Chrome/144.0.7559.59 Mobile Safari/537.36"
116.179.32.15 - - [29/Jan/2026:04:09:50 -0500] "GET /search/anal-sophiemaeve-cam/newest/ HTTP/1.1" 403 - "-" "Mozilla/5.0 (compatible; Baiduspider/2.0; +http://www.baidu.com/search/spider.html)"
71.94.173.155 - - [29/Jan/2026:04:09:50 -0500] "GET /templates/default_tube2019/js/jQuery_v1.12.4.min.js HTTP/1.1" 200 97166 "https://porn.tw/video/girl-mila-lesbian-2504.html" "Mozilla/5.0 (Linux; Android 14; onn. 4K Streaming Box Build/URO1.250103.055.A2) AppleWebKit/537.36 (KHTML, like Gecko) Version/4.0 Chrome/144.0.7559.59 Mobile Safari/537.36"
71.94.173.155 - - [29/Jan/2026:04:09:50 -0500] "GET /templates/default_tube2019/images/logo.png HTTP/1.1" 200 2157 "https://porn.tw/video/girl-mila-lesbian-2504.html" "Mozilla/5.0 (Linux; Android 14; onn. 4K Streaming Box Build/URO1.250103.055.A2) AppleWebKit/537.36 (KHTML, like Gecko) Version/4.0 Chrome/144.0.7559.59 Mobile Safari/537.36"
71.94.173.155 - - [29/Jan/2026:04:09:50 -0500] "GET /core/images/catdefault.jpg HTTP/1.1" 200 3364 "https://porn.tw/video/girl-mila-lesbian-2504.html" "Mozilla/5.0 (Linux; Android 14; onn. 4K Streaming Box Build/URO1.250103.055.A2) AppleWebKit/537.36 (KHTML, like Gecko) Version/4.0 Chrome/144.0.7559.59 Mobile Safari/537.36"
71.94.173.155 - - [29/Jan/2026:04:09:50 -0500] "GET /includes/fluidplayer/fluidplayer.min.js HTTP/1.1" 200 125605 "https://porn.tw/video/girl-mila-lesbian-2504.html" "Mozilla/5.0 (Linux; Android 14; onn. 4K Streaming Box Build/URO1.250103.055.A2) AppleWebKit/537.36 (KHTML, like Gecko) Version/4.0 Chrome/144.0.7559.59 Mobile Safari/537.36"
71.94.173.155 - - [29/Jan/2026:04:09:50 -0500] "GET /media/thumbs/3/6/7/4/7/36747ed2780b06.mp4/vtt_005.jpg HTTP/1.1" 200 6376 "https://porn.tw/video/girl-mila-lesbian-2504.html" "Mozilla/5.0 (Linux; Android 14; onn. 4K Streaming Box Build/URO1.250103.055.A2) AppleWebKit/537.36 (KHTML, like Gecko) Version/4.0 Chrome/144.0.7559.59 Mobile Safari/537.36"
71.94.173.155 - - [29/Jan/2026:04:09:51 -0500] "GET /media/thumbs/3/6/7/4/7/36747ed2780b06.mp4/vtt_010.jpg HTTP/1.1" 200 6189 "https://porn.tw/video/girl-mila-lesbian-2504.html" "Mozilla/5.0 (Linux; Android 14; onn. 4K Streaming Box Build/URO1.250103.055.A2) AppleWebKit/537.36 (KHTML, like Gecko) Version/4.0 Chrome/144.0.7559.59 Mobile Safari/537.36"
71.94.173.155 - - [29/Jan/2026:04:09:51 -0500] "GET /media/thumbs/3/6/7/4/7/36747ed2780b06.mp4/vtt_015.jpg HTTP/1.1" 200 6297 "https://porn.tw/video/girl-mila-lesbian-2504.html" "Mozilla/5.0 (Linux; Android 14; onn. 4K Streaming Box Build/URO1.250103.055.A2) AppleWebKit/537.36 (KHTML, like Gecko) Version/4.0 Chrome/144.0.7559.59 Mobile Safari/537.36"
71.94.173.155 - - [29/Jan/2026:04:09:51 -0500] "GET /templates/default_tube2019/fonts/Roboto/Roboto-Regular.ttf HTTP/1.1" 200 171676 "https://porn.tw/templates/default_tube2019/css/styles.css" "Mozilla/5.0 (Linux; Android 14; onn. 4K Streaming Box Build/URO1.250103.055.A2) AppleWebKit/537.36 (KHTML, like Gecko) Version/4.0 Chrome/144.0.7559.59 Mobile Safari/537.36"
71.94.173.155 - - [29/Jan/2026:04:09:51 -0500] "GET /templates/default_tube2019/fonts/Roboto/Roboto-Medium.ttf HTTP/1.1" 200 172064 "https://porn.tw/templates/default_tube2019/css/styles.css" "Mozilla/5.0 (Linux; Android 14; onn. 4K Streaming Box Build/URO1.250103.055.A2) AppleWebKit/537.36 (KHTML, like Gecko) Version/4.0 Chrome/144.0.7559.59 Mobile Safari/537.36"
71.94.173.155 - - [29/Jan/2026:04:09:51 -0500] "GET /templates/default_tube2019/fonts/fontawesome_5.7.1/fa-solid-900.woff2 HTTP/1.1" 200 74320 "https://porn.tw/templates/default_tube2019/css/styles.css" "Mozilla/5.0 (Linux; Android 14; onn. 4K Streaming Box Build/URO1.250103.055.A2) AppleWebKit/537.36 (KHTML, like Gecko) Version/4.0 Chrome/144.0.7559.59 Mobile Safari/537.36"
71.94.173.155 - - [29/Jan/2026:04:09:51 -0500] "GET /templates/default_tube2019/js/bootstrap.min.js HTTP/1.1" 200 70808 "https://porn.tw/video/girl-mila-lesbian-2504.html" "Mozilla/5.0 (Linux; Android 14; onn. 4K Streaming Box Build/URO1.250103.055.A2) AppleWebKit/537.36 (KHTML, like Gecko) Version/4.0 Chrome/144.0.7559.59 Mobile Safari/537.36"
71.94.173.155 - - [29/Jan/2026:04:09:51 -0500] "GET /templates/default_tube2019/js/lazyload.min.js HTTP/1.1" 200 2863 "https://porn.tw/video/girl-mila-lesbian-2504.html" "Mozilla/5.0 (Linux; Android 14; onn. 4K Streaming Box Build/URO1.250103.055.A2) AppleWebKit/537.36 (KHTML, like Gecko) Version/4.0 Chrome/144.0.7559.59 Mobile Safari/537.36"
71.94.173.155 - - [29/Jan/2026:04:09:51 -0500] "GET /media/thumbs/3/6/7/4/7/36747ed2780b06.mp4/36747ed2780b06.mp4-3b.jpg HTTP/1.1" 200 73986 "https://porn.tw/video/girl-mila-lesbian-2504.html" "Mozilla/5.0 (Linux; Android 14; onn. 4K Streaming Box Build/URO1.250103.055.A2) AppleWebKit/537.36 (KHTML, like Gecko) Version/4.0 Chrome/144.0.7559.59 Mobile Safari/537.36"
71.94.173.155 - - [29/Jan/2026:04:09:51 -0500] "GET /templates/default_tube2019/fonts/Roboto/Roboto-Black.ttf HTTP/1.1" 200 171480 "https://porn.tw/templates/default_tube2019/css/styles.css" "Mozilla/5.0 (Linux; Android 14; onn. 4K Streaming Box Build/URO1.250103.055.A2) AppleWebKit/537.36 (KHTML, like Gecko) Version/4.0 Chrome/144.0.7559.59 Mobile Safari/537.36"
71.94.173.155 - - [29/Jan/2026:04:09:51 -0500] "GET /includes/fluidplayer/images/fluid_icons.svg HTTP/1.1" 200 18488 "https://porn.tw/includes/fluidplayer/fluidplayer.min.css" "Mozilla/5.0 (Linux; Android 14; onn. 4K Streaming Box Build/URO1.250103.055.A2) AppleWebKit/537.36 (KHTML, like Gecko) Version/4.0 Chrome/144.0.7559.59 Mobile Safari/537.36"
71.94.173.155 - - [29/Jan/2026:04:09:51 -0500] "GET /includes/player/logo.png HTTP/1.1" 200 8496 "https://porn.tw/video/girl-mila-lesbian-2504.html" "Mozilla/5.0 (Linux; Android 14; onn. 4K Streaming Box Build/URO1.250103.055.A2) AppleWebKit/537.36 (KHTML, like Gecko) Version/4.0 Chrome/144.0.7559.59 Mobile Safari/537.36"
71.94.173.155 - - [29/Jan/2026:04:09:51 -0500] "GET /templates/default_tube2019/fonts/fontawesome_5.7.1/fa-brands-400.woff2 HTTP/1.1" 200 72148 "https://porn.tw/templates/default_tube2019/css/styles.css" "Mozilla/5.0 (Linux; Android 14; onn. 4K Streaming Box Build/URO1.250103.055.A2) AppleWebKit/537.36 (KHTML, like Gecko) Version/4.0 Chrome/144.0.7559.59 Mobile Safari/537.36"
71.94.173.155 - - [29/Jan/2026:04:09:51 -0500] "GET /templates/default_tube2019/fonts/fontawesome_5.7.1/fa-regular-400.woff2 HTTP/1.1" 200 13608 "https://porn.tw/templates/default_tube2019/css/styles.css" "Mozilla/5.0 (Linux; Android 14; onn. 4K Streaming Box Build/URO1.250103.055.A2) AppleWebKit/537.36 (KHTML, like Gecko) Version/4.0 Chrome/144.0.7559.59 Mobile Safari/537.36"
71.94.173.155 - - [29/Jan/2026:04:09:51 -0500] "GET /includes/fluidplayer/images/fluid_spinner.svg HTTP/1.1" 200 524 "https://porn.tw/includes/fluidplayer/fluidplayer.min.css" "Mozilla/5.0 (Linux; Android 14; onn. 4K Streaming Box Build/URO1.250103.055.A2) AppleWebKit/537.36 (KHTML, like Gecko) Version/4.0 Chrome/144.0.7559.59 Mobile Safari/537.36"
71.94.173.155 - - [29/Jan/2026:04:09:51 -0500] "GET /templates/default_tube2019/images/ad-280-2.png HTTP/1.1" 200 98354 "https://porn.tw/video/girl-mila-lesbian-2504.html" "Mozilla/5.0 (Linux; Android 14; onn. 4K Streaming Box Build/URO1.250103.055.A2) AppleWebKit/537.36 (KHTML, like Gecko) Version/4.0 Chrome/144.0.7559.59 Mobile Safari/537.36"
71.94.173.155 - - [29/Jan/2026:04:09:51 -0500] "GET /templates/default_tube2019/images/ad-280.png HTTP/1.1" 200 73287 "https://porn.tw/video/girl-mila-lesbian-2504.html" "Mozilla/5.0 (Linux; Android 14; onn. 4K Streaming Box Build/URO1.250103.055.A2) AppleWebKit/537.36 (KHTML, like Gecko) Version/4.0 Chrome/144.0.7559.59 Mobile Safari/537.36"
71.94.173.155 - - [29/Jan/2026:04:09:51 -0500] "GET /templates/default_tube2019/images/ad-280-3.png HTTP/1.1" 200 116616 "https://porn.tw/video/girl-mila-lesbian-2504.html" "Mozilla/5.0 (Linux; Android 14; onn. 4K Streaming Box Build/URO1.250103.055.A2) AppleWebKit/537.36 (KHTML, like Gecko) Version/4.0 Chrome/144.0.7559.59 Mobile Safari/537.36"
