184.160.118.171 - - [29/Jan/2026:04:24:31 -0500] "GET /media/thumbs/7/6/8/a/d/768ad4f006f343.mp4/vtt_050.jpg HTTP/1.1" 200 5440 "https://porn.tw/video/elizabeth-gilbert-s-slutty-deepthroat-and-wild-toy-fuck-3829.html" "Mozilla/5.0 (Windows NT 10.0; Win64; x64) AppleWebKit/537.36 (KHTML, like Gecko) Chrome/144.0.0.0 Safari/537.66"
184.160.118.171 - - [29/Jan/2026:04:24:31 -0500] "GET /media/thumbs/7/6/8/a/d/768ad4f006f343.mp4/vtt_025.jpg HTTP/1.1" 200 6159 "https://porn.tw/video/elizabeth-gilbert-s-slutty-deepthroat-and-wild-toy-fuck-3829.html" "Mozilla/5.0 (Windows NT 10.0; Win64; x64) AppleWebKit/537.36 (KHTML, like Gecko) Chrome/144.0.0.0 Safari/537.66"
98.63.199.239 - - [29/Jan/2026:04:24:31 -0500] "GET /media/videos/7/6/5/a/e/765ae234da936f.mp4 HTTP/1.1" 206 65536 "https://porn.tw/video/sammyroberts-colombian-porn-562.html" "Mozilla/5.0 (iPhone; CPU iPhone OS 18_7 like Mac OS X) AppleWebKit/605.1.15 (KHTML, like Gecko) Version/26.2 Mobile/15E148 Safari/604.1"
184.160.118.171 - - [29/Jan/2026:04:24:31 -0500] "GET /media/thumbs/7/6/8/a/d/768ad4f006f343.mp4/vtt_040.jpg HTTP/1.1" 200 5859 "https://porn.tw/video/elizabeth-gilbert-s-slutty-deepthroat-and-wild-toy-fuck-3829.html" "Mozilla/5.0 (Windows NT 10.0; Win64; x64) AppleWebKit/537.36 (KHTML, like Gecko) Chrome/144.0.0.0 Safari/537.66"
184.160.118.171 - - [29/Jan/2026:04:24:31 -0500] "GET /media/thumbs/7/6/8/a/d/768ad4f006f343.mp4/vtt_030.jpg HTTP/1.1" 200 5847 "https://porn.tw/video/elizabeth-gilbert-s-slutty-deepthroat-and-wild-toy-fuck-3829.html" "Mozilla/5.0 (Windows NT 10.0; Win64; x64) AppleWebKit/537.36 (KHTML, like Gecko) Chrome/144.0.0.0 Safari/537.66"
184.160.118.171 - - [29/Jan/2026:04:24:31 -0500] "GET /media/thumbs/7/6/8/a/d/768ad4f006f343.mp4/vtt_020.jpg HTTP/1.1" 200 7008 "https://porn.tw/video/elizabeth-gilbert-s-slutty-deepthroat-and-wild-toy-fuck-3829.html" "Mozilla/5.0 (Windows NT 10.0; Win64; x64) AppleWebKit/537.36 (KHTML, like Gecko) Chrome/144.0.0.0 Safari/537.66"
184.160.118.171 - - [29/Jan/2026:04:24:31 -0500] "GET /media/thumbs/7/6/8/a/d/768ad4f006f343.mp4/vtt_015.jpg HTTP/1.1" 200 7060 "https://porn.tw/video/elizabeth-gilbert-s-slutty-deepthroat-and-wild-toy-fuck-3829.html" "Mozilla/5.0 (Windows NT 10.0; Win64; x64) AppleWebKit/537.36 (KHTML, like Gecko) Chrome/144.0.0.0 Safari/537.66"
184.160.118.171 - - [29/Jan/2026:04:24:31 -0500] "GET /core/js/ageWarningJs.php HTTP/1.1" 200 1037 "https://porn.tw/video/elizabeth-gilbert-s-slutty-deepthroat-and-wild-toy-fuck-3829.html" "Mozilla/5.0 (Windows NT 10.0; Win64; x64) AppleWebKit/537.36 (KHTML, like Gecko) Chrome/144.0.0.0 Safari/537.66"
184.160.118.171 - - [29/Jan/2026:04:24:31 -0500] "GET /core/js/gdprJs.php HTTP/1.1" 200 1238 "https://porn.tw/video/elizabeth-gilbert-s-slutty-deepthroat-and-wild-toy-fuck-3829.html" "Mozilla/5.0 (Windows NT 10.0; Win64; x64) AppleWebKit/537.36 (KHTML, like Gecko) Chrome/144.0.0.0 Safari/537.66"
98.63.199.239 - - [29/Jan/2026:04:24:32 -0500] "GET /media/videos/7/6/5/a/e/765ae234da936f.mp4 HTTP/1.1" 206 131072 "https://porn.tw/video/sammyroberts-colombian-porn-562.html" "Mozilla/5.0 (iPhone; CPU iPhone OS 18_7 like Mac OS X) AppleWebKit/605.1.15 (KHTML, like Gecko) Version/26.2 Mobile/15E148 Safari/604.1"
184.160.118.171 - - [29/Jan/2026:04:24:32 -0500] "GET /media/thumbs/9/6/8/a/c/968ac84d02f388.mp4/968ac84d02f388.mp4-3.jpg HTTP/1.1" 200 9910 "https://porn.tw/video/elizabeth-gilbert-s-slutty-deepthroat-and-wild-toy-fuck-3829.html" "Mozilla/5.0 (Windows NT 10.0; Win64; x64) AppleWebKit/537.36 (KHTML, like Gecko) Chrome/144.0.0.0 Safari/537.66"
184.160.118.171 - - [29/Jan/2026:04:24:32 -0500] "GET /media/thumbs/5/6/5/5/7/565578cd4a3970.mp4/565578cd4a3970.mp4-6.jpg HTTP/1.1" 200 13162 "https://porn.tw/video/elizabeth-gilbert-s-slutty-deepthroat-and-wild-toy-fuck-3829.html" "Mozilla/5.0 (Windows NT 10.0; Win64; x64) AppleWebKit/537.36 (KHTML, like Gecko) Chrome/144.0.0.0 Safari/537.66"
184.160.118.171 - - [29/Jan/2026:04:24:32 -0500] "GET /media/thumbs/4/6/5/a/2/465a221529eb98.mp4/465a221529eb98.mp4-3.jpg HTTP/1.1" 200 12450 "https://porn.tw/video/elizabeth-gilbert-s-slutty-deepthroat-and-wild-toy-fuck-3829.html" "Mozilla/5.0 (Windows NT 10.0; Win64; x64) AppleWebKit/537.36 (KHTML, like Gecko) Chrome/144.0.0.0 Safari/537.66"
184.160.118.171 - - [29/Jan/2026:04:24:32 -0500] "GET /media/thumbs/4/6/8/2/7/468271fd19865d.mp4/468271fd19865d.mp4-8.jpg HTTP/1.1" 200 11584 "https://porn.tw/video/elizabeth-gilbert-s-slutty-deepthroat-and-wild-toy-fuck-3829.html" "Mozilla/5.0 (Windows NT 10.0; Win64; x64) AppleWebKit/537.36 (KHTML, like Gecko) Chrome/144.0.0.0 Safari/537.66"
184.160.118.171 - - [29/Jan/2026:04:24:32 -0500] "GET /media/thumbs/2/6/6/8/2/266826dcd70eb78.mp4/266826dcd70eb78.mp4-8.jpg HTTP/1.1" 200 13002 "https://porn.tw/video/elizabeth-gilbert-s-slutty-deepthroat-and-wild-toy-fuck-3829.html" "Mozilla/5.0 (Windows NT 10.0; Win64; x64) AppleWebKit/537.36 (KHTML, like Gecko) Chrome/144.0.0.0 Safari/537.66"
184.160.118.171 - - [29/Jan/2026:04:24:32 -0500] "GET /media/thumbs/2/6/6/7/9/2667970184ee03e.mp4/2667970184ee03e.mp4-7.jpg HTTP/1.1" 200 12042 "https://porn.tw/video/elizabeth-gilbert-s-slutty-deepthroat-and-wild-toy-fuck-3829.html" "Mozilla/5.0 (Windows NT 10.0; Win64; x64) AppleWebKit/537.36 (KHTML, like Gecko) Chrome/144.0.0.0 Safari/537.66"
184.160.118.171 - - [29/Jan/2026:04:24:32 -0500] "GET /templates/default_tube2019/template.ajax_comments.php?id=3829&type=0&loaded=0&time=1769678672915 HTTP/1.1" 200 133 "https://porn.tw/video/elizabeth-gilbert-s-slutty-deepthroat-and-wild-toy-fuck-3829.html" "Mozilla/5.0 (Windows NT 10.0; Win64; x64) AppleWebKit/537.36 (KHTML, like Gecko) Chrome/144.0.0.0 Safari/537.66"
184.160.118.171 - - [29/Jan/2026:04:24:32 -0500] "GET /media/thumbs/4/6/5/8/7/465873c835c3b5.mp4/465873c835c3b5.mp4-3.jpg HTTP/1.1" 200 13513 "https://porn.tw/video/elizabeth-gilbert-s-slutty-deepthroat-and-wild-toy-fuck-3829.html" "Mozilla/5.0 (Windows NT 10.0; Win64; x64) AppleWebKit/537.36 (KHTML, like Gecko) Chrome/144.0.0.0 Safari/537.66"
184.160.118.171 - - [29/Jan/2026:04:24:32 -0500] "GET /media/thumbs/9/6/8/5/9/96859884ea939d.mp4/96859884ea939d.mp4-3.jpg HTTP/1.1" 200 12580 "https://porn.tw/video/elizabeth-gilbert-s-slutty-deepthroat-and-wild-toy-fuck-3829.html" "Mozilla/5.0 (Windows NT 10.0; Win64; x64) AppleWebKit/537.36 (KHTML, like Gecko) Chrome/144.0.0.0 Safari/537.66"
184.160.118.171 - - [29/Jan/2026:04:24:32 -0500] "GET /media/thumbs/4/6/6/1/6/46616f7a78b296.mp4/46616f7a78b296.mp4-8.jpg HTTP/1.1" 200 12782 "https://porn.tw/video/elizabeth-gilbert-s-slutty-deepthroat-and-wild-toy-fuck-3829.html" "Mozilla/5.0 (Windows NT 10.0; Win64; x64) AppleWebKit/537.36 (KHTML, like Gecko) Chrome/144.0.0.0 Safari/537.66"
184.160.118.171 - - [29/Jan/2026:04:24:32 -0500] "GET /media/thumbs/2/6/6/7/b/2667b804c7c264e.mp4/2667b804c7c264e.mp4-6.jpg HTTP/1.1" 200 13609 "https://porn.tw/video/elizabeth-gilbert-s-slutty-deepthroat-and-wild-toy-fuck-3829.html" "Mozilla/5.0 (Windows NT 10.0; Win64; x64) AppleWebKit/537.36 (KHTML, like Gecko) Chrome/144.0.0.0 Safari/537.66"
184.160.118.171 - - [29/Jan/2026:04:24:32 -0500] "GET /media/thumbs/6/8/6/7/6/6867661656b70d1.mp4/6867661656b70d1.mp4-3.jpg HTTP/1.1" 200 11879 "https://porn.tw/video/elizabeth-gilbert-s-slutty-deepthroat-and-wild-toy-fuck-3829.html" "Mozilla/5.0 (Windows NT 10.0; Win64; x64) AppleWebKit/537.36 (KHTML, like Gecko) Chrome/144.0.0.0 Safari/537.66"
98.63.199.239 - - [29/Jan/2026:04:24:32 -0500] "GET /media/videos/7/6/5/a/e/765ae234da936f.mp4 HTTP/1.1" 206 131072 "https://porn.tw/video/sammyroberts-colombian-porn-562.html" "Mozilla/5.0 (iPhone; CPU iPhone OS 18_7 like Mac OS X) AppleWebKit/605.1.15 (KHTML, like Gecko) Version/26.2 Mobile/15E148 Safari/604.1"
184.160.118.171 - - [29/Jan/2026:04:24:32 -0500] "GET /media/thumbs/7/6/8/2/4/76824c91d5433e.mp4/76824c91d5433e.mp4-6.jpg HTTP/1.1" 200 10093 "https://porn.tw/video/elizabeth-gilbert-s-slutty-deepthroat-and-wild-toy-fuck-3829.html" "Mozilla/5.0 (Windows NT 10.0; Win64; x64) AppleWebKit/537.36 (KHTML, like Gecko) Chrome/144.0.0.0 Safari/537.66"
184.160.118.171 - - [29/Jan/2026:04:24:32 -0500] "GET /webvtt/3829.vtt HTTP/1.1" 200 6183 "https://porn.tw/video/elizabeth-gilbert-s-slutty-deepthroat-and-wild-toy-fuck-3829.html" "Mozilla/5.0 (Windows NT 10.0; Win64; x64) AppleWebKit/537.36 (KHTML, like Gecko) Chrome/144.0.0.0 Safari/537.66"
98.63.199.239 - - [29/Jan/2026:04:24:32 -0500] "GET /media/videos/7/6/5/a/e/765ae234da936f.mp4 HTTP/1.1" 206 196608 "https://porn.tw/video/sammyroberts-colombian-porn-562.html" "Mozilla/5.0 (iPhone; CPU iPhone OS 18_7 like Mac OS X) AppleWebKit/605.1.15 (KHTML, like Gecko) Version/26.2 Mobile/15E148 Safari/604.1"
98.63.199.239 - - [29/Jan/2026:04:24:32 -0500] "GET /media/videos/7/6/5/a/e/765ae234da936f.mp4 HTTP/1.1" 206 196608 "https://porn.tw/video/sammyroberts-colombian-porn-562.html" "Mozilla/5.0 (iPhone; CPU iPhone OS 18_7 like Mac OS X) AppleWebKit/605.1.15 (KHTML, like Gecko) Version/26.2 Mobile/15E148 Safari/604.1"
98.63.199.239 - - [29/Jan/2026:04:24:32 -0500] "GET /media/videos/7/6/5/a/e/765ae234da936f.mp4 HTTP/1.1" 206 196608 "https://porn.tw/video/sammyroberts-colombian-porn-562.html" "Mozilla/5.0 (iPhone; CPU iPhone OS 18_7 like Mac OS X) AppleWebKit/605.1.15 (KHTML, like Gecko) Version/26.2 Mobile/15E148 Safari/604.1"
98.63.199.239 - - [29/Jan/2026:04:24:33 -0500] "GET /media/videos/7/6/5/a/e/765ae234da936f.mp4 HTTP/1.1" 206 196608 "https://porn.tw/video/sammyroberts-colombian-porn-562.html" "Mozilla/5.0 (iPhone; CPU iPhone OS 18_7 like Mac OS X) AppleWebKit/605.1.15 (KHTML, like Gecko) Version/26.2 Mobile/15E148 Safari/604.1"
184.160.118.171 - - [29/Jan/2026:04:24:32 -0500] "GET /media/videos/7/6/8/a/d/768ad4f006f343.mp4 HTTP/1.1" 206 488138564 "https://porn.tw/video/elizabeth-gilbert-s-slutty-deepthroat-and-wild-toy-fuck-3829.html" "Mozilla/5.0 (Windows NT 10.0; Win64; x64) AppleWebKit/537.36 (KHTML, like Gecko) Chrome/144.0.0.0 Safari/537.66"
98.63.199.239 - - [29/Jan/2026:04:24:33 -0500] "GET /media/videos/7/6/5/a/e/765ae234da936f.mp4 HTTP/1.1" 206 196608 "https://porn.tw/video/sammyroberts-colombian-porn-562.html" "Mozilla/5.0 (iPhone; CPU iPhone OS 18_7 like Mac OS X) AppleWebKit/605.1.15 (KHTML, like Gecko) Version/26.2 Mobile/15E148 Safari/604.1"
98.63.199.239 - - [29/Jan/2026:04:24:33 -0500] "GET /media/videos/7/6/5/a/e/765ae234da936f.mp4 HTTP/1.1" 206 131072 "https://porn.tw/video/sammyroberts-colombian-porn-562.html" "Mozilla/5.0 (iPhone; CPU iPhone OS 18_7 like Mac OS X) AppleWebKit/605.1.15 (KHTML, like Gecko) Version/26.2 Mobile/15E148 Safari/604.1"
98.63.199.239 - - [29/Jan/2026:04:24:33 -0500] "GET /media/videos/7/6/5/a/e/765ae234da936f.mp4 HTTP/1.1" 206 196608 "https://porn.tw/video/sammyroberts-colombian-porn-562.html" "Mozilla/5.0 (iPhone; CPU iPhone OS 18_7 like Mac OS X) AppleWebKit/605.1.15 (KHTML, like Gecko) Version/26.2 Mobile/15E148 Safari/604.1"
98.63.199.239 - - [29/Jan/2026:04:24:33 -0500] "GET /media/videos/7/6/5/a/e/765ae234da936f.mp4 HTTP/1.1" 206 196608 "https://porn.tw/video/sammyroberts-colombian-porn-562.html" "Mozilla/5.0 (iPhone; CPU iPhone OS 18_7 like Mac OS X) AppleWebKit/605.1.15 (KHTML, like Gecko) Version/26.2 Mobile/15E148 Safari/604.1"
98.63.199.239 - - [29/Jan/2026:04:24:34 -0500] "GET /media/videos/7/6/5/a/e/765ae234da936f.mp4 HTTP/1.1" 206 196608 "https://porn.tw/video/sammyroberts-colombian-porn-562.html" "Mozilla/5.0 (iPhone; CPU iPhone OS 18_7 like Mac OS X) AppleWebKit/605.1.15 (KHTML, like Gecko) Version/26.2 Mobile/15E148 Safari/604.1"
98.63.199.239 - - [29/Jan/2026:04:24:34 -0500] "GET /media/videos/7/6/5/a/e/765ae234da936f.mp4 HTTP/1.1" 206 131072 "https://porn.tw/video/sammyroberts-colombian-porn-562.html" "Mozilla/5.0 (iPhone; CPU iPhone OS 18_7 like Mac OS X) AppleWebKit/605.1.15 (KHTML, like Gecko) Version/26.2 Mobile/15E148 Safari/604.1"
119.249.100.113 - - [29/Jan/2026:04:24:34 -0500] "GET /search/intense-ride/newest/page3.html HTTP/1.1" 200 75247 "-" "Mozilla/5.0 (Windows NT 10.0; WOW64) AppleWebKit/537.36 (KHTML, like Gecko) Chrome/48.0.2564.116 Safari/537.36"
98.63.199.239 - - [29/Jan/2026:04:24:34 -0500] "GET /media/videos/7/6/5/a/e/765ae234da936f.mp4 HTTP/1.1" 206 65536 "https://porn.tw/video/sammyroberts-colombian-porn-562.html" "Mozilla/5.0 (iPhone; CPU iPhone OS 18_7 like Mac OS X) AppleWebKit/605.1.15 (KHTML, like Gecko) Version/26.2 Mobile/15E148 Safari/604.1"
98.63.199.239 - - [29/Jan/2026:04:24:35 -0500] "GET /media/videos/7/6/5/a/e/765ae234da936f.mp4 HTTP/1.1" 206 65536 "https://porn.tw/video/sammyroberts-colombian-porn-562.html" "Mozilla/5.0 (iPhone; CPU iPhone OS 18_7 like Mac OS X) AppleWebKit/605.1.15 (KHTML, like Gecko) Version/26.2 Mobile/15E148 Safari/604.1"
98.63.199.239 - - [29/Jan/2026:04:24:35 -0500] "GET /media/videos/7/6/5/a/e/765ae234da936f.mp4 HTTP/1.1" 206 131072 "https://porn.tw/video/sammyroberts-colombian-porn-562.html" "Mozilla/5.0 (iPhone; CPU iPhone OS 18_7 like Mac OS X) AppleWebKit/605.1.15 (KHTML, like Gecko) Version/26.2 Mobile/15E148 Safari/604.1"
98.63.199.239 - - [29/Jan/2026:04:24:35 -0500] "GET /media/videos/7/6/5/a/e/765ae234da936f.mp4 HTTP/1.1" 206 65536 "https://porn.tw/video/sammyroberts-colombian-porn-562.html" "Mozilla/5.0 (iPhone; CPU iPhone OS 18_7 like Mac OS X) AppleWebKit/605.1.15 (KHTML, like Gecko) Version/26.2 Mobile/15E148 Safari/604.1"
98.63.199.239 - - [29/Jan/2026:04:24:35 -0500] "GET /media/videos/7/6/5/a/e/765ae234da936f.mp4 HTTP/1.1" 206 65536 "https://porn.tw/video/sammyroberts-colombian-porn-562.html" "Mozilla/5.0 (iPhone; CPU iPhone OS 18_7 like Mac OS X) AppleWebKit/605.1.15 (KHTML, like Gecko) Version/26.2 Mobile/15E148 Safari/604.1"
184.160.118.171 - - [29/Jan/2026:04:24:35 -0500] "GET /media/thumbs/7/6/8/a/d/768ad4f006f343.mp4/vtt_047.jpg HTTP/1.1" 200 6323 "https://porn.tw/video/elizabeth-gilbert-s-slutty-deepthroat-and-wild-toy-fuck-3829.html" "Mozilla/5.0 (Windows NT 10.0; Win64; x64) AppleWebKit/537.36 (KHTML, like Gecko) Chrome/144.0.0.0 Safari/537.66"
98.63.199.239 - - [29/Jan/2026:04:24:35 -0500] "GET /media/videos/7/6/5/a/e/765ae234da936f.mp4 HTTP/1.1" 206 131072 "https://porn.tw/video/sammyroberts-colombian-porn-562.html" "Mozilla/5.0 (iPhone; CPU iPhone OS 18_7 like Mac OS X) AppleWebKit/605.1.15 (KHTML, like Gecko) Version/26.2 Mobile/15E148 Safari/604.1"
98.63.199.239 - - [29/Jan/2026:04:24:35 -0500] "GET /media/videos/7/6/5/a/e/765ae234da936f.mp4 HTTP/1.1" 206 131072 "https://porn.tw/video/sammyroberts-colombian-porn-562.html" "Mozilla/5.0 (iPhone; CPU iPhone OS 18_7 like Mac OS X) AppleWebKit/605.1.15 (KHTML, like Gecko) Version/26.2 Mobile/15E148 Safari/604.1"
98.63.199.239 - - [29/Jan/2026:04:24:35 -0500] "GET /media/videos/7/6/5/a/e/765ae234da936f.mp4 HTTP/1.1" 206 131072 "https://porn.tw/video/sammyroberts-colombian-porn-562.html" "Mozilla/5.0 (iPhone; CPU iPhone OS 18_7 like Mac OS X) AppleWebKit/605.1.15 (KHTML, like Gecko) Version/26.2 Mobile/15E148 Safari/604.1"
184.160.118.171 - - [29/Jan/2026:04:24:35 -0500] "GET /media/thumbs/7/6/8/a/d/768ad4f006f343.mp4/vtt_046.jpg HTTP/1.1" 200 5184 "https://porn.tw/video/elizabeth-gilbert-s-slutty-deepthroat-and-wild-toy-fuck-3829.html" "Mozilla/5.0 (Windows NT 10.0; Win64; x64) AppleWebKit/537.36 (KHTML, like Gecko) Chrome/144.0.0.0 Safari/537.66"
98.63.199.239 - - [29/Jan/2026:04:24:36 -0500] "GET /media/videos/7/6/5/a/e/765ae234da936f.mp4 HTTP/1.1" 206 65536 "https://porn.tw/video/sammyroberts-colombian-porn-562.html" "Mozilla/5.0 (iPhone; CPU iPhone OS 18_7 like Mac OS X) AppleWebKit/605.1.15 (KHTML, like Gecko) Version/26.2 Mobile/15E148 Safari/604.1"
98.63.199.239 - - [29/Jan/2026:04:24:36 -0500] "GET /media/videos/7/6/5/a/e/765ae234da936f.mp4 HTTP/1.1" 206 131072 "https://porn.tw/video/sammyroberts-colombian-porn-562.html" "Mozilla/5.0 (iPhone; CPU iPhone OS 18_7 like Mac OS X) AppleWebKit/605.1.15 (KHTML, like Gecko) Version/26.2 Mobile/15E148 Safari/604.1"
98.63.199.239 - - [29/Jan/2026:04:24:36 -0500] "GET /media/videos/7/6/5/a/e/765ae234da936f.mp4 HTTP/1.1" 206 65536 "https://porn.tw/video/sammyroberts-colombian-porn-562.html" "Mozilla/5.0 (iPhone; CPU iPhone OS 18_7 like Mac OS X) AppleWebKit/605.1.15 (KHTML, like Gecko) Version/26.2 Mobile/15E148 Safari/604.1"
184.160.118.171 - - [29/Jan/2026:04:24:36 -0500] "GET /media/videos/7/6/8/a/d/768ad4f006f343.mp4 HTTP/1.1" 206 139421508 "https://porn.tw/video/elizabeth-gilbert-s-slutty-deepthroat-and-wild-toy-fuck-3829.html" "Mozilla/5.0 (Windows NT 10.0; Win64; x64) AppleWebKit/537.36 (KHTML, like Gecko) Chrome/144.0.0.0 Safari/537.66"
98.63.199.239 - - [29/Jan/2026:04:24:36 -0500] "GET /media/videos/7/6/5/a/e/765ae234da936f.mp4 HTTP/1.1" 206 65536 "https://porn.tw/video/sammyroberts-colombian-porn-562.html" "Mozilla/5.0 (iPhone; CPU iPhone OS 18_7 like Mac OS X) AppleWebKit/605.1.15 (KHTML, like Gecko) Version/26.2 Mobile/15E148 Safari/604.1"
98.63.199.239 - - [29/Jan/2026:04:24:36 -0500] "GET /media/videos/7/6/5/a/e/765ae234da936f.mp4 HTTP/1.1" 206 131072 "https://porn.tw/video/sammyroberts-colombian-porn-562.html" "Mozilla/5.0 (iPhone; CPU iPhone OS 18_7 like Mac OS X) AppleWebKit/605.1.15 (KHTML, like Gecko) Version/26.2 Mobile/15E148 Safari/604.1"
98.63.199.239 - - [29/Jan/2026:04:24:36 -0500] "GET /media/videos/7/6/5/a/e/765ae234da936f.mp4 HTTP/1.1" 206 65536 "https://porn.tw/video/sammyroberts-colombian-porn-562.html" "Mozilla/5.0 (iPhone; CPU iPhone OS 18_7 like Mac OS X) AppleWebKit/605.1.15 (KHTML, like Gecko) Version/26.2 Mobile/15E148 Safari/604.1"
98.63.199.239 - - [29/Jan/2026:04:24:37 -0500] "GET /media/videos/7/6/5/a/e/765ae234da936f.mp4 HTTP/1.1" 206 65536 "https://porn.tw/video/sammyroberts-colombian-porn-562.html" "Mozilla/5.0 (iPhone; CPU iPhone OS 18_7 like Mac OS X) AppleWebKit/605.1.15 (KHTML, like Gecko) Version/26.2 Mobile/15E148 Safari/604.1"
98.63.199.239 - - [29/Jan/2026:04:24:37 -0500] "GET /media/videos/7/6/5/a/e/765ae234da936f.mp4 HTTP/1.1" 206 153944064 "https://porn.tw/video/sammyroberts-colombian-porn-562.html" "Mozilla/5.0 (iPhone; CPU iPhone OS 18_7 like Mac OS X) AppleWebKit/605.1.15 (KHTML, like Gecko) Version/26.2 Mobile/15E148 Safari/604.1"
184.160.118.171 - - [29/Jan/2026:04:24:37 -0500] "GET /media/thumbs/7/6/8/a/d/768ad4f006f343.mp4/vtt_044.jpg HTTP/1.1" 200 5410 "https://porn.tw/video/elizabeth-gilbert-s-slutty-deepthroat-and-wild-toy-fuck-3829.html" "Mozilla/5.0 (Windows NT 10.0; Win64; x64) AppleWebKit/537.36 (KHTML, like Gecko) Chrome/144.0.0.0 Safari/537.66"
184.160.118.171 - - [29/Jan/2026:04:24:37 -0500] "GET /media/thumbs/7/6/8/a/d/768ad4f006f343.mp4/vtt_043.jpg HTTP/1.1" 200 4972 "https://porn.tw/video/elizabeth-gilbert-s-slutty-deepthroat-and-wild-toy-fuck-3829.html" "Mozilla/5.0 (Windows NT 10.0; Win64; x64) AppleWebKit/537.36 (KHTML, like Gecko) Chrome/144.0.0.0 Safari/537.66"
184.160.118.171 - - [29/Jan/2026:04:24:37 -0500] "GET /media/thumbs/7/6/8/a/d/768ad4f006f343.mp4/vtt_042.jpg HTTP/1.1" 200 5280 "https://porn.tw/video/elizabeth-gilbert-s-slutty-deepthroat-and-wild-toy-fuck-3829.html" "Mozilla/5.0 (Windows NT 10.0; Win64; x64) AppleWebKit/537.36 (KHTML, like Gecko) Chrome/144.0.0.0 Safari/537.66"
184.160.118.171 - - [29/Jan/2026:04:24:37 -0500] "GET /media/videos/7/6/8/a/d/768ad4f006f343.mp4 HTTP/1.1" 206 23527424 "https://porn.tw/video/elizabeth-gilbert-s-slutty-deepthroat-and-wild-toy-fuck-3829.html" "Mozilla/5.0 (Windows NT 10.0; Win64; x64) AppleWebKit/537.36 (KHTML, like Gecko) Chrome/144.0.0.0 Safari/537.66"
184.160.118.171 - - [29/Jan/2026:04:24:38 -0500] "GET /media/thumbs/7/6/8/a/d/768ad4f006f343.mp4/vtt_041.jpg HTTP/1.1" 200 6477 "https://porn.tw/video/elizabeth-gilbert-s-slutty-deepthroat-and-wild-toy-fuck-3829.html" "Mozilla/5.0 (Windows NT 10.0; Win64; x64) AppleWebKit/537.36 (KHTML, like Gecko) Chrome/144.0.0.0 Safari/537.66"
184.160.118.171 - - [29/Jan/2026:04:24:38 -0500] "GET /media/thumbs/7/6/8/a/d/768ad4f006f343.mp4/vtt_039.jpg HTTP/1.1" 200 5992 "https://porn.tw/video/elizabeth-gilbert-s-slutty-deepthroat-and-wild-toy-fuck-3829.html" "Mozilla/5.0 (Windows NT 10.0; Win64; x64) AppleWebKit/537.36 (KHTML, like Gecko) Chrome/144.0.0.0 Safari/537.66"
184.160.118.171 - - [29/Jan/2026:04:24:38 -0500] "GET /media/thumbs/7/6/8/a/d/768ad4f006f343.mp4/vtt_038.jpg HTTP/1.1" 200 6307 "https://porn.tw/video/elizabeth-gilbert-s-slutty-deepthroat-and-wild-toy-fuck-3829.html" "Mozilla/5.0 (Windows NT 10.0; Win64; x64) AppleWebKit/537.36 (KHTML, like Gecko) Chrome/144.0.0.0 Safari/537.66"
98.63.199.239 - - [29/Jan/2026:04:24:38 -0500] "GET /media/videos/7/6/5/a/e/765ae234da936f.mp4 HTTP/1.1" 206 94306304 "https://porn.tw/video/sammyroberts-colombian-porn-562.html" "Mozilla/5.0 (iPhone; CPU iPhone OS 18_7 like Mac OS X) AppleWebKit/605.1.15 (KHTML, like Gecko) Version/26.2 Mobile/15E148 Safari/604.1"
184.160.118.171 - - [29/Jan/2026:04:24:39 -0500] "GET /media/videos/7/6/8/a/d/768ad4f006f343.mp4 HTTP/1.1" 206 35782656 "https://porn.tw/video/elizabeth-gilbert-s-slutty-deepthroat-and-wild-toy-fuck-3829.html" "Mozilla/5.0 (Windows NT 10.0; Win64; x64) AppleWebKit/537.36 (KHTML, like Gecko) Chrome/144.0.0.0 Safari/537.66"
98.63.199.239 - - [29/Jan/2026:04:24:39 -0500] "GET /media/videos/7/6/5/a/e/765ae234da936f.mp4 HTTP/1.1" 206 65536 "https://porn.tw/video/sammyroberts-colombian-porn-562.html" "Mozilla/5.0 (iPhone; CPU iPhone OS 18_7 like Mac OS X) AppleWebKit/605.1.15 (KHTML, like Gecko) Version/26.2 Mobile/15E148 Safari/604.1"
98.63.199.239 - - [29/Jan/2026:04:24:39 -0500] "GET /media/videos/7/6/5/a/e/765ae234da936f.mp4 HTTP/1.1" 206 65536 "https://porn.tw/video/sammyroberts-colombian-porn-562.html" "Mozilla/5.0 (iPhone; CPU iPhone OS 18_7 like Mac OS X) AppleWebKit/605.1.15 (KHTML, like Gecko) Version/26.2 Mobile/15E148 Safari/604.1"
98.63.199.239 - - [29/Jan/2026:04:24:39 -0500] "GET /media/videos/7/6/5/a/e/765ae234da936f.mp4 HTTP/1.1" 206 65536 "https://porn.tw/video/sammyroberts-colombian-porn-562.html" "Mozilla/5.0 (iPhone; CPU iPhone OS 18_7 like Mac OS X) AppleWebKit/605.1.15 (KHTML, like Gecko) Version/26.2 Mobile/15E148 Safari/604.1"
98.63.199.239 - - [29/Jan/2026:04:24:39 -0500] "GET /media/videos/7/6/5/a/e/765ae234da936f.mp4 HTTP/1.1" 206 65536 "https://porn.tw/video/sammyroberts-colombian-porn-562.html" "Mozilla/5.0 (iPhone; CPU iPhone OS 18_7 like Mac OS X) AppleWebKit/605.1.15 (KHTML, like Gecko) Version/26.2 Mobile/15E148 Safari/604.1"
98.63.199.239 - - [29/Jan/2026:04:24:39 -0500] "GET /media/videos/7/6/5/a/e/765ae234da936f.mp4 HTTP/1.1" 206 65536 "https://porn.tw/video/sammyroberts-colombian-porn-562.html" "Mozilla/5.0 (iPhone; CPU iPhone OS 18_7 like Mac OS X) AppleWebKit/605.1.15 (KHTML, like Gecko) Version/26.2 Mobile/15E148 Safari/604.1"
184.160.118.171 - - [29/Jan/2026:04:24:39 -0500] "GET /media/thumbs/7/6/8/a/d/768ad4f006f343.mp4/vtt_037.jpg HTTP/1.1" 200 6426 "https://porn.tw/video/elizabeth-gilbert-s-slutty-deepthroat-and-wild-toy-fuck-3829.html" "Mozilla/5.0 (Windows NT 10.0; Win64; x64) AppleWebKit/537.36 (KHTML, like Gecko) Chrome/144.0.0.0 Safari/537.66"
184.160.118.171 - - [29/Jan/2026:04:24:39 -0500] "GET /media/thumbs/7/6/8/a/d/768ad4f006f343.mp4/vtt_036.jpg HTTP/1.1" 200 6227 "https://porn.tw/video/elizabeth-gilbert-s-slutty-deepthroat-and-wild-toy-fuck-3829.html" "Mozilla/5.0 (Windows NT 10.0; Win64; x64) AppleWebKit/537.36 (KHTML, like Gecko) Chrome/144.0.0.0 Safari/537.66"
184.160.118.171 - - [29/Jan/2026:04:24:39 -0500] "GET /media/thumbs/7/6/8/a/d/768ad4f006f343.mp4/vtt_034.jpg HTTP/1.1" 200 6327 "https://porn.tw/video/elizabeth-gilbert-s-slutty-deepthroat-and-wild-toy-fuck-3829.html" "Mozilla/5.0 (Windows NT 10.0; Win64; x64) AppleWebKit/537.36 (KHTML, like Gecko) Chrome/144.0.0.0 Safari/537.66"
98.63.199.239 - - [29/Jan/2026:04:24:39 -0500] "GET /media/videos/7/6/5/a/e/765ae234da936f.mp4 HTTP/1.1" 206 65536 "https://porn.tw/video/sammyroberts-colombian-porn-562.html" "Mozilla/5.0 (iPhone; CPU iPhone OS 18_7 like Mac OS X) AppleWebKit/605.1.15 (KHTML, like Gecko) Version/26.2 Mobile/15E148 Safari/604.1"
184.160.118.171 - - [29/Jan/2026:04:24:39 -0500] "GET /media/thumbs/7/6/8/a/d/768ad4f006f343.mp4/vtt_033.jpg HTTP/1.1" 200 6497 "https://porn.tw/video/elizabeth-gilbert-s-slutty-deepthroat-and-wild-toy-fuck-3829.html" "Mozilla/5.0 (Windows NT 10.0; Win64; x64) AppleWebKit/537.36 (KHTML, like Gecko) Chrome/144.0.0.0 Safari/537.66"
184.160.118.171 - - [29/Jan/2026:04:24:39 -0500] "GET /media/thumbs/7/6/8/a/d/768ad4f006f343.mp4/vtt_032.jpg HTTP/1.1" 200 6399 "https://porn.tw/video/elizabeth-gilbert-s-slutty-deepthroat-and-wild-toy-fuck-3829.html" "Mozilla/5.0 (Windows NT 10.0; Win64; x64) AppleWebKit/537.36 (KHTML, like Gecko) Chrome/144.0.0.0 Safari/537.66"
98.63.199.239 - - [29/Jan/2026:04:24:39 -0500] "GET /media/videos/7/6/5/a/e/765ae234da936f.mp4 HTTP/1.1" 206 65536 "https://porn.tw/video/sammyroberts-colombian-porn-562.html" "Mozilla/5.0 (iPhone; CPU iPhone OS 18_7 like Mac OS X) AppleWebKit/605.1.15 (KHTML, like Gecko) Version/26.2 Mobile/15E148 Safari/604.1"
98.63.199.239 - - [29/Jan/2026:04:24:40 -0500] "GET /media/videos/7/6/5/a/e/765ae234da936f.mp4 HTTP/1.1" 206 65536 "https://porn.tw/video/sammyroberts-colombian-porn-562.html" "Mozilla/5.0 (iPhone; CPU iPhone OS 18_7 like Mac OS X) AppleWebKit/605.1.15 (KHTML, like Gecko) Version/26.2 Mobile/15E148 Safari/604.1"
98.63.199.239 - - [29/Jan/2026:04:24:40 -0500] "GET /media/videos/7/6/5/a/e/765ae234da936f.mp4 HTTP/1.1" 206 65536 "https://porn.tw/video/sammyroberts-colombian-porn-562.html" "Mozilla/5.0 (iPhone; CPU iPhone OS 18_7 like Mac OS X) AppleWebKit/605.1.15 (KHTML, like Gecko) Version/26.2 Mobile/15E148 Safari/604.1"
98.63.199.239 - - [29/Jan/2026:04:24:40 -0500] "GET /media/videos/7/6/5/a/e/765ae234da936f.mp4 HTTP/1.1" 206 65536 "https://porn.tw/video/sammyroberts-colombian-porn-562.html" "Mozilla/5.0 (iPhone; CPU iPhone OS 18_7 like Mac OS X) AppleWebKit/605.1.15 (KHTML, like Gecko) Version/26.2 Mobile/15E148 Safari/604.1"
184.160.118.171 - - [29/Jan/2026:04:24:40 -0500] "GET /media/videos/7/6/8/a/d/768ad4f006f343.mp4 HTTP/1.1" 206 44924928 "https://porn.tw/video/elizabeth-gilbert-s-slutty-deepthroat-and-wild-toy-fuck-3829.html" "Mozilla/5.0 (Windows NT 10.0; Win64; x64) AppleWebKit/537.36 (KHTML, like Gecko) Chrome/144.0.0.0 Safari/537.66"
98.63.199.239 - - [29/Jan/2026:04:24:40 -0500] "GET /media/videos/7/6/5/a/e/765ae234da936f.mp4 HTTP/1.1" 206 65536 "https://porn.tw/video/sammyroberts-colombian-porn-562.html" "Mozilla/5.0 (iPhone; CPU iPhone OS 18_7 like Mac OS X) AppleWebKit/605.1.15 (KHTML, like Gecko) Version/26.2 Mobile/15E148 Safari/604.1"
98.63.199.239 - - [29/Jan/2026:04:24:40 -0500] "GET /media/videos/7/6/5/a/e/765ae234da936f.mp4 HTTP/1.1" 206 65536 "https://porn.tw/video/sammyroberts-colombian-porn-562.html" "Mozilla/5.0 (iPhone; CPU iPhone OS 18_7 like Mac OS X) AppleWebKit/605.1.15 (KHTML, like Gecko) Version/26.2 Mobile/15E148 Safari/604.1"
98.63.199.239 - - [29/Jan/2026:04:24:40 -0500] "GET /media/videos/7/6/5/a/e/765ae234da936f.mp4 HTTP/1.1" 206 65536 "https://porn.tw/video/sammyroberts-colombian-porn-562.html" "Mozilla/5.0 (iPhone; CPU iPhone OS 18_7 like Mac OS X) AppleWebKit/605.1.15 (KHTML, like Gecko) Version/26.2 Mobile/15E148 Safari/604.1"
217.113.194.73 - - [29/Jan/2026:04:24:40 -0500] "GET /search/sofiakaufman-cam-porn/page3.html HTTP/1.1" 200 71962 "-" "Mozilla/5.0 (compatible; Barkrowler/0.9; +https://babbar.tech/crawler)"
98.63.199.239 - - [29/Jan/2026:04:24:40 -0500] "GET /media/videos/7/6/5/a/e/765ae234da936f.mp4 HTTP/1.1" 206 65536 "https://porn.tw/video/sammyroberts-colombian-porn-562.html" "Mozilla/5.0 (iPhone; CPU iPhone OS 18_7 like Mac OS X) AppleWebKit/605.1.15 (KHTML, like Gecko) Version/26.2 Mobile/15E148 Safari/604.1"
98.63.199.239 - - [29/Jan/2026:04:24:41 -0500] "GET /media/videos/7/6/5/a/e/765ae234da936f.mp4 HTTP/1.1" 206 65536 "https://porn.tw/video/sammyroberts-colombian-porn-562.html" "Mozilla/5.0 (iPhone; CPU iPhone OS 18_7 like Mac OS X) AppleWebKit/605.1.15 (KHTML, like Gecko) Version/26.2 Mobile/15E148 Safari/604.1"
98.63.199.239 - - [29/Jan/2026:04:24:41 -0500] "GET /media/videos/7/6/5/a/e/765ae234da936f.mp4 HTTP/1.1" 206 65536 "https://porn.tw/video/sammyroberts-colombian-porn-562.html" "Mozilla/5.0 (iPhone; CPU iPhone OS 18_7 like Mac OS X) AppleWebKit/605.1.15 (KHTML, like Gecko) Version/26.2 Mobile/15E148 Safari/604.1"
184.160.118.171 - - [29/Jan/2026:04:24:41 -0500] "GET /media/thumbs/7/6/8/a/d/768ad4f006f343.mp4/vtt_026.jpg HTTP/1.1" 200 5587 "https://porn.tw/video/elizabeth-gilbert-s-slutty-deepthroat-and-wild-toy-fuck-3829.html" "Mozilla/5.0 (Windows NT 10.0; Win64; x64) AppleWebKit/537.36 (KHTML, like Gecko) Chrome/144.0.0.0 Safari/537.66"
184.160.118.171 - - [29/Jan/2026:04:24:41 -0500] "GET /media/thumbs/7/6/8/a/d/768ad4f006f343.mp4/vtt_023.jpg HTTP/1.1" 200 6811 "https://porn.tw/video/elizabeth-gilbert-s-slutty-deepthroat-and-wild-toy-fuck-3829.html" "Mozilla/5.0 (Windows NT 10.0; Win64; x64) AppleWebKit/537.36 (KHTML, like Gecko) Chrome/144.0.0.0 Safari/537.66"
184.160.118.171 - - [29/Jan/2026:04:24:41 -0500] "GET /media/thumbs/7/6/8/a/d/768ad4f006f343.mp4/vtt_022.jpg HTTP/1.1" 200 5386 "https://porn.tw/video/elizabeth-gilbert-s-slutty-deepthroat-and-wild-toy-fuck-3829.html" "Mozilla/5.0 (Windows NT 10.0; Win64; x64) AppleWebKit/537.36 (KHTML, like Gecko) Chrome/144.0.0.0 Safari/537.66"
98.63.199.239 - - [29/Jan/2026:04:24:41 -0500] "GET /media/videos/7/6/5/a/e/765ae234da936f.mp4 HTTP/1.1" 206 8650752 "https://porn.tw/video/sammyroberts-colombian-porn-562.html" "Mozilla/5.0 (iPhone; CPU iPhone OS 18_7 like Mac OS X) AppleWebKit/605.1.15 (KHTML, like Gecko) Version/26.2 Mobile/15E148 Safari/604.1"
98.63.199.239 - - [29/Jan/2026:04:24:41 -0500] "GET /media/videos/7/6/5/a/e/765ae234da936f.mp4 HTTP/1.1" 206 65536 "https://porn.tw/video/sammyroberts-colombian-porn-562.html" "Mozilla/5.0 (iPhone; CPU iPhone OS 18_7 like Mac OS X) AppleWebKit/605.1.15 (KHTML, like Gecko) Version/26.2 Mobile/15E148 Safari/604.1"
184.160.118.171 - - [29/Jan/2026:04:24:41 -0500] "GET /media/thumbs/7/6/8/a/d/768ad4f006f343.mp4/vtt_024.jpg HTTP/1.1" 200 6851 "https://porn.tw/video/elizabeth-gilbert-s-slutty-deepthroat-and-wild-toy-fuck-3829.html" "Mozilla/5.0 (Windows NT 10.0; Win64; x64) AppleWebKit/537.36 (KHTML, like Gecko) Chrome/144.0.0.0 Safari/537.66"
98.63.199.239 - - [29/Jan/2026:04:24:42 -0500] "GET /media/videos/7/6/5/a/e/765ae234da936f.mp4 HTTP/1.1" 206 65536 "https://porn.tw/video/sammyroberts-colombian-porn-562.html" "Mozilla/5.0 (iPhone; CPU iPhone OS 18_7 like Mac OS X) AppleWebKit/605.1.15 (KHTML, like Gecko) Version/26.2 Mobile/15E148 Safari/604.1"
184.160.118.171 - - [29/Jan/2026:04:24:42 -0500] "GET /media/videos/7/6/8/a/d/768ad4f006f343.mp4 HTTP/1.1" 206 51281920 "https://porn.tw/video/elizabeth-gilbert-s-slutty-deepthroat-and-wild-toy-fuck-3829.html" "Mozilla/5.0 (Windows NT 10.0; Win64; x64) AppleWebKit/537.36 (KHTML, like Gecko) Chrome/144.0.0.0 Safari/537.66"
98.63.199.239 - - [29/Jan/2026:04:24:42 -0500] "GET /media/videos/7/6/5/a/e/765ae234da936f.mp4 HTTP/1.1" 206 65536 "https://porn.tw/video/sammyroberts-colombian-porn-562.html" "Mozilla/5.0 (iPhone; CPU iPhone OS 18_7 like Mac OS X) AppleWebKit/605.1.15 (KHTML, like Gecko) Version/26.2 Mobile/15E148 Safari/604.1"
98.63.199.239 - - [29/Jan/2026:04:24:42 -0500] "GET /media/videos/7/6/5/a/e/765ae234da936f.mp4 HTTP/1.1" 206 65536 "https://porn.tw/video/sammyroberts-colombian-porn-562.html" "Mozilla/5.0 (iPhone; CPU iPhone OS 18_7 like Mac OS X) AppleWebKit/605.1.15 (KHTML, like Gecko) Version/26.2 Mobile/15E148 Safari/604.1"
98.63.199.239 - - [29/Jan/2026:04:24:43 -0500] "GET /media/videos/7/6/5/a/e/765ae234da936f.mp4 HTTP/1.1" 206 65536 "https://porn.tw/video/sammyroberts-colombian-porn-562.html" "Mozilla/5.0 (iPhone; CPU iPhone OS 18_7 like Mac OS X) AppleWebKit/605.1.15 (KHTML, like Gecko) Version/26.2 Mobile/15E148 Safari/604.1"
98.63.199.239 - - [29/Jan/2026:04:24:43 -0500] "GET /media/videos/7/6/5/a/e/765ae234da936f.mp4 HTTP/1.1" 206 65536 "https://porn.tw/video/sammyroberts-colombian-porn-562.html" "Mozilla/5.0 (iPhone; CPU iPhone OS 18_7 like Mac OS X) AppleWebKit/605.1.15 (KHTML, like Gecko) Version/26.2 Mobile/15E148 Safari/604.1"
98.63.199.239 - - [29/Jan/2026:04:24:43 -0500] "GET /media/videos/7/6/5/a/e/765ae234da936f.mp4 HTTP/1.1" 206 65536 "https://porn.tw/video/sammyroberts-colombian-porn-562.html" "Mozilla/5.0 (iPhone; CPU iPhone OS 18_7 like Mac OS X) AppleWebKit/605.1.15 (KHTML, like Gecko) Version/26.2 Mobile/15E148 Safari/604.1"
98.63.199.239 - - [29/Jan/2026:04:24:43 -0500] "GET /media/videos/7/6/5/a/e/765ae234da936f.mp4 HTTP/1.1" 206 65536 "https://porn.tw/video/sammyroberts-colombian-porn-562.html" "Mozilla/5.0 (iPhone; CPU iPhone OS 18_7 like Mac OS X) AppleWebKit/605.1.15 (KHTML, like Gecko) Version/26.2 Mobile/15E148 Safari/604.1"
184.160.118.171 - - [29/Jan/2026:04:24:43 -0500] "GET /media/thumbs/7/6/8/a/d/768ad4f006f343.mp4/vtt_027.jpg HTTP/1.1" 200 3925 "https://porn.tw/video/elizabeth-gilbert-s-slutty-deepthroat-and-wild-toy-fuck-3829.html" "Mozilla/5.0 (Windows NT 10.0; Win64; x64) AppleWebKit/537.36 (KHTML, like Gecko) Chrome/144.0.0.0 Safari/537.66"
184.160.118.171 - - [29/Jan/2026:04:24:43 -0500] "GET /media/thumbs/7/6/8/a/d/768ad4f006f343.mp4/vtt_028.jpg HTTP/1.1" 200 4684 "https://porn.tw/video/elizabeth-gilbert-s-slutty-deepthroat-and-wild-toy-fuck-3829.html" "Mozilla/5.0 (Windows NT 10.0; Win64; x64) AppleWebKit/537.36 (KHTML, like Gecko) Chrome/144.0.0.0 Safari/537.66"
184.160.118.171 - - [29/Jan/2026:04:24:43 -0500] "GET /media/thumbs/7/6/8/a/d/768ad4f006f343.mp4/vtt_031.jpg HTTP/1.1" 200 5680 "https://porn.tw/video/elizabeth-gilbert-s-slutty-deepthroat-and-wild-toy-fuck-3829.html" "Mozilla/5.0 (Windows NT 10.0; Win64; x64) AppleWebKit/537.36 (KHTML, like Gecko) Chrome/144.0.0.0 Safari/537.66"
98.63.199.239 - - [29/Jan/2026:04:24:43 -0500] "GET /media/videos/7/6/5/a/e/765ae234da936f.mp4 HTTP/1.1" 206 49472 "https://porn.tw/video/sammyroberts-colombian-porn-562.html" "Mozilla/5.0 (iPhone; CPU iPhone OS 18_7 like Mac OS X) AppleWebKit/605.1.15 (KHTML, like Gecko) Version/26.2 Mobile/15E148 Safari/604.1"
98.63.199.239 - - [29/Jan/2026:04:24:43 -0500] "GET /media/videos/7/6/5/a/e/765ae234da936f.mp4 HTTP/1.1" 206 65536 "https://porn.tw/video/sammyroberts-colombian-porn-562.html" "Mozilla/5.0 (iPhone; CPU iPhone OS 18_7 like Mac OS X) AppleWebKit/605.1.15 (KHTML, like Gecko) Version/26.2 Mobile/15E148 Safari/604.1"
98.63.199.239 - - [29/Jan/2026:04:24:43 -0500] "GET /media/videos/7/6/5/a/e/765ae234da936f.mp4 HTTP/1.1" 206 65536 "https://porn.tw/video/sammyroberts-colombian-porn-562.html" "Mozilla/5.0 (iPhone; CPU iPhone OS 18_7 like Mac OS X) AppleWebKit/605.1.15 (KHTML, like Gecko) Version/26.2 Mobile/15E148 Safari/604.1"
98.63.199.239 - - [29/Jan/2026:04:24:43 -0500] "GET /media/videos/7/6/5/a/e/765ae234da936f.mp4 HTTP/1.1" 206 65536 "https://porn.tw/video/sammyroberts-colombian-porn-562.html" "Mozilla/5.0 (iPhone; CPU iPhone OS 18_7 like Mac OS X) AppleWebKit/605.1.15 (KHTML, like Gecko) Version/26.2 Mobile/15E148 Safari/604.1"
98.63.199.239 - - [29/Jan/2026:04:24:43 -0500] "GET /media/videos/7/6/5/a/e/765ae234da936f.mp4 HTTP/1.1" 206 65536 "https://porn.tw/video/sammyroberts-colombian-porn-562.html" "Mozilla/5.0 (iPhone; CPU iPhone OS 18_7 like Mac OS X) AppleWebKit/605.1.15 (KHTML, like Gecko) Version/26.2 Mobile/15E148 Safari/604.1"
98.63.199.239 - - [29/Jan/2026:04:24:44 -0500] "GET /media/videos/7/6/5/a/e/765ae234da936f.mp4 HTTP/1.1" 206 65536 "https://porn.tw/video/sammyroberts-colombian-porn-562.html" "Mozilla/5.0 (iPhone; CPU iPhone OS 18_7 like Mac OS X) AppleWebKit/605.1.15 (KHTML, like Gecko) Version/26.2 Mobile/15E148 Safari/604.1"
98.63.199.239 - - [29/Jan/2026:04:24:44 -0500] "GET /media/videos/7/6/5/a/e/765ae234da936f.mp4 HTTP/1.1" 206 65536 "https://porn.tw/video/sammyroberts-colombian-porn-562.html" "Mozilla/5.0 (iPhone; CPU iPhone OS 18_7 like Mac OS X) AppleWebKit/605.1.15 (KHTML, like Gecko) Version/26.2 Mobile/15E148 Safari/604.1"
98.63.199.239 - - [29/Jan/2026:04:24:44 -0500] "GET /media/videos/7/6/5/a/e/765ae234da936f.mp4 HTTP/1.1" 206 65536 "https://porn.tw/video/sammyroberts-colombian-porn-562.html" "Mozilla/5.0 (iPhone; CPU iPhone OS 18_7 like Mac OS X) AppleWebKit/605.1.15 (KHTML, like Gecko) Version/26.2 Mobile/15E148 Safari/604.1"
98.63.199.239 - - [29/Jan/2026:04:24:44 -0500] "GET /media/videos/7/6/5/a/e/765ae234da936f.mp4 HTTP/1.1" 206 65536 "https://porn.tw/video/sammyroberts-colombian-porn-562.html" "Mozilla/5.0 (iPhone; CPU iPhone OS 18_7 like Mac OS X) AppleWebKit/605.1.15 (KHTML, like Gecko) Version/26.2 Mobile/15E148 Safari/604.1"
98.63.199.239 - - [29/Jan/2026:04:24:44 -0500] "GET /media/videos/7/6/5/a/e/765ae234da936f.mp4 HTTP/1.1" 206 65536 "https://porn.tw/video/sammyroberts-colombian-porn-562.html" "Mozilla/5.0 (iPhone; CPU iPhone OS 18_7 like Mac OS X) AppleWebKit/605.1.15 (KHTML, like Gecko) Version/26.2 Mobile/15E148 Safari/604.1"
217.113.194.72 - - [29/Jan/2026:04:24:44 -0500] "GET /search/dripping-pussy/views/page6.html HTTP/1.1" 200 73353 "-" "Mozilla/5.0 (compatible; Barkrowler/0.9; +https://babbar.tech/crawler)"
98.63.199.239 - - [29/Jan/2026:04:24:44 -0500] "GET /media/videos/7/6/5/a/e/765ae234da936f.mp4 HTTP/1.1" 206 65536 "https://porn.tw/video/sammyroberts-colombian-porn-562.html" "Mozilla/5.0 (iPhone; CPU iPhone OS 18_7 like Mac OS X) AppleWebKit/605.1.15 (KHTML, like Gecko) Version/26.2 Mobile/15E148 Safari/604.1"
98.63.199.239 - - [29/Jan/2026:04:24:45 -0500] "GET /media/videos/7/6/5/a/e/765ae234da936f.mp4 HTTP/1.1" 206 131072 "https://porn.tw/video/sammyroberts-colombian-porn-562.html" "Mozilla/5.0 (iPhone; CPU iPhone OS 18_7 like Mac OS X) AppleWebKit/605.1.15 (KHTML, like Gecko) Version/26.2 Mobile/15E148 Safari/604.1"
184.160.118.171 - - [29/Jan/2026:04:24:45 -0500] "GET /media/thumbs/7/6/8/a/d/768ad4f006f343.mp4/vtt_048.jpg HTTP/1.1" 200 6512 "https://porn.tw/video/elizabeth-gilbert-s-slutty-deepthroat-and-wild-toy-fuck-3829.html" "Mozilla/5.0 (Windows NT 10.0; Win64; x64) AppleWebKit/537.36 (KHTML, like Gecko) Chrome/144.0.0.0 Safari/537.66"
184.160.118.171 - - [29/Jan/2026:04:24:45 -0500] "GET /media/thumbs/7/6/8/a/d/768ad4f006f343.mp4/vtt_049.jpg HTTP/1.1" 200 6441 "https://porn.tw/video/elizabeth-gilbert-s-slutty-deepthroat-and-wild-toy-fuck-3829.html" "Mozilla/5.0 (Windows NT 10.0; Win64; x64) AppleWebKit/537.36 (KHTML, like Gecko) Chrome/144.0.0.0 Safari/537.66"
184.160.118.171 - - [29/Jan/2026:04:24:45 -0500] "GET /media/thumbs/7/6/8/a/d/768ad4f006f343.mp4/vtt_051.jpg HTTP/1.1" 200 5347 "https://porn.tw/video/elizabeth-gilbert-s-slutty-deepthroat-and-wild-toy-fuck-3829.html" "Mozilla/5.0 (Windows NT 10.0; Win64; x64) AppleWebKit/537.36 (KHTML, like Gecko) Chrome/144.0.0.0 Safari/537.66"
98.63.199.239 - - [29/Jan/2026:04:24:45 -0500] "GET /media/videos/7/6/5/a/e/765ae234da936f.mp4 HTTP/1.1" 206 86638592 "https://porn.tw/video/sammyroberts-colombian-porn-562.html" "Mozilla/5.0 (iPhone; CPU iPhone OS 18_7 like Mac OS X) AppleWebKit/605.1.15 (KHTML, like Gecko) Version/26.2 Mobile/15E148 Safari/604.1"
184.160.118.171 - - [29/Jan/2026:04:24:45 -0500] "GET /media/thumbs/7/6/8/a/d/768ad4f006f343.mp4/vtt_052.jpg HTTP/1.1" 200 7220 "https://porn.tw/video/elizabeth-gilbert-s-slutty-deepthroat-and-wild-toy-fuck-3829.html" "Mozilla/5.0 (Windows NT 10.0; Win64; x64) AppleWebKit/537.36 (KHTML, like Gecko) Chrome/144.0.0.0 Safari/537.66"
184.160.118.171 - - [29/Jan/2026:04:24:45 -0500] "GET /media/thumbs/7/6/8/a/d/768ad4f006f343.mp4/vtt_053.jpg HTTP/1.1" 200 7521 "https://porn.tw/video/elizabeth-gilbert-s-slutty-deepthroat-and-wild-toy-fuck-3829.html" "Mozilla/5.0 (Windows NT 10.0; Win64; x64) AppleWebKit/537.36 (KHTML, like Gecko) Chrome/144.0.0.0 Safari/537.66"
184.160.118.171 - - [29/Jan/2026:04:24:45 -0500] "GET /media/thumbs/7/6/8/a/d/768ad4f006f343.mp4/vtt_054.jpg HTTP/1.1" 200 7248 "https://porn.tw/video/elizabeth-gilbert-s-slutty-deepthroat-and-wild-toy-fuck-3829.html" "Mozilla/5.0 (Windows NT 10.0; Win64; x64) AppleWebKit/537.36 (KHTML, like Gecko) Chrome/144.0.0.0 Safari/537.66"
98.63.199.239 - - [29/Jan/2026:04:24:45 -0500] "GET /media/videos/7/6/5/a/e/765ae234da936f.mp4 HTTP/1.1" 206 65536 "https://porn.tw/video/sammyroberts-colombian-porn-562.html" "Mozilla/5.0 (iPhone; CPU iPhone OS 18_7 like Mac OS X) AppleWebKit/605.1.15 (KHTML, like Gecko) Version/26.2 Mobile/15E148 Safari/604.1"
184.160.118.171 - - [29/Jan/2026:04:24:45 -0500] "GET /media/thumbs/7/6/8/a/d/768ad4f006f343.mp4/vtt_056.jpg HTTP/1.1" 200 7442 "https://porn.tw/video/elizabeth-gilbert-s-slutty-deepthroat-and-wild-toy-fuck-3829.html" "Mozilla/5.0 (Windows NT 10.0; Win64; x64) AppleWebKit/537.36 (KHTML, like Gecko) Chrome/144.0.0.0 Safari/537.66"
184.160.118.171 - - [29/Jan/2026:04:24:45 -0500] "GET /media/thumbs/7/6/8/a/d/768ad4f006f343.mp4/vtt_057.jpg HTTP/1.1" 200 7421 "https://porn.tw/video/elizabeth-gilbert-s-slutty-deepthroat-and-wild-toy-fuck-3829.html" "Mozilla/5.0 (Windows NT 10.0; Win64; x64) AppleWebKit/537.36 (KHTML, like Gecko) Chrome/144.0.0.0 Safari/537.66"
98.63.199.239 - - [29/Jan/2026:04:24:45 -0500] "GET /media/videos/7/6/5/a/e/765ae234da936f.mp4 HTTP/1.1" 206 65536 "https://porn.tw/video/sammyroberts-colombian-porn-562.html" "Mozilla/5.0 (iPhone; CPU iPhone OS 18_7 like Mac OS X) AppleWebKit/605.1.15 (KHTML, like Gecko) Version/26.2 Mobile/15E148 Safari/604.1"
98.63.199.239 - - [29/Jan/2026:04:24:46 -0500] "GET /media/videos/7/6/5/a/e/765ae234da936f.mp4 HTTP/1.1" 206 65536 "https://porn.tw/video/sammyroberts-colombian-porn-562.html" "Mozilla/5.0 (iPhone; CPU iPhone OS 18_7 like Mac OS X) AppleWebKit/605.1.15 (KHTML, like Gecko) Version/26.2 Mobile/15E148 Safari/604.1"
184.160.118.171 - - [29/Jan/2026:04:24:46 -0500] "GET /media/videos/7/6/8/a/d/768ad4f006f343.mp4 HTTP/1.1" 206 55404356 "https://porn.tw/video/elizabeth-gilbert-s-slutty-deepthroat-and-wild-toy-fuck-3829.html" "Mozilla/5.0 (Windows NT 10.0; Win64; x64) AppleWebKit/537.36 (KHTML, like Gecko) Chrome/144.0.0.0 Safari/537.66"
184.160.118.171 - - [29/Jan/2026:04:24:46 -0500] "GET /media/thumbs/7/6/8/a/d/768ad4f006f343.mp4/vtt_058.jpg HTTP/1.1" 200 7364 "https://porn.tw/video/elizabeth-gilbert-s-slutty-deepthroat-and-wild-toy-fuck-3829.html" "Mozilla/5.0 (Windows NT 10.0; Win64; x64) AppleWebKit/537.36 (KHTML, like Gecko) Chrome/144.0.0.0 Safari/537.66"
184.160.118.171 - - [29/Jan/2026:04:24:46 -0500] "GET /media/thumbs/7/6/8/a/d/768ad4f006f343.mp4/vtt_059.jpg HTTP/1.1" 200 7411 "https://porn.tw/video/elizabeth-gilbert-s-slutty-deepthroat-and-wild-toy-fuck-3829.html" "Mozilla/5.0 (Windows NT 10.0; Win64; x64) AppleWebKit/537.36 (KHTML, like Gecko) Chrome/144.0.0.0 Safari/537.66"
184.160.118.171 - - [29/Jan/2026:04:24:46 -0500] "GET /media/thumbs/7/6/8/a/d/768ad4f006f343.mp4/vtt_061.jpg HTTP/1.1" 200 7695 "https://porn.tw/video/elizabeth-gilbert-s-slutty-deepthroat-and-wild-toy-fuck-3829.html" "Mozilla/5.0 (Windows NT 10.0; Win64; x64) AppleWebKit/537.36 (KHTML, like Gecko) Chrome/144.0.0.0 Safari/537.66"
98.63.199.239 - - [29/Jan/2026:04:24:46 -0500] "GET /media/videos/7/6/5/a/e/765ae234da936f.mp4 HTTP/1.1" 206 65536 "https://porn.tw/video/sammyroberts-colombian-porn-562.html" "Mozilla/5.0 (iPhone; CPU iPhone OS 18_7 like Mac OS X) AppleWebKit/605.1.15 (KHTML, like Gecko) Version/26.2 Mobile/15E148 Safari/604.1"
184.160.118.171 - - [29/Jan/2026:04:24:46 -0500] "GET /media/thumbs/7/6/8/a/d/768ad4f006f343.mp4/vtt_062.jpg HTTP/1.1" 200 7021 "https://porn.tw/video/elizabeth-gilbert-s-slutty-deepthroat-and-wild-toy-fuck-3829.html" "Mozilla/5.0 (Windows NT 10.0; Win64; x64) AppleWebKit/537.36 (KHTML, like Gecko) Chrome/144.0.0.0 Safari/537.66"
184.160.118.171 - - [29/Jan/2026:04:24:47 -0500] "GET /media/thumbs/7/6/8/a/d/768ad4f006f343.mp4/vtt_063.jpg HTTP/1.1" 200 6348 "https://porn.tw/video/elizabeth-gilbert-s-slutty-deepthroat-and-wild-toy-fuck-3829.html" "Mozilla/5.0 (Windows NT 10.0; Win64; x64) AppleWebKit/537.36 (KHTML, like Gecko) Chrome/144.0.0.0 Safari/537.66"
98.63.199.239 - - [29/Jan/2026:04:24:46 -0500] "GET /media/videos/7/6/5/a/e/765ae234da936f.mp4 HTTP/1.1" 206 84606976 "https://porn.tw/video/sammyroberts-colombian-porn-562.html" "Mozilla/5.0 (iPhone; CPU iPhone OS 18_7 like Mac OS X) AppleWebKit/605.1.15 (KHTML, like Gecko) Version/26.2 Mobile/15E148 Safari/604.1"
98.63.199.239 - - [29/Jan/2026:04:24:49 -0500] "GET /media/videos/7/6/5/a/e/765ae234da936f.mp4 HTTP/1.1" 206 65536 "https://porn.tw/video/sammyroberts-colombian-porn-562.html" "Mozilla/5.0 (iPhone; CPU iPhone OS 18_7 like Mac OS X) AppleWebKit/605.1.15 (KHTML, like Gecko) Version/26.2 Mobile/15E148 Safari/604.1"
184.160.118.171 - - [29/Jan/2026:04:24:49 -0500] "GET /media/videos/7/6/8/a/d/768ad4f006f343.mp4 HTTP/1.1" 206 11364164 "https://porn.tw/video/elizabeth-gilbert-s-slutty-deepthroat-and-wild-toy-fuck-3829.html" "Mozilla/5.0 (Windows NT 10.0; Win64; x64) AppleWebKit/537.36 (KHTML, like Gecko) Chrome/144.0.0.0 Safari/537.66"
98.63.199.239 - - [29/Jan/2026:04:24:49 -0500] "GET /media/videos/7/6/5/a/e/765ae234da936f.mp4 HTTP/1.1" 206 65536 "https://porn.tw/video/sammyroberts-colombian-porn-562.html" "Mozilla/5.0 (iPhone; CPU iPhone OS 18_7 like Mac OS X) AppleWebKit/605.1.15 (KHTML, like Gecko) Version/26.2 Mobile/15E148 Safari/604.1"
98.63.199.239 - - [29/Jan/2026:04:24:49 -0500] "GET /media/videos/7/6/5/a/e/765ae234da936f.mp4 HTTP/1.1" 206 65536 "https://porn.tw/video/sammyroberts-colombian-porn-562.html" "Mozilla/5.0 (iPhone; CPU iPhone OS 18_7 like Mac OS X) AppleWebKit/605.1.15 (KHTML, like Gecko) Version/26.2 Mobile/15E148 Safari/604.1"
98.63.199.239 - - [29/Jan/2026:04:24:50 -0500] "GET /media/videos/7/6/5/a/e/765ae234da936f.mp4 HTTP/1.1" 206 65536 "https://porn.tw/video/sammyroberts-colombian-porn-562.html" "Mozilla/5.0 (iPhone; CPU iPhone OS 18_7 like Mac OS X) AppleWebKit/605.1.15 (KHTML, like Gecko) Version/26.2 Mobile/15E148 Safari/604.1"
98.63.199.239 - - [29/Jan/2026:04:24:50 -0500] "GET /media/videos/7/6/5/a/e/765ae234da936f.mp4 HTTP/1.1" 206 65536 "https://porn.tw/video/sammyroberts-colombian-porn-562.html" "Mozilla/5.0 (iPhone; CPU iPhone OS 18_7 like Mac OS X) AppleWebKit/605.1.15 (KHTML, like Gecko) Version/26.2 Mobile/15E148 Safari/604.1"
98.63.199.239 - - [29/Jan/2026:04:24:50 -0500] "GET /media/videos/7/6/5/a/e/765ae234da936f.mp4 HTTP/1.1" 206 65536 "https://porn.tw/video/sammyroberts-colombian-porn-562.html" "Mozilla/5.0 (iPhone; CPU iPhone OS 18_7 like Mac OS X) AppleWebKit/605.1.15 (KHTML, like Gecko) Version/26.2 Mobile/15E148 Safari/604.1"
98.63.199.239 - - [29/Jan/2026:04:24:50 -0500] "GET /media/videos/7/6/5/a/e/765ae234da936f.mp4 HTTP/1.1" 206 65536 "https://porn.tw/video/sammyroberts-colombian-porn-562.html" "Mozilla/5.0 (iPhone; CPU iPhone OS 18_7 like Mac OS X) AppleWebKit/605.1.15 (KHTML, like Gecko) Version/26.2 Mobile/15E148 Safari/604.1"
98.63.199.239 - - [29/Jan/2026:04:24:50 -0500] "GET /media/videos/7/6/5/a/e/765ae234da936f.mp4 HTTP/1.1" 206 65536 "https://porn.tw/video/sammyroberts-colombian-porn-562.html" "Mozilla/5.0 (iPhone; CPU iPhone OS 18_7 like Mac OS X) AppleWebKit/605.1.15 (KHTML, like Gecko) Version/26.2 Mobile/15E148 Safari/604.1"
98.63.199.239 - - [29/Jan/2026:04:24:50 -0500] "GET /media/videos/7/6/5/a/e/765ae234da936f.mp4 HTTP/1.1" 206 131072 "https://porn.tw/video/sammyroberts-colombian-porn-562.html" "Mozilla/5.0 (iPhone; CPU iPhone OS 18_7 like Mac OS X) AppleWebKit/605.1.15 (KHTML, like Gecko) Version/26.2 Mobile/15E148 Safari/604.1"
98.63.199.239 - - [29/Jan/2026:04:24:50 -0500] "GET /media/videos/7/6/5/a/e/765ae234da936f.mp4 HTTP/1.1" 206 131072 "https://porn.tw/video/sammyroberts-colombian-porn-562.html" "Mozilla/5.0 (iPhone; CPU iPhone OS 18_7 like Mac OS X) AppleWebKit/605.1.15 (KHTML, like Gecko) Version/26.2 Mobile/15E148 Safari/604.1"
98.63.199.239 - - [29/Jan/2026:04:24:51 -0500] "GET /media/videos/7/6/5/a/e/765ae234da936f.mp4 HTTP/1.1" 206 65536 "https://porn.tw/video/sammyroberts-colombian-porn-562.html" "Mozilla/5.0 (iPhone; CPU iPhone OS 18_7 like Mac OS X) AppleWebKit/605.1.15 (KHTML, like Gecko) Version/26.2 Mobile/15E148 Safari/604.1"
98.63.199.239 - - [29/Jan/2026:04:24:51 -0500] "GET /media/videos/7/6/5/a/e/765ae234da936f.mp4 HTTP/1.1" 206 131072 "https://porn.tw/video/sammyroberts-colombian-porn-562.html" "Mozilla/5.0 (iPhone; CPU iPhone OS 18_7 like Mac OS X) AppleWebKit/605.1.15 (KHTML, like Gecko) Version/26.2 Mobile/15E148 Safari/604.1"
98.63.199.239 - - [29/Jan/2026:04:24:51 -0500] "GET /media/videos/7/6/5/a/e/765ae234da936f.mp4 HTTP/1.1" 206 131072 "https://porn.tw/video/sammyroberts-colombian-porn-562.html" "Mozilla/5.0 (iPhone; CPU iPhone OS 18_7 like Mac OS X) AppleWebKit/605.1.15 (KHTML, like Gecko) Version/26.2 Mobile/15E148 Safari/604.1"
98.63.199.239 - - [29/Jan/2026:04:24:51 -0500] "GET /media/videos/7/6/5/a/e/765ae234da936f.mp4 HTTP/1.1" 206 131072 "https://porn.tw/video/sammyroberts-colombian-porn-562.html" "Mozilla/5.0 (iPhone; CPU iPhone OS 18_7 like Mac OS X) AppleWebKit/605.1.15 (KHTML, like Gecko) Version/26.2 Mobile/15E148 Safari/604.1"
98.63.199.239 - - [29/Jan/2026:04:24:51 -0500] "GET /media/videos/7/6/5/a/e/765ae234da936f.mp4 HTTP/1.1" 206 131072 "https://porn.tw/video/sammyroberts-colombian-porn-562.html" "Mozilla/5.0 (iPhone; CPU iPhone OS 18_7 like Mac OS X) AppleWebKit/605.1.15 (KHTML, like Gecko) Version/26.2 Mobile/15E148 Safari/604.1"
98.63.199.239 - - [29/Jan/2026:04:24:51 -0500] "GET /media/videos/7/6/5/a/e/765ae234da936f.mp4 HTTP/1.1" 206 131072 "https://porn.tw/video/sammyroberts-colombian-porn-562.html" "Mozilla/5.0 (iPhone; CPU iPhone OS 18_7 like Mac OS X) AppleWebKit/605.1.15 (KHTML, like Gecko) Version/26.2 Mobile/15E148 Safari/604.1"
98.63.199.239 - - [29/Jan/2026:04:24:52 -0500] "GET /media/videos/7/6/5/a/e/765ae234da936f.mp4 HTTP/1.1" 206 65536 "https://porn.tw/video/sammyroberts-colombian-porn-562.html" "Mozilla/5.0 (iPhone; CPU iPhone OS 18_7 like Mac OS X) AppleWebKit/605.1.15 (KHTML, like Gecko) Version/26.2 Mobile/15E148 Safari/604.1"
