98.63.199.239 - - [29/Jan/2026:04:32:57 -0500] "GET /media/thumbs/1/1/6/7/b/1167bad549b3797.mp4/vtt_015.jpg HTTP/1.1" 200 3888 "https://porn.tw/video/jessicaportman-pretty-blonde-toys-pink-pussy-cam-porn-2885.html" "Mozilla/5.0 (iPhone; CPU iPhone OS 18_7 like Mac OS X) AppleWebKit/605.1.15 (KHTML, like Gecko) Version/26.2 Mobile/15E148 Safari/604.1"
98.63.199.239 - - [29/Jan/2026:04:32:57 -0500] "GET /media/thumbs/1/1/6/7/b/1167bad549b3797.mp4/vtt_030.jpg HTTP/1.1" 200 3081 "https://porn.tw/video/jessicaportman-pretty-blonde-toys-pink-pussy-cam-porn-2885.html" "Mozilla/5.0 (iPhone; CPU iPhone OS 18_7 like Mac OS X) AppleWebKit/605.1.15 (KHTML, like Gecko) Version/26.2 Mobile/15E148 Safari/604.1"
98.63.199.239 - - [29/Jan/2026:04:32:57 -0500] "GET /media/thumbs/7/6/6/a/2/766a26aaa258e5.mp4/766a26aaa258e5.mp4-3.jpg HTTP/1.1" 200 11680 "https://porn.tw/video/jessicaportman-pretty-blonde-toys-pink-pussy-cam-porn-2885.html" "Mozilla/5.0 (iPhone; CPU iPhone OS 18_7 like Mac OS X) AppleWebKit/605.1.15 (KHTML, like Gecko) Version/26.2 Mobile/15E148 Safari/604.1"
98.63.199.239 - - [29/Jan/2026:04:32:57 -0500] "GET /media/thumbs/1/1/6/7/b/1167bad549b3797.mp4/vtt_045.jpg HTTP/1.1" 200 5714 "https://porn.tw/video/jessicaportman-pretty-blonde-toys-pink-pussy-cam-porn-2885.html" "Mozilla/5.0 (iPhone; CPU iPhone OS 18_7 like Mac OS X) AppleWebKit/605.1.15 (KHTML, like Gecko) Version/26.2 Mobile/15E148 Safari/604.1"
98.63.199.239 - - [29/Jan/2026:04:32:57 -0500] "GET /media/thumbs/1/1/6/5/8/11658b1a65d26dc.mp4/11658b1a65d26dc.mp4-3.jpg HTTP/1.1" 200 16427 "https://porn.tw/video/jessicaportman-pretty-blonde-toys-pink-pussy-cam-porn-2885.html" "Mozilla/5.0 (iPhone; CPU iPhone OS 18_7 like Mac OS X) AppleWebKit/605.1.15 (KHTML, like Gecko) Version/26.2 Mobile/15E148 Safari/604.1"
98.63.199.239 - - [29/Jan/2026:04:32:57 -0500] "GET /media/thumbs/3/6/6/c/4/366c4493e82803.mp4/366c4493e82803.mp4-3.jpg HTTP/1.1" 200 12478 "https://porn.tw/video/jessicaportman-pretty-blonde-toys-pink-pussy-cam-porn-2885.html" "Mozilla/5.0 (iPhone; CPU iPhone OS 18_7 like Mac OS X) AppleWebKit/605.1.15 (KHTML, like Gecko) Version/26.2 Mobile/15E148 Safari/604.1"
98.63.199.239 - - [29/Jan/2026:04:32:57 -0500] "GET /media/thumbs/5/7/6/7/1/576713771335ec3.mp4/576713771335ec3.mp4-8.jpg HTTP/1.1" 200 16779 "https://porn.tw/video/jessicaportman-pretty-blonde-toys-pink-pussy-cam-porn-2885.html" "Mozilla/5.0 (iPhone; CPU iPhone OS 18_7 like Mac OS X) AppleWebKit/605.1.15 (KHTML, like Gecko) Version/26.2 Mobile/15E148 Safari/604.1"
98.63.199.239 - - [29/Jan/2026:04:32:57 -0500] "GET /media/thumbs/1/1/6/7/b/1167bad549b3797.mp4/vtt_040.jpg HTTP/1.1" 200 5687 "https://porn.tw/video/jessicaportman-pretty-blonde-toys-pink-pussy-cam-porn-2885.html" "Mozilla/5.0 (iPhone; CPU iPhone OS 18_7 like Mac OS X) AppleWebKit/605.1.15 (KHTML, like Gecko) Version/26.2 Mobile/15E148 Safari/604.1"
98.63.199.239 - - [29/Jan/2026:04:32:57 -0500] "GET /media/thumbs/3/6/5/8/6/3658689bc09972.mp4/3658689bc09972.mp4-3.jpg HTTP/1.1" 200 8750 "https://porn.tw/video/jessicaportman-pretty-blonde-toys-pink-pussy-cam-porn-2885.html" "Mozilla/5.0 (iPhone; CPU iPhone OS 18_7 like Mac OS X) AppleWebKit/605.1.15 (KHTML, like Gecko) Version/26.2 Mobile/15E148 Safari/604.1"
98.63.199.239 - - [29/Jan/2026:04:32:57 -0500] "GET /media/thumbs/3/6/6/4/8/366486aa05a650.mp4/366486aa05a650.mp4-3.jpg HTTP/1.1" 200 9663 "https://porn.tw/video/jessicaportman-pretty-blonde-toys-pink-pussy-cam-porn-2885.html" "Mozilla/5.0 (iPhone; CPU iPhone OS 18_7 like Mac OS X) AppleWebKit/605.1.15 (KHTML, like Gecko) Version/26.2 Mobile/15E148 Safari/604.1"
98.63.199.239 - - [29/Jan/2026:04:32:58 -0500] "GET /media/thumbs/1/1/6/7/b/1167bad549b3797.mp4/vtt_050.jpg HTTP/1.1" 200 7107 "https://porn.tw/video/jessicaportman-pretty-blonde-toys-pink-pussy-cam-porn-2885.html" "Mozilla/5.0 (iPhone; CPU iPhone OS 18_7 like Mac OS X) AppleWebKit/605.1.15 (KHTML, like Gecko) Version/26.2 Mobile/15E148 Safari/604.1"
98.63.199.239 - - [29/Jan/2026:04:32:58 -0500] "GET /media/thumbs/7/6/6/0/f/7660f7ae9868b3.mp4/7660f7ae9868b3.mp4-3.jpg HTTP/1.1" 200 10577 "https://porn.tw/video/jessicaportman-pretty-blonde-toys-pink-pussy-cam-porn-2885.html" "Mozilla/5.0 (iPhone; CPU iPhone OS 18_7 like Mac OS X) AppleWebKit/605.1.15 (KHTML, like Gecko) Version/26.2 Mobile/15E148 Safari/604.1"
98.63.199.239 - - [29/Jan/2026:04:32:58 -0500] "GET /media/thumbs/7/6/6/a/e/766ae88f664445.mp4/766ae88f664445.mp4-7.jpg HTTP/1.1" 200 11429 "https://porn.tw/video/jessicaportman-pretty-blonde-toys-pink-pussy-cam-porn-2885.html" "Mozilla/5.0 (iPhone; CPU iPhone OS 18_7 like Mac OS X) AppleWebKit/605.1.15 (KHTML, like Gecko) Version/26.2 Mobile/15E148 Safari/604.1"
98.63.199.239 - - [29/Jan/2026:04:32:58 -0500] "GET /media/thumbs/1/1/6/7/b/1167bad549b3797.mp4/vtt_060.jpg HTTP/1.1" 200 7338 "https://porn.tw/video/jessicaportman-pretty-blonde-toys-pink-pussy-cam-porn-2885.html" "Mozilla/5.0 (iPhone; CPU iPhone OS 18_7 like Mac OS X) AppleWebKit/605.1.15 (KHTML, like Gecko) Version/26.2 Mobile/15E148 Safari/604.1"
98.63.199.239 - - [29/Jan/2026:04:32:58 -0500] "GET /media/thumbs/1/1/6/7/b/1167bad549b3797.mp4/1167bad549b3797.mp4-1b.jpg HTTP/1.1" 200 85369 "https://porn.tw/video/jessicaportman-pretty-blonde-toys-pink-pussy-cam-porn-2885.html" "Mozilla/5.0 (iPhone; CPU iPhone OS 18_7 like Mac OS X) AppleWebKit/605.1.15 (KHTML, like Gecko) Version/26.2 Mobile/15E148 Safari/604.1"
98.63.199.239 - - [29/Jan/2026:04:32:58 -0500] "GET /media/thumbs/3/6/6/d/a/366da59e6e9041.mp4/366da59e6e9041.mp4-3.jpg HTTP/1.1" 200 12764 "https://porn.tw/video/jessicaportman-pretty-blonde-toys-pink-pussy-cam-porn-2885.html" "Mozilla/5.0 (iPhone; CPU iPhone OS 18_7 like Mac OS X) AppleWebKit/605.1.15 (KHTML, like Gecko) Version/26.2 Mobile/15E148 Safari/604.1"
98.63.199.239 - - [29/Jan/2026:04:32:58 -0500] "GET /media/thumbs/1/1/6/7/b/1167bad549b3797.mp4/vtt_035.jpg HTTP/1.1" 200 6424 "https://porn.tw/video/jessicaportman-pretty-blonde-toys-pink-pussy-cam-porn-2885.html" "Mozilla/5.0 (iPhone; CPU iPhone OS 18_7 like Mac OS X) AppleWebKit/605.1.15 (KHTML, like Gecko) Version/26.2 Mobile/15E148 Safari/604.1"
98.63.199.239 - - [29/Jan/2026:04:32:58 -0500] "GET /templates/default_tube2019/template.ajax_comments.php?id=2885&type=0&loaded=0&time=1769679177736 HTTP/1.1" 200 133 "https://porn.tw/video/jessicaportman-pretty-blonde-toys-pink-pussy-cam-porn-2885.html" "Mozilla/5.0 (iPhone; CPU iPhone OS 18_7 like Mac OS X) AppleWebKit/605.1.15 (KHTML, like Gecko) Version/26.2 Mobile/15E148 Safari/604.1"
98.63.199.239 - - [29/Jan/2026:04:32:58 -0500] "GET /media/videos/1/1/6/7/b/1167bad549b3797.mp4 HTTP/1.1" 206 348645131 "https://porn.tw/video/jessicaportman-pretty-blonde-toys-pink-pussy-cam-porn-2885.html" "Mozilla/5.0 (iPhone; CPU iPhone OS 18_7 like Mac OS X) AppleWebKit/605.1.15 (KHTML, like Gecko) Version/26.2 Mobile/15E148 Safari/604.1"
98.63.199.239 - - [29/Jan/2026:04:32:58 -0500] "GET /media/videos/1/1/6/7/b/1167bad549b3797.mp4 HTTP/1.1" 206 348448523 "https://porn.tw/video/jessicaportman-pretty-blonde-toys-pink-pussy-cam-porn-2885.html" "Mozilla/5.0 (iPhone; CPU iPhone OS 18_7 like Mac OS X) AppleWebKit/605.1.15 (KHTML, like Gecko) Version/26.2 Mobile/15E148 Safari/604.1"
98.63.199.239 - - [29/Jan/2026:04:32:58 -0500] "GET /media/videos/1/1/6/7/b/1167bad549b3797.mp4 HTTP/1.1" 206 295225 "https://porn.tw/video/jessicaportman-pretty-blonde-toys-pink-pussy-cam-porn-2885.html" "Mozilla/5.0 (iPhone; CPU iPhone OS 18_7 like Mac OS X) AppleWebKit/605.1.15 (KHTML, like Gecko) Version/26.2 Mobile/15E148 Safari/604.1"
98.63.199.239 - - [29/Jan/2026:04:32:58 -0500] "GET /media/videos/1/1/6/7/b/1167bad549b3797.mp4 HTTP/1.1" 206 348317451 "https://porn.tw/video/jessicaportman-pretty-blonde-toys-pink-pussy-cam-porn-2885.html" "Mozilla/5.0 (iPhone; CPU iPhone OS 18_7 like Mac OS X) AppleWebKit/605.1.15 (KHTML, like Gecko) Version/26.2 Mobile/15E148 Safari/604.1"
217.113.194.76 - - [29/Jan/2026:04:32:58 -0500] "GET /search/dripping-folds/views/page1.html HTTP/1.1" 200 74367 "-" "Mozilla/5.0 (compatible; Barkrowler/0.9; +https://babbar.tech/crawler)"
98.63.199.239 - - [29/Jan/2026:04:32:59 -0500] "GET /media/videos/1/1/6/7/b/1167bad549b3797.mp4 HTTP/1.1" 206 65536 "https://porn.tw/video/jessicaportman-pretty-blonde-toys-pink-pussy-cam-porn-2885.html" "Mozilla/5.0 (iPhone; CPU iPhone OS 18_7 like Mac OS X) AppleWebKit/605.1.15 (KHTML, like Gecko) Version/26.2 Mobile/15E148 Safari/604.1"
98.63.199.239 - - [29/Jan/2026:04:32:59 -0500] "GET /media/videos/1/1/6/7/b/1167bad549b3797.mp4 HTTP/1.1" 206 348235849 "https://porn.tw/video/jessicaportman-pretty-blonde-toys-pink-pussy-cam-porn-2885.html" "Mozilla/5.0 (iPhone; CPU iPhone OS 18_7 like Mac OS X) AppleWebKit/605.1.15 (KHTML, like Gecko) Version/26.2 Mobile/15E148 Safari/604.1"
98.63.199.239 - - [29/Jan/2026:04:32:59 -0500] "GET /media/videos/1/1/6/7/b/1167bad549b3797.mp4 HTTP/1.1" 206 65536 "https://porn.tw/video/jessicaportman-pretty-blonde-toys-pink-pussy-cam-porn-2885.html" "Mozilla/5.0 (iPhone; CPU iPhone OS 18_7 like Mac OS X) AppleWebKit/605.1.15 (KHTML, like Gecko) Version/26.2 Mobile/15E148 Safari/604.1"
98.63.199.239 - - [29/Jan/2026:04:33:00 -0500] "GET /media/videos/1/1/6/7/b/1167bad549b3797.mp4 HTTP/1.1" 206 65536 "https://porn.tw/video/jessicaportman-pretty-blonde-toys-pink-pussy-cam-porn-2885.html" "Mozilla/5.0 (iPhone; CPU iPhone OS 18_7 like Mac OS X) AppleWebKit/605.1.15 (KHTML, like Gecko) Version/26.2 Mobile/15E148 Safari/604.1"
217.113.194.73 - - [29/Jan/2026:04:33:04 -0500] "GET /action.php?action=reportVideo&id=112 HTTP/1.1" 200 3598 "-" "Mozilla/5.0 (compatible; Barkrowler/0.9; +https://babbar.tech/crawler)"
98.63.199.239 - - [29/Jan/2026:04:33:05 -0500] "GET /media/videos/1/1/6/7/b/1167bad549b3797.mp4 HTTP/1.1" 206 325117707 "https://porn.tw/video/jessicaportman-pretty-blonde-toys-pink-pussy-cam-porn-2885.html" "Mozilla/5.0 (iPhone; CPU iPhone OS 18_7 like Mac OS X) AppleWebKit/605.1.15 (KHTML, like Gecko) Version/26.2 Mobile/15E148 Safari/604.1"
98.63.199.239 - - [29/Jan/2026:04:33:06 -0500] "GET /media/videos/1/1/6/7/b/1167bad549b3797.mp4 HTTP/1.1" 206 278128395 "https://porn.tw/video/jessicaportman-pretty-blonde-toys-pink-pussy-cam-porn-2885.html" "Mozilla/5.0 (iPhone; CPU iPhone OS 18_7 like Mac OS X) AppleWebKit/605.1.15 (KHTML, like Gecko) Version/26.2 Mobile/15E148 Safari/604.1"
66.249.66.193 - - [29/Jan/2026:04:33:07 -0500] "GET /search/sexy-cam-tube/page1.html HTTP/1.1" 200 71133 "-" "Mozilla/5.0 (Linux; Android 6.0.1; Nexus 5X Build/MMB29P) AppleWebKit/537.36 (KHTML, like Gecko) Chrome/143.0.7499.192 Mobile Safari/537.36 (compatible; Googlebot/2.1; +http://www.google.com/bot.html)"
98.63.199.239 - - [29/Jan/2026:04:33:08 -0500] "GET /media/videos/1/1/6/7/b/1167bad549b3797.mp4 HTTP/1.1" 206 65536 "https://porn.tw/video/jessicaportman-pretty-blonde-toys-pink-pussy-cam-porn-2885.html" "Mozilla/5.0 (iPhone; CPU iPhone OS 18_7 like Mac OS X) AppleWebKit/605.1.15 (KHTML, like Gecko) Version/26.2 Mobile/15E148 Safari/604.1"
78.29.51.27 - - [29/Jan/2026:04:33:09 -0500] "GET / HTTP/1.1" 200 98228 "http://78.29.51.27/antivirus/?s1=CU_porn.tw" "IMPORTANT! FREE! NON-CRIMINAL INDEPENDENT BLOCKCHAIN ANTIVIRUS! BASE - 50 MLN SiGNATURES! OWN BLOCKCHAIN SCIENTIFIC DEBT GATEWAY! OWN HOSTING AND ENCRYPTED DATABASE! LINK - http://78.29.51.27/antivirus/?s1=CU_porn.tw"
66.249.74.5 - - [29/Jan/2026:04:33:09 -0500] "GET /search/lizza-ferreti-adult-show/page6.html HTTP/1.1" 200 74327 "-" "Mozilla/5.0 (Linux; Android 6.0.1; Nexus 5X Build/MMB29P) AppleWebKit/537.36 (KHTML, like Gecko) Chrome/143.0.7499.192 Mobile Safari/537.36 (compatible; Googlebot/2.1; +http://www.google.com/bot.html)"
217.113.194.80 - - [29/Jan/2026:04:33:14 -0500] "GET /search/avimiller-webcam/views/page1.html HTTP/1.1" 200 72948 "-" "Mozilla/5.0 (compatible; Barkrowler/0.9; +https://babbar.tech/crawler)"
66.249.74.4 - - [29/Jan/2026:04:33:15 -0500] "GET /search/lizza-ferreti-adult-show/page2.html HTTP/1.1" 200 74284 "-" "Mozilla/5.0 (Linux; Android 6.0.1; Nexus 5X Build/MMB29P) AppleWebKit/537.36 (KHTML, like Gecko) Chrome/143.0.7499.192 Mobile Safari/537.36 (compatible; Googlebot/2.1; +http://www.google.com/bot.html)"
98.63.199.239 - - [29/Jan/2026:04:33:16 -0500] "GET /media/videos/1/1/6/7/b/1167bad549b3797.mp4 HTTP/1.1" 206 239265547 "https://porn.tw/video/jessicaportman-pretty-blonde-toys-pink-pussy-cam-porn-2885.html" "Mozilla/5.0 (iPhone; CPU iPhone OS 18_7 like Mac OS X) AppleWebKit/605.1.15 (KHTML, like Gecko) Version/26.2 Mobile/15E148 Safari/604.1"
66.249.74.5 - - [29/Jan/2026:04:33:18 -0500] "GET /search/lizza-ferreti-adult-show/page4.html HTTP/1.1" 200 75330 "-" "Mozilla/5.0 (Linux; Android 6.0.1; Nexus 5X Build/MMB29P) AppleWebKit/537.36 (KHTML, like Gecko) Chrome/143.0.7499.192 Mobile Safari/537.36 (compatible; Googlebot/2.1; +http://www.google.com/bot.html)"
217.113.194.76 - - [29/Jan/2026:04:33:19 -0500] "GET /robots.txt HTTP/1.1" 200 243 "-" "Mozilla/5.0 (compatible; Barkrowler/0.9; +https://babbar.tech/crawler)"
37.19.196.188 - - [29/Jan/2026:04:33:21 -0500] "GET /media/thumbs/3/6/7/a/5/367a5d847c4a3c.mp4/367a5d847c4a3c.mp4-3.jpg HTTP/1.1" 200 13906 "https://www.shufflesex.com/" "Mozilla/5.0 (iPhone; CPU iPhone OS 18_7 like Mac OS X) AppleWebKit/605.1.15 (KHTML, like Gecko) Version/26.1 Mobile/15E148 Safari/604.1"
37.19.196.188 - - [29/Jan/2026:04:33:21 -0500] "GET /favicon.ico HTTP/1.1" 404 18160 "https://www.shufflesex.com/" "Mozilla/5.0 (iPhone; CPU iPhone OS 18_7 like Mac OS X) AppleWebKit/605.1.15 (KHTML, like Gecko) Version/26.1 Mobile/15E148 Safari/604.1"
114.119.154.81 - - [29/Jan/2026:04:33:21 -0500] "GET /channels/9/milf/ HTTP/1.1" 200 42185 "http://www.milftube1.com/index.php/blonde-milfs/young-milf-getting-her-ass-fucked.html" "Mozilla/5.0 (Linux; Android 7.0;) AppleWebKit/537.36 (KHTML, like Gecko) Mobile Safari/537.36 (compatible; PetalBot;+https://webmaster.petalsearch.com/site/petalbot)"
154.54.249.200 - - [29/Jan/2026:04:33:30 -0500] "GET /search/hard-toy-porn/rating/page2.html HTTP/1.1" 200 72671 "-" "Mozilla/5.0 (compatible; Barkrowler/0.9; +https://babbar.tech/crawler)"
220.181.108.175 - - [29/Jan/2026:04:33:30 -0500] "GET /search/laura-bennet-body-webcam/page4.html HTTP/1.1" 403 - "-" "Mozilla/5.0 (compatible; Baiduspider/2.0; +http://www.baidu.com/search/spider.html)"
220.181.51.116 - - [29/Jan/2026:04:33:33 -0500] "GET /search/laura-bennet-body-webcam/page4.html HTTP/1.1" 200 71669 "-" "Mozilla/5.0 (Windows NT 10.0; WOW64) AppleWebKit/537.36 (KHTML, like Gecko) Chrome/48.0.2564.116 Safari/537.36"
98.63.199.239 - - [29/Jan/2026:04:33:33 -0500] "GET /media/videos/1/1/6/7/b/1167bad549b3797.mp4 HTTP/1.1" 206 195880715 "https://porn.tw/video/jessicaportman-pretty-blonde-toys-pink-pussy-cam-porn-2885.html" "Mozilla/5.0 (iPhone; CPU iPhone OS 18_7 like Mac OS X) AppleWebKit/605.1.15 (KHTML, like Gecko) Version/26.2 Mobile/15E148 Safari/604.1"
217.113.194.73 - - [29/Jan/2026:04:33:35 -0500] "GET /action.php?action=reportVideo&id=57 HTTP/1.1" 200 3597 "-" "Mozilla/5.0 (compatible; Barkrowler/0.9; +https://babbar.tech/crawler)"
98.63.199.239 - - [29/Jan/2026:04:33:36 -0500] "GET /media/videos/1/1/6/7/b/1167bad549b3797.mp4 HTTP/1.1" 206 193455883 "https://porn.tw/video/jessicaportman-pretty-blonde-toys-pink-pussy-cam-porn-2885.html" "Mozilla/5.0 (iPhone; CPU iPhone OS 18_7 like Mac OS X) AppleWebKit/605.1.15 (KHTML, like Gecko) Version/26.2 Mobile/15E148 Safari/604.1"
109.41.112.57 - - [29/Jan/2026:04:33:38 -0500] "GET /templates/default_tube2019/iimages/touch/apple-touch-icon.png HTTP/1.1" 404 6804 "-" "Mozilla/5.0 (Android 16; Mobile; rv:147.0) Gecko/147.0 Firefox/147.0"
98.63.199.239 - - [29/Jan/2026:04:33:41 -0500] "GET /media/videos/1/1/6/7/b/1167bad549b3797.mp4 HTTP/1.1" 206 189982475 "https://porn.tw/video/jessicaportman-pretty-blonde-toys-pink-pussy-cam-porn-2885.html" "Mozilla/5.0 (iPhone; CPU iPhone OS 18_7 like Mac OS X) AppleWebKit/605.1.15 (KHTML, like Gecko) Version/26.2 Mobile/15E148 Safari/604.1"
217.113.194.80 - - [29/Jan/2026:04:33:45 -0500] "GET /search/hard-pounding/rating/page2.html HTTP/1.1" 200 75795 "-" "Mozilla/5.0 (compatible; Barkrowler/0.9; +https://babbar.tech/crawler)"
98.63.199.239 - - [29/Jan/2026:04:33:46 -0500] "GET /media/videos/1/1/6/7/b/1167bad549b3797.mp4 HTTP/1.1" 206 186509067 "https://porn.tw/video/jessicaportman-pretty-blonde-toys-pink-pussy-cam-porn-2885.html" "Mozilla/5.0 (iPhone; CPU iPhone OS 18_7 like Mac OS X) AppleWebKit/605.1.15 (KHTML, like Gecko) Version/26.2 Mobile/15E148 Safari/604.1"
98.63.199.239 - - [29/Jan/2026:04:33:49 -0500] "GET /media/videos/1/1/6/7/b/1167bad549b3797.mp4 HTTP/1.1" 206 183297803 "https://porn.tw/video/jessicaportman-pretty-blonde-toys-pink-pussy-cam-porn-2885.html" "Mozilla/5.0 (iPhone; CPU iPhone OS 18_7 like Mac OS X) AppleWebKit/605.1.15 (KHTML, like Gecko) Version/26.2 Mobile/15E148 Safari/604.1"
217.113.194.75 - - [29/Jan/2026:04:33:51 -0500] "GET /action.php?action=reportVideo&id=125 HTTP/1.1" 200 3598 "-" "Mozilla/5.0 (compatible; Barkrowler/0.9; +https://babbar.tech/crawler)"
98.63.199.239 - - [29/Jan/2026:04:33:54 -0500] "GET /media/videos/1/1/6/7/b/1167bad549b3797.mp4 HTTP/1.1" 206 179037963 "https://porn.tw/video/jessicaportman-pretty-blonde-toys-pink-pussy-cam-porn-2885.html" "Mozilla/5.0 (iPhone; CPU iPhone OS 18_7 like Mac OS X) AppleWebKit/605.1.15 (KHTML, like Gecko) Version/26.2 Mobile/15E148 Safari/604.1"
98.63.199.239 - - [29/Jan/2026:04:33:58 -0500] "GET /media/videos/1/1/6/7/b/1167bad549b3797.mp4 HTTP/1.1" 206 175040267 "https://porn.tw/video/jessicaportman-pretty-blonde-toys-pink-pussy-cam-porn-2885.html" "Mozilla/5.0 (iPhone; CPU iPhone OS 18_7 like Mac OS X) AppleWebKit/605.1.15 (KHTML, like Gecko) Version/26.2 Mobile/15E148 Safari/604.1"
217.113.194.78 - - [29/Jan/2026:04:34:01 -0500] "GET /search/hard-pounding/rating/page3.html HTTP/1.1" 200 75214 "-" "Mozilla/5.0 (compatible; Barkrowler/0.9; +https://babbar.tech/crawler)"
83.80.178.15 - - [29/Jan/2026:04:34:02 -0500] "GET /media/thumbs/7/6/6/9/a/7669aca2d62859.mp4/7669aca2d62859.mp4-8.jpg HTTP/1.1" 200 11255 "https://www.google.com/search?sca_esv=02d96f4dae5a5963&udm=2&fbs=ADc_l-YGrpJMQtvjQ6h14rj-dfIrGHtbS2sKx-L4Fs6XrHXZTuIAorsV4kq4VWGgn0gISA80VqBSPIYdptYkeGfZOu5oTrPDDxqnJSjIIOAGHIdNjMIhRh9IvH8cJ1XPm0l9qrFSzcdR1IggvRCMsUA1rGAFWL6RJmtLzxxP3L5OFfvm4p-6ZDC8svDZYxd6KQKktOskFc_Y&q=yourguiltypassionn%20anal%20play&sa=X&ved=2ahUKEwiv4IDzuLCSAxW_9wIHHfKkNXwQm-ELegQICBAE&biw=384&bih=650&dpr=3.75&aic=0&no_sw_cr=1&zx=1769679240751&sssc=1&vet=12ahUKEwiv4IDzuLCSAxW_9wIHHfKkNXwQm-ELegQICBAE..i" "Dalvik/2.1.0 (Linux; U; Android 16; SM-S938B Build/BP2A.250605.031.A3)"
83.80.178.15 - - [29/Jan/2026:04:34:02 -0500] "GET /media/thumbs/3/6/6/7/f/3667f96a6396b5.mp4/3667f96a6396b5.mp4-5.jpg HTTP/1.1" 200 9013 "https://www.google.com/search?sca_esv=02d96f4dae5a5963&udm=2&fbs=ADc_l-YGrpJMQtvjQ6h14rj-dfIrGHtbS2sKx-L4Fs6XrHXZTuIAorsV4kq4VWGgn0gISA80VqBSPIYdptYkeGfZOu5oTrPDDxqnJSjIIOAGHIdNjMIhRh9IvH8cJ1XPm0l9qrFSzcdR1IggvRCMsUA1rGAFWL6RJmtLzxxP3L5OFfvm4p-6ZDC8svDZYxd6KQKktOskFc_Y&q=yourguiltypassionn%20anal%20play&sa=X&ved=2ahUKEwiv4IDzuLCSAxW_9wIHHfKkNXwQm-ELegQICBAE&biw=384&bih=650&dpr=3.75&aic=0&no_sw_cr=1&zx=1769679240751&sssc=1&vet=12ahUKEwiv4IDzuLCSAxW_9wIHHfKkNXwQm-ELegQICBAE..i" "Dalvik/2.1.0 (Linux; U; Android 16; SM-S938B Build/BP2A.250605.031.A3)"
98.63.199.239 - - [29/Jan/2026:04:34:03 -0500] "GET /media/videos/1/1/6/7/b/1167bad549b3797.mp4 HTTP/1.1" 206 170911499 "https://porn.tw/video/jessicaportman-pretty-blonde-toys-pink-pussy-cam-porn-2885.html" "Mozilla/5.0 (iPhone; CPU iPhone OS 18_7 like Mac OS X) AppleWebKit/605.1.15 (KHTML, like Gecko) Version/26.2 Mobile/15E148 Safari/604.1"
217.113.194.218 - - [29/Jan/2026:04:34:06 -0500] "GET /action.php?action=reportVideo&id=72 HTTP/1.1" 200 3597 "-" "Mozilla/5.0 (compatible; Barkrowler/0.9; +https://babbar.tech/crawler)"
98.63.199.239 - - [29/Jan/2026:04:34:09 -0500] "GET /media/videos/1/1/6/7/b/1167bad549b3797.mp4 HTTP/1.1" 206 166061835 "https://porn.tw/video/jessicaportman-pretty-blonde-toys-pink-pussy-cam-porn-2885.html" "Mozilla/5.0 (iPhone; CPU iPhone OS 18_7 like Mac OS X) AppleWebKit/605.1.15 (KHTML, like Gecko) Version/26.2 Mobile/15E148 Safari/604.1"
116.179.32.109 - - [29/Jan/2026:04:34:12 -0500] "GET /media/misc/model415.jpg HTTP/1.1" 403 - "-" "Baiduspider-image+(+http://www.baidu.com/search/spider.htm)"
98.63.199.239 - - [29/Jan/2026:04:34:14 -0500] "GET /media/videos/1/1/6/7/b/1167bad549b3797.mp4 HTTP/1.1" 206 161277707 "https://porn.tw/video/jessicaportman-pretty-blonde-toys-pink-pussy-cam-porn-2885.html" "Mozilla/5.0 (iPhone; CPU iPhone OS 18_7 like Mac OS X) AppleWebKit/605.1.15 (KHTML, like Gecko) Version/26.2 Mobile/15E148 Safari/604.1"
217.113.194.74 - - [29/Jan/2026:04:34:17 -0500] "GET /search/hard-pounding/newest/page3.html HTTP/1.1" 200 76575 "-" "Mozilla/5.0 (compatible; Barkrowler/0.9; +https://babbar.tech/crawler)"
98.63.199.239 - - [29/Jan/2026:04:34:19 -0500] "GET /media/videos/1/1/6/7/b/1167bad549b3797.mp4 HTTP/1.1" 206 158721803 "https://porn.tw/video/jessicaportman-pretty-blonde-toys-pink-pussy-cam-porn-2885.html" "Mozilla/5.0 (iPhone; CPU iPhone OS 18_7 like Mac OS X) AppleWebKit/605.1.15 (KHTML, like Gecko) Version/26.2 Mobile/15E148 Safari/604.1"
98.63.199.239 - - [29/Jan/2026:04:34:21 -0500] "GET /media/videos/1/1/6/7/b/1167bad549b3797.mp4 HTTP/1.1" 206 155576075 "https://porn.tw/video/jessicaportman-pretty-blonde-toys-pink-pussy-cam-porn-2885.html" "Mozilla/5.0 (iPhone; CPU iPhone OS 18_7 like Mac OS X) AppleWebKit/605.1.15 (KHTML, like Gecko) Version/26.2 Mobile/15E148 Safari/604.1"
83.80.178.15 - - [29/Jan/2026:04:34:21 -0500] "GET /media/thumbs/7/6/6/9/a/7669aca2d62859.mp4/7669aca2d62859.mp4-8.jpg HTTP/1.1" 200 11255 "https://www.google.com/search?q=yourguiltypassionn+anal+fingering&sca_esv=02d96f4dae5a5963&udm=2&biw=384&bih=650&aic=0&ei=iCl7ad_aIpari-gPtrHP4Qc&oq=yourguiltypassionn+anal+fingering&gs_lp=EhJtb2JpbGUtZ3dzLXdpei1pbWciIXlvdXJndWlsdHlwYXNzaW9ubiBhbmFsIGZpbmdlcmluZ0iKIFDlBliGHXAAeACQAQCYAVKgAeAHqgECMTS4AQPIAQD4AQGYAgCgAgCYAwCIBgGSBwCgB_YEsgcAuAcAwgcAyAcAgAgA&sclient=mobile-gws-wiz-img" "Dalvik/2.1.0 (Linux; U; Android 16; SM-S938B Build/BP2A.250605.031.A3)"
83.80.178.15 - - [29/Jan/2026:04:34:21 -0500] "GET /media/thumbs/3/6/5/d/3/365d318ce4d119.mp4/365d318ce4d119.mp4-3.jpg HTTP/1.1" 200 9731 "https://www.google.com/search?q=yourguiltypassionn+anal+fingering&sca_esv=02d96f4dae5a5963&udm=2&biw=384&bih=650&aic=0&ei=iCl7ad_aIpari-gPtrHP4Qc&oq=yourguiltypassionn+anal+fingering&gs_lp=EhJtb2JpbGUtZ3dzLXdpei1pbWciIXlvdXJndWlsdHlwYXNzaW9ubiBhbmFsIGZpbmdlcmluZ0iKIFDlBliGHXAAeACQAQCYAVKgAeAHqgECMTS4AQPIAQD4AQGYAgCgAgCYAwCIBgGSBwCgB_YEsgcAuAcAwgcAyAcAgAgA&sclient=mobile-gws-wiz-img" "Dalvik/2.1.0 (Linux; U; Android 16; SM-S938B Build/BP2A.250605.031.A3)"
83.80.178.15 - - [29/Jan/2026:04:34:21 -0500] "GET /media/thumbs/1/5/6/5/6/15656b79c2cd094.mp4/15656b79c2cd094.mp4-3.jpg HTTP/1.1" 200 11620 "https://www.google.com/search?q=yourguiltypassionn+anal+fingering&sca_esv=02d96f4dae5a5963&udm=2&biw=384&bih=650&aic=0&ei=iCl7ad_aIpari-gPtrHP4Qc&oq=yourguiltypassionn+anal+fingering&gs_lp=EhJtb2JpbGUtZ3dzLXdpei1pbWciIXlvdXJndWlsdHlwYXNzaW9ubiBhbmFsIGZpbmdlcmluZ0iKIFDlBliGHXAAeACQAQCYAVKgAeAHqgECMTS4AQPIAQD4AQGYAgCgAgCYAwCIBgGSBwCgB_YEsgcAuAcAwgcAyAcAgAgA&sclient=mobile-gws-wiz-img" "Dalvik/2.1.0 (Linux; U; Android 16; SM-S938B Build/BP2A.250605.031.A3)"
83.80.178.15 - - [29/Jan/2026:04:34:22 -0500] "GET /media/thumbs/3/6/6/7/f/3667f96a6396b5.mp4/3667f96a6396b5.mp4-5.jpg HTTP/1.1" 200 9013 "https://www.google.com/search?q=yourguiltypassionn+anal+fingering&sca_esv=02d96f4dae5a5963&udm=2&biw=384&bih=650&aic=0&ei=iCl7ad_aIpari-gPtrHP4Qc&oq=yourguiltypassionn+anal+fingering&gs_lp=EhJtb2JpbGUtZ3dzLXdpei1pbWciIXlvdXJndWlsdHlwYXNzaW9ubiBhbmFsIGZpbmdlcmluZ0iKIFDlBliGHXAAeACQAQCYAVKgAeAHqgECMTS4AQPIAQD4AQGYAgCgAgCYAwCIBgGSBwCgB_YEsgcAuAcAwgcAyAcAgAgA&sclient=mobile-gws-wiz-img" "Dalvik/2.1.0 (Linux; U; Android 16; SM-S938B Build/BP2A.250605.031.A3)"
217.113.194.76 - - [29/Jan/2026:04:34:23 -0500] "GET /action.php?action=reportVideo&id=40 HTTP/1.1" 200 3597 "-" "Mozilla/5.0 (compatible; Barkrowler/0.9; +https://babbar.tech/crawler)"
98.63.199.239 - - [29/Jan/2026:04:34:26 -0500] "GET /media/videos/1/1/6/7/b/1167bad549b3797.mp4 HTTP/1.1" 206 131983115 "https://porn.tw/video/jessicaportman-pretty-blonde-toys-pink-pussy-cam-porn-2885.html" "Mozilla/5.0 (iPhone; CPU iPhone OS 18_7 like Mac OS X) AppleWebKit/605.1.15 (KHTML, like Gecko) Version/26.2 Mobile/15E148 Safari/604.1"
98.63.199.239 - - [29/Jan/2026:04:34:27 -0500] "GET /media/videos/1/1/6/7/b/1167bad549b3797.mp4 HTTP/1.1" 206 65536 "https://porn.tw/video/jessicaportman-pretty-blonde-toys-pink-pussy-cam-porn-2885.html" "Mozilla/5.0 (iPhone; CPU iPhone OS 18_7 like Mac OS X) AppleWebKit/605.1.15 (KHTML, like Gecko) Version/26.2 Mobile/15E148 Safari/604.1"
98.63.199.239 - - [29/Jan/2026:04:34:27 -0500] "GET /media/videos/1/1/6/7/b/1167bad549b3797.mp4 HTTP/1.1" 206 983040 "https://porn.tw/video/jessicaportman-pretty-blonde-toys-pink-pussy-cam-porn-2885.html" "Mozilla/5.0 (iPhone; CPU iPhone OS 18_7 like Mac OS X) AppleWebKit/605.1.15 (KHTML, like Gecko) Version/26.2 Mobile/15E148 Safari/604.1"
98.63.199.239 - - [29/Jan/2026:04:34:28 -0500] "GET /media/videos/1/1/6/7/b/1167bad549b3797.mp4 HTTP/1.1" 206 49473 "https://porn.tw/video/jessicaportman-pretty-blonde-toys-pink-pussy-cam-porn-2885.html" "Mozilla/5.0 (iPhone; CPU iPhone OS 18_7 like Mac OS X) AppleWebKit/605.1.15 (KHTML, like Gecko) Version/26.2 Mobile/15E148 Safari/604.1"
98.63.199.239 - - [29/Jan/2026:04:34:28 -0500] "GET /media/videos/1/1/6/7/b/1167bad549b3797.mp4 HTTP/1.1" 206 131000075 "https://porn.tw/video/jessicaportman-pretty-blonde-toys-pink-pussy-cam-porn-2885.html" "Mozilla/5.0 (iPhone; CPU iPhone OS 18_7 like Mac OS X) AppleWebKit/605.1.15 (KHTML, like Gecko) Version/26.2 Mobile/15E148 Safari/604.1"
98.63.199.239 - - [29/Jan/2026:04:34:28 -0500] "GET /media/videos/1/1/6/7/b/1167bad549b3797.mp4 HTTP/1.1" 206 65536 "https://porn.tw/video/jessicaportman-pretty-blonde-toys-pink-pussy-cam-porn-2885.html" "Mozilla/5.0 (iPhone; CPU iPhone OS 18_7 like Mac OS X) AppleWebKit/605.1.15 (KHTML, like Gecko) Version/26.2 Mobile/15E148 Safari/604.1"
98.63.199.239 - - [29/Jan/2026:04:34:28 -0500] "GET /media/videos/1/1/6/7/b/1167bad549b3797.mp4 HTTP/1.1" 206 65536 "https://porn.tw/video/jessicaportman-pretty-blonde-toys-pink-pussy-cam-porn-2885.html" "Mozilla/5.0 (iPhone; CPU iPhone OS 18_7 like Mac OS X) AppleWebKit/605.1.15 (KHTML, like Gecko) Version/26.2 Mobile/15E148 Safari/604.1"
98.63.199.239 - - [29/Jan/2026:04:34:29 -0500] "GET /media/videos/1/1/6/7/b/1167bad549b3797.mp4 HTTP/1.1" 206 65536 "https://porn.tw/video/jessicaportman-pretty-blonde-toys-pink-pussy-cam-porn-2885.html" "Mozilla/5.0 (iPhone; CPU iPhone OS 18_7 like Mac OS X) AppleWebKit/605.1.15 (KHTML, like Gecko) Version/26.2 Mobile/15E148 Safari/604.1"
98.63.199.239 - - [29/Jan/2026:04:34:29 -0500] "GET /media/videos/1/1/6/7/b/1167bad549b3797.mp4 HTTP/1.1" 206 65536 "https://porn.tw/video/jessicaportman-pretty-blonde-toys-pink-pussy-cam-porn-2885.html" "Mozilla/5.0 (iPhone; CPU iPhone OS 18_7 like Mac OS X) AppleWebKit/605.1.15 (KHTML, like Gecko) Version/26.2 Mobile/15E148 Safari/604.1"
98.63.199.239 - - [29/Jan/2026:04:34:29 -0500] "GET /media/videos/1/1/6/7/b/1167bad549b3797.mp4 HTTP/1.1" 206 33089 "https://porn.tw/video/jessicaportman-pretty-blonde-toys-pink-pussy-cam-porn-2885.html" "Mozilla/5.0 (iPhone; CPU iPhone OS 18_7 like Mac OS X) AppleWebKit/605.1.15 (KHTML, like Gecko) Version/26.2 Mobile/15E148 Safari/604.1"
98.63.199.239 - - [29/Jan/2026:04:34:32 -0500] "GET /media/videos/1/1/6/7/b/1167bad549b3797.mp4 HTTP/1.1" 206 102950667 "https://porn.tw/video/jessicaportman-pretty-blonde-toys-pink-pussy-cam-porn-2885.html" "Mozilla/5.0 (iPhone; CPU iPhone OS 18_7 like Mac OS X) AppleWebKit/605.1.15 (KHTML, like Gecko) Version/26.2 Mobile/15E148 Safari/604.1"
98.63.199.239 - - [29/Jan/2026:04:34:32 -0500] "GET /media/videos/1/1/6/7/b/1167bad549b3797.mp4 HTTP/1.1" 206 65536 "https://porn.tw/video/jessicaportman-pretty-blonde-toys-pink-pussy-cam-porn-2885.html" "Mozilla/5.0 (iPhone; CPU iPhone OS 18_7 like Mac OS X) AppleWebKit/605.1.15 (KHTML, like Gecko) Version/26.2 Mobile/15E148 Safari/604.1"
217.113.194.72 - - [29/Jan/2026:04:34:33 -0500] "GET /search/hard-fucking-video/rating/page4.html HTTP/1.1" 200 76312 "-" "Mozilla/5.0 (compatible; Barkrowler/0.9; +https://babbar.tech/crawler)"
98.63.199.239 - - [29/Jan/2026:04:34:33 -0500] "GET /media/videos/1/1/6/7/b/1167bad549b3797.mp4 HTTP/1.1" 206 65536 "https://porn.tw/video/jessicaportman-pretty-blonde-toys-pink-pussy-cam-porn-2885.html" "Mozilla/5.0 (iPhone; CPU iPhone OS 18_7 like Mac OS X) AppleWebKit/605.1.15 (KHTML, like Gecko) Version/26.2 Mobile/15E148 Safari/604.1"
98.63.199.239 - - [29/Jan/2026:04:34:33 -0500] "GET /media/videos/1/1/6/7/b/1167bad549b3797.mp4 HTTP/1.1" 206 65536 "https://porn.tw/video/jessicaportman-pretty-blonde-toys-pink-pussy-cam-porn-2885.html" "Mozilla/5.0 (iPhone; CPU iPhone OS 18_7 like Mac OS X) AppleWebKit/605.1.15 (KHTML, like Gecko) Version/26.2 Mobile/15E148 Safari/604.1"
98.63.199.239 - - [29/Jan/2026:04:34:33 -0500] "GET /media/videos/1/1/6/7/b/1167bad549b3797.mp4 HTTP/1.1" 206 90236683 "https://porn.tw/video/jessicaportman-pretty-blonde-toys-pink-pussy-cam-porn-2885.html" "Mozilla/5.0 (iPhone; CPU iPhone OS 18_7 like Mac OS X) AppleWebKit/605.1.15 (KHTML, like Gecko) Version/26.2 Mobile/15E148 Safari/604.1"
98.63.199.239 - - [29/Jan/2026:04:34:33 -0500] "GET /media/videos/1/1/6/7/b/1167bad549b3797.mp4 HTTP/1.1" 206 65536 "https://porn.tw/video/jessicaportman-pretty-blonde-toys-pink-pussy-cam-porn-2885.html" "Mozilla/5.0 (iPhone; CPU iPhone OS 18_7 like Mac OS X) AppleWebKit/605.1.15 (KHTML, like Gecko) Version/26.2 Mobile/15E148 Safari/604.1"
98.63.199.239 - - [29/Jan/2026:04:34:33 -0500] "GET /media/videos/1/1/6/7/b/1167bad549b3797.mp4 HTTP/1.1" 206 65536 "https://porn.tw/video/jessicaportman-pretty-blonde-toys-pink-pussy-cam-porn-2885.html" "Mozilla/5.0 (iPhone; CPU iPhone OS 18_7 like Mac OS X) AppleWebKit/605.1.15 (KHTML, like Gecko) Version/26.2 Mobile/15E148 Safari/604.1"
98.63.199.239 - - [29/Jan/2026:04:34:33 -0500] "GET /media/videos/1/1/6/7/b/1167bad549b3797.mp4 HTTP/1.1" 206 78243595 "https://porn.tw/video/jessicaportman-pretty-blonde-toys-pink-pussy-cam-porn-2885.html" "Mozilla/5.0 (iPhone; CPU iPhone OS 18_7 like Mac OS X) AppleWebKit/605.1.15 (KHTML, like Gecko) Version/26.2 Mobile/15E148 Safari/604.1"
98.63.199.239 - - [29/Jan/2026:04:34:34 -0500] "GET /media/videos/1/1/6/7/b/1167bad549b3797.mp4 HTTP/1.1" 206 65536 "https://porn.tw/video/jessicaportman-pretty-blonde-toys-pink-pussy-cam-porn-2885.html" "Mozilla/5.0 (iPhone; CPU iPhone OS 18_7 like Mac OS X) AppleWebKit/605.1.15 (KHTML, like Gecko) Version/26.2 Mobile/15E148 Safari/604.1"
44.220.2.97 - - [29/Jan/2026:04:34:34 -0500] "GET /search/raw-passion/views/page1.html HTTP/1.1" 200 74749 "-" "Mozilla/5.0 AppleWebKit/537.36 (KHTML, like Gecko; compatible; Amazonbot/0.1; +https://developer.amazon.com/support/amazonbot) Chrome/119.0.6045.214 Safari/537.36"
98.63.199.239 - - [29/Jan/2026:04:34:34 -0500] "GET /media/videos/1/1/6/7/b/1167bad549b3797.mp4 HTTP/1.1" 206 76343051 "https://porn.tw/video/jessicaportman-pretty-blonde-toys-pink-pussy-cam-porn-2885.html" "Mozilla/5.0 (iPhone; CPU iPhone OS 18_7 like Mac OS X) AppleWebKit/605.1.15 (KHTML, like Gecko) Version/26.2 Mobile/15E148 Safari/604.1"
217.113.194.76 - - [29/Jan/2026:04:34:39 -0500] "GET /action.php?action=reportVideo&id=77 HTTP/1.1" 200 3597 "-" "Mozilla/5.0 (compatible; Barkrowler/0.9; +https://babbar.tech/crawler)"
98.63.199.239 - - [29/Jan/2026:04:34:43 -0500] "GET /media/videos/1/1/6/7/b/1167bad549b3797.mp4 HTTP/1.1" 206 36300555 "https://porn.tw/video/jessicaportman-pretty-blonde-toys-pink-pussy-cam-porn-2885.html" "Mozilla/5.0 (iPhone; CPU iPhone OS 18_7 like Mac OS X) AppleWebKit/605.1.15 (KHTML, like Gecko) Version/26.2 Mobile/15E148 Safari/604.1"
83.80.178.15 - - [29/Jan/2026:04:34:44 -0500] "GET /media/thumbs/3/6/6/4/e/3664ef97d81f77.mp4/3664ef97d81f77.mp4-7.jpg HTTP/1.1" 200 12573 "https://www.google.com/search?q=yourguiltypassionn+anal+&sca_esv=02d96f4dae5a5963&udm=2&biw=384&bih=650&aic=0&ei=nCl7aem8Dteoi-gP0MmR2QU&oq=yourguiltypassionn+anal+&gs_lp=EhJtb2JpbGUtZ3dzLXdpei1pbWciGHlvdXJndWlsdHlwYXNzaW9ubiBhbmFsIEj8GlDPDVjvF3AAeACQAQCYAW2gAbwEqgEDOS4xuAEDyAEA-AEBmAIAoAIAmAMAiAYBkgcAoAfCA7IHALgHAMIHAMgHAIAIAA&sclient=mobile-gws-wiz-img" "Dalvik/2.1.0 (Linux; U; Android 16; SM-S938B Build/BP2A.250605.031.A3)"
114.119.140.111 - - [29/Jan/2026:04:34:44 -0500] "GET /top-rated/page2.html HTTP/1.1" 200 79126 "https://porn.tw/top-rated/page1.html" "Mozilla/5.0 (Linux; Android 7.0;) AppleWebKit/537.36 (KHTML, like Gecko) Mobile Safari/537.36 (compatible; PetalBot;+https://webmaster.petalsearch.com/site/petalbot)"
217.113.194.75 - - [29/Jan/2026:04:34:48 -0500] "GET /search/clit-stroking-porn/page1.html HTTP/1.1" 200 72861 "-" "Mozilla/5.0 (compatible; Barkrowler/0.9; +https://babbar.tech/crawler)"
98.63.199.239 - - [29/Jan/2026:04:34:50 -0500] "GET /media/videos/1/1/6/7/b/1167bad549b3797.mp4 HTTP/1.1" 206 29353739 "https://porn.tw/video/jessicaportman-pretty-blonde-toys-pink-pussy-cam-porn-2885.html" "Mozilla/5.0 (iPhone; CPU iPhone OS 18_7 like Mac OS X) AppleWebKit/605.1.15 (KHTML, like Gecko) Version/26.2 Mobile/15E148 Safari/604.1"
202.46.62.31 - - [29/Jan/2026:04:34:54 -0500] "GET /search/creambaby1-cam-porn/newest/page4.html HTTP/1.1" 200 72791 "-" "Mozilla/5.0 (Windows NT 10.0; Win64; x64) AppleWebKit/537.36 (KHTML, like Gecko) Chrome/133.0.6943.141 Safari/537.36"
154.54.249.200 - - [29/Jan/2026:04:34:55 -0500] "GET /action.php?action=reportVideo&id=41 HTTP/1.1" 200 3597 "-" "Mozilla/5.0 (compatible; Barkrowler/0.9; +https://babbar.tech/crawler)"
98.63.199.239 - - [29/Jan/2026:04:34:55 -0500] "GET /media/videos/1/1/6/7/b/1167bad549b3797.mp4 HTTP/1.1" 206 25814795 "https://porn.tw/video/jessicaportman-pretty-blonde-toys-pink-pussy-cam-porn-2885.html" "Mozilla/5.0 (iPhone; CPU iPhone OS 18_7 like Mac OS X) AppleWebKit/605.1.15 (KHTML, like Gecko) Version/26.2 Mobile/15E148 Safari/604.1"
202.46.62.59 - - [29/Jan/2026:04:34:59 -0500] "GET /core/js/gdprJs.php HTTP/1.1" 200 1238 "https://www.porn.tw/search/creambaby1-cam-porn/newest/page4.html" "Mozilla/5.0 (Windows NT 10.0; Win64; x64) AppleWebKit/537.36 (KHTML, like Gecko) Chrome/133.0.6943.141 Safari/537.36"
98.63.199.239 - - [29/Jan/2026:04:34:59 -0500] "GET /media/videos/1/1/6/7/b/1167bad549b3797.mp4 HTTP/1.1" 206 20965131 "https://porn.tw/video/jessicaportman-pretty-blonde-toys-pink-pussy-cam-porn-2885.html" "Mozilla/5.0 (iPhone; CPU iPhone OS 18_7 like Mac OS X) AppleWebKit/605.1.15 (KHTML, like Gecko) Version/26.2 Mobile/15E148 Safari/604.1"
98.63.199.239 - - [29/Jan/2026:04:35:03 -0500] "GET /media/videos/1/1/6/7/b/1167bad549b3797.mp4 HTTP/1.1" 206 18147083 "https://porn.tw/video/jessicaportman-pretty-blonde-toys-pink-pussy-cam-porn-2885.html" "Mozilla/5.0 (iPhone; CPU iPhone OS 18_7 like Mac OS X) AppleWebKit/605.1.15 (KHTML, like Gecko) Version/26.2 Mobile/15E148 Safari/604.1"
217.113.194.74 - - [29/Jan/2026:04:35:04 -0500] "GET /search/clit-tease/rating/page1.html HTTP/1.1" 200 73707 "-" "Mozilla/5.0 (compatible; Barkrowler/0.9; +https://babbar.tech/crawler)"
217.113.194.74 - - [29/Jan/2026:04:35:10 -0500] "GET /action.php?action=reportVideo&id=102 HTTP/1.1" 200 3598 "-" "Mozilla/5.0 (compatible; Barkrowler/0.9; +https://babbar.tech/crawler)"
217.113.194.74 - - [29/Jan/2026:04:35:19 -0500] "GET /search/clit-teasing/views/page6.html HTTP/1.1" 200 74875 "-" "Mozilla/5.0 (compatible; Barkrowler/0.9; +https://babbar.tech/crawler)"
217.113.194.81 - - [29/Jan/2026:04:35:26 -0500] "GET /action.php?action=reportVideo&id=121 HTTP/1.1" 200 3598 "-" "Mozilla/5.0 (compatible; Barkrowler/0.9; +https://babbar.tech/crawler)"
116.179.32.22 - - [29/Jan/2026:04:35:35 -0500] "GET /action.php?action=add_favorites&id=1622 HTTP/1.1" 403 - "-" "Mozilla/5.0 (compatible; Baiduspider/2.0; +http://www.baidu.com/search/spider.html)"
217.113.194.73 - - [29/Jan/2026:04:35:36 -0500] "GET /search/clit-teasing/views/page4.html HTTP/1.1" 200 74372 "-" "Mozilla/5.0 (compatible; Barkrowler/0.9; +https://babbar.tech/crawler)"
217.113.194.77 - - [29/Jan/2026:04:35:42 -0500] "GET /channels/12/shemales/?type=videos HTTP/1.1" 200 79732 "-" "Mozilla/5.0 (compatible; Barkrowler/0.9; +https://babbar.tech/crawler)"
119.249.100.110 - - [29/Jan/2026:04:35:43 -0500] "GET /action.php?action=add_favorites&id=1622 HTTP/1.1" 200 727 "-" "Mozilla/5.0 (Windows NT 10.0; WOW64) AppleWebKit/537.36 (KHTML, like Gecko) Chrome/48.0.2564.116 Safari/537.36"
217.113.194.72 - - [29/Jan/2026:04:35:51 -0500] "GET /search/clit-teasing/rating/page8.html HTTP/1.1" 200 26500 "-" "Mozilla/5.0 (compatible; Barkrowler/0.9; +https://babbar.tech/crawler)"
98.63.199.239 - - [29/Jan/2026:04:35:52 -0500] "GET /media/thumbs/7/6/6/4/3/766432d1932d83.mp4/766432d1932d83.mp4-5.jpg HTTP/1.1" 200 12657 "https://porn.tw/video/jessicaportman-pretty-blonde-toys-pink-pussy-cam-porn-2885.html" "Mozilla/5.0 (iPhone; CPU iPhone OS 18_7 like Mac OS X) AppleWebKit/605.1.15 (KHTML, like Gecko) Version/26.2 Mobile/15E148 Safari/604.1"
98.63.199.239 - - [29/Jan/2026:04:35:52 -0500] "GET /media/thumbs/7/6/6/4/3/766432d1932d83.mp4/766432d1932d83.mp4-6.jpg HTTP/1.1" 200 12350 "https://porn.tw/video/jessicaportman-pretty-blonde-toys-pink-pussy-cam-porn-2885.html" "Mozilla/5.0 (iPhone; CPU iPhone OS 18_7 like Mac OS X) AppleWebKit/605.1.15 (KHTML, like Gecko) Version/26.2 Mobile/15E148 Safari/604.1"
98.63.199.239 - - [29/Jan/2026:04:35:53 -0500] "GET /media/thumbs/7/6/6/4/3/766432d1932d83.mp4/766432d1932d83.mp4-7.jpg HTTP/1.1" 200 3900 "https://porn.tw/video/jessicaportman-pretty-blonde-toys-pink-pussy-cam-porn-2885.html" "Mozilla/5.0 (iPhone; CPU iPhone OS 18_7 like Mac OS X) AppleWebKit/605.1.15 (KHTML, like Gecko) Version/26.2 Mobile/15E148 Safari/604.1"
98.63.199.239 - - [29/Jan/2026:04:35:53 -0500] "GET /video/simone-simmons-blonde-porn-1170.html HTTP/1.1" 200 52574 "https://porn.tw/video/jessicaportman-pretty-blonde-toys-pink-pussy-cam-porn-2885.html" "Mozilla/5.0 (iPhone; CPU iPhone OS 18_7 like Mac OS X) AppleWebKit/605.1.15 (KHTML, like Gecko) Version/26.2 Mobile/15E148 Safari/604.1"
98.63.199.239 - - [29/Jan/2026:04:35:53 -0500] "GET /media/thumbs/7/6/6/4/3/766432d1932d83.mp4/vtt_005.jpg HTTP/1.1" 200 8748 "https://porn.tw/video/simone-simmons-blonde-porn-1170.html" "Mozilla/5.0 (iPhone; CPU iPhone OS 18_7 like Mac OS X) AppleWebKit/605.1.15 (KHTML, like Gecko) Version/26.2 Mobile/15E148 Safari/604.1"
98.63.199.239 - - [29/Jan/2026:04:35:53 -0500] "GET /media/thumbs/7/6/6/4/3/766432d1932d83.mp4/vtt_055.jpg HTTP/1.1" 200 9072 "https://porn.tw/video/simone-simmons-blonde-porn-1170.html" "Mozilla/5.0 (iPhone; CPU iPhone OS 18_7 like Mac OS X) AppleWebKit/605.1.15 (KHTML, like Gecko) Version/26.2 Mobile/15E148 Safari/604.1"
98.63.199.239 - - [29/Jan/2026:04:35:53 -0500] "GET /media/thumbs/7/6/6/4/3/766432d1932d83.mp4/vtt_010.jpg HTTP/1.1" 200 8320 "https://porn.tw/video/simone-simmons-blonde-porn-1170.html" "Mozilla/5.0 (iPhone; CPU iPhone OS 18_7 like Mac OS X) AppleWebKit/605.1.15 (KHTML, like Gecko) Version/26.2 Mobile/15E148 Safari/604.1"
98.63.199.239 - - [29/Jan/2026:04:35:53 -0500] "GET /media/thumbs/7/6/6/4/3/766432d1932d83.mp4/vtt_015.jpg HTTP/1.1" 200 8384 "https://porn.tw/video/simone-simmons-blonde-porn-1170.html" "Mozilla/5.0 (iPhone; CPU iPhone OS 18_7 like Mac OS X) AppleWebKit/605.1.15 (KHTML, like Gecko) Version/26.2 Mobile/15E148 Safari/604.1"
98.63.199.239 - - [29/Jan/2026:04:35:53 -0500] "GET /core/js/ageWarningJs.php HTTP/1.1" 200 1037 "https://porn.tw/video/simone-simmons-blonde-porn-1170.html" "Mozilla/5.0 (iPhone; CPU iPhone OS 18_7 like Mac OS X) AppleWebKit/605.1.15 (KHTML, like Gecko) Version/26.2 Mobile/15E148 Safari/604.1"
98.63.199.239 - - [29/Jan/2026:04:35:53 -0500] "GET /core/js/gdprJs.php HTTP/1.1" 200 1238 "https://porn.tw/video/simone-simmons-blonde-porn-1170.html" "Mozilla/5.0 (iPhone; CPU iPhone OS 18_7 like Mac OS X) AppleWebKit/605.1.15 (KHTML, like Gecko) Version/26.2 Mobile/15E148 Safari/604.1"
98.63.199.239 - - [29/Jan/2026:04:35:53 -0500] "GET /media/videos/7/6/6/4/3/766432d1932d83.mp4 HTTP/1.1" 206 2 "https://porn.tw/video/simone-simmons-blonde-porn-1170.html" "Mozilla/5.0 (iPhone; CPU iPhone OS 18_7 like Mac OS X) AppleWebKit/605.1.15 (KHTML, like Gecko) Version/26.2 Mobile/15E148 Safari/604.1"
98.63.199.239 - - [29/Jan/2026:04:35:53 -0500] "GET /webvtt/1170.vtt HTTP/1.1" 200 5803 "https://porn.tw/video/simone-simmons-blonde-porn-1170.html" "Mozilla/5.0 (iPhone; CPU iPhone OS 18_7 like Mac OS X) AppleWebKit/605.1.15 (KHTML, like Gecko) Version/26.2 Mobile/15E148 Safari/604.1"
98.63.199.239 - - [29/Jan/2026:04:35:53 -0500] "GET /media/thumbs/7/6/6/3/5/76635cbe008dae.mp4/76635cbe008dae.mp4-8.jpg HTTP/1.1" 200 10799 "https://porn.tw/video/simone-simmons-blonde-porn-1170.html" "Mozilla/5.0 (iPhone; CPU iPhone OS 18_7 like Mac OS X) AppleWebKit/605.1.15 (KHTML, like Gecko) Version/26.2 Mobile/15E148 Safari/604.1"
98.63.199.239 - - [29/Jan/2026:04:35:54 -0500] "GET /media/thumbs/7/6/6/4/3/766432d1932d83.mp4/vtt_020.jpg HTTP/1.1" 200 8611 "https://porn.tw/video/simone-simmons-blonde-porn-1170.html" "Mozilla/5.0 (iPhone; CPU iPhone OS 18_7 like Mac OS X) AppleWebKit/605.1.15 (KHTML, like Gecko) Version/26.2 Mobile/15E148 Safari/604.1"
98.63.199.239 - - [29/Jan/2026:04:35:54 -0500] "GET /media/thumbs/7/6/6/1/9/76619ec07d98a8.mp4/76619ec07d98a8.mp4-8.jpg HTTP/1.1" 200 10863 "https://porn.tw/video/simone-simmons-blonde-porn-1170.html" "Mozilla/5.0 (iPhone; CPU iPhone OS 18_7 like Mac OS X) AppleWebKit/605.1.15 (KHTML, like Gecko) Version/26.2 Mobile/15E148 Safari/604.1"
98.63.199.239 - - [29/Jan/2026:04:35:54 -0500] "GET /media/thumbs/7/6/6/4/3/766432d1932d83.mp4/766432d1932d83.mp4-4b.jpg HTTP/1.1" 200 98950 "https://porn.tw/video/simone-simmons-blonde-porn-1170.html" "Mozilla/5.0 (iPhone; CPU iPhone OS 18_7 like Mac OS X) AppleWebKit/605.1.15 (KHTML, like Gecko) Version/26.2 Mobile/15E148 Safari/604.1"
98.63.199.239 - - [29/Jan/2026:04:35:54 -0500] "GET /media/thumbs/7/6/6/2/b/7662b61dc95724.mp4/7662b61dc95724.mp4-3.jpg HTTP/1.1" 200 14848 "https://porn.tw/video/simone-simmons-blonde-porn-1170.html" "Mozilla/5.0 (iPhone; CPU iPhone OS 18_7 like Mac OS X) AppleWebKit/605.1.15 (KHTML, like Gecko) Version/26.2 Mobile/15E148 Safari/604.1"
98.63.199.239 - - [29/Jan/2026:04:35:54 -0500] "GET /media/thumbs/7/6/6/4/3/766432d1932d83.mp4/vtt_035.jpg HTTP/1.1" 200 9563 "https://porn.tw/video/simone-simmons-blonde-porn-1170.html" "Mozilla/5.0 (iPhone; CPU iPhone OS 18_7 like Mac OS X) AppleWebKit/605.1.15 (KHTML, like Gecko) Version/26.2 Mobile/15E148 Safari/604.1"
98.63.199.239 - - [29/Jan/2026:04:35:54 -0500] "GET /media/thumbs/7/6/6/4/3/766432d1932d83.mp4/vtt_030.jpg HTTP/1.1" 200 7815 "https://porn.tw/video/simone-simmons-blonde-porn-1170.html" "Mozilla/5.0 (iPhone; CPU iPhone OS 18_7 like Mac OS X) AppleWebKit/605.1.15 (KHTML, like Gecko) Version/26.2 Mobile/15E148 Safari/604.1"
98.63.199.239 - - [29/Jan/2026:04:35:54 -0500] "GET /media/thumbs/7/6/6/4/3/766432d1932d83.mp4/vtt_045.jpg HTTP/1.1" 200 9246 "https://porn.tw/video/simone-simmons-blonde-porn-1170.html" "Mozilla/5.0 (iPhone; CPU iPhone OS 18_7 like Mac OS X) AppleWebKit/605.1.15 (KHTML, like Gecko) Version/26.2 Mobile/15E148 Safari/604.1"
98.63.199.239 - - [29/Jan/2026:04:35:54 -0500] "GET /media/thumbs/7/6/6/2/9/76629eaf1538b3.mp4/76629eaf1538b3.mp4-3.jpg HTTP/1.1" 200 10124 "https://porn.tw/video/simone-simmons-blonde-porn-1170.html" "Mozilla/5.0 (iPhone; CPU iPhone OS 18_7 like Mac OS X) AppleWebKit/605.1.15 (KHTML, like Gecko) Version/26.2 Mobile/15E148 Safari/604.1"
98.63.199.239 - - [29/Jan/2026:04:35:54 -0500] "GET /media/thumbs/7/6/6/0/1/76601168e7337e.mp4/76601168e7337e.mp4-3.jpg HTTP/1.1" 200 10497 "https://porn.tw/video/simone-simmons-blonde-porn-1170.html" "Mozilla/5.0 (iPhone; CPU iPhone OS 18_7 like Mac OS X) AppleWebKit/605.1.15 (KHTML, like Gecko) Version/26.2 Mobile/15E148 Safari/604.1"
98.63.199.239 - - [29/Jan/2026:04:35:54 -0500] "GET /media/thumbs/7/6/6/3/9/76639b86470501.mp4/76639b86470501.mp4-5.jpg HTTP/1.1" 200 13041 "https://porn.tw/video/simone-simmons-blonde-porn-1170.html" "Mozilla/5.0 (iPhone; CPU iPhone OS 18_7 like Mac OS X) AppleWebKit/605.1.15 (KHTML, like Gecko) Version/26.2 Mobile/15E148 Safari/604.1"
98.63.199.239 - - [29/Jan/2026:04:35:54 -0500] "GET /media/thumbs/7/6/6/4/3/766432d1932d83.mp4/vtt_025.jpg HTTP/1.1" 200 7990 "https://porn.tw/video/simone-simmons-blonde-porn-1170.html" "Mozilla/5.0 (iPhone; CPU iPhone OS 18_7 like Mac OS X) AppleWebKit/605.1.15 (KHTML, like Gecko) Version/26.2 Mobile/15E148 Safari/604.1"
98.63.199.239 - - [29/Jan/2026:04:35:54 -0500] "GET /media/thumbs/7/6/6/4/3/766432d1932d83.mp4/vtt_050.jpg HTTP/1.1" 200 9163 "https://porn.tw/video/simone-simmons-blonde-porn-1170.html" "Mozilla/5.0 (iPhone; CPU iPhone OS 18_7 like Mac OS X) AppleWebKit/605.1.15 (KHTML, like Gecko) Version/26.2 Mobile/15E148 Safari/604.1"
98.63.199.239 - - [29/Jan/2026:04:35:54 -0500] "GET /media/thumbs/7/6/6/4/3/766432d1932d83.mp4/vtt_040.jpg HTTP/1.1" 200 9021 "https://porn.tw/video/simone-simmons-blonde-porn-1170.html" "Mozilla/5.0 (iPhone; CPU iPhone OS 18_7 like Mac OS X) AppleWebKit/605.1.15 (KHTML, like Gecko) Version/26.2 Mobile/15E148 Safari/604.1"
98.63.199.239 - - [29/Jan/2026:04:35:54 -0500] "GET /media/thumbs/7/6/6/4/3/766432d1932d83.mp4/vtt_060.jpg HTTP/1.1" 200 8958 "https://porn.tw/video/simone-simmons-blonde-porn-1170.html" "Mozilla/5.0 (iPhone; CPU iPhone OS 18_7 like Mac OS X) AppleWebKit/605.1.15 (KHTML, like Gecko) Version/26.2 Mobile/15E148 Safari/604.1"
98.63.199.239 - - [29/Jan/2026:04:35:54 -0500] "GET /templates/default_tube2019/template.ajax_comments.php?id=1170&type=0&loaded=0&time=1769679353960 HTTP/1.1" 200 133 "https://porn.tw/video/simone-simmons-blonde-porn-1170.html" "Mozilla/5.0 (iPhone; CPU iPhone OS 18_7 like Mac OS X) AppleWebKit/605.1.15 (KHTML, like Gecko) Version/26.2 Mobile/15E148 Safari/604.1"
98.63.199.239 - - [29/Jan/2026:04:35:54 -0500] "GET /media/videos/7/6/6/4/3/766432d1932d83.mp4 HTTP/1.1" 206 376497044 "https://porn.tw/video/simone-simmons-blonde-porn-1170.html" "Mozilla/5.0 (iPhone; CPU iPhone OS 18_7 like Mac OS X) AppleWebKit/605.1.15 (KHTML, like Gecko) Version/26.2 Mobile/15E148 Safari/604.1"
98.63.199.239 - - [29/Jan/2026:04:35:54 -0500] "GET /media/videos/7/6/6/4/3/766432d1932d83.mp4 HTTP/1.1" 206 123796 "https://porn.tw/video/simone-simmons-blonde-porn-1170.html" "Mozilla/5.0 (iPhone; CPU iPhone OS 18_7 like Mac OS X) AppleWebKit/605.1.15 (KHTML, like Gecko) Version/26.2 Mobile/15E148 Safari/604.1"
98.63.199.239 - - [29/Jan/2026:04:35:54 -0500] "GET /media/videos/7/6/6/4/3/766432d1932d83.mp4 HTTP/1.1" 206 42194 "https://porn.tw/video/simone-simmons-blonde-porn-1170.html" "Mozilla/5.0 (iPhone; CPU iPhone OS 18_7 like Mac OS X) AppleWebKit/605.1.15 (KHTML, like Gecko) Version/26.2 Mobile/15E148 Safari/604.1"
98.63.199.239 - - [29/Jan/2026:04:35:54 -0500] "GET /templates/default_tube2019/iimages/touch/apple-touch-icon.png HTTP/1.1" 404 6804 "https://porn.tw/video/simone-simmons-blonde-porn-1170.html" "Mozilla/5.0 (iPhone; CPU iPhone OS 18_7 like Mac OS X) AppleWebKit/605.1.15 (KHTML, like Gecko) Version/26.2 Mobile/15E148 Safari/604.1"
98.63.199.239 - - [29/Jan/2026:04:35:54 -0500] "GET /media/videos/7/6/6/4/3/766432d1932d83.mp4 HTTP/1.1" 206 376308025 "https://porn.tw/video/simone-simmons-blonde-porn-1170.html" "Mozilla/5.0 (iPhone; CPU iPhone OS 18_7 like Mac OS X) AppleWebKit/605.1.15 (KHTML, like Gecko) Version/26.2 Mobile/15E148 Safari/604.1"
217.113.194.72 - - [29/Jan/2026:04:35:58 -0500] "GET /channels/14/webcam/longest/page1.html HTTP/1.1" 200 72846 "-" "Mozilla/5.0 (compatible; Barkrowler/0.9; +https://babbar.tech/crawler)"
66.249.74.4 - - [29/Jan/2026:04:36:03 -0500] "GET /search/tatianasoler-cam4free/rating/ HTTP/1.1" 200 74255 "-" "Mozilla/5.0 (Linux; Android 6.0.1; Nexus 5X Build/MMB29P) AppleWebKit/537.36 (KHTML, like Gecko) Chrome/143.0.7499.192 Mobile Safari/537.36 (compatible; Googlebot/2.1; +http://www.google.com/bot.html)"
98.63.199.239 - - [29/Jan/2026:04:36:04 -0500] "GET /media/videos/7/6/6/4/3/766432d1932d83.mp4 HTTP/1.1" 206 65536 "https://porn.tw/video/simone-simmons-blonde-porn-1170.html" "Mozilla/5.0 (iPhone; CPU iPhone OS 18_7 like Mac OS X) AppleWebKit/605.1.15 (KHTML, like Gecko) Version/26.2 Mobile/15E148 Safari/604.1"
98.63.199.239 - - [29/Jan/2026:04:36:04 -0500] "GET /media/videos/7/6/6/4/3/766432d1932d83.mp4 HTTP/1.1" 206 65536 "https://porn.tw/video/simone-simmons-blonde-porn-1170.html" "Mozilla/5.0 (iPhone; CPU iPhone OS 18_7 like Mac OS X) AppleWebKit/605.1.15 (KHTML, like Gecko) Version/26.2 Mobile/15E148 Safari/604.1"
98.63.199.239 - - [29/Jan/2026:04:36:04 -0500] "GET /media/videos/7/6/6/4/3/766432d1932d83.mp4 HTTP/1.1" 206 316538880 "https://porn.tw/video/simone-simmons-blonde-porn-1170.html" "Mozilla/5.0 (iPhone; CPU iPhone OS 18_7 like Mac OS X) AppleWebKit/605.1.15 (KHTML, like Gecko) Version/26.2 Mobile/15E148 Safari/604.1"
98.63.199.239 - - [29/Jan/2026:04:36:04 -0500] "GET /media/videos/7/6/6/4/3/766432d1932d83.mp4 HTTP/1.1" 206 65536 "https://porn.tw/video/simone-simmons-blonde-porn-1170.html" "Mozilla/5.0 (iPhone; CPU iPhone OS 18_7 like Mac OS X) AppleWebKit/605.1.15 (KHTML, like Gecko) Version/26.2 Mobile/15E148 Safari/604.1"
98.63.199.239 - - [29/Jan/2026:04:36:05 -0500] "GET /media/videos/7/6/6/4/3/766432d1932d83.mp4 HTTP/1.1" 206 65536 "https://porn.tw/video/simone-simmons-blonde-porn-1170.html" "Mozilla/5.0 (iPhone; CPU iPhone OS 18_7 like Mac OS X) AppleWebKit/605.1.15 (KHTML, like Gecko) Version/26.2 Mobile/15E148 Safari/604.1"
