184.160.118.171 - - [29/Jan/2026:04:22:58 -0500] "GET /media/thumbs/7/6/5/3/5/765355d9f68bfa.mp4/765355d9f68bfa.mp4-4.jpg HTTP/1.1" 200 8333 "https://porn.tw/search/-elizabeth-gilbert-webcam/" "Mozilla/5.0 (Windows NT 10.0; Win64; x64) AppleWebKit/537.36 (KHTML, like Gecko) Chrome/144.0.0.0 Safari/537.66"
184.160.118.171 - - [29/Jan/2026:04:22:58 -0500] "GET /media/thumbs/8/6/5/3/5/86535c917db5cf.mp4/86535c917db5cf.mp4-4.jpg HTTP/1.1" 200 9317 "https://porn.tw/search/-elizabeth-gilbert-webcam/" "Mozilla/5.0 (Windows NT 10.0; Win64; x64) AppleWebKit/537.36 (KHTML, like Gecko) Chrome/144.0.0.0 Safari/537.66"
184.160.118.171 - - [29/Jan/2026:04:22:58 -0500] "GET /media/thumbs/7/6/5/3/6/7653614a713861.mp4/7653614a713861.mp4-9.jpg HTTP/1.1" 200 9931 "https://porn.tw/search/-elizabeth-gilbert-webcam/" "Mozilla/5.0 (Windows NT 10.0; Win64; x64) AppleWebKit/537.36 (KHTML, like Gecko) Chrome/144.0.0.0 Safari/537.66"
184.160.118.171 - - [29/Jan/2026:04:22:58 -0500] "GET /media/thumbs/7/6/5/3/7/7653730672ab3a.mp4/7653730672ab3a.mp4-4.jpg HTTP/1.1" 200 11293 "https://porn.tw/search/-elizabeth-gilbert-webcam/" "Mozilla/5.0 (Windows NT 10.0; Win64; x64) AppleWebKit/537.36 (KHTML, like Gecko) Chrome/144.0.0.0 Safari/537.66"
184.160.118.171 - - [29/Jan/2026:04:22:59 -0500] "GET /media/thumbs/6/5/3/9/a/10653967295986f.mpg/10653967295986f.mpg-2.jpg HTTP/1.1" 200 13450 "https://porn.tw/search/-elizabeth-gilbert-webcam/" "Mozilla/5.0 (Windows NT 10.0; Win64; x64) AppleWebKit/537.36 (KHTML, like Gecko) Chrome/144.0.0.0 Safari/537.66"
184.160.118.171 - - [29/Jan/2026:04:22:59 -0500] "GET /media/thumbs/1/9/6/7/b/1967b6fe75d27e6.mp4/1967b6fe75d27e6.mp4-4.jpg HTTP/1.1" 200 11044 "https://porn.tw/search/-elizabeth-gilbert-webcam/" "Mozilla/5.0 (Windows NT 10.0; Win64; x64) AppleWebKit/537.36 (KHTML, like Gecko) Chrome/144.0.0.0 Safari/537.66"
184.160.118.171 - - [29/Jan/2026:04:22:59 -0500] "GET /media/thumbs/3/6/5/3/3/36533883a8fe2d.mp4/36533883a8fe2d.mp4-3.jpg HTTP/1.1" 200 8546 "https://porn.tw/search/-elizabeth-gilbert-webcam/" "Mozilla/5.0 (Windows NT 10.0; Win64; x64) AppleWebKit/537.36 (KHTML, like Gecko) Chrome/144.0.0.0 Safari/537.66"
184.160.118.171 - - [29/Jan/2026:04:22:59 -0500] "GET /media/thumbs/7/6/5/3/7/765377555318ef.mp4/765377555318ef.mp4-9.jpg HTTP/1.1" 200 11451 "https://porn.tw/search/-elizabeth-gilbert-webcam/" "Mozilla/5.0 (Windows NT 10.0; Win64; x64) AppleWebKit/537.36 (KHTML, like Gecko) Chrome/144.0.0.0 Safari/537.66"
184.160.118.171 - - [29/Jan/2026:04:22:59 -0500] "GET /media/thumbs/7/6/5/3/7/765377555318ef.mp4/765377555318ef.mp4-9.jpg HTTP/1.1" 200 11451 "https://porn.tw/search/-elizabeth-gilbert-webcam/" "Mozilla/5.0 (Windows NT 10.0; Win64; x64) AppleWebKit/537.36 (KHTML, like Gecko) Chrome/144.0.0.0 Safari/537.66"
184.160.118.171 - - [29/Jan/2026:04:23:00 -0500] "GET /media/thumbs/4/6/5/3/7/465373bdedf325.mp4/465373bdedf325.mp4-8.jpg HTTP/1.1" 200 13514 "https://porn.tw/search/-elizabeth-gilbert-webcam/" "Mozilla/5.0 (Windows NT 10.0; Win64; x64) AppleWebKit/537.36 (KHTML, like Gecko) Chrome/144.0.0.0 Safari/537.66"
184.160.118.171 - - [29/Jan/2026:04:23:00 -0500] "GET /media/thumbs/4/6/5/3/7/465373bdedf325.mp4/465373bdedf325.mp4-9.jpg HTTP/1.1" 200 14540 "https://porn.tw/search/-elizabeth-gilbert-webcam/" "Mozilla/5.0 (Windows NT 10.0; Win64; x64) AppleWebKit/537.36 (KHTML, like Gecko) Chrome/144.0.0.0 Safari/537.66"
184.160.118.171 - - [29/Jan/2026:04:23:01 -0500] "GET /media/thumbs/4/6/5/3/7/465373bdedf325.mp4/465373bdedf325.mp4-1.jpg HTTP/1.1" 200 14255 "https://porn.tw/search/-elizabeth-gilbert-webcam/" "Mozilla/5.0 (Windows NT 10.0; Win64; x64) AppleWebKit/537.36 (KHTML, like Gecko) Chrome/144.0.0.0 Safari/537.66"
184.160.118.171 - - [29/Jan/2026:04:23:01 -0500] "GET /media/thumbs/1/1/6/5/4/11654525f214784.mp4/11654525f214784.mp4-5.jpg HTTP/1.1" 200 13856 "https://porn.tw/search/-elizabeth-gilbert-webcam/" "Mozilla/5.0 (Windows NT 10.0; Win64; x64) AppleWebKit/537.36 (KHTML, like Gecko) Chrome/144.0.0.0 Safari/537.66"
66.249.74.6 - - [29/Jan/2026:04:23:01 -0500] "GET /search/sexy-webcam-tube/newest/page4.html HTTP/1.1" 200 75633 "-" "Mozilla/5.0 (Linux; Android 6.0.1; Nexus 5X Build/MMB29P) AppleWebKit/537.36 (KHTML, like Gecko) Chrome/143.0.7499.192 Mobile Safari/537.36 (compatible; Googlebot/2.1; +http://www.google.com/bot.html)"
170.106.179.68 - - [29/Jan/2026:04:23:01 -0500] "GET /video/natalie-heaven-cam-show-anal-3837.html HTTP/1.1" 200 53810 "-" "Mozilla/5.0 (iPhone; CPU iPhone OS 13_2_3 like Mac OS X) AppleWebKit/605.1.15 (KHTML, like Gecko) Version/13.0.3 Mobile/15E148 Safari/604.1"
184.160.118.171 - - [29/Jan/2026:04:23:02 -0500] "GET /media/thumbs/1/1/6/5/4/11654525f214784.mp4/11654525f214784.mp4-6.jpg HTTP/1.1" 200 8840 "https://porn.tw/search/-elizabeth-gilbert-webcam/" "Mozilla/5.0 (Windows NT 10.0; Win64; x64) AppleWebKit/537.36 (KHTML, like Gecko) Chrome/144.0.0.0 Safari/537.66"
40.77.167.47 - - [29/Jan/2026:04:23:02 -0500] "GET /search/anaa-bellaa69-cams-show/views/page6.html HTTP/1.1" 200 74339 "-" "Mozilla/5.0 AppleWebKit/537.36 (KHTML, like Gecko; compatible; bingbot/2.0; +http://www.bing.com/bingbot.htm) Chrome/116.0.1938.76 Safari/537.36"
184.160.118.171 - - [29/Jan/2026:04:23:02 -0500] "GET /media/thumbs/1/1/6/5/4/11654525f214784.mp4/11654525f214784.mp4-7.jpg HTTP/1.1" 200 9650 "https://porn.tw/search/-elizabeth-gilbert-webcam/" "Mozilla/5.0 (Windows NT 10.0; Win64; x64) AppleWebKit/537.36 (KHTML, like Gecko) Chrome/144.0.0.0 Safari/537.66"
184.160.118.171 - - [29/Jan/2026:04:23:03 -0500] "GET /media/thumbs/6/5/6/8/e/765526f195f28c.mp4/765526f195f28c.mp4-4.jpg HTTP/1.1" 200 10451 "https://porn.tw/search/-elizabeth-gilbert-webcam/" "Mozilla/5.0 (Windows NT 10.0; Win64; x64) AppleWebKit/537.36 (KHTML, like Gecko) Chrome/144.0.0.0 Safari/537.66"
116.179.32.201 - - [29/Jan/2026:04:23:03 -0500] "GET /search/sexy_couple_show-webcam/views/ HTTP/1.1" 403 - "-" "Mozilla/5.0 (compatible; Baiduspider/2.0; +http://www.baidu.com/search/spider.html)"
184.160.118.171 - - [29/Jan/2026:04:23:03 -0500] "GET /media/thumbs/6/5/6/8/e/765526f195f28c.mp4/765526f195f28c.mp4-5.jpg HTTP/1.1" 200 10669 "https://porn.tw/search/-elizabeth-gilbert-webcam/" "Mozilla/5.0 (Windows NT 10.0; Win64; x64) AppleWebKit/537.36 (KHTML, like Gecko) Chrome/144.0.0.0 Safari/537.66"
98.63.199.239 - - [29/Jan/2026:04:23:03 -0500] "GET /media/thumbs/7/6/5/9/b/7659bbe6e81962.mp4/7659bbe6e81962.mp4-4.jpg HTTP/1.1" 200 10252 "https://porn.tw/video/sussanwhite-latina-masturbates-her-ass-with-her-glass-dildo-558.html" "Mozilla/5.0 (iPhone; CPU iPhone OS 18_7 like Mac OS X) AppleWebKit/605.1.15 (KHTML, like Gecko) Version/26.2 Mobile/15E148 Safari/604.1"
184.160.118.171 - - [29/Jan/2026:04:23:04 -0500] "GET /media/thumbs/6/5/6/8/e/765526f195f28c.mp4/765526f195f28c.mp4-6.jpg HTTP/1.1" 200 10364 "https://porn.tw/search/-elizabeth-gilbert-webcam/" "Mozilla/5.0 (Windows NT 10.0; Win64; x64) AppleWebKit/537.36 (KHTML, like Gecko) Chrome/144.0.0.0 Safari/537.66"
98.63.199.239 - - [29/Jan/2026:04:23:04 -0500] "GET /media/thumbs/7/6/5/9/b/7659bbe6e81962.mp4/7659bbe6e81962.mp4-5.jpg HTTP/1.1" 200 10225 "https://porn.tw/video/sussanwhite-latina-masturbates-her-ass-with-her-glass-dildo-558.html" "Mozilla/5.0 (iPhone; CPU iPhone OS 18_7 like Mac OS X) AppleWebKit/605.1.15 (KHTML, like Gecko) Version/26.2 Mobile/15E148 Safari/604.1"
184.160.118.171 - - [29/Jan/2026:04:23:04 -0500] "GET /media/thumbs/6/5/6/8/e/765526f195f28c.mp4/765526f195f28c.mp4-7.jpg HTTP/1.1" 200 10511 "https://porn.tw/search/-elizabeth-gilbert-webcam/" "Mozilla/5.0 (Windows NT 10.0; Win64; x64) AppleWebKit/537.36 (KHTML, like Gecko) Chrome/144.0.0.0 Safari/537.66"
184.160.118.171 - - [29/Jan/2026:04:23:04 -0500] "GET /media/thumbs/1/9/6/5/7/196578466e7bb92.mp4/196578466e7bb92.mp4-4.jpg HTTP/1.1" 200 10105 "https://porn.tw/search/-elizabeth-gilbert-webcam/" "Mozilla/5.0 (Windows NT 10.0; Win64; x64) AppleWebKit/537.36 (KHTML, like Gecko) Chrome/144.0.0.0 Safari/537.66"
98.63.199.239 - - [29/Jan/2026:04:23:04 -0500] "GET /media/thumbs/7/6/5/9/b/7659bbe6e81962.mp4/7659bbe6e81962.mp4-6.jpg HTTP/1.1" 200 11848 "https://porn.tw/video/sussanwhite-latina-masturbates-her-ass-with-her-glass-dildo-558.html" "Mozilla/5.0 (iPhone; CPU iPhone OS 18_7 like Mac OS X) AppleWebKit/605.1.15 (KHTML, like Gecko) Version/26.2 Mobile/15E148 Safari/604.1"
184.160.118.171 - - [29/Jan/2026:04:23:05 -0500] "GET /media/thumbs/1/9/6/5/7/196578466e7bb92.mp4/196578466e7bb92.mp4-5.jpg HTTP/1.1" 200 9848 "https://porn.tw/search/-elizabeth-gilbert-webcam/" "Mozilla/5.0 (Windows NT 10.0; Win64; x64) AppleWebKit/537.36 (KHTML, like Gecko) Chrome/144.0.0.0 Safari/537.66"
98.63.199.239 - - [29/Jan/2026:04:23:05 -0500] "GET /media/thumbs/7/6/5/9/b/7659bbe6e81962.mp4/7659bbe6e81962.mp4-7.jpg HTTP/1.1" 200 10318 "https://porn.tw/video/sussanwhite-latina-masturbates-her-ass-with-her-glass-dildo-558.html" "Mozilla/5.0 (iPhone; CPU iPhone OS 18_7 like Mac OS X) AppleWebKit/605.1.15 (KHTML, like Gecko) Version/26.2 Mobile/15E148 Safari/604.1"
184.160.118.171 - - [29/Jan/2026:04:23:05 -0500] "GET /media/thumbs/1/9/6/5/7/196578466e7bb92.mp4/196578466e7bb92.mp4-6.jpg HTTP/1.1" 200 9672 "https://porn.tw/search/-elizabeth-gilbert-webcam/" "Mozilla/5.0 (Windows NT 10.0; Win64; x64) AppleWebKit/537.36 (KHTML, like Gecko) Chrome/144.0.0.0 Safari/537.66"
98.63.199.239 - - [29/Jan/2026:04:23:05 -0500] "GET /media/thumbs/7/6/5/9/b/7659bbe6e81962.mp4/7659bbe6e81962.mp4-8.jpg HTTP/1.1" 200 9442 "https://porn.tw/video/sussanwhite-latina-masturbates-her-ass-with-her-glass-dildo-558.html" "Mozilla/5.0 (iPhone; CPU iPhone OS 18_7 like Mac OS X) AppleWebKit/605.1.15 (KHTML, like Gecko) Version/26.2 Mobile/15E148 Safari/604.1"
217.113.194.78 - - [29/Jan/2026:04:23:06 -0500] "GET /search/shaved-pussy/newest/page9.html HTTP/1.1" 200 71931 "-" "Mozilla/5.0 (compatible; Barkrowler/0.9; +https://babbar.tech/crawler)"
98.63.199.239 - - [29/Jan/2026:04:23:06 -0500] "GET /media/thumbs/7/6/5/9/b/7659bbe6e81962.mp4/7659bbe6e81962.mp4-9.jpg HTTP/1.1" 200 9545 "https://porn.tw/video/sussanwhite-latina-masturbates-her-ass-with-her-glass-dildo-558.html" "Mozilla/5.0 (iPhone; CPU iPhone OS 18_7 like Mac OS X) AppleWebKit/605.1.15 (KHTML, like Gecko) Version/26.2 Mobile/15E148 Safari/604.1"
184.160.118.171 - - [29/Jan/2026:04:23:06 -0500] "GET /media/thumbs/1/5/6/5/7/15657df24933660.mp4/15657df24933660.mp4-4.jpg HTTP/1.1" 200 13641 "https://porn.tw/search/-elizabeth-gilbert-webcam/" "Mozilla/5.0 (Windows NT 10.0; Win64; x64) AppleWebKit/537.36 (KHTML, like Gecko) Chrome/144.0.0.0 Safari/537.66"
184.160.118.171 - - [29/Jan/2026:04:23:06 -0500] "GET /media/thumbs/3/6/7/9/d/3679d3a55eab0e.mp4/3679d3a55eab0e.mp4-7.jpg HTTP/1.1" 200 11025 "https://porn.tw/search/-elizabeth-gilbert-webcam/" "Mozilla/5.0 (Windows NT 10.0; Win64; x64) AppleWebKit/537.36 (KHTML, like Gecko) Chrome/144.0.0.0 Safari/537.66"
98.63.199.239 - - [29/Jan/2026:04:23:06 -0500] "GET /media/thumbs/7/6/5/9/b/7659bbe6e81962.mp4/7659bbe6e81962.mp4-1.jpg HTTP/1.1" 200 4861 "https://porn.tw/video/sussanwhite-latina-masturbates-her-ass-with-her-glass-dildo-558.html" "Mozilla/5.0 (iPhone; CPU iPhone OS 18_7 like Mac OS X) AppleWebKit/605.1.15 (KHTML, like Gecko) Version/26.2 Mobile/15E148 Safari/604.1"
43.130.72.40 - - [29/Jan/2026:04:23:07 -0500] "GET / HTTP/1.1" 200 98745 "http://porn.tw" "Mozilla/5.0 (iPhone; CPU iPhone OS 13_2_3 like Mac OS X) AppleWebKit/605.1.15 (KHTML, like Gecko) Version/13.0.3 Mobile/15E148 Safari/604.1"
119.249.100.172 - - [29/Jan/2026:04:23:07 -0500] "GET /search/sexy_couple_show-webcam/views/ HTTP/1.1" 200 73004 "-" "Mozilla/5.0 (Windows NT 10.0; WOW64) AppleWebKit/537.36 (KHTML, like Gecko) Chrome/48.0.2564.116 Safari/537.36"
184.160.118.171 - - [29/Jan/2026:04:23:07 -0500] "GET /video/elizabeth-gilbert-naughty-babe-s-squirt-explosion-live-webcam-3440.html HTTP/1.1" 200 57794 "https://www.google.com/" "Mozilla/5.0 (Windows NT 10.0; Win64; x64) AppleWebKit/537.36 (KHTML, like Gecko) Chrome/144.0.0.0 Safari/537.66"
98.63.199.239 - - [29/Jan/2026:04:23:08 -0500] "GET /media/thumbs/7/6/5/9/b/7659bbe6e81962.mp4/7659bbe6e81962.mp4-2.jpg HTTP/1.1" 200 9295 "https://porn.tw/video/sussanwhite-latina-masturbates-her-ass-with-her-glass-dildo-558.html" "Mozilla/5.0 (iPhone; CPU iPhone OS 18_7 like Mac OS X) AppleWebKit/605.1.15 (KHTML, like Gecko) Version/26.2 Mobile/15E148 Safari/604.1"
184.160.118.171 - - [29/Jan/2026:04:23:08 -0500] "GET /templates/default_tube2019/template.ajax_comments.php?id=3440&type=0&loaded=0&time=1769678588919 HTTP/1.1" 200 133 "https://porn.tw/video/elizabeth-gilbert-naughty-babe-s-squirt-explosion-live-webcam-3440.html" "Mozilla/5.0 (Windows NT 10.0; Win64; x64) AppleWebKit/537.36 (KHTML, like Gecko) Chrome/144.0.0.0 Safari/537.66"
184.160.118.171 - - [29/Jan/2026:04:23:08 -0500] "GET /webvtt/3440.vtt HTTP/1.1" 200 6278 "https://porn.tw/video/elizabeth-gilbert-naughty-babe-s-squirt-explosion-live-webcam-3440.html" "Mozilla/5.0 (Windows NT 10.0; Win64; x64) AppleWebKit/537.36 (KHTML, like Gecko) Chrome/144.0.0.0 Safari/537.66"
98.63.199.239 - - [29/Jan/2026:04:23:08 -0500] "GET /media/thumbs/7/6/5/a/7/765a75be16da0c.mp4/765a75be16da0c.mp4-4.jpg HTTP/1.1" 200 12226 "https://porn.tw/video/sussanwhite-latina-masturbates-her-ass-with-her-glass-dildo-558.html" "Mozilla/5.0 (iPhone; CPU iPhone OS 18_7 like Mac OS X) AppleWebKit/605.1.15 (KHTML, like Gecko) Version/26.2 Mobile/15E148 Safari/604.1"
98.63.199.239 - - [29/Jan/2026:04:23:08 -0500] "GET /media/thumbs/7/6/5/a/7/765a75be16da0c.mp4/765a75be16da0c.mp4-5.jpg HTTP/1.1" 200 10511 "https://porn.tw/video/sussanwhite-latina-masturbates-her-ass-with-her-glass-dildo-558.html" "Mozilla/5.0 (iPhone; CPU iPhone OS 18_7 like Mac OS X) AppleWebKit/605.1.15 (KHTML, like Gecko) Version/26.2 Mobile/15E148 Safari/604.1"
98.63.199.239 - - [29/Jan/2026:04:23:09 -0500] "GET /media/thumbs/7/6/5/a/7/765a75be16da0c.mp4/765a75be16da0c.mp4-6.jpg HTTP/1.1" 200 10327 "https://porn.tw/video/sussanwhite-latina-masturbates-her-ass-with-her-glass-dildo-558.html" "Mozilla/5.0 (iPhone; CPU iPhone OS 18_7 like Mac OS X) AppleWebKit/605.1.15 (KHTML, like Gecko) Version/26.2 Mobile/15E148 Safari/604.1"
98.63.199.239 - - [29/Jan/2026:04:23:09 -0500] "GET /media/thumbs/7/6/5/a/7/765a75be16da0c.mp4/765a75be16da0c.mp4-7.jpg HTTP/1.1" 200 10715 "https://porn.tw/video/sussanwhite-latina-masturbates-her-ass-with-her-glass-dildo-558.html" "Mozilla/5.0 (iPhone; CPU iPhone OS 18_7 like Mac OS X) AppleWebKit/605.1.15 (KHTML, like Gecko) Version/26.2 Mobile/15E148 Safari/604.1"
98.63.199.239 - - [29/Jan/2026:04:23:10 -0500] "GET /media/thumbs/7/6/5/a/7/765a75be16da0c.mp4/765a75be16da0c.mp4-8.jpg HTTP/1.1" 200 10299 "https://porn.tw/video/sussanwhite-latina-masturbates-her-ass-with-her-glass-dildo-558.html" "Mozilla/5.0 (iPhone; CPU iPhone OS 18_7 like Mac OS X) AppleWebKit/605.1.15 (KHTML, like Gecko) Version/26.2 Mobile/15E148 Safari/604.1"
217.113.194.81 - - [29/Jan/2026:04:23:10 -0500] "GET /search/big-ass-webcam/newest/page9.html HTTP/1.1" 200 71064 "-" "Mozilla/5.0 (compatible; Barkrowler/0.9; +https://babbar.tech/crawler)"
98.63.199.239 - - [29/Jan/2026:04:23:10 -0500] "GET /media/thumbs/7/6/5/a/7/765a75be16da0c.mp4/765a75be16da0c.mp4-9.jpg HTTP/1.1" 200 10249 "https://porn.tw/video/sussanwhite-latina-masturbates-her-ass-with-her-glass-dildo-558.html" "Mozilla/5.0 (iPhone; CPU iPhone OS 18_7 like Mac OS X) AppleWebKit/605.1.15 (KHTML, like Gecko) Version/26.2 Mobile/15E148 Safari/604.1"
66.249.74.5 - - [29/Jan/2026:04:23:11 -0500] "GET /search/sexy-webcam-tube/newest/page10.html HTTP/1.1" 200 71896 "-" "Mozilla/5.0 (Linux; Android 6.0.1; Nexus 5X Build/MMB29P) AppleWebKit/537.36 (KHTML, like Gecko) Chrome/143.0.7499.192 Mobile Safari/537.36 (compatible; Googlebot/2.1; +http://www.google.com/bot.html)"
98.63.199.239 - - [29/Jan/2026:04:23:11 -0500] "GET /media/thumbs/7/6/5/a/7/765a75be16da0c.mp4/765a75be16da0c.mp4-1.jpg HTTP/1.1" 200 11580 "https://porn.tw/video/sussanwhite-latina-masturbates-her-ass-with-her-glass-dildo-558.html" "Mozilla/5.0 (iPhone; CPU iPhone OS 18_7 like Mac OS X) AppleWebKit/605.1.15 (KHTML, like Gecko) Version/26.2 Mobile/15E148 Safari/604.1"
98.63.199.239 - - [29/Jan/2026:04:23:11 -0500] "GET /media/thumbs/7/6/5/a/7/765a75be16da0c.mp4/765a75be16da0c.mp4-2.jpg HTTP/1.1" 200 11550 "https://porn.tw/video/sussanwhite-latina-masturbates-her-ass-with-her-glass-dildo-558.html" "Mozilla/5.0 (iPhone; CPU iPhone OS 18_7 like Mac OS X) AppleWebKit/605.1.15 (KHTML, like Gecko) Version/26.2 Mobile/15E148 Safari/604.1"
66.249.65.37 - - [29/Jan/2026:04:23:17 -0500] "GET /search/live-strip-tease-porn/rating/page10.html HTTP/1.1" 200 63075 "-" "Mozilla/5.0 (Linux; Android 6.0.1; Nexus 5X Build/MMB29P) AppleWebKit/537.36 (KHTML, like Gecko) Chrome/143.0.7499.192 Mobile Safari/537.36 (compatible; Googlebot/2.1; +http://www.google.com/bot.html)"
184.160.118.171 - - [29/Jan/2026:04:23:17 -0500] "GET /media/thumbs/7/6/8/3/5/768351882a1956.mp4/768351882a1956.mp4-3.jpg HTTP/1.1" 200 12911 "https://www.google.com/" "Mozilla/5.0 (Windows NT 10.0; Win64; x64) AppleWebKit/537.36 (KHTML, like Gecko) Chrome/144.0.0.0 Safari/537.66"
52.167.144.176 - - [29/Jan/2026:04:23:17 -0500] "GET /video/melaniekane-redhead-porn-471.html HTTP/1.1" 200 54277 "-" "Mozilla/5.0 AppleWebKit/537.36 (KHTML, like Gecko; compatible; bingbot/2.0; +http://www.bing.com/bingbot.htm) Chrome/116.0.1938.76 Safari/537.36"
98.63.199.239 - - [29/Jan/2026:04:23:18 -0500] "GET /media/thumbs/7/6/5/a/e/765ae234da936f.mp4/765ae234da936f.mp4-2.jpg HTTP/1.1" 200 9435 "https://porn.tw/video/sussanwhite-latina-masturbates-her-ass-with-her-glass-dildo-558.html" "Mozilla/5.0 (iPhone; CPU iPhone OS 18_7 like Mac OS X) AppleWebKit/605.1.15 (KHTML, like Gecko) Version/26.2 Mobile/15E148 Safari/604.1"
98.63.199.239 - - [29/Jan/2026:04:23:19 -0500] "GET /media/thumbs/7/6/5/a/e/765ae234da936f.mp4/765ae234da936f.mp4-3.jpg HTTP/1.1" 200 9482 "https://porn.tw/video/sussanwhite-latina-masturbates-her-ass-with-her-glass-dildo-558.html" "Mozilla/5.0 (iPhone; CPU iPhone OS 18_7 like Mac OS X) AppleWebKit/605.1.15 (KHTML, like Gecko) Version/26.2 Mobile/15E148 Safari/604.1"
184.160.118.171 - - [29/Jan/2026:04:23:19 -0500] "GET /video/elizabeth-gilbert-cam-solo-play-to-creamy-finish-show-3266.html HTTP/1.1" 200 56590 "https://www.google.com/" "Mozilla/5.0 (Windows NT 10.0; Win64; x64) AppleWebKit/537.36 (KHTML, like Gecko) Chrome/144.0.0.0 Safari/537.66"
184.160.118.171 - - [29/Jan/2026:04:23:19 -0500] "GET /media/thumbs/7/6/8/3/5/768351882a1956.mp4/vtt_005.jpg HTTP/1.1" 200 7331 "https://porn.tw/video/elizabeth-gilbert-cam-solo-play-to-creamy-finish-show-3266.html" "Mozilla/5.0 (Windows NT 10.0; Win64; x64) AppleWebKit/537.36 (KHTML, like Gecko) Chrome/144.0.0.0 Safari/537.66"
184.160.118.171 - - [29/Jan/2026:04:23:19 -0500] "GET /media/thumbs/7/6/8/3/5/768351882a1956.mp4/vtt_010.jpg HTTP/1.1" 200 7180 "https://porn.tw/video/elizabeth-gilbert-cam-solo-play-to-creamy-finish-show-3266.html" "Mozilla/5.0 (Windows NT 10.0; Win64; x64) AppleWebKit/537.36 (KHTML, like Gecko) Chrome/144.0.0.0 Safari/537.66"
184.160.118.171 - - [29/Jan/2026:04:23:19 -0500] "GET /media/thumbs/7/6/8/3/5/768351882a1956.mp4/vtt_025.jpg HTTP/1.1" 200 7099 "https://porn.tw/video/elizabeth-gilbert-cam-solo-play-to-creamy-finish-show-3266.html" "Mozilla/5.0 (Windows NT 10.0; Win64; x64) AppleWebKit/537.36 (KHTML, like Gecko) Chrome/144.0.0.0 Safari/537.66"
184.160.118.171 - - [29/Jan/2026:04:23:19 -0500] "GET /media/thumbs/7/6/8/3/5/768351882a1956.mp4/vtt_040.jpg HTTP/1.1" 200 7339 "https://porn.tw/video/elizabeth-gilbert-cam-solo-play-to-creamy-finish-show-3266.html" "Mozilla/5.0 (Windows NT 10.0; Win64; x64) AppleWebKit/537.36 (KHTML, like Gecko) Chrome/144.0.0.0 Safari/537.66"
184.160.118.171 - - [29/Jan/2026:04:23:19 -0500] "GET /media/thumbs/7/6/8/3/5/768351882a1956.mp4/768351882a1956.mp4-3b.jpg HTTP/1.1" 200 81238 "https://porn.tw/video/elizabeth-gilbert-cam-solo-play-to-creamy-finish-show-3266.html" "Mozilla/5.0 (Windows NT 10.0; Win64; x64) AppleWebKit/537.36 (KHTML, like Gecko) Chrome/144.0.0.0 Safari/537.66"
184.160.118.171 - - [29/Jan/2026:04:23:19 -0500] "GET /media/thumbs/7/6/8/3/5/768351882a1956.mp4/vtt_030.jpg HTTP/1.1" 200 7289 "https://porn.tw/video/elizabeth-gilbert-cam-solo-play-to-creamy-finish-show-3266.html" "Mozilla/5.0 (Windows NT 10.0; Win64; x64) AppleWebKit/537.36 (KHTML, like Gecko) Chrome/144.0.0.0 Safari/537.66"
184.160.118.171 - - [29/Jan/2026:04:23:19 -0500] "GET /media/thumbs/7/6/8/3/5/768351882a1956.mp4/vtt_055.jpg HTTP/1.1" 200 7111 "https://porn.tw/video/elizabeth-gilbert-cam-solo-play-to-creamy-finish-show-3266.html" "Mozilla/5.0 (Windows NT 10.0; Win64; x64) AppleWebKit/537.36 (KHTML, like Gecko) Chrome/144.0.0.0 Safari/537.66"
184.160.118.171 - - [29/Jan/2026:04:23:19 -0500] "GET /media/thumbs/7/6/8/3/5/768351882a1956.mp4/vtt_035.jpg HTTP/1.1" 200 7231 "https://porn.tw/video/elizabeth-gilbert-cam-solo-play-to-creamy-finish-show-3266.html" "Mozilla/5.0 (Windows NT 10.0; Win64; x64) AppleWebKit/537.36 (KHTML, like Gecko) Chrome/144.0.0.0 Safari/537.66"
98.63.199.239 - - [29/Jan/2026:04:23:19 -0500] "GET /media/thumbs/7/6/5/a/e/765ae234da936f.mp4/765ae234da936f.mp4-4.jpg HTTP/1.1" 200 8101 "https://porn.tw/video/sussanwhite-latina-masturbates-her-ass-with-her-glass-dildo-558.html" "Mozilla/5.0 (iPhone; CPU iPhone OS 18_7 like Mac OS X) AppleWebKit/605.1.15 (KHTML, like Gecko) Version/26.2 Mobile/15E148 Safari/604.1"
184.160.118.171 - - [29/Jan/2026:04:23:19 -0500] "GET /media/thumbs/7/6/8/3/5/768351882a1956.mp4/vtt_050.jpg HTTP/1.1" 200 6781 "https://porn.tw/video/elizabeth-gilbert-cam-solo-play-to-creamy-finish-show-3266.html" "Mozilla/5.0 (Windows NT 10.0; Win64; x64) AppleWebKit/537.36 (KHTML, like Gecko) Chrome/144.0.0.0 Safari/537.66"
184.160.118.171 - - [29/Jan/2026:04:23:19 -0500] "GET /media/thumbs/7/6/8/3/5/768351882a1956.mp4/vtt_045.jpg HTTP/1.1" 200 7436 "https://porn.tw/video/elizabeth-gilbert-cam-solo-play-to-creamy-finish-show-3266.html" "Mozilla/5.0 (Windows NT 10.0; Win64; x64) AppleWebKit/537.36 (KHTML, like Gecko) Chrome/144.0.0.0 Safari/537.66"
184.160.118.171 - - [29/Jan/2026:04:23:19 -0500] "GET /media/thumbs/7/6/8/3/5/768351882a1956.mp4/vtt_015.jpg HTTP/1.1" 200 7113 "https://porn.tw/video/elizabeth-gilbert-cam-solo-play-to-creamy-finish-show-3266.html" "Mozilla/5.0 (Windows NT 10.0; Win64; x64) AppleWebKit/537.36 (KHTML, like Gecko) Chrome/144.0.0.0 Safari/537.66"
184.160.118.171 - - [29/Jan/2026:04:23:19 -0500] "GET /core/js/ageWarningJs.php HTTP/1.1" 200 1037 "https://porn.tw/video/elizabeth-gilbert-cam-solo-play-to-creamy-finish-show-3266.html" "Mozilla/5.0 (Windows NT 10.0; Win64; x64) AppleWebKit/537.36 (KHTML, like Gecko) Chrome/144.0.0.0 Safari/537.66"
184.160.118.171 - - [29/Jan/2026:04:23:19 -0500] "GET /media/thumbs/7/6/8/3/5/768351882a1956.mp4/vtt_060.jpg HTTP/1.1" 200 7089 "https://porn.tw/video/elizabeth-gilbert-cam-solo-play-to-creamy-finish-show-3266.html" "Mozilla/5.0 (Windows NT 10.0; Win64; x64) AppleWebKit/537.36 (KHTML, like Gecko) Chrome/144.0.0.0 Safari/537.66"
184.160.118.171 - - [29/Jan/2026:04:23:20 -0500] "GET /core/js/gdprJs.php HTTP/1.1" 200 1238 "https://porn.tw/video/elizabeth-gilbert-cam-solo-play-to-creamy-finish-show-3266.html" "Mozilla/5.0 (Windows NT 10.0; Win64; x64) AppleWebKit/537.36 (KHTML, like Gecko) Chrome/144.0.0.0 Safari/537.66"
184.160.118.171 - - [29/Jan/2026:04:23:20 -0500] "GET /media/thumbs/1/1/1/6/8/11168163652cc815.mp4/11168163652cc815.mp4-8.jpg HTTP/1.1" 200 12182 "https://porn.tw/video/elizabeth-gilbert-cam-solo-play-to-creamy-finish-show-3266.html" "Mozilla/5.0 (Windows NT 10.0; Win64; x64) AppleWebKit/537.36 (KHTML, like Gecko) Chrome/144.0.0.0 Safari/537.66"
184.160.118.171 - - [29/Jan/2026:04:23:20 -0500] "GET /media/thumbs/7/6/8/3/5/768351882a1956.mp4/vtt_020.jpg HTTP/1.1" 200 7036 "https://porn.tw/video/elizabeth-gilbert-cam-solo-play-to-creamy-finish-show-3266.html" "Mozilla/5.0 (Windows NT 10.0; Win64; x64) AppleWebKit/537.36 (KHTML, like Gecko) Chrome/144.0.0.0 Safari/537.66"
184.160.118.171 - - [29/Jan/2026:04:23:20 -0500] "GET /media/thumbs/1/1/1/6/8/11168125c0d6448e.mp4/11168125c0d6448e.mp4-8.jpg HTTP/1.1" 200 12143 "https://porn.tw/video/elizabeth-gilbert-cam-solo-play-to-creamy-finish-show-3266.html" "Mozilla/5.0 (Windows NT 10.0; Win64; x64) AppleWebKit/537.36 (KHTML, like Gecko) Chrome/144.0.0.0 Safari/537.66"
184.160.118.171 - - [29/Jan/2026:04:23:20 -0500] "GET /media/thumbs/1/1/6/7/a/1167a2dbb72f625.mp4/1167a2dbb72f625.mp4-6.jpg HTTP/1.1" 200 11637 "https://porn.tw/video/elizabeth-gilbert-cam-solo-play-to-creamy-finish-show-3266.html" "Mozilla/5.0 (Windows NT 10.0; Win64; x64) AppleWebKit/537.36 (KHTML, like Gecko) Chrome/144.0.0.0 Safari/537.66"
184.160.118.171 - - [29/Jan/2026:04:23:20 -0500] "GET /media/thumbs/3/6/8/2/d/3682dcf11b5e0c.mp4/3682dcf11b5e0c.mp4-3.jpg HTTP/1.1" 200 11299 "https://porn.tw/video/elizabeth-gilbert-cam-solo-play-to-creamy-finish-show-3266.html" "Mozilla/5.0 (Windows NT 10.0; Win64; x64) AppleWebKit/537.36 (KHTML, like Gecko) Chrome/144.0.0.0 Safari/537.66"
184.160.118.171 - - [29/Jan/2026:04:23:20 -0500] "GET /media/thumbs/1/1/6/8/0/116807544393efd.mp4/116807544393efd.mp4-3.jpg HTTP/1.1" 200 10289 "https://porn.tw/video/elizabeth-gilbert-cam-solo-play-to-creamy-finish-show-3266.html" "Mozilla/5.0 (Windows NT 10.0; Win64; x64) AppleWebKit/537.36 (KHTML, like Gecko) Chrome/144.0.0.0 Safari/537.66"
184.160.118.171 - - [29/Jan/2026:04:23:20 -0500] "GET /templates/default_tube2019/template.ajax_comments.php?id=3266&type=0&loaded=0&time=1769678601010 HTTP/1.1" 200 133 "https://porn.tw/video/elizabeth-gilbert-cam-solo-play-to-creamy-finish-show-3266.html" "Mozilla/5.0 (Windows NT 10.0; Win64; x64) AppleWebKit/537.36 (KHTML, like Gecko) Chrome/144.0.0.0 Safari/537.66"
184.160.118.171 - - [29/Jan/2026:04:23:20 -0500] "GET /media/thumbs/1/1/1/6/8/111681f764fb1d2f.mp4/111681f764fb1d2f.mp4-4.jpg HTTP/1.1" 200 12426 "https://porn.tw/video/elizabeth-gilbert-cam-solo-play-to-creamy-finish-show-3266.html" "Mozilla/5.0 (Windows NT 10.0; Win64; x64) AppleWebKit/537.36 (KHTML, like Gecko) Chrome/144.0.0.0 Safari/537.66"
184.160.118.171 - - [29/Jan/2026:04:23:20 -0500] "GET /media/thumbs/1/0/6/6/8/10668066e8b0f3c4.mp4/10668066e8b0f3c4.mp4-3.jpg HTTP/1.1" 200 8758 "https://porn.tw/video/elizabeth-gilbert-cam-solo-play-to-creamy-finish-show-3266.html" "Mozilla/5.0 (Windows NT 10.0; Win64; x64) AppleWebKit/537.36 (KHTML, like Gecko) Chrome/144.0.0.0 Safari/537.66"
184.160.118.171 - - [29/Jan/2026:04:23:20 -0500] "GET /media/thumbs/1/9/6/8/0/19680a1374a97d9.mp4/19680a1374a97d9.mp4-3.jpg HTTP/1.1" 200 13301 "https://porn.tw/video/elizabeth-gilbert-cam-solo-play-to-creamy-finish-show-3266.html" "Mozilla/5.0 (Windows NT 10.0; Win64; x64) AppleWebKit/537.36 (KHTML, like Gecko) Chrome/144.0.0.0 Safari/537.66"
184.160.118.171 - - [29/Jan/2026:04:23:20 -0500] "GET /media/thumbs/1/0/6/6/8/1066809a4b50d9ac.mp4/1066809a4b50d9ac.mp4-8.jpg HTTP/1.1" 200 9762 "https://porn.tw/video/elizabeth-gilbert-cam-solo-play-to-creamy-finish-show-3266.html" "Mozilla/5.0 (Windows NT 10.0; Win64; x64) AppleWebKit/537.36 (KHTML, like Gecko) Chrome/144.0.0.0 Safari/537.66"
184.160.118.171 - - [29/Jan/2026:04:23:20 -0500] "GET /media/thumbs/7/6/8/1/3/7681308931cf8e.mp4/7681308931cf8e.mp4-8.jpg HTTP/1.1" 200 13465 "https://porn.tw/video/elizabeth-gilbert-cam-solo-play-to-creamy-finish-show-3266.html" "Mozilla/5.0 (Windows NT 10.0; Win64; x64) AppleWebKit/537.36 (KHTML, like Gecko) Chrome/144.0.0.0 Safari/537.66"
184.160.118.171 - - [29/Jan/2026:04:23:20 -0500] "GET /media/thumbs/1/1/1/6/8/1116818b56e4cbd8.mp4/1116818b56e4cbd8.mp4-5.jpg HTTP/1.1" 200 9563 "https://porn.tw/video/elizabeth-gilbert-cam-solo-play-to-creamy-finish-show-3266.html" "Mozilla/5.0 (Windows NT 10.0; Win64; x64) AppleWebKit/537.36 (KHTML, like Gecko) Chrome/144.0.0.0 Safari/537.66"
184.160.118.171 - - [29/Jan/2026:04:23:20 -0500] "GET /media/thumbs/1/0/4/6/7/10467f9679cd0b61.mp4/10467f9679cd0b61.mp4-3.jpg HTTP/1.1" 200 8395 "https://porn.tw/video/elizabeth-gilbert-cam-solo-play-to-creamy-finish-show-3266.html" "Mozilla/5.0 (Windows NT 10.0; Win64; x64) AppleWebKit/537.36 (KHTML, like Gecko) Chrome/144.0.0.0 Safari/537.66"
184.160.118.171 - - [29/Jan/2026:04:23:20 -0500] "GET /media/thumbs/1/0/4/6/8/10468158736b41e9.mp4/10468158736b41e9.mp4-3.jpg HTTP/1.1" 200 11734 "https://porn.tw/video/elizabeth-gilbert-cam-solo-play-to-creamy-finish-show-3266.html" "Mozilla/5.0 (Windows NT 10.0; Win64; x64) AppleWebKit/537.36 (KHTML, like Gecko) Chrome/144.0.0.0 Safari/537.66"
184.160.118.171 - - [29/Jan/2026:04:23:20 -0500] "GET /media/thumbs/9/6/8/3/3/96833490ef359d.mp4/96833490ef359d.mp4-3.jpg HTTP/1.1" 200 10543 "https://porn.tw/video/elizabeth-gilbert-cam-solo-play-to-creamy-finish-show-3266.html" "Mozilla/5.0 (Windows NT 10.0; Win64; x64) AppleWebKit/537.36 (KHTML, like Gecko) Chrome/144.0.0.0 Safari/537.66"
184.160.118.171 - - [29/Jan/2026:04:23:20 -0500] "GET /media/thumbs/9/6/8/1/8/968189838e16cb.mp4/968189838e16cb.mp4-8.jpg HTTP/1.1" 200 9945 "https://porn.tw/video/elizabeth-gilbert-cam-solo-play-to-creamy-finish-show-3266.html" "Mozilla/5.0 (Windows NT 10.0; Win64; x64) AppleWebKit/537.36 (KHTML, like Gecko) Chrome/144.0.0.0 Safari/537.66"
98.63.199.239 - - [29/Jan/2026:04:23:20 -0500] "GET /media/thumbs/7/6/5/a/e/765ae234da936f.mp4/765ae234da936f.mp4-5.jpg HTTP/1.1" 200 7793 "https://porn.tw/video/sussanwhite-latina-masturbates-her-ass-with-her-glass-dildo-558.html" "Mozilla/5.0 (iPhone; CPU iPhone OS 18_7 like Mac OS X) AppleWebKit/605.1.15 (KHTML, like Gecko) Version/26.2 Mobile/15E148 Safari/604.1"
184.160.118.171 - - [29/Jan/2026:04:23:20 -0500] "GET /webvtt/3266.vtt HTTP/1.1" 200 6183 "https://porn.tw/video/elizabeth-gilbert-cam-solo-play-to-creamy-finish-show-3266.html" "Mozilla/5.0 (Windows NT 10.0; Win64; x64) AppleWebKit/537.36 (KHTML, like Gecko) Chrome/144.0.0.0 Safari/537.66"
98.63.199.239 - - [29/Jan/2026:04:23:20 -0500] "GET /video/sammyroberts-colombian-porn-562.html HTTP/1.1" 200 53199 "https://porn.tw/video/sussanwhite-latina-masturbates-her-ass-with-her-glass-dildo-558.html" "Mozilla/5.0 (iPhone; CPU iPhone OS 18_7 like Mac OS X) AppleWebKit/605.1.15 (KHTML, like Gecko) Version/26.2 Mobile/15E148 Safari/604.1"
98.63.199.239 - - [29/Jan/2026:04:23:20 -0500] "GET /media/thumbs/7/6/5/a/e/765ae234da936f.mp4/vtt_005.jpg HTTP/1.1" 200 8207 "https://porn.tw/video/sammyroberts-colombian-porn-562.html" "Mozilla/5.0 (iPhone; CPU iPhone OS 18_7 like Mac OS X) AppleWebKit/605.1.15 (KHTML, like Gecko) Version/26.2 Mobile/15E148 Safari/604.1"
98.63.199.239 - - [29/Jan/2026:04:23:20 -0500] "GET /media/thumbs/7/6/5/a/e/765ae234da936f.mp4/vtt_010.jpg HTTP/1.1" 200 7185 "https://porn.tw/video/sammyroberts-colombian-porn-562.html" "Mozilla/5.0 (iPhone; CPU iPhone OS 18_7 like Mac OS X) AppleWebKit/605.1.15 (KHTML, like Gecko) Version/26.2 Mobile/15E148 Safari/604.1"
98.63.199.239 - - [29/Jan/2026:04:23:21 -0500] "GET /media/thumbs/7/6/5/a/e/765ae234da936f.mp4/765ae234da936f.mp4-1b.jpg HTTP/1.1" 200 71272 "https://porn.tw/video/sammyroberts-colombian-porn-562.html" "Mozilla/5.0 (iPhone; CPU iPhone OS 18_7 like Mac OS X) AppleWebKit/605.1.15 (KHTML, like Gecko) Version/26.2 Mobile/15E148 Safari/604.1"
98.63.199.239 - - [29/Jan/2026:04:23:21 -0500] "GET /media/thumbs/3/6/5/8/2/3658284ecb2fd7.mp4/3658284ecb2fd7.mp4-7.jpg HTTP/1.1" 200 13688 "https://porn.tw/video/sammyroberts-colombian-porn-562.html" "Mozilla/5.0 (iPhone; CPU iPhone OS 18_7 like Mac OS X) AppleWebKit/605.1.15 (KHTML, like Gecko) Version/26.2 Mobile/15E148 Safari/604.1"
98.63.199.239 - - [29/Jan/2026:04:23:21 -0500] "GET /webvtt/562.vtt HTTP/1.1" 200 5803 "https://porn.tw/video/sammyroberts-colombian-porn-562.html" "Mozilla/5.0 (iPhone; CPU iPhone OS 18_7 like Mac OS X) AppleWebKit/605.1.15 (KHTML, like Gecko) Version/26.2 Mobile/15E148 Safari/604.1"
98.63.199.239 - - [29/Jan/2026:04:23:21 -0500] "GET /core/js/gdprJs.php HTTP/1.1" 200 1238 "https://porn.tw/video/sammyroberts-colombian-porn-562.html" "Mozilla/5.0 (iPhone; CPU iPhone OS 18_7 like Mac OS X) AppleWebKit/605.1.15 (KHTML, like Gecko) Version/26.2 Mobile/15E148 Safari/604.1"
98.63.199.239 - - [29/Jan/2026:04:23:21 -0500] "GET /media/thumbs/7/6/5/a/e/765ae234da936f.mp4/vtt_020.jpg HTTP/1.1" 200 6923 "https://porn.tw/video/sammyroberts-colombian-porn-562.html" "Mozilla/5.0 (iPhone; CPU iPhone OS 18_7 like Mac OS X) AppleWebKit/605.1.15 (KHTML, like Gecko) Version/26.2 Mobile/15E148 Safari/604.1"
98.63.199.239 - - [29/Jan/2026:04:23:21 -0500] "GET /core/js/ageWarningJs.php HTTP/1.1" 200 1037 "https://porn.tw/video/sammyroberts-colombian-porn-562.html" "Mozilla/5.0 (iPhone; CPU iPhone OS 18_7 like Mac OS X) AppleWebKit/605.1.15 (KHTML, like Gecko) Version/26.2 Mobile/15E148 Safari/604.1"
98.63.199.239 - - [29/Jan/2026:04:23:21 -0500] "GET /media/videos/7/6/5/a/e/765ae234da936f.mp4 HTTP/1.1" 206 2 "https://porn.tw/video/sammyroberts-colombian-porn-562.html" "Mozilla/5.0 (iPhone; CPU iPhone OS 18_7 like Mac OS X) AppleWebKit/605.1.15 (KHTML, like Gecko) Version/26.2 Mobile/15E148 Safari/604.1"
98.63.199.239 - - [29/Jan/2026:04:23:21 -0500] "GET /media/thumbs/7/6/5/3/f/7653f417d7665f.mp4/7653f417d7665f.mp4-3.jpg HTTP/1.1" 200 13070 "https://porn.tw/video/sammyroberts-colombian-porn-562.html" "Mozilla/5.0 (iPhone; CPU iPhone OS 18_7 like Mac OS X) AppleWebKit/605.1.15 (KHTML, like Gecko) Version/26.2 Mobile/15E148 Safari/604.1"
98.63.199.239 - - [29/Jan/2026:04:23:21 -0500] "GET /media/thumbs/7/6/5/a/e/765ae234da936f.mp4/vtt_030.jpg HTTP/1.1" 200 8561 "https://porn.tw/video/sammyroberts-colombian-porn-562.html" "Mozilla/5.0 (iPhone; CPU iPhone OS 18_7 like Mac OS X) AppleWebKit/605.1.15 (KHTML, like Gecko) Version/26.2 Mobile/15E148 Safari/604.1"
98.63.199.239 - - [29/Jan/2026:04:23:21 -0500] "GET /media/thumbs/7/6/5/a/e/765ae234da936f.mp4/vtt_035.jpg HTTP/1.1" 200 6224 "https://porn.tw/video/sammyroberts-colombian-porn-562.html" "Mozilla/5.0 (iPhone; CPU iPhone OS 18_7 like Mac OS X) AppleWebKit/605.1.15 (KHTML, like Gecko) Version/26.2 Mobile/15E148 Safari/604.1"
98.63.199.239 - - [29/Jan/2026:04:23:21 -0500] "GET /media/thumbs/7/6/5/a/e/765ae234da936f.mp4/vtt_045.jpg HTTP/1.1" 200 8717 "https://porn.tw/video/sammyroberts-colombian-porn-562.html" "Mozilla/5.0 (iPhone; CPU iPhone OS 18_7 like Mac OS X) AppleWebKit/605.1.15 (KHTML, like Gecko) Version/26.2 Mobile/15E148 Safari/604.1"
98.63.199.239 - - [29/Jan/2026:04:23:21 -0500] "GET /media/thumbs/3/6/5/a/6/365a6270139cf9.mp4/365a6270139cf9.mp4-8.jpg HTTP/1.1" 200 10981 "https://porn.tw/video/sammyroberts-colombian-porn-562.html" "Mozilla/5.0 (iPhone; CPU iPhone OS 18_7 like Mac OS X) AppleWebKit/605.1.15 (KHTML, like Gecko) Version/26.2 Mobile/15E148 Safari/604.1"
98.63.199.239 - - [29/Jan/2026:04:23:21 -0500] "GET /media/thumbs/3/6/5/8/6/365864b33d2350.mp4/365864b33d2350.mp4-3.jpg HTTP/1.1" 200 8760 "https://porn.tw/video/sammyroberts-colombian-porn-562.html" "Mozilla/5.0 (iPhone; CPU iPhone OS 18_7 like Mac OS X) AppleWebKit/605.1.15 (KHTML, like Gecko) Version/26.2 Mobile/15E148 Safari/604.1"
98.63.199.239 - - [29/Jan/2026:04:23:21 -0500] "GET /media/thumbs/7/6/5/a/e/765ae234da936f.mp4/vtt_060.jpg HTTP/1.1" 200 8671 "https://porn.tw/video/sammyroberts-colombian-porn-562.html" "Mozilla/5.0 (iPhone; CPU iPhone OS 18_7 like Mac OS X) AppleWebKit/605.1.15 (KHTML, like Gecko) Version/26.2 Mobile/15E148 Safari/604.1"
98.63.199.239 - - [29/Jan/2026:04:23:21 -0500] "GET /media/thumbs/7/6/5/a/e/765ae234da936f.mp4/vtt_025.jpg HTTP/1.1" 200 7821 "https://porn.tw/video/sammyroberts-colombian-porn-562.html" "Mozilla/5.0 (iPhone; CPU iPhone OS 18_7 like Mac OS X) AppleWebKit/605.1.15 (KHTML, like Gecko) Version/26.2 Mobile/15E148 Safari/604.1"
98.63.199.239 - - [29/Jan/2026:04:23:21 -0500] "GET /media/thumbs/7/6/5/a/e/765ae234da936f.mp4/vtt_040.jpg HTTP/1.1" 200 7756 "https://porn.tw/video/sammyroberts-colombian-porn-562.html" "Mozilla/5.0 (iPhone; CPU iPhone OS 18_7 like Mac OS X) AppleWebKit/605.1.15 (KHTML, like Gecko) Version/26.2 Mobile/15E148 Safari/604.1"
98.63.199.239 - - [29/Jan/2026:04:23:21 -0500] "GET /media/thumbs/7/6/5/5/3/7655321fb9372b.mp4/7655321fb9372b.mp4-3.jpg HTTP/1.1" 200 11772 "https://porn.tw/video/sammyroberts-colombian-porn-562.html" "Mozilla/5.0 (iPhone; CPU iPhone OS 18_7 like Mac OS X) AppleWebKit/605.1.15 (KHTML, like Gecko) Version/26.2 Mobile/15E148 Safari/604.1"
98.63.199.239 - - [29/Jan/2026:04:23:21 -0500] "GET /media/thumbs/3/6/5/3/b/3653b4fec5ff27.mp4/3653b4fec5ff27.mp4-6.jpg HTTP/1.1" 200 9746 "https://porn.tw/video/sammyroberts-colombian-porn-562.html" "Mozilla/5.0 (iPhone; CPU iPhone OS 18_7 like Mac OS X) AppleWebKit/605.1.15 (KHTML, like Gecko) Version/26.2 Mobile/15E148 Safari/604.1"
98.63.199.239 - - [29/Jan/2026:04:23:21 -0500] "GET /media/thumbs/1/1/6/5/8/11658c85f41ce6a.mp4/11658c85f41ce6a.mp4-6.jpg HTTP/1.1" 200 11556 "https://porn.tw/video/sammyroberts-colombian-porn-562.html" "Mozilla/5.0 (iPhone; CPU iPhone OS 18_7 like Mac OS X) AppleWebKit/605.1.15 (KHTML, like Gecko) Version/26.2 Mobile/15E148 Safari/604.1"
98.63.199.239 - - [29/Jan/2026:04:23:21 -0500] "GET /media/thumbs/7/6/5/a/e/765ae234da936f.mp4/vtt_055.jpg HTTP/1.1" 200 7995 "https://porn.tw/video/sammyroberts-colombian-porn-562.html" "Mozilla/5.0 (iPhone; CPU iPhone OS 18_7 like Mac OS X) AppleWebKit/605.1.15 (KHTML, like Gecko) Version/26.2 Mobile/15E148 Safari/604.1"
98.63.199.239 - - [29/Jan/2026:04:23:21 -0500] "GET /templates/default_tube2019/template.ajax_comments.php?id=562&type=0&loaded=0&time=1769678601205 HTTP/1.1" 200 133 "https://porn.tw/video/sammyroberts-colombian-porn-562.html" "Mozilla/5.0 (iPhone; CPU iPhone OS 18_7 like Mac OS X) AppleWebKit/605.1.15 (KHTML, like Gecko) Version/26.2 Mobile/15E148 Safari/604.1"
98.63.199.239 - - [29/Jan/2026:04:23:21 -0500] "GET /media/thumbs/7/6/5/a/e/765ae234da936f.mp4/vtt_015.jpg HTTP/1.1" 200 7595 "https://porn.tw/video/sammyroberts-colombian-porn-562.html" "Mozilla/5.0 (iPhone; CPU iPhone OS 18_7 like Mac OS X) AppleWebKit/605.1.15 (KHTML, like Gecko) Version/26.2 Mobile/15E148 Safari/604.1"
98.63.199.239 - - [29/Jan/2026:04:23:21 -0500] "GET /media/thumbs/7/6/5/a/e/765ae234da936f.mp4/vtt_050.jpg HTTP/1.1" 200 8489 "https://porn.tw/video/sammyroberts-colombian-porn-562.html" "Mozilla/5.0 (iPhone; CPU iPhone OS 18_7 like Mac OS X) AppleWebKit/605.1.15 (KHTML, like Gecko) Version/26.2 Mobile/15E148 Safari/604.1"
98.63.199.239 - - [29/Jan/2026:04:23:21 -0500] "GET /media/thumbs/7/6/5/4/8/765486d3615089.mp4/765486d3615089.mp4-3.jpg HTTP/1.1" 200 13018 "https://porn.tw/video/sammyroberts-colombian-porn-562.html" "Mozilla/5.0 (iPhone; CPU iPhone OS 18_7 like Mac OS X) AppleWebKit/605.1.15 (KHTML, like Gecko) Version/26.2 Mobile/15E148 Safari/604.1"
98.63.199.239 - - [29/Jan/2026:04:23:21 -0500] "GET /media/videos/7/6/5/a/e/765ae234da936f.mp4 HTTP/1.1" 206 375439288 "https://porn.tw/video/sammyroberts-colombian-porn-562.html" "Mozilla/5.0 (iPhone; CPU iPhone OS 18_7 like Mac OS X) AppleWebKit/605.1.15 (KHTML, like Gecko) Version/26.2 Mobile/15E148 Safari/604.1"
98.63.199.239 - - [29/Jan/2026:04:23:21 -0500] "GET /media/videos/7/6/5/a/e/765ae234da936f.mp4 HTTP/1.1" 206 114616 "https://porn.tw/video/sammyroberts-colombian-porn-562.html" "Mozilla/5.0 (iPhone; CPU iPhone OS 18_7 like Mac OS X) AppleWebKit/605.1.15 (KHTML, like Gecko) Version/26.2 Mobile/15E148 Safari/604.1"
98.63.199.239 - - [29/Jan/2026:04:23:21 -0500] "GET /media/thumbs/7/6/5/8/f/7658fbe88e05e1.mp4/7658fbe88e05e1.mp4-3.jpg HTTP/1.1" 200 10490 "https://porn.tw/video/sammyroberts-colombian-porn-562.html" "Mozilla/5.0 (iPhone; CPU iPhone OS 18_7 like Mac OS X) AppleWebKit/605.1.15 (KHTML, like Gecko) Version/26.2 Mobile/15E148 Safari/604.1"
98.63.199.239 - - [29/Jan/2026:04:23:21 -0500] "GET /media/thumbs/7/6/5/5/4/765545c9291f70.mp4/765545c9291f70.mp4-8.jpg HTTP/1.1" 200 8843 "https://porn.tw/video/sammyroberts-colombian-porn-562.html" "Mozilla/5.0 (iPhone; CPU iPhone OS 18_7 like Mac OS X) AppleWebKit/605.1.15 (KHTML, like Gecko) Version/26.2 Mobile/15E148 Safari/604.1"
184.160.118.171 - - [29/Jan/2026:04:23:20 -0500] "GET /media/videos/7/6/8/3/5/768351882a1956.mp4 HTTP/1.1" 206 485397686 "https://porn.tw/video/elizabeth-gilbert-cam-solo-play-to-creamy-finish-show-3266.html" "Mozilla/5.0 (Windows NT 10.0; Win64; x64) AppleWebKit/537.36 (KHTML, like Gecko) Chrome/144.0.0.0 Safari/537.66"
217.113.194.78 - - [29/Jan/2026:04:23:22 -0500] "GET /search/shaved-pussy/views/page2.html HTTP/1.1" 200 73696 "-" "Mozilla/5.0 (compatible; Barkrowler/0.9; +https://babbar.tech/crawler)"
184.160.118.171 - - [29/Jan/2026:04:23:22 -0500] "GET /media/thumbs/7/6/8/3/5/768351882a1956.mp4/vtt_065.jpg HTTP/1.1" 200 2847 "https://porn.tw/video/elizabeth-gilbert-cam-solo-play-to-creamy-finish-show-3266.html" "Mozilla/5.0 (Windows NT 10.0; Win64; x64) AppleWebKit/537.36 (KHTML, like Gecko) Chrome/144.0.0.0 Safari/537.66"
98.63.199.239 - - [29/Jan/2026:04:23:22 -0500] "GET /media/videos/7/6/5/a/e/765ae234da936f.mp4 HTTP/1.1" 206 16630 "https://porn.tw/video/sammyroberts-colombian-porn-562.html" "Mozilla/5.0 (iPhone; CPU iPhone OS 18_7 like Mac OS X) AppleWebKit/605.1.15 (KHTML, like Gecko) Version/26.2 Mobile/15E148 Safari/604.1"
184.160.118.171 - - [29/Jan/2026:04:23:22 -0500] "GET /media/thumbs/7/6/8/3/5/768351882a1956.mp4/vtt_064.jpg HTTP/1.1" 200 1156 "https://porn.tw/video/elizabeth-gilbert-cam-solo-play-to-creamy-finish-show-3266.html" "Mozilla/5.0 (Windows NT 10.0; Win64; x64) AppleWebKit/537.36 (KHTML, like Gecko) Chrome/144.0.0.0 Safari/537.66"
184.160.118.171 - - [29/Jan/2026:04:23:22 -0500] "GET /media/thumbs/7/6/8/3/5/768351882a1956.mp4/vtt_063.jpg HTTP/1.1" 200 7074 "https://porn.tw/video/elizabeth-gilbert-cam-solo-play-to-creamy-finish-show-3266.html" "Mozilla/5.0 (Windows NT 10.0; Win64; x64) AppleWebKit/537.36 (KHTML, like Gecko) Chrome/144.0.0.0 Safari/537.66"
184.160.118.171 - - [29/Jan/2026:04:23:22 -0500] "GET /media/thumbs/7/6/8/3/5/768351882a1956.mp4/vtt_062.jpg HTTP/1.1" 200 6639 "https://porn.tw/video/elizabeth-gilbert-cam-solo-play-to-creamy-finish-show-3266.html" "Mozilla/5.0 (Windows NT 10.0; Win64; x64) AppleWebKit/537.36 (KHTML, like Gecko) Chrome/144.0.0.0 Safari/537.66"
98.63.199.239 - - [29/Jan/2026:04:23:22 -0500] "GET /templates/default_tube2019/iimages/touch/apple-touch-icon.png HTTP/1.1" 404 6804 "https://porn.tw/video/sammyroberts-colombian-porn-562.html" "Mozilla/5.0 (iPhone; CPU iPhone OS 18_7 like Mac OS X) AppleWebKit/605.1.15 (KHTML, like Gecko) Version/26.2 Mobile/15E148 Safari/604.1"
98.63.199.239 - - [29/Jan/2026:04:23:22 -0500] "GET /media/videos/7/6/5/a/e/765ae234da936f.mp4 HTTP/1.1" 206 375308601 "https://porn.tw/video/sammyroberts-colombian-porn-562.html" "Mozilla/5.0 (iPhone; CPU iPhone OS 18_7 like Mac OS X) AppleWebKit/605.1.15 (KHTML, like Gecko) Version/26.2 Mobile/15E148 Safari/604.1"
184.160.118.171 - - [29/Jan/2026:04:23:25 -0500] "GET /media/thumbs/1/1/1/6/8/11168125c0d6448e.mp4/11168125c0d6448e.mp4-9.jpg HTTP/1.1" 200 12333 "https://porn.tw/video/elizabeth-gilbert-cam-solo-play-to-creamy-finish-show-3266.html" "Mozilla/5.0 (Windows NT 10.0; Win64; x64) AppleWebKit/537.36 (KHTML, like Gecko) Chrome/144.0.0.0 Safari/537.66"
184.160.118.171 - - [29/Jan/2026:04:23:25 -0500] "GET /media/thumbs/1/1/1/6/8/111681f764fb1d2f.mp4/111681f764fb1d2f.mp4-5.jpg HTTP/1.1" 200 12684 "https://porn.tw/video/elizabeth-gilbert-cam-solo-play-to-creamy-finish-show-3266.html" "Mozilla/5.0 (Windows NT 10.0; Win64; x64) AppleWebKit/537.36 (KHTML, like Gecko) Chrome/144.0.0.0 Safari/537.66"
217.113.194.217 - - [29/Jan/2026:04:23:26 -0500] "GET /search/big-ass-webcam/newest/page4.html HTTP/1.1" 200 75943 "-" "Mozilla/5.0 (compatible; Barkrowler/0.9; +https://babbar.tech/crawler)"
98.63.199.239 - - [29/Jan/2026:04:23:33 -0500] "GET /media/videos/7/6/5/a/e/765ae234da936f.mp4 HTTP/1.1" 206 65536 "https://porn.tw/video/sammyroberts-colombian-porn-562.html" "Mozilla/5.0 (iPhone; CPU iPhone OS 18_7 like Mac OS X) AppleWebKit/605.1.15 (KHTML, like Gecko) Version/26.2 Mobile/15E148 Safari/604.1"
98.63.199.239 - - [29/Jan/2026:04:23:33 -0500] "GET /media/videos/7/6/5/a/e/765ae234da936f.mp4 HTTP/1.1" 206 331874304 "https://porn.tw/video/sammyroberts-colombian-porn-562.html" "Mozilla/5.0 (iPhone; CPU iPhone OS 18_7 like Mac OS X) AppleWebKit/605.1.15 (KHTML, like Gecko) Version/26.2 Mobile/15E148 Safari/604.1"
98.63.199.239 - - [29/Jan/2026:04:23:33 -0500] "GET /media/videos/7/6/5/a/e/765ae234da936f.mp4 HTTP/1.1" 206 65536 "https://porn.tw/video/sammyroberts-colombian-porn-562.html" "Mozilla/5.0 (iPhone; CPU iPhone OS 18_7 like Mac OS X) AppleWebKit/605.1.15 (KHTML, like Gecko) Version/26.2 Mobile/15E148 Safari/604.1"
98.63.199.239 - - [29/Jan/2026:04:23:33 -0500] "GET /media/videos/7/6/5/a/e/765ae234da936f.mp4 HTTP/1.1" 206 65536 "https://porn.tw/video/sammyroberts-colombian-porn-562.html" "Mozilla/5.0 (iPhone; CPU iPhone OS 18_7 like Mac OS X) AppleWebKit/605.1.15 (KHTML, like Gecko) Version/26.2 Mobile/15E148 Safari/604.1"
98.63.199.239 - - [29/Jan/2026:04:23:34 -0500] "GET /media/videos/7/6/5/a/e/765ae234da936f.mp4 HTTP/1.1" 206 65536 "https://porn.tw/video/sammyroberts-colombian-porn-562.html" "Mozilla/5.0 (iPhone; CPU iPhone OS 18_7 like Mac OS X) AppleWebKit/605.1.15 (KHTML, like Gecko) Version/26.2 Mobile/15E148 Safari/604.1"
98.63.199.239 - - [29/Jan/2026:04:23:34 -0500] "GET /media/videos/7/6/5/a/e/765ae234da936f.mp4 HTTP/1.1" 206 65536 "https://porn.tw/video/sammyroberts-colombian-porn-562.html" "Mozilla/5.0 (iPhone; CPU iPhone OS 18_7 like Mac OS X) AppleWebKit/605.1.15 (KHTML, like Gecko) Version/26.2 Mobile/15E148 Safari/604.1"
98.63.199.239 - - [29/Jan/2026:04:23:34 -0500] "GET /media/videos/7/6/5/a/e/765ae234da936f.mp4 HTTP/1.1" 206 7733248 "https://porn.tw/video/sammyroberts-colombian-porn-562.html" "Mozilla/5.0 (iPhone; CPU iPhone OS 18_7 like Mac OS X) AppleWebKit/605.1.15 (KHTML, like Gecko) Version/26.2 Mobile/15E148 Safari/604.1"
98.63.199.239 - - [29/Jan/2026:04:23:34 -0500] "GET /media/videos/7/6/5/a/e/765ae234da936f.mp4 HTTP/1.1" 206 65536 "https://porn.tw/video/sammyroberts-colombian-porn-562.html" "Mozilla/5.0 (iPhone; CPU iPhone OS 18_7 like Mac OS X) AppleWebKit/605.1.15 (KHTML, like Gecko) Version/26.2 Mobile/15E148 Safari/604.1"
98.63.199.239 - - [29/Jan/2026:04:23:34 -0500] "GET /media/videos/7/6/5/a/e/765ae234da936f.mp4 HTTP/1.1" 206 65536 "https://porn.tw/video/sammyroberts-colombian-porn-562.html" "Mozilla/5.0 (iPhone; CPU iPhone OS 18_7 like Mac OS X) AppleWebKit/605.1.15 (KHTML, like Gecko) Version/26.2 Mobile/15E148 Safari/604.1"
98.63.199.239 - - [29/Jan/2026:04:23:35 -0500] "GET /media/videos/7/6/5/a/e/765ae234da936f.mp4 HTTP/1.1" 206 65536 "https://porn.tw/video/sammyroberts-colombian-porn-562.html" "Mozilla/5.0 (iPhone; CPU iPhone OS 18_7 like Mac OS X) AppleWebKit/605.1.15 (KHTML, like Gecko) Version/26.2 Mobile/15E148 Safari/604.1"
98.63.199.239 - - [29/Jan/2026:04:23:35 -0500] "GET /media/videos/7/6/5/a/e/765ae234da936f.mp4 HTTP/1.1" 206 307822592 "https://porn.tw/video/sammyroberts-colombian-porn-562.html" "Mozilla/5.0 (iPhone; CPU iPhone OS 18_7 like Mac OS X) AppleWebKit/605.1.15 (KHTML, like Gecko) Version/26.2 Mobile/15E148 Safari/604.1"
98.63.199.239 - - [29/Jan/2026:04:23:35 -0500] "GET /media/videos/7/6/5/a/e/765ae234da936f.mp4 HTTP/1.1" 206 65536 "https://porn.tw/video/sammyroberts-colombian-porn-562.html" "Mozilla/5.0 (iPhone; CPU iPhone OS 18_7 like Mac OS X) AppleWebKit/605.1.15 (KHTML, like Gecko) Version/26.2 Mobile/15E148 Safari/604.1"
98.63.199.239 - - [29/Jan/2026:04:23:35 -0500] "GET /media/videos/7/6/5/a/e/765ae234da936f.mp4 HTTP/1.1" 206 65536 "https://porn.tw/video/sammyroberts-colombian-porn-562.html" "Mozilla/5.0 (iPhone; CPU iPhone OS 18_7 like Mac OS X) AppleWebKit/605.1.15 (KHTML, like Gecko) Version/26.2 Mobile/15E148 Safari/604.1"
98.63.199.239 - - [29/Jan/2026:04:23:35 -0500] "GET /media/videos/7/6/5/a/e/765ae234da936f.mp4 HTTP/1.1" 206 4063232 "https://porn.tw/video/sammyroberts-colombian-porn-562.html" "Mozilla/5.0 (iPhone; CPU iPhone OS 18_7 like Mac OS X) AppleWebKit/605.1.15 (KHTML, like Gecko) Version/26.2 Mobile/15E148 Safari/604.1"
98.63.199.239 - - [29/Jan/2026:04:23:36 -0500] "GET /media/videos/7/6/5/a/e/765ae234da936f.mp4 HTTP/1.1" 206 65536 "https://porn.tw/video/sammyroberts-colombian-porn-562.html" "Mozilla/5.0 (iPhone; CPU iPhone OS 18_7 like Mac OS X) AppleWebKit/605.1.15 (KHTML, like Gecko) Version/26.2 Mobile/15E148 Safari/604.1"
98.63.199.239 - - [29/Jan/2026:04:23:36 -0500] "GET /media/videos/7/6/5/a/e/765ae234da936f.mp4 HTTP/1.1" 206 65536 "https://porn.tw/video/sammyroberts-colombian-porn-562.html" "Mozilla/5.0 (iPhone; CPU iPhone OS 18_7 like Mac OS X) AppleWebKit/605.1.15 (KHTML, like Gecko) Version/26.2 Mobile/15E148 Safari/604.1"
98.63.199.239 - - [29/Jan/2026:04:23:36 -0500] "GET /media/videos/7/6/5/a/e/765ae234da936f.mp4 HTTP/1.1" 206 65536 "https://porn.tw/video/sammyroberts-colombian-porn-562.html" "Mozilla/5.0 (iPhone; CPU iPhone OS 18_7 like Mac OS X) AppleWebKit/605.1.15 (KHTML, like Gecko) Version/26.2 Mobile/15E148 Safari/604.1"
98.63.199.239 - - [29/Jan/2026:04:23:36 -0500] "GET /media/videos/7/6/5/a/e/765ae234da936f.mp4 HTTP/1.1" 206 65536 "https://porn.tw/video/sammyroberts-colombian-porn-562.html" "Mozilla/5.0 (iPhone; CPU iPhone OS 18_7 like Mac OS X) AppleWebKit/605.1.15 (KHTML, like Gecko) Version/26.2 Mobile/15E148 Safari/604.1"
98.63.199.239 - - [29/Jan/2026:04:23:36 -0500] "GET /media/videos/7/6/5/a/e/765ae234da936f.mp4 HTTP/1.1" 206 65536 "https://porn.tw/video/sammyroberts-colombian-porn-562.html" "Mozilla/5.0 (iPhone; CPU iPhone OS 18_7 like Mac OS X) AppleWebKit/605.1.15 (KHTML, like Gecko) Version/26.2 Mobile/15E148 Safari/604.1"
