98.63.199.239 - - [29/Jan/2026:04:23:37 -0500] "GET /media/videos/7/6/5/a/e/765ae234da936f.mp4 HTTP/1.1" 206 65536 "https://porn.tw/video/sammyroberts-colombian-porn-562.html" "Mozilla/5.0 (iPhone; CPU iPhone OS 18_7 like Mac OS X) AppleWebKit/605.1.15 (KHTML, like Gecko) Version/26.2 Mobile/15E148 Safari/604.1"
98.63.199.239 - - [29/Jan/2026:04:23:37 -0500] "GET /media/videos/7/6/5/a/e/765ae234da936f.mp4 HTTP/1.1" 206 65536 "https://porn.tw/video/sammyroberts-colombian-porn-562.html" "Mozilla/5.0 (iPhone; CPU iPhone OS 18_7 like Mac OS X) AppleWebKit/605.1.15 (KHTML, like Gecko) Version/26.2 Mobile/15E148 Safari/604.1"
98.63.199.239 - - [29/Jan/2026:04:23:37 -0500] "GET /media/videos/7/6/5/a/e/765ae234da936f.mp4 HTTP/1.1" 206 65536 "https://porn.tw/video/sammyroberts-colombian-porn-562.html" "Mozilla/5.0 (iPhone; CPU iPhone OS 18_7 like Mac OS X) AppleWebKit/605.1.15 (KHTML, like Gecko) Version/26.2 Mobile/15E148 Safari/604.1"
114.119.159.129 - - [29/Jan/2026:04:23:37 -0500] "GET /action.php?action=reportVideo&id=817 HTTP/1.1" 200 3598 "https://porn.tw/video/nerdy-freyua-porn-817.html" "Mozilla/5.0 (Linux; Android 7.0;) AppleWebKit/537.36 (KHTML, like Gecko) Mobile Safari/537.36 (compatible; PetalBot;+https://webmaster.petalsearch.com/site/petalbot)"
217.113.194.74 - - [29/Jan/2026:04:23:37 -0500] "GET /search/goddesseos-live/views/page4.html HTTP/1.1" 200 75741 "-" "Mozilla/5.0 (compatible; Barkrowler/0.9; +https://babbar.tech/crawler)"
98.63.199.239 - - [29/Jan/2026:04:23:37 -0500] "GET /media/videos/7/6/5/a/e/765ae234da936f.mp4 HTTP/1.1" 206 49472 "https://porn.tw/video/sammyroberts-colombian-porn-562.html" "Mozilla/5.0 (iPhone; CPU iPhone OS 18_7 like Mac OS X) AppleWebKit/605.1.15 (KHTML, like Gecko) Version/26.2 Mobile/15E148 Safari/604.1"
98.63.199.239 - - [29/Jan/2026:04:23:37 -0500] "GET /media/videos/7/6/5/a/e/765ae234da936f.mp4 HTTP/1.1" 206 65536 "https://porn.tw/video/sammyroberts-colombian-porn-562.html" "Mozilla/5.0 (iPhone; CPU iPhone OS 18_7 like Mac OS X) AppleWebKit/605.1.15 (KHTML, like Gecko) Version/26.2 Mobile/15E148 Safari/604.1"
98.63.199.239 - - [29/Jan/2026:04:23:37 -0500] "GET /media/videos/7/6/5/a/e/765ae234da936f.mp4 HTTP/1.1" 206 65536 "https://porn.tw/video/sammyroberts-colombian-porn-562.html" "Mozilla/5.0 (iPhone; CPU iPhone OS 18_7 like Mac OS X) AppleWebKit/605.1.15 (KHTML, like Gecko) Version/26.2 Mobile/15E148 Safari/604.1"
98.63.199.239 - - [29/Jan/2026:04:23:37 -0500] "GET /media/videos/7/6/5/a/e/765ae234da936f.mp4 HTTP/1.1" 206 65536 "https://porn.tw/video/sammyroberts-colombian-porn-562.html" "Mozilla/5.0 (iPhone; CPU iPhone OS 18_7 like Mac OS X) AppleWebKit/605.1.15 (KHTML, like Gecko) Version/26.2 Mobile/15E148 Safari/604.1"
98.63.199.239 - - [29/Jan/2026:04:23:37 -0500] "GET /media/videos/7/6/5/a/e/765ae234da936f.mp4 HTTP/1.1" 206 327680 "https://porn.tw/video/sammyroberts-colombian-porn-562.html" "Mozilla/5.0 (iPhone; CPU iPhone OS 18_7 like Mac OS X) AppleWebKit/605.1.15 (KHTML, like Gecko) Version/26.2 Mobile/15E148 Safari/604.1"
98.63.199.239 - - [29/Jan/2026:04:23:37 -0500] "GET /media/videos/7/6/5/a/e/765ae234da936f.mp4 HTTP/1.1" 206 65536 "https://porn.tw/video/sammyroberts-colombian-porn-562.html" "Mozilla/5.0 (iPhone; CPU iPhone OS 18_7 like Mac OS X) AppleWebKit/605.1.15 (KHTML, like Gecko) Version/26.2 Mobile/15E148 Safari/604.1"
98.63.199.239 - - [29/Jan/2026:04:23:38 -0500] "GET /media/videos/7/6/5/a/e/765ae234da936f.mp4 HTTP/1.1" 206 65536 "https://porn.tw/video/sammyroberts-colombian-porn-562.html" "Mozilla/5.0 (iPhone; CPU iPhone OS 18_7 like Mac OS X) AppleWebKit/605.1.15 (KHTML, like Gecko) Version/26.2 Mobile/15E148 Safari/604.1"
98.63.199.239 - - [29/Jan/2026:04:23:38 -0500] "GET /media/videos/7/6/5/a/e/765ae234da936f.mp4 HTTP/1.1" 206 65536 "https://porn.tw/video/sammyroberts-colombian-porn-562.html" "Mozilla/5.0 (iPhone; CPU iPhone OS 18_7 like Mac OS X) AppleWebKit/605.1.15 (KHTML, like Gecko) Version/26.2 Mobile/15E148 Safari/604.1"
98.63.199.239 - - [29/Jan/2026:04:23:38 -0500] "GET /media/videos/7/6/5/a/e/765ae234da936f.mp4 HTTP/1.1" 206 131072 "https://porn.tw/video/sammyroberts-colombian-porn-562.html" "Mozilla/5.0 (iPhone; CPU iPhone OS 18_7 like Mac OS X) AppleWebKit/605.1.15 (KHTML, like Gecko) Version/26.2 Mobile/15E148 Safari/604.1"
98.63.199.239 - - [29/Jan/2026:04:23:38 -0500] "GET /media/videos/7/6/5/a/e/765ae234da936f.mp4 HTTP/1.1" 206 131072 "https://porn.tw/video/sammyroberts-colombian-porn-562.html" "Mozilla/5.0 (iPhone; CPU iPhone OS 18_7 like Mac OS X) AppleWebKit/605.1.15 (KHTML, like Gecko) Version/26.2 Mobile/15E148 Safari/604.1"
98.63.199.239 - - [29/Jan/2026:04:23:38 -0500] "GET /media/videos/7/6/5/a/e/765ae234da936f.mp4 HTTP/1.1" 206 65536 "https://porn.tw/video/sammyroberts-colombian-porn-562.html" "Mozilla/5.0 (iPhone; CPU iPhone OS 18_7 like Mac OS X) AppleWebKit/605.1.15 (KHTML, like Gecko) Version/26.2 Mobile/15E148 Safari/604.1"
98.63.199.239 - - [29/Jan/2026:04:23:38 -0500] "GET /media/videos/7/6/5/a/e/765ae234da936f.mp4 HTTP/1.1" 206 196608 "https://porn.tw/video/sammyroberts-colombian-porn-562.html" "Mozilla/5.0 (iPhone; CPU iPhone OS 18_7 like Mac OS X) AppleWebKit/605.1.15 (KHTML, like Gecko) Version/26.2 Mobile/15E148 Safari/604.1"
98.63.199.239 - - [29/Jan/2026:04:23:38 -0500] "GET /media/videos/7/6/5/a/e/765ae234da936f.mp4 HTTP/1.1" 206 65536 "https://porn.tw/video/sammyroberts-colombian-porn-562.html" "Mozilla/5.0 (iPhone; CPU iPhone OS 18_7 like Mac OS X) AppleWebKit/605.1.15 (KHTML, like Gecko) Version/26.2 Mobile/15E148 Safari/604.1"
98.63.199.239 - - [29/Jan/2026:04:23:38 -0500] "GET /media/videos/7/6/5/a/e/765ae234da936f.mp4 HTTP/1.1" 206 131072 "https://porn.tw/video/sammyroberts-colombian-porn-562.html" "Mozilla/5.0 (iPhone; CPU iPhone OS 18_7 like Mac OS X) AppleWebKit/605.1.15 (KHTML, like Gecko) Version/26.2 Mobile/15E148 Safari/604.1"
98.63.199.239 - - [29/Jan/2026:04:23:38 -0500] "GET /media/videos/7/6/5/a/e/765ae234da936f.mp4 HTTP/1.1" 206 65536 "https://porn.tw/video/sammyroberts-colombian-porn-562.html" "Mozilla/5.0 (iPhone; CPU iPhone OS 18_7 like Mac OS X) AppleWebKit/605.1.15 (KHTML, like Gecko) Version/26.2 Mobile/15E148 Safari/604.1"
98.63.199.239 - - [29/Jan/2026:04:23:38 -0500] "GET /media/videos/7/6/5/a/e/765ae234da936f.mp4 HTTP/1.1" 206 65536 "https://porn.tw/video/sammyroberts-colombian-porn-562.html" "Mozilla/5.0 (iPhone; CPU iPhone OS 18_7 like Mac OS X) AppleWebKit/605.1.15 (KHTML, like Gecko) Version/26.2 Mobile/15E148 Safari/604.1"
98.63.199.239 - - [29/Jan/2026:04:23:38 -0500] "GET /media/videos/7/6/5/a/e/765ae234da936f.mp4 HTTP/1.1" 206 65536 "https://porn.tw/video/sammyroberts-colombian-porn-562.html" "Mozilla/5.0 (iPhone; CPU iPhone OS 18_7 like Mac OS X) AppleWebKit/605.1.15 (KHTML, like Gecko) Version/26.2 Mobile/15E148 Safari/604.1"
98.63.199.239 - - [29/Jan/2026:04:23:38 -0500] "GET /media/videos/7/6/5/a/e/765ae234da936f.mp4 HTTP/1.1" 206 131072 "https://porn.tw/video/sammyroberts-colombian-porn-562.html" "Mozilla/5.0 (iPhone; CPU iPhone OS 18_7 like Mac OS X) AppleWebKit/605.1.15 (KHTML, like Gecko) Version/26.2 Mobile/15E148 Safari/604.1"
98.63.199.239 - - [29/Jan/2026:04:23:38 -0500] "GET /media/videos/7/6/5/a/e/765ae234da936f.mp4 HTTP/1.1" 206 65536 "https://porn.tw/video/sammyroberts-colombian-porn-562.html" "Mozilla/5.0 (iPhone; CPU iPhone OS 18_7 like Mac OS X) AppleWebKit/605.1.15 (KHTML, like Gecko) Version/26.2 Mobile/15E148 Safari/604.1"
98.63.199.239 - - [29/Jan/2026:04:23:38 -0500] "GET /media/videos/7/6/5/a/e/765ae234da936f.mp4 HTTP/1.1" 206 65536 "https://porn.tw/video/sammyroberts-colombian-porn-562.html" "Mozilla/5.0 (iPhone; CPU iPhone OS 18_7 like Mac OS X) AppleWebKit/605.1.15 (KHTML, like Gecko) Version/26.2 Mobile/15E148 Safari/604.1"
98.63.199.239 - - [29/Jan/2026:04:23:39 -0500] "GET /media/videos/7/6/5/a/e/765ae234da936f.mp4 HTTP/1.1" 206 65536 "https://porn.tw/video/sammyroberts-colombian-porn-562.html" "Mozilla/5.0 (iPhone; CPU iPhone OS 18_7 like Mac OS X) AppleWebKit/605.1.15 (KHTML, like Gecko) Version/26.2 Mobile/15E148 Safari/604.1"
98.63.199.239 - - [29/Jan/2026:04:23:39 -0500] "GET /media/videos/7/6/5/a/e/765ae234da936f.mp4 HTTP/1.1" 206 65536 "https://porn.tw/video/sammyroberts-colombian-porn-562.html" "Mozilla/5.0 (iPhone; CPU iPhone OS 18_7 like Mac OS X) AppleWebKit/605.1.15 (KHTML, like Gecko) Version/26.2 Mobile/15E148 Safari/604.1"
98.63.199.239 - - [29/Jan/2026:04:23:39 -0500] "GET /media/videos/7/6/5/a/e/765ae234da936f.mp4 HTTP/1.1" 206 65536 "https://porn.tw/video/sammyroberts-colombian-porn-562.html" "Mozilla/5.0 (iPhone; CPU iPhone OS 18_7 like Mac OS X) AppleWebKit/605.1.15 (KHTML, like Gecko) Version/26.2 Mobile/15E148 Safari/604.1"
98.63.199.239 - - [29/Jan/2026:04:23:39 -0500] "GET /media/videos/7/6/5/a/e/765ae234da936f.mp4 HTTP/1.1" 206 65536 "https://porn.tw/video/sammyroberts-colombian-porn-562.html" "Mozilla/5.0 (iPhone; CPU iPhone OS 18_7 like Mac OS X) AppleWebKit/605.1.15 (KHTML, like Gecko) Version/26.2 Mobile/15E148 Safari/604.1"
98.63.199.239 - - [29/Jan/2026:04:23:39 -0500] "GET /media/videos/7/6/5/a/e/765ae234da936f.mp4 HTTP/1.1" 206 65536 "https://porn.tw/video/sammyroberts-colombian-porn-562.html" "Mozilla/5.0 (iPhone; CPU iPhone OS 18_7 like Mac OS X) AppleWebKit/605.1.15 (KHTML, like Gecko) Version/26.2 Mobile/15E148 Safari/604.1"
98.63.199.239 - - [29/Jan/2026:04:23:39 -0500] "GET /media/videos/7/6/5/a/e/765ae234da936f.mp4 HTTP/1.1" 206 65536 "https://porn.tw/video/sammyroberts-colombian-porn-562.html" "Mozilla/5.0 (iPhone; CPU iPhone OS 18_7 like Mac OS X) AppleWebKit/605.1.15 (KHTML, like Gecko) Version/26.2 Mobile/15E148 Safari/604.1"
98.63.199.239 - - [29/Jan/2026:04:23:39 -0500] "GET /media/videos/7/6/5/a/e/765ae234da936f.mp4 HTTP/1.1" 206 65536 "https://porn.tw/video/sammyroberts-colombian-porn-562.html" "Mozilla/5.0 (iPhone; CPU iPhone OS 18_7 like Mac OS X) AppleWebKit/605.1.15 (KHTML, like Gecko) Version/26.2 Mobile/15E148 Safari/604.1"
98.63.199.239 - - [29/Jan/2026:04:23:39 -0500] "GET /media/videos/7/6/5/a/e/765ae234da936f.mp4 HTTP/1.1" 206 131072 "https://porn.tw/video/sammyroberts-colombian-porn-562.html" "Mozilla/5.0 (iPhone; CPU iPhone OS 18_7 like Mac OS X) AppleWebKit/605.1.15 (KHTML, like Gecko) Version/26.2 Mobile/15E148 Safari/604.1"
98.63.199.239 - - [29/Jan/2026:04:23:39 -0500] "GET /media/videos/7/6/5/a/e/765ae234da936f.mp4 HTTP/1.1" 206 65536 "https://porn.tw/video/sammyroberts-colombian-porn-562.html" "Mozilla/5.0 (iPhone; CPU iPhone OS 18_7 like Mac OS X) AppleWebKit/605.1.15 (KHTML, like Gecko) Version/26.2 Mobile/15E148 Safari/604.1"
98.63.199.239 - - [29/Jan/2026:04:23:39 -0500] "GET /media/videos/7/6/5/a/e/765ae234da936f.mp4 HTTP/1.1" 206 304349184 "https://porn.tw/video/sammyroberts-colombian-porn-562.html" "Mozilla/5.0 (iPhone; CPU iPhone OS 18_7 like Mac OS X) AppleWebKit/605.1.15 (KHTML, like Gecko) Version/26.2 Mobile/15E148 Safari/604.1"
98.63.199.239 - - [29/Jan/2026:04:23:40 -0500] "GET /media/videos/7/6/5/a/e/765ae234da936f.mp4 HTTP/1.1" 206 65536 "https://porn.tw/video/sammyroberts-colombian-porn-562.html" "Mozilla/5.0 (iPhone; CPU iPhone OS 18_7 like Mac OS X) AppleWebKit/605.1.15 (KHTML, like Gecko) Version/26.2 Mobile/15E148 Safari/604.1"
217.113.194.218 - - [29/Jan/2026:04:23:41 -0500] "GET /search/dripping-pussy-cam/page6.html HTTP/1.1" 200 78151 "-" "Mozilla/5.0 (compatible; Barkrowler/0.9; +https://babbar.tech/crawler)"
98.63.199.239 - - [29/Jan/2026:04:23:45 -0500] "GET /media/videos/7/6/5/a/e/765ae234da936f.mp4 HTTP/1.1" 206 65536 "https://porn.tw/video/sammyroberts-colombian-porn-562.html" "Mozilla/5.0 (iPhone; CPU iPhone OS 18_7 like Mac OS X) AppleWebKit/605.1.15 (KHTML, like Gecko) Version/26.2 Mobile/15E148 Safari/604.1"
220.181.108.80 - - [29/Jan/2026:04:23:46 -0500] "GET /search/blonde-babe/rating/page2.html HTTP/1.1" 403 - "-" "Mozilla/5.0 (compatible; Baiduspider/2.0; +http://www.baidu.com/search/spider.html)"
98.63.199.239 - - [29/Jan/2026:04:23:46 -0500] "GET /media/videos/7/6/5/a/e/765ae234da936f.mp4 HTTP/1.1" 206 65536 "https://porn.tw/video/sammyroberts-colombian-porn-562.html" "Mozilla/5.0 (iPhone; CPU iPhone OS 18_7 like Mac OS X) AppleWebKit/605.1.15 (KHTML, like Gecko) Version/26.2 Mobile/15E148 Safari/604.1"
98.63.199.239 - - [29/Jan/2026:04:23:46 -0500] "GET /media/videos/7/6/5/a/e/765ae234da936f.mp4 HTTP/1.1" 206 1048576 "https://porn.tw/video/sammyroberts-colombian-porn-562.html" "Mozilla/5.0 (iPhone; CPU iPhone OS 18_7 like Mac OS X) AppleWebKit/605.1.15 (KHTML, like Gecko) Version/26.2 Mobile/15E148 Safari/604.1"
98.63.199.239 - - [29/Jan/2026:04:23:46 -0500] "GET /media/videos/7/6/5/a/e/765ae234da936f.mp4 HTTP/1.1" 206 65536 "https://porn.tw/video/sammyroberts-colombian-porn-562.html" "Mozilla/5.0 (iPhone; CPU iPhone OS 18_7 like Mac OS X) AppleWebKit/605.1.15 (KHTML, like Gecko) Version/26.2 Mobile/15E148 Safari/604.1"
66.249.74.4 - - [29/Jan/2026:04:23:47 -0500] "GET /media/thumbs/3/6/7/4/5/367458cdfd5861.mp4/vtt_016.jpg HTTP/1.1" 200 5152 "-" "Googlebot-Image/1.0"
98.63.199.239 - - [29/Jan/2026:04:23:47 -0500] "GET /media/videos/7/6/5/a/e/765ae234da936f.mp4 HTTP/1.1" 206 271253504 "https://porn.tw/video/sammyroberts-colombian-porn-562.html" "Mozilla/5.0 (iPhone; CPU iPhone OS 18_7 like Mac OS X) AppleWebKit/605.1.15 (KHTML, like Gecko) Version/26.2 Mobile/15E148 Safari/604.1"
119.249.100.238 - - [29/Jan/2026:04:23:49 -0500] "GET /search/blonde-babe/rating/page2.html HTTP/1.1" 200 75365 "-" "Mozilla/5.0 (Windows NT 10.0; WOW64) AppleWebKit/537.36 (KHTML, like Gecko) Chrome/48.0.2564.116 Safari/537.36"
217.113.194.81 - - [29/Jan/2026:04:23:54 -0500] "GET /search/goddesseos-live/rating/page5.html HTTP/1.1" 200 64287 "-" "Mozilla/5.0 (compatible; Barkrowler/0.9; +https://babbar.tech/crawler)"
98.63.199.239 - - [29/Jan/2026:04:23:54 -0500] "GET /media/videos/7/6/5/a/e/765ae234da936f.mp4 HTTP/1.1" 206 248512512 "https://porn.tw/video/sammyroberts-colombian-porn-562.html" "Mozilla/5.0 (iPhone; CPU iPhone OS 18_7 like Mac OS X) AppleWebKit/605.1.15 (KHTML, like Gecko) Version/26.2 Mobile/15E148 Safari/604.1"
217.113.194.81 - - [29/Jan/2026:04:23:57 -0500] "GET /search/dripping-pussy-show/page8.html HTTP/1.1" 200 74006 "-" "Mozilla/5.0 (compatible; Barkrowler/0.9; +https://babbar.tech/crawler)"
98.63.199.239 - - [29/Jan/2026:04:23:57 -0500] "GET /media/videos/7/6/5/a/e/765ae234da936f.mp4 HTTP/1.1" 206 243924992 "https://porn.tw/video/sammyroberts-colombian-porn-562.html" "Mozilla/5.0 (iPhone; CPU iPhone OS 18_7 like Mac OS X) AppleWebKit/605.1.15 (KHTML, like Gecko) Version/26.2 Mobile/15E148 Safari/604.1"
98.63.199.239 - - [29/Jan/2026:04:24:00 -0500] "GET /media/videos/7/6/5/a/e/765ae234da936f.mp4 HTTP/1.1" 206 240189440 "https://porn.tw/video/sammyroberts-colombian-porn-562.html" "Mozilla/5.0 (iPhone; CPU iPhone OS 18_7 like Mac OS X) AppleWebKit/605.1.15 (KHTML, like Gecko) Version/26.2 Mobile/15E148 Safari/604.1"
98.63.199.239 - - [29/Jan/2026:04:24:04 -0500] "GET /media/videos/7/6/5/a/e/765ae234da936f.mp4 HTTP/1.1" 206 33089 "https://porn.tw/video/sammyroberts-colombian-porn-562.html" "Mozilla/5.0 (iPhone; CPU iPhone OS 18_7 like Mac OS X) AppleWebKit/605.1.15 (KHTML, like Gecko) Version/26.2 Mobile/15E148 Safari/604.1"
98.63.199.239 - - [29/Jan/2026:04:24:03 -0500] "GET /media/videos/7/6/5/a/e/765ae234da936f.mp4 HTTP/1.1" 206 231473152 "https://porn.tw/video/sammyroberts-colombian-porn-562.html" "Mozilla/5.0 (iPhone; CPU iPhone OS 18_7 like Mac OS X) AppleWebKit/605.1.15 (KHTML, like Gecko) Version/26.2 Mobile/15E148 Safari/604.1"
98.63.199.239 - - [29/Jan/2026:04:24:04 -0500] "GET /media/videos/7/6/5/a/e/765ae234da936f.mp4 HTTP/1.1" 206 65536 "https://porn.tw/video/sammyroberts-colombian-porn-562.html" "Mozilla/5.0 (iPhone; CPU iPhone OS 18_7 like Mac OS X) AppleWebKit/605.1.15 (KHTML, like Gecko) Version/26.2 Mobile/15E148 Safari/604.1"
98.63.199.239 - - [29/Jan/2026:04:24:04 -0500] "GET /media/videos/7/6/5/a/e/765ae234da936f.mp4 HTTP/1.1" 206 65536 "https://porn.tw/video/sammyroberts-colombian-porn-562.html" "Mozilla/5.0 (iPhone; CPU iPhone OS 18_7 like Mac OS X) AppleWebKit/605.1.15 (KHTML, like Gecko) Version/26.2 Mobile/15E148 Safari/604.1"
98.63.199.239 - - [29/Jan/2026:04:24:04 -0500] "GET /media/videos/7/6/5/a/e/765ae234da936f.mp4 HTTP/1.1" 206 65536 "https://porn.tw/video/sammyroberts-colombian-porn-562.html" "Mozilla/5.0 (iPhone; CPU iPhone OS 18_7 like Mac OS X) AppleWebKit/605.1.15 (KHTML, like Gecko) Version/26.2 Mobile/15E148 Safari/604.1"
98.63.199.239 - - [29/Jan/2026:04:24:04 -0500] "GET /media/videos/7/6/5/a/e/765ae234da936f.mp4 HTTP/1.1" 206 65536 "https://porn.tw/video/sammyroberts-colombian-porn-562.html" "Mozilla/5.0 (iPhone; CPU iPhone OS 18_7 like Mac OS X) AppleWebKit/605.1.15 (KHTML, like Gecko) Version/26.2 Mobile/15E148 Safari/604.1"
98.63.199.239 - - [29/Jan/2026:04:24:04 -0500] "GET /media/videos/7/6/5/a/e/765ae234da936f.mp4 HTTP/1.1" 206 65536 "https://porn.tw/video/sammyroberts-colombian-porn-562.html" "Mozilla/5.0 (iPhone; CPU iPhone OS 18_7 like Mac OS X) AppleWebKit/605.1.15 (KHTML, like Gecko) Version/26.2 Mobile/15E148 Safari/604.1"
98.63.199.239 - - [29/Jan/2026:04:24:04 -0500] "GET /media/videos/7/6/5/a/e/765ae234da936f.mp4 HTTP/1.1" 206 65536 "https://porn.tw/video/sammyroberts-colombian-porn-562.html" "Mozilla/5.0 (iPhone; CPU iPhone OS 18_7 like Mac OS X) AppleWebKit/605.1.15 (KHTML, like Gecko) Version/26.2 Mobile/15E148 Safari/604.1"
98.63.199.239 - - [29/Jan/2026:04:24:05 -0500] "GET /media/videos/7/6/5/a/e/765ae234da936f.mp4 HTTP/1.1" 206 65536 "https://porn.tw/video/sammyroberts-colombian-porn-562.html" "Mozilla/5.0 (iPhone; CPU iPhone OS 18_7 like Mac OS X) AppleWebKit/605.1.15 (KHTML, like Gecko) Version/26.2 Mobile/15E148 Safari/604.1"
98.63.199.239 - - [29/Jan/2026:04:24:05 -0500] "GET /media/videos/7/6/5/a/e/765ae234da936f.mp4 HTTP/1.1" 206 65536 "https://porn.tw/video/sammyroberts-colombian-porn-562.html" "Mozilla/5.0 (iPhone; CPU iPhone OS 18_7 like Mac OS X) AppleWebKit/605.1.15 (KHTML, like Gecko) Version/26.2 Mobile/15E148 Safari/604.1"
98.63.199.239 - - [29/Jan/2026:04:24:05 -0500] "GET /media/videos/7/6/5/a/e/765ae234da936f.mp4 HTTP/1.1" 206 65536 "https://porn.tw/video/sammyroberts-colombian-porn-562.html" "Mozilla/5.0 (iPhone; CPU iPhone OS 18_7 like Mac OS X) AppleWebKit/605.1.15 (KHTML, like Gecko) Version/26.2 Mobile/15E148 Safari/604.1"
98.63.199.239 - - [29/Jan/2026:04:24:05 -0500] "GET /media/videos/7/6/5/a/e/765ae234da936f.mp4 HTTP/1.1" 206 65536 "https://porn.tw/video/sammyroberts-colombian-porn-562.html" "Mozilla/5.0 (iPhone; CPU iPhone OS 18_7 like Mac OS X) AppleWebKit/605.1.15 (KHTML, like Gecko) Version/26.2 Mobile/15E148 Safari/604.1"
98.63.199.239 - - [29/Jan/2026:04:24:05 -0500] "GET /media/videos/7/6/5/a/e/765ae234da936f.mp4 HTTP/1.1" 206 1376256 "https://porn.tw/video/sammyroberts-colombian-porn-562.html" "Mozilla/5.0 (iPhone; CPU iPhone OS 18_7 like Mac OS X) AppleWebKit/605.1.15 (KHTML, like Gecko) Version/26.2 Mobile/15E148 Safari/604.1"
98.63.199.239 - - [29/Jan/2026:04:24:05 -0500] "GET /media/videos/7/6/5/a/e/765ae234da936f.mp4 HTTP/1.1" 206 65536 "https://porn.tw/video/sammyroberts-colombian-porn-562.html" "Mozilla/5.0 (iPhone; CPU iPhone OS 18_7 like Mac OS X) AppleWebKit/605.1.15 (KHTML, like Gecko) Version/26.2 Mobile/15E148 Safari/604.1"
98.63.199.239 - - [29/Jan/2026:04:24:06 -0500] "GET /media/videos/7/6/5/a/e/765ae234da936f.mp4 HTTP/1.1" 206 65536 "https://porn.tw/video/sammyroberts-colombian-porn-562.html" "Mozilla/5.0 (iPhone; CPU iPhone OS 18_7 like Mac OS X) AppleWebKit/605.1.15 (KHTML, like Gecko) Version/26.2 Mobile/15E148 Safari/604.1"
98.63.199.239 - - [29/Jan/2026:04:24:06 -0500] "GET /media/videos/7/6/5/a/e/765ae234da936f.mp4 HTTP/1.1" 206 65536 "https://porn.tw/video/sammyroberts-colombian-porn-562.html" "Mozilla/5.0 (iPhone; CPU iPhone OS 18_7 like Mac OS X) AppleWebKit/605.1.15 (KHTML, like Gecko) Version/26.2 Mobile/15E148 Safari/604.1"
98.63.199.239 - - [29/Jan/2026:04:24:06 -0500] "GET /media/videos/7/6/5/a/e/765ae234da936f.mp4 HTTP/1.1" 206 65536 "https://porn.tw/video/sammyroberts-colombian-porn-562.html" "Mozilla/5.0 (iPhone; CPU iPhone OS 18_7 like Mac OS X) AppleWebKit/605.1.15 (KHTML, like Gecko) Version/26.2 Mobile/15E148 Safari/604.1"
98.63.199.239 - - [29/Jan/2026:04:24:06 -0500] "GET /media/videos/7/6/5/a/e/765ae234da936f.mp4 HTTP/1.1" 206 225443840 "https://porn.tw/video/sammyroberts-colombian-porn-562.html" "Mozilla/5.0 (iPhone; CPU iPhone OS 18_7 like Mac OS X) AppleWebKit/605.1.15 (KHTML, like Gecko) Version/26.2 Mobile/15E148 Safari/604.1"
98.63.199.239 - - [29/Jan/2026:04:24:06 -0500] "GET /media/videos/7/6/5/a/e/765ae234da936f.mp4 HTTP/1.1" 206 65536 "https://porn.tw/video/sammyroberts-colombian-porn-562.html" "Mozilla/5.0 (iPhone; CPU iPhone OS 18_7 like Mac OS X) AppleWebKit/605.1.15 (KHTML, like Gecko) Version/26.2 Mobile/15E148 Safari/604.1"
98.63.199.239 - - [29/Jan/2026:04:24:07 -0500] "GET /media/videos/7/6/5/a/e/765ae234da936f.mp4 HTTP/1.1" 206 49473 "https://porn.tw/video/sammyroberts-colombian-porn-562.html" "Mozilla/5.0 (iPhone; CPU iPhone OS 18_7 like Mac OS X) AppleWebKit/605.1.15 (KHTML, like Gecko) Version/26.2 Mobile/15E148 Safari/604.1"
98.63.199.239 - - [29/Jan/2026:04:24:07 -0500] "GET /media/videos/7/6/5/a/e/765ae234da936f.mp4 HTTP/1.1" 206 65536 "https://porn.tw/video/sammyroberts-colombian-porn-562.html" "Mozilla/5.0 (iPhone; CPU iPhone OS 18_7 like Mac OS X) AppleWebKit/605.1.15 (KHTML, like Gecko) Version/26.2 Mobile/15E148 Safari/604.1"
98.63.199.239 - - [29/Jan/2026:04:24:07 -0500] "GET /media/videos/7/6/5/a/e/765ae234da936f.mp4 HTTP/1.1" 206 65536 "https://porn.tw/video/sammyroberts-colombian-porn-562.html" "Mozilla/5.0 (iPhone; CPU iPhone OS 18_7 like Mac OS X) AppleWebKit/605.1.15 (KHTML, like Gecko) Version/26.2 Mobile/15E148 Safari/604.1"
98.63.199.239 - - [29/Jan/2026:04:24:07 -0500] "GET /media/videos/7/6/5/a/e/765ae234da936f.mp4 HTTP/1.1" 206 65536 "https://porn.tw/video/sammyroberts-colombian-porn-562.html" "Mozilla/5.0 (iPhone; CPU iPhone OS 18_7 like Mac OS X) AppleWebKit/605.1.15 (KHTML, like Gecko) Version/26.2 Mobile/15E148 Safari/604.1"
98.63.199.239 - - [29/Jan/2026:04:24:07 -0500] "GET /media/videos/7/6/5/a/e/765ae234da936f.mp4 HTTP/1.1" 206 65536 "https://porn.tw/video/sammyroberts-colombian-porn-562.html" "Mozilla/5.0 (iPhone; CPU iPhone OS 18_7 like Mac OS X) AppleWebKit/605.1.15 (KHTML, like Gecko) Version/26.2 Mobile/15E148 Safari/604.1"
98.63.199.239 - - [29/Jan/2026:04:24:08 -0500] "GET /media/videos/7/6/5/a/e/765ae234da936f.mp4 HTTP/1.1" 206 65536 "https://porn.tw/video/sammyroberts-colombian-porn-562.html" "Mozilla/5.0 (iPhone; CPU iPhone OS 18_7 like Mac OS X) AppleWebKit/605.1.15 (KHTML, like Gecko) Version/26.2 Mobile/15E148 Safari/604.1"
98.63.199.239 - - [29/Jan/2026:04:24:08 -0500] "GET /media/videos/7/6/5/a/e/765ae234da936f.mp4 HTTP/1.1" 206 65536 "https://porn.tw/video/sammyroberts-colombian-porn-562.html" "Mozilla/5.0 (iPhone; CPU iPhone OS 18_7 like Mac OS X) AppleWebKit/605.1.15 (KHTML, like Gecko) Version/26.2 Mobile/15E148 Safari/604.1"
98.63.199.239 - - [29/Jan/2026:04:24:08 -0500] "GET /media/videos/7/6/5/a/e/765ae234da936f.mp4 HTTP/1.1" 206 65536 "https://porn.tw/video/sammyroberts-colombian-porn-562.html" "Mozilla/5.0 (iPhone; CPU iPhone OS 18_7 like Mac OS X) AppleWebKit/605.1.15 (KHTML, like Gecko) Version/26.2 Mobile/15E148 Safari/604.1"
98.63.199.239 - - [29/Jan/2026:04:24:08 -0500] "GET /media/videos/7/6/5/a/e/765ae234da936f.mp4 HTTP/1.1" 206 65536 "https://porn.tw/video/sammyroberts-colombian-porn-562.html" "Mozilla/5.0 (iPhone; CPU iPhone OS 18_7 like Mac OS X) AppleWebKit/605.1.15 (KHTML, like Gecko) Version/26.2 Mobile/15E148 Safari/604.1"
98.63.199.239 - - [29/Jan/2026:04:24:08 -0500] "GET /media/videos/7/6/5/a/e/765ae234da936f.mp4 HTTP/1.1" 206 65536 "https://porn.tw/video/sammyroberts-colombian-porn-562.html" "Mozilla/5.0 (iPhone; CPU iPhone OS 18_7 like Mac OS X) AppleWebKit/605.1.15 (KHTML, like Gecko) Version/26.2 Mobile/15E148 Safari/604.1"
98.63.199.239 - - [29/Jan/2026:04:24:08 -0500] "GET /media/videos/7/6/5/a/e/765ae234da936f.mp4 HTTP/1.1" 206 65536 "https://porn.tw/video/sammyroberts-colombian-porn-562.html" "Mozilla/5.0 (iPhone; CPU iPhone OS 18_7 like Mac OS X) AppleWebKit/605.1.15 (KHTML, like Gecko) Version/26.2 Mobile/15E148 Safari/604.1"
98.63.199.239 - - [29/Jan/2026:04:24:08 -0500] "GET /media/videos/7/6/5/a/e/765ae234da936f.mp4 HTTP/1.1" 206 65536 "https://porn.tw/video/sammyroberts-colombian-porn-562.html" "Mozilla/5.0 (iPhone; CPU iPhone OS 18_7 like Mac OS X) AppleWebKit/605.1.15 (KHTML, like Gecko) Version/26.2 Mobile/15E148 Safari/604.1"
98.63.199.239 - - [29/Jan/2026:04:24:08 -0500] "GET /media/videos/7/6/5/a/e/765ae234da936f.mp4 HTTP/1.1" 206 65536 "https://porn.tw/video/sammyroberts-colombian-porn-562.html" "Mozilla/5.0 (iPhone; CPU iPhone OS 18_7 like Mac OS X) AppleWebKit/605.1.15 (KHTML, like Gecko) Version/26.2 Mobile/15E148 Safari/604.1"
98.63.199.239 - - [29/Jan/2026:04:24:09 -0500] "GET /media/videos/7/6/5/a/e/765ae234da936f.mp4 HTTP/1.1" 206 1376256 "https://porn.tw/video/sammyroberts-colombian-porn-562.html" "Mozilla/5.0 (iPhone; CPU iPhone OS 18_7 like Mac OS X) AppleWebKit/605.1.15 (KHTML, like Gecko) Version/26.2 Mobile/15E148 Safari/604.1"
217.113.194.72 - - [29/Jan/2026:04:24:09 -0500] "GET /search/filthy-mouth/newest/page2.html HTTP/1.1" 200 51484 "-" "Mozilla/5.0 (compatible; Barkrowler/0.9; +https://babbar.tech/crawler)"
98.63.199.239 - - [29/Jan/2026:04:24:10 -0500] "GET /media/videos/7/6/5/a/e/765ae234da936f.mp4 HTTP/1.1" 206 215171393 "https://porn.tw/video/sammyroberts-colombian-porn-562.html" "Mozilla/5.0 (iPhone; CPU iPhone OS 18_7 like Mac OS X) AppleWebKit/605.1.15 (KHTML, like Gecko) Version/26.2 Mobile/15E148 Safari/604.1"
217.113.194.74 - - [29/Jan/2026:04:24:13 -0500] "GET /search/dripping-pussy/rating/page9.html HTTP/1.1" 200 74660 "-" "Mozilla/5.0 (compatible; Barkrowler/0.9; +https://babbar.tech/crawler)"
98.63.199.239 - - [29/Jan/2026:04:24:17 -0500] "GET /media/videos/7/6/5/a/e/765ae234da936f.mp4 HTTP/1.1" 206 65536 "https://porn.tw/video/sammyroberts-colombian-porn-562.html" "Mozilla/5.0 (iPhone; CPU iPhone OS 18_7 like Mac OS X) AppleWebKit/605.1.15 (KHTML, like Gecko) Version/26.2 Mobile/15E148 Safari/604.1"
98.63.199.239 - - [29/Jan/2026:04:24:17 -0500] "GET /media/videos/7/6/5/a/e/765ae234da936f.mp4 HTTP/1.1" 206 189136896 "https://porn.tw/video/sammyroberts-colombian-porn-562.html" "Mozilla/5.0 (iPhone; CPU iPhone OS 18_7 like Mac OS X) AppleWebKit/605.1.15 (KHTML, like Gecko) Version/26.2 Mobile/15E148 Safari/604.1"
98.63.199.239 - - [29/Jan/2026:04:24:17 -0500] "GET /media/videos/7/6/5/a/e/765ae234da936f.mp4 HTTP/1.1" 206 65536 "https://porn.tw/video/sammyroberts-colombian-porn-562.html" "Mozilla/5.0 (iPhone; CPU iPhone OS 18_7 like Mac OS X) AppleWebKit/605.1.15 (KHTML, like Gecko) Version/26.2 Mobile/15E148 Safari/604.1"
98.63.199.239 - - [29/Jan/2026:04:24:17 -0500] "GET /media/videos/7/6/5/a/e/765ae234da936f.mp4 HTTP/1.1" 206 65536 "https://porn.tw/video/sammyroberts-colombian-porn-562.html" "Mozilla/5.0 (iPhone; CPU iPhone OS 18_7 like Mac OS X) AppleWebKit/605.1.15 (KHTML, like Gecko) Version/26.2 Mobile/15E148 Safari/604.1"
98.63.199.239 - - [29/Jan/2026:04:24:17 -0500] "GET /media/videos/7/6/5/a/e/765ae234da936f.mp4 HTTP/1.1" 206 188350464 "https://porn.tw/video/sammyroberts-colombian-porn-562.html" "Mozilla/5.0 (iPhone; CPU iPhone OS 18_7 like Mac OS X) AppleWebKit/605.1.15 (KHTML, like Gecko) Version/26.2 Mobile/15E148 Safari/604.1"
98.63.199.239 - - [29/Jan/2026:04:24:22 -0500] "GET /media/videos/7/6/5/a/e/765ae234da936f.mp4 HTTP/1.1" 206 49473 "https://porn.tw/video/sammyroberts-colombian-porn-562.html" "Mozilla/5.0 (iPhone; CPU iPhone OS 18_7 like Mac OS X) AppleWebKit/605.1.15 (KHTML, like Gecko) Version/26.2 Mobile/15E148 Safari/604.1"
98.63.199.239 - - [29/Jan/2026:04:24:22 -0500] "GET /media/videos/7/6/5/a/e/765ae234da936f.mp4 HTTP/1.1" 206 177143808 "https://porn.tw/video/sammyroberts-colombian-porn-562.html" "Mozilla/5.0 (iPhone; CPU iPhone OS 18_7 like Mac OS X) AppleWebKit/605.1.15 (KHTML, like Gecko) Version/26.2 Mobile/15E148 Safari/604.1"
98.63.199.239 - - [29/Jan/2026:04:24:22 -0500] "GET /media/videos/7/6/5/a/e/765ae234da936f.mp4 HTTP/1.1" 206 65536 "https://porn.tw/video/sammyroberts-colombian-porn-562.html" "Mozilla/5.0 (iPhone; CPU iPhone OS 18_7 like Mac OS X) AppleWebKit/605.1.15 (KHTML, like Gecko) Version/26.2 Mobile/15E148 Safari/604.1"
98.63.199.239 - - [29/Jan/2026:04:24:22 -0500] "GET /media/videos/7/6/5/a/e/765ae234da936f.mp4 HTTP/1.1" 206 65536 "https://porn.tw/video/sammyroberts-colombian-porn-562.html" "Mozilla/5.0 (iPhone; CPU iPhone OS 18_7 like Mac OS X) AppleWebKit/605.1.15 (KHTML, like Gecko) Version/26.2 Mobile/15E148 Safari/604.1"
98.63.199.239 - - [29/Jan/2026:04:24:23 -0500] "GET /media/videos/7/6/5/a/e/765ae234da936f.mp4 HTTP/1.1" 206 65536 "https://porn.tw/video/sammyroberts-colombian-porn-562.html" "Mozilla/5.0 (iPhone; CPU iPhone OS 18_7 like Mac OS X) AppleWebKit/605.1.15 (KHTML, like Gecko) Version/26.2 Mobile/15E148 Safari/604.1"
98.63.199.239 - - [29/Jan/2026:04:24:23 -0500] "GET /media/videos/7/6/5/a/e/765ae234da936f.mp4 HTTP/1.1" 206 65536 "https://porn.tw/video/sammyroberts-colombian-porn-562.html" "Mozilla/5.0 (iPhone; CPU iPhone OS 18_7 like Mac OS X) AppleWebKit/605.1.15 (KHTML, like Gecko) Version/26.2 Mobile/15E148 Safari/604.1"
98.63.199.239 - - [29/Jan/2026:04:24:23 -0500] "GET /media/videos/7/6/5/a/e/765ae234da936f.mp4 HTTP/1.1" 206 851968 "https://porn.tw/video/sammyroberts-colombian-porn-562.html" "Mozilla/5.0 (iPhone; CPU iPhone OS 18_7 like Mac OS X) AppleWebKit/605.1.15 (KHTML, like Gecko) Version/26.2 Mobile/15E148 Safari/604.1"
98.63.199.239 - - [29/Jan/2026:04:24:23 -0500] "GET /media/videos/7/6/5/a/e/765ae234da936f.mp4 HTTP/1.1" 206 65536 "https://porn.tw/video/sammyroberts-colombian-porn-562.html" "Mozilla/5.0 (iPhone; CPU iPhone OS 18_7 like Mac OS X) AppleWebKit/605.1.15 (KHTML, like Gecko) Version/26.2 Mobile/15E148 Safari/604.1"
98.63.199.239 - - [29/Jan/2026:04:24:24 -0500] "GET /media/videos/7/6/5/a/e/765ae234da936f.mp4 HTTP/1.1" 206 65536 "https://porn.tw/video/sammyroberts-colombian-porn-562.html" "Mozilla/5.0 (iPhone; CPU iPhone OS 18_7 like Mac OS X) AppleWebKit/605.1.15 (KHTML, like Gecko) Version/26.2 Mobile/15E148 Safari/604.1"
98.63.199.239 - - [29/Jan/2026:04:24:24 -0500] "GET /media/videos/7/6/5/a/e/765ae234da936f.mp4 HTTP/1.1" 206 65536 "https://porn.tw/video/sammyroberts-colombian-porn-562.html" "Mozilla/5.0 (iPhone; CPU iPhone OS 18_7 like Mac OS X) AppleWebKit/605.1.15 (KHTML, like Gecko) Version/26.2 Mobile/15E148 Safari/604.1"
98.63.199.239 - - [29/Jan/2026:04:24:24 -0500] "GET /media/videos/7/6/5/a/e/765ae234da936f.mp4 HTTP/1.1" 206 65536 "https://porn.tw/video/sammyroberts-colombian-porn-562.html" "Mozilla/5.0 (iPhone; CPU iPhone OS 18_7 like Mac OS X) AppleWebKit/605.1.15 (KHTML, like Gecko) Version/26.2 Mobile/15E148 Safari/604.1"
98.63.199.239 - - [29/Jan/2026:04:24:24 -0500] "GET /media/videos/7/6/5/a/e/765ae234da936f.mp4 HTTP/1.1" 206 173916481 "https://porn.tw/video/sammyroberts-colombian-porn-562.html" "Mozilla/5.0 (iPhone; CPU iPhone OS 18_7 like Mac OS X) AppleWebKit/605.1.15 (KHTML, like Gecko) Version/26.2 Mobile/15E148 Safari/604.1"
98.63.199.239 - - [29/Jan/2026:04:24:24 -0500] "GET /media/videos/7/6/5/a/e/765ae234da936f.mp4 HTTP/1.1" 206 65536 "https://porn.tw/video/sammyroberts-colombian-porn-562.html" "Mozilla/5.0 (iPhone; CPU iPhone OS 18_7 like Mac OS X) AppleWebKit/605.1.15 (KHTML, like Gecko) Version/26.2 Mobile/15E148 Safari/604.1"
184.160.118.171 - - [29/Jan/2026:04:24:24 -0500] "GET /media/thumbs/1/1/6/7/a/1167a2dbb72f625.mp4/1167a2dbb72f625.mp4-6.jpg HTTP/1.1" 200 11637 "https://www.google.com/" "Mozilla/5.0 (Windows NT 10.0; Win64; x64) AppleWebKit/537.36 (KHTML, like Gecko) Chrome/144.0.0.0 Safari/537.66"
98.63.199.239 - - [29/Jan/2026:04:24:24 -0500] "GET /media/videos/7/6/5/a/e/765ae234da936f.mp4 HTTP/1.1" 206 160038912 "https://porn.tw/video/sammyroberts-colombian-porn-562.html" "Mozilla/5.0 (iPhone; CPU iPhone OS 18_7 like Mac OS X) AppleWebKit/605.1.15 (KHTML, like Gecko) Version/26.2 Mobile/15E148 Safari/604.1"
98.63.199.239 - - [29/Jan/2026:04:24:24 -0500] "GET /media/videos/7/6/5/a/e/765ae234da936f.mp4 HTTP/1.1" 206 65536 "https://porn.tw/video/sammyroberts-colombian-porn-562.html" "Mozilla/5.0 (iPhone; CPU iPhone OS 18_7 like Mac OS X) AppleWebKit/605.1.15 (KHTML, like Gecko) Version/26.2 Mobile/15E148 Safari/604.1"
98.63.199.239 - - [29/Jan/2026:04:24:24 -0500] "GET /media/videos/7/6/5/a/e/765ae234da936f.mp4 HTTP/1.1" 206 65536 "https://porn.tw/video/sammyroberts-colombian-porn-562.html" "Mozilla/5.0 (iPhone; CPU iPhone OS 18_7 like Mac OS X) AppleWebKit/605.1.15 (KHTML, like Gecko) Version/26.2 Mobile/15E148 Safari/604.1"
98.63.199.239 - - [29/Jan/2026:04:24:24 -0500] "GET /media/videos/7/6/5/a/e/765ae234da936f.mp4 HTTP/1.1" 206 6619136 "https://porn.tw/video/sammyroberts-colombian-porn-562.html" "Mozilla/5.0 (iPhone; CPU iPhone OS 18_7 like Mac OS X) AppleWebKit/605.1.15 (KHTML, like Gecko) Version/26.2 Mobile/15E148 Safari/604.1"
98.63.199.239 - - [29/Jan/2026:04:24:24 -0500] "GET /media/videos/7/6/5/a/e/765ae234da936f.mp4 HTTP/1.1" 206 65536 "https://porn.tw/video/sammyroberts-colombian-porn-562.html" "Mozilla/5.0 (iPhone; CPU iPhone OS 18_7 like Mac OS X) AppleWebKit/605.1.15 (KHTML, like Gecko) Version/26.2 Mobile/15E148 Safari/604.1"
98.63.199.239 - - [29/Jan/2026:04:24:25 -0500] "GET /media/videos/7/6/5/a/e/765ae234da936f.mp4 HTTP/1.1" 206 65536 "https://porn.tw/video/sammyroberts-colombian-porn-562.html" "Mozilla/5.0 (iPhone; CPU iPhone OS 18_7 like Mac OS X) AppleWebKit/605.1.15 (KHTML, like Gecko) Version/26.2 Mobile/15E148 Safari/604.1"
98.63.199.239 - - [29/Jan/2026:04:24:25 -0500] "GET /media/videos/7/6/5/a/e/765ae234da936f.mp4 HTTP/1.1" 206 65536 "https://porn.tw/video/sammyroberts-colombian-porn-562.html" "Mozilla/5.0 (iPhone; CPU iPhone OS 18_7 like Mac OS X) AppleWebKit/605.1.15 (KHTML, like Gecko) Version/26.2 Mobile/15E148 Safari/604.1"
98.63.199.239 - - [29/Jan/2026:04:24:25 -0500] "GET /media/videos/7/6/5/a/e/765ae234da936f.mp4 HTTP/1.1" 206 65536 "https://porn.tw/video/sammyroberts-colombian-porn-562.html" "Mozilla/5.0 (iPhone; CPU iPhone OS 18_7 like Mac OS X) AppleWebKit/605.1.15 (KHTML, like Gecko) Version/26.2 Mobile/15E148 Safari/604.1"
217.113.194.217 - - [29/Jan/2026:04:24:25 -0500] "GET /search/sofiakaufman-cam-porn/page6.html HTTP/1.1" 200 71050 "-" "Mozilla/5.0 (compatible; Barkrowler/0.9; +https://babbar.tech/crawler)"
98.63.199.239 - - [29/Jan/2026:04:24:25 -0500] "GET /media/videos/7/6/5/a/e/765ae234da936f.mp4 HTTP/1.1" 206 65536 "https://porn.tw/video/sammyroberts-colombian-porn-562.html" "Mozilla/5.0 (iPhone; CPU iPhone OS 18_7 like Mac OS X) AppleWebKit/605.1.15 (KHTML, like Gecko) Version/26.2 Mobile/15E148 Safari/604.1"
98.63.199.239 - - [29/Jan/2026:04:24:25 -0500] "GET /media/videos/7/6/5/a/e/765ae234da936f.mp4 HTTP/1.1" 206 65536 "https://porn.tw/video/sammyroberts-colombian-porn-562.html" "Mozilla/5.0 (iPhone; CPU iPhone OS 18_7 like Mac OS X) AppleWebKit/605.1.15 (KHTML, like Gecko) Version/26.2 Mobile/15E148 Safari/604.1"
98.63.199.239 - - [29/Jan/2026:04:24:25 -0500] "GET /media/videos/7/6/5/a/e/765ae234da936f.mp4 HTTP/1.1" 206 65536 "https://porn.tw/video/sammyroberts-colombian-porn-562.html" "Mozilla/5.0 (iPhone; CPU iPhone OS 18_7 like Mac OS X) AppleWebKit/605.1.15 (KHTML, like Gecko) Version/26.2 Mobile/15E148 Safari/604.1"
98.63.199.239 - - [29/Jan/2026:04:24:25 -0500] "GET /media/videos/7/6/5/a/e/765ae234da936f.mp4 HTTP/1.1" 206 65536 "https://porn.tw/video/sammyroberts-colombian-porn-562.html" "Mozilla/5.0 (iPhone; CPU iPhone OS 18_7 like Mac OS X) AppleWebKit/605.1.15 (KHTML, like Gecko) Version/26.2 Mobile/15E148 Safari/604.1"
98.63.199.239 - - [29/Jan/2026:04:24:26 -0500] "GET /media/videos/7/6/5/a/e/765ae234da936f.mp4 HTTP/1.1" 206 65536 "https://porn.tw/video/sammyroberts-colombian-porn-562.html" "Mozilla/5.0 (iPhone; CPU iPhone OS 18_7 like Mac OS X) AppleWebKit/605.1.15 (KHTML, like Gecko) Version/26.2 Mobile/15E148 Safari/604.1"
98.63.199.239 - - [29/Jan/2026:04:24:26 -0500] "GET /media/videos/7/6/5/a/e/765ae234da936f.mp4 HTTP/1.1" 206 65536 "https://porn.tw/video/sammyroberts-colombian-porn-562.html" "Mozilla/5.0 (iPhone; CPU iPhone OS 18_7 like Mac OS X) AppleWebKit/605.1.15 (KHTML, like Gecko) Version/26.2 Mobile/15E148 Safari/604.1"
98.63.199.239 - - [29/Jan/2026:04:24:26 -0500] "GET /media/videos/7/6/5/a/e/765ae234da936f.mp4 HTTP/1.1" 206 65536 "https://porn.tw/video/sammyroberts-colombian-porn-562.html" "Mozilla/5.0 (iPhone; CPU iPhone OS 18_7 like Mac OS X) AppleWebKit/605.1.15 (KHTML, like Gecko) Version/26.2 Mobile/15E148 Safari/604.1"
98.63.199.239 - - [29/Jan/2026:04:24:26 -0500] "GET /media/videos/7/6/5/a/e/765ae234da936f.mp4 HTTP/1.1" 206 65536 "https://porn.tw/video/sammyroberts-colombian-porn-562.html" "Mozilla/5.0 (iPhone; CPU iPhone OS 18_7 like Mac OS X) AppleWebKit/605.1.15 (KHTML, like Gecko) Version/26.2 Mobile/15E148 Safari/604.1"
98.63.199.239 - - [29/Jan/2026:04:24:27 -0500] "GET /media/videos/7/6/5/a/e/765ae234da936f.mp4 HTTP/1.1" 206 65536 "https://porn.tw/video/sammyroberts-colombian-porn-562.html" "Mozilla/5.0 (iPhone; CPU iPhone OS 18_7 like Mac OS X) AppleWebKit/605.1.15 (KHTML, like Gecko) Version/26.2 Mobile/15E148 Safari/604.1"
98.63.199.239 - - [29/Jan/2026:04:24:27 -0500] "GET /media/videos/7/6/5/a/e/765ae234da936f.mp4 HTTP/1.1" 206 65536 "https://porn.tw/video/sammyroberts-colombian-porn-562.html" "Mozilla/5.0 (iPhone; CPU iPhone OS 18_7 like Mac OS X) AppleWebKit/605.1.15 (KHTML, like Gecko) Version/26.2 Mobile/15E148 Safari/604.1"
98.63.199.239 - - [29/Jan/2026:04:24:27 -0500] "GET /media/videos/7/6/5/a/e/765ae234da936f.mp4 HTTP/1.1" 206 65536 "https://porn.tw/video/sammyroberts-colombian-porn-562.html" "Mozilla/5.0 (iPhone; CPU iPhone OS 18_7 like Mac OS X) AppleWebKit/605.1.15 (KHTML, like Gecko) Version/26.2 Mobile/15E148 Safari/604.1"
98.63.199.239 - - [29/Jan/2026:04:24:27 -0500] "GET /media/videos/7/6/5/a/e/765ae234da936f.mp4 HTTP/1.1" 206 65536 "https://porn.tw/video/sammyroberts-colombian-porn-562.html" "Mozilla/5.0 (iPhone; CPU iPhone OS 18_7 like Mac OS X) AppleWebKit/605.1.15 (KHTML, like Gecko) Version/26.2 Mobile/15E148 Safari/604.1"
98.63.199.239 - - [29/Jan/2026:04:24:27 -0500] "GET /media/videos/7/6/5/a/e/765ae234da936f.mp4 HTTP/1.1" 206 65536 "https://porn.tw/video/sammyroberts-colombian-porn-562.html" "Mozilla/5.0 (iPhone; CPU iPhone OS 18_7 like Mac OS X) AppleWebKit/605.1.15 (KHTML, like Gecko) Version/26.2 Mobile/15E148 Safari/604.1"
184.160.118.171 - - [29/Jan/2026:04:24:27 -0500] "GET /media/thumbs/7/6/8/a/d/768ad4f006f343.mp4/768ad4f006f343.mp4-3.jpg HTTP/1.1" 200 12230 "https://www.google.com/" "Mozilla/5.0 (Windows NT 10.0; Win64; x64) AppleWebKit/537.36 (KHTML, like Gecko) Chrome/144.0.0.0 Safari/537.66"
98.63.199.239 - - [29/Jan/2026:04:24:27 -0500] "GET /media/videos/7/6/5/a/e/765ae234da936f.mp4 HTTP/1.1" 206 65536 "https://porn.tw/video/sammyroberts-colombian-porn-562.html" "Mozilla/5.0 (iPhone; CPU iPhone OS 18_7 like Mac OS X) AppleWebKit/605.1.15 (KHTML, like Gecko) Version/26.2 Mobile/15E148 Safari/604.1"
98.63.199.239 - - [29/Jan/2026:04:24:27 -0500] "GET /media/videos/7/6/5/a/e/765ae234da936f.mp4 HTTP/1.1" 206 65536 "https://porn.tw/video/sammyroberts-colombian-porn-562.html" "Mozilla/5.0 (iPhone; CPU iPhone OS 18_7 like Mac OS X) AppleWebKit/605.1.15 (KHTML, like Gecko) Version/26.2 Mobile/15E148 Safari/604.1"
98.63.199.239 - - [29/Jan/2026:04:24:27 -0500] "GET /media/videos/7/6/5/a/e/765ae234da936f.mp4 HTTP/1.1" 206 65536 "https://porn.tw/video/sammyroberts-colombian-porn-562.html" "Mozilla/5.0 (iPhone; CPU iPhone OS 18_7 like Mac OS X) AppleWebKit/605.1.15 (KHTML, like Gecko) Version/26.2 Mobile/15E148 Safari/604.1"
98.63.199.239 - - [29/Jan/2026:04:24:27 -0500] "GET /media/videos/7/6/5/a/e/765ae234da936f.mp4 HTTP/1.1" 206 65536 "https://porn.tw/video/sammyroberts-colombian-porn-562.html" "Mozilla/5.0 (iPhone; CPU iPhone OS 18_7 like Mac OS X) AppleWebKit/605.1.15 (KHTML, like Gecko) Version/26.2 Mobile/15E148 Safari/604.1"
98.63.199.239 - - [29/Jan/2026:04:24:28 -0500] "GET /media/videos/7/6/5/a/e/765ae234da936f.mp4 HTTP/1.1" 206 65536 "https://porn.tw/video/sammyroberts-colombian-porn-562.html" "Mozilla/5.0 (iPhone; CPU iPhone OS 18_7 like Mac OS X) AppleWebKit/605.1.15 (KHTML, like Gecko) Version/26.2 Mobile/15E148 Safari/604.1"
98.63.199.239 - - [29/Jan/2026:04:24:28 -0500] "GET /media/videos/7/6/5/a/e/765ae234da936f.mp4 HTTP/1.1" 206 65536 "https://porn.tw/video/sammyroberts-colombian-porn-562.html" "Mozilla/5.0 (iPhone; CPU iPhone OS 18_7 like Mac OS X) AppleWebKit/605.1.15 (KHTML, like Gecko) Version/26.2 Mobile/15E148 Safari/604.1"
98.63.199.239 - - [29/Jan/2026:04:24:28 -0500] "GET /media/videos/7/6/5/a/e/765ae234da936f.mp4 HTTP/1.1" 206 65536 "https://porn.tw/video/sammyroberts-colombian-porn-562.html" "Mozilla/5.0 (iPhone; CPU iPhone OS 18_7 like Mac OS X) AppleWebKit/605.1.15 (KHTML, like Gecko) Version/26.2 Mobile/15E148 Safari/604.1"
184.160.118.171 - - [29/Jan/2026:04:24:28 -0500] "GET /search/elizabeth_gilbert/views/ HTTP/1.1" 200 23248 "https://www.google.com/" "Mozilla/5.0 (Windows NT 10.0; Win64; x64) AppleWebKit/537.36 (KHTML, like Gecko) Chrome/144.0.0.0 Safari/537.66"
184.160.118.171 - - [29/Jan/2026:04:24:28 -0500] "GET /media/thumbs/7/6/8/3/5/768351882a1956.mp4/768351882a1956.mp4-3.jpg HTTP/1.1" 200 12911 "https://porn.tw/search/elizabeth_gilbert/views/" "Mozilla/5.0 (Windows NT 10.0; Win64; x64) AppleWebKit/537.36 (KHTML, like Gecko) Chrome/144.0.0.0 Safari/537.66"
184.160.118.171 - - [29/Jan/2026:04:24:28 -0500] "GET /media/thumbs/7/6/8/a/d/768ad4f006f343.mp4/768ad4f006f343.mp4-3.jpg HTTP/1.1" 200 12230 "https://porn.tw/search/elizabeth_gilbert/views/" "Mozilla/5.0 (Windows NT 10.0; Win64; x64) AppleWebKit/537.36 (KHTML, like Gecko) Chrome/144.0.0.0 Safari/537.66"
98.63.199.239 - - [29/Jan/2026:04:24:28 -0500] "GET /media/videos/7/6/5/a/e/765ae234da936f.mp4 HTTP/1.1" 206 65536 "https://porn.tw/video/sammyroberts-colombian-porn-562.html" "Mozilla/5.0 (iPhone; CPU iPhone OS 18_7 like Mac OS X) AppleWebKit/605.1.15 (KHTML, like Gecko) Version/26.2 Mobile/15E148 Safari/604.1"
184.160.118.171 - - [29/Jan/2026:04:24:28 -0500] "GET /core/js/ageWarningJs.php HTTP/1.1" 200 1037 "https://porn.tw/search/elizabeth_gilbert/views/" "Mozilla/5.0 (Windows NT 10.0; Win64; x64) AppleWebKit/537.36 (KHTML, like Gecko) Chrome/144.0.0.0 Safari/537.66"
184.160.118.171 - - [29/Jan/2026:04:24:28 -0500] "GET /core/js/gdprJs.php HTTP/1.1" 200 1238 "https://porn.tw/search/elizabeth_gilbert/views/" "Mozilla/5.0 (Windows NT 10.0; Win64; x64) AppleWebKit/537.36 (KHTML, like Gecko) Chrome/144.0.0.0 Safari/537.66"
98.63.199.239 - - [29/Jan/2026:04:24:28 -0500] "GET /media/videos/7/6/5/a/e/765ae234da936f.mp4 HTTP/1.1" 206 65536 "https://porn.tw/video/sammyroberts-colombian-porn-562.html" "Mozilla/5.0 (iPhone; CPU iPhone OS 18_7 like Mac OS X) AppleWebKit/605.1.15 (KHTML, like Gecko) Version/26.2 Mobile/15E148 Safari/604.1"
98.63.199.239 - - [29/Jan/2026:04:24:28 -0500] "GET /media/videos/7/6/5/a/e/765ae234da936f.mp4 HTTP/1.1" 206 65536 "https://porn.tw/video/sammyroberts-colombian-porn-562.html" "Mozilla/5.0 (iPhone; CPU iPhone OS 18_7 like Mac OS X) AppleWebKit/605.1.15 (KHTML, like Gecko) Version/26.2 Mobile/15E148 Safari/604.1"
184.160.118.171 - - [29/Jan/2026:04:24:28 -0500] "GET /media/thumbs/1/1/6/7/a/1167a2dbb72f625.mp4/1167a2dbb72f625.mp4-7.jpg HTTP/1.1" 200 11217 "https://porn.tw/search/elizabeth_gilbert/views/" "Mozilla/5.0 (Windows NT 10.0; Win64; x64) AppleWebKit/537.36 (KHTML, like Gecko) Chrome/144.0.0.0 Safari/537.66"
184.160.118.171 - - [29/Jan/2026:04:24:29 -0500] "GET /media/thumbs/7/6/8/a/d/768ad4f006f343.mp4/768ad4f006f343.mp4-4.jpg HTTP/1.1" 200 11774 "https://porn.tw/search/elizabeth_gilbert/views/" "Mozilla/5.0 (Windows NT 10.0; Win64; x64) AppleWebKit/537.36 (KHTML, like Gecko) Chrome/144.0.0.0 Safari/537.66"
217.113.194.76 - - [29/Jan/2026:04:24:29 -0500] "GET /search/dripping-pussy/newest/page5.html HTTP/1.1" 200 79713 "-" "Mozilla/5.0 (compatible; Barkrowler/0.9; +https://babbar.tech/crawler)"
98.63.199.239 - - [29/Jan/2026:04:24:29 -0500] "GET /media/videos/7/6/5/a/e/765ae234da936f.mp4 HTTP/1.1" 206 65536 "https://porn.tw/video/sammyroberts-colombian-porn-562.html" "Mozilla/5.0 (iPhone; CPU iPhone OS 18_7 like Mac OS X) AppleWebKit/605.1.15 (KHTML, like Gecko) Version/26.2 Mobile/15E148 Safari/604.1"
184.160.118.171 - - [29/Jan/2026:04:24:29 -0500] "GET /media/thumbs/7/6/8/a/d/768ad4f006f343.mp4/768ad4f006f343.mp4-5.jpg HTTP/1.1" 200 10171 "https://porn.tw/search/elizabeth_gilbert/views/" "Mozilla/5.0 (Windows NT 10.0; Win64; x64) AppleWebKit/537.36 (KHTML, like Gecko) Chrome/144.0.0.0 Safari/537.66"
184.160.118.171 - - [29/Jan/2026:04:24:29 -0500] "GET /media/thumbs/1/1/6/7/a/1167a2dbb72f625.mp4/1167a2dbb72f625.mp4-7.jpg HTTP/1.1" 200 11217 "https://porn.tw/search/elizabeth_gilbert/views/" "Mozilla/5.0 (Windows NT 10.0; Win64; x64) AppleWebKit/537.36 (KHTML, like Gecko) Chrome/144.0.0.0 Safari/537.66"
98.63.199.239 - - [29/Jan/2026:04:24:29 -0500] "GET /media/videos/7/6/5/a/e/765ae234da936f.mp4 HTTP/1.1" 206 65536 "https://porn.tw/video/sammyroberts-colombian-porn-562.html" "Mozilla/5.0 (iPhone; CPU iPhone OS 18_7 like Mac OS X) AppleWebKit/605.1.15 (KHTML, like Gecko) Version/26.2 Mobile/15E148 Safari/604.1"
184.160.118.171 - - [29/Jan/2026:04:24:30 -0500] "GET /media/thumbs/7/6/8/3/5/768351882a1956.mp4/768351882a1956.mp4-4.jpg HTTP/1.1" 200 12831 "https://porn.tw/search/elizabeth_gilbert/views/" "Mozilla/5.0 (Windows NT 10.0; Win64; x64) AppleWebKit/537.36 (KHTML, like Gecko) Chrome/144.0.0.0 Safari/537.66"
98.63.199.239 - - [29/Jan/2026:04:24:30 -0500] "GET /media/videos/7/6/5/a/e/765ae234da936f.mp4 HTTP/1.1" 206 65536 "https://porn.tw/video/sammyroberts-colombian-porn-562.html" "Mozilla/5.0 (iPhone; CPU iPhone OS 18_7 like Mac OS X) AppleWebKit/605.1.15 (KHTML, like Gecko) Version/26.2 Mobile/15E148 Safari/604.1"
184.160.118.171 - - [29/Jan/2026:04:24:30 -0500] "GET /media/thumbs/7/6/8/3/5/768351882a1956.mp4/768351882a1956.mp4-5.jpg HTTP/1.1" 200 12874 "https://porn.tw/search/elizabeth_gilbert/views/" "Mozilla/5.0 (Windows NT 10.0; Win64; x64) AppleWebKit/537.36 (KHTML, like Gecko) Chrome/144.0.0.0 Safari/537.66"
98.63.199.239 - - [29/Jan/2026:04:24:31 -0500] "GET /media/videos/7/6/5/a/e/765ae234da936f.mp4 HTTP/1.1" 206 65536 "https://porn.tw/video/sammyroberts-colombian-porn-562.html" "Mozilla/5.0 (iPhone; CPU iPhone OS 18_7 like Mac OS X) AppleWebKit/605.1.15 (KHTML, like Gecko) Version/26.2 Mobile/15E148 Safari/604.1"
184.160.118.171 - - [29/Jan/2026:04:24:31 -0500] "GET /media/thumbs/7/6/8/a/d/768ad4f006f343.mp4/768ad4f006f343.mp4-5.jpg HTTP/1.1" 200 10171 "https://porn.tw/search/elizabeth_gilbert/views/" "Mozilla/5.0 (Windows NT 10.0; Win64; x64) AppleWebKit/537.36 (KHTML, like Gecko) Chrome/144.0.0.0 Safari/537.66"
116.179.32.226 - - [29/Jan/2026:04:24:31 -0500] "GET /search/intense-ride/newest/page3.html HTTP/1.1" 403 - "-" "Mozilla/5.0 (compatible; Baiduspider/2.0; +http://www.baidu.com/search/spider.html)"
184.160.118.171 - - [29/Jan/2026:04:24:31 -0500] "GET /video/elizabeth-gilbert-s-slutty-deepthroat-and-wild-toy-fuck-3829.html HTTP/1.1" 200 57182 "https://porn.tw/search/elizabeth_gilbert/views/" "Mozilla/5.0 (Windows NT 10.0; Win64; x64) AppleWebKit/537.36 (KHTML, like Gecko) Chrome/144.0.0.0 Safari/537.66"
184.160.118.171 - - [29/Jan/2026:04:24:31 -0500] "GET /media/thumbs/7/6/8/a/d/768ad4f006f343.mp4/vtt_005.jpg HTTP/1.1" 200 7062 "https://porn.tw/video/elizabeth-gilbert-s-slutty-deepthroat-and-wild-toy-fuck-3829.html" "Mozilla/5.0 (Windows NT 10.0; Win64; x64) AppleWebKit/537.36 (KHTML, like Gecko) Chrome/144.0.0.0 Safari/537.66"
184.160.118.171 - - [29/Jan/2026:04:24:31 -0500] "GET /media/thumbs/7/6/8/a/d/768ad4f006f343.mp4/vtt_010.jpg HTTP/1.1" 200 7105 "https://porn.tw/video/elizabeth-gilbert-s-slutty-deepthroat-and-wild-toy-fuck-3829.html" "Mozilla/5.0 (Windows NT 10.0; Win64; x64) AppleWebKit/537.36 (KHTML, like Gecko) Chrome/144.0.0.0 Safari/537.66"
98.63.199.239 - - [29/Jan/2026:04:24:31 -0500] "GET /media/videos/7/6/5/a/e/765ae234da936f.mp4 HTTP/1.1" 206 65857 "https://porn.tw/video/sammyroberts-colombian-porn-562.html" "Mozilla/5.0 (iPhone; CPU iPhone OS 18_7 like Mac OS X) AppleWebKit/605.1.15 (KHTML, like Gecko) Version/26.2 Mobile/15E148 Safari/604.1"
184.160.118.171 - - [29/Jan/2026:04:24:31 -0500] "GET /media/thumbs/7/6/8/a/d/768ad4f006f343.mp4/vtt_060.jpg HTTP/1.1" 200 7476 "https://porn.tw/video/elizabeth-gilbert-s-slutty-deepthroat-and-wild-toy-fuck-3829.html" "Mozilla/5.0 (Windows NT 10.0; Win64; x64) AppleWebKit/537.36 (KHTML, like Gecko) Chrome/144.0.0.0 Safari/537.66"
184.160.118.171 - - [29/Jan/2026:04:24:31 -0500] "GET /media/thumbs/7/6/8/a/d/768ad4f006f343.mp4/vtt_035.jpg HTTP/1.1" 200 6443 "https://porn.tw/video/elizabeth-gilbert-s-slutty-deepthroat-and-wild-toy-fuck-3829.html" "Mozilla/5.0 (Windows NT 10.0; Win64; x64) AppleWebKit/537.36 (KHTML, like Gecko) Chrome/144.0.0.0 Safari/537.66"
184.160.118.171 - - [29/Jan/2026:04:24:31 -0500] "GET /media/thumbs/7/6/8/a/d/768ad4f006f343.mp4/vtt_055.jpg HTTP/1.1" 200 7317 "https://porn.tw/video/elizabeth-gilbert-s-slutty-deepthroat-and-wild-toy-fuck-3829.html" "Mozilla/5.0 (Windows NT 10.0; Win64; x64) AppleWebKit/537.36 (KHTML, like Gecko) Chrome/144.0.0.0 Safari/537.66"
184.160.118.171 - - [29/Jan/2026:04:24:31 -0500] "GET /media/thumbs/7/6/8/a/d/768ad4f006f343.mp4/vtt_045.jpg HTTP/1.1" 200 6046 "https://porn.tw/video/elizabeth-gilbert-s-slutty-deepthroat-and-wild-toy-fuck-3829.html" "Mozilla/5.0 (Windows NT 10.0; Win64; x64) AppleWebKit/537.36 (KHTML, like Gecko) Chrome/144.0.0.0 Safari/537.66"
