98.63.199.239 - - [29/Jan/2026:04:26:21 -0500] "GET /media/thumbs/7/6/5/a/3/765a36044adbb8.mp4/765a36044adbb8.mp4-7.jpg HTTP/1.1" 200 9336 "https://porn.tw/video/sammyroberts-colombian-porn-562.html" "Mozilla/5.0 (iPhone; CPU iPhone OS 18_7 like Mac OS X) AppleWebKit/605.1.15 (KHTML, like Gecko) Version/26.2 Mobile/15E148 Safari/604.1"
98.63.199.239 - - [29/Jan/2026:04:26:22 -0500] "GET /media/thumbs/7/6/5/a/3/765a36044adbb8.mp4/765a36044adbb8.mp4-8.jpg HTTP/1.1" 200 8355 "https://porn.tw/video/sammyroberts-colombian-porn-562.html" "Mozilla/5.0 (iPhone; CPU iPhone OS 18_7 like Mac OS X) AppleWebKit/605.1.15 (KHTML, like Gecko) Version/26.2 Mobile/15E148 Safari/604.1"
98.63.199.239 - - [29/Jan/2026:04:26:22 -0500] "GET /media/thumbs/7/6/5/a/3/765a36044adbb8.mp4/765a36044adbb8.mp4-9.jpg HTTP/1.1" 200 8837 "https://porn.tw/video/sammyroberts-colombian-porn-562.html" "Mozilla/5.0 (iPhone; CPU iPhone OS 18_7 like Mac OS X) AppleWebKit/605.1.15 (KHTML, like Gecko) Version/26.2 Mobile/15E148 Safari/604.1"
98.63.199.239 - - [29/Jan/2026:04:26:23 -0500] "GET /media/thumbs/7/6/5/a/3/765a36044adbb8.mp4/765a36044adbb8.mp4-1.jpg HTTP/1.1" 200 7858 "https://porn.tw/video/sammyroberts-colombian-porn-562.html" "Mozilla/5.0 (iPhone; CPU iPhone OS 18_7 like Mac OS X) AppleWebKit/605.1.15 (KHTML, like Gecko) Version/26.2 Mobile/15E148 Safari/604.1"
114.119.150.49 - - [29/Jan/2026:04:26:24 -0500] "GET /uploads-by-user/35 HTTP/1.1" 404 18167 "-" "Mozilla/5.0 (Linux; Android 7.0;) AppleWebKit/537.36 (KHTML, like Gecko) Mobile Safari/537.36 (compatible; PetalBot;+https://webmaster.petalsearch.com/site/petalbot)"
98.63.199.239 - - [29/Jan/2026:04:26:24 -0500] "GET /media/thumbs/7/6/5/a/3/765a36044adbb8.mp4/765a36044adbb8.mp4-2.jpg HTTP/1.1" 200 8212 "https://porn.tw/video/sammyroberts-colombian-porn-562.html" "Mozilla/5.0 (iPhone; CPU iPhone OS 18_7 like Mac OS X) AppleWebKit/605.1.15 (KHTML, like Gecko) Version/26.2 Mobile/15E148 Safari/604.1"
66.249.74.5 - - [29/Jan/2026:04:26:29 -0500] "GET /search/blonde-oral-porn/newest/page6.html HTTP/1.1" 200 77830 "-" "Mozilla/5.0 (Linux; Android 6.0.1; Nexus 5X Build/MMB29P) AppleWebKit/537.36 (KHTML, like Gecko) Chrome/143.0.7499.192 Mobile Safari/537.36 (compatible; Googlebot/2.1; +http://www.google.com/bot.html)"
52.203.152.231 - - [29/Jan/2026:04:26:29 -0500] "GET /channels/5/blonde/ HTTP/1.1" 200 79783 "-" "Mozilla/5.0 AppleWebKit/537.36 (KHTML, like Gecko; compatible; Amazonbot/0.1; +https://developer.amazon.com/support/amazonbot) Chrome/119.0.6045.214 Safari/537.36"
98.63.199.239 - - [29/Jan/2026:04:26:30 -0500] "GET /media/thumbs/7/6/5/5/3/7655321fb9372b.mp4/7655321fb9372b.mp4-4.jpg HTTP/1.1" 200 11513 "https://porn.tw/video/sammyroberts-colombian-porn-562.html" "Mozilla/5.0 (iPhone; CPU iPhone OS 18_7 like Mac OS X) AppleWebKit/605.1.15 (KHTML, like Gecko) Version/26.2 Mobile/15E148 Safari/604.1"
217.113.194.217 - - [29/Jan/2026:04:26:30 -0500] "GET /search/orgasmic-pleasure/views/page8.html HTTP/1.1" 200 76120 "-" "Mozilla/5.0 (compatible; Barkrowler/0.9; +https://babbar.tech/crawler)"
98.63.199.239 - - [29/Jan/2026:04:26:31 -0500] "GET /media/thumbs/7/6/5/5/3/7655321fb9372b.mp4/7655321fb9372b.mp4-5.jpg HTTP/1.1" 200 11387 "https://porn.tw/video/sammyroberts-colombian-porn-562.html" "Mozilla/5.0 (iPhone; CPU iPhone OS 18_7 like Mac OS X) AppleWebKit/605.1.15 (KHTML, like Gecko) Version/26.2 Mobile/15E148 Safari/604.1"
98.63.199.239 - - [29/Jan/2026:04:26:31 -0500] "GET /media/thumbs/7/6/5/5/3/7655321fb9372b.mp4/7655321fb9372b.mp4-6.jpg HTTP/1.1" 200 11494 "https://porn.tw/video/sammyroberts-colombian-porn-562.html" "Mozilla/5.0 (iPhone; CPU iPhone OS 18_7 like Mac OS X) AppleWebKit/605.1.15 (KHTML, like Gecko) Version/26.2 Mobile/15E148 Safari/604.1"
98.63.199.239 - - [29/Jan/2026:04:26:32 -0500] "GET /media/thumbs/7/6/5/5/3/7655321fb9372b.mp4/7655321fb9372b.mp4-7.jpg HTTP/1.1" 200 11303 "https://porn.tw/video/sammyroberts-colombian-porn-562.html" "Mozilla/5.0 (iPhone; CPU iPhone OS 18_7 like Mac OS X) AppleWebKit/605.1.15 (KHTML, like Gecko) Version/26.2 Mobile/15E148 Safari/604.1"
220.181.108.146 - - [29/Jan/2026:04:26:32 -0500] "GET /action.php?action=add_favorites&id=623 HTTP/1.1" 403 - "-" "Mozilla/5.0 (compatible; Baiduspider/2.0; +http://www.baidu.com/search/spider.html)"
98.63.199.239 - - [29/Jan/2026:04:26:32 -0500] "GET /media/thumbs/7/6/5/5/3/7655321fb9372b.mp4/7655321fb9372b.mp4-8.jpg HTTP/1.1" 200 11476 "https://porn.tw/video/sammyroberts-colombian-porn-562.html" "Mozilla/5.0 (iPhone; CPU iPhone OS 18_7 like Mac OS X) AppleWebKit/605.1.15 (KHTML, like Gecko) Version/26.2 Mobile/15E148 Safari/604.1"
98.63.199.239 - - [29/Jan/2026:04:26:33 -0500] "GET /media/thumbs/7/6/5/5/3/7655321fb9372b.mp4/7655321fb9372b.mp4-9.jpg HTTP/1.1" 200 11420 "https://porn.tw/video/sammyroberts-colombian-porn-562.html" "Mozilla/5.0 (iPhone; CPU iPhone OS 18_7 like Mac OS X) AppleWebKit/605.1.15 (KHTML, like Gecko) Version/26.2 Mobile/15E148 Safari/604.1"
217.113.194.80 - - [29/Jan/2026:04:26:34 -0500] "GET /search/hard-toy-porn/newest/page8.html HTTP/1.1" 200 71010 "-" "Mozilla/5.0 (compatible; Barkrowler/0.9; +https://babbar.tech/crawler)"
98.63.199.239 - - [29/Jan/2026:04:26:34 -0500] "GET /video/allijadid-colombian-68.html HTTP/1.1" 200 52417 "https://porn.tw/video/sammyroberts-colombian-porn-562.html" "Mozilla/5.0 (iPhone; CPU iPhone OS 18_7 like Mac OS X) AppleWebKit/605.1.15 (KHTML, like Gecko) Version/26.2 Mobile/15E148 Safari/604.1"
98.63.199.239 - - [29/Jan/2026:04:26:34 -0500] "GET /media/thumbs/7/6/5/3/f/7653f417d7665f.mp4/vtt_003.jpg HTTP/1.1" 200 7064 "https://porn.tw/video/allijadid-colombian-68.html" "Mozilla/5.0 (iPhone; CPU iPhone OS 18_7 like Mac OS X) AppleWebKit/605.1.15 (KHTML, like Gecko) Version/26.2 Mobile/15E148 Safari/604.1"
98.63.199.239 - - [29/Jan/2026:04:26:34 -0500] "GET /media/thumbs/7/6/5/3/f/7653f417d7665f.mp4/vtt_012.jpg HTTP/1.1" 200 6923 "https://porn.tw/video/allijadid-colombian-68.html" "Mozilla/5.0 (iPhone; CPU iPhone OS 18_7 like Mac OS X) AppleWebKit/605.1.15 (KHTML, like Gecko) Version/26.2 Mobile/15E148 Safari/604.1"
98.63.199.239 - - [29/Jan/2026:04:26:34 -0500] "GET /core/js/gdprJs.php HTTP/1.1" 200 1238 "https://porn.tw/video/allijadid-colombian-68.html" "Mozilla/5.0 (iPhone; CPU iPhone OS 18_7 like Mac OS X) AppleWebKit/605.1.15 (KHTML, like Gecko) Version/26.2 Mobile/15E148 Safari/604.1"
98.63.199.239 - - [29/Jan/2026:04:26:34 -0500] "GET /media/thumbs/7/6/5/3/f/7653f417d7665f.mp4/vtt_006.jpg HTTP/1.1" 200 6748 "https://porn.tw/video/allijadid-colombian-68.html" "Mozilla/5.0 (iPhone; CPU iPhone OS 18_7 like Mac OS X) AppleWebKit/605.1.15 (KHTML, like Gecko) Version/26.2 Mobile/15E148 Safari/604.1"
98.63.199.239 - - [29/Jan/2026:04:26:34 -0500] "GET /core/js/ageWarningJs.php HTTP/1.1" 200 1037 "https://porn.tw/video/allijadid-colombian-68.html" "Mozilla/5.0 (iPhone; CPU iPhone OS 18_7 like Mac OS X) AppleWebKit/605.1.15 (KHTML, like Gecko) Version/26.2 Mobile/15E148 Safari/604.1"
98.63.199.239 - - [29/Jan/2026:04:26:34 -0500] "GET /media/thumbs/7/6/5/3/b/7653b4b9a3e974.mp4/7653b4b9a3e974.mp4-7.jpg HTTP/1.1" 200 9636 "https://porn.tw/video/allijadid-colombian-68.html" "Mozilla/5.0 (iPhone; CPU iPhone OS 18_7 like Mac OS X) AppleWebKit/605.1.15 (KHTML, like Gecko) Version/26.2 Mobile/15E148 Safari/604.1"
98.63.199.239 - - [29/Jan/2026:04:26:34 -0500] "GET /media/thumbs/7/6/5/3/f/7653f417d7665f.mp4/vtt_036.jpg HTTP/1.1" 200 6955 "https://porn.tw/video/allijadid-colombian-68.html" "Mozilla/5.0 (iPhone; CPU iPhone OS 18_7 like Mac OS X) AppleWebKit/605.1.15 (KHTML, like Gecko) Version/26.2 Mobile/15E148 Safari/604.1"
98.63.199.239 - - [29/Jan/2026:04:26:34 -0500] "GET /media/thumbs/7/6/5/3/f/7653f417d7665f.mp4/vtt_033.jpg HTTP/1.1" 200 7275 "https://porn.tw/video/allijadid-colombian-68.html" "Mozilla/5.0 (iPhone; CPU iPhone OS 18_7 like Mac OS X) AppleWebKit/605.1.15 (KHTML, like Gecko) Version/26.2 Mobile/15E148 Safari/604.1"
98.63.199.239 - - [29/Jan/2026:04:26:34 -0500] "GET /media/thumbs/7/6/5/3/f/7653f417d7665f.mp4/vtt_027.jpg HTTP/1.1" 200 6933 "https://porn.tw/video/allijadid-colombian-68.html" "Mozilla/5.0 (iPhone; CPU iPhone OS 18_7 like Mac OS X) AppleWebKit/605.1.15 (KHTML, like Gecko) Version/26.2 Mobile/15E148 Safari/604.1"
98.63.199.239 - - [29/Jan/2026:04:26:34 -0500] "GET /media/thumbs/7/6/5/3/f/7653f417d7665f.mp4/vtt_030.jpg HTTP/1.1" 200 8137 "https://porn.tw/video/allijadid-colombian-68.html" "Mozilla/5.0 (iPhone; CPU iPhone OS 18_7 like Mac OS X) AppleWebKit/605.1.15 (KHTML, like Gecko) Version/26.2 Mobile/15E148 Safari/604.1"
98.63.199.239 - - [29/Jan/2026:04:26:34 -0500] "GET /media/thumbs/3/6/5/3/a/3653a010d7b93e.mp4/3653a010d7b93e.mp4-3.jpg HTTP/1.1" 200 12672 "https://porn.tw/video/allijadid-colombian-68.html" "Mozilla/5.0 (iPhone; CPU iPhone OS 18_7 like Mac OS X) AppleWebKit/605.1.15 (KHTML, like Gecko) Version/26.2 Mobile/15E148 Safari/604.1"
98.63.199.239 - - [29/Jan/2026:04:26:35 -0500] "GET /media/thumbs/7/6/5/3/5/765355d9f68bfa.mp4/765355d9f68bfa.mp4-3.jpg HTTP/1.1" 200 8263 "https://porn.tw/video/allijadid-colombian-68.html" "Mozilla/5.0 (iPhone; CPU iPhone OS 18_7 like Mac OS X) AppleWebKit/605.1.15 (KHTML, like Gecko) Version/26.2 Mobile/15E148 Safari/604.1"
98.63.199.239 - - [29/Jan/2026:04:26:35 -0500] "GET /media/thumbs/7/6/5/3/f/7653f417d7665f.mp4/vtt_009.jpg HTTP/1.1" 200 8192 "https://porn.tw/video/allijadid-colombian-68.html" "Mozilla/5.0 (iPhone; CPU iPhone OS 18_7 like Mac OS X) AppleWebKit/605.1.15 (KHTML, like Gecko) Version/26.2 Mobile/15E148 Safari/604.1"
98.63.199.239 - - [29/Jan/2026:04:26:35 -0500] "GET /media/thumbs/6/6/5/3/5/665355e1b264f2.mp4/665355e1b264f2.mp4-8.jpg HTTP/1.1" 200 12817 "https://porn.tw/video/allijadid-colombian-68.html" "Mozilla/5.0 (iPhone; CPU iPhone OS 18_7 like Mac OS X) AppleWebKit/605.1.15 (KHTML, like Gecko) Version/26.2 Mobile/15E148 Safari/604.1"
98.63.199.239 - - [29/Jan/2026:04:26:35 -0500] "GET /media/thumbs/7/6/5/3/f/7653f417d7665f.mp4/vtt_021.jpg HTTP/1.1" 200 6968 "https://porn.tw/video/allijadid-colombian-68.html" "Mozilla/5.0 (iPhone; CPU iPhone OS 18_7 like Mac OS X) AppleWebKit/605.1.15 (KHTML, like Gecko) Version/26.2 Mobile/15E148 Safari/604.1"
98.63.199.239 - - [29/Jan/2026:04:26:35 -0500] "GET /media/thumbs/7/6/5/3/f/7653f417d7665f.mp4/7653f417d7665f.mp4-3b.jpg HTTP/1.1" 200 73579 "https://porn.tw/video/allijadid-colombian-68.html" "Mozilla/5.0 (iPhone; CPU iPhone OS 18_7 like Mac OS X) AppleWebKit/605.1.15 (KHTML, like Gecko) Version/26.2 Mobile/15E148 Safari/604.1"
98.63.199.239 - - [29/Jan/2026:04:26:35 -0500] "GET /media/thumbs/7/6/5/3/9/7653946fa8b5e0.mp4/7653946fa8b5e0.mp4-1.jpg HTTP/1.1" 200 11343 "https://porn.tw/video/allijadid-colombian-68.html" "Mozilla/5.0 (iPhone; CPU iPhone OS 18_7 like Mac OS X) AppleWebKit/605.1.15 (KHTML, like Gecko) Version/26.2 Mobile/15E148 Safari/604.1"
98.63.199.239 - - [29/Jan/2026:04:26:35 -0500] "GET /media/thumbs/7/6/5/3/a/7653a045b4c297.mp4/7653a045b4c297.mp4-4.jpg HTTP/1.1" 200 9007 "https://porn.tw/video/allijadid-colombian-68.html" "Mozilla/5.0 (iPhone; CPU iPhone OS 18_7 like Mac OS X) AppleWebKit/605.1.15 (KHTML, like Gecko) Version/26.2 Mobile/15E148 Safari/604.1"
98.63.199.239 - - [29/Jan/2026:04:26:35 -0500] "GET /media/thumbs/3/6/5/3/7/3653779d0e668e.mp4/3653779d0e668e.mp4-2.jpg HTTP/1.1" 200 10317 "https://porn.tw/video/allijadid-colombian-68.html" "Mozilla/5.0 (iPhone; CPU iPhone OS 18_7 like Mac OS X) AppleWebKit/605.1.15 (KHTML, like Gecko) Version/26.2 Mobile/15E148 Safari/604.1"
98.63.199.239 - - [29/Jan/2026:04:26:35 -0500] "GET /media/thumbs/3/6/5/3/c/3653cedb9e6014.mp4/3653cedb9e6014.mp4-3.jpg HTTP/1.1" 200 10312 "https://porn.tw/video/allijadid-colombian-68.html" "Mozilla/5.0 (iPhone; CPU iPhone OS 18_7 like Mac OS X) AppleWebKit/605.1.15 (KHTML, like Gecko) Version/26.2 Mobile/15E148 Safari/604.1"
119.249.100.110 - - [29/Jan/2026:04:26:35 -0500] "GET /action.php?action=add_favorites&id=623 HTTP/1.1" 200 727 "-" "Mozilla/5.0 (Windows NT 10.0; WOW64) AppleWebKit/537.36 (KHTML, like Gecko) Chrome/48.0.2564.116 Safari/537.36"
98.63.199.239 - - [29/Jan/2026:04:26:35 -0500] "GET /media/thumbs/7/6/5/3/f/7653f417d7665f.mp4/vtt_024.jpg HTTP/1.1" 200 8612 "https://porn.tw/video/allijadid-colombian-68.html" "Mozilla/5.0 (iPhone; CPU iPhone OS 18_7 like Mac OS X) AppleWebKit/605.1.15 (KHTML, like Gecko) Version/26.2 Mobile/15E148 Safari/604.1"
98.63.199.239 - - [29/Jan/2026:04:26:35 -0500] "GET /media/thumbs/7/6/5/3/9/76539e6df82f7b.mp4/76539e6df82f7b.mp4-2.jpg HTTP/1.1" 200 11102 "https://porn.tw/video/allijadid-colombian-68.html" "Mozilla/5.0 (iPhone; CPU iPhone OS 18_7 like Mac OS X) AppleWebKit/605.1.15 (KHTML, like Gecko) Version/26.2 Mobile/15E148 Safari/604.1"
98.63.199.239 - - [29/Jan/2026:04:26:35 -0500] "GET /media/thumbs/3/6/5/3/3/36533883a8fe2d.mp4/36533883a8fe2d.mp4-2.jpg HTTP/1.1" 200 8338 "https://porn.tw/video/allijadid-colombian-68.html" "Mozilla/5.0 (iPhone; CPU iPhone OS 18_7 like Mac OS X) AppleWebKit/605.1.15 (KHTML, like Gecko) Version/26.2 Mobile/15E148 Safari/604.1"
98.63.199.239 - - [29/Jan/2026:04:26:35 -0500] "GET /media/thumbs/7/6/5/3/f/7653f417d7665f.mp4/vtt_015.jpg HTTP/1.1" 200 7447 "https://porn.tw/video/allijadid-colombian-68.html" "Mozilla/5.0 (iPhone; CPU iPhone OS 18_7 like Mac OS X) AppleWebKit/605.1.15 (KHTML, like Gecko) Version/26.2 Mobile/15E148 Safari/604.1"
98.63.199.239 - - [29/Jan/2026:04:26:35 -0500] "GET /media/thumbs/7/6/5/3/f/7653f417d7665f.mp4/vtt_018.jpg HTTP/1.1" 200 6867 "https://porn.tw/video/allijadid-colombian-68.html" "Mozilla/5.0 (iPhone; CPU iPhone OS 18_7 like Mac OS X) AppleWebKit/605.1.15 (KHTML, like Gecko) Version/26.2 Mobile/15E148 Safari/604.1"
98.63.199.239 - - [29/Jan/2026:04:26:35 -0500] "GET /media/videos/7/6/5/3/f/7653f417d7665f.mp4 HTTP/1.1" 206 2 "https://porn.tw/video/allijadid-colombian-68.html" "Mozilla/5.0 (iPhone; CPU iPhone OS 18_7 like Mac OS X) AppleWebKit/605.1.15 (KHTML, like Gecko) Version/26.2 Mobile/15E148 Safari/604.1"
98.63.199.239 - - [29/Jan/2026:04:26:35 -0500] "GET /webvtt/68.vtt HTTP/1.1" 200 3618 "https://porn.tw/video/allijadid-colombian-68.html" "Mozilla/5.0 (iPhone; CPU iPhone OS 18_7 like Mac OS X) AppleWebKit/605.1.15 (KHTML, like Gecko) Version/26.2 Mobile/15E148 Safari/604.1"
98.63.199.239 - - [29/Jan/2026:04:26:35 -0500] "GET /templates/default_tube2019/template.ajax_comments.php?id=68&type=0&loaded=0&time=1769678794862 HTTP/1.1" 200 133 "https://porn.tw/video/allijadid-colombian-68.html" "Mozilla/5.0 (iPhone; CPU iPhone OS 18_7 like Mac OS X) AppleWebKit/605.1.15 (KHTML, like Gecko) Version/26.2 Mobile/15E148 Safari/604.1"
98.63.199.239 - - [29/Jan/2026:04:26:35 -0500] "GET /media/videos/7/6/5/3/f/7653f417d7665f.mp4 HTTP/1.1" 206 70505882 "https://porn.tw/video/allijadid-colombian-68.html" "Mozilla/5.0 (iPhone; CPU iPhone OS 18_7 like Mac OS X) AppleWebKit/605.1.15 (KHTML, like Gecko) Version/26.2 Mobile/15E148 Safari/604.1"
98.63.199.239 - - [29/Jan/2026:04:26:35 -0500] "GET /media/videos/7/6/5/3/f/7653f417d7665f.mp4 HTTP/1.1" 206 70440346 "https://porn.tw/video/allijadid-colombian-68.html" "Mozilla/5.0 (iPhone; CPU iPhone OS 18_7 like Mac OS X) AppleWebKit/605.1.15 (KHTML, like Gecko) Version/26.2 Mobile/15E148 Safari/604.1"
98.63.199.239 - - [29/Jan/2026:04:26:35 -0500] "GET /media/videos/7/6/5/3/f/7653f417d7665f.mp4 HTTP/1.1" 206 49461 "https://porn.tw/video/allijadid-colombian-68.html" "Mozilla/5.0 (iPhone; CPU iPhone OS 18_7 like Mac OS X) AppleWebKit/605.1.15 (KHTML, like Gecko) Version/26.2 Mobile/15E148 Safari/604.1"
98.63.199.239 - - [29/Jan/2026:04:26:35 -0500] "GET /media/videos/7/6/5/3/f/7653f417d7665f.mp4 HTTP/1.1" 206 70309587 "https://porn.tw/video/allijadid-colombian-68.html" "Mozilla/5.0 (iPhone; CPU iPhone OS 18_7 like Mac OS X) AppleWebKit/605.1.15 (KHTML, like Gecko) Version/26.2 Mobile/15E148 Safari/604.1"
98.63.199.239 - - [29/Jan/2026:04:26:44 -0500] "GET /media/thumbs/7/6/5/3/b/7653b4b9a3e974.mp4/7653b4b9a3e974.mp4-8.jpg HTTP/1.1" 200 11304 "https://porn.tw/video/allijadid-colombian-68.html" "Mozilla/5.0 (iPhone; CPU iPhone OS 18_7 like Mac OS X) AppleWebKit/605.1.15 (KHTML, like Gecko) Version/26.2 Mobile/15E148 Safari/604.1"
98.63.199.239 - - [29/Jan/2026:04:26:44 -0500] "GET /media/thumbs/7/6/5/3/b/7653b4b9a3e974.mp4/7653b4b9a3e974.mp4-9.jpg HTTP/1.1" 200 10350 "https://porn.tw/video/allijadid-colombian-68.html" "Mozilla/5.0 (iPhone; CPU iPhone OS 18_7 like Mac OS X) AppleWebKit/605.1.15 (KHTML, like Gecko) Version/26.2 Mobile/15E148 Safari/604.1"
98.63.199.239 - - [29/Jan/2026:04:26:45 -0500] "GET /media/thumbs/7/6/5/3/b/7653b4b9a3e974.mp4/7653b4b9a3e974.mp4-1.jpg HTTP/1.1" 200 11855 "https://porn.tw/video/allijadid-colombian-68.html" "Mozilla/5.0 (iPhone; CPU iPhone OS 18_7 like Mac OS X) AppleWebKit/605.1.15 (KHTML, like Gecko) Version/26.2 Mobile/15E148 Safari/604.1"
98.63.199.239 - - [29/Jan/2026:04:26:45 -0500] "GET /media/thumbs/7/6/5/3/b/7653b4b9a3e974.mp4/7653b4b9a3e974.mp4-2.jpg HTTP/1.1" 200 11319 "https://porn.tw/video/allijadid-colombian-68.html" "Mozilla/5.0 (iPhone; CPU iPhone OS 18_7 like Mac OS X) AppleWebKit/605.1.15 (KHTML, like Gecko) Version/26.2 Mobile/15E148 Safari/604.1"
98.63.199.239 - - [29/Jan/2026:04:26:46 -0500] "GET /media/thumbs/7/6/5/3/b/7653b4b9a3e974.mp4/7653b4b9a3e974.mp4-3.jpg HTTP/1.1" 200 7898 "https://porn.tw/video/allijadid-colombian-68.html" "Mozilla/5.0 (iPhone; CPU iPhone OS 18_7 like Mac OS X) AppleWebKit/605.1.15 (KHTML, like Gecko) Version/26.2 Mobile/15E148 Safari/604.1"
217.113.194.81 - - [29/Jan/2026:04:26:46 -0500] "GET /search/orgasmic-pleasure/views/page2.html HTTP/1.1" 200 74257 "-" "Mozilla/5.0 (compatible; Barkrowler/0.9; +https://babbar.tech/crawler)"
98.63.199.239 - - [29/Jan/2026:04:26:46 -0500] "GET /media/thumbs/7/6/5/3/b/7653b4b9a3e974.mp4/7653b4b9a3e974.mp4-4.jpg HTTP/1.1" 200 10846 "https://porn.tw/video/allijadid-colombian-68.html" "Mozilla/5.0 (iPhone; CPU iPhone OS 18_7 like Mac OS X) AppleWebKit/605.1.15 (KHTML, like Gecko) Version/26.2 Mobile/15E148 Safari/604.1"
98.63.199.239 - - [29/Jan/2026:04:26:46 -0500] "GET /media/thumbs/7/6/5/3/d/7653d2fc4737e4.mp4/7653d2fc4737e4.mp4-4.jpg HTTP/1.1" 200 12748 "https://porn.tw/video/allijadid-colombian-68.html" "Mozilla/5.0 (iPhone; CPU iPhone OS 18_7 like Mac OS X) AppleWebKit/605.1.15 (KHTML, like Gecko) Version/26.2 Mobile/15E148 Safari/604.1"
98.63.199.239 - - [29/Jan/2026:04:26:47 -0500] "GET /media/thumbs/7/6/5/3/d/7653d2fc4737e4.mp4/7653d2fc4737e4.mp4-5.jpg HTTP/1.1" 200 11205 "https://porn.tw/video/allijadid-colombian-68.html" "Mozilla/5.0 (iPhone; CPU iPhone OS 18_7 like Mac OS X) AppleWebKit/605.1.15 (KHTML, like Gecko) Version/26.2 Mobile/15E148 Safari/604.1"
98.63.199.239 - - [29/Jan/2026:04:26:47 -0500] "GET /media/thumbs/7/6/5/3/d/7653d2fc4737e4.mp4/7653d2fc4737e4.mp4-6.jpg HTTP/1.1" 200 12111 "https://porn.tw/video/allijadid-colombian-68.html" "Mozilla/5.0 (iPhone; CPU iPhone OS 18_7 like Mac OS X) AppleWebKit/605.1.15 (KHTML, like Gecko) Version/26.2 Mobile/15E148 Safari/604.1"
66.249.74.4 - - [29/Jan/2026:04:26:47 -0500] "GET /search/sharoon-fleming-porn/rating/page4.html HTTP/1.1" 200 73744 "-" "Mozilla/5.0 (Linux; Android 6.0.1; Nexus 5X Build/MMB29P) AppleWebKit/537.36 (KHTML, like Gecko) Chrome/143.0.7499.192 Mobile Safari/537.36 (compatible; Googlebot/2.1; +http://www.google.com/bot.html)"
98.63.199.239 - - [29/Jan/2026:04:26:48 -0500] "GET /media/thumbs/7/6/5/3/d/7653d2fc4737e4.mp4/7653d2fc4737e4.mp4-7.jpg HTTP/1.1" 200 12155 "https://porn.tw/video/allijadid-colombian-68.html" "Mozilla/5.0 (iPhone; CPU iPhone OS 18_7 like Mac OS X) AppleWebKit/605.1.15 (KHTML, like Gecko) Version/26.2 Mobile/15E148 Safari/604.1"
98.63.199.239 - - [29/Jan/2026:04:26:48 -0500] "GET /media/thumbs/7/6/5/3/d/7653d2fc4737e4.mp4/7653d2fc4737e4.mp4-8.jpg HTTP/1.1" 200 11392 "https://porn.tw/video/allijadid-colombian-68.html" "Mozilla/5.0 (iPhone; CPU iPhone OS 18_7 like Mac OS X) AppleWebKit/605.1.15 (KHTML, like Gecko) Version/26.2 Mobile/15E148 Safari/604.1"
98.63.199.239 - - [29/Jan/2026:04:26:49 -0500] "GET /media/thumbs/7/6/5/3/d/7653d2fc4737e4.mp4/7653d2fc4737e4.mp4-9.jpg HTTP/1.1" 200 11435 "https://porn.tw/video/allijadid-colombian-68.html" "Mozilla/5.0 (iPhone; CPU iPhone OS 18_7 like Mac OS X) AppleWebKit/605.1.15 (KHTML, like Gecko) Version/26.2 Mobile/15E148 Safari/604.1"
98.63.199.239 - - [29/Jan/2026:04:26:49 -0500] "GET /media/thumbs/7/6/5/3/d/7653d2fc4737e4.mp4/7653d2fc4737e4.mp4-1.jpg HTTP/1.1" 200 12536 "https://porn.tw/video/allijadid-colombian-68.html" "Mozilla/5.0 (iPhone; CPU iPhone OS 18_7 like Mac OS X) AppleWebKit/605.1.15 (KHTML, like Gecko) Version/26.2 Mobile/15E148 Safari/604.1"
217.113.194.79 - - [29/Jan/2026:04:26:49 -0500] "GET /search/hard-toy-porn/newest/page9.html HTTP/1.1" 200 40029 "-" "Mozilla/5.0 (compatible; Barkrowler/0.9; +https://babbar.tech/crawler)"
98.63.199.239 - - [29/Jan/2026:04:26:50 -0500] "GET /media/thumbs/7/6/5/3/d/7653d2fc4737e4.mp4/7653d2fc4737e4.mp4-2.jpg HTTP/1.1" 200 12514 "https://porn.tw/video/allijadid-colombian-68.html" "Mozilla/5.0 (iPhone; CPU iPhone OS 18_7 like Mac OS X) AppleWebKit/605.1.15 (KHTML, like Gecko) Version/26.2 Mobile/15E148 Safari/604.1"
98.63.199.239 - - [29/Jan/2026:04:26:52 -0500] "GET /media/thumbs/7/6/5/3/9/7653946fa8b5e0.mp4/7653946fa8b5e0.mp4-2.jpg HTTP/1.1" 200 7450 "https://porn.tw/video/allijadid-colombian-68.html" "Mozilla/5.0 (iPhone; CPU iPhone OS 18_7 like Mac OS X) AppleWebKit/605.1.15 (KHTML, like Gecko) Version/26.2 Mobile/15E148 Safari/604.1"
98.63.199.239 - - [29/Jan/2026:04:26:53 -0500] "GET /media/thumbs/7/6/5/3/9/7653946fa8b5e0.mp4/7653946fa8b5e0.mp4-3.jpg HTTP/1.1" 200 7532 "https://porn.tw/video/allijadid-colombian-68.html" "Mozilla/5.0 (iPhone; CPU iPhone OS 18_7 like Mac OS X) AppleWebKit/605.1.15 (KHTML, like Gecko) Version/26.2 Mobile/15E148 Safari/604.1"
98.63.199.239 - - [29/Jan/2026:04:26:53 -0500] "GET /media/thumbs/7/6/5/3/9/7653946fa8b5e0.mp4/7653946fa8b5e0.mp4-4.jpg HTTP/1.1" 200 8545 "https://porn.tw/video/allijadid-colombian-68.html" "Mozilla/5.0 (iPhone; CPU iPhone OS 18_7 like Mac OS X) AppleWebKit/605.1.15 (KHTML, like Gecko) Version/26.2 Mobile/15E148 Safari/604.1"
98.63.199.239 - - [29/Jan/2026:04:26:53 -0500] "GET /media/thumbs/7/6/5/3/9/7653946fa8b5e0.mp4/7653946fa8b5e0.mp4-5.jpg HTTP/1.1" 200 8381 "https://porn.tw/video/allijadid-colombian-68.html" "Mozilla/5.0 (iPhone; CPU iPhone OS 18_7 like Mac OS X) AppleWebKit/605.1.15 (KHTML, like Gecko) Version/26.2 Mobile/15E148 Safari/604.1"
98.63.199.239 - - [29/Jan/2026:04:26:54 -0500] "GET /media/thumbs/7/6/5/3/9/7653946fa8b5e0.mp4/7653946fa8b5e0.mp4-6.jpg HTTP/1.1" 200 8230 "https://porn.tw/video/allijadid-colombian-68.html" "Mozilla/5.0 (iPhone; CPU iPhone OS 18_7 like Mac OS X) AppleWebKit/605.1.15 (KHTML, like Gecko) Version/26.2 Mobile/15E148 Safari/604.1"
98.63.199.239 - - [29/Jan/2026:04:26:54 -0500] "GET /media/thumbs/7/6/5/3/9/7653946fa8b5e0.mp4/7653946fa8b5e0.mp4-7.jpg HTTP/1.1" 200 7589 "https://porn.tw/video/allijadid-colombian-68.html" "Mozilla/5.0 (iPhone; CPU iPhone OS 18_7 like Mac OS X) AppleWebKit/605.1.15 (KHTML, like Gecko) Version/26.2 Mobile/15E148 Safari/604.1"
98.63.199.239 - - [29/Jan/2026:04:26:55 -0500] "GET /media/thumbs/7/6/5/3/9/7653946fa8b5e0.mp4/7653946fa8b5e0.mp4-8.jpg HTTP/1.1" 200 6610 "https://porn.tw/video/allijadid-colombian-68.html" "Mozilla/5.0 (iPhone; CPU iPhone OS 18_7 like Mac OS X) AppleWebKit/605.1.15 (KHTML, like Gecko) Version/26.2 Mobile/15E148 Safari/604.1"
98.63.199.239 - - [29/Jan/2026:04:26:55 -0500] "GET /media/thumbs/7/6/5/3/9/7653946fa8b5e0.mp4/7653946fa8b5e0.mp4-9.jpg HTTP/1.1" 200 8454 "https://porn.tw/video/allijadid-colombian-68.html" "Mozilla/5.0 (iPhone; CPU iPhone OS 18_7 like Mac OS X) AppleWebKit/605.1.15 (KHTML, like Gecko) Version/26.2 Mobile/15E148 Safari/604.1"
217.113.194.72 - - [29/Jan/2026:04:27:01 -0500] "GET /search/orgasmic-pleasure/views/page7.html HTTP/1.1" 200 75194 "-" "Mozilla/5.0 (compatible; Barkrowler/0.9; +https://babbar.tech/crawler)"
217.113.194.217 - - [29/Jan/2026:04:27:05 -0500] "GET /search/hard-toy-porn/views/page1.html HTTP/1.1" 200 71829 "-" "Mozilla/5.0 (compatible; Barkrowler/0.9; +https://babbar.tech/crawler)"
98.63.199.239 - - [29/Jan/2026:04:27:07 -0500] "GET / HTTP/1.1" 200 98177 "https://porn.tw/video/allijadid-colombian-68.html" "Mozilla/5.0 (iPhone; CPU iPhone OS 18_7 like Mac OS X) AppleWebKit/605.1.15 (KHTML, like Gecko) Version/26.2 Mobile/15E148 Safari/604.1"
98.63.199.239 - - [29/Jan/2026:04:27:07 -0500] "GET /media/thumbs/1/1/6/7/a/1167a2dbb72f625.mp4/1167a2dbb72f625.mp4-6.jpg HTTP/1.1" 200 11637 "https://porn.tw/" "Mozilla/5.0 (iPhone; CPU iPhone OS 18_7 like Mac OS X) AppleWebKit/605.1.15 (KHTML, like Gecko) Version/26.2 Mobile/15E148 Safari/604.1"
98.63.199.239 - - [29/Jan/2026:04:27:07 -0500] "GET /media/thumbs/7/6/8/3/5/768351882a1956.mp4/768351882a1956.mp4-3.jpg HTTP/1.1" 200 12911 "https://porn.tw/" "Mozilla/5.0 (iPhone; CPU iPhone OS 18_7 like Mac OS X) AppleWebKit/605.1.15 (KHTML, like Gecko) Version/26.2 Mobile/15E148 Safari/604.1"
98.63.199.239 - - [29/Jan/2026:04:27:07 -0500] "GET /core/js/ageWarningJs.php HTTP/1.1" 200 1037 "https://porn.tw/" "Mozilla/5.0 (iPhone; CPU iPhone OS 18_7 like Mac OS X) AppleWebKit/605.1.15 (KHTML, like Gecko) Version/26.2 Mobile/15E148 Safari/604.1"
98.63.199.239 - - [29/Jan/2026:04:27:07 -0500] "GET /core/js/gdprJs.php HTTP/1.1" 200 1238 "https://porn.tw/" "Mozilla/5.0 (iPhone; CPU iPhone OS 18_7 like Mac OS X) AppleWebKit/605.1.15 (KHTML, like Gecko) Version/26.2 Mobile/15E148 Safari/604.1"
98.63.199.239 - - [29/Jan/2026:04:27:07 -0500] "GET /media/thumbs/7/6/8/5/3/76853848dba0be.mp4/76853848dba0be.mp4-3.jpg HTTP/1.1" 200 10852 "https://porn.tw/" "Mozilla/5.0 (iPhone; CPU iPhone OS 18_7 like Mac OS X) AppleWebKit/605.1.15 (KHTML, like Gecko) Version/26.2 Mobile/15E148 Safari/604.1"
98.63.199.239 - - [29/Jan/2026:04:27:07 -0500] "GET /media/thumbs/7/6/5/9/a/7659a0bb97102a.mp4/7659a0bb97102a.mp4-3.jpg HTTP/1.1" 200 9149 "https://porn.tw/" "Mozilla/5.0 (iPhone; CPU iPhone OS 18_7 like Mac OS X) AppleWebKit/605.1.15 (KHTML, like Gecko) Version/26.2 Mobile/15E148 Safari/604.1"
98.63.199.239 - - [29/Jan/2026:04:27:13 -0500] "GET /media/thumbs/9/6/8/a/e/968ae740c05d07.mp4/968ae740c05d07.mp4-3.jpg HTTP/1.1" 200 11317 "https://porn.tw/" "Mozilla/5.0 (iPhone; CPU iPhone OS 18_7 like Mac OS X) AppleWebKit/605.1.15 (KHTML, like Gecko) Version/26.2 Mobile/15E148 Safari/604.1"
98.63.199.239 - - [29/Jan/2026:04:27:14 -0500] "GET /media/thumbs/9/6/8/a/e/968ae740c05d07.mp4/968ae740c05d07.mp4-4.jpg HTTP/1.1" 200 9819 "https://porn.tw/" "Mozilla/5.0 (iPhone; CPU iPhone OS 18_7 like Mac OS X) AppleWebKit/605.1.15 (KHTML, like Gecko) Version/26.2 Mobile/15E148 Safari/604.1"
220.181.108.175 - - [29/Jan/2026:04:27:14 -0500] "GET /search/live-boyfriend-porn/rating/page8.html HTTP/1.1" 403 - "-" "Mozilla/5.0 (compatible; Baiduspider/2.0; +http://www.baidu.com/search/spider.html)"
98.63.199.239 - - [29/Jan/2026:04:27:14 -0500] "GET /media/thumbs/9/6/8/a/e/968ae740c05d07.mp4/968ae740c05d07.mp4-5.jpg HTTP/1.1" 200 9595 "https://porn.tw/" "Mozilla/5.0 (iPhone; CPU iPhone OS 18_7 like Mac OS X) AppleWebKit/605.1.15 (KHTML, like Gecko) Version/26.2 Mobile/15E148 Safari/604.1"
98.63.199.239 - - [29/Jan/2026:04:27:15 -0500] "GET /media/thumbs/9/6/8/a/e/968ae740c05d07.mp4/968ae740c05d07.mp4-6.jpg HTTP/1.1" 200 9982 "https://porn.tw/" "Mozilla/5.0 (iPhone; CPU iPhone OS 18_7 like Mac OS X) AppleWebKit/605.1.15 (KHTML, like Gecko) Version/26.2 Mobile/15E148 Safari/604.1"
98.63.199.239 - - [29/Jan/2026:04:27:15 -0500] "GET /media/thumbs/9/6/8/a/e/968ae740c05d07.mp4/968ae740c05d07.mp4-7.jpg HTTP/1.1" 200 9805 "https://porn.tw/" "Mozilla/5.0 (iPhone; CPU iPhone OS 18_7 like Mac OS X) AppleWebKit/605.1.15 (KHTML, like Gecko) Version/26.2 Mobile/15E148 Safari/604.1"
66.249.74.6 - - [29/Jan/2026:04:27:16 -0500] "GET /search/blonde-emmaaaa-cam/rating/page2.html HTTP/1.1" 200 73291 "-" "Mozilla/5.0 (Linux; Android 6.0.1; Nexus 5X Build/MMB29P) AppleWebKit/537.36 (KHTML, like Gecko) Chrome/143.0.7499.192 Mobile Safari/537.36 (compatible; Googlebot/2.1; +http://www.google.com/bot.html)"
98.63.199.239 - - [29/Jan/2026:04:27:16 -0500] "GET /media/thumbs/9/6/8/a/e/968ae740c05d07.mp4/968ae740c05d07.mp4-8.jpg HTTP/1.1" 200 11441 "https://porn.tw/" "Mozilla/5.0 (iPhone; CPU iPhone OS 18_7 like Mac OS X) AppleWebKit/605.1.15 (KHTML, like Gecko) Version/26.2 Mobile/15E148 Safari/604.1"
98.63.199.239 - - [29/Jan/2026:04:27:16 -0500] "GET /media/thumbs/9/6/8/a/e/968ae740c05d07.mp4/968ae740c05d07.mp4-9.jpg HTTP/1.1" 200 11361 "https://porn.tw/" "Mozilla/5.0 (iPhone; CPU iPhone OS 18_7 like Mac OS X) AppleWebKit/605.1.15 (KHTML, like Gecko) Version/26.2 Mobile/15E148 Safari/604.1"
98.63.199.239 - - [29/Jan/2026:04:27:17 -0500] "GET /media/thumbs/9/6/8/a/e/968ae740c05d07.mp4/968ae740c05d07.mp4-1.jpg HTTP/1.1" 200 10733 "https://porn.tw/" "Mozilla/5.0 (iPhone; CPU iPhone OS 18_7 like Mac OS X) AppleWebKit/605.1.15 (KHTML, like Gecko) Version/26.2 Mobile/15E148 Safari/604.1"
66.249.74.5 - - [29/Jan/2026:04:27:17 -0500] "GET /search/trans-porn-solo/newest/page7.html HTTP/1.1" 200 78160 "-" "Mozilla/5.0 (Linux; Android 6.0.1; Nexus 5X Build/MMB29P) AppleWebKit/537.36 (KHTML, like Gecko) Chrome/143.0.7499.192 Mobile Safari/537.36 (compatible; Googlebot/2.1; +http://www.google.com/bot.html)"
154.54.249.200 - - [29/Jan/2026:04:27:17 -0500] "GET /search/orgasmic-pleasure/newest/page6.html HTTP/1.1" 200 80496 "-" "Mozilla/5.0 (compatible; Barkrowler/0.9; +https://babbar.tech/crawler)"
98.63.199.239 - - [29/Jan/2026:04:27:19 -0500] "GET /channels/14/webcam/ HTTP/1.1" 200 78989 "https://porn.tw/" "Mozilla/5.0 (iPhone; CPU iPhone OS 18_7 like Mac OS X) AppleWebKit/605.1.15 (KHTML, like Gecko) Version/26.2 Mobile/15E148 Safari/604.1"
98.63.199.239 - - [29/Jan/2026:04:27:19 -0500] "GET /media/thumbs/9/6/8/6/4/96864aea2e259c.mp4/96864aea2e259c.mp4-3.jpg HTTP/1.1" 200 10427 "https://porn.tw/channels/14/webcam/" "Mozilla/5.0 (iPhone; CPU iPhone OS 18_7 like Mac OS X) AppleWebKit/605.1.15 (KHTML, like Gecko) Version/26.2 Mobile/15E148 Safari/604.1"
98.63.199.239 - - [29/Jan/2026:04:27:19 -0500] "GET /media/thumbs/7/6/8/6/4/76864997c5061e.mp4/76864997c5061e.mp4-8.jpg HTTP/1.1" 200 8757 "https://porn.tw/channels/14/webcam/" "Mozilla/5.0 (iPhone; CPU iPhone OS 18_7 like Mac OS X) AppleWebKit/605.1.15 (KHTML, like Gecko) Version/26.2 Mobile/15E148 Safari/604.1"
98.63.199.239 - - [29/Jan/2026:04:27:19 -0500] "GET /core/js/ageWarningJs.php HTTP/1.1" 200 1037 "https://porn.tw/channels/14/webcam/" "Mozilla/5.0 (iPhone; CPU iPhone OS 18_7 like Mac OS X) AppleWebKit/605.1.15 (KHTML, like Gecko) Version/26.2 Mobile/15E148 Safari/604.1"
98.63.199.239 - - [29/Jan/2026:04:27:19 -0500] "GET /core/js/gdprJs.php HTTP/1.1" 200 1238 "https://porn.tw/channels/14/webcam/" "Mozilla/5.0 (iPhone; CPU iPhone OS 18_7 like Mac OS X) AppleWebKit/605.1.15 (KHTML, like Gecko) Version/26.2 Mobile/15E148 Safari/604.1"
98.63.199.239 - - [29/Jan/2026:04:27:19 -0500] "GET /media/thumbs/7/6/8/8/3/768832e90e3c9a.mp4/768832e90e3c9a.mp4-6.jpg HTTP/1.1" 200 10033 "https://porn.tw/channels/14/webcam/" "Mozilla/5.0 (iPhone; CPU iPhone OS 18_7 like Mac OS X) AppleWebKit/605.1.15 (KHTML, like Gecko) Version/26.2 Mobile/15E148 Safari/604.1"
98.63.199.239 - - [29/Jan/2026:04:27:19 -0500] "GET /media/thumbs/9/6/8/6/4/9686493e9ec0e8.mp4/9686493e9ec0e8.mp4-3.jpg HTTP/1.1" 200 13835 "https://porn.tw/channels/14/webcam/" "Mozilla/5.0 (iPhone; CPU iPhone OS 18_7 like Mac OS X) AppleWebKit/605.1.15 (KHTML, like Gecko) Version/26.2 Mobile/15E148 Safari/604.1"
98.63.199.239 - - [29/Jan/2026:04:27:19 -0500] "GET /media/thumbs/9/6/8/8/2/96882eba304793.mp4/96882eba304793.mp4-3.jpg HTTP/1.1" 200 12539 "https://porn.tw/channels/14/webcam/" "Mozilla/5.0 (iPhone; CPU iPhone OS 18_7 like Mac OS X) AppleWebKit/605.1.15 (KHTML, like Gecko) Version/26.2 Mobile/15E148 Safari/604.1"
119.249.100.114 - - [29/Jan/2026:04:27:19 -0500] "GET /search/live-boyfriend-porn/rating/page8.html HTTP/1.1" 200 74812 "-" "Mozilla/5.0 (Windows NT 10.0; WOW64) AppleWebKit/537.36 (KHTML, like Gecko) Chrome/48.0.2564.116 Safari/537.36"
217.113.194.79 - - [29/Jan/2026:04:27:21 -0500] "GET /search/hard-pounding/newest/page1.html HTTP/1.1" 200 73908 "-" "Mozilla/5.0 (compatible; Barkrowler/0.9; +https://babbar.tech/crawler)"
98.63.199.239 - - [29/Jan/2026:04:27:23 -0500] "GET /media/thumbs/9/6/8/6/5/96865c7a7c57dc.mp4/96865c7a7c57dc.mp4-9.jpg HTTP/1.1" 200 12044 "https://porn.tw/channels/14/webcam/" "Mozilla/5.0 (iPhone; CPU iPhone OS 18_7 like Mac OS X) AppleWebKit/605.1.15 (KHTML, like Gecko) Version/26.2 Mobile/15E148 Safari/604.1"
98.63.199.239 - - [29/Jan/2026:04:27:24 -0500] "GET /media/thumbs/9/6/8/6/5/96865c7a7c57dc.mp4/96865c7a7c57dc.mp4-1.jpg HTTP/1.1" 200 12159 "https://porn.tw/channels/14/webcam/" "Mozilla/5.0 (iPhone; CPU iPhone OS 18_7 like Mac OS X) AppleWebKit/605.1.15 (KHTML, like Gecko) Version/26.2 Mobile/15E148 Safari/604.1"
98.63.199.239 - - [29/Jan/2026:04:27:24 -0500] "GET /media/thumbs/9/6/8/6/5/96865c7a7c57dc.mp4/96865c7a7c57dc.mp4-2.jpg HTTP/1.1" 200 12201 "https://porn.tw/channels/14/webcam/" "Mozilla/5.0 (iPhone; CPU iPhone OS 18_7 like Mac OS X) AppleWebKit/605.1.15 (KHTML, like Gecko) Version/26.2 Mobile/15E148 Safari/604.1"
98.63.199.239 - - [29/Jan/2026:04:27:25 -0500] "GET /media/thumbs/9/6/8/6/5/96865c7a7c57dc.mp4/96865c7a7c57dc.mp4-3.jpg HTTP/1.1" 200 12101 "https://porn.tw/channels/14/webcam/" "Mozilla/5.0 (iPhone; CPU iPhone OS 18_7 like Mac OS X) AppleWebKit/605.1.15 (KHTML, like Gecko) Version/26.2 Mobile/15E148 Safari/604.1"
98.63.199.239 - - [29/Jan/2026:04:27:25 -0500] "GET /media/thumbs/9/6/8/6/5/96865c7a7c57dc.mp4/96865c7a7c57dc.mp4-4.jpg HTTP/1.1" 200 12079 "https://porn.tw/channels/14/webcam/" "Mozilla/5.0 (iPhone; CPU iPhone OS 18_7 like Mac OS X) AppleWebKit/605.1.15 (KHTML, like Gecko) Version/26.2 Mobile/15E148 Safari/604.1"
98.63.199.239 - - [29/Jan/2026:04:27:26 -0500] "GET /media/thumbs/9/6/8/6/5/96865c7a7c57dc.mp4/96865c7a7c57dc.mp4-5.jpg HTTP/1.1" 200 12024 "https://porn.tw/channels/14/webcam/" "Mozilla/5.0 (iPhone; CPU iPhone OS 18_7 like Mac OS X) AppleWebKit/605.1.15 (KHTML, like Gecko) Version/26.2 Mobile/15E148 Safari/604.1"
98.63.199.239 - - [29/Jan/2026:04:27:26 -0500] "GET /media/thumbs/9/6/8/6/5/96865c7a7c57dc.mp4/96865c7a7c57dc.mp4-6.jpg HTTP/1.1" 200 11940 "https://porn.tw/channels/14/webcam/" "Mozilla/5.0 (iPhone; CPU iPhone OS 18_7 like Mac OS X) AppleWebKit/605.1.15 (KHTML, like Gecko) Version/26.2 Mobile/15E148 Safari/604.1"
98.63.199.239 - - [29/Jan/2026:04:27:27 -0500] "GET /media/thumbs/9/6/8/6/5/96865c7a7c57dc.mp4/96865c7a7c57dc.mp4-7.jpg HTTP/1.1" 200 12348 "https://porn.tw/channels/14/webcam/" "Mozilla/5.0 (iPhone; CPU iPhone OS 18_7 like Mac OS X) AppleWebKit/605.1.15 (KHTML, like Gecko) Version/26.2 Mobile/15E148 Safari/604.1"
103.131.71.158 - - [29/Jan/2026:04:27:28 -0500] "GET /robots.txt HTTP/1.1" 200 243 "-" "Mozilla/5.0 (compatible; coccocbot-web/1.0; +http://help.coccoc.com/searchengine)"
217.113.194.72 - - [29/Jan/2026:04:27:32 -0500] "GET /search/orgasmic-pleasure/rating/page8.html HTTP/1.1" 200 75406 "-" "Mozilla/5.0 (compatible; Barkrowler/0.9; +https://babbar.tech/crawler)"
98.63.199.239 - - [29/Jan/2026:04:27:33 -0500] "GET /media/thumbs/9/6/8/8/5/9688571ee9f923.mp4/9688571ee9f923.mp4-4.jpg HTTP/1.1" 200 12885 "https://porn.tw/channels/14/webcam/" "Mozilla/5.0 (iPhone; CPU iPhone OS 18_7 like Mac OS X) AppleWebKit/605.1.15 (KHTML, like Gecko) Version/26.2 Mobile/15E148 Safari/604.1"
98.63.199.239 - - [29/Jan/2026:04:27:34 -0500] "GET /media/thumbs/9/6/8/8/5/9688571ee9f923.mp4/9688571ee9f923.mp4-5.jpg HTTP/1.1" 200 12779 "https://porn.tw/channels/14/webcam/" "Mozilla/5.0 (iPhone; CPU iPhone OS 18_7 like Mac OS X) AppleWebKit/605.1.15 (KHTML, like Gecko) Version/26.2 Mobile/15E148 Safari/604.1"
98.63.199.239 - - [29/Jan/2026:04:27:34 -0500] "GET /media/thumbs/9/6/8/8/5/9688571ee9f923.mp4/9688571ee9f923.mp4-6.jpg HTTP/1.1" 200 12942 "https://porn.tw/channels/14/webcam/" "Mozilla/5.0 (iPhone; CPU iPhone OS 18_7 like Mac OS X) AppleWebKit/605.1.15 (KHTML, like Gecko) Version/26.2 Mobile/15E148 Safari/604.1"
98.63.199.239 - - [29/Jan/2026:04:27:35 -0500] "GET /media/thumbs/9/6/8/8/5/9688571ee9f923.mp4/9688571ee9f923.mp4-7.jpg HTTP/1.1" 200 13040 "https://porn.tw/channels/14/webcam/" "Mozilla/5.0 (iPhone; CPU iPhone OS 18_7 like Mac OS X) AppleWebKit/605.1.15 (KHTML, like Gecko) Version/26.2 Mobile/15E148 Safari/604.1"
98.63.199.239 - - [29/Jan/2026:04:27:35 -0500] "GET /media/thumbs/9/6/8/8/5/9688571ee9f923.mp4/9688571ee9f923.mp4-8.jpg HTTP/1.1" 200 13382 "https://porn.tw/channels/14/webcam/" "Mozilla/5.0 (iPhone; CPU iPhone OS 18_7 like Mac OS X) AppleWebKit/605.1.15 (KHTML, like Gecko) Version/26.2 Mobile/15E148 Safari/604.1"
98.63.199.239 - - [29/Jan/2026:04:27:36 -0500] "GET /media/thumbs/9/6/8/8/5/9688571ee9f923.mp4/9688571ee9f923.mp4-9.jpg HTTP/1.1" 200 12458 "https://porn.tw/channels/14/webcam/" "Mozilla/5.0 (iPhone; CPU iPhone OS 18_7 like Mac OS X) AppleWebKit/605.1.15 (KHTML, like Gecko) Version/26.2 Mobile/15E148 Safari/604.1"
154.54.249.200 - - [29/Jan/2026:04:27:36 -0500] "GET /search/hard-fucking-video/newest/page4.html HTTP/1.1" 200 75960 "-" "Mozilla/5.0 (compatible; Barkrowler/0.9; +https://babbar.tech/crawler)"
98.63.199.239 - - [29/Jan/2026:04:27:36 -0500] "GET /media/thumbs/9/6/8/8/5/9688571ee9f923.mp4/9688571ee9f923.mp4-1.jpg HTTP/1.1" 200 13091 "https://porn.tw/channels/14/webcam/" "Mozilla/5.0 (iPhone; CPU iPhone OS 18_7 like Mac OS X) AppleWebKit/605.1.15 (KHTML, like Gecko) Version/26.2 Mobile/15E148 Safari/604.1"
98.63.199.239 - - [29/Jan/2026:04:27:37 -0500] "GET /media/thumbs/9/6/8/8/5/9688571ee9f923.mp4/9688571ee9f923.mp4-2.jpg HTTP/1.1" 200 12720 "https://porn.tw/channels/14/webcam/" "Mozilla/5.0 (iPhone; CPU iPhone OS 18_7 like Mac OS X) AppleWebKit/605.1.15 (KHTML, like Gecko) Version/26.2 Mobile/15E148 Safari/604.1"
103.131.71.76 - - [29/Jan/2026:04:27:37 -0500] "GET / HTTP/1.1" 200 98177 "-" "Mozilla/5.0 (compatible; coccocbot-web/1.0; +http://help.coccoc.com/searchengine)"
98.63.199.239 - - [29/Jan/2026:04:27:39 -0500] "GET /media/thumbs/7/6/8/9/f/7689f0b1391317.mp4/7689f0b1391317.mp4-6.jpg HTTP/1.1" 200 10978 "https://porn.tw/channels/14/webcam/" "Mozilla/5.0 (iPhone; CPU iPhone OS 18_7 like Mac OS X) AppleWebKit/605.1.15 (KHTML, like Gecko) Version/26.2 Mobile/15E148 Safari/604.1"
103.131.71.76 - - [29/Jan/2026:04:27:39 -0500] "GET /video/jadeykhada-shemale-cock-sucking-873.html HTTP/1.1" 200 53363 "-" "Mozilla/5.0 (compatible; coccocbot-web/1.0; +http://help.coccoc.com/searchengine)"
98.63.199.239 - - [29/Jan/2026:04:27:39 -0500] "GET /media/thumbs/7/6/8/9/f/7689f0b1391317.mp4/7689f0b1391317.mp4-7.jpg HTTP/1.1" 200 10365 "https://porn.tw/channels/14/webcam/" "Mozilla/5.0 (iPhone; CPU iPhone OS 18_7 like Mac OS X) AppleWebKit/605.1.15 (KHTML, like Gecko) Version/26.2 Mobile/15E148 Safari/604.1"
98.63.199.239 - - [29/Jan/2026:04:27:40 -0500] "GET /media/thumbs/7/6/8/9/f/7689f0b1391317.mp4/7689f0b1391317.mp4-8.jpg HTTP/1.1" 200 11427 "https://porn.tw/channels/14/webcam/" "Mozilla/5.0 (iPhone; CPU iPhone OS 18_7 like Mac OS X) AppleWebKit/605.1.15 (KHTML, like Gecko) Version/26.2 Mobile/15E148 Safari/604.1"
98.63.199.239 - - [29/Jan/2026:04:27:40 -0500] "GET /media/thumbs/7/6/8/9/f/7689f0b1391317.mp4/7689f0b1391317.mp4-9.jpg HTTP/1.1" 200 11525 "https://porn.tw/channels/14/webcam/" "Mozilla/5.0 (iPhone; CPU iPhone OS 18_7 like Mac OS X) AppleWebKit/605.1.15 (KHTML, like Gecko) Version/26.2 Mobile/15E148 Safari/604.1"
98.63.199.239 - - [29/Jan/2026:04:27:41 -0500] "GET /media/thumbs/7/6/8/9/f/7689f0b1391317.mp4/7689f0b1391317.mp4-1.jpg HTTP/1.1" 200 9718 "https://porn.tw/channels/14/webcam/" "Mozilla/5.0 (iPhone; CPU iPhone OS 18_7 like Mac OS X) AppleWebKit/605.1.15 (KHTML, like Gecko) Version/26.2 Mobile/15E148 Safari/604.1"
98.63.199.239 - - [29/Jan/2026:04:27:41 -0500] "GET /media/thumbs/7/6/8/9/f/7689f0b1391317.mp4/7689f0b1391317.mp4-2.jpg HTTP/1.1" 200 10362 "https://porn.tw/channels/14/webcam/" "Mozilla/5.0 (iPhone; CPU iPhone OS 18_7 like Mac OS X) AppleWebKit/605.1.15 (KHTML, like Gecko) Version/26.2 Mobile/15E148 Safari/604.1"
98.63.199.239 - - [29/Jan/2026:04:27:42 -0500] "GET /media/thumbs/7/6/8/9/f/7689f0b1391317.mp4/7689f0b1391317.mp4-3.jpg HTTP/1.1" 200 10338 "https://porn.tw/channels/14/webcam/" "Mozilla/5.0 (iPhone; CPU iPhone OS 18_7 like Mac OS X) AppleWebKit/605.1.15 (KHTML, like Gecko) Version/26.2 Mobile/15E148 Safari/604.1"
98.63.199.239 - - [29/Jan/2026:04:27:42 -0500] "GET /media/thumbs/7/6/8/9/f/7689f0b1391317.mp4/7689f0b1391317.mp4-4.jpg HTTP/1.1" 200 10659 "https://porn.tw/channels/14/webcam/" "Mozilla/5.0 (iPhone; CPU iPhone OS 18_7 like Mac OS X) AppleWebKit/605.1.15 (KHTML, like Gecko) Version/26.2 Mobile/15E148 Safari/604.1"
98.63.199.239 - - [29/Jan/2026:04:27:42 -0500] "GET /media/thumbs/7/6/8/a/0/768a0589fb8e05.mp4/768a0589fb8e05.mp4-5.jpg HTTP/1.1" 200 10946 "https://porn.tw/channels/14/webcam/" "Mozilla/5.0 (iPhone; CPU iPhone OS 18_7 like Mac OS X) AppleWebKit/605.1.15 (KHTML, like Gecko) Version/26.2 Mobile/15E148 Safari/604.1"
98.63.199.239 - - [29/Jan/2026:04:27:43 -0500] "GET /media/thumbs/7/6/8/a/0/768a0589fb8e05.mp4/768a0589fb8e05.mp4-6.jpg HTTP/1.1" 200 11549 "https://porn.tw/channels/14/webcam/" "Mozilla/5.0 (iPhone; CPU iPhone OS 18_7 like Mac OS X) AppleWebKit/605.1.15 (KHTML, like Gecko) Version/26.2 Mobile/15E148 Safari/604.1"
98.63.199.239 - - [29/Jan/2026:04:27:43 -0500] "GET /media/thumbs/7/6/8/a/0/768a0589fb8e05.mp4/768a0589fb8e05.mp4-7.jpg HTTP/1.1" 200 11132 "https://porn.tw/channels/14/webcam/" "Mozilla/5.0 (iPhone; CPU iPhone OS 18_7 like Mac OS X) AppleWebKit/605.1.15 (KHTML, like Gecko) Version/26.2 Mobile/15E148 Safari/604.1"
98.63.199.239 - - [29/Jan/2026:04:27:44 -0500] "GET /media/thumbs/7/6/8/a/0/768a0589fb8e05.mp4/768a0589fb8e05.mp4-8.jpg HTTP/1.1" 200 11510 "https://porn.tw/channels/14/webcam/" "Mozilla/5.0 (iPhone; CPU iPhone OS 18_7 like Mac OS X) AppleWebKit/605.1.15 (KHTML, like Gecko) Version/26.2 Mobile/15E148 Safari/604.1"
98.63.199.239 - - [29/Jan/2026:04:27:44 -0500] "GET /media/thumbs/7/6/8/a/0/768a0589fb8e05.mp4/768a0589fb8e05.mp4-9.jpg HTTP/1.1" 200 11035 "https://porn.tw/channels/14/webcam/" "Mozilla/5.0 (iPhone; CPU iPhone OS 18_7 like Mac OS X) AppleWebKit/605.1.15 (KHTML, like Gecko) Version/26.2 Mobile/15E148 Safari/604.1"
98.63.199.239 - - [29/Jan/2026:04:27:45 -0500] "GET /media/thumbs/7/6/8/a/0/768a0589fb8e05.mp4/768a0589fb8e05.mp4-1.jpg HTTP/1.1" 200 7388 "https://porn.tw/channels/14/webcam/" "Mozilla/5.0 (iPhone; CPU iPhone OS 18_7 like Mac OS X) AppleWebKit/605.1.15 (KHTML, like Gecko) Version/26.2 Mobile/15E148 Safari/604.1"
98.63.199.239 - - [29/Jan/2026:04:27:45 -0500] "GET /media/thumbs/7/6/8/a/0/768a0589fb8e05.mp4/768a0589fb8e05.mp4-2.jpg HTTP/1.1" 200 8466 "https://porn.tw/channels/14/webcam/" "Mozilla/5.0 (iPhone; CPU iPhone OS 18_7 like Mac OS X) AppleWebKit/605.1.15 (KHTML, like Gecko) Version/26.2 Mobile/15E148 Safari/604.1"
98.63.199.239 - - [29/Jan/2026:04:27:46 -0500] "GET /media/thumbs/7/6/8/a/0/768a0589fb8e05.mp4/768a0589fb8e05.mp4-3.jpg HTTP/1.1" 200 7106 "https://porn.tw/channels/14/webcam/" "Mozilla/5.0 (iPhone; CPU iPhone OS 18_7 like Mac OS X) AppleWebKit/605.1.15 (KHTML, like Gecko) Version/26.2 Mobile/15E148 Safari/604.1"
114.119.150.49 - - [29/Jan/2026:04:27:48 -0500] "GET /pornstars/aliss-grey-222.html HTTP/1.1" 200 27000 "https://porn.tw/video/aliss-grey-gets-pounded-with-real-cock-and-sex-toy-638.html" "Mozilla/5.0 (Linux; Android 7.0;) AppleWebKit/537.36 (KHTML, like Gecko) Mobile Safari/537.36 (compatible; PetalBot;+https://webmaster.petalsearch.com/site/petalbot)"
217.113.194.77 - - [29/Jan/2026:04:27:48 -0500] "GET /search/passionate-intimacy/page2.html HTTP/1.1" 200 68548 "-" "Mozilla/5.0 (compatible; Barkrowler/0.9; +https://babbar.tech/crawler)"
98.63.199.239 - - [29/Jan/2026:04:27:48 -0500] "GET /media/thumbs/9/6/8/8/4/96884ae1ea7831.mp4/96884ae1ea7831.mp4-4.jpg HTTP/1.1" 200 12284 "https://porn.tw/channels/14/webcam/" "Mozilla/5.0 (iPhone; CPU iPhone OS 18_7 like Mac OS X) AppleWebKit/605.1.15 (KHTML, like Gecko) Version/26.2 Mobile/15E148 Safari/604.1"
98.63.199.239 - - [29/Jan/2026:04:27:48 -0500] "GET /video/laura-bennet-s-dream-girl-hottie-cam-show-3678.html HTTP/1.1" 200 57134 "https://porn.tw/channels/14/webcam/" "Mozilla/5.0 (iPhone; CPU iPhone OS 18_7 like Mac OS X) AppleWebKit/605.1.15 (KHTML, like Gecko) Version/26.2 Mobile/15E148 Safari/604.1"
98.63.199.239 - - [29/Jan/2026:04:27:48 -0500] "GET /media/thumbs/9/6/8/8/4/96884ae1ea7831.mp4/vtt_001.jpg HTTP/1.1" 200 5988 "https://porn.tw/video/laura-bennet-s-dream-girl-hottie-cam-show-3678.html" "Mozilla/5.0 (iPhone; CPU iPhone OS 18_7 like Mac OS X) AppleWebKit/605.1.15 (KHTML, like Gecko) Version/26.2 Mobile/15E148 Safari/604.1"
98.63.199.239 - - [29/Jan/2026:04:27:48 -0500] "GET /media/thumbs/9/6/8/8/4/96884ae1ea7831.mp4/vtt_002.jpg HTTP/1.1" 200 7806 "https://porn.tw/video/laura-bennet-s-dream-girl-hottie-cam-show-3678.html" "Mozilla/5.0 (iPhone; CPU iPhone OS 18_7 like Mac OS X) AppleWebKit/605.1.15 (KHTML, like Gecko) Version/26.2 Mobile/15E148 Safari/604.1"
98.63.199.239 - - [29/Jan/2026:04:27:48 -0500] "GET /core/js/ageWarningJs.php HTTP/1.1" 200 1037 "https://porn.tw/video/laura-bennet-s-dream-girl-hottie-cam-show-3678.html" "Mozilla/5.0 (iPhone; CPU iPhone OS 18_7 like Mac OS X) AppleWebKit/605.1.15 (KHTML, like Gecko) Version/26.2 Mobile/15E148 Safari/604.1"
98.63.199.239 - - [29/Jan/2026:04:27:48 -0500] "GET /core/js/gdprJs.php HTTP/1.1" 200 1238 "https://porn.tw/video/laura-bennet-s-dream-girl-hottie-cam-show-3678.html" "Mozilla/5.0 (iPhone; CPU iPhone OS 18_7 like Mac OS X) AppleWebKit/605.1.15 (KHTML, like Gecko) Version/26.2 Mobile/15E148 Safari/604.1"
98.63.199.239 - - [29/Jan/2026:04:27:48 -0500] "GET /media/thumbs/9/6/8/8/4/96884ae1ea7831.mp4/vtt_010.jpg HTTP/1.1" 200 8937 "https://porn.tw/video/laura-bennet-s-dream-girl-hottie-cam-show-3678.html" "Mozilla/5.0 (iPhone; CPU iPhone OS 18_7 like Mac OS X) AppleWebKit/605.1.15 (KHTML, like Gecko) Version/26.2 Mobile/15E148 Safari/604.1"
98.63.199.239 - - [29/Jan/2026:04:27:48 -0500] "GET /media/thumbs/1/0/6/6/8/10668066e8b0f3c4.mp4/10668066e8b0f3c4.mp4-3.jpg HTTP/1.1" 200 8758 "https://porn.tw/video/laura-bennet-s-dream-girl-hottie-cam-show-3678.html" "Mozilla/5.0 (iPhone; CPU iPhone OS 18_7 like Mac OS X) AppleWebKit/605.1.15 (KHTML, like Gecko) Version/26.2 Mobile/15E148 Safari/604.1"
98.63.199.239 - - [29/Jan/2026:04:27:48 -0500] "GET /media/thumbs/9/6/8/8/4/96884ae1ea7831.mp4/vtt_008.jpg HTTP/1.1" 200 7659 "https://porn.tw/video/laura-bennet-s-dream-girl-hottie-cam-show-3678.html" "Mozilla/5.0 (iPhone; CPU iPhone OS 18_7 like Mac OS X) AppleWebKit/605.1.15 (KHTML, like Gecko) Version/26.2 Mobile/15E148 Safari/604.1"
98.63.199.239 - - [29/Jan/2026:04:27:48 -0500] "GET /media/thumbs/9/6/8/8/4/96884ae1ea7831.mp4/96884ae1ea7831.mp4-3b.jpg HTTP/1.1" 200 92098 "https://porn.tw/video/laura-bennet-s-dream-girl-hottie-cam-show-3678.html" "Mozilla/5.0 (iPhone; CPU iPhone OS 18_7 like Mac OS X) AppleWebKit/605.1.15 (KHTML, like Gecko) Version/26.2 Mobile/15E148 Safari/604.1"
98.63.199.239 - - [29/Jan/2026:04:27:48 -0500] "GET /media/thumbs/9/6/8/8/4/96884ae1ea7831.mp4/vtt_003.jpg HTTP/1.1" 200 7689 "https://porn.tw/video/laura-bennet-s-dream-girl-hottie-cam-show-3678.html" "Mozilla/5.0 (iPhone; CPU iPhone OS 18_7 like Mac OS X) AppleWebKit/605.1.15 (KHTML, like Gecko) Version/26.2 Mobile/15E148 Safari/604.1"
98.63.199.239 - - [29/Jan/2026:04:27:48 -0500] "GET /media/thumbs/9/6/8/8/4/96884ae1ea7831.mp4/vtt_005.jpg HTTP/1.1" 200 8002 "https://porn.tw/video/laura-bennet-s-dream-girl-hottie-cam-show-3678.html" "Mozilla/5.0 (iPhone; CPU iPhone OS 18_7 like Mac OS X) AppleWebKit/605.1.15 (KHTML, like Gecko) Version/26.2 Mobile/15E148 Safari/604.1"
98.63.199.239 - - [29/Jan/2026:04:27:49 -0500] "GET /media/thumbs/9/6/8/8/4/96884ae1ea7831.mp4/vtt_007.jpg HTTP/1.1" 200 6748 "https://porn.tw/video/laura-bennet-s-dream-girl-hottie-cam-show-3678.html" "Mozilla/5.0 (iPhone; CPU iPhone OS 18_7 like Mac OS X) AppleWebKit/605.1.15 (KHTML, like Gecko) Version/26.2 Mobile/15E148 Safari/604.1"
98.63.199.239 - - [29/Jan/2026:04:27:49 -0500] "GET /media/thumbs/9/6/8/8/4/96884ae1ea7831.mp4/vtt_011.jpg HTTP/1.1" 200 8580 "https://porn.tw/video/laura-bennet-s-dream-girl-hottie-cam-show-3678.html" "Mozilla/5.0 (iPhone; CPU iPhone OS 18_7 like Mac OS X) AppleWebKit/605.1.15 (KHTML, like Gecko) Version/26.2 Mobile/15E148 Safari/604.1"
98.63.199.239 - - [29/Jan/2026:04:27:49 -0500] "GET /media/thumbs/1/1/6/8/0/116807544393efd.mp4/116807544393efd.mp4-3.jpg HTTP/1.1" 200 10289 "https://porn.tw/video/laura-bennet-s-dream-girl-hottie-cam-show-3678.html" "Mozilla/5.0 (iPhone; CPU iPhone OS 18_7 like Mac OS X) AppleWebKit/605.1.15 (KHTML, like Gecko) Version/26.2 Mobile/15E148 Safari/604.1"
98.63.199.239 - - [29/Jan/2026:04:27:49 -0500] "GET /media/thumbs/1/9/6/8/0/19680a1374a97d9.mp4/19680a1374a97d9.mp4-3.jpg HTTP/1.1" 200 13301 "https://porn.tw/video/laura-bennet-s-dream-girl-hottie-cam-show-3678.html" "Mozilla/5.0 (iPhone; CPU iPhone OS 18_7 like Mac OS X) AppleWebKit/605.1.15 (KHTML, like Gecko) Version/26.2 Mobile/15E148 Safari/604.1"
98.63.199.239 - - [29/Jan/2026:04:27:49 -0500] "GET /media/thumbs/1/0/6/6/8/1066809a4b50d9ac.mp4/1066809a4b50d9ac.mp4-8.jpg HTTP/1.1" 200 9762 "https://porn.tw/video/laura-bennet-s-dream-girl-hottie-cam-show-3678.html" "Mozilla/5.0 (iPhone; CPU iPhone OS 18_7 like Mac OS X) AppleWebKit/605.1.15 (KHTML, like Gecko) Version/26.2 Mobile/15E148 Safari/604.1"
98.63.199.239 - - [29/Jan/2026:04:27:49 -0500] "GET /media/misc/65363f4d82cee.jpg HTTP/1.1" 200 16456 "https://porn.tw/video/laura-bennet-s-dream-girl-hottie-cam-show-3678.html" "Mozilla/5.0 (iPhone; CPU iPhone OS 18_7 like Mac OS X) AppleWebKit/605.1.15 (KHTML, like Gecko) Version/26.2 Mobile/15E148 Safari/604.1"
