47.128.122.120 - - [29/Jan/2026:04:38:29 -0500] "GET /media/thumbs/7/6/8/3/e/7683ed5315d309.mp4/7683ed5315d309.mp4-3.jpg HTTP/1.1" 206 500 "https://porn.tw/search/erotic-webcam-performance/page9.html" "Mozilla/5.0 (Linux; Android 5.0) AppleWebKit/537.36 (KHTML, like Gecko) Mobile Safari/537.36 (compatible; TikTokSpider; ttspider-feedback@tiktok.com)"
47.128.122.120 - - [29/Jan/2026:04:38:29 -0500] "GET /media/thumbs/6/4/6/8/4/64684e795779677.mp4/64684e795779677.mp4-3.jpg HTTP/1.1" 206 500 "https://porn.tw/search/erotic-webcam-performance/page9.html" "Mozilla/5.0 (Linux; Android 5.0) AppleWebKit/537.36 (KHTML, like Gecko) Mobile Safari/537.36 (compatible; TikTokSpider; ttspider-feedback@tiktok.com)"
47.128.122.120 - - [29/Jan/2026:04:38:29 -0500] "GET /media/thumbs/6/4/6/8/4/64684ea2536bca4.mp4/64684ea2536bca4.mp4-3.jpg HTTP/1.1" 206 500 "https://porn.tw/search/erotic-webcam-performance/page9.html" "Mozilla/5.0 (Linux; Android 5.0) AppleWebKit/537.36 (KHTML, like Gecko) Mobile Safari/537.36 (compatible; TikTokSpider; ttspider-feedback@tiktok.com)"
47.128.122.120 - - [29/Jan/2026:04:38:29 -0500] "GET /media/thumbs/9/6/8/4/9/96849aacb45355.mp4/96849aacb45355.mp4-3.jpg HTTP/1.1" 206 500 "https://porn.tw/search/erotic-webcam-performance/page9.html" "Mozilla/5.0 (Linux; Android 5.0) AppleWebKit/537.36 (KHTML, like Gecko) Mobile Safari/537.36 (compatible; TikTokSpider; ttspider-feedback@tiktok.com)"
47.128.122.120 - - [29/Jan/2026:04:38:29 -0500] "GET /media/thumbs/7/6/8/3/2/768329de27ccd2.mp4/768329de27ccd2.mp4-4.jpg HTTP/1.1" 206 500 "https://porn.tw/search/erotic-webcam-performance/page9.html" "Mozilla/5.0 (Linux; Android 5.0) AppleWebKit/537.36 (KHTML, like Gecko) Mobile Safari/537.36 (compatible; TikTokSpider; ttspider-feedback@tiktok.com)"
47.128.122.120 - - [29/Jan/2026:04:38:29 -0500] "GET /media/thumbs/1/1/1/6/8/11168325cceea5a7.mp4/11168325cceea5a7.mp4-4.jpg HTTP/1.1" 206 500 "https://porn.tw/search/erotic-webcam-performance/page9.html" "Mozilla/5.0 (Linux; Android 5.0) AppleWebKit/537.36 (KHTML, like Gecko) Mobile Safari/537.36 (compatible; TikTokSpider; ttspider-feedback@tiktok.com)"
98.63.199.239 - - [29/Jan/2026:04:38:32 -0500] "GET /media/videos/7/6/6/1/9/76619ec07d98a8.mp4 HTTP/1.1" 206 186712064 "https://porn.tw/video/angeline-thomas-with-big-ass-991.html" "Mozilla/5.0 (iPhone; CPU iPhone OS 18_7 like Mac OS X) AppleWebKit/605.1.15 (KHTML, like Gecko) Version/26.2 Mobile/15E148 Safari/604.1"
98.63.199.239 - - [29/Jan/2026:04:38:34 -0500] "GET /media/videos/7/6/6/1/9/76619ec07d98a8.mp4 HTTP/1.1" 206 183828480 "https://porn.tw/video/angeline-thomas-with-big-ass-991.html" "Mozilla/5.0 (iPhone; CPU iPhone OS 18_7 like Mac OS X) AppleWebKit/605.1.15 (KHTML, like Gecko) Version/26.2 Mobile/15E148 Safari/604.1"
217.113.194.73 - - [29/Jan/2026:04:38:35 -0500] "GET /index.php/tag/beauty-4-ever/page7.html HTTP/1.1" 200 98215 "-" "Mozilla/5.0 (compatible; Barkrowler/0.9; +https://babbar.tech/crawler)"
98.63.199.239 - - [29/Jan/2026:04:38:37 -0500] "GET /media/videos/7/6/6/1/9/76619ec07d98a8.mp4 HTTP/1.1" 206 179765248 "https://porn.tw/video/angeline-thomas-with-big-ass-991.html" "Mozilla/5.0 (iPhone; CPU iPhone OS 18_7 like Mac OS X) AppleWebKit/605.1.15 (KHTML, like Gecko) Version/26.2 Mobile/15E148 Safari/604.1"
98.63.199.239 - - [29/Jan/2026:04:38:40 -0500] "GET /media/videos/7/6/6/1/9/76619ec07d98a8.mp4 HTTP/1.1" 206 175898624 "https://porn.tw/video/angeline-thomas-with-big-ass-991.html" "Mozilla/5.0 (iPhone; CPU iPhone OS 18_7 like Mac OS X) AppleWebKit/605.1.15 (KHTML, like Gecko) Version/26.2 Mobile/15E148 Safari/604.1"
217.113.194.80 - - [29/Jan/2026:04:38:43 -0500] "GET /search/arikajoy-freecam8/page4.html HTTP/1.1" 200 78980 "-" "Mozilla/5.0 (compatible; Barkrowler/0.9; +https://babbar.tech/crawler)"
98.63.199.239 - - [29/Jan/2026:04:38:44 -0500] "GET /media/videos/7/6/6/1/9/76619ec07d98a8.mp4 HTTP/1.1" 206 170131456 "https://porn.tw/video/angeline-thomas-with-big-ass-991.html" "Mozilla/5.0 (iPhone; CPU iPhone OS 18_7 like Mac OS X) AppleWebKit/605.1.15 (KHTML, like Gecko) Version/26.2 Mobile/15E148 Safari/604.1"
98.63.199.239 - - [29/Jan/2026:04:38:48 -0500] "GET /media/videos/7/6/6/1/9/76619ec07d98a8.mp4 HTTP/1.1" 206 164036608 "https://porn.tw/video/angeline-thomas-with-big-ass-991.html" "Mozilla/5.0 (iPhone; CPU iPhone OS 18_7 like Mac OS X) AppleWebKit/605.1.15 (KHTML, like Gecko) Version/26.2 Mobile/15E148 Safari/604.1"
217.113.194.78 - - [29/Jan/2026:04:38:50 -0500] "GET /index.php/tag/ember-reigns/page2.html HTTP/1.1" 200 98214 "-" "Mozilla/5.0 (compatible; Barkrowler/0.9; +https://babbar.tech/crawler)"
98.63.199.239 - - [29/Jan/2026:04:38:52 -0500] "GET /media/videos/7/6/6/1/9/76619ec07d98a8.mp4 HTTP/1.1" 206 159514624 "https://porn.tw/video/angeline-thomas-with-big-ass-991.html" "Mozilla/5.0 (iPhone; CPU iPhone OS 18_7 like Mac OS X) AppleWebKit/605.1.15 (KHTML, like Gecko) Version/26.2 Mobile/15E148 Safari/604.1"
213.201.200.190 - - [29/Jan/2026:04:38:54 -0500] "GET /search/moaning-performance/newest/page2.html HTTP/1.1" 200 75498 "-" "Mozilla/5.0 (Macintosh; Intel Mac OS X 10_15_7) AppleWebKit/537.36 (KHTML, like Gecko) Chrome/142.0.0.0 Safari/537.36"
98.63.199.239 - - [29/Jan/2026:04:38:55 -0500] "GET /media/videos/7/6/6/1/9/76619ec07d98a8.mp4 HTTP/1.1" 206 155451392 "https://porn.tw/video/angeline-thomas-with-big-ass-991.html" "Mozilla/5.0 (iPhone; CPU iPhone OS 18_7 like Mac OS X) AppleWebKit/605.1.15 (KHTML, like Gecko) Version/26.2 Mobile/15E148 Safari/604.1"
114.119.150.49 - - [29/Jan/2026:04:38:56 -0500] "GET /action.php?action=reportVideo&id=294 HTTP/1.1" 200 3598 "https://porn.tw/video/britnneyparis-free-porn-cam-archive-294.html" "Mozilla/5.0 (Linux; Android 7.0;) AppleWebKit/537.36 (KHTML, like Gecko) Mobile Safari/537.36 (compatible; PetalBot;+https://webmaster.petalsearch.com/site/petalbot)"
98.63.199.239 - - [29/Jan/2026:04:38:58 -0500] "GET /media/videos/7/6/6/1/9/76619ec07d98a8.mp4 HTTP/1.1" 206 152109056 "https://porn.tw/video/angeline-thomas-with-big-ass-991.html" "Mozilla/5.0 (iPhone; CPU iPhone OS 18_7 like Mac OS X) AppleWebKit/605.1.15 (KHTML, like Gecko) Version/26.2 Mobile/15E148 Safari/604.1"
217.113.194.72 - - [29/Jan/2026:04:38:59 -0500] "GET /search/e-girl-nipple-porn/newest/page5.html HTTP/1.1" 200 74056 "-" "Mozilla/5.0 (compatible; Barkrowler/0.9; +https://babbar.tech/crawler)"
98.63.199.239 - - [29/Jan/2026:04:39:02 -0500] "GET /media/videos/7/6/6/1/9/76619ec07d98a8.mp4 HTTP/1.1" 206 147259392 "https://porn.tw/video/angeline-thomas-with-big-ass-991.html" "Mozilla/5.0 (iPhone; CPU iPhone OS 18_7 like Mac OS X) AppleWebKit/605.1.15 (KHTML, like Gecko) Version/26.2 Mobile/15E148 Safari/604.1"
220.181.108.145 - - [29/Jan/2026:04:39:04 -0500] "GET /action.php?action=add_favorites&id=983 HTTP/1.1" 403 - "-" "Mozilla/5.0 (compatible; Baiduspider/2.0; +http://www.baidu.com/search/spider.html)"
220.181.51.116 - - [29/Jan/2026:04:39:05 -0500] "GET /action.php?action=add_favorites&id=983 HTTP/1.1" 200 727 "-" "Mozilla/5.0 (Windows NT 10.0; WOW64) AppleWebKit/537.36 (KHTML, like Gecko) Chrome/48.0.2564.116 Safari/537.36"
98.63.199.239 - - [29/Jan/2026:04:39:06 -0500] "GET /media/videos/7/6/6/1/9/76619ec07d98a8.mp4 HTTP/1.1" 206 142082048 "https://porn.tw/video/angeline-thomas-with-big-ass-991.html" "Mozilla/5.0 (iPhone; CPU iPhone OS 18_7 like Mac OS X) AppleWebKit/605.1.15 (KHTML, like Gecko) Version/26.2 Mobile/15E148 Safari/604.1"
217.113.194.80 - - [29/Jan/2026:04:39:07 -0500] "GET /index.php/tag/ember-reigns/page15.html HTTP/1.1" 200 98215 "-" "Mozilla/5.0 (compatible; Barkrowler/0.9; +https://babbar.tech/crawler)"
98.63.199.239 - - [29/Jan/2026:04:39:11 -0500] "GET /media/videos/7/6/6/1/9/76619ec07d98a8.mp4 HTTP/1.1" 206 136511488 "https://porn.tw/video/angeline-thomas-with-big-ass-991.html" "Mozilla/5.0 (iPhone; CPU iPhone OS 18_7 like Mac OS X) AppleWebKit/605.1.15 (KHTML, like Gecko) Version/26.2 Mobile/15E148 Safari/604.1"
98.63.199.239 - - [29/Jan/2026:04:39:14 -0500] "GET /media/videos/7/6/6/1/9/76619ec07d98a8.mp4 HTTP/1.1" 206 133431296 "https://porn.tw/video/angeline-thomas-with-big-ass-991.html" "Mozilla/5.0 (iPhone; CPU iPhone OS 18_7 like Mac OS X) AppleWebKit/605.1.15 (KHTML, like Gecko) Version/26.2 Mobile/15E148 Safari/604.1"
217.113.194.218 - - [29/Jan/2026:04:39:14 -0500] "GET /search/e-girl-nipple-porn/newest/page7.html HTTP/1.1" 200 70295 "-" "Mozilla/5.0 (compatible; Barkrowler/0.9; +https://babbar.tech/crawler)"
98.63.199.239 - - [29/Jan/2026:04:39:19 -0500] "GET /media/videos/7/6/6/1/9/76619ec07d98a8.mp4 HTTP/1.1" 206 126681088 "https://porn.tw/video/angeline-thomas-with-big-ass-991.html" "Mozilla/5.0 (iPhone; CPU iPhone OS 18_7 like Mac OS X) AppleWebKit/605.1.15 (KHTML, like Gecko) Version/26.2 Mobile/15E148 Safari/604.1"
98.63.199.239 - - [29/Jan/2026:04:39:22 -0500] "GET /media/videos/7/6/6/1/9/76619ec07d98a8.mp4 HTTP/1.1" 206 116785152 "https://porn.tw/video/angeline-thomas-with-big-ass-991.html" "Mozilla/5.0 (iPhone; CPU iPhone OS 18_7 like Mac OS X) AppleWebKit/605.1.15 (KHTML, like Gecko) Version/26.2 Mobile/15E148 Safari/604.1"
98.63.199.239 - - [29/Jan/2026:04:39:22 -0500] "GET /media/videos/7/6/6/1/9/76619ec07d98a8.mp4 HTTP/1.1" 206 65536 "https://porn.tw/video/angeline-thomas-with-big-ass-991.html" "Mozilla/5.0 (iPhone; CPU iPhone OS 18_7 like Mac OS X) AppleWebKit/605.1.15 (KHTML, like Gecko) Version/26.2 Mobile/15E148 Safari/604.1"
98.63.199.239 - - [29/Jan/2026:04:39:22 -0500] "GET /media/videos/7/6/6/1/9/76619ec07d98a8.mp4 HTTP/1.1" 206 105250816 "https://porn.tw/video/angeline-thomas-with-big-ass-991.html" "Mozilla/5.0 (iPhone; CPU iPhone OS 18_7 like Mac OS X) AppleWebKit/605.1.15 (KHTML, like Gecko) Version/26.2 Mobile/15E148 Safari/604.1"
98.63.199.239 - - [29/Jan/2026:04:39:23 -0500] "GET /media/videos/7/6/6/1/9/76619ec07d98a8.mp4 HTTP/1.1" 206 65536 "https://porn.tw/video/angeline-thomas-with-big-ass-991.html" "Mozilla/5.0 (iPhone; CPU iPhone OS 18_7 like Mac OS X) AppleWebKit/605.1.15 (KHTML, like Gecko) Version/26.2 Mobile/15E148 Safari/604.1"
217.113.194.217 - - [29/Jan/2026:04:39:22 -0500] "GET /index.php/tag/ember-reigns/page13.html HTTP/1.1" 200 98215 "-" "Mozilla/5.0 (compatible; Barkrowler/0.9; +https://babbar.tech/crawler)"
98.63.199.239 - - [29/Jan/2026:04:39:23 -0500] "GET /media/videos/7/6/6/1/9/76619ec07d98a8.mp4 HTTP/1.1" 206 65536 "https://porn.tw/video/angeline-thomas-with-big-ass-991.html" "Mozilla/5.0 (iPhone; CPU iPhone OS 18_7 like Mac OS X) AppleWebKit/605.1.15 (KHTML, like Gecko) Version/26.2 Mobile/15E148 Safari/604.1"
98.63.199.239 - - [29/Jan/2026:04:39:23 -0500] "GET /media/videos/7/6/6/1/9/76619ec07d98a8.mp4 HTTP/1.1" 206 65536 "https://porn.tw/video/angeline-thomas-with-big-ass-991.html" "Mozilla/5.0 (iPhone; CPU iPhone OS 18_7 like Mac OS X) AppleWebKit/605.1.15 (KHTML, like Gecko) Version/26.2 Mobile/15E148 Safari/604.1"
98.63.199.239 - - [29/Jan/2026:04:39:23 -0500] "GET /media/videos/7/6/6/1/9/76619ec07d98a8.mp4 HTTP/1.1" 206 65536 "https://porn.tw/video/angeline-thomas-with-big-ass-991.html" "Mozilla/5.0 (iPhone; CPU iPhone OS 18_7 like Mac OS X) AppleWebKit/605.1.15 (KHTML, like Gecko) Version/26.2 Mobile/15E148 Safari/604.1"
98.63.199.239 - - [29/Jan/2026:04:39:23 -0500] "GET /media/videos/7/6/6/1/9/76619ec07d98a8.mp4 HTTP/1.1" 206 65536 "https://porn.tw/video/angeline-thomas-with-big-ass-991.html" "Mozilla/5.0 (iPhone; CPU iPhone OS 18_7 like Mac OS X) AppleWebKit/605.1.15 (KHTML, like Gecko) Version/26.2 Mobile/15E148 Safari/604.1"
98.63.199.239 - - [29/Jan/2026:04:39:23 -0500] "GET /media/videos/7/6/6/1/9/76619ec07d98a8.mp4 HTTP/1.1" 206 65536 "https://porn.tw/video/angeline-thomas-with-big-ass-991.html" "Mozilla/5.0 (iPhone; CPU iPhone OS 18_7 like Mac OS X) AppleWebKit/605.1.15 (KHTML, like Gecko) Version/26.2 Mobile/15E148 Safari/604.1"
98.63.199.239 - - [29/Jan/2026:04:39:23 -0500] "GET /media/videos/7/6/6/1/9/76619ec07d98a8.mp4 HTTP/1.1" 206 65536 "https://porn.tw/video/angeline-thomas-with-big-ass-991.html" "Mozilla/5.0 (iPhone; CPU iPhone OS 18_7 like Mac OS X) AppleWebKit/605.1.15 (KHTML, like Gecko) Version/26.2 Mobile/15E148 Safari/604.1"
98.63.199.239 - - [29/Jan/2026:04:39:23 -0500] "GET /media/videos/7/6/6/1/9/76619ec07d98a8.mp4 HTTP/1.1" 206 65536 "https://porn.tw/video/angeline-thomas-with-big-ass-991.html" "Mozilla/5.0 (iPhone; CPU iPhone OS 18_7 like Mac OS X) AppleWebKit/605.1.15 (KHTML, like Gecko) Version/26.2 Mobile/15E148 Safari/604.1"
98.63.199.239 - - [29/Jan/2026:04:39:24 -0500] "GET /media/videos/7/6/6/1/9/76619ec07d98a8.mp4 HTTP/1.1" 206 65536 "https://porn.tw/video/angeline-thomas-with-big-ass-991.html" "Mozilla/5.0 (iPhone; CPU iPhone OS 18_7 like Mac OS X) AppleWebKit/605.1.15 (KHTML, like Gecko) Version/26.2 Mobile/15E148 Safari/604.1"
98.63.199.239 - - [29/Jan/2026:04:39:24 -0500] "GET /media/videos/7/6/6/1/9/76619ec07d98a8.mp4 HTTP/1.1" 206 917504 "https://porn.tw/video/angeline-thomas-with-big-ass-991.html" "Mozilla/5.0 (iPhone; CPU iPhone OS 18_7 like Mac OS X) AppleWebKit/605.1.15 (KHTML, like Gecko) Version/26.2 Mobile/15E148 Safari/604.1"
98.63.199.239 - - [29/Jan/2026:04:39:24 -0500] "GET /media/videos/7/6/6/1/9/76619ec07d98a8.mp4 HTTP/1.1" 206 65536 "https://porn.tw/video/angeline-thomas-with-big-ass-991.html" "Mozilla/5.0 (iPhone; CPU iPhone OS 18_7 like Mac OS X) AppleWebKit/605.1.15 (KHTML, like Gecko) Version/26.2 Mobile/15E148 Safari/604.1"
98.63.199.239 - - [29/Jan/2026:04:39:24 -0500] "GET /media/videos/7/6/6/1/9/76619ec07d98a8.mp4 HTTP/1.1" 206 65536 "https://porn.tw/video/angeline-thomas-with-big-ass-991.html" "Mozilla/5.0 (iPhone; CPU iPhone OS 18_7 like Mac OS X) AppleWebKit/605.1.15 (KHTML, like Gecko) Version/26.2 Mobile/15E148 Safari/604.1"
98.63.199.239 - - [29/Jan/2026:04:39:24 -0500] "GET /media/videos/7/6/6/1/9/76619ec07d98a8.mp4 HTTP/1.1" 206 82241 "https://porn.tw/video/angeline-thomas-with-big-ass-991.html" "Mozilla/5.0 (iPhone; CPU iPhone OS 18_7 like Mac OS X) AppleWebKit/605.1.15 (KHTML, like Gecko) Version/26.2 Mobile/15E148 Safari/604.1"
98.63.199.239 - - [29/Jan/2026:04:39:24 -0500] "GET /media/videos/7/6/6/1/9/76619ec07d98a8.mp4 HTTP/1.1" 206 65536 "https://porn.tw/video/angeline-thomas-with-big-ass-991.html" "Mozilla/5.0 (iPhone; CPU iPhone OS 18_7 like Mac OS X) AppleWebKit/605.1.15 (KHTML, like Gecko) Version/26.2 Mobile/15E148 Safari/604.1"
98.63.199.239 - - [29/Jan/2026:04:39:24 -0500] "GET /media/videos/7/6/6/1/9/76619ec07d98a8.mp4 HTTP/1.1" 206 65536 "https://porn.tw/video/angeline-thomas-with-big-ass-991.html" "Mozilla/5.0 (iPhone; CPU iPhone OS 18_7 like Mac OS X) AppleWebKit/605.1.15 (KHTML, like Gecko) Version/26.2 Mobile/15E148 Safari/604.1"
98.63.199.239 - - [29/Jan/2026:04:39:24 -0500] "GET /media/videos/7/6/6/1/9/76619ec07d98a8.mp4 HTTP/1.1" 206 65536 "https://porn.tw/video/angeline-thomas-with-big-ass-991.html" "Mozilla/5.0 (iPhone; CPU iPhone OS 18_7 like Mac OS X) AppleWebKit/605.1.15 (KHTML, like Gecko) Version/26.2 Mobile/15E148 Safari/604.1"
98.63.199.239 - - [29/Jan/2026:04:39:24 -0500] "GET /media/videos/7/6/6/1/9/76619ec07d98a8.mp4 HTTP/1.1" 206 131072 "https://porn.tw/video/angeline-thomas-with-big-ass-991.html" "Mozilla/5.0 (iPhone; CPU iPhone OS 18_7 like Mac OS X) AppleWebKit/605.1.15 (KHTML, like Gecko) Version/26.2 Mobile/15E148 Safari/604.1"
98.63.199.239 - - [29/Jan/2026:04:39:24 -0500] "GET /media/videos/7/6/6/1/9/76619ec07d98a8.mp4 HTTP/1.1" 206 65536 "https://porn.tw/video/angeline-thomas-with-big-ass-991.html" "Mozilla/5.0 (iPhone; CPU iPhone OS 18_7 like Mac OS X) AppleWebKit/605.1.15 (KHTML, like Gecko) Version/26.2 Mobile/15E148 Safari/604.1"
98.63.199.239 - - [29/Jan/2026:04:39:24 -0500] "GET /media/videos/7/6/6/1/9/76619ec07d98a8.mp4 HTTP/1.1" 206 131072 "https://porn.tw/video/angeline-thomas-with-big-ass-991.html" "Mozilla/5.0 (iPhone; CPU iPhone OS 18_7 like Mac OS X) AppleWebKit/605.1.15 (KHTML, like Gecko) Version/26.2 Mobile/15E148 Safari/604.1"
98.63.199.239 - - [29/Jan/2026:04:39:24 -0500] "GET /media/videos/7/6/6/1/9/76619ec07d98a8.mp4 HTTP/1.1" 206 65536 "https://porn.tw/video/angeline-thomas-with-big-ass-991.html" "Mozilla/5.0 (iPhone; CPU iPhone OS 18_7 like Mac OS X) AppleWebKit/605.1.15 (KHTML, like Gecko) Version/26.2 Mobile/15E148 Safari/604.1"
98.63.199.239 - - [29/Jan/2026:04:39:25 -0500] "GET /media/videos/7/6/6/1/9/76619ec07d98a8.mp4 HTTP/1.1" 206 65536 "https://porn.tw/video/angeline-thomas-with-big-ass-991.html" "Mozilla/5.0 (iPhone; CPU iPhone OS 18_7 like Mac OS X) AppleWebKit/605.1.15 (KHTML, like Gecko) Version/26.2 Mobile/15E148 Safari/604.1"
98.63.199.239 - - [29/Jan/2026:04:39:25 -0500] "GET /media/videos/7/6/6/1/9/76619ec07d98a8.mp4 HTTP/1.1" 206 65536 "https://porn.tw/video/angeline-thomas-with-big-ass-991.html" "Mozilla/5.0 (iPhone; CPU iPhone OS 18_7 like Mac OS X) AppleWebKit/605.1.15 (KHTML, like Gecko) Version/26.2 Mobile/15E148 Safari/604.1"
98.63.199.239 - - [29/Jan/2026:04:39:25 -0500] "GET /media/videos/7/6/6/1/9/76619ec07d98a8.mp4 HTTP/1.1" 206 131072 "https://porn.tw/video/angeline-thomas-with-big-ass-991.html" "Mozilla/5.0 (iPhone; CPU iPhone OS 18_7 like Mac OS X) AppleWebKit/605.1.15 (KHTML, like Gecko) Version/26.2 Mobile/15E148 Safari/604.1"
98.63.199.239 - - [29/Jan/2026:04:39:25 -0500] "GET /media/videos/7/6/6/1/9/76619ec07d98a8.mp4 HTTP/1.1" 206 65536 "https://porn.tw/video/angeline-thomas-with-big-ass-991.html" "Mozilla/5.0 (iPhone; CPU iPhone OS 18_7 like Mac OS X) AppleWebKit/605.1.15 (KHTML, like Gecko) Version/26.2 Mobile/15E148 Safari/604.1"
98.63.199.239 - - [29/Jan/2026:04:39:25 -0500] "GET /media/videos/7/6/6/1/9/76619ec07d98a8.mp4 HTTP/1.1" 206 65536 "https://porn.tw/video/angeline-thomas-with-big-ass-991.html" "Mozilla/5.0 (iPhone; CPU iPhone OS 18_7 like Mac OS X) AppleWebKit/605.1.15 (KHTML, like Gecko) Version/26.2 Mobile/15E148 Safari/604.1"
98.63.199.239 - - [29/Jan/2026:04:39:25 -0500] "GET /media/videos/7/6/6/1/9/76619ec07d98a8.mp4 HTTP/1.1" 206 65536 "https://porn.tw/video/angeline-thomas-with-big-ass-991.html" "Mozilla/5.0 (iPhone; CPU iPhone OS 18_7 like Mac OS X) AppleWebKit/605.1.15 (KHTML, like Gecko) Version/26.2 Mobile/15E148 Safari/604.1"
98.63.199.239 - - [29/Jan/2026:04:39:25 -0500] "GET /media/videos/7/6/6/1/9/76619ec07d98a8.mp4 HTTP/1.1" 206 65536 "https://porn.tw/video/angeline-thomas-with-big-ass-991.html" "Mozilla/5.0 (iPhone; CPU iPhone OS 18_7 like Mac OS X) AppleWebKit/605.1.15 (KHTML, like Gecko) Version/26.2 Mobile/15E148 Safari/604.1"
98.63.199.239 - - [29/Jan/2026:04:39:25 -0500] "GET /media/videos/7/6/6/1/9/76619ec07d98a8.mp4 HTTP/1.1" 206 65536 "https://porn.tw/video/angeline-thomas-with-big-ass-991.html" "Mozilla/5.0 (iPhone; CPU iPhone OS 18_7 like Mac OS X) AppleWebKit/605.1.15 (KHTML, like Gecko) Version/26.2 Mobile/15E148 Safari/604.1"
98.63.199.239 - - [29/Jan/2026:04:39:25 -0500] "GET /media/videos/7/6/6/1/9/76619ec07d98a8.mp4 HTTP/1.1" 206 131072 "https://porn.tw/video/angeline-thomas-with-big-ass-991.html" "Mozilla/5.0 (iPhone; CPU iPhone OS 18_7 like Mac OS X) AppleWebKit/605.1.15 (KHTML, like Gecko) Version/26.2 Mobile/15E148 Safari/604.1"
98.63.199.239 - - [29/Jan/2026:04:39:25 -0500] "GET /media/videos/7/6/6/1/9/76619ec07d98a8.mp4 HTTP/1.1" 206 65536 "https://porn.tw/video/angeline-thomas-with-big-ass-991.html" "Mozilla/5.0 (iPhone; CPU iPhone OS 18_7 like Mac OS X) AppleWebKit/605.1.15 (KHTML, like Gecko) Version/26.2 Mobile/15E148 Safari/604.1"
98.63.199.239 - - [29/Jan/2026:04:39:25 -0500] "GET /media/videos/7/6/6/1/9/76619ec07d98a8.mp4 HTTP/1.1" 206 65536 "https://porn.tw/video/angeline-thomas-with-big-ass-991.html" "Mozilla/5.0 (iPhone; CPU iPhone OS 18_7 like Mac OS X) AppleWebKit/605.1.15 (KHTML, like Gecko) Version/26.2 Mobile/15E148 Safari/604.1"
98.63.199.239 - - [29/Jan/2026:04:39:25 -0500] "GET /media/videos/7/6/6/1/9/76619ec07d98a8.mp4 HTTP/1.1" 206 65536 "https://porn.tw/video/angeline-thomas-with-big-ass-991.html" "Mozilla/5.0 (iPhone; CPU iPhone OS 18_7 like Mac OS X) AppleWebKit/605.1.15 (KHTML, like Gecko) Version/26.2 Mobile/15E148 Safari/604.1"
98.63.199.239 - - [29/Jan/2026:04:39:25 -0500] "GET /media/videos/7/6/6/1/9/76619ec07d98a8.mp4 HTTP/1.1" 206 65536 "https://porn.tw/video/angeline-thomas-with-big-ass-991.html" "Mozilla/5.0 (iPhone; CPU iPhone OS 18_7 like Mac OS X) AppleWebKit/605.1.15 (KHTML, like Gecko) Version/26.2 Mobile/15E148 Safari/604.1"
98.63.199.239 - - [29/Jan/2026:04:39:25 -0500] "GET /media/videos/7/6/6/1/9/76619ec07d98a8.mp4 HTTP/1.1" 206 65536 "https://porn.tw/video/angeline-thomas-with-big-ass-991.html" "Mozilla/5.0 (iPhone; CPU iPhone OS 18_7 like Mac OS X) AppleWebKit/605.1.15 (KHTML, like Gecko) Version/26.2 Mobile/15E148 Safari/604.1"
3.217.82.254 - - [29/Jan/2026:04:39:25 -0500] "GET /search/steamy-solo-session/ HTTP/1.1" 200 72350 "-" "Mozilla/5.0 AppleWebKit/537.36 (KHTML, like Gecko; compatible; Amazonbot/0.1; +https://developer.amazon.com/support/amazonbot) Chrome/119.0.6045.214 Safari/537.36"
98.63.199.239 - - [29/Jan/2026:04:39:25 -0500] "GET /media/videos/7/6/6/1/9/76619ec07d98a8.mp4 HTTP/1.1" 206 65536 "https://porn.tw/video/angeline-thomas-with-big-ass-991.html" "Mozilla/5.0 (iPhone; CPU iPhone OS 18_7 like Mac OS X) AppleWebKit/605.1.15 (KHTML, like Gecko) Version/26.2 Mobile/15E148 Safari/604.1"
98.63.199.239 - - [29/Jan/2026:04:39:25 -0500] "GET /media/videos/7/6/6/1/9/76619ec07d98a8.mp4 HTTP/1.1" 206 131072 "https://porn.tw/video/angeline-thomas-with-big-ass-991.html" "Mozilla/5.0 (iPhone; CPU iPhone OS 18_7 like Mac OS X) AppleWebKit/605.1.15 (KHTML, like Gecko) Version/26.2 Mobile/15E148 Safari/604.1"
98.63.199.239 - - [29/Jan/2026:04:39:26 -0500] "GET /media/videos/7/6/6/1/9/76619ec07d98a8.mp4 HTTP/1.1" 206 65536 "https://porn.tw/video/angeline-thomas-with-big-ass-991.html" "Mozilla/5.0 (iPhone; CPU iPhone OS 18_7 like Mac OS X) AppleWebKit/605.1.15 (KHTML, like Gecko) Version/26.2 Mobile/15E148 Safari/604.1"
98.63.199.239 - - [29/Jan/2026:04:39:26 -0500] "GET /media/videos/7/6/6/1/9/76619ec07d98a8.mp4 HTTP/1.1" 206 131072 "https://porn.tw/video/angeline-thomas-with-big-ass-991.html" "Mozilla/5.0 (iPhone; CPU iPhone OS 18_7 like Mac OS X) AppleWebKit/605.1.15 (KHTML, like Gecko) Version/26.2 Mobile/15E148 Safari/604.1"
98.63.199.239 - - [29/Jan/2026:04:39:26 -0500] "GET /media/videos/7/6/6/1/9/76619ec07d98a8.mp4 HTTP/1.1" 206 65536 "https://porn.tw/video/angeline-thomas-with-big-ass-991.html" "Mozilla/5.0 (iPhone; CPU iPhone OS 18_7 like Mac OS X) AppleWebKit/605.1.15 (KHTML, like Gecko) Version/26.2 Mobile/15E148 Safari/604.1"
98.63.199.239 - - [29/Jan/2026:04:39:26 -0500] "GET /media/videos/7/6/6/1/9/76619ec07d98a8.mp4 HTTP/1.1" 206 131072 "https://porn.tw/video/angeline-thomas-with-big-ass-991.html" "Mozilla/5.0 (iPhone; CPU iPhone OS 18_7 like Mac OS X) AppleWebKit/605.1.15 (KHTML, like Gecko) Version/26.2 Mobile/15E148 Safari/604.1"
98.63.199.239 - - [29/Jan/2026:04:39:26 -0500] "GET /media/videos/7/6/6/1/9/76619ec07d98a8.mp4 HTTP/1.1" 206 65536 "https://porn.tw/video/angeline-thomas-with-big-ass-991.html" "Mozilla/5.0 (iPhone; CPU iPhone OS 18_7 like Mac OS X) AppleWebKit/605.1.15 (KHTML, like Gecko) Version/26.2 Mobile/15E148 Safari/604.1"
98.63.199.239 - - [29/Jan/2026:04:39:26 -0500] "GET /media/videos/7/6/6/1/9/76619ec07d98a8.mp4 HTTP/1.1" 206 100663296 "https://porn.tw/video/angeline-thomas-with-big-ass-991.html" "Mozilla/5.0 (iPhone; CPU iPhone OS 18_7 like Mac OS X) AppleWebKit/605.1.15 (KHTML, like Gecko) Version/26.2 Mobile/15E148 Safari/604.1"
154.54.249.200 - - [29/Jan/2026:04:39:30 -0500] "GET /search/ariana-reynoldss-porn-cam/page6.html HTTP/1.1" 200 71082 "-" "Mozilla/5.0 (compatible; Barkrowler/0.9; +https://babbar.tech/crawler)"
98.63.199.239 - - [29/Jan/2026:04:39:35 -0500] "GET /media/videos/7/6/6/1/9/76619ec07d98a8.mp4 HTTP/1.1" 206 52953088 "https://porn.tw/video/angeline-thomas-with-big-ass-991.html" "Mozilla/5.0 (iPhone; CPU iPhone OS 18_7 like Mac OS X) AppleWebKit/605.1.15 (KHTML, like Gecko) Version/26.2 Mobile/15E148 Safari/604.1"
217.113.194.77 - - [29/Jan/2026:04:39:38 -0500] "GET /index.php/tag/ember-reigns/page19.html HTTP/1.1" 200 98215 "-" "Mozilla/5.0 (compatible; Barkrowler/0.9; +https://babbar.tech/crawler)"
98.63.199.239 - - [29/Jan/2026:04:39:39 -0500] "GET /media/videos/7/6/6/1/9/76619ec07d98a8.mp4 HTTP/1.1" 206 49217536 "https://porn.tw/video/angeline-thomas-with-big-ass-991.html" "Mozilla/5.0 (iPhone; CPU iPhone OS 18_7 like Mac OS X) AppleWebKit/605.1.15 (KHTML, like Gecko) Version/26.2 Mobile/15E148 Safari/604.1"
98.63.199.239 - - [29/Jan/2026:04:39:40 -0500] "GET /media/videos/7/6/6/1/9/76619ec07d98a8.mp4 HTTP/1.1" 206 65536 "https://porn.tw/video/angeline-thomas-with-big-ass-991.html" "Mozilla/5.0 (iPhone; CPU iPhone OS 18_7 like Mac OS X) AppleWebKit/605.1.15 (KHTML, like Gecko) Version/26.2 Mobile/15E148 Safari/604.1"
98.63.199.239 - - [29/Jan/2026:04:39:40 -0500] "GET /media/videos/7/6/6/1/9/76619ec07d98a8.mp4 HTTP/1.1" 206 65536 "https://porn.tw/video/angeline-thomas-with-big-ass-991.html" "Mozilla/5.0 (iPhone; CPU iPhone OS 18_7 like Mac OS X) AppleWebKit/605.1.15 (KHTML, like Gecko) Version/26.2 Mobile/15E148 Safari/604.1"
98.63.199.239 - - [29/Jan/2026:04:39:40 -0500] "GET /media/videos/7/6/6/1/9/76619ec07d98a8.mp4 HTTP/1.1" 206 65536 "https://porn.tw/video/angeline-thomas-with-big-ass-991.html" "Mozilla/5.0 (iPhone; CPU iPhone OS 18_7 like Mac OS X) AppleWebKit/605.1.15 (KHTML, like Gecko) Version/26.2 Mobile/15E148 Safari/604.1"
98.63.199.239 - - [29/Jan/2026:04:39:40 -0500] "GET /media/videos/7/6/6/1/9/76619ec07d98a8.mp4 HTTP/1.1" 206 65536 "https://porn.tw/video/angeline-thomas-with-big-ass-991.html" "Mozilla/5.0 (iPhone; CPU iPhone OS 18_7 like Mac OS X) AppleWebKit/605.1.15 (KHTML, like Gecko) Version/26.2 Mobile/15E148 Safari/604.1"
98.63.199.239 - - [29/Jan/2026:04:39:40 -0500] "GET /media/videos/7/6/6/1/9/76619ec07d98a8.mp4 HTTP/1.1" 206 65536 "https://porn.tw/video/angeline-thomas-with-big-ass-991.html" "Mozilla/5.0 (iPhone; CPU iPhone OS 18_7 like Mac OS X) AppleWebKit/605.1.15 (KHTML, like Gecko) Version/26.2 Mobile/15E148 Safari/604.1"
98.63.199.239 - - [29/Jan/2026:04:39:40 -0500] "GET /media/videos/7/6/6/1/9/76619ec07d98a8.mp4 HTTP/1.1" 206 65536 "https://porn.tw/video/angeline-thomas-with-big-ass-991.html" "Mozilla/5.0 (iPhone; CPU iPhone OS 18_7 like Mac OS X) AppleWebKit/605.1.15 (KHTML, like Gecko) Version/26.2 Mobile/15E148 Safari/604.1"
98.63.199.239 - - [29/Jan/2026:04:39:41 -0500] "GET /media/videos/7/6/6/1/9/76619ec07d98a8.mp4 HTTP/1.1" 206 65536 "https://porn.tw/video/angeline-thomas-with-big-ass-991.html" "Mozilla/5.0 (iPhone; CPU iPhone OS 18_7 like Mac OS X) AppleWebKit/605.1.15 (KHTML, like Gecko) Version/26.2 Mobile/15E148 Safari/604.1"
98.63.199.239 - - [29/Jan/2026:04:39:41 -0500] "GET /media/videos/7/6/6/1/9/76619ec07d98a8.mp4 HTTP/1.1" 206 65536 "https://porn.tw/video/angeline-thomas-with-big-ass-991.html" "Mozilla/5.0 (iPhone; CPU iPhone OS 18_7 like Mac OS X) AppleWebKit/605.1.15 (KHTML, like Gecko) Version/26.2 Mobile/15E148 Safari/604.1"
98.63.199.239 - - [29/Jan/2026:04:39:41 -0500] "GET /media/videos/7/6/6/1/9/76619ec07d98a8.mp4 HTTP/1.1" 206 65536 "https://porn.tw/video/angeline-thomas-with-big-ass-991.html" "Mozilla/5.0 (iPhone; CPU iPhone OS 18_7 like Mac OS X) AppleWebKit/605.1.15 (KHTML, like Gecko) Version/26.2 Mobile/15E148 Safari/604.1"
98.63.199.239 - - [29/Jan/2026:04:39:41 -0500] "GET /media/videos/7/6/6/1/9/76619ec07d98a8.mp4 HTTP/1.1" 206 65536 "https://porn.tw/video/angeline-thomas-with-big-ass-991.html" "Mozilla/5.0 (iPhone; CPU iPhone OS 18_7 like Mac OS X) AppleWebKit/605.1.15 (KHTML, like Gecko) Version/26.2 Mobile/15E148 Safari/604.1"
98.63.199.239 - - [29/Jan/2026:04:39:41 -0500] "GET /media/videos/7/6/6/1/9/76619ec07d98a8.mp4 HTTP/1.1" 206 65536 "https://porn.tw/video/angeline-thomas-with-big-ass-991.html" "Mozilla/5.0 (iPhone; CPU iPhone OS 18_7 like Mac OS X) AppleWebKit/605.1.15 (KHTML, like Gecko) Version/26.2 Mobile/15E148 Safari/604.1"
98.63.199.239 - - [29/Jan/2026:04:39:41 -0500] "GET /media/videos/7/6/6/1/9/76619ec07d98a8.mp4 HTTP/1.1" 206 65536 "https://porn.tw/video/angeline-thomas-with-big-ass-991.html" "Mozilla/5.0 (iPhone; CPU iPhone OS 18_7 like Mac OS X) AppleWebKit/605.1.15 (KHTML, like Gecko) Version/26.2 Mobile/15E148 Safari/604.1"
98.63.199.239 - - [29/Jan/2026:04:39:41 -0500] "GET /media/videos/7/6/6/1/9/76619ec07d98a8.mp4 HTTP/1.1" 206 65536 "https://porn.tw/video/angeline-thomas-with-big-ass-991.html" "Mozilla/5.0 (iPhone; CPU iPhone OS 18_7 like Mac OS X) AppleWebKit/605.1.15 (KHTML, like Gecko) Version/26.2 Mobile/15E148 Safari/604.1"
98.63.199.239 - - [29/Jan/2026:04:39:41 -0500] "GET /media/videos/7/6/6/1/9/76619ec07d98a8.mp4 HTTP/1.1" 206 65536 "https://porn.tw/video/angeline-thomas-with-big-ass-991.html" "Mozilla/5.0 (iPhone; CPU iPhone OS 18_7 like Mac OS X) AppleWebKit/605.1.15 (KHTML, like Gecko) Version/26.2 Mobile/15E148 Safari/604.1"
98.63.199.239 - - [29/Jan/2026:04:39:41 -0500] "GET /media/videos/7/6/6/1/9/76619ec07d98a8.mp4 HTTP/1.1" 206 8060928 "https://porn.tw/video/angeline-thomas-with-big-ass-991.html" "Mozilla/5.0 (iPhone; CPU iPhone OS 18_7 like Mac OS X) AppleWebKit/605.1.15 (KHTML, like Gecko) Version/26.2 Mobile/15E148 Safari/604.1"
98.63.199.239 - - [29/Jan/2026:04:39:42 -0500] "GET /media/videos/7/6/6/1/9/76619ec07d98a8.mp4 HTTP/1.1" 206 2424832 "https://porn.tw/video/angeline-thomas-with-big-ass-991.html" "Mozilla/5.0 (iPhone; CPU iPhone OS 18_7 like Mac OS X) AppleWebKit/605.1.15 (KHTML, like Gecko) Version/26.2 Mobile/15E148 Safari/604.1"
98.63.199.239 - - [29/Jan/2026:04:39:43 -0500] "GET /media/videos/7/6/6/1/9/76619ec07d98a8.mp4 HTTP/1.1" 206 131072 "https://porn.tw/video/angeline-thomas-with-big-ass-991.html" "Mozilla/5.0 (iPhone; CPU iPhone OS 18_7 like Mac OS X) AppleWebKit/605.1.15 (KHTML, like Gecko) Version/26.2 Mobile/15E148 Safari/604.1"
98.63.199.239 - - [29/Jan/2026:04:39:44 -0500] "GET /media/videos/7/6/6/1/9/76619ec07d98a8.mp4 HTTP/1.1" 206 65536 "https://porn.tw/video/angeline-thomas-with-big-ass-991.html" "Mozilla/5.0 (iPhone; CPU iPhone OS 18_7 like Mac OS X) AppleWebKit/605.1.15 (KHTML, like Gecko) Version/26.2 Mobile/15E148 Safari/604.1"
98.63.199.239 - - [29/Jan/2026:04:39:43 -0500] "GET /media/videos/7/6/6/1/9/76619ec07d98a8.mp4 HTTP/1.1" 206 45350912 "https://porn.tw/video/angeline-thomas-with-big-ass-991.html" "Mozilla/5.0 (iPhone; CPU iPhone OS 18_7 like Mac OS X) AppleWebKit/605.1.15 (KHTML, like Gecko) Version/26.2 Mobile/15E148 Safari/604.1"
217.113.194.74 - - [29/Jan/2026:04:39:45 -0500] "GET /search/ariana-reynoldss-live-porn/page6.html HTTP/1.1" 200 76677 "-" "Mozilla/5.0 (compatible; Barkrowler/0.9; +https://babbar.tech/crawler)"
116.179.32.99 - - [29/Jan/2026:04:39:46 -0500] "GET /search/busty-babe/views/page4.html HTTP/1.1" 403 - "-" "Mozilla/5.0 (compatible; Baiduspider/2.0; +http://www.baidu.com/search/spider.html)"
119.249.100.236 - - [29/Jan/2026:04:39:49 -0500] "GET /search/busty-babe/views/page4.html HTTP/1.1" 200 73304 "-" "Mozilla/5.0 (Windows NT 10.0; WOW64) AppleWebKit/537.36 (KHTML, like Gecko) Chrome/48.0.2564.116 Safari/537.36"
217.113.194.218 - - [29/Jan/2026:04:39:54 -0500] "GET /index.php/tag/ember-reigns/page22.html HTTP/1.1" 200 98215 "-" "Mozilla/5.0 (compatible; Barkrowler/0.9; +https://babbar.tech/crawler)"
217.113.194.74 - - [29/Jan/2026:04:40:01 -0500] "GET /search/ariana-reynoldss-live-porn/page2.html HTTP/1.1" 200 71598 "-" "Mozilla/5.0 (compatible; Barkrowler/0.9; +https://babbar.tech/crawler)"
217.113.194.218 - - [29/Jan/2026:04:40:09 -0500] "GET /index.php/tag/ember-reigns/page5.html HTTP/1.1" 200 98214 "-" "Mozilla/5.0 (compatible; Barkrowler/0.9; +https://babbar.tech/crawler)"
217.113.194.72 - - [29/Jan/2026:04:40:17 -0500] "GET /search/seductive-adult-cams/page8.html HTTP/1.1" 200 53251 "-" "Mozilla/5.0 (compatible; Barkrowler/0.9; +https://babbar.tech/crawler)"
44.223.116.149 - - [29/Jan/2026:04:40:19 -0500] "GET /search/curvy/ HTTP/1.1" 200 75452 "-" "Mozilla/5.0 AppleWebKit/537.36 (KHTML, like Gecko; compatible; Amazonbot/0.1; +https://developer.amazon.com/support/amazonbot) Chrome/119.0.6045.214 Safari/537.36"
114.119.132.9 - - [29/Jan/2026:04:40:19 -0500] "GET /action.php?action=reportVideo&id=1405 HTTP/1.1" 200 3599 "https://porn.tw/video/sunshine-foxy-fucks-her-both-holes-to-orgasm-with-a-black-magic-wand-on-her-clit-and-cock-in-her-ass-1405.html" "Mozilla/5.0 (Linux; Android 7.0;) AppleWebKit/537.36 (KHTML, like Gecko) Mobile Safari/537.36 (compatible; PetalBot;+https://webmaster.petalsearch.com/site/petalbot)"
217.113.194.81 - - [29/Jan/2026:04:40:25 -0500] "GET /index.php/tag/dark-nipplles/page21.html HTTP/1.1" 200 98216 "-" "Mozilla/5.0 (compatible; Barkrowler/0.9; +https://babbar.tech/crawler)"
116.179.32.26 - - [29/Jan/2026:04:40:28 -0500] "GET /search/adult-webcam-performance/views/page1.html HTTP/1.1" 403 - "-" "Mozilla/5.0 (compatible; Baiduspider/2.0; +http://www.baidu.com/search/spider.html)"
217.113.194.217 - - [29/Jan/2026:04:40:32 -0500] "GET /search/seductive-beauty/newest/page3.html HTTP/1.1" 200 76111 "-" "Mozilla/5.0 (compatible; Barkrowler/0.9; +https://babbar.tech/crawler)"
217.113.194.81 - - [29/Jan/2026:04:40:41 -0500] "GET /index.php/tag/brazilian-honey/page10.html HTTP/1.1" 200 98218 "-" "Mozilla/5.0 (compatible; Barkrowler/0.9; +https://babbar.tech/crawler)"
54.163.136.244 - - [29/Jan/2026:04:40:48 -0500] "GET /channels/8/pegging-paradise-dive-into-a-world-of-shared-pleasure-porn-videos/ HTTP/1.1" 200 25805 "-" "Mozilla/5.0 AppleWebKit/537.36 (KHTML, like Gecko; compatible; Amazonbot/0.1; +https://developer.amazon.com/support/amazonbot) Chrome/119.0.6045.214 Safari/537.36"
217.113.194.77 - - [29/Jan/2026:04:40:48 -0500] "GET /search/seductive-shemale-tube/rating/ HTTP/1.1" 200 75482 "-" "Mozilla/5.0 (compatible; Barkrowler/0.9; +https://babbar.tech/crawler)"
107.170.241.116 - - [29/Jan/2026:04:40:55 -0500] "GET /media/thumbs/3/6/8/2/d/3682d0bae88885.mp4/3682d0bae88885.mp4-8b.jpg HTTP/1.1" 200 63198 "https://www.google.com/" "Mozilla/5.0 (Linux; Android 10; K) AppleWebKit/537.36 (KHTML, like Gecko) Chrome/144.0.0.0 Mobile Safari/537.36"
217.113.194.81 - - [29/Jan/2026:04:40:56 -0500] "GET /index.php/tag/brazilian-honey/page20.html HTTP/1.1" 200 98218 "-" "Mozilla/5.0 (compatible; Barkrowler/0.9; +https://babbar.tech/crawler)"
217.113.194.218 - - [29/Jan/2026:04:41:03 -0500] "GET /search/seductive-shemale-tube/page2.html HTTP/1.1" 200 73612 "-" "Mozilla/5.0 (compatible; Barkrowler/0.9; +https://babbar.tech/crawler)"
98.63.199.239 - - [29/Jan/2026:04:41:04 -0500] "GET /video/angeline-thomas-with-big-ass-991.html HTTP/1.1" 200 56867 "https://porn.tw/video/simone-simmons-blonde-porn-1170.html" "Mozilla/5.0 (iPhone; CPU iPhone OS 18_7 like Mac OS X) AppleWebKit/605.1.15 (KHTML, like Gecko) Version/26.2 Mobile/15E148 Safari/604.1"
98.63.199.239 - - [29/Jan/2026:04:41:04 -0500] "GET /webvtt/991.vtt HTTP/1.1" 200 5803 "https://porn.tw/video/angeline-thomas-with-big-ass-991.html" "Mozilla/5.0 (iPhone; CPU iPhone OS 18_7 like Mac OS X) AppleWebKit/605.1.15 (KHTML, like Gecko) Version/26.2 Mobile/15E148 Safari/604.1"
98.63.199.239 - - [29/Jan/2026:04:41:04 -0500] "GET /templates/default_tube2019/template.ajax_comments.php?id=991&type=0&loaded=0&time=1769679664318 HTTP/1.1" 200 133 "https://porn.tw/video/angeline-thomas-with-big-ass-991.html" "Mozilla/5.0 (iPhone; CPU iPhone OS 18_7 like Mac OS X) AppleWebKit/605.1.15 (KHTML, like Gecko) Version/26.2 Mobile/15E148 Safari/604.1"
98.63.199.239 - - [29/Jan/2026:04:41:04 -0500] "GET /media/videos/7/6/6/1/9/76619ec07d98a8.mp4 HTTP/1.1" 206 2 "https://porn.tw/video/angeline-thomas-with-big-ass-991.html" "Mozilla/5.0 (iPhone; CPU iPhone OS 18_7 like Mac OS X) AppleWebKit/605.1.15 (KHTML, like Gecko) Version/26.2 Mobile/15E148 Safari/604.1"
98.63.199.239 - - [29/Jan/2026:04:41:04 -0500] "GET /media/videos/7/6/6/1/9/76619ec07d98a8.mp4 HTTP/1.1" 206 335151104 "https://porn.tw/video/angeline-thomas-with-big-ass-991.html" "Mozilla/5.0 (iPhone; CPU iPhone OS 18_7 like Mac OS X) AppleWebKit/605.1.15 (KHTML, like Gecko) Version/26.2 Mobile/15E148 Safari/604.1"
98.63.199.239 - - [29/Jan/2026:04:41:05 -0500] "GET /video/simone-simmons-blonde-porn-1170.html HTTP/1.1" 200 52574 "https://porn.tw/video/jessicaportman-pretty-blonde-toys-pink-pussy-cam-porn-2885.html" "Mozilla/5.0 (iPhone; CPU iPhone OS 18_7 like Mac OS X) AppleWebKit/605.1.15 (KHTML, like Gecko) Version/26.2 Mobile/15E148 Safari/604.1"
98.63.199.239 - - [29/Jan/2026:04:41:05 -0500] "GET /media/videos/7/6/6/4/3/766432d1932d83.mp4 HTTP/1.1" 206 2 "https://porn.tw/video/simone-simmons-blonde-porn-1170.html" "Mozilla/5.0 (iPhone; CPU iPhone OS 18_7 like Mac OS X) AppleWebKit/605.1.15 (KHTML, like Gecko) Version/26.2 Mobile/15E148 Safari/604.1"
98.63.199.239 - - [29/Jan/2026:04:41:05 -0500] "GET /webvtt/1170.vtt HTTP/1.1" 200 5803 "https://porn.tw/video/simone-simmons-blonde-porn-1170.html" "Mozilla/5.0 (iPhone; CPU iPhone OS 18_7 like Mac OS X) AppleWebKit/605.1.15 (KHTML, like Gecko) Version/26.2 Mobile/15E148 Safari/604.1"
98.63.199.239 - - [29/Jan/2026:04:41:06 -0500] "GET /templates/default_tube2019/template.ajax_comments.php?id=1170&type=0&loaded=0&time=1769679665754 HTTP/1.1" 200 133 "https://porn.tw/video/simone-simmons-blonde-porn-1170.html" "Mozilla/5.0 (iPhone; CPU iPhone OS 18_7 like Mac OS X) AppleWebKit/605.1.15 (KHTML, like Gecko) Version/26.2 Mobile/15E148 Safari/604.1"
98.63.199.239 - - [29/Jan/2026:04:41:05 -0500] "GET /media/videos/7/6/6/4/3/766432d1932d83.mp4 HTTP/1.1" 206 376497044 "https://porn.tw/video/simone-simmons-blonde-porn-1170.html" "Mozilla/5.0 (iPhone; CPU iPhone OS 18_7 like Mac OS X) AppleWebKit/605.1.15 (KHTML, like Gecko) Version/26.2 Mobile/15E148 Safari/604.1"
98.63.199.239 - - [29/Jan/2026:04:41:06 -0500] "GET /media/videos/7/6/6/4/3/766432d1932d83.mp4 HTTP/1.1" 206 123796 "https://porn.tw/video/simone-simmons-blonde-porn-1170.html" "Mozilla/5.0 (iPhone; CPU iPhone OS 18_7 like Mac OS X) AppleWebKit/605.1.15 (KHTML, like Gecko) Version/26.2 Mobile/15E148 Safari/604.1"
98.63.199.239 - - [29/Jan/2026:04:41:06 -0500] "GET /media/videos/7/6/6/4/3/766432d1932d83.mp4 HTTP/1.1" 206 58260 "https://porn.tw/video/simone-simmons-blonde-porn-1170.html" "Mozilla/5.0 (iPhone; CPU iPhone OS 18_7 like Mac OS X) AppleWebKit/605.1.15 (KHTML, like Gecko) Version/26.2 Mobile/15E148 Safari/604.1"
98.63.199.239 - - [29/Jan/2026:04:41:06 -0500] "GET /media/videos/7/6/6/4/3/766432d1932d83.mp4 HTTP/1.1" 206 9425 "https://porn.tw/video/simone-simmons-blonde-porn-1170.html" "Mozilla/5.0 (iPhone; CPU iPhone OS 18_7 like Mac OS X) AppleWebKit/605.1.15 (KHTML, like Gecko) Version/26.2 Mobile/15E148 Safari/604.1"
98.63.199.239 - - [29/Jan/2026:04:41:06 -0500] "GET /media/videos/7/6/6/4/3/766432d1932d83.mp4 HTTP/1.1" 206 318 "https://porn.tw/video/simone-simmons-blonde-porn-1170.html" "Mozilla/5.0 (iPhone; CPU iPhone OS 18_7 like Mac OS X) AppleWebKit/605.1.15 (KHTML, like Gecko) Version/26.2 Mobile/15E148 Safari/604.1"
98.63.199.239 - - [29/Jan/2026:04:41:07 -0500] "GET /video/jessicaportman-pretty-blonde-toys-pink-pussy-cam-porn-2885.html HTTP/1.1" 200 57735 "https://porn.tw/video/sofiakaufman-blonde-s-sweet-hole-vibration-cam-porn-2868.html" "Mozilla/5.0 (iPhone; CPU iPhone OS 18_7 like Mac OS X) AppleWebKit/605.1.15 (KHTML, like Gecko) Version/26.2 Mobile/15E148 Safari/604.1"
98.63.199.239 - - [29/Jan/2026:04:41:07 -0500] "GET /webvtt/2885.vtt HTTP/1.1" 200 6056 "https://porn.tw/video/jessicaportman-pretty-blonde-toys-pink-pussy-cam-porn-2885.html" "Mozilla/5.0 (iPhone; CPU iPhone OS 18_7 like Mac OS X) AppleWebKit/605.1.15 (KHTML, like Gecko) Version/26.2 Mobile/15E148 Safari/604.1"
98.63.199.239 - - [29/Jan/2026:04:41:07 -0500] "GET /media/videos/1/1/6/7/b/1167bad549b3797.mp4 HTTP/1.1" 206 2 "https://porn.tw/video/jessicaportman-pretty-blonde-toys-pink-pussy-cam-porn-2885.html" "Mozilla/5.0 (iPhone; CPU iPhone OS 18_7 like Mac OS X) AppleWebKit/605.1.15 (KHTML, like Gecko) Version/26.2 Mobile/15E148 Safari/604.1"
98.63.199.239 - - [29/Jan/2026:04:41:07 -0500] "GET /templates/default_tube2019/template.ajax_comments.php?id=2885&type=0&loaded=0&time=1769679667627 HTTP/1.1" 200 133 "https://porn.tw/video/jessicaportman-pretty-blonde-toys-pink-pussy-cam-porn-2885.html" "Mozilla/5.0 (iPhone; CPU iPhone OS 18_7 like Mac OS X) AppleWebKit/605.1.15 (KHTML, like Gecko) Version/26.2 Mobile/15E148 Safari/604.1"
98.63.199.239 - - [29/Jan/2026:04:41:07 -0500] "GET /media/videos/1/1/6/7/b/1167bad549b3797.mp4 HTTP/1.1" 206 348645131 "https://porn.tw/video/jessicaportman-pretty-blonde-toys-pink-pussy-cam-porn-2885.html" "Mozilla/5.0 (iPhone; CPU iPhone OS 18_7 like Mac OS X) AppleWebKit/605.1.15 (KHTML, like Gecko) Version/26.2 Mobile/15E148 Safari/604.1"
98.63.199.239 - - [29/Jan/2026:04:41:08 -0500] "GET /media/videos/1/1/6/7/b/1167bad549b3797.mp4 HTTP/1.1" 206 348448523 "https://porn.tw/video/jessicaportman-pretty-blonde-toys-pink-pussy-cam-porn-2885.html" "Mozilla/5.0 (iPhone; CPU iPhone OS 18_7 like Mac OS X) AppleWebKit/605.1.15 (KHTML, like Gecko) Version/26.2 Mobile/15E148 Safari/604.1"
98.63.199.239 - - [29/Jan/2026:04:41:08 -0500] "GET /media/videos/1/1/6/7/b/1167bad549b3797.mp4 HTTP/1.1" 206 348317451 "https://porn.tw/video/jessicaportman-pretty-blonde-toys-pink-pussy-cam-porn-2885.html" "Mozilla/5.0 (iPhone; CPU iPhone OS 18_7 like Mac OS X) AppleWebKit/605.1.15 (KHTML, like Gecko) Version/26.2 Mobile/15E148 Safari/604.1"
98.63.199.239 - - [29/Jan/2026:04:41:08 -0500] "GET /media/videos/1/1/6/7/b/1167bad549b3797.mp4 HTTP/1.1" 206 348596292 "https://porn.tw/video/jessicaportman-pretty-blonde-toys-pink-pussy-cam-porn-2885.html" "Mozilla/5.0 (iPhone; CPU iPhone OS 18_7 like Mac OS X) AppleWebKit/605.1.15 (KHTML, like Gecko) Version/26.2 Mobile/15E148 Safari/604.1"
220.181.108.145 - - [29/Jan/2026:04:41:10 -0500] "GET /search/steamy-bedroom/rating/page4.html HTTP/1.1" 403 - "-" "Mozilla/5.0 (compatible; Baiduspider/2.0; +http://www.baidu.com/search/spider.html)"
217.113.194.79 - - [29/Jan/2026:04:41:12 -0500] "GET /index.php/tag/brazilian-honey/page14.html HTTP/1.1" 200 98218 "-" "Mozilla/5.0 (compatible; Barkrowler/0.9; +https://babbar.tech/crawler)"
119.249.100.174 - - [29/Jan/2026:04:41:15 -0500] "GET /search/steamy-bedroom/rating/page4.html HTTP/1.1" 200 74394 "-" "Mozilla/5.0 (Windows NT 10.0; WOW64) AppleWebKit/537.36 (KHTML, like Gecko) Chrome/48.0.2564.116 Safari/537.36"
217.113.194.81 - - [29/Jan/2026:04:41:19 -0500] "GET /search/seductive-blonde-cam/page9.html HTTP/1.1" 200 43483 "-" "Mozilla/5.0 (compatible; Barkrowler/0.9; +https://babbar.tech/crawler)"
217.113.194.73 - - [29/Jan/2026:04:41:28 -0500] "GET /index.php/tag/brazilian-honey/page8.html HTTP/1.1" 200 98217 "-" "Mozilla/5.0 (compatible; Barkrowler/0.9; +https://babbar.tech/crawler)"
217.113.194.76 - - [29/Jan/2026:04:41:34 -0500] "GET /search/seductive-anal-show/page2.html HTTP/1.1" 200 72471 "-" "Mozilla/5.0 (compatible; Barkrowler/0.9; +https://babbar.tech/crawler)"
114.119.150.49 - - [29/Jan/2026:04:41:43 -0500] "GET /video/stacy-rigel-blonde-porn-671.html HTTP/1.1" 200 55176 "https://porn.tw/models/stacy-rigel-238.html" "Mozilla/5.0 (Linux; Android 7.0;) AppleWebKit/537.36 (KHTML, like Gecko) Mobile Safari/537.36 (compatible; PetalBot;+https://webmaster.petalsearch.com/site/petalbot)"
154.54.249.200 - - [29/Jan/2026:04:41:44 -0500] "GET /index.php/tag/pussy-tibe/page21.html HTTP/1.1" 200 98142 "-" "Mozilla/5.0 (compatible; Barkrowler/0.9; +https://babbar.tech/crawler)"
98.63.199.239 - - [29/Jan/2026:04:41:46 -0500] "GET /video/jessicaportman-blonde-cutie-fucks-her-hole-on-porn-cam-2831.html HTTP/1.1" 200 57550 "https://www.google.com/" "Mozilla/5.0 (iPhone; CPU iPhone OS 18_7 like Mac OS X) AppleWebKit/605.1.15 (KHTML, like Gecko) Version/26.2 Mobile/15E148 Safari/604.1"
98.63.199.239 - - [29/Jan/2026:04:41:46 -0500] "GET /media/thumbs/1/1/6/7/a/1167a4196117ff6.mp4/vtt_005.jpg HTTP/1.1" 200 8354 "https://porn.tw/video/jessicaportman-blonde-cutie-fucks-her-hole-on-porn-cam-2831.html" "Mozilla/5.0 (iPhone; CPU iPhone OS 18_7 like Mac OS X) AppleWebKit/605.1.15 (KHTML, like Gecko) Version/26.2 Mobile/15E148 Safari/604.1"
98.63.199.239 - - [29/Jan/2026:04:41:46 -0500] "GET /media/thumbs/1/1/6/7/a/1167a4196117ff6.mp4/vtt_010.jpg HTTP/1.1" 200 8266 "https://porn.tw/video/jessicaportman-blonde-cutie-fucks-her-hole-on-porn-cam-2831.html" "Mozilla/5.0 (iPhone; CPU iPhone OS 18_7 like Mac OS X) AppleWebKit/605.1.15 (KHTML, like Gecko) Version/26.2 Mobile/15E148 Safari/604.1"
98.63.199.239 - - [29/Jan/2026:04:41:46 -0500] "GET /media/thumbs/1/1/6/7/a/1167a4196117ff6.mp4/1167a4196117ff6.mp4-5b.jpg HTTP/1.1" 200 81777 "https://porn.tw/video/jessicaportman-blonde-cutie-fucks-her-hole-on-porn-cam-2831.html" "Mozilla/5.0 (iPhone; CPU iPhone OS 18_7 like Mac OS X) AppleWebKit/605.1.15 (KHTML, like Gecko) Version/26.2 Mobile/15E148 Safari/604.1"
98.63.199.239 - - [29/Jan/2026:04:41:46 -0500] "GET /media/thumbs/1/1/6/7/a/1167a4196117ff6.mp4/vtt_020.jpg HTTP/1.1" 200 8160 "https://porn.tw/video/jessicaportman-blonde-cutie-fucks-her-hole-on-porn-cam-2831.html" "Mozilla/5.0 (iPhone; CPU iPhone OS 18_7 like Mac OS X) AppleWebKit/605.1.15 (KHTML, like Gecko) Version/26.2 Mobile/15E148 Safari/604.1"
98.63.199.239 - - [29/Jan/2026:04:41:46 -0500] "GET /core/js/gdprJs.php HTTP/1.1" 200 1238 "https://porn.tw/video/jessicaportman-blonde-cutie-fucks-her-hole-on-porn-cam-2831.html" "Mozilla/5.0 (iPhone; CPU iPhone OS 18_7 like Mac OS X) AppleWebKit/605.1.15 (KHTML, like Gecko) Version/26.2 Mobile/15E148 Safari/604.1"
98.63.199.239 - - [29/Jan/2026:04:41:46 -0500] "GET /core/js/ageWarningJs.php HTTP/1.1" 200 1037 "https://porn.tw/video/jessicaportman-blonde-cutie-fucks-her-hole-on-porn-cam-2831.html" "Mozilla/5.0 (iPhone; CPU iPhone OS 18_7 like Mac OS X) AppleWebKit/605.1.15 (KHTML, like Gecko) Version/26.2 Mobile/15E148 Safari/604.1"
98.63.199.239 - - [29/Jan/2026:04:41:46 -0500] "GET /media/thumbs/1/1/6/7/a/1167a4196117ff6.mp4/vtt_045.jpg HTTP/1.1" 200 8565 "https://porn.tw/video/jessicaportman-blonde-cutie-fucks-her-hole-on-porn-cam-2831.html" "Mozilla/5.0 (iPhone; CPU iPhone OS 18_7 like Mac OS X) AppleWebKit/605.1.15 (KHTML, like Gecko) Version/26.2 Mobile/15E148 Safari/604.1"
98.63.199.239 - - [29/Jan/2026:04:41:46 -0500] "GET /webvtt/2831.vtt HTTP/1.1" 200 5960 "https://porn.tw/video/jessicaportman-blonde-cutie-fucks-her-hole-on-porn-cam-2831.html" "Mozilla/5.0 (iPhone; CPU iPhone OS 18_7 like Mac OS X) AppleWebKit/605.1.15 (KHTML, like Gecko) Version/26.2 Mobile/15E148 Safari/604.1"
98.63.199.239 - - [29/Jan/2026:04:41:46 -0500] "GET /media/thumbs/1/1/6/7/a/1167a4196117ff6.mp4/vtt_055.jpg HTTP/1.1" 200 8825 "https://porn.tw/video/jessicaportman-blonde-cutie-fucks-her-hole-on-porn-cam-2831.html" "Mozilla/5.0 (iPhone; CPU iPhone OS 18_7 like Mac OS X) AppleWebKit/605.1.15 (KHTML, like Gecko) Version/26.2 Mobile/15E148 Safari/604.1"
98.63.199.239 - - [29/Jan/2026:04:41:46 -0500] "GET /templates/default_tube2019/images/plus-solid.svg HTTP/1.1" 200 449 "https://porn.tw/video/jessicaportman-blonde-cutie-fucks-her-hole-on-porn-cam-2831.html" "Mozilla/5.0 (iPhone; CPU iPhone OS 18_7 like Mac OS X) AppleWebKit/605.1.15 (KHTML, like Gecko) Version/26.2 Mobile/15E148 Safari/604.1"
98.63.199.239 - - [29/Jan/2026:04:41:46 -0500] "GET /media/thumbs/1/1/6/7/a/1167a4196117ff6.mp4/vtt_040.jpg HTTP/1.1" 200 6982 "https://porn.tw/video/jessicaportman-blonde-cutie-fucks-her-hole-on-porn-cam-2831.html" "Mozilla/5.0 (iPhone; CPU iPhone OS 18_7 like Mac OS X) AppleWebKit/605.1.15 (KHTML, like Gecko) Version/26.2 Mobile/15E148 Safari/604.1"
98.63.199.239 - - [29/Jan/2026:04:41:46 -0500] "GET /media/thumbs/3/6/5/8/1/3658174decf19b.mp4/3658174decf19b.mp4-5.jpg HTTP/1.1" 200 11220 "https://porn.tw/video/jessicaportman-blonde-cutie-fucks-her-hole-on-porn-cam-2831.html" "Mozilla/5.0 (iPhone; CPU iPhone OS 18_7 like Mac OS X) AppleWebKit/605.1.15 (KHTML, like Gecko) Version/26.2 Mobile/15E148 Safari/604.1"
98.63.199.239 - - [29/Jan/2026:04:41:46 -0500] "GET /templates/default_tube2019/images/minus-solid.svg HTTP/1.1" 200 328 "https://porn.tw/video/jessicaportman-blonde-cutie-fucks-her-hole-on-porn-cam-2831.html" "Mozilla/5.0 (iPhone; CPU iPhone OS 18_7 like Mac OS X) AppleWebKit/605.1.15 (KHTML, like Gecko) Version/26.2 Mobile/15E148 Safari/604.1"
98.63.199.239 - - [29/Jan/2026:04:41:46 -0500] "GET /media/thumbs/1/1/6/6/c/1166ce8f67b8e6b.mp4/1166ce8f67b8e6b.mp4-3.jpg HTTP/1.1" 200 10649 "https://porn.tw/video/jessicaportman-blonde-cutie-fucks-her-hole-on-porn-cam-2831.html" "Mozilla/5.0 (iPhone; CPU iPhone OS 18_7 like Mac OS X) AppleWebKit/605.1.15 (KHTML, like Gecko) Version/26.2 Mobile/15E148 Safari/604.1"
98.63.199.239 - - [29/Jan/2026:04:41:46 -0500] "GET /media/thumbs/1/1/6/7/a/1167a4196117ff6.mp4/vtt_050.jpg HTTP/1.1" 200 8779 "https://porn.tw/video/jessicaportman-blonde-cutie-fucks-her-hole-on-porn-cam-2831.html" "Mozilla/5.0 (iPhone; CPU iPhone OS 18_7 like Mac OS X) AppleWebKit/605.1.15 (KHTML, like Gecko) Version/26.2 Mobile/15E148 Safari/604.1"
98.63.199.239 - - [29/Jan/2026:04:41:46 -0500] "GET /media/thumbs/1/1/6/7/a/1167a4196117ff6.mp4/vtt_015.jpg HTTP/1.1" 200 8089 "https://porn.tw/video/jessicaportman-blonde-cutie-fucks-her-hole-on-porn-cam-2831.html" "Mozilla/5.0 (iPhone; CPU iPhone OS 18_7 like Mac OS X) AppleWebKit/605.1.15 (KHTML, like Gecko) Version/26.2 Mobile/15E148 Safari/604.1"
98.63.199.239 - - [29/Jan/2026:04:41:46 -0500] "GET /media/thumbs/3/6/6/4/9/36649c7582814f.mp4/36649c7582814f.mp4-7.jpg HTTP/1.1" 200 11463 "https://porn.tw/video/jessicaportman-blonde-cutie-fucks-her-hole-on-porn-cam-2831.html" "Mozilla/5.0 (iPhone; CPU iPhone OS 18_7 like Mac OS X) AppleWebKit/605.1.15 (KHTML, like Gecko) Version/26.2 Mobile/15E148 Safari/604.1"
