187.190.151.230 - - [29/Jan/2026:03:59:47 -0500] "GET /media/thumbs/1/0/4/6/8/10468096e6b934eb.mp4/vtt_035.jpg HTTP/1.1" 200 6699 "https://porn.tw/video/emilylittle-free-webcam-sexy-babe-squirting-live-shows-3120.html" "Mozilla/5.0 (Linux; Android 10; K) AppleWebKit/537.36 (KHTML, like Gecko) Chrome/144.0.0.0 Mobile Safari/537.36"
187.190.151.230 - - [29/Jan/2026:03:59:47 -0500] "GET /media/thumbs/1/0/4/6/8/10468096e6b934eb.mp4/vtt_055.jpg HTTP/1.1" 200 6597 "https://porn.tw/video/emilylittle-free-webcam-sexy-babe-squirting-live-shows-3120.html" "Mozilla/5.0 (Linux; Android 10; K) AppleWebKit/537.36 (KHTML, like Gecko) Chrome/144.0.0.0 Mobile Safari/537.36"
187.190.151.230 - - [29/Jan/2026:03:59:47 -0500] "GET /media/thumbs/1/0/4/6/8/10468096e6b934eb.mp4/vtt_050.jpg HTTP/1.1" 200 6458 "https://porn.tw/video/emilylittle-free-webcam-sexy-babe-squirting-live-shows-3120.html" "Mozilla/5.0 (Linux; Android 10; K) AppleWebKit/537.36 (KHTML, like Gecko) Chrome/144.0.0.0 Mobile Safari/537.36"
187.190.151.230 - - [29/Jan/2026:03:59:47 -0500] "GET /media/misc/67e4588ebf04e.jpg HTTP/1.1" 200 6956 "https://porn.tw/video/emilylittle-free-webcam-sexy-babe-squirting-live-shows-3120.html" "Mozilla/5.0 (Linux; Android 10; K) AppleWebKit/537.36 (KHTML, like Gecko) Chrome/144.0.0.0 Mobile Safari/537.36"
187.190.151.230 - - [29/Jan/2026:03:59:47 -0500] "GET /media/thumbs/1/0/4/6/8/10468096e6b934eb.mp4/vtt_045.jpg HTTP/1.1" 200 6787 "https://porn.tw/video/emilylittle-free-webcam-sexy-babe-squirting-live-shows-3120.html" "Mozilla/5.0 (Linux; Android 10; K) AppleWebKit/537.36 (KHTML, like Gecko) Chrome/144.0.0.0 Mobile Safari/537.36"
187.190.151.230 - - [29/Jan/2026:03:59:47 -0500] "GET /media/thumbs/1/0/4/6/8/10468096e6b934eb.mp4/vtt_040.jpg HTTP/1.1" 200 6519 "https://porn.tw/video/emilylittle-free-webcam-sexy-babe-squirting-live-shows-3120.html" "Mozilla/5.0 (Linux; Android 10; K) AppleWebKit/537.36 (KHTML, like Gecko) Chrome/144.0.0.0 Mobile Safari/537.36"
187.190.151.230 - - [29/Jan/2026:03:59:47 -0500] "GET /media/thumbs/1/0/4/6/8/10468096e6b934eb.mp4/vtt_060.jpg HTTP/1.1" 200 6195 "https://porn.tw/video/emilylittle-free-webcam-sexy-babe-squirting-live-shows-3120.html" "Mozilla/5.0 (Linux; Android 10; K) AppleWebKit/537.36 (KHTML, like Gecko) Chrome/144.0.0.0 Mobile Safari/537.36"
187.190.151.230 - - [29/Jan/2026:03:59:47 -0500] "GET /media/thumbs/3/6/7/a/5/367a5d847c4a3c.mp4/367a5d847c4a3c.mp4-3.jpg HTTP/1.1" 200 13906 "https://porn.tw/video/emilylittle-free-webcam-sexy-babe-squirting-live-shows-3120.html" "Mozilla/5.0 (Linux; Android 10; K) AppleWebKit/537.36 (KHTML, like Gecko) Chrome/144.0.0.0 Mobile Safari/537.36"
187.190.151.230 - - [29/Jan/2026:03:59:47 -0500] "GET /templates/default_tube2019/template.ajax_comments.php?id=3120&type=0&loaded=0&time=1769677188391 HTTP/1.1" 200 133 "https://porn.tw/video/emilylittle-free-webcam-sexy-babe-squirting-live-shows-3120.html" "Mozilla/5.0 (Linux; Android 10; K) AppleWebKit/537.36 (KHTML, like Gecko) Chrome/144.0.0.0 Mobile Safari/537.36"
187.190.151.230 - - [29/Jan/2026:03:59:47 -0500] "GET /media/thumbs/1/0/4/6/8/10468096e6b934eb.mp4/vtt_025.jpg HTTP/1.1" 200 7560 "https://porn.tw/video/emilylittle-free-webcam-sexy-babe-squirting-live-shows-3120.html" "Mozilla/5.0 (Linux; Android 10; K) AppleWebKit/537.36 (KHTML, like Gecko) Chrome/144.0.0.0 Mobile Safari/537.36"
187.190.151.230 - - [29/Jan/2026:03:59:47 -0500] "GET /media/thumbs/1/0/4/6/8/10468096e6b934eb.mp4/vtt_030.jpg HTTP/1.1" 200 7470 "https://porn.tw/video/emilylittle-free-webcam-sexy-babe-squirting-live-shows-3120.html" "Mozilla/5.0 (Linux; Android 10; K) AppleWebKit/537.36 (KHTML, like Gecko) Chrome/144.0.0.0 Mobile Safari/537.36"
187.190.151.230 - - [29/Jan/2026:03:59:47 -0500] "GET /media/thumbs/3/6/6/8/d/3668df4278f1eb.mp4/3668df4278f1eb.mp4-3.jpg HTTP/1.1" 200 14452 "https://porn.tw/video/emilylittle-free-webcam-sexy-babe-squirting-live-shows-3120.html" "Mozilla/5.0 (Linux; Android 10; K) AppleWebKit/537.36 (KHTML, like Gecko) Chrome/144.0.0.0 Mobile Safari/537.36"
187.190.151.230 - - [29/Jan/2026:03:59:47 -0500] "GET /media/thumbs/1/0/4/6/7/10467ffc04aa3a84.mp4/10467ffc04aa3a84.mp4-3.jpg HTTP/1.1" 200 12020 "https://porn.tw/video/emilylittle-free-webcam-sexy-babe-squirting-live-shows-3120.html" "Mozilla/5.0 (Linux; Android 10; K) AppleWebKit/537.36 (KHTML, like Gecko) Chrome/144.0.0.0 Mobile Safari/537.36"
187.190.151.230 - - [29/Jan/2026:03:59:47 -0500] "GET /media/thumbs/3/6/6/8/3/36683d93e9357c.mp4/36683d93e9357c.mp4-3.jpg HTTP/1.1" 200 8044 "https://porn.tw/video/emilylittle-free-webcam-sexy-babe-squirting-live-shows-3120.html" "Mozilla/5.0 (Linux; Android 10; K) AppleWebKit/537.36 (KHTML, like Gecko) Chrome/144.0.0.0 Mobile Safari/537.36"
187.190.151.230 - - [29/Jan/2026:03:59:47 -0500] "GET /media/thumbs/3/6/7/4/a/3674ac04824f4e.mp4/3674ac04824f4e.mp4-1.jpg HTTP/1.1" 200 11617 "https://porn.tw/video/emilylittle-free-webcam-sexy-babe-squirting-live-shows-3120.html" "Mozilla/5.0 (Linux; Android 10; K) AppleWebKit/537.36 (KHTML, like Gecko) Chrome/144.0.0.0 Mobile Safari/537.36"
187.190.151.230 - - [29/Jan/2026:03:59:47 -0500] "GET /media/thumbs/3/6/5/c/d/365cde92ec6766.mp4/365cde92ec6766.mp4-3.jpg HTTP/1.1" 200 14169 "https://porn.tw/video/emilylittle-free-webcam-sexy-babe-squirting-live-shows-3120.html" "Mozilla/5.0 (Linux; Android 10; K) AppleWebKit/537.36 (KHTML, like Gecko) Chrome/144.0.0.0 Mobile Safari/537.36"
187.190.151.230 - - [29/Jan/2026:03:59:47 -0500] "GET /media/thumbs/3/6/5/d/1/365d1a782c00b3.mp4/365d1a782c00b3.mp4-6.jpg HTTP/1.1" 200 10023 "https://porn.tw/video/emilylittle-free-webcam-sexy-babe-squirting-live-shows-3120.html" "Mozilla/5.0 (Linux; Android 10; K) AppleWebKit/537.36 (KHTML, like Gecko) Chrome/144.0.0.0 Mobile Safari/537.36"
187.190.151.230 - - [29/Jan/2026:03:59:47 -0500] "GET /media/thumbs/7/6/6/9/6/766969eb80956e.mp4/766969eb80956e.mp4-8.jpg HTTP/1.1" 200 11967 "https://porn.tw/video/emilylittle-free-webcam-sexy-babe-squirting-live-shows-3120.html" "Mozilla/5.0 (Linux; Android 10; K) AppleWebKit/537.36 (KHTML, like Gecko) Chrome/144.0.0.0 Mobile Safari/537.36"
187.190.151.230 - - [29/Jan/2026:03:59:47 -0500] "GET /media/thumbs/3/6/6/6/a/3666a8c0c94876.mp4/3666a8c0c94876.mp4-5.jpg HTTP/1.1" 200 7718 "https://porn.tw/video/emilylittle-free-webcam-sexy-babe-squirting-live-shows-3120.html" "Mozilla/5.0 (Linux; Android 10; K) AppleWebKit/537.36 (KHTML, like Gecko) Chrome/144.0.0.0 Mobile Safari/537.36"
187.190.151.230 - - [29/Jan/2026:03:59:47 -0500] "GET /media/thumbs/3/6/5/d/5/365d52c05b1946.mp4/365d52c05b1946.mp4-3.jpg HTTP/1.1" 200 12473 "https://porn.tw/video/emilylittle-free-webcam-sexy-babe-squirting-live-shows-3120.html" "Mozilla/5.0 (Linux; Android 10; K) AppleWebKit/537.36 (KHTML, like Gecko) Chrome/144.0.0.0 Mobile Safari/537.36"
187.190.151.230 - - [29/Jan/2026:03:59:47 -0500] "GET /media/thumbs/1/0/6/6/7/10667fae9449b9e0.mp4/10667fae9449b9e0.mp4-5.jpg HTTP/1.1" 200 9933 "https://porn.tw/video/emilylittle-free-webcam-sexy-babe-squirting-live-shows-3120.html" "Mozilla/5.0 (Linux; Android 10; K) AppleWebKit/537.36 (KHTML, like Gecko) Chrome/144.0.0.0 Mobile Safari/537.36"
187.190.151.230 - - [29/Jan/2026:03:59:47 -0500] "GET /media/thumbs/3/6/6/a/8/366a8495708cf1.mp4/366a8495708cf1.mp4-3.jpg HTTP/1.1" 200 8185 "https://porn.tw/video/emilylittle-free-webcam-sexy-babe-squirting-live-shows-3120.html" "Mozilla/5.0 (Linux; Android 10; K) AppleWebKit/537.36 (KHTML, like Gecko) Chrome/144.0.0.0 Mobile Safari/537.36"
187.190.151.230 - - [29/Jan/2026:03:59:48 -0500] "GET /webvtt/3120.vtt HTTP/1.1" 200 6022 "https://porn.tw/video/emilylittle-free-webcam-sexy-babe-squirting-live-shows-3120.html" "Mozilla/5.0 (Linux; Android 10; K) AppleWebKit/537.36 (KHTML, like Gecko) Chrome/144.0.0.0 Mobile Safari/537.36"
187.190.151.230 - - [29/Jan/2026:03:59:47 -0500] "GET /media/videos/1/0/4/6/8/10468096e6b934eb.mp4 HTTP/1.1" 206 474980626 "https://porn.tw/video/emilylittle-free-webcam-sexy-babe-squirting-live-shows-3120.html" "Mozilla/5.0 (Linux; Android 10; K) AppleWebKit/537.36 (KHTML, like Gecko) Chrome/144.0.0.0 Mobile Safari/537.36"
217.113.194.76 - - [29/Jan/2026:03:59:50 -0500] "GET /search/naughty-toy-webcam/rating/page8.html HTTP/1.1" 200 76072 "-" "Mozilla/5.0 (compatible; Barkrowler/0.9; +https://babbar.tech/crawler)"
114.119.150.49 - - [29/Jan/2026:03:59:51 -0500] "GET /action.php?action=add_favorites&id=3778 HTTP/1.1" 200 719 "https://porn.tw/filters?vr=false&hd=false&ref=/" "Mozilla/5.0 (Linux; Android 7.0;) AppleWebKit/537.36 (KHTML, like Gecko) Mobile Safari/537.36 (compatible; PetalBot;+https://webmaster.petalsearch.com/site/petalbot)"
217.113.194.74 - - [29/Jan/2026:03:59:55 -0500] "GET /search/sarah-winehouse-webcam/page8.html HTTP/1.1" 200 75625 "-" "Mozilla/5.0 (compatible; Barkrowler/0.9; +https://babbar.tech/crawler)"
220.181.108.146 - - [29/Jan/2026:04:00:06 -0500] "GET /search/abbycoopers-webcam/views/page8.html HTTP/1.1" 403 - "-" "Mozilla/5.0 (compatible; Baiduspider/2.0; +http://www.baidu.com/search/spider.html)"
217.113.194.78 - - [29/Jan/2026:04:00:06 -0500] "GET /search/naughty-toy-webcam/rating/page9.html HTTP/1.1" 200 76192 "-" "Mozilla/5.0 (compatible; Barkrowler/0.9; +https://babbar.tech/crawler)"
217.113.194.75 - - [29/Jan/2026:04:00:11 -0500] "GET /search/trans-duo/rating/page1.html HTTP/1.1" 200 72132 "-" "Mozilla/5.0 (compatible; Barkrowler/0.9; +https://babbar.tech/crawler)"
119.249.100.53 - - [29/Jan/2026:04:00:11 -0500] "GET /search/abbycoopers-webcam/views/page8.html HTTP/1.1" 200 74241 "-" "Mozilla/5.0 (Windows NT 10.0; WOW64) AppleWebKit/537.36 (KHTML, like Gecko) Chrome/48.0.2564.116 Safari/537.36"
66.249.74.6 - - [29/Jan/2026:04:00:15 -0500] "GET /search/cherrryross-live-porn/newest/page2.html HTTP/1.1" 200 75016 "-" "Mozilla/5.0 (Linux; Android 6.0.1; Nexus 5X Build/MMB29P) AppleWebKit/537.36 (KHTML, like Gecko) Chrome/143.0.7499.192 Mobile Safari/537.36 (compatible; Googlebot/2.1; +http://www.google.com/bot.html)"
187.190.151.230 - - [29/Jan/2026:04:00:15 -0500] "GET /user/freecams2-104/ HTTP/1.1" 200 37781 "https://porn.tw/video/emilylittle-free-webcam-sexy-babe-squirting-live-shows-3120.html" "Mozilla/5.0 (Linux; Android 10; K) AppleWebKit/537.36 (KHTML, like Gecko) Chrome/144.0.0.0 Mobile Safari/537.36"
187.190.151.230 - - [29/Jan/2026:04:00:16 -0500] "GET /media/thumbs/1/0/4/6/8/104686225742587a.mp4/104686225742587a.mp4-5.jpg HTTP/1.1" 200 7232 "https://porn.tw/user/freecams2-104/" "Mozilla/5.0 (Linux; Android 10; K) AppleWebKit/537.36 (KHTML, like Gecko) Chrome/144.0.0.0 Mobile Safari/537.36"
187.190.151.230 - - [29/Jan/2026:04:00:16 -0500] "GET /core/js/ageWarningJs.php HTTP/1.1" 200 1037 "https://porn.tw/user/freecams2-104/" "Mozilla/5.0 (Linux; Android 10; K) AppleWebKit/537.36 (KHTML, like Gecko) Chrome/144.0.0.0 Mobile Safari/537.36"
187.190.151.230 - - [29/Jan/2026:04:00:16 -0500] "GET /core/js/gdprJs.php HTTP/1.1" 200 1238 "https://porn.tw/user/freecams2-104/" "Mozilla/5.0 (Linux; Android 10; K) AppleWebKit/537.36 (KHTML, like Gecko) Chrome/144.0.0.0 Mobile Safari/537.36"
187.190.151.230 - - [29/Jan/2026:04:00:16 -0500] "GET /media/thumbs/1/0/4/6/8/104682e94bb8832d.mp4/104682e94bb8832d.mp4-5.jpg HTTP/1.1" 200 11137 "https://porn.tw/user/freecams2-104/" "Mozilla/5.0 (Linux; Android 10; K) AppleWebKit/537.36 (KHTML, like Gecko) Chrome/144.0.0.0 Mobile Safari/537.36"
187.190.151.230 - - [29/Jan/2026:04:00:16 -0500] "GET /media/thumbs/1/0/4/6/8/104682c03722c328.mp4/104682c03722c328.mp4-3.jpg HTTP/1.1" 200 13153 "https://porn.tw/user/freecams2-104/" "Mozilla/5.0 (Linux; Android 10; K) AppleWebKit/537.36 (KHTML, like Gecko) Chrome/144.0.0.0 Mobile Safari/537.36"
187.190.151.230 - - [29/Jan/2026:04:00:16 -0500] "GET /media/thumbs/1/0/4/6/8/104682958c7d2c12.mp4/104682958c7d2c12.mp4-3.jpg HTTP/1.1" 200 10869 "https://porn.tw/user/freecams2-104/" "Mozilla/5.0 (Linux; Android 10; K) AppleWebKit/537.36 (KHTML, like Gecko) Chrome/144.0.0.0 Mobile Safari/537.36"
187.190.151.230 - - [29/Jan/2026:04:00:16 -0500] "GET /media/thumbs/1/0/4/6/8/104682d2a8563c4e.mp4/104682d2a8563c4e.mp4-3.jpg HTTP/1.1" 200 9081 "https://porn.tw/user/freecams2-104/" "Mozilla/5.0 (Linux; Android 10; K) AppleWebKit/537.36 (KHTML, like Gecko) Chrome/144.0.0.0 Mobile Safari/537.36"
187.190.151.230 - - [29/Jan/2026:04:00:16 -0500] "GET /media/thumbs/1/0/4/6/8/10468280c31d8ed5.mp4/10468280c31d8ed5.mp4-5.jpg HTTP/1.1" 200 10933 "https://porn.tw/user/freecams2-104/" "Mozilla/5.0 (Linux; Android 10; K) AppleWebKit/537.36 (KHTML, like Gecko) Chrome/144.0.0.0 Mobile Safari/537.36"
187.190.151.230 - - [29/Jan/2026:04:00:16 -0500] "GET /media/thumbs/1/0/4/6/8/1046826c0d0ba0aa.mp4/1046826c0d0ba0aa.mp4-7.jpg HTTP/1.1" 200 10458 "https://porn.tw/user/freecams2-104/" "Mozilla/5.0 (Linux; Android 10; K) AppleWebKit/537.36 (KHTML, like Gecko) Chrome/144.0.0.0 Mobile Safari/537.36"
187.190.151.230 - - [29/Jan/2026:04:00:16 -0500] "GET /templates/default_tube2019/template.ajax_comments.php?id=104&type=2&loaded=0&time=1769677217370 HTTP/1.1" 200 135 "https://porn.tw/user/freecams2-104/" "Mozilla/5.0 (Linux; Android 10; K) AppleWebKit/537.36 (KHTML, like Gecko) Chrome/144.0.0.0 Mobile Safari/537.36"
187.190.151.230 - - [29/Jan/2026:04:00:16 -0500] "GET /media/thumbs/1/0/4/6/8/10468242176e0dd8.mp4/10468242176e0dd8.mp4-3.jpg HTTP/1.1" 200 9799 "https://porn.tw/user/freecams2-104/" "Mozilla/5.0 (Linux; Android 10; K) AppleWebKit/537.36 (KHTML, like Gecko) Chrome/144.0.0.0 Mobile Safari/537.36"
187.190.151.230 - - [29/Jan/2026:04:00:16 -0500] "GET /media/thumbs/1/0/4/6/8/1046822cb699917a.mp4/1046822cb699917a.mp4-3.jpg HTTP/1.1" 200 9628 "https://porn.tw/user/freecams2-104/" "Mozilla/5.0 (Linux; Android 10; K) AppleWebKit/537.36 (KHTML, like Gecko) Chrome/144.0.0.0 Mobile Safari/537.36"
187.190.151.230 - - [29/Jan/2026:04:00:16 -0500] "GET /media/thumbs/1/0/4/6/8/10468255e0f457e6.mp4/10468255e0f457e6.mp4-6.jpg HTTP/1.1" 200 13222 "https://porn.tw/user/freecams2-104/" "Mozilla/5.0 (Linux; Android 10; K) AppleWebKit/537.36 (KHTML, like Gecko) Chrome/144.0.0.0 Mobile Safari/537.36"
217.113.194.80 - - [29/Jan/2026:04:00:22 -0500] "GET /search/naughty-toy-webcam/views/page1.html HTTP/1.1" 200 72957 "-" "Mozilla/5.0 (compatible; Barkrowler/0.9; +https://babbar.tech/crawler)"
94.254.173.3 - - [29/Jan/2026:04:00:23 -0500] "GET /video/girl-next-door19-is-a-cute-lady-who-loves-to-orgasm-on-webcam-1235.html HTTP/1.1" 200 55441 "https://www.google.com/" "Mozilla/5.0 (Linux; Android 10; K) AppleWebKit/537.36 (KHTML, like Gecko) Chrome/144.0.0.0 Mobile Safari/537.36"
94.254.173.3 - - [29/Jan/2026:04:00:23 -0500] "GET /templates/default_tube2019/js/jQuery_v1.12.4.min.js HTTP/1.1" 200 97166 "https://porn.tw/video/girl-next-door19-is-a-cute-lady-who-loves-to-orgasm-on-webcam-1235.html" "Mozilla/5.0 (Linux; Android 10; K) AppleWebKit/537.36 (KHTML, like Gecko) Chrome/144.0.0.0 Mobile Safari/537.36"
94.254.173.3 - - [29/Jan/2026:04:00:23 -0500] "GET /templates/default_tube2019/images/logo.png HTTP/1.1" 200 2157 "https://porn.tw/video/girl-next-door19-is-a-cute-lady-who-loves-to-orgasm-on-webcam-1235.html" "Mozilla/5.0 (Linux; Android 10; K) AppleWebKit/537.36 (KHTML, like Gecko) Chrome/144.0.0.0 Mobile Safari/537.36"
94.254.173.3 - - [29/Jan/2026:04:00:23 -0500] "GET /includes/fluidplayer/fluidplayer.min.js HTTP/1.1" 200 125605 "https://porn.tw/video/girl-next-door19-is-a-cute-lady-who-loves-to-orgasm-on-webcam-1235.html" "Mozilla/5.0 (Linux; Android 10; K) AppleWebKit/537.36 (KHTML, like Gecko) Chrome/144.0.0.0 Mobile Safari/537.36"
94.254.173.3 - - [29/Jan/2026:04:00:23 -0500] "GET /core/images/catdefault.jpg HTTP/1.1" 200 3364 "https://porn.tw/video/girl-next-door19-is-a-cute-lady-who-loves-to-orgasm-on-webcam-1235.html" "Mozilla/5.0 (Linux; Android 10; K) AppleWebKit/537.36 (KHTML, like Gecko) Chrome/144.0.0.0 Mobile Safari/537.36"
94.254.173.3 - - [29/Jan/2026:04:00:24 -0500] "GET /media/thumbs/3/6/6/4/e/3664ef97d81f77.mp4/vtt_010.jpg HTTP/1.1" 200 9204 "https://porn.tw/video/girl-next-door19-is-a-cute-lady-who-loves-to-orgasm-on-webcam-1235.html" "Mozilla/5.0 (Linux; Android 10; K) AppleWebKit/537.36 (KHTML, like Gecko) Chrome/144.0.0.0 Mobile Safari/537.36"
94.254.173.3 - - [29/Jan/2026:04:00:24 -0500] "GET /media/thumbs/3/6/6/4/e/3664ef97d81f77.mp4/vtt_005.jpg HTTP/1.1" 200 9258 "https://porn.tw/video/girl-next-door19-is-a-cute-lady-who-loves-to-orgasm-on-webcam-1235.html" "Mozilla/5.0 (Linux; Android 10; K) AppleWebKit/537.36 (KHTML, like Gecko) Chrome/144.0.0.0 Mobile Safari/537.36"
94.254.173.3 - - [29/Jan/2026:04:00:24 -0500] "GET /templates/default_tube2019/fonts/Roboto/Roboto-Regular.ttf HTTP/1.1" 200 171676 "https://porn.tw/templates/default_tube2019/css/styles.css" "Mozilla/5.0 (Linux; Android 10; K) AppleWebKit/537.36 (KHTML, like Gecko) Chrome/144.0.0.0 Mobile Safari/537.36"
94.254.173.3 - - [29/Jan/2026:04:00:24 -0500] "GET /templates/default_tube2019/fonts/Roboto/Roboto-Medium.ttf HTTP/1.1" 200 172064 "https://porn.tw/templates/default_tube2019/css/styles.css" "Mozilla/5.0 (Linux; Android 10; K) AppleWebKit/537.36 (KHTML, like Gecko) Chrome/144.0.0.0 Mobile Safari/537.36"
94.254.173.3 - - [29/Jan/2026:04:00:24 -0500] "GET /templates/default_tube2019/fonts/fontawesome_5.7.1/fa-solid-900.woff2 HTTP/1.1" 200 74320 "https://porn.tw/templates/default_tube2019/css/styles.css" "Mozilla/5.0 (Linux; Android 10; K) AppleWebKit/537.36 (KHTML, like Gecko) Chrome/144.0.0.0 Mobile Safari/537.36"
94.254.173.3 - - [29/Jan/2026:04:00:24 -0500] "GET /media/thumbs/3/6/6/4/e/3664ef97d81f77.mp4/vtt_015.jpg HTTP/1.1" 200 9091 "https://porn.tw/video/girl-next-door19-is-a-cute-lady-who-loves-to-orgasm-on-webcam-1235.html" "Mozilla/5.0 (Linux; Android 10; K) AppleWebKit/537.36 (KHTML, like Gecko) Chrome/144.0.0.0 Mobile Safari/537.36"
94.254.173.3 - - [29/Jan/2026:04:00:24 -0500] "GET /templates/default_tube2019/js/lazyload.min.js HTTP/1.1" 200 2863 "https://porn.tw/video/girl-next-door19-is-a-cute-lady-who-loves-to-orgasm-on-webcam-1235.html" "Mozilla/5.0 (Linux; Android 10; K) AppleWebKit/537.36 (KHTML, like Gecko) Chrome/144.0.0.0 Mobile Safari/537.36"
94.254.173.3 - - [29/Jan/2026:04:00:24 -0500] "GET /templates/default_tube2019/js/bootstrap.min.js HTTP/1.1" 200 70808 "https://porn.tw/video/girl-next-door19-is-a-cute-lady-who-loves-to-orgasm-on-webcam-1235.html" "Mozilla/5.0 (Linux; Android 10; K) AppleWebKit/537.36 (KHTML, like Gecko) Chrome/144.0.0.0 Mobile Safari/537.36"
94.254.173.3 - - [29/Jan/2026:04:00:24 -0500] "GET /templates/default_tube2019/js/bootstrap-select.min.js HTTP/1.1" 200 33379 "https://porn.tw/video/girl-next-door19-is-a-cute-lady-who-loves-to-orgasm-on-webcam-1235.html" "Mozilla/5.0 (Linux; Android 10; K) AppleWebKit/537.36 (KHTML, like Gecko) Chrome/144.0.0.0 Mobile Safari/537.36"
94.254.173.3 - - [29/Jan/2026:04:00:24 -0500] "GET /templates/default_tube2019/fonts/fontawesome_5.7.1/fa-regular-400.woff2 HTTP/1.1" 200 13608 "https://porn.tw/templates/default_tube2019/css/styles.css" "Mozilla/5.0 (Linux; Android 10; K) AppleWebKit/537.36 (KHTML, like Gecko) Chrome/144.0.0.0 Mobile Safari/537.36"
94.254.173.3 - - [29/Jan/2026:04:00:24 -0500] "GET /templates/default_tube2019/fonts/fontawesome_5.7.1/fa-brands-400.woff2 HTTP/1.1" 200 72148 "https://porn.tw/templates/default_tube2019/css/styles.css" "Mozilla/5.0 (Linux; Android 10; K) AppleWebKit/537.36 (KHTML, like Gecko) Chrome/144.0.0.0 Mobile Safari/537.36"
94.254.173.3 - - [29/Jan/2026:04:00:24 -0500] "GET /templates/default_tube2019/fonts/Roboto/Roboto-Black.ttf HTTP/1.1" 200 171480 "https://porn.tw/templates/default_tube2019/css/styles.css" "Mozilla/5.0 (Linux; Android 10; K) AppleWebKit/537.36 (KHTML, like Gecko) Chrome/144.0.0.0 Mobile Safari/537.36"
94.254.173.3 - - [29/Jan/2026:04:00:24 -0500] "GET /media/thumbs/3/6/6/4/e/3664ef97d81f77.mp4/3664ef97d81f77.mp4-7b.jpg HTTP/1.1" 200 89909 "https://porn.tw/video/girl-next-door19-is-a-cute-lady-who-loves-to-orgasm-on-webcam-1235.html" "Mozilla/5.0 (Linux; Android 10; K) AppleWebKit/537.36 (KHTML, like Gecko) Chrome/144.0.0.0 Mobile Safari/537.36"
94.254.173.3 - - [29/Jan/2026:04:00:24 -0500] "GET /includes/fluidplayer/images/fluid_icons.svg HTTP/1.1" 200 18488 "https://porn.tw/includes/fluidplayer/fluidplayer.min.css" "Mozilla/5.0 (Linux; Android 10; K) AppleWebKit/537.36 (KHTML, like Gecko) Chrome/144.0.0.0 Mobile Safari/537.36"
94.254.173.3 - - [29/Jan/2026:04:00:24 -0500] "GET /includes/player/logo.png HTTP/1.1" 200 8496 "https://porn.tw/video/girl-next-door19-is-a-cute-lady-who-loves-to-orgasm-on-webcam-1235.html" "Mozilla/5.0 (Linux; Android 10; K) AppleWebKit/537.36 (KHTML, like Gecko) Chrome/144.0.0.0 Mobile Safari/537.36"
94.254.173.3 - - [29/Jan/2026:04:00:24 -0500] "GET /media/thumbs/3/6/6/4/e/3664ef97d81f77.mp4/vtt_020.jpg HTTP/1.1" 200 8852 "https://porn.tw/video/girl-next-door19-is-a-cute-lady-who-loves-to-orgasm-on-webcam-1235.html" "Mozilla/5.0 (Linux; Android 10; K) AppleWebKit/537.36 (KHTML, like Gecko) Chrome/144.0.0.0 Mobile Safari/537.36"
94.254.173.3 - - [29/Jan/2026:04:00:24 -0500] "GET /media/thumbs/3/6/6/4/e/3664ef97d81f77.mp4/vtt_055.jpg HTTP/1.1" 200 8036 "https://porn.tw/video/girl-next-door19-is-a-cute-lady-who-loves-to-orgasm-on-webcam-1235.html" "Mozilla/5.0 (Linux; Android 10; K) AppleWebKit/537.36 (KHTML, like Gecko) Chrome/144.0.0.0 Mobile Safari/537.36"
94.254.173.3 - - [29/Jan/2026:04:00:24 -0500] "GET /media/thumbs/3/6/6/4/e/3664ef97d81f77.mp4/vtt_040.jpg HTTP/1.1" 200 7840 "https://porn.tw/video/girl-next-door19-is-a-cute-lady-who-loves-to-orgasm-on-webcam-1235.html" "Mozilla/5.0 (Linux; Android 10; K) AppleWebKit/537.36 (KHTML, like Gecko) Chrome/144.0.0.0 Mobile Safari/537.36"
94.254.173.3 - - [29/Jan/2026:04:00:24 -0500] "GET /media/thumbs/3/6/6/4/e/3664ef97d81f77.mp4/vtt_025.jpg HTTP/1.1" 200 8833 "https://porn.tw/video/girl-next-door19-is-a-cute-lady-who-loves-to-orgasm-on-webcam-1235.html" "Mozilla/5.0 (Linux; Android 10; K) AppleWebKit/537.36 (KHTML, like Gecko) Chrome/144.0.0.0 Mobile Safari/537.36"
94.254.173.3 - - [29/Jan/2026:04:00:25 -0500] "GET /media/thumbs/3/6/6/4/e/3664ef97d81f77.mp4/vtt_030.jpg HTTP/1.1" 200 6424 "https://porn.tw/video/girl-next-door19-is-a-cute-lady-who-loves-to-orgasm-on-webcam-1235.html" "Mozilla/5.0 (Linux; Android 10; K) AppleWebKit/537.36 (KHTML, like Gecko) Chrome/144.0.0.0 Mobile Safari/537.36"
94.254.173.3 - - [29/Jan/2026:04:00:25 -0500] "GET /media/thumbs/3/6/6/4/e/3664ef97d81f77.mp4/vtt_035.jpg HTTP/1.1" 200 8393 "https://porn.tw/video/girl-next-door19-is-a-cute-lady-who-loves-to-orgasm-on-webcam-1235.html" "Mozilla/5.0 (Linux; Android 10; K) AppleWebKit/537.36 (KHTML, like Gecko) Chrome/144.0.0.0 Mobile Safari/537.36"
94.254.173.3 - - [29/Jan/2026:04:00:25 -0500] "GET /media/thumbs/3/6/6/4/e/3664ef97d81f77.mp4/vtt_050.jpg HTTP/1.1" 200 8591 "https://porn.tw/video/girl-next-door19-is-a-cute-lady-who-loves-to-orgasm-on-webcam-1235.html" "Mozilla/5.0 (Linux; Android 10; K) AppleWebKit/537.36 (KHTML, like Gecko) Chrome/144.0.0.0 Mobile Safari/537.36"
94.254.173.3 - - [29/Jan/2026:04:00:25 -0500] "GET /media/thumbs/3/6/6/4/e/3664ef97d81f77.mp4/vtt_045.jpg HTTP/1.1" 200 8262 "https://porn.tw/video/girl-next-door19-is-a-cute-lady-who-loves-to-orgasm-on-webcam-1235.html" "Mozilla/5.0 (Linux; Android 10; K) AppleWebKit/537.36 (KHTML, like Gecko) Chrome/144.0.0.0 Mobile Safari/537.36"
94.254.173.3 - - [29/Jan/2026:04:00:25 -0500] "GET /templates/default_tube2019/images/minus-solid.svg HTTP/1.1" 200 328 "https://porn.tw/video/girl-next-door19-is-a-cute-lady-who-loves-to-orgasm-on-webcam-1235.html" "Mozilla/5.0 (Linux; Android 10; K) AppleWebKit/537.36 (KHTML, like Gecko) Chrome/144.0.0.0 Mobile Safari/537.36"
94.254.173.3 - - [29/Jan/2026:04:00:25 -0500] "GET /media/misc/653171c2a944c.jpg HTTP/1.1" 200 3209 "https://porn.tw/video/girl-next-door19-is-a-cute-lady-who-loves-to-orgasm-on-webcam-1235.html" "Mozilla/5.0 (Linux; Android 10; K) AppleWebKit/537.36 (KHTML, like Gecko) Chrome/144.0.0.0 Mobile Safari/537.36"
94.254.173.3 - - [29/Jan/2026:04:00:25 -0500] "GET /media/thumbs/3/6/6/4/e/3664ef97d81f77.mp4/vtt_060.jpg HTTP/1.1" 200 8507 "https://porn.tw/video/girl-next-door19-is-a-cute-lady-who-loves-to-orgasm-on-webcam-1235.html" "Mozilla/5.0 (Linux; Android 10; K) AppleWebKit/537.36 (KHTML, like Gecko) Chrome/144.0.0.0 Mobile Safari/537.36"
94.254.173.3 - - [29/Jan/2026:04:00:25 -0500] "GET /templates/default_tube2019/images/plus-solid.svg HTTP/1.1" 200 449 "https://porn.tw/video/girl-next-door19-is-a-cute-lady-who-loves-to-orgasm-on-webcam-1235.html" "Mozilla/5.0 (Linux; Android 10; K) AppleWebKit/537.36 (KHTML, like Gecko) Chrome/144.0.0.0 Mobile Safari/537.36"
94.254.173.3 - - [29/Jan/2026:04:00:25 -0500] "GET /templates/default_tube2019/js/jquery.tinyscrollbar.min.js HTTP/1.1" 200 4105 "https://porn.tw/video/girl-next-door19-is-a-cute-lady-who-loves-to-orgasm-on-webcam-1235.html" "Mozilla/5.0 (Linux; Android 10; K) AppleWebKit/537.36 (KHTML, like Gecko) Chrome/144.0.0.0 Mobile Safari/537.36"
94.254.173.3 - - [29/Jan/2026:04:00:25 -0500] "GET /templates/default_tube2019/js/functions.js HTTP/1.1" 200 26636 "https://porn.tw/video/girl-next-door19-is-a-cute-lady-who-loves-to-orgasm-on-webcam-1235.html" "Mozilla/5.0 (Linux; Android 10; K) AppleWebKit/537.36 (KHTML, like Gecko) Chrome/144.0.0.0 Mobile Safari/537.36"
94.254.173.3 - - [29/Jan/2026:04:00:25 -0500] "GET /templates/default_tube2019/js/img2svg.js HTTP/1.1" 200 1613 "https://porn.tw/video/girl-next-door19-is-a-cute-lady-who-loves-to-orgasm-on-webcam-1235.html" "Mozilla/5.0 (Linux; Android 10; K) AppleWebKit/537.36 (KHTML, like Gecko) Chrome/144.0.0.0 Mobile Safari/537.36"
94.254.173.3 - - [29/Jan/2026:04:00:25 -0500] "GET /core/js/Tube.js HTTP/1.1" 200 1519 "https://porn.tw/video/girl-next-door19-is-a-cute-lady-who-loves-to-orgasm-on-webcam-1235.html" "Mozilla/5.0 (Linux; Android 10; K) AppleWebKit/537.36 (KHTML, like Gecko) Chrome/144.0.0.0 Mobile Safari/537.36"
94.254.173.3 - - [29/Jan/2026:04:00:25 -0500] "GET /core/js/ageWarningJs.php HTTP/1.1" 200 1037 "https://porn.tw/video/girl-next-door19-is-a-cute-lady-who-loves-to-orgasm-on-webcam-1235.html" "Mozilla/5.0 (Linux; Android 10; K) AppleWebKit/537.36 (KHTML, like Gecko) Chrome/144.0.0.0 Mobile Safari/537.36"
94.254.173.3 - - [29/Jan/2026:04:00:25 -0500] "GET /core/js/gdprJs.php HTTP/1.1" 200 1238 "https://porn.tw/video/girl-next-door19-is-a-cute-lady-who-loves-to-orgasm-on-webcam-1235.html" "Mozilla/5.0 (Linux; Android 10; K) AppleWebKit/537.36 (KHTML, like Gecko) Chrome/144.0.0.0 Mobile Safari/537.36"
94.254.173.3 - - [29/Jan/2026:04:00:25 -0500] "GET /templates/default_tube2019/images/ad-280.png HTTP/1.1" 200 73287 "https://porn.tw/video/girl-next-door19-is-a-cute-lady-who-loves-to-orgasm-on-webcam-1235.html" "Mozilla/5.0 (Linux; Android 10; K) AppleWebKit/537.36 (KHTML, like Gecko) Chrome/144.0.0.0 Mobile Safari/537.36"
94.254.173.3 - - [29/Jan/2026:04:00:25 -0500] "GET /templates/default_tube2019/images/ad-280-3.png HTTP/1.1" 200 116616 "https://porn.tw/video/girl-next-door19-is-a-cute-lady-who-loves-to-orgasm-on-webcam-1235.html" "Mozilla/5.0 (Linux; Android 10; K) AppleWebKit/537.36 (KHTML, like Gecko) Chrome/144.0.0.0 Mobile Safari/537.36"
94.254.173.3 - - [29/Jan/2026:04:00:25 -0500] "GET /media/thumbs/3/6/6/5/8/366584a7e3ebfa.mp4/366584a7e3ebfa.mp4-3.jpg HTTP/1.1" 200 10580 "https://porn.tw/video/girl-next-door19-is-a-cute-lady-who-loves-to-orgasm-on-webcam-1235.html" "Mozilla/5.0 (Linux; Android 10; K) AppleWebKit/537.36 (KHTML, like Gecko) Chrome/144.0.0.0 Mobile Safari/537.36"
94.254.173.3 - - [29/Jan/2026:04:00:25 -0500] "GET /templates/default_tube2019/images/ad-280-2.png HTTP/1.1" 200 98354 "https://porn.tw/video/girl-next-door19-is-a-cute-lady-who-loves-to-orgasm-on-webcam-1235.html" "Mozilla/5.0 (Linux; Android 10; K) AppleWebKit/537.36 (KHTML, like Gecko) Chrome/144.0.0.0 Mobile Safari/537.36"
94.254.173.3 - - [29/Jan/2026:04:00:25 -0500] "GET /media/thumbs/2/6/5/a/5/265a52669c6416.mp4/265a52669c6416.mp4-3.jpg HTTP/1.1" 200 12075 "https://porn.tw/video/girl-next-door19-is-a-cute-lady-who-loves-to-orgasm-on-webcam-1235.html" "Mozilla/5.0 (Linux; Android 10; K) AppleWebKit/537.36 (KHTML, like Gecko) Chrome/144.0.0.0 Mobile Safari/537.36"
94.254.173.3 - - [29/Jan/2026:04:00:25 -0500] "GET /media/thumbs/3/6/6/2/0/36620fbddb4307.mp4/36620fbddb4307.mp4-5.jpg HTTP/1.1" 200 10687 "https://porn.tw/video/girl-next-door19-is-a-cute-lady-who-loves-to-orgasm-on-webcam-1235.html" "Mozilla/5.0 (Linux; Android 10; K) AppleWebKit/537.36 (KHTML, like Gecko) Chrome/144.0.0.0 Mobile Safari/537.36"
94.254.173.3 - - [29/Jan/2026:04:00:25 -0500] "GET /templates/default_tube2019/template.ajax_comments.php?id=1235&type=0&loaded=0&time=1769677224835 HTTP/1.1" 200 133 "https://porn.tw/video/girl-next-door19-is-a-cute-lady-who-loves-to-orgasm-on-webcam-1235.html" "Mozilla/5.0 (Linux; Android 10; K) AppleWebKit/537.36 (KHTML, like Gecko) Chrome/144.0.0.0 Mobile Safari/537.36"
94.254.173.3 - - [29/Jan/2026:04:00:25 -0500] "GET /media/thumbs/3/6/6/7/b/3667b8609858d3.mp4/3667b8609858d3.mp4-5.jpg HTTP/1.1" 200 13098 "https://porn.tw/video/girl-next-door19-is-a-cute-lady-who-loves-to-orgasm-on-webcam-1235.html" "Mozilla/5.0 (Linux; Android 10; K) AppleWebKit/537.36 (KHTML, like Gecko) Chrome/144.0.0.0 Mobile Safari/537.36"
94.254.173.3 - - [29/Jan/2026:04:00:25 -0500] "GET /media/thumbs/3/6/6/4/7/366471e20471b8.mp4/366471e20471b8.mp4-3.jpg HTTP/1.1" 200 11149 "https://porn.tw/video/girl-next-door19-is-a-cute-lady-who-loves-to-orgasm-on-webcam-1235.html" "Mozilla/5.0 (Linux; Android 10; K) AppleWebKit/537.36 (KHTML, like Gecko) Chrome/144.0.0.0 Mobile Safari/537.36"
94.254.173.3 - - [29/Jan/2026:04:00:25 -0500] "GET /media/thumbs/1/7/6/5/7/17657ae6358f190.mp4/17657ae6358f190.mp4-8.jpg HTTP/1.1" 200 7672 "https://porn.tw/video/girl-next-door19-is-a-cute-lady-who-loves-to-orgasm-on-webcam-1235.html" "Mozilla/5.0 (Linux; Android 10; K) AppleWebKit/537.36 (KHTML, like Gecko) Chrome/144.0.0.0 Mobile Safari/537.36"
94.254.173.3 - - [29/Jan/2026:04:00:25 -0500] "GET /media/thumbs/3/6/6/3/7/366373c9f2a7ec.mp4/366373c9f2a7ec.mp4-4.jpg HTTP/1.1" 200 10271 "https://porn.tw/video/girl-next-door19-is-a-cute-lady-who-loves-to-orgasm-on-webcam-1235.html" "Mozilla/5.0 (Linux; Android 10; K) AppleWebKit/537.36 (KHTML, like Gecko) Chrome/144.0.0.0 Mobile Safari/537.36"
94.254.173.3 - - [29/Jan/2026:04:00:25 -0500] "GET /media/thumbs/4/0/6/6/8/4066801e6bf341d.mp4/4066801e6bf341d.mp4-4.jpg HTTP/1.1" 200 14001 "https://porn.tw/video/girl-next-door19-is-a-cute-lady-who-loves-to-orgasm-on-webcam-1235.html" "Mozilla/5.0 (Linux; Android 10; K) AppleWebKit/537.36 (KHTML, like Gecko) Chrome/144.0.0.0 Mobile Safari/537.36"
94.254.173.3 - - [29/Jan/2026:04:00:26 -0500] "GET /media/thumbs/4/0/6/6/9/4066912be87614f.mp4/4066912be87614f.mp4-3.jpg HTTP/1.1" 200 12716 "https://porn.tw/video/girl-next-door19-is-a-cute-lady-who-loves-to-orgasm-on-webcam-1235.html" "Mozilla/5.0 (Linux; Android 10; K) AppleWebKit/537.36 (KHTML, like Gecko) Chrome/144.0.0.0 Mobile Safari/537.36"
94.254.173.3 - - [29/Jan/2026:04:00:26 -0500] "GET /media/thumbs/3/6/6/0/c/3660cabdb15329.mp4/3660cabdb15329.mp4-7.jpg HTTP/1.1" 200 13110 "https://porn.tw/video/girl-next-door19-is-a-cute-lady-who-loves-to-orgasm-on-webcam-1235.html" "Mozilla/5.0 (Linux; Android 10; K) AppleWebKit/537.36 (KHTML, like Gecko) Chrome/144.0.0.0 Mobile Safari/537.36"
94.254.173.3 - - [29/Jan/2026:04:00:26 -0500] "GET /media/thumbs/1/1/6/6/3/11663ddba1f21ee.mp4/11663ddba1f21ee.mp4-5.jpg HTTP/1.1" 200 10960 "https://porn.tw/video/girl-next-door19-is-a-cute-lady-who-loves-to-orgasm-on-webcam-1235.html" "Mozilla/5.0 (Linux; Android 10; K) AppleWebKit/537.36 (KHTML, like Gecko) Chrome/144.0.0.0 Mobile Safari/537.36"
94.254.173.3 - - [29/Jan/2026:04:00:26 -0500] "GET /media/thumbs/3/6/6/2/c/3662ce348566cf.mp4/3662ce348566cf.mp4-3.jpg HTTP/1.1" 200 15508 "https://porn.tw/video/girl-next-door19-is-a-cute-lady-who-loves-to-orgasm-on-webcam-1235.html" "Mozilla/5.0 (Linux; Android 10; K) AppleWebKit/537.36 (KHTML, like Gecko) Chrome/144.0.0.0 Mobile Safari/537.36"
94.254.173.3 - - [29/Jan/2026:04:00:26 -0500] "GET /media/thumbs/3/6/5/f/3/365f3fd58b37f6.mp4/365f3fd58b37f6.mp4-5.jpg HTTP/1.1" 200 10927 "https://porn.tw/video/girl-next-door19-is-a-cute-lady-who-loves-to-orgasm-on-webcam-1235.html" "Mozilla/5.0 (Linux; Android 10; K) AppleWebKit/537.36 (KHTML, like Gecko) Chrome/144.0.0.0 Mobile Safari/537.36"
94.254.173.3 - - [29/Jan/2026:04:00:26 -0500] "GET /media/thumbs/3/6/6/3/8/36638827fcced3.mp4/36638827fcced3.mp4-5.jpg HTTP/1.1" 200 11243 "https://porn.tw/video/girl-next-door19-is-a-cute-lady-who-loves-to-orgasm-on-webcam-1235.html" "Mozilla/5.0 (Linux; Android 10; K) AppleWebKit/537.36 (KHTML, like Gecko) Chrome/144.0.0.0 Mobile Safari/537.36"
94.254.173.3 - - [29/Jan/2026:04:00:26 -0500] "GET /media/thumbs/3/6/5/8/f/3658faed0c1e74.mp4/3658faed0c1e74.mp4-8.jpg HTTP/1.1" 200 9581 "https://porn.tw/video/girl-next-door19-is-a-cute-lady-who-loves-to-orgasm-on-webcam-1235.html" "Mozilla/5.0 (Linux; Android 10; K) AppleWebKit/537.36 (KHTML, like Gecko) Chrome/144.0.0.0 Mobile Safari/537.36"
94.254.173.3 - - [29/Jan/2026:04:00:26 -0500] "GET /includes/fluidplayer//scripts/webvtt.min.js HTTP/1.1" 200 8856 "https://porn.tw/video/girl-next-door19-is-a-cute-lady-who-loves-to-orgasm-on-webcam-1235.html" "Mozilla/5.0 (Linux; Android 10; K) AppleWebKit/537.36 (KHTML, like Gecko) Chrome/144.0.0.0 Mobile Safari/537.36"
94.254.173.3 - - [29/Jan/2026:04:00:26 -0500] "GET /includes/fluidplayer//scripts/vtt.js HTTP/1.1" 200 140908 "https://porn.tw/video/girl-next-door19-is-a-cute-lady-who-loves-to-orgasm-on-webcam-1235.html" "Mozilla/5.0 (Linux; Android 10; K) AppleWebKit/537.36 (KHTML, like Gecko) Chrome/144.0.0.0 Mobile Safari/537.36"
94.254.173.3 - - [29/Jan/2026:04:00:26 -0500] "GET /webvtt/1235.vtt HTTP/1.1" 200 5993 "https://porn.tw/video/girl-next-door19-is-a-cute-lady-who-loves-to-orgasm-on-webcam-1235.html" "Mozilla/5.0 (Linux; Android 10; K) AppleWebKit/537.36 (KHTML, like Gecko) Chrome/144.0.0.0 Mobile Safari/537.36"
94.254.173.3 - - [29/Jan/2026:04:00:26 -0500] "GET /media/videos/3/6/6/4/e/3664ef97d81f77.mp4 HTTP/1.1" 206 389136017 "https://porn.tw/video/girl-next-door19-is-a-cute-lady-who-loves-to-orgasm-on-webcam-1235.html" "Mozilla/5.0 (Linux; Android 10; K) AppleWebKit/537.36 (KHTML, like Gecko) Chrome/144.0.0.0 Mobile Safari/537.36"
94.254.173.3 - - [29/Jan/2026:04:00:26 -0500] "GET /media/videos/3/6/6/4/e/3664ef97d81f77.mp4 HTTP/1.1" 206 81553 "https://porn.tw/video/girl-next-door19-is-a-cute-lady-who-loves-to-orgasm-on-webcam-1235.html" "Mozilla/5.0 (Linux; Android 10; K) AppleWebKit/537.36 (KHTML, like Gecko) Chrome/144.0.0.0 Mobile Safari/537.36"
94.254.173.3 - - [29/Jan/2026:04:00:27 -0500] "GET /templates/default_tube2019/images/touch/chrome-touch-icon-192x192.png HTTP/1.1" 200 12951 "https://porn.tw/video/girl-next-door19-is-a-cute-lady-who-loves-to-orgasm-on-webcam-1235.html" "Mozilla/5.0 (Linux; Android 10; K) AppleWebKit/537.36 (KHTML, like Gecko) Chrome/144.0.0.0 Mobile Safari/537.36"
94.254.173.3 - - [29/Jan/2026:04:00:27 -0500] "GET /templates/default_tube2019/iimages/touch/apple-touch-icon.png HTTP/1.1" 404 6804 "https://porn.tw/video/girl-next-door19-is-a-cute-lady-who-loves-to-orgasm-on-webcam-1235.html" "Mozilla/5.0 (Linux; Android 10; K) AppleWebKit/537.36 (KHTML, like Gecko) Chrome/144.0.0.0 Mobile Safari/537.36"
217.113.194.75 - - [29/Jan/2026:04:00:27 -0500] "GET /search/trans-solo-masturbating/page9.html HTTP/1.1" 200 73915 "-" "Mozilla/5.0 (compatible; Barkrowler/0.9; +https://babbar.tech/crawler)"
94.254.173.3 - - [29/Jan/2026:04:00:27 -0500] "GET /media/videos/3/6/6/4/e/3664ef97d81f77.mp4 HTTP/1.1" 206 388923705 "https://porn.tw/video/girl-next-door19-is-a-cute-lady-who-loves-to-orgasm-on-webcam-1235.html" "Mozilla/5.0 (Linux; Android 10; K) AppleWebKit/537.36 (KHTML, like Gecko) Chrome/144.0.0.0 Mobile Safari/537.36"
66.249.74.5 - - [29/Jan/2026:04:00:28 -0500] "GET /search/ariana-reynoldss-adult-performance/ HTTP/1.1" 200 74808 "-" "Mozilla/5.0 (Linux; Android 6.0.1; Nexus 5X Build/MMB29P) AppleWebKit/537.36 (KHTML, like Gecko) Chrome/143.0.7499.192 Mobile Safari/537.36 (compatible; Googlebot/2.1; +http://www.google.com/bot.html)"
187.190.151.230 - - [29/Jan/2026:04:00:30 -0500] "GET /media/thumbs/1/0/4/6/8/10468255e0f457e6.mp4/10468255e0f457e6.mp4-7.jpg HTTP/1.1" 200 12682 "https://porn.tw/user/freecams2-104/" "Mozilla/5.0 (Linux; Android 10; K) AppleWebKit/537.36 (KHTML, like Gecko) Chrome/144.0.0.0 Mobile Safari/537.36"
187.190.151.230 - - [29/Jan/2026:04:00:31 -0500] "GET /media/thumbs/1/0/4/6/8/10468255e0f457e6.mp4/10468255e0f457e6.mp4-8.jpg HTTP/1.1" 200 13270 "https://porn.tw/user/freecams2-104/" "Mozilla/5.0 (Linux; Android 10; K) AppleWebKit/537.36 (KHTML, like Gecko) Chrome/144.0.0.0 Mobile Safari/537.36"
187.190.151.230 - - [29/Jan/2026:04:00:31 -0500] "GET /media/thumbs/1/0/4/6/8/10468255e0f457e6.mp4/10468255e0f457e6.mp4-9.jpg HTTP/1.1" 200 13332 "https://porn.tw/user/freecams2-104/" "Mozilla/5.0 (Linux; Android 10; K) AppleWebKit/537.36 (KHTML, like Gecko) Chrome/144.0.0.0 Mobile Safari/537.36"
187.190.151.230 - - [29/Jan/2026:04:00:31 -0500] "GET /media/thumbs/1/0/4/6/8/10468255e0f457e6.mp4/10468255e0f457e6.mp4-1.jpg HTTP/1.1" 200 13344 "https://porn.tw/user/freecams2-104/" "Mozilla/5.0 (Linux; Android 10; K) AppleWebKit/537.36 (KHTML, like Gecko) Chrome/144.0.0.0 Mobile Safari/537.36"
187.190.151.230 - - [29/Jan/2026:04:00:32 -0500] "GET /media/thumbs/1/0/4/6/8/10468255e0f457e6.mp4/10468255e0f457e6.mp4-2.jpg HTTP/1.1" 200 12791 "https://porn.tw/user/freecams2-104/" "Mozilla/5.0 (Linux; Android 10; K) AppleWebKit/537.36 (KHTML, like Gecko) Chrome/144.0.0.0 Mobile Safari/537.36"
187.190.151.230 - - [29/Jan/2026:04:00:32 -0500] "GET /media/thumbs/1/0/4/6/8/10468255e0f457e6.mp4/10468255e0f457e6.mp4-3.jpg HTTP/1.1" 200 12479 "https://porn.tw/user/freecams2-104/" "Mozilla/5.0 (Linux; Android 10; K) AppleWebKit/537.36 (KHTML, like Gecko) Chrome/144.0.0.0 Mobile Safari/537.36"
187.190.151.230 - - [29/Jan/2026:04:00:33 -0500] "GET /media/thumbs/1/0/4/6/8/10468255e0f457e6.mp4/10468255e0f457e6.mp4-4.jpg HTTP/1.1" 200 11664 "https://porn.tw/user/freecams2-104/" "Mozilla/5.0 (Linux; Android 10; K) AppleWebKit/537.36 (KHTML, like Gecko) Chrome/144.0.0.0 Mobile Safari/537.36"
94.254.173.3 - - [29/Jan/2026:04:00:31 -0500] "GET /media/videos/3/6/6/4/e/3664ef97d81f77.mp4 HTTP/1.1" 206 385598071 "https://porn.tw/video/girl-next-door19-is-a-cute-lady-who-loves-to-orgasm-on-webcam-1235.html" "Mozilla/5.0 (Linux; Android 10; K) AppleWebKit/537.36 (KHTML, like Gecko) Chrome/144.0.0.0 Mobile Safari/537.36"
187.190.151.230 - - [29/Jan/2026:04:00:33 -0500] "GET /media/thumbs/1/0/4/6/8/10468255e0f457e6.mp4/10468255e0f457e6.mp4-5.jpg HTTP/1.1" 200 11615 "https://porn.tw/user/freecams2-104/" "Mozilla/5.0 (Linux; Android 10; K) AppleWebKit/537.36 (KHTML, like Gecko) Chrome/144.0.0.0 Mobile Safari/537.36"
187.190.151.230 - - [29/Jan/2026:04:00:34 -0500] "GET /media/thumbs/1/0/4/6/8/10468255e0f457e6.mp4/10468255e0f457e6.mp4-7.jpg HTTP/1.1" 200 12682 "https://porn.tw/user/freecams2-104/" "Mozilla/5.0 (Linux; Android 10; K) AppleWebKit/537.36 (KHTML, like Gecko) Chrome/144.0.0.0 Mobile Safari/537.36"
52.167.144.236 - - [29/Jan/2026:04:00:34 -0500] "GET /models/page1.html HTTP/1.1" 200 41726 "-" "Mozilla/5.0 AppleWebKit/537.36 (KHTML, like Gecko; compatible; bingbot/2.0; +http://www.bing.com/bingbot.htm) Chrome/116.0.1938.76 Safari/537.36"
217.113.194.79 - - [29/Jan/2026:04:00:37 -0500] "GET /search/naughty-babe-cam/views/page8.html HTTP/1.1" 200 74065 "-" "Mozilla/5.0 (compatible; Barkrowler/0.9; +https://babbar.tech/crawler)"
187.190.151.230 - - [29/Jan/2026:04:00:39 -0500] "GET /video/emilylittle-free-webcam-sexy-babe-squirting-live-shows-3120.html HTTP/1.1" 200 57813 "https://www.google.com/" "Mozilla/5.0 (Linux; Android 10; K) AppleWebKit/537.36 (KHTML, like Gecko) Chrome/144.0.0.0 Mobile Safari/537.36"
187.190.151.230 - - [29/Jan/2026:04:00:40 -0500] "GET /webvtt/3120.vtt HTTP/1.1" 200 6022 "https://porn.tw/video/emilylittle-free-webcam-sexy-babe-squirting-live-shows-3120.html" "Mozilla/5.0 (Linux; Android 10; K) AppleWebKit/537.36 (KHTML, like Gecko) Chrome/144.0.0.0 Mobile Safari/537.36"
187.190.151.230 - - [29/Jan/2026:04:00:40 -0500] "GET /templates/default_tube2019/template.ajax_comments.php?id=3120&type=0&loaded=0&time=1769677240967 HTTP/1.1" 200 133 "https://porn.tw/video/emilylittle-free-webcam-sexy-babe-squirting-live-shows-3120.html" "Mozilla/5.0 (Linux; Android 10; K) AppleWebKit/537.36 (KHTML, like Gecko) Chrome/144.0.0.0 Mobile Safari/537.36"
217.113.194.72 - - [29/Jan/2026:04:00:43 -0500] "GET /search/trans-porn-masturbatin/page7.html HTTP/1.1" 200 71598 "-" "Mozilla/5.0 (compatible; Barkrowler/0.9; +https://babbar.tech/crawler)"
144.76.32.114 - - [29/Jan/2026:04:00:46 -0500] "GET /search/filthy-mouth/ HTTP/1.1" 200 73045 "-" "Mozilla/5.0 (compatible; SERankingBacklinksBot/1.0; +https://seranking.com/backlinks-crawler)"
217.113.194.73 - - [29/Jan/2026:04:00:53 -0500] "GET /search/naughty-babe-cam/views/page5.html HTTP/1.1" 200 74284 "-" "Mozilla/5.0 (compatible; Barkrowler/0.9; +https://babbar.tech/crawler)"
66.249.74.4 - - [29/Jan/2026:04:00:57 -0500] "GET /search/cora-luv-cams-show/page8.html HTTP/1.1" 200 65904 "-" "Mozilla/5.0 (Linux; Android 6.0.1; Nexus 5X Build/MMB29P) AppleWebKit/537.36 (KHTML, like Gecko) Chrome/143.0.7499.192 Mobile Safari/537.36 (compatible; Googlebot/2.1; +http://www.google.com/bot.html)"
217.113.194.80 - - [29/Jan/2026:04:00:58 -0500] "GET /search/trans-porn-solo/newest/page4.html HTTP/1.1" 200 76105 "-" "Mozilla/5.0 (compatible; Barkrowler/0.9; +https://babbar.tech/crawler)"
217.113.194.74 - - [29/Jan/2026:04:01:08 -0500] "GET /search/naughty-babe-cam/views/page3.html HTTP/1.1" 200 74825 "-" "Mozilla/5.0 (compatible; Barkrowler/0.9; +https://babbar.tech/crawler)"
217.113.194.75 - - [29/Jan/2026:04:01:14 -0500] "GET /search/trans-porn-anal/newest/page8.html HTTP/1.1" 200 42490 "-" "Mozilla/5.0 (compatible; Barkrowler/0.9; +https://babbar.tech/crawler)"
66.249.74.6 - - [29/Jan/2026:04:01:16 -0500] "GET /search/confident-milf-tease/ HTTP/1.1" 200 73447 "-" "Mozilla/5.0 (Linux; Android 6.0.1; Nexus 5X Build/MMB29P) AppleWebKit/537.36 (KHTML, like Gecko) Chrome/143.0.7499.192 Mobile Safari/537.36 (compatible; Googlebot/2.1; +http://www.google.com/bot.html)"
217.113.194.75 - - [29/Jan/2026:04:01:24 -0500] "GET /search/naughty-babe-cam/rating/page11.html HTTP/1.1" 200 38840 "-" "Mozilla/5.0 (compatible; Barkrowler/0.9; +https://babbar.tech/crawler)"
217.113.194.80 - - [29/Jan/2026:04:01:30 -0500] "GET /search/trans-porn-anal/newest/page5.html HTTP/1.1" 200 72064 "-" "Mozilla/5.0 (compatible; Barkrowler/0.9; +https://babbar.tech/crawler)"
116.179.32.212 - - [29/Jan/2026:04:01:30 -0500] "GET /search/sultry-women/page5.html HTTP/1.1" 403 - "-" "Mozilla/5.0 (compatible; Baiduspider/2.0; +http://www.baidu.com/search/spider.html)"
119.249.100.49 - - [29/Jan/2026:04:01:32 -0500] "GET /search/sultry-women/page5.html HTTP/1.1" 200 44009 "-" "Mozilla/5.0 (Windows NT 10.0; WOW64) AppleWebKit/537.36 (KHTML, like Gecko) Chrome/48.0.2564.116 Safari/537.36"
217.113.194.73 - - [29/Jan/2026:04:01:40 -0500] "GET /search/naughty-babe-cam/rating/page6.html HTTP/1.1" 200 77864 "-" "Mozilla/5.0 (compatible; Barkrowler/0.9; +https://babbar.tech/crawler)"
217.113.194.78 - - [29/Jan/2026:04:01:45 -0500] "GET /search/trans-porn-anal/views/page8.html HTTP/1.1" 200 44063 "-" "Mozilla/5.0 (compatible; Barkrowler/0.9; +https://babbar.tech/crawler)"
52.45.92.83 - - [29/Jan/2026:04:01:50 -0500] "GET /search/solo-adult-webcam/ HTTP/1.1" 200 72643 "-" "Mozilla/5.0 AppleWebKit/537.36 (KHTML, like Gecko; compatible; Amazonbot/0.1; +https://developer.amazon.com/support/amazonbot) Chrome/119.0.6045.214 Safari/537.36"
217.113.194.72 - - [29/Jan/2026:04:01:55 -0500] "GET /search/naughty-shemale/newest/page3.html HTTP/1.1" 200 73305 "-" "Mozilla/5.0 (compatible; Barkrowler/0.9; +https://babbar.tech/crawler)"
217.113.194.76 - - [29/Jan/2026:04:02:01 -0500] "GET /search/trans-porn-anal/views/page5.html HTTP/1.1" 200 73185 "-" "Mozilla/5.0 (compatible; Barkrowler/0.9; +https://babbar.tech/crawler)"
94.254.173.3 - - [29/Jan/2026:04:02:00 -0500] "GET /media/videos/3/6/6/4/e/3664ef97d81f77.mp4 HTTP/1.1" 206 359121846 "https://porn.tw/video/girl-next-door19-is-a-cute-lady-who-loves-to-orgasm-on-webcam-1235.html" "Mozilla/5.0 (Linux; Android 10; K) AppleWebKit/537.36 (KHTML, like Gecko) Chrome/144.0.0.0 Mobile Safari/537.36"
217.113.194.80 - - [29/Jan/2026:04:02:11 -0500] "GET /search/naughty-cutie-cam/rating/page1.html HTTP/1.1" 200 73391 "-" "Mozilla/5.0 (compatible; Barkrowler/0.9; +https://babbar.tech/crawler)"
116.179.32.77 - - [29/Jan/2026:04:02:11 -0500] "GET /search/sexy-babe/rating/page5.html HTTP/1.1" 403 - "-" "Mozilla/5.0 (compatible; Baiduspider/2.0; +http://www.baidu.com/search/spider.html)"
217.113.194.73 - - [29/Jan/2026:04:02:17 -0500] "GET /search/trans-porn-69/newest/page7.html HTTP/1.1" 200 68854 "-" "Mozilla/5.0 (compatible; Barkrowler/0.9; +https://babbar.tech/crawler)"
66.249.74.4 - - [29/Jan/2026:04:02:17 -0500] "GET /search/sultry-milf-porn/ HTTP/1.1" 200 71824 "-" "Mozilla/5.0 (Linux; Android 6.0.1; Nexus 5X Build/MMB29P) AppleWebKit/537.36 (KHTML, like Gecko) Chrome/143.0.7499.192 Mobile Safari/537.36 (compatible; Googlebot/2.1; +http://www.google.com/bot.html)"
119.249.100.175 - - [29/Jan/2026:04:02:18 -0500] "GET /search/sexy-babe/rating/page5.html HTTP/1.1" 200 70945 "-" "Mozilla/5.0 (Windows NT 10.0; WOW64) AppleWebKit/537.36 (KHTML, like Gecko) Chrome/48.0.2564.116 Safari/537.36"
217.113.194.81 - - [29/Jan/2026:04:02:26 -0500] "GET /search/naughty-oral-show/newest/page4.html HTTP/1.1" 200 76060 "-" "Mozilla/5.0 (compatible; Barkrowler/0.9; +https://babbar.tech/crawler)"
217.113.194.79 - - [29/Jan/2026:04:02:32 -0500] "GET /search/trans-porn-squirt/newest/page5.html HTTP/1.1" 200 72260 "-" "Mozilla/5.0 (compatible; Barkrowler/0.9; +https://babbar.tech/crawler)"
43.153.54.138 - - [29/Jan/2026:04:02:41 -0500] "GET /action.php?action=add_favorites&id=3443 HTTP/1.1" 200 719 "-" "Mozilla/5.0 (iPhone; CPU iPhone OS 13_2_3 like Mac OS X) AppleWebKit/605.1.15 (KHTML, like Gecko) Version/13.0.3 Mobile/15E148 Safari/604.1"
217.113.194.74 - - [29/Jan/2026:04:02:42 -0500] "GET /search/naughty-oral-show/newest/page2.html HTTP/1.1" 200 74901 "-" "Mozilla/5.0 (compatible; Barkrowler/0.9; +https://babbar.tech/crawler)"
154.54.249.200 - - [29/Jan/2026:04:02:48 -0500] "GET /search/trans-porn-squirt/newest/page3.html HTTP/1.1" 200 75760 "-" "Mozilla/5.0 (compatible; Barkrowler/0.9; +https://babbar.tech/crawler)"
116.179.32.157 - - [29/Jan/2026:04:02:52 -0500] "GET /search/seductive-solo-stream/rating/page8.html HTTP/1.1" 403 - "-" "Mozilla/5.0 (compatible; Baiduspider/2.0; +http://www.baidu.com/search/spider.html)"
217.113.194.217 - - [29/Jan/2026:04:02:58 -0500] "GET /search/naughty-oral-show/newest/page1.html HTTP/1.1" 200 74012 "-" "Mozilla/5.0 (compatible; Barkrowler/0.9; +https://babbar.tech/crawler)"
66.249.74.5 - - [29/Jan/2026:04:02:58 -0500] "GET /search/ariana-reynoldss-porn-cam/ HTTP/1.1" 200 71845 "-" "Mozilla/5.0 (Linux; Android 6.0.1; Nexus 5X Build/MMB29P) AppleWebKit/537.36 (KHTML, like Gecko) Chrome/143.0.7499.192 Mobile Safari/537.36 (compatible; Googlebot/2.1; +http://www.google.com/bot.html)"
119.249.100.111 - - [29/Jan/2026:04:02:59 -0500] "GET /search/seductive-solo-stream/rating/page8.html HTTP/1.1" 200 75323 "-" "Mozilla/5.0 (Windows NT 10.0; WOW64) AppleWebKit/537.36 (KHTML, like Gecko) Chrome/48.0.2564.116 Safari/537.36"
217.113.194.79 - - [29/Jan/2026:04:03:04 -0500] "GET /search/trans-porn-squirt/newest/page7.html HTTP/1.1" 200 70960 "-" "Mozilla/5.0 (compatible; Barkrowler/0.9; +https://babbar.tech/crawler)"
66.249.74.5 - - [29/Jan/2026:04:03:11 -0500] "GET /search/sensual-milf-cam/ HTTP/1.1" 200 73203 "-" "Mozilla/5.0 (Linux; Android 6.0.1; Nexus 5X Build/MMB29P) AppleWebKit/537.36 (KHTML, like Gecko) Chrome/143.0.7499.192 Mobile Safari/537.36 (compatible; Googlebot/2.1; +http://www.google.com/bot.html)"
217.113.194.81 - - [29/Jan/2026:04:03:13 -0500] "GET /search/naughty-oral-show/views/page4.html HTTP/1.1" 200 74393 "-" "Mozilla/5.0 (compatible; Barkrowler/0.9; +https://babbar.tech/crawler)"
40.77.167.116 - - [29/Jan/2026:04:03:18 -0500] "GET /media/thumbs/7/6/8/9/d/7689da035cfa13.mp4/7689da035cfa13.mp4-1.jpg HTTP/1.1" 200 11020 "-" "Mozilla/5.0 AppleWebKit/537.36 (KHTML, like Gecko; compatible; bingbot/2.0; +http://www.bing.com/bingbot.htm) Chrome/116.0.1938.76 Safari/537.36"
217.113.194.72 - - [29/Jan/2026:04:03:19 -0500] "GET /search/shaantalll-webcam/views/ HTTP/1.1" 200 72324 "-" "Mozilla/5.0 (compatible; Barkrowler/0.9; +https://babbar.tech/crawler)"
217.113.194.74 - - [29/Jan/2026:04:03:29 -0500] "GET /search/naughty-webcam-babe/newest/page6.html HTTP/1.1" 200 75173 "-" "Mozilla/5.0 (compatible; Barkrowler/0.9; +https://babbar.tech/crawler)"
116.179.32.211 - - [29/Jan/2026:04:03:34 -0500] "GET /members/ HTTP/1.1" 403 - "-" "Mozilla/5.0 (compatible; Baiduspider/2.0; +http://www.baidu.com/search/spider.html)"
217.113.194.80 - - [29/Jan/2026:04:03:35 -0500] "GET /search/shaantalll-webcam/rating/ HTTP/1.1" 200 72971 "-" "Mozilla/5.0 (compatible; Barkrowler/0.9; +https://babbar.tech/crawler)"
217.113.194.75 - - [29/Jan/2026:04:03:45 -0500] "GET /search/naughty-webcam-babe/views/page8.html HTTP/1.1" 200 73838 "-" "Mozilla/5.0 (compatible; Barkrowler/0.9; +https://babbar.tech/crawler)"
66.249.74.4 - - [29/Jan/2026:04:03:48 -0500] "GET /search/abby-rodes/ HTTP/1.1" 200 21912 "-" "Mozilla/5.0 (Linux; Android 6.0.1; Nexus 5X Build/MMB29P) AppleWebKit/537.36 (KHTML, like Gecko) Chrome/143.0.7499.192 Mobile Safari/537.36 (compatible; Googlebot/2.1; +http://www.google.com/bot.html)"
