98.63.199.239 - - [29/Jan/2026:04:41:46 -0500] "GET /media/thumbs/1/1/6/7/a/1167a4196117ff6.mp4/vtt_060.jpg HTTP/1.1" 200 8512 "https://porn.tw/video/jessicaportman-blonde-cutie-fucks-her-hole-on-porn-cam-2831.html" "Mozilla/5.0 (iPhone; CPU iPhone OS 18_7 like Mac OS X) AppleWebKit/605.1.15 (KHTML, like Gecko) Version/26.2 Mobile/15E148 Safari/604.1"
98.63.199.239 - - [29/Jan/2026:04:41:46 -0500] "GET /media/thumbs/1/1/6/7/a/1167a4196117ff6.mp4/vtt_030.jpg HTTP/1.1" 200 7612 "https://porn.tw/video/jessicaportman-blonde-cutie-fucks-her-hole-on-porn-cam-2831.html" "Mozilla/5.0 (iPhone; CPU iPhone OS 18_7 like Mac OS X) AppleWebKit/605.1.15 (KHTML, like Gecko) Version/26.2 Mobile/15E148 Safari/604.1"
98.63.199.239 - - [29/Jan/2026:04:41:46 -0500] "GET /media/thumbs/1/1/6/7/a/1167a4196117ff6.mp4/vtt_035.jpg HTTP/1.1" 200 6882 "https://porn.tw/video/jessicaportman-blonde-cutie-fucks-her-hole-on-porn-cam-2831.html" "Mozilla/5.0 (iPhone; CPU iPhone OS 18_7 like Mac OS X) AppleWebKit/605.1.15 (KHTML, like Gecko) Version/26.2 Mobile/15E148 Safari/604.1"
98.63.199.239 - - [29/Jan/2026:04:41:46 -0500] "GET /media/thumbs/1/1/6/7/a/1167a4196117ff6.mp4/vtt_025.jpg HTTP/1.1" 200 7479 "https://porn.tw/video/jessicaportman-blonde-cutie-fucks-her-hole-on-porn-cam-2831.html" "Mozilla/5.0 (iPhone; CPU iPhone OS 18_7 like Mac OS X) AppleWebKit/605.1.15 (KHTML, like Gecko) Version/26.2 Mobile/15E148 Safari/604.1"
98.63.199.239 - - [29/Jan/2026:04:41:46 -0500] "GET /media/videos/1/1/6/7/a/1167a4196117ff6.mp4 HTTP/1.1" 206 2 "https://porn.tw/video/jessicaportman-blonde-cutie-fucks-her-hole-on-porn-cam-2831.html" "Mozilla/5.0 (iPhone; CPU iPhone OS 18_7 like Mac OS X) AppleWebKit/605.1.15 (KHTML, like Gecko) Version/26.2 Mobile/15E148 Safari/604.1"
98.63.199.239 - - [29/Jan/2026:04:41:46 -0500] "GET /templates/default_tube2019/images/minus-solid.svg HTTP/1.1" 200 328 "https://porn.tw/video/jessicaportman-blonde-cutie-fucks-her-hole-on-porn-cam-2831.html" "Mozilla/5.0 (iPhone; CPU iPhone OS 18_7 like Mac OS X) AppleWebKit/605.1.15 (KHTML, like Gecko) Version/26.2 Mobile/15E148 Safari/604.1"
98.63.199.239 - - [29/Jan/2026:04:41:46 -0500] "GET /templates/default_tube2019/images/plus-solid.svg HTTP/1.1" 200 449 "https://porn.tw/video/jessicaportman-blonde-cutie-fucks-her-hole-on-porn-cam-2831.html" "Mozilla/5.0 (iPhone; CPU iPhone OS 18_7 like Mac OS X) AppleWebKit/605.1.15 (KHTML, like Gecko) Version/26.2 Mobile/15E148 Safari/604.1"
98.63.199.239 - - [29/Jan/2026:04:41:46 -0500] "GET /templates/default_tube2019/template.ajax_comments.php?id=2831&type=0&loaded=0&time=1769679706498 HTTP/1.1" 200 133 "https://porn.tw/video/jessicaportman-blonde-cutie-fucks-her-hole-on-porn-cam-2831.html" "Mozilla/5.0 (iPhone; CPU iPhone OS 18_7 like Mac OS X) AppleWebKit/605.1.15 (KHTML, like Gecko) Version/26.2 Mobile/15E148 Safari/604.1"
98.63.199.239 - - [29/Jan/2026:04:41:46 -0500] "GET /media/videos/1/1/6/7/a/1167a4196117ff6.mp4 HTTP/1.1" 206 473366153 "https://porn.tw/video/jessicaportman-blonde-cutie-fucks-her-hole-on-porn-cam-2831.html" "Mozilla/5.0 (iPhone; CPU iPhone OS 18_7 like Mac OS X) AppleWebKit/605.1.15 (KHTML, like Gecko) Version/26.2 Mobile/15E148 Safari/604.1"
98.63.199.239 - - [29/Jan/2026:04:41:47 -0500] "GET /media/videos/1/1/6/7/a/1167a4196117ff6.mp4 HTTP/1.1" 206 473235081 "https://porn.tw/video/jessicaportman-blonde-cutie-fucks-her-hole-on-porn-cam-2831.html" "Mozilla/5.0 (iPhone; CPU iPhone OS 18_7 like Mac OS X) AppleWebKit/605.1.15 (KHTML, like Gecko) Version/26.2 Mobile/15E148 Safari/604.1"
98.63.199.239 - - [29/Jan/2026:04:41:47 -0500] "GET /media/videos/1/1/6/7/a/1167a4196117ff6.mp4 HTTP/1.1" 206 98617 "https://porn.tw/video/jessicaportman-blonde-cutie-fucks-her-hole-on-porn-cam-2831.html" "Mozilla/5.0 (iPhone; CPU iPhone OS 18_7 like Mac OS X) AppleWebKit/605.1.15 (KHTML, like Gecko) Version/26.2 Mobile/15E148 Safari/604.1"
98.63.199.239 - - [29/Jan/2026:04:41:47 -0500] "GET /media/videos/1/1/6/7/a/1167a4196117ff6.mp4 HTTP/1.1" 206 473038473 "https://porn.tw/video/jessicaportman-blonde-cutie-fucks-her-hole-on-porn-cam-2831.html" "Mozilla/5.0 (iPhone; CPU iPhone OS 18_7 like Mac OS X) AppleWebKit/605.1.15 (KHTML, like Gecko) Version/26.2 Mobile/15E148 Safari/604.1"
98.63.199.239 - - [29/Jan/2026:04:41:48 -0500] "GET /media/videos/1/1/6/7/a/1167a4196117ff6.mp4 HTTP/1.1" 206 65536 "https://porn.tw/video/jessicaportman-blonde-cutie-fucks-her-hole-on-porn-cam-2831.html" "Mozilla/5.0 (iPhone; CPU iPhone OS 18_7 like Mac OS X) AppleWebKit/605.1.15 (KHTML, like Gecko) Version/26.2 Mobile/15E148 Safari/604.1"
98.63.199.239 - - [29/Jan/2026:04:41:48 -0500] "GET /media/videos/1/1/6/7/a/1167a4196117ff6.mp4 HTTP/1.1" 206 65536 "https://porn.tw/video/jessicaportman-blonde-cutie-fucks-her-hole-on-porn-cam-2831.html" "Mozilla/5.0 (iPhone; CPU iPhone OS 18_7 like Mac OS X) AppleWebKit/605.1.15 (KHTML, like Gecko) Version/26.2 Mobile/15E148 Safari/604.1"
98.63.199.239 - - [29/Jan/2026:04:41:47 -0500] "GET /media/videos/1/1/6/7/a/1167a4196117ff6.mp4 HTTP/1.1" 206 473153479 "https://porn.tw/video/jessicaportman-blonde-cutie-fucks-her-hole-on-porn-cam-2831.html" "Mozilla/5.0 (iPhone; CPU iPhone OS 18_7 like Mac OS X) AppleWebKit/605.1.15 (KHTML, like Gecko) Version/26.2 Mobile/15E148 Safari/604.1"
217.113.194.79 - - [29/Jan/2026:04:41:51 -0500] "GET /search/seductive-anal-show/page7.html HTTP/1.1" 200 76131 "-" "Mozilla/5.0 (compatible; Barkrowler/0.9; +https://babbar.tech/crawler)"
220.181.108.103 - - [29/Jan/2026:04:41:52 -0500] "GET /search/wet-cam-shows/ HTTP/1.1" 403 - "-" "Mozilla/5.0 (compatible; Baiduspider/2.0; +http://www.baidu.com/search/spider.html)"
119.249.100.113 - - [29/Jan/2026:04:41:53 -0500] "GET /search/wet-cam-shows/ HTTP/1.1" 200 74547 "-" "Mozilla/5.0 (Windows NT 10.0; WOW64) AppleWebKit/537.36 (KHTML, like Gecko) Chrome/48.0.2564.116 Safari/537.36"
154.54.249.200 - - [29/Jan/2026:04:42:00 -0500] "GET /index.php/tag/pussy-tibe/page18.html HTTP/1.1" 200 98149 "-" "Mozilla/5.0 (compatible; Barkrowler/0.9; +https://babbar.tech/crawler)"
98.63.199.239 - - [29/Jan/2026:04:42:00 -0500] "GET /media/videos/1/1/6/7/a/1167a4196117ff6.mp4 HTTP/1.1" 206 417726089 "https://porn.tw/video/jessicaportman-blonde-cutie-fucks-her-hole-on-porn-cam-2831.html" "Mozilla/5.0 (iPhone; CPU iPhone OS 18_7 like Mac OS X) AppleWebKit/605.1.15 (KHTML, like Gecko) Version/26.2 Mobile/15E148 Safari/604.1"
98.63.199.239 - - [29/Jan/2026:04:42:05 -0500] "GET /media/videos/1/1/6/7/a/1167a4196117ff6.mp4 HTTP/1.1" 206 410975881 "https://porn.tw/video/jessicaportman-blonde-cutie-fucks-her-hole-on-porn-cam-2831.html" "Mozilla/5.0 (iPhone; CPU iPhone OS 18_7 like Mac OS X) AppleWebKit/605.1.15 (KHTML, like Gecko) Version/26.2 Mobile/15E148 Safari/604.1"
217.113.194.79 - - [29/Jan/2026:04:42:06 -0500] "GET /search/seductive-squirt-performance/ HTTP/1.1" 200 72938 "-" "Mozilla/5.0 (compatible; Barkrowler/0.9; +https://babbar.tech/crawler)"
178.175.223.215 - - [29/Jan/2026:04:42:06 -0500] "GET /media/thumbs/3/6/7/9/d/3679d3a55eab0e.mp4/3679d3a55eab0e.mp4-6.jpg HTTP/1.1" 200 11039 "https://www.google.com/" "Mozilla/5.0 (Windows NT 10.0; Win64; x64) AppleWebKit/537.36 (KHTML, like Gecko) Chrome/144.0.0.0 Safari/537.36"
98.63.199.239 - - [29/Jan/2026:04:42:07 -0500] "GET /media/videos/1/1/6/7/a/1167a4196117ff6.mp4 HTTP/1.1" 206 65536 "https://porn.tw/video/jessicaportman-blonde-cutie-fucks-her-hole-on-porn-cam-2831.html" "Mozilla/5.0 (iPhone; CPU iPhone OS 18_7 like Mac OS X) AppleWebKit/605.1.15 (KHTML, like Gecko) Version/26.2 Mobile/15E148 Safari/604.1"
98.63.199.239 - - [29/Jan/2026:04:42:07 -0500] "GET /media/videos/1/1/6/7/a/1167a4196117ff6.mp4 HTTP/1.1" 206 375520905 "https://porn.tw/video/jessicaportman-blonde-cutie-fucks-her-hole-on-porn-cam-2831.html" "Mozilla/5.0 (iPhone; CPU iPhone OS 18_7 like Mac OS X) AppleWebKit/605.1.15 (KHTML, like Gecko) Version/26.2 Mobile/15E148 Safari/604.1"
98.63.199.239 - - [29/Jan/2026:04:42:08 -0500] "GET /media/videos/1/1/6/7/a/1167a4196117ff6.mp4 HTTP/1.1" 206 65536 "https://porn.tw/video/jessicaportman-blonde-cutie-fucks-her-hole-on-porn-cam-2831.html" "Mozilla/5.0 (iPhone; CPU iPhone OS 18_7 like Mac OS X) AppleWebKit/605.1.15 (KHTML, like Gecko) Version/26.2 Mobile/15E148 Safari/604.1"
98.63.199.239 - - [29/Jan/2026:04:42:08 -0500] "GET /media/videos/1/1/6/7/a/1167a4196117ff6.mp4 HTTP/1.1" 206 65536 "https://porn.tw/video/jessicaportman-blonde-cutie-fucks-her-hole-on-porn-cam-2831.html" "Mozilla/5.0 (iPhone; CPU iPhone OS 18_7 like Mac OS X) AppleWebKit/605.1.15 (KHTML, like Gecko) Version/26.2 Mobile/15E148 Safari/604.1"
98.63.199.239 - - [29/Jan/2026:04:42:08 -0500] "GET /media/videos/1/1/6/7/a/1167a4196117ff6.mp4 HTTP/1.1" 206 65536 "https://porn.tw/video/jessicaportman-blonde-cutie-fucks-her-hole-on-porn-cam-2831.html" "Mozilla/5.0 (iPhone; CPU iPhone OS 18_7 like Mac OS X) AppleWebKit/605.1.15 (KHTML, like Gecko) Version/26.2 Mobile/15E148 Safari/604.1"
98.63.199.239 - - [29/Jan/2026:04:42:08 -0500] "GET /media/videos/1/1/6/7/a/1167a4196117ff6.mp4 HTTP/1.1" 206 65536 "https://porn.tw/video/jessicaportman-blonde-cutie-fucks-her-hole-on-porn-cam-2831.html" "Mozilla/5.0 (iPhone; CPU iPhone OS 18_7 like Mac OS X) AppleWebKit/605.1.15 (KHTML, like Gecko) Version/26.2 Mobile/15E148 Safari/604.1"
98.63.199.239 - - [29/Jan/2026:04:42:08 -0500] "GET /media/videos/1/1/6/7/a/1167a4196117ff6.mp4 HTTP/1.1" 206 65536 "https://porn.tw/video/jessicaportman-blonde-cutie-fucks-her-hole-on-porn-cam-2831.html" "Mozilla/5.0 (iPhone; CPU iPhone OS 18_7 like Mac OS X) AppleWebKit/605.1.15 (KHTML, like Gecko) Version/26.2 Mobile/15E148 Safari/604.1"
98.63.199.239 - - [29/Jan/2026:04:42:08 -0500] "GET /media/videos/1/1/6/7/a/1167a4196117ff6.mp4 HTTP/1.1" 206 65536 "https://porn.tw/video/jessicaportman-blonde-cutie-fucks-her-hole-on-porn-cam-2831.html" "Mozilla/5.0 (iPhone; CPU iPhone OS 18_7 like Mac OS X) AppleWebKit/605.1.15 (KHTML, like Gecko) Version/26.2 Mobile/15E148 Safari/604.1"
98.63.199.239 - - [29/Jan/2026:04:42:08 -0500] "GET /media/videos/1/1/6/7/a/1167a4196117ff6.mp4 HTTP/1.1" 206 367656585 "https://porn.tw/video/jessicaportman-blonde-cutie-fucks-her-hole-on-porn-cam-2831.html" "Mozilla/5.0 (iPhone; CPU iPhone OS 18_7 like Mac OS X) AppleWebKit/605.1.15 (KHTML, like Gecko) Version/26.2 Mobile/15E148 Safari/604.1"
98.63.199.239 - - [29/Jan/2026:04:42:10 -0500] "GET /media/videos/1/1/6/7/a/1167a4196117ff6.mp4 HTTP/1.1" 206 65536 "https://porn.tw/video/jessicaportman-blonde-cutie-fucks-her-hole-on-porn-cam-2831.html" "Mozilla/5.0 (iPhone; CPU iPhone OS 18_7 like Mac OS X) AppleWebKit/605.1.15 (KHTML, like Gecko) Version/26.2 Mobile/15E148 Safari/604.1"
98.63.199.239 - - [29/Jan/2026:04:42:15 -0500] "GET /media/videos/1/1/6/7/a/1167a4196117ff6.mp4 HTTP/1.1" 206 65536 "https://porn.tw/video/jessicaportman-blonde-cutie-fucks-her-hole-on-porn-cam-2831.html" "Mozilla/5.0 (iPhone; CPU iPhone OS 18_7 like Mac OS X) AppleWebKit/605.1.15 (KHTML, like Gecko) Version/26.2 Mobile/15E148 Safari/604.1"
98.63.199.239 - - [29/Jan/2026:04:42:15 -0500] "GET /media/videos/1/1/6/7/a/1167a4196117ff6.mp4 HTTP/1.1" 206 65536 "https://porn.tw/video/jessicaportman-blonde-cutie-fucks-her-hole-on-porn-cam-2831.html" "Mozilla/5.0 (iPhone; CPU iPhone OS 18_7 like Mac OS X) AppleWebKit/605.1.15 (KHTML, like Gecko) Version/26.2 Mobile/15E148 Safari/604.1"
98.63.199.239 - - [29/Jan/2026:04:42:16 -0500] "GET /media/videos/1/1/6/7/a/1167a4196117ff6.mp4 HTTP/1.1" 206 65536 "https://porn.tw/video/jessicaportman-blonde-cutie-fucks-her-hole-on-porn-cam-2831.html" "Mozilla/5.0 (iPhone; CPU iPhone OS 18_7 like Mac OS X) AppleWebKit/605.1.15 (KHTML, like Gecko) Version/26.2 Mobile/15E148 Safari/604.1"
98.63.199.239 - - [29/Jan/2026:04:42:15 -0500] "GET /media/videos/1/1/6/7/a/1167a4196117ff6.mp4 HTTP/1.1" 206 328793737 "https://porn.tw/video/jessicaportman-blonde-cutie-fucks-her-hole-on-porn-cam-2831.html" "Mozilla/5.0 (iPhone; CPU iPhone OS 18_7 like Mac OS X) AppleWebKit/605.1.15 (KHTML, like Gecko) Version/26.2 Mobile/15E148 Safari/604.1"
98.63.199.239 - - [29/Jan/2026:04:42:16 -0500] "GET /media/videos/1/1/6/7/a/1167a4196117ff6.mp4 HTTP/1.1" 206 65536 "https://porn.tw/video/jessicaportman-blonde-cutie-fucks-her-hole-on-porn-cam-2831.html" "Mozilla/5.0 (iPhone; CPU iPhone OS 18_7 like Mac OS X) AppleWebKit/605.1.15 (KHTML, like Gecko) Version/26.2 Mobile/15E148 Safari/604.1"
98.63.199.239 - - [29/Jan/2026:04:42:16 -0500] "GET /media/videos/1/1/6/7/a/1167a4196117ff6.mp4 HTTP/1.1" 206 65536 "https://porn.tw/video/jessicaportman-blonde-cutie-fucks-her-hole-on-porn-cam-2831.html" "Mozilla/5.0 (iPhone; CPU iPhone OS 18_7 like Mac OS X) AppleWebKit/605.1.15 (KHTML, like Gecko) Version/26.2 Mobile/15E148 Safari/604.1"
98.63.199.239 - - [29/Jan/2026:04:42:16 -0500] "GET /media/videos/1/1/6/7/a/1167a4196117ff6.mp4 HTTP/1.1" 206 65536 "https://porn.tw/video/jessicaportman-blonde-cutie-fucks-her-hole-on-porn-cam-2831.html" "Mozilla/5.0 (iPhone; CPU iPhone OS 18_7 like Mac OS X) AppleWebKit/605.1.15 (KHTML, like Gecko) Version/26.2 Mobile/15E148 Safari/604.1"
154.54.249.200 - - [29/Jan/2026:04:42:16 -0500] "GET /index.php/tag/pussy-tibe/page13.html HTTP/1.1" 200 98149 "-" "Mozilla/5.0 (compatible; Barkrowler/0.9; +https://babbar.tech/crawler)"
98.63.199.239 - - [29/Jan/2026:04:42:17 -0500] "GET /media/videos/1/1/6/7/a/1167a4196117ff6.mp4 HTTP/1.1" 206 65536 "https://porn.tw/video/jessicaportman-blonde-cutie-fucks-her-hole-on-porn-cam-2831.html" "Mozilla/5.0 (iPhone; CPU iPhone OS 18_7 like Mac OS X) AppleWebKit/605.1.15 (KHTML, like Gecko) Version/26.2 Mobile/15E148 Safari/604.1"
98.63.199.239 - - [29/Jan/2026:04:42:17 -0500] "GET /media/videos/1/1/6/7/a/1167a4196117ff6.mp4 HTTP/1.1" 206 65536 "https://porn.tw/video/jessicaportman-blonde-cutie-fucks-her-hole-on-porn-cam-2831.html" "Mozilla/5.0 (iPhone; CPU iPhone OS 18_7 like Mac OS X) AppleWebKit/605.1.15 (KHTML, like Gecko) Version/26.2 Mobile/15E148 Safari/604.1"
98.63.199.239 - - [29/Jan/2026:04:42:17 -0500] "GET /media/videos/1/1/6/7/a/1167a4196117ff6.mp4 HTTP/1.1" 206 306904713 "https://porn.tw/video/jessicaportman-blonde-cutie-fucks-her-hole-on-porn-cam-2831.html" "Mozilla/5.0 (iPhone; CPU iPhone OS 18_7 like Mac OS X) AppleWebKit/605.1.15 (KHTML, like Gecko) Version/26.2 Mobile/15E148 Safari/604.1"
98.63.199.239 - - [29/Jan/2026:04:42:17 -0500] "GET /media/videos/1/1/6/7/a/1167a4196117ff6.mp4 HTTP/1.1" 206 65536 "https://porn.tw/video/jessicaportman-blonde-cutie-fucks-her-hole-on-porn-cam-2831.html" "Mozilla/5.0 (iPhone; CPU iPhone OS 18_7 like Mac OS X) AppleWebKit/605.1.15 (KHTML, like Gecko) Version/26.2 Mobile/15E148 Safari/604.1"
66.249.74.6 - - [29/Jan/2026:04:42:17 -0500] "GET /search/any-clark-adult-show/newest/ HTTP/1.1" 200 73189 "-" "Mozilla/5.0 (Linux; Android 6.0.1; Nexus 5X Build/MMB29P) AppleWebKit/537.36 (KHTML, like Gecko) Chrome/143.0.7499.192 Mobile Safari/537.36 (compatible; Googlebot/2.1; +http://www.google.com/bot.html)"
98.63.199.239 - - [29/Jan/2026:04:42:18 -0500] "GET /media/videos/1/1/6/7/a/1167a4196117ff6.mp4 HTTP/1.1" 206 65536 "https://porn.tw/video/jessicaportman-blonde-cutie-fucks-her-hole-on-porn-cam-2831.html" "Mozilla/5.0 (iPhone; CPU iPhone OS 18_7 like Mac OS X) AppleWebKit/605.1.15 (KHTML, like Gecko) Version/26.2 Mobile/15E148 Safari/604.1"
98.63.199.239 - - [29/Jan/2026:04:42:18 -0500] "GET /media/videos/1/1/6/7/a/1167a4196117ff6.mp4 HTTP/1.1" 206 65536 "https://porn.tw/video/jessicaportman-blonde-cutie-fucks-her-hole-on-porn-cam-2831.html" "Mozilla/5.0 (iPhone; CPU iPhone OS 18_7 like Mac OS X) AppleWebKit/605.1.15 (KHTML, like Gecko) Version/26.2 Mobile/15E148 Safari/604.1"
98.63.199.239 - - [29/Jan/2026:04:42:19 -0500] "GET /media/videos/1/1/6/7/a/1167a4196117ff6.mp4 HTTP/1.1" 206 65536 "https://porn.tw/video/jessicaportman-blonde-cutie-fucks-her-hole-on-porn-cam-2831.html" "Mozilla/5.0 (iPhone; CPU iPhone OS 18_7 like Mac OS X) AppleWebKit/605.1.15 (KHTML, like Gecko) Version/26.2 Mobile/15E148 Safari/604.1"
98.63.199.239 - - [29/Jan/2026:04:42:19 -0500] "GET /media/videos/1/1/6/7/a/1167a4196117ff6.mp4 HTTP/1.1" 206 65536 "https://porn.tw/video/jessicaportman-blonde-cutie-fucks-her-hole-on-porn-cam-2831.html" "Mozilla/5.0 (iPhone; CPU iPhone OS 18_7 like Mac OS X) AppleWebKit/605.1.15 (KHTML, like Gecko) Version/26.2 Mobile/15E148 Safari/604.1"
98.63.199.239 - - [29/Jan/2026:04:42:19 -0500] "GET /media/videos/1/1/6/7/a/1167a4196117ff6.mp4 HTTP/1.1" 206 65536 "https://porn.tw/video/jessicaportman-blonde-cutie-fucks-her-hole-on-porn-cam-2831.html" "Mozilla/5.0 (iPhone; CPU iPhone OS 18_7 like Mac OS X) AppleWebKit/605.1.15 (KHTML, like Gecko) Version/26.2 Mobile/15E148 Safari/604.1"
98.63.199.239 - - [29/Jan/2026:04:42:19 -0500] "GET /media/videos/1/1/6/7/a/1167a4196117ff6.mp4 HTTP/1.1" 206 17039681 "https://porn.tw/video/jessicaportman-blonde-cutie-fucks-her-hole-on-porn-cam-2831.html" "Mozilla/5.0 (iPhone; CPU iPhone OS 18_7 like Mac OS X) AppleWebKit/605.1.15 (KHTML, like Gecko) Version/26.2 Mobile/15E148 Safari/604.1"
98.63.199.239 - - [29/Jan/2026:04:42:19 -0500] "GET /media/videos/1/1/6/7/a/1167a4196117ff6.mp4 HTTP/1.1" 206 65536 "https://porn.tw/video/jessicaportman-blonde-cutie-fucks-her-hole-on-porn-cam-2831.html" "Mozilla/5.0 (iPhone; CPU iPhone OS 18_7 like Mac OS X) AppleWebKit/605.1.15 (KHTML, like Gecko) Version/26.2 Mobile/15E148 Safari/604.1"
98.63.199.239 - - [29/Jan/2026:04:42:19 -0500] "GET /media/videos/1/1/6/7/a/1167a4196117ff6.mp4 HTTP/1.1" 206 65536 "https://porn.tw/video/jessicaportman-blonde-cutie-fucks-her-hole-on-porn-cam-2831.html" "Mozilla/5.0 (iPhone; CPU iPhone OS 18_7 like Mac OS X) AppleWebKit/605.1.15 (KHTML, like Gecko) Version/26.2 Mobile/15E148 Safari/604.1"
98.63.199.239 - - [29/Jan/2026:04:42:20 -0500] "GET /media/videos/1/1/6/7/a/1167a4196117ff6.mp4 HTTP/1.1" 206 65536 "https://porn.tw/video/jessicaportman-blonde-cutie-fucks-her-hole-on-porn-cam-2831.html" "Mozilla/5.0 (iPhone; CPU iPhone OS 18_7 like Mac OS X) AppleWebKit/605.1.15 (KHTML, like Gecko) Version/26.2 Mobile/15E148 Safari/604.1"
98.63.199.239 - - [29/Jan/2026:04:42:20 -0500] "GET /media/videos/1/1/6/7/a/1167a4196117ff6.mp4 HTTP/1.1" 206 65536 "https://porn.tw/video/jessicaportman-blonde-cutie-fucks-her-hole-on-porn-cam-2831.html" "Mozilla/5.0 (iPhone; CPU iPhone OS 18_7 like Mac OS X) AppleWebKit/605.1.15 (KHTML, like Gecko) Version/26.2 Mobile/15E148 Safari/604.1"
98.63.199.239 - - [29/Jan/2026:04:42:21 -0500] "GET /media/videos/1/1/6/7/a/1167a4196117ff6.mp4 HTTP/1.1" 206 65536 "https://porn.tw/video/jessicaportman-blonde-cutie-fucks-her-hole-on-porn-cam-2831.html" "Mozilla/5.0 (iPhone; CPU iPhone OS 18_7 like Mac OS X) AppleWebKit/605.1.15 (KHTML, like Gecko) Version/26.2 Mobile/15E148 Safari/604.1"
98.63.199.239 - - [29/Jan/2026:04:42:21 -0500] "GET /media/videos/1/1/6/7/a/1167a4196117ff6.mp4 HTTP/1.1" 206 65536 "https://porn.tw/video/jessicaportman-blonde-cutie-fucks-her-hole-on-porn-cam-2831.html" "Mozilla/5.0 (iPhone; CPU iPhone OS 18_7 like Mac OS X) AppleWebKit/605.1.15 (KHTML, like Gecko) Version/26.2 Mobile/15E148 Safari/604.1"
98.63.199.239 - - [29/Jan/2026:04:42:22 -0500] "GET /media/videos/1/1/6/7/a/1167a4196117ff6.mp4 HTTP/1.1" 206 65536 "https://porn.tw/video/jessicaportman-blonde-cutie-fucks-her-hole-on-porn-cam-2831.html" "Mozilla/5.0 (iPhone; CPU iPhone OS 18_7 like Mac OS X) AppleWebKit/605.1.15 (KHTML, like Gecko) Version/26.2 Mobile/15E148 Safari/604.1"
98.63.199.239 - - [29/Jan/2026:04:42:22 -0500] "GET /media/videos/1/1/6/7/a/1167a4196117ff6.mp4 HTTP/1.1" 206 262144 "https://porn.tw/video/jessicaportman-blonde-cutie-fucks-her-hole-on-porn-cam-2831.html" "Mozilla/5.0 (iPhone; CPU iPhone OS 18_7 like Mac OS X) AppleWebKit/605.1.15 (KHTML, like Gecko) Version/26.2 Mobile/15E148 Safari/604.1"
98.63.199.239 - - [29/Jan/2026:04:42:22 -0500] "GET /media/videos/1/1/6/7/a/1167a4196117ff6.mp4 HTTP/1.1" 206 65536 "https://porn.tw/video/jessicaportman-blonde-cutie-fucks-her-hole-on-porn-cam-2831.html" "Mozilla/5.0 (iPhone; CPU iPhone OS 18_7 like Mac OS X) AppleWebKit/605.1.15 (KHTML, like Gecko) Version/26.2 Mobile/15E148 Safari/604.1"
217.113.194.77 - - [29/Jan/2026:04:42:22 -0500] "GET /search/seductive-babe/rating/page10.html HTTP/1.1" 200 76111 "-" "Mozilla/5.0 (compatible; Barkrowler/0.9; +https://babbar.tech/crawler)"
98.63.199.239 - - [29/Jan/2026:04:42:22 -0500] "GET /media/videos/1/1/6/7/a/1167a4196117ff6.mp4 HTTP/1.1" 206 65536 "https://porn.tw/video/jessicaportman-blonde-cutie-fucks-her-hole-on-porn-cam-2831.html" "Mozilla/5.0 (iPhone; CPU iPhone OS 18_7 like Mac OS X) AppleWebKit/605.1.15 (KHTML, like Gecko) Version/26.2 Mobile/15E148 Safari/604.1"
98.63.199.239 - - [29/Jan/2026:04:42:22 -0500] "GET /media/videos/1/1/6/7/a/1167a4196117ff6.mp4 HTTP/1.1" 206 65536 "https://porn.tw/video/jessicaportman-blonde-cutie-fucks-her-hole-on-porn-cam-2831.html" "Mozilla/5.0 (iPhone; CPU iPhone OS 18_7 like Mac OS X) AppleWebKit/605.1.15 (KHTML, like Gecko) Version/26.2 Mobile/15E148 Safari/604.1"
98.63.199.239 - - [29/Jan/2026:04:42:22 -0500] "GET /media/videos/1/1/6/7/a/1167a4196117ff6.mp4 HTTP/1.1" 206 65536 "https://porn.tw/video/jessicaportman-blonde-cutie-fucks-her-hole-on-porn-cam-2831.html" "Mozilla/5.0 (iPhone; CPU iPhone OS 18_7 like Mac OS X) AppleWebKit/605.1.15 (KHTML, like Gecko) Version/26.2 Mobile/15E148 Safari/604.1"
98.63.199.239 - - [29/Jan/2026:04:42:22 -0500] "GET /media/videos/1/1/6/7/a/1167a4196117ff6.mp4 HTTP/1.1" 206 262144 "https://porn.tw/video/jessicaportman-blonde-cutie-fucks-her-hole-on-porn-cam-2831.html" "Mozilla/5.0 (iPhone; CPU iPhone OS 18_7 like Mac OS X) AppleWebKit/605.1.15 (KHTML, like Gecko) Version/26.2 Mobile/15E148 Safari/604.1"
98.63.199.239 - - [29/Jan/2026:04:42:22 -0500] "GET /media/videos/1/1/6/7/a/1167a4196117ff6.mp4 HTTP/1.1" 206 65536 "https://porn.tw/video/jessicaportman-blonde-cutie-fucks-her-hole-on-porn-cam-2831.html" "Mozilla/5.0 (iPhone; CPU iPhone OS 18_7 like Mac OS X) AppleWebKit/605.1.15 (KHTML, like Gecko) Version/26.2 Mobile/15E148 Safari/604.1"
98.63.199.239 - - [29/Jan/2026:04:42:22 -0500] "GET /media/videos/1/1/6/7/a/1167a4196117ff6.mp4 HTTP/1.1" 206 65536 "https://porn.tw/video/jessicaportman-blonde-cutie-fucks-her-hole-on-porn-cam-2831.html" "Mozilla/5.0 (iPhone; CPU iPhone OS 18_7 like Mac OS X) AppleWebKit/605.1.15 (KHTML, like Gecko) Version/26.2 Mobile/15E148 Safari/604.1"
98.63.199.239 - - [29/Jan/2026:04:42:22 -0500] "GET /media/videos/1/1/6/7/a/1167a4196117ff6.mp4 HTTP/1.1" 206 65536 "https://porn.tw/video/jessicaportman-blonde-cutie-fucks-her-hole-on-porn-cam-2831.html" "Mozilla/5.0 (iPhone; CPU iPhone OS 18_7 like Mac OS X) AppleWebKit/605.1.15 (KHTML, like Gecko) Version/26.2 Mobile/15E148 Safari/604.1"
98.63.199.239 - - [29/Jan/2026:04:42:23 -0500] "GET /media/videos/1/1/6/7/a/1167a4196117ff6.mp4 HTTP/1.1" 206 82241 "https://porn.tw/video/jessicaportman-blonde-cutie-fucks-her-hole-on-porn-cam-2831.html" "Mozilla/5.0 (iPhone; CPU iPhone OS 18_7 like Mac OS X) AppleWebKit/605.1.15 (KHTML, like Gecko) Version/26.2 Mobile/15E148 Safari/604.1"
98.63.199.239 - - [29/Jan/2026:04:42:23 -0500] "GET /media/videos/1/1/6/7/a/1167a4196117ff6.mp4 HTTP/1.1" 206 65536 "https://porn.tw/video/jessicaportman-blonde-cutie-fucks-her-hole-on-porn-cam-2831.html" "Mozilla/5.0 (iPhone; CPU iPhone OS 18_7 like Mac OS X) AppleWebKit/605.1.15 (KHTML, like Gecko) Version/26.2 Mobile/15E148 Safari/604.1"
98.63.199.239 - - [29/Jan/2026:04:42:23 -0500] "GET /media/videos/1/1/6/7/a/1167a4196117ff6.mp4 HTTP/1.1" 206 65536 "https://porn.tw/video/jessicaportman-blonde-cutie-fucks-her-hole-on-porn-cam-2831.html" "Mozilla/5.0 (iPhone; CPU iPhone OS 18_7 like Mac OS X) AppleWebKit/605.1.15 (KHTML, like Gecko) Version/26.2 Mobile/15E148 Safari/604.1"
98.63.199.239 - - [29/Jan/2026:04:42:23 -0500] "GET /media/videos/1/1/6/7/a/1167a4196117ff6.mp4 HTTP/1.1" 206 304217737 "https://porn.tw/video/jessicaportman-blonde-cutie-fucks-her-hole-on-porn-cam-2831.html" "Mozilla/5.0 (iPhone; CPU iPhone OS 18_7 like Mac OS X) AppleWebKit/605.1.15 (KHTML, like Gecko) Version/26.2 Mobile/15E148 Safari/604.1"
43.166.251.233 - - [29/Jan/2026:04:42:24 -0500] "GET /action.php?action=add_favorites&id=3376 HTTP/1.1" 200 719 "-" "Mozilla/5.0 (iPhone; CPU iPhone OS 13_2_3 like Mac OS X) AppleWebKit/605.1.15 (KHTML, like Gecko) Version/13.0.3 Mobile/15E148 Safari/604.1"
66.249.65.36 - - [29/Jan/2026:04:42:26 -0500] "GET /search/wet-pussy-ride/views/page4.html HTTP/1.1" 200 74502 "-" "Mozilla/5.0 (Linux; Android 6.0.1; Nexus 5X Build/MMB29P) AppleWebKit/537.36 (KHTML, like Gecko) Chrome/143.0.7499.192 Mobile Safari/537.36 (compatible; Googlebot/2.1; +http://www.google.com/bot.html)"
98.63.199.239 - - [29/Jan/2026:04:42:31 -0500] "GET /media/videos/1/1/6/7/a/1167a4196117ff6.mp4 HTTP/1.1" 206 257031817 "https://porn.tw/video/jessicaportman-blonde-cutie-fucks-her-hole-on-porn-cam-2831.html" "Mozilla/5.0 (iPhone; CPU iPhone OS 18_7 like Mac OS X) AppleWebKit/605.1.15 (KHTML, like Gecko) Version/26.2 Mobile/15E148 Safari/604.1"
217.113.194.81 - - [29/Jan/2026:04:42:32 -0500] "GET /index.php/porn-webcams/page4.html HTTP/1.1" 200 98146 "-" "Mozilla/5.0 (compatible; Barkrowler/0.9; +https://babbar.tech/crawler)"
220.181.108.83 - - [29/Jan/2026:04:42:34 -0500] "GET /search/kusssecka-webcam/rating/page1.html HTTP/1.1" 403 - "-" "Mozilla/5.0 (compatible; Baiduspider/2.0; +http://www.baidu.com/search/spider.html)"
98.63.199.239 - - [29/Jan/2026:04:42:34 -0500] "GET /media/videos/1/1/6/7/a/1167a4196117ff6.mp4 HTTP/1.1" 206 65536 "https://porn.tw/video/jessicaportman-blonde-cutie-fucks-her-hole-on-porn-cam-2831.html" "Mozilla/5.0 (iPhone; CPU iPhone OS 18_7 like Mac OS X) AppleWebKit/605.1.15 (KHTML, like Gecko) Version/26.2 Mobile/15E148 Safari/604.1"
98.63.199.239 - - [29/Jan/2026:04:42:34 -0500] "GET /media/videos/1/1/6/7/a/1167a4196117ff6.mp4 HTTP/1.1" 206 65536 "https://porn.tw/video/jessicaportman-blonde-cutie-fucks-her-hole-on-porn-cam-2831.html" "Mozilla/5.0 (iPhone; CPU iPhone OS 18_7 like Mac OS X) AppleWebKit/605.1.15 (KHTML, like Gecko) Version/26.2 Mobile/15E148 Safari/604.1"
98.63.199.239 - - [29/Jan/2026:04:42:34 -0500] "GET /media/videos/1/1/6/7/a/1167a4196117ff6.mp4 HTTP/1.1" 206 251854473 "https://porn.tw/video/jessicaportman-blonde-cutie-fucks-her-hole-on-porn-cam-2831.html" "Mozilla/5.0 (iPhone; CPU iPhone OS 18_7 like Mac OS X) AppleWebKit/605.1.15 (KHTML, like Gecko) Version/26.2 Mobile/15E148 Safari/604.1"
98.63.199.239 - - [29/Jan/2026:04:42:34 -0500] "GET /media/videos/1/1/6/7/a/1167a4196117ff6.mp4 HTTP/1.1" 206 65536 "https://porn.tw/video/jessicaportman-blonde-cutie-fucks-her-hole-on-porn-cam-2831.html" "Mozilla/5.0 (iPhone; CPU iPhone OS 18_7 like Mac OS X) AppleWebKit/605.1.15 (KHTML, like Gecko) Version/26.2 Mobile/15E148 Safari/604.1"
98.63.199.239 - - [29/Jan/2026:04:42:34 -0500] "GET /media/videos/1/1/6/7/a/1167a4196117ff6.mp4 HTTP/1.1" 206 65536 "https://porn.tw/video/jessicaportman-blonde-cutie-fucks-her-hole-on-porn-cam-2831.html" "Mozilla/5.0 (iPhone; CPU iPhone OS 18_7 like Mac OS X) AppleWebKit/605.1.15 (KHTML, like Gecko) Version/26.2 Mobile/15E148 Safari/604.1"
98.63.199.239 - - [29/Jan/2026:04:42:34 -0500] "GET /media/videos/1/1/6/7/a/1167a4196117ff6.mp4 HTTP/1.1" 206 65536 "https://porn.tw/video/jessicaportman-blonde-cutie-fucks-her-hole-on-porn-cam-2831.html" "Mozilla/5.0 (iPhone; CPU iPhone OS 18_7 like Mac OS X) AppleWebKit/605.1.15 (KHTML, like Gecko) Version/26.2 Mobile/15E148 Safari/604.1"
98.63.199.239 - - [29/Jan/2026:04:42:35 -0500] "GET /media/videos/1/1/6/7/a/1167a4196117ff6.mp4 HTTP/1.1" 206 65536 "https://porn.tw/video/jessicaportman-blonde-cutie-fucks-her-hole-on-porn-cam-2831.html" "Mozilla/5.0 (iPhone; CPU iPhone OS 18_7 like Mac OS X) AppleWebKit/605.1.15 (KHTML, like Gecko) Version/26.2 Mobile/15E148 Safari/604.1"
98.63.199.239 - - [29/Jan/2026:04:42:35 -0500] "GET /media/videos/1/1/6/7/a/1167a4196117ff6.mp4 HTTP/1.1" 206 65536 "https://porn.tw/video/jessicaportman-blonde-cutie-fucks-her-hole-on-porn-cam-2831.html" "Mozilla/5.0 (iPhone; CPU iPhone OS 18_7 like Mac OS X) AppleWebKit/605.1.15 (KHTML, like Gecko) Version/26.2 Mobile/15E148 Safari/604.1"
98.63.199.239 - - [29/Jan/2026:04:42:35 -0500] "GET /media/videos/1/1/6/7/a/1167a4196117ff6.mp4 HTTP/1.1" 206 65536 "https://porn.tw/video/jessicaportman-blonde-cutie-fucks-her-hole-on-porn-cam-2831.html" "Mozilla/5.0 (iPhone; CPU iPhone OS 18_7 like Mac OS X) AppleWebKit/605.1.15 (KHTML, like Gecko) Version/26.2 Mobile/15E148 Safari/604.1"
98.63.199.239 - - [29/Jan/2026:04:42:35 -0500] "GET /media/videos/1/1/6/7/a/1167a4196117ff6.mp4 HTTP/1.1" 206 65536 "https://porn.tw/video/jessicaportman-blonde-cutie-fucks-her-hole-on-porn-cam-2831.html" "Mozilla/5.0 (iPhone; CPU iPhone OS 18_7 like Mac OS X) AppleWebKit/605.1.15 (KHTML, like Gecko) Version/26.2 Mobile/15E148 Safari/604.1"
98.63.199.239 - - [29/Jan/2026:04:42:35 -0500] "GET /media/videos/1/1/6/7/a/1167a4196117ff6.mp4 HTTP/1.1" 206 65536 "https://porn.tw/video/jessicaportman-blonde-cutie-fucks-her-hole-on-porn-cam-2831.html" "Mozilla/5.0 (iPhone; CPU iPhone OS 18_7 like Mac OS X) AppleWebKit/605.1.15 (KHTML, like Gecko) Version/26.2 Mobile/15E148 Safari/604.1"
98.63.199.239 - - [29/Jan/2026:04:42:35 -0500] "GET /media/videos/1/1/6/7/a/1167a4196117ff6.mp4 HTTP/1.1" 206 65536 "https://porn.tw/video/jessicaportman-blonde-cutie-fucks-her-hole-on-porn-cam-2831.html" "Mozilla/5.0 (iPhone; CPU iPhone OS 18_7 like Mac OS X) AppleWebKit/605.1.15 (KHTML, like Gecko) Version/26.2 Mobile/15E148 Safari/604.1"
98.63.199.239 - - [29/Jan/2026:04:42:36 -0500] "GET /media/videos/1/1/6/7/a/1167a4196117ff6.mp4 HTTP/1.1" 206 65536 "https://porn.tw/video/jessicaportman-blonde-cutie-fucks-her-hole-on-porn-cam-2831.html" "Mozilla/5.0 (iPhone; CPU iPhone OS 18_7 like Mac OS X) AppleWebKit/605.1.15 (KHTML, like Gecko) Version/26.2 Mobile/15E148 Safari/604.1"
98.63.199.239 - - [29/Jan/2026:04:42:36 -0500] "GET /media/videos/1/1/6/7/a/1167a4196117ff6.mp4 HTTP/1.1" 206 65536 "https://porn.tw/video/jessicaportman-blonde-cutie-fucks-her-hole-on-porn-cam-2831.html" "Mozilla/5.0 (iPhone; CPU iPhone OS 18_7 like Mac OS X) AppleWebKit/605.1.15 (KHTML, like Gecko) Version/26.2 Mobile/15E148 Safari/604.1"
98.63.199.239 - - [29/Jan/2026:04:42:36 -0500] "GET /media/videos/1/1/6/7/a/1167a4196117ff6.mp4 HTTP/1.1" 206 65536 "https://porn.tw/video/jessicaportman-blonde-cutie-fucks-her-hole-on-porn-cam-2831.html" "Mozilla/5.0 (iPhone; CPU iPhone OS 18_7 like Mac OS X) AppleWebKit/605.1.15 (KHTML, like Gecko) Version/26.2 Mobile/15E148 Safari/604.1"
98.63.199.239 - - [29/Jan/2026:04:42:36 -0500] "GET /media/videos/1/1/6/7/a/1167a4196117ff6.mp4 HTTP/1.1" 206 65536 "https://porn.tw/video/jessicaportman-blonde-cutie-fucks-her-hole-on-porn-cam-2831.html" "Mozilla/5.0 (iPhone; CPU iPhone OS 18_7 like Mac OS X) AppleWebKit/605.1.15 (KHTML, like Gecko) Version/26.2 Mobile/15E148 Safari/604.1"
98.63.199.239 - - [29/Jan/2026:04:42:36 -0500] "GET /media/videos/1/1/6/7/a/1167a4196117ff6.mp4 HTTP/1.1" 206 65536 "https://porn.tw/video/jessicaportman-blonde-cutie-fucks-her-hole-on-porn-cam-2831.html" "Mozilla/5.0 (iPhone; CPU iPhone OS 18_7 like Mac OS X) AppleWebKit/605.1.15 (KHTML, like Gecko) Version/26.2 Mobile/15E148 Safari/604.1"
98.63.199.239 - - [29/Jan/2026:04:42:36 -0500] "GET /media/videos/1/1/6/7/a/1167a4196117ff6.mp4 HTTP/1.1" 206 65536 "https://porn.tw/video/jessicaportman-blonde-cutie-fucks-her-hole-on-porn-cam-2831.html" "Mozilla/5.0 (iPhone; CPU iPhone OS 18_7 like Mac OS X) AppleWebKit/605.1.15 (KHTML, like Gecko) Version/26.2 Mobile/15E148 Safari/604.1"
98.63.199.239 - - [29/Jan/2026:04:42:37 -0500] "GET /media/videos/1/1/6/7/a/1167a4196117ff6.mp4 HTTP/1.1" 206 65536 "https://porn.tw/video/jessicaportman-blonde-cutie-fucks-her-hole-on-porn-cam-2831.html" "Mozilla/5.0 (iPhone; CPU iPhone OS 18_7 like Mac OS X) AppleWebKit/605.1.15 (KHTML, like Gecko) Version/26.2 Mobile/15E148 Safari/604.1"
98.63.199.239 - - [29/Jan/2026:04:42:37 -0500] "GET /media/videos/1/1/6/7/a/1167a4196117ff6.mp4 HTTP/1.1" 206 65536 "https://porn.tw/video/jessicaportman-blonde-cutie-fucks-her-hole-on-porn-cam-2831.html" "Mozilla/5.0 (iPhone; CPU iPhone OS 18_7 like Mac OS X) AppleWebKit/605.1.15 (KHTML, like Gecko) Version/26.2 Mobile/15E148 Safari/604.1"
217.113.194.77 - - [29/Jan/2026:04:42:38 -0500] "GET /search/seductive-babe/views/page12.html HTTP/1.1" 200 61968 "-" "Mozilla/5.0 (compatible; Barkrowler/0.9; +https://babbar.tech/crawler)"
98.63.199.239 - - [29/Jan/2026:04:42:37 -0500] "GET /media/videos/1/1/6/7/a/1167a4196117ff6.mp4 HTTP/1.1" 206 243269578 "https://porn.tw/video/jessicaportman-blonde-cutie-fucks-her-hole-on-porn-cam-2831.html" "Mozilla/5.0 (iPhone; CPU iPhone OS 18_7 like Mac OS X) AppleWebKit/605.1.15 (KHTML, like Gecko) Version/26.2 Mobile/15E148 Safari/604.1"
217.113.194.75 - - [29/Jan/2026:04:42:48 -0500] "GET /index.php/porn-webcams/page7.html HTTP/1.1" 200 98146 "-" "Mozilla/5.0 (compatible; Barkrowler/0.9; +https://babbar.tech/crawler)"
98.63.199.239 - - [29/Jan/2026:04:42:49 -0500] "GET /media/videos/1/1/6/7/a/1167a4196117ff6.mp4 HTTP/1.1" 206 197394057 "https://porn.tw/video/jessicaportman-blonde-cutie-fucks-her-hole-on-porn-cam-2831.html" "Mozilla/5.0 (iPhone; CPU iPhone OS 18_7 like Mac OS X) AppleWebKit/605.1.15 (KHTML, like Gecko) Version/26.2 Mobile/15E148 Safari/604.1"
98.63.199.239 - - [29/Jan/2026:04:42:52 -0500] "GET /media/videos/1/1/6/7/a/1167a4196117ff6.mp4 HTTP/1.1" 206 192872073 "https://porn.tw/video/jessicaportman-blonde-cutie-fucks-her-hole-on-porn-cam-2831.html" "Mozilla/5.0 (iPhone; CPU iPhone OS 18_7 like Mac OS X) AppleWebKit/605.1.15 (KHTML, like Gecko) Version/26.2 Mobile/15E148 Safari/604.1"
217.113.194.218 - - [29/Jan/2026:04:42:53 -0500] "GET /search/seductive-babe/views/page1.html HTTP/1.1" 200 73616 "-" "Mozilla/5.0 (compatible; Barkrowler/0.9; +https://babbar.tech/crawler)"
98.63.199.239 - - [29/Jan/2026:04:42:56 -0500] "GET /media/videos/1/1/6/7/a/1167a4196117ff6.mp4 HTTP/1.1" 206 186515081 "https://porn.tw/video/jessicaportman-blonde-cutie-fucks-her-hole-on-porn-cam-2831.html" "Mozilla/5.0 (iPhone; CPU iPhone OS 18_7 like Mac OS X) AppleWebKit/605.1.15 (KHTML, like Gecko) Version/26.2 Mobile/15E148 Safari/604.1"
98.63.199.239 - - [29/Jan/2026:04:43:01 -0500] "GET /media/videos/1/1/6/7/a/1167a4196117ff6.mp4 HTTP/1.1" 206 180354697 "https://porn.tw/video/jessicaportman-blonde-cutie-fucks-her-hole-on-porn-cam-2831.html" "Mozilla/5.0 (iPhone; CPU iPhone OS 18_7 like Mac OS X) AppleWebKit/605.1.15 (KHTML, like Gecko) Version/26.2 Mobile/15E148 Safari/604.1"
3.216.86.144 - - [29/Jan/2026:04:43:02 -0500] "GET /search/pretty-girl/ HTTP/1.1" 200 71518 "-" "Mozilla/5.0 AppleWebKit/537.36 (KHTML, like Gecko; compatible; Amazonbot/0.1; +https://developer.amazon.com/support/amazonbot) Chrome/119.0.6045.214 Safari/537.36"
217.113.194.218 - - [29/Jan/2026:04:43:03 -0500] "GET /pornstars/shaantalll-984.html HTTP/1.1" 200 25837 "-" "Mozilla/5.0 (compatible; Barkrowler/0.9; +https://babbar.tech/crawler)"
98.63.199.239 - - [29/Jan/2026:04:43:05 -0500] "GET /media/videos/1/1/6/7/a/1167a4196117ff6.mp4 HTTP/1.1" 206 174325385 "https://porn.tw/video/jessicaportman-blonde-cutie-fucks-her-hole-on-porn-cam-2831.html" "Mozilla/5.0 (iPhone; CPU iPhone OS 18_7 like Mac OS X) AppleWebKit/605.1.15 (KHTML, like Gecko) Version/26.2 Mobile/15E148 Safari/604.1"
98.63.199.239 - - [29/Jan/2026:04:43:08 -0500] "GET /media/videos/1/1/6/7/a/1167a4196117ff6.mp4 HTTP/1.1" 206 171572873 "https://porn.tw/video/jessicaportman-blonde-cutie-fucks-her-hole-on-porn-cam-2831.html" "Mozilla/5.0 (iPhone; CPU iPhone OS 18_7 like Mac OS X) AppleWebKit/605.1.15 (KHTML, like Gecko) Version/26.2 Mobile/15E148 Safari/604.1"
217.113.194.78 - - [29/Jan/2026:04:43:09 -0500] "GET /search/seductive-curves/page7.html HTTP/1.1" 200 72780 "-" "Mozilla/5.0 (compatible; Barkrowler/0.9; +https://babbar.tech/crawler)"
98.63.199.239 - - [29/Jan/2026:04:43:12 -0500] "GET /media/videos/1/1/6/7/a/1167a4196117ff6.mp4 HTTP/1.1" 206 165805705 "https://porn.tw/video/jessicaportman-blonde-cutie-fucks-her-hole-on-porn-cam-2831.html" "Mozilla/5.0 (iPhone; CPU iPhone OS 18_7 like Mac OS X) AppleWebKit/605.1.15 (KHTML, like Gecko) Version/26.2 Mobile/15E148 Safari/604.1"
98.63.199.239 - - [29/Jan/2026:04:43:14 -0500] "GET /media/videos/1/1/6/7/a/1167a4196117ff6.mp4 HTTP/1.1" 206 162004617 "https://porn.tw/video/jessicaportman-blonde-cutie-fucks-her-hole-on-porn-cam-2831.html" "Mozilla/5.0 (iPhone; CPU iPhone OS 18_7 like Mac OS X) AppleWebKit/605.1.15 (KHTML, like Gecko) Version/26.2 Mobile/15E148 Safari/604.1"
116.179.32.101 - - [29/Jan/2026:04:43:18 -0500] "GET /search/webcam-porn-inked/views/page13.html HTTP/1.1" 403 - "-" "Mozilla/5.0 (compatible; Baiduspider/2.0; +http://www.baidu.com/search/spider.html)"
98.63.199.239 - - [29/Jan/2026:04:43:18 -0500] "GET /media/videos/1/1/6/7/a/1167a4196117ff6.mp4 HTTP/1.1" 206 157089417 "https://porn.tw/video/jessicaportman-blonde-cutie-fucks-her-hole-on-porn-cam-2831.html" "Mozilla/5.0 (iPhone; CPU iPhone OS 18_7 like Mac OS X) AppleWebKit/605.1.15 (KHTML, like Gecko) Version/26.2 Mobile/15E148 Safari/604.1"
217.113.194.75 - - [29/Jan/2026:04:43:19 -0500] "GET /pornstars/soft-lips18-287.html HTTP/1.1" 200 25740 "-" "Mozilla/5.0 (compatible; Barkrowler/0.9; +https://babbar.tech/crawler)"
66.249.65.37 - - [29/Jan/2026:04:43:19 -0500] "GET /search/lust_one-porn/page6.html HTTP/1.1" 200 70986 "-" "Mozilla/5.0 (Linux; Android 6.0.1; Nexus 5X Build/MMB29P) AppleWebKit/537.36 (KHTML, like Gecko) Chrome/143.0.7499.192 Mobile Safari/537.36 (compatible; Googlebot/2.1; +http://www.google.com/bot.html)"
119.249.100.242 - - [29/Jan/2026:04:43:22 -0500] "GET /search/webcam-porn-inked/views/page13.html HTTP/1.1" 200 57833 "-" "Mozilla/5.0 (Windows NT 10.0; WOW64) AppleWebKit/537.36 (KHTML, like Gecko) Chrome/48.0.2564.116 Safari/537.36"
98.63.199.239 - - [29/Jan/2026:04:43:23 -0500] "GET /media/videos/1/1/6/7/a/1167a4196117ff6.mp4 HTTP/1.1" 206 148831881 "https://porn.tw/video/jessicaportman-blonde-cutie-fucks-her-hole-on-porn-cam-2831.html" "Mozilla/5.0 (iPhone; CPU iPhone OS 18_7 like Mac OS X) AppleWebKit/605.1.15 (KHTML, like Gecko) Version/26.2 Mobile/15E148 Safari/604.1"
217.113.194.79 - - [29/Jan/2026:04:43:24 -0500] "GET /search/seductive-porn-cam/page3.html HTTP/1.1" 200 71298 "-" "Mozilla/5.0 (compatible; Barkrowler/0.9; +https://babbar.tech/crawler)"
98.63.199.239 - - [29/Jan/2026:04:43:25 -0500] "GET /media/videos/1/1/6/7/a/1167a4196117ff6.mp4 HTTP/1.1" 206 145489545 "https://porn.tw/video/jessicaportman-blonde-cutie-fucks-her-hole-on-porn-cam-2831.html" "Mozilla/5.0 (iPhone; CPU iPhone OS 18_7 like Mac OS X) AppleWebKit/605.1.15 (KHTML, like Gecko) Version/26.2 Mobile/15E148 Safari/604.1"
98.63.199.239 - - [29/Jan/2026:04:43:29 -0500] "GET /media/videos/1/1/6/7/a/1167a4196117ff6.mp4 HTTP/1.1" 206 139591305 "https://porn.tw/video/jessicaportman-blonde-cutie-fucks-her-hole-on-porn-cam-2831.html" "Mozilla/5.0 (iPhone; CPU iPhone OS 18_7 like Mac OS X) AppleWebKit/605.1.15 (KHTML, like Gecko) Version/26.2 Mobile/15E148 Safari/604.1"
98.63.199.239 - - [29/Jan/2026:04:43:34 -0500] "GET /media/videos/1/1/6/7/a/1167a4196117ff6.mp4 HTTP/1.1" 206 132513417 "https://porn.tw/video/jessicaportman-blonde-cutie-fucks-her-hole-on-porn-cam-2831.html" "Mozilla/5.0 (iPhone; CPU iPhone OS 18_7 like Mac OS X) AppleWebKit/605.1.15 (KHTML, like Gecko) Version/26.2 Mobile/15E148 Safari/604.1"
217.113.194.76 - - [29/Jan/2026:04:43:34 -0500] "GET /pornstars/nikkikiki-184.html HTTP/1.1" 200 25838 "-" "Mozilla/5.0 (compatible; Barkrowler/0.9; +https://babbar.tech/crawler)"
98.63.199.239 - - [29/Jan/2026:04:43:38 -0500] "GET /media/videos/1/1/6/7/a/1167a4196117ff6.mp4 HTTP/1.1" 206 126877321 "https://porn.tw/video/jessicaportman-blonde-cutie-fucks-her-hole-on-porn-cam-2831.html" "Mozilla/5.0 (iPhone; CPU iPhone OS 18_7 like Mac OS X) AppleWebKit/605.1.15 (KHTML, like Gecko) Version/26.2 Mobile/15E148 Safari/604.1"
98.63.199.239 - - [29/Jan/2026:04:43:40 -0500] "GET /media/videos/1/1/6/7/a/1167a4196117ff6.mp4 HTTP/1.1" 206 122945161 "https://porn.tw/video/jessicaportman-blonde-cutie-fucks-her-hole-on-porn-cam-2831.html" "Mozilla/5.0 (iPhone; CPU iPhone OS 18_7 like Mac OS X) AppleWebKit/605.1.15 (KHTML, like Gecko) Version/26.2 Mobile/15E148 Safari/604.1"
217.113.194.76 - - [29/Jan/2026:04:43:41 -0500] "GET /search/seductive-redhead-cam/page3.html HTTP/1.1" 200 75747 "-" "Mozilla/5.0 (compatible; Barkrowler/0.9; +https://babbar.tech/crawler)"
98.63.199.239 - - [29/Jan/2026:04:43:42 -0500] "GET /media/videos/1/1/6/7/a/1167a4196117ff6.mp4 HTTP/1.1" 206 119799433 "https://porn.tw/video/jessicaportman-blonde-cutie-fucks-her-hole-on-porn-cam-2831.html" "Mozilla/5.0 (iPhone; CPU iPhone OS 18_7 like Mac OS X) AppleWebKit/605.1.15 (KHTML, like Gecko) Version/26.2 Mobile/15E148 Safari/604.1"
98.63.199.239 - - [29/Jan/2026:04:43:44 -0500] "GET /media/videos/1/1/6/7/a/1167a4196117ff6.mp4 HTTP/1.1" 206 115998345 "https://porn.tw/video/jessicaportman-blonde-cutie-fucks-her-hole-on-porn-cam-2831.html" "Mozilla/5.0 (iPhone; CPU iPhone OS 18_7 like Mac OS X) AppleWebKit/605.1.15 (KHTML, like Gecko) Version/26.2 Mobile/15E148 Safari/604.1"
98.63.199.239 - - [29/Jan/2026:04:43:46 -0500] "GET /media/videos/1/1/6/7/a/1167a4196117ff6.mp4 HTTP/1.1" 206 112131721 "https://porn.tw/video/jessicaportman-blonde-cutie-fucks-her-hole-on-porn-cam-2831.html" "Mozilla/5.0 (iPhone; CPU iPhone OS 18_7 like Mac OS X) AppleWebKit/605.1.15 (KHTML, like Gecko) Version/26.2 Mobile/15E148 Safari/604.1"
217.113.194.81 - - [29/Jan/2026:04:43:50 -0500] "GET /pornstars/nikkisapphire-129.html HTTP/1.1" 200 25980 "-" "Mozilla/5.0 (compatible; Barkrowler/0.9; +https://babbar.tech/crawler)"
98.63.199.239 - - [29/Jan/2026:04:43:51 -0500] "GET /media/videos/1/1/6/7/a/1167a4196117ff6.mp4 HTTP/1.1" 206 105578121 "https://porn.tw/video/jessicaportman-blonde-cutie-fucks-her-hole-on-porn-cam-2831.html" "Mozilla/5.0 (iPhone; CPU iPhone OS 18_7 like Mac OS X) AppleWebKit/605.1.15 (KHTML, like Gecko) Version/26.2 Mobile/15E148 Safari/604.1"
144.76.32.114 - - [29/Jan/2026:04:43:51 -0500] "GET /search/gracefuldoll/ HTTP/1.1" 200 19933 "-" "Mozilla/5.0 (compatible; SERankingBacklinksBot/1.0; +https://seranking.com/backlinks-crawler)"
54.87.62.248 - - [29/Jan/2026:04:43:51 -0500] "GET /search/body-shaking-orgasm/views/page1.html HTTP/1.1" 200 73056 "-" "Mozilla/5.0 AppleWebKit/537.36 (KHTML, like Gecko; compatible; Amazonbot/0.1; +https://developer.amazon.com/support/amazonbot) Chrome/119.0.6045.214 Safari/537.36"
3.94.156.104 - - [29/Jan/2026:04:43:55 -0500] "GET /search/raw-hunger/views/ HTTP/1.1" 200 33412 "-" "Mozilla/5.0 AppleWebKit/537.36 (KHTML, like Gecko; compatible; Amazonbot/0.1; +https://developer.amazon.com/support/amazonbot) Chrome/119.0.6045.214 Safari/537.36"
98.63.199.239 - - [29/Jan/2026:04:43:56 -0500] "GET /media/videos/1/1/6/7/a/1167a4196117ff6.mp4 HTTP/1.1" 206 65536 "https://porn.tw/video/jessicaportman-blonde-cutie-fucks-her-hole-on-porn-cam-2831.html" "Mozilla/5.0 (iPhone; CPU iPhone OS 18_7 like Mac OS X) AppleWebKit/605.1.15 (KHTML, like Gecko) Version/26.2 Mobile/15E148 Safari/604.1"
98.63.199.239 - - [29/Jan/2026:04:43:56 -0500] "GET /media/videos/1/1/6/7/a/1167a4196117ff6.mp4 HTTP/1.1" 206 77725321 "https://porn.tw/video/jessicaportman-blonde-cutie-fucks-her-hole-on-porn-cam-2831.html" "Mozilla/5.0 (iPhone; CPU iPhone OS 18_7 like Mac OS X) AppleWebKit/605.1.15 (KHTML, like Gecko) Version/26.2 Mobile/15E148 Safari/604.1"
98.63.199.239 - - [29/Jan/2026:04:43:56 -0500] "GET /media/videos/1/1/6/7/a/1167a4196117ff6.mp4 HTTP/1.1" 206 65536 "https://porn.tw/video/jessicaportman-blonde-cutie-fucks-her-hole-on-porn-cam-2831.html" "Mozilla/5.0 (iPhone; CPU iPhone OS 18_7 like Mac OS X) AppleWebKit/605.1.15 (KHTML, like Gecko) Version/26.2 Mobile/15E148 Safari/604.1"
217.113.194.79 - - [29/Jan/2026:04:43:56 -0500] "GET /search/seductive-redhead-cam/page6.html HTTP/1.1" 200 51960 "-" "Mozilla/5.0 (compatible; Barkrowler/0.9; +https://babbar.tech/crawler)"
98.63.199.239 - - [29/Jan/2026:04:43:57 -0500] "GET /media/videos/1/1/6/7/a/1167a4196117ff6.mp4 HTTP/1.1" 206 65536 "https://porn.tw/video/jessicaportman-blonde-cutie-fucks-her-hole-on-porn-cam-2831.html" "Mozilla/5.0 (iPhone; CPU iPhone OS 18_7 like Mac OS X) AppleWebKit/605.1.15 (KHTML, like Gecko) Version/26.2 Mobile/15E148 Safari/604.1"
98.63.199.239 - - [29/Jan/2026:04:43:57 -0500] "GET /media/videos/1/1/6/7/a/1167a4196117ff6.mp4 HTTP/1.1" 206 65536 "https://porn.tw/video/jessicaportman-blonde-cutie-fucks-her-hole-on-porn-cam-2831.html" "Mozilla/5.0 (iPhone; CPU iPhone OS 18_7 like Mac OS X) AppleWebKit/605.1.15 (KHTML, like Gecko) Version/26.2 Mobile/15E148 Safari/604.1"
98.63.199.239 - - [29/Jan/2026:04:43:57 -0500] "GET /media/videos/1/1/6/7/a/1167a4196117ff6.mp4 HTTP/1.1" 206 51445385 "https://porn.tw/video/jessicaportman-blonde-cutie-fucks-her-hole-on-porn-cam-2831.html" "Mozilla/5.0 (iPhone; CPU iPhone OS 18_7 like Mac OS X) AppleWebKit/605.1.15 (KHTML, like Gecko) Version/26.2 Mobile/15E148 Safari/604.1"
98.63.199.239 - - [29/Jan/2026:04:43:57 -0500] "GET /media/videos/1/1/6/7/a/1167a4196117ff6.mp4 HTTP/1.1" 206 65536 "https://porn.tw/video/jessicaportman-blonde-cutie-fucks-her-hole-on-porn-cam-2831.html" "Mozilla/5.0 (iPhone; CPU iPhone OS 18_7 like Mac OS X) AppleWebKit/605.1.15 (KHTML, like Gecko) Version/26.2 Mobile/15E148 Safari/604.1"
98.63.199.239 - - [29/Jan/2026:04:43:57 -0500] "GET /media/videos/1/1/6/7/a/1167a4196117ff6.mp4 HTTP/1.1" 206 65536 "https://porn.tw/video/jessicaportman-blonde-cutie-fucks-her-hole-on-porn-cam-2831.html" "Mozilla/5.0 (iPhone; CPU iPhone OS 18_7 like Mac OS X) AppleWebKit/605.1.15 (KHTML, like Gecko) Version/26.2 Mobile/15E148 Safari/604.1"
23.21.179.27 - - [29/Jan/2026:04:43:58 -0500] "GET /search/slim-body/newest/page1.html HTTP/1.1" 200 73206 "-" "Mozilla/5.0 AppleWebKit/537.36 (KHTML, like Gecko; compatible; Amazonbot/0.1; +https://developer.amazon.com/support/amazonbot) Chrome/119.0.6045.214 Safari/537.36"
220.181.108.157 - - [29/Jan/2026:04:43:58 -0500] "GET /search/pussy-fnger/rating/page3.html HTTP/1.1" 403 - "-" "Mozilla/5.0 (compatible; Baiduspider/2.0; +http://www.baidu.com/search/spider.html)"
54.225.181.161 - - [29/Jan/2026:04:44:01 -0500] "GET /search/femboy/views/ HTTP/1.1" 200 21940 "-" "Mozilla/5.0 AppleWebKit/537.36 (KHTML, like Gecko; compatible; Amazonbot/0.1; +https://developer.amazon.com/support/amazonbot) Chrome/119.0.6045.214 Safari/537.36"
98.63.199.239 - - [29/Jan/2026:04:44:03 -0500] "GET /media/videos/1/1/6/7/a/1167a4196117ff6.mp4 HTTP/1.1" 206 65536 "https://porn.tw/video/jessicaportman-blonde-cutie-fucks-her-hole-on-porn-cam-2831.html" "Mozilla/5.0 (iPhone; CPU iPhone OS 18_7 like Mac OS X) AppleWebKit/605.1.15 (KHTML, like Gecko) Version/26.2 Mobile/15E148 Safari/604.1"
98.63.199.239 - - [29/Jan/2026:04:44:04 -0500] "GET /media/videos/1/1/6/7/a/1167a4196117ff6.mp4 HTTP/1.1" 206 65536 "https://porn.tw/video/jessicaportman-blonde-cutie-fucks-her-hole-on-porn-cam-2831.html" "Mozilla/5.0 (iPhone; CPU iPhone OS 18_7 like Mac OS X) AppleWebKit/605.1.15 (KHTML, like Gecko) Version/26.2 Mobile/15E148 Safari/604.1"
98.63.199.239 - - [29/Jan/2026:04:44:04 -0500] "GET /media/videos/1/1/6/7/a/1167a4196117ff6.mp4 HTTP/1.1" 206 196608 "https://porn.tw/video/jessicaportman-blonde-cutie-fucks-her-hole-on-porn-cam-2831.html" "Mozilla/5.0 (iPhone; CPU iPhone OS 18_7 like Mac OS X) AppleWebKit/605.1.15 (KHTML, like Gecko) Version/26.2 Mobile/15E148 Safari/604.1"
98.63.199.239 - - [29/Jan/2026:04:44:04 -0500] "GET /media/videos/1/1/6/7/a/1167a4196117ff6.mp4 HTTP/1.1" 206 65536 "https://porn.tw/video/jessicaportman-blonde-cutie-fucks-her-hole-on-porn-cam-2831.html" "Mozilla/5.0 (iPhone; CPU iPhone OS 18_7 like Mac OS X) AppleWebKit/605.1.15 (KHTML, like Gecko) Version/26.2 Mobile/15E148 Safari/604.1"
98.63.199.239 - - [29/Jan/2026:04:44:04 -0500] "GET /media/videos/1/1/6/7/a/1167a4196117ff6.mp4 HTTP/1.1" 206 65536 "https://porn.tw/video/jessicaportman-blonde-cutie-fucks-her-hole-on-porn-cam-2831.html" "Mozilla/5.0 (iPhone; CPU iPhone OS 18_7 like Mac OS X) AppleWebKit/605.1.15 (KHTML, like Gecko) Version/26.2 Mobile/15E148 Safari/604.1"
98.63.199.239 - - [29/Jan/2026:04:44:04 -0500] "GET /media/videos/1/1/6/7/a/1167a4196117ff6.mp4 HTTP/1.1" 206 19726336 "https://porn.tw/video/jessicaportman-blonde-cutie-fucks-her-hole-on-porn-cam-2831.html" "Mozilla/5.0 (iPhone; CPU iPhone OS 18_7 like Mac OS X) AppleWebKit/605.1.15 (KHTML, like Gecko) Version/26.2 Mobile/15E148 Safari/604.1"
217.113.194.75 - - [29/Jan/2026:04:44:05 -0500] "GET /pornstars/milalevys-562.html HTTP/1.1" 200 25904 "-" "Mozilla/5.0 (compatible; Barkrowler/0.9; +https://babbar.tech/crawler)"
3.225.45.252 - - [29/Jan/2026:04:44:06 -0500] "GET /action.php?action=add_favorites&id=1365 HTTP/1.1" 200 719 "-" "Mozilla/5.0 AppleWebKit/537.36 (KHTML, like Gecko; compatible; Amazonbot/0.1; +https://developer.amazon.com/support/amazonbot) Chrome/119.0.6045.214 Safari/537.36"
98.63.199.239 - - [29/Jan/2026:04:44:09 -0500] "GET /media/videos/1/1/6/7/a/1167a4196117ff6.mp4 HTTP/1.1" 206 65536 "https://porn.tw/video/jessicaportman-blonde-cutie-fucks-her-hole-on-porn-cam-2831.html" "Mozilla/5.0 (iPhone; CPU iPhone OS 18_7 like Mac OS X) AppleWebKit/605.1.15 (KHTML, like Gecko) Version/26.2 Mobile/15E148 Safari/604.1"
98.63.199.239 - - [29/Jan/2026:04:44:09 -0500] "GET /media/videos/1/1/6/7/a/1167a4196117ff6.mp4 HTTP/1.1" 206 3407872 "https://porn.tw/video/jessicaportman-blonde-cutie-fucks-her-hole-on-porn-cam-2831.html" "Mozilla/5.0 (iPhone; CPU iPhone OS 18_7 like Mac OS X) AppleWebKit/605.1.15 (KHTML, like Gecko) Version/26.2 Mobile/15E148 Safari/604.1"
98.63.199.239 - - [29/Jan/2026:04:44:09 -0500] "GET /media/videos/1/1/6/7/a/1167a4196117ff6.mp4 HTTP/1.1" 206 65536 "https://porn.tw/video/jessicaportman-blonde-cutie-fucks-her-hole-on-porn-cam-2831.html" "Mozilla/5.0 (iPhone; CPU iPhone OS 18_7 like Mac OS X) AppleWebKit/605.1.15 (KHTML, like Gecko) Version/26.2 Mobile/15E148 Safari/604.1"
