217.113.194.72 - - [29/Jan/2026:05:18:53 -0500] "GET /search/webcam-porn-squirt/views/page6.html HTTP/1.1" 200 73443 "-" "Mozilla/5.0 (compatible; Barkrowler/0.9; +https://babbar.tech/crawler)"
217.113.194.76 - - [29/Jan/2026:05:18:57 -0500] "GET /action.php?action=reportVideo&id=1364 HTTP/1.1" 200 3603 "-" "Mozilla/5.0 (compatible; Barkrowler/0.9; +https://babbar.tech/crawler)"
66.249.74.4 - - [29/Jan/2026:05:18:59 -0500] "GET /video/mollyevan-cam-show-leak-free-porna-986.html HTTP/1.1" 200 52562 "-" "Mozilla/5.0 (Linux; Android 6.0.1; Nexus 5X Build/MMB29P) AppleWebKit/537.36 (KHTML, like Gecko) Chrome/143.0.7499.192 Mobile Safari/537.36 (compatible; Googlebot/2.1; +http://www.google.com/bot.html)"
66.249.74.4 - - [29/Jan/2026:05:19:02 -0500] "GET /video/petitexxx-s-porn-cam-backdoor-bliss-petite-babe-s-intense-toy-exploration-3418.html HTTP/1.1" 200 55348 "-" "Mozilla/5.0 (Linux; Android 6.0.1; Nexus 5X Build/MMB29P) AppleWebKit/537.36 (KHTML, like Gecko) Chrome/143.0.7499.192 Mobile Safari/537.36 (compatible; Googlebot/2.1; +http://www.google.com/bot.html)"
217.113.194.217 - - [29/Jan/2026:05:19:09 -0500] "GET /search/webcam-porn-squirt/views/page2.html HTTP/1.1" 200 72891 "-" "Mozilla/5.0 (compatible; Barkrowler/0.9; +https://babbar.tech/crawler)"
217.113.194.80 - - [29/Jan/2026:05:19:12 -0500] "GET /action.php?action=reportVideo&id=1355 HTTP/1.1" 200 3603 "-" "Mozilla/5.0 (compatible; Barkrowler/0.9; +https://babbar.tech/crawler)"
98.82.38.120 - - [29/Jan/2026:05:19:22 -0500] "GET /search/erotic-performance/newest/page1.html HTTP/1.1" 200 73389 "-" "Mozilla/5.0 AppleWebKit/537.36 (KHTML, like Gecko; compatible; Amazonbot/0.1; +https://developer.amazon.com/support/amazonbot) Chrome/119.0.6045.214 Safari/537.36"
114.119.141.206 - - [29/Jan/2026:05:19:22 -0500] "GET /models/abbienextdoor-636.html HTTP/1.1" 200 24873 "https://porn.tw/models/" "Mozilla/5.0 (Linux; Android 7.0;) AppleWebKit/537.36 (KHTML, like Gecko) Mobile Safari/537.36 (compatible; PetalBot;+https://webmaster.petalsearch.com/site/petalbot)"
217.113.194.75 - - [29/Jan/2026:05:19:24 -0500] "GET /search/webcam-porn-squirt/views/page11.html HTTP/1.1" 200 74787 "-" "Mozilla/5.0 (compatible; Barkrowler/0.9; +https://babbar.tech/crawler)"
217.113.194.81 - - [29/Jan/2026:05:19:28 -0500] "GET /action.php?action=reportVideo&id=557 HTTP/1.1" 200 3602 "-" "Mozilla/5.0 (compatible; Barkrowler/0.9; +https://babbar.tech/crawler)"
119.249.100.180 - - [29/Jan/2026:05:19:33 -0500] "GET /search/erotic-masturbation-stream/page6.html HTTP/1.1" 200 59139 "-" "Mozilla/5.0 (Windows NT 10.0; WOW64) AppleWebKit/537.36 (KHTML, like Gecko) Chrome/48.0.2564.116 Safari/537.36"
217.113.194.217 - - [29/Jan/2026:05:19:40 -0500] "GET /search/webcam-porn-squirt/views/page13.html HTTP/1.1" 200 54183 "-" "Mozilla/5.0 (compatible; Barkrowler/0.9; +https://babbar.tech/crawler)"
85.208.96.204 - - [29/Jan/2026:05:19:42 -0500] "GET /video/diana-smiley-cute-porn-star-344.html HTTP/1.1" 403 - "-" "Mozilla/5.0 (compatible; SemrushBot/7~bl; +http://www.semrush.com/bot.html)"
217.113.194.74 - - [29/Jan/2026:05:19:46 -0500] "GET /action.php?action=reportVideo&id=645 HTTP/1.1" 200 3602 "-" "Mozilla/5.0 (compatible; Barkrowler/0.9; +https://babbar.tech/crawler)"
217.113.194.77 - - [29/Jan/2026:05:19:55 -0500] "GET /search/webcam-porn-squirt/rating/page10.html HTTP/1.1" 200 76104 "-" "Mozilla/5.0 (compatible; Barkrowler/0.9; +https://babbar.tech/crawler)"
217.113.194.74 - - [29/Jan/2026:05:20:01 -0500] "GET /action.php?action=reportVideo&id=771 HTTP/1.1" 200 3602 "-" "Mozilla/5.0 (compatible; Barkrowler/0.9; +https://babbar.tech/crawler)"
66.249.74.6 - - [29/Jan/2026:05:20:02 -0500] "GET /search/redhead-webcam/rating/page5.html HTTP/1.1" 200 72757 "-" "Mozilla/5.0 (Linux; Android 6.0.1; Nexus 5X Build/MMB29P) AppleWebKit/537.36 (KHTML, like Gecko) Chrome/143.0.7499.192 Mobile Safari/537.36 (compatible; Googlebot/2.1; +http://www.google.com/bot.html)"
217.113.194.217 - - [29/Jan/2026:05:20:11 -0500] "GET /search/webcam-porn-blonde/newest/page15.html HTTP/1.1" 200 52397 "-" "Mozilla/5.0 (compatible; Barkrowler/0.9; +https://babbar.tech/crawler)"
116.179.32.20 - - [29/Jan/2026:05:20:13 -0500] "GET /search/cam-babe-porn/page13.html HTTP/1.1" 403 - "-" "Mozilla/5.0 (compatible; Baiduspider/2.0; +http://www.baidu.com/search/spider.html)"
66.249.74.5 - - [29/Jan/2026:05:20:14 -0500] "GET /video/soft-lips18-shares-a-hard-cock-985.html HTTP/1.1" 200 52985 "-" "Mozilla/5.0 (Linux; Android 6.0.1; Nexus 5X Build/MMB29P) AppleWebKit/537.36 (KHTML, like Gecko) Chrome/143.0.7499.192 Mobile Safari/537.36 (compatible; Googlebot/2.1; +http://www.google.com/bot.html)"
144.76.32.114 - - [29/Jan/2026:05:20:15 -0500] "GET /search/teasing-tits/ HTTP/1.1" 200 71431 "-" "Mozilla/5.0 (compatible; SERankingBacklinksBot/1.0; +https://seranking.com/backlinks-crawler)"
119.249.100.45 - - [29/Jan/2026:05:20:16 -0500] "GET /search/cam-babe-porn/page13.html HTTP/1.1" 200 59957 "-" "Mozilla/5.0 (Windows NT 10.0; WOW64) AppleWebKit/537.36 (KHTML, like Gecko) Chrome/48.0.2564.116 Safari/537.36"
217.113.194.81 - - [29/Jan/2026:05:20:16 -0500] "GET /action.php?action=reportVideo&id=516 HTTP/1.1" 200 3602 "-" "Mozilla/5.0 (compatible; Barkrowler/0.9; +https://babbar.tech/crawler)"
217.113.194.76 - - [29/Jan/2026:05:20:27 -0500] "GET /search/webcam-porn-blonde/newest/page10.html HTTP/1.1" 200 72157 "-" "Mozilla/5.0 (compatible; Barkrowler/0.9; +https://babbar.tech/crawler)"
52.167.144.187 - - [29/Jan/2026:05:20:27 -0500] "GET /search/madissonrey-cams-show/newest/page6.html HTTP/1.1" 200 74170 "-" "Mozilla/5.0 AppleWebKit/537.36 (KHTML, like Gecko; compatible; bingbot/2.0; +http://www.bing.com/bingbot.htm) Chrome/116.0.1938.76 Safari/537.36"
217.113.194.81 - - [29/Jan/2026:05:20:32 -0500] "GET /action.php?action=reportVideo&id=511 HTTP/1.1" 200 3602 "-" "Mozilla/5.0 (compatible; Barkrowler/0.9; +https://babbar.tech/crawler)"
185.191.171.14 - - [29/Jan/2026:05:20:42 -0500] "GET /action.php?action=add_favorites&id=1277 HTTP/1.1" 403 - "-" "Mozilla/5.0 (compatible; SemrushBot/7~bl; +http://www.semrush.com/bot.html)"
217.113.194.75 - - [29/Jan/2026:05:20:42 -0500] "GET /search/webcam-porn-blonde/views/page13.html HTTP/1.1" 200 74794 "-" "Mozilla/5.0 (compatible; Barkrowler/0.9; +https://babbar.tech/crawler)"
114.119.159.129 - - [29/Jan/2026:05:20:44 -0500] "GET /video/angeline-thomas-hot-latina-porn-656.html&title=Angeline%20Thomas%20Hot%20Latina%20Porn HTTP/1.1" 404 18245 "https://porn.tw/video/angeline-thomas-hot-latina-porn-656.html" "Mozilla/5.0 (Linux; Android 7.0;) AppleWebKit/537.36 (KHTML, like Gecko) Mobile Safari/537.36 (compatible; PetalBot;+https://webmaster.petalsearch.com/site/petalbot)"
217.113.194.76 - - [29/Jan/2026:05:20:47 -0500] "GET /action.php?action=reportVideo&id=1525 HTTP/1.1" 200 3603 "-" "Mozilla/5.0 (compatible; Barkrowler/0.9; +https://babbar.tech/crawler)"
116.179.32.23 - - [29/Jan/2026:05:20:52 -0500] "GET /search/girl-next-door-porn/rating/page6.html HTTP/1.1" 403 - "-" "Mozilla/5.0 (compatible; Baiduspider/2.0; +http://www.baidu.com/search/spider.html)"
119.249.100.240 - - [29/Jan/2026:05:20:54 -0500] "GET /search/girl-next-door-porn/rating/page6.html HTTP/1.1" 200 76026 "-" "Mozilla/5.0 (Windows NT 10.0; WOW64) AppleWebKit/537.36 (KHTML, like Gecko) Chrome/48.0.2564.116 Safari/537.36"
217.113.194.72 - - [29/Jan/2026:05:20:58 -0500] "GET /search/webcam-porn-blonde/views/page3.html HTTP/1.1" 200 72342 "-" "Mozilla/5.0 (compatible; Barkrowler/0.9; +https://babbar.tech/crawler)"
116.179.33.136 - - [29/Jan/2026:05:21:00 -0500] "GET /media/thumbs/1/0/4/6/8/1046826c0d0ba0aa.mp4/1046826c0d0ba0aa.mp4-7.jpg HTTP/1.1" 200 10458 "https://porn.tw/search/girl-next-door-porn/rating/page6.html" "Mozilla/5.0 (Windows NT 10.0; Win64; x64) AppleWebKit/537.36 (KHTML, like Gecko) Chrome/99.0.4844.51 Safari/537.36"
154.54.249.200 - - [29/Jan/2026:05:21:03 -0500] "GET /action.php?action=reportVideo&id=1529 HTTP/1.1" 200 3603 "-" "Mozilla/5.0 (compatible; Barkrowler/0.9; +https://babbar.tech/crawler)"
217.113.194.72 - - [29/Jan/2026:05:21:13 -0500] "GET /search/webcam-porn-blonde/rating/page6.html HTTP/1.1" 200 71394 "-" "Mozilla/5.0 (compatible; Barkrowler/0.9; +https://babbar.tech/crawler)"
31.37.179.112 - - [29/Jan/2026:05:21:19 -0500] "GET /media/thumbs/3/6/6/a/8/366a8495708cf1.mp4/366a8495708cf1.mp4-3.jpg HTTP/1.1" 200 8185 "https://www.google.com/" "Mozilla/5.0 (iPhone; CPU iPhone OS 18_7 like Mac OS X) AppleWebKit/605.1.15 (KHTML, like Gecko) Version/26.2 Mobile/15E148 Safari/604.1"
217.113.194.81 - - [29/Jan/2026:05:21:19 -0500] "GET /action.php?action=reportVideo&id=3530 HTTP/1.1" 200 3603 "-" "Mozilla/5.0 (compatible; Barkrowler/0.9; +https://babbar.tech/crawler)"
217.113.194.218 - - [29/Jan/2026:05:21:29 -0500] "GET /search/webcam-porn-blonde/rating/page4.html HTTP/1.1" 200 71932 "-" "Mozilla/5.0 (compatible; Barkrowler/0.9; +https://babbar.tech/crawler)"
116.179.32.234 - - [29/Jan/2026:05:21:34 -0500] "GET /search/throbbing-cock/rating/page3.html HTTP/1.1" 403 - "-" "Mozilla/5.0 (compatible; Baiduspider/2.0; +http://www.baidu.com/search/spider.html)"
217.113.194.72 - - [29/Jan/2026:05:21:34 -0500] "GET /action.php?action=reportVideo&id=3544 HTTP/1.1" 200 3603 "-" "Mozilla/5.0 (compatible; Barkrowler/0.9; +https://babbar.tech/crawler)"
31.37.179.112 - - [29/Jan/2026:05:21:36 -0500] "GET /models/luis7777hui-488.html HTTP/1.1" 200 25917 "https://www.google.com/" "Mozilla/5.0 (iPhone; CPU iPhone OS 18_7 like Mac OS X) AppleWebKit/605.1.15 (KHTML, like Gecko) Version/26.2 Mobile/15E148 Safari/604.1"
31.37.179.112 - - [29/Jan/2026:05:21:36 -0500] "GET /templates/default_tube2019/js/jQuery_v1.12.4.min.js HTTP/1.1" 200 97166 "https://porn.tw/models/luis7777hui-488.html" "Mozilla/5.0 (iPhone; CPU iPhone OS 18_7 like Mac OS X) AppleWebKit/605.1.15 (KHTML, like Gecko) Version/26.2 Mobile/15E148 Safari/604.1"
31.37.179.112 - - [29/Jan/2026:05:21:36 -0500] "GET /templates/default_tube2019/js/bootstrap-select.min.js HTTP/1.1" 200 33379 "https://porn.tw/models/luis7777hui-488.html" "Mozilla/5.0 (iPhone; CPU iPhone OS 18_7 like Mac OS X) AppleWebKit/605.1.15 (KHTML, like Gecko) Version/26.2 Mobile/15E148 Safari/604.1"
31.37.179.112 - - [29/Jan/2026:05:21:37 -0500] "GET /templates/default_tube2019/js/bootstrap.min.js HTTP/1.1" 200 70808 "https://porn.tw/models/luis7777hui-488.html" "Mozilla/5.0 (iPhone; CPU iPhone OS 18_7 like Mac OS X) AppleWebKit/605.1.15 (KHTML, like Gecko) Version/26.2 Mobile/15E148 Safari/604.1"
31.37.179.112 - - [29/Jan/2026:05:21:37 -0500] "GET /templates/default_tube2019/js/lazyload.min.js HTTP/1.1" 200 2863 "https://porn.tw/models/luis7777hui-488.html" "Mozilla/5.0 (iPhone; CPU iPhone OS 18_7 like Mac OS X) AppleWebKit/605.1.15 (KHTML, like Gecko) Version/26.2 Mobile/15E148 Safari/604.1"
31.37.179.112 - - [29/Jan/2026:05:21:37 -0500] "GET /templates/default_tube2019/js/jquery.tinyscrollbar.min.js HTTP/1.1" 200 4105 "https://porn.tw/models/luis7777hui-488.html" "Mozilla/5.0 (iPhone; CPU iPhone OS 18_7 like Mac OS X) AppleWebKit/605.1.15 (KHTML, like Gecko) Version/26.2 Mobile/15E148 Safari/604.1"
31.37.179.112 - - [29/Jan/2026:05:21:37 -0500] "GET /templates/default_tube2019/js/img2svg.js HTTP/1.1" 200 1613 "https://porn.tw/models/luis7777hui-488.html" "Mozilla/5.0 (iPhone; CPU iPhone OS 18_7 like Mac OS X) AppleWebKit/605.1.15 (KHTML, like Gecko) Version/26.2 Mobile/15E148 Safari/604.1"
31.37.179.112 - - [29/Jan/2026:05:21:37 -0500] "GET /templates/default_tube2019/js/functions.js HTTP/1.1" 200 26636 "https://porn.tw/models/luis7777hui-488.html" "Mozilla/5.0 (iPhone; CPU iPhone OS 18_7 like Mac OS X) AppleWebKit/605.1.15 (KHTML, like Gecko) Version/26.2 Mobile/15E148 Safari/604.1"
31.37.179.112 - - [29/Jan/2026:05:21:37 -0500] "GET /core/js/Tube.js HTTP/1.1" 200 1519 "https://porn.tw/models/luis7777hui-488.html" "Mozilla/5.0 (iPhone; CPU iPhone OS 18_7 like Mac OS X) AppleWebKit/605.1.15 (KHTML, like Gecko) Version/26.2 Mobile/15E148 Safari/604.1"
31.37.179.112 - - [29/Jan/2026:05:21:37 -0500] "GET /core/js/ageWarningJs.php HTTP/1.1" 200 1037 "https://porn.tw/models/luis7777hui-488.html" "Mozilla/5.0 (iPhone; CPU iPhone OS 18_7 like Mac OS X) AppleWebKit/605.1.15 (KHTML, like Gecko) Version/26.2 Mobile/15E148 Safari/604.1"
31.37.179.112 - - [29/Jan/2026:05:21:37 -0500] "GET /core/js/gdprJs.php HTTP/1.1" 200 1238 "https://porn.tw/models/luis7777hui-488.html" "Mozilla/5.0 (iPhone; CPU iPhone OS 18_7 like Mac OS X) AppleWebKit/605.1.15 (KHTML, like Gecko) Version/26.2 Mobile/15E148 Safari/604.1"
31.37.179.112 - - [29/Jan/2026:05:21:37 -0500] "GET /templates/default_tube2019/fonts/Roboto/Roboto-Regular.ttf HTTP/1.1" 200 171676 "https://porn.tw/models/luis7777hui-488.html" "Mozilla/5.0 (iPhone; CPU iPhone OS 18_7 like Mac OS X) AppleWebKit/605.1.15 (KHTML, like Gecko) Version/26.2 Mobile/15E148 Safari/604.1"
31.37.179.112 - - [29/Jan/2026:05:21:37 -0500] "GET /templates/default_tube2019/fonts/Roboto/Roboto-Medium.ttf HTTP/1.1" 200 172064 "https://porn.tw/models/luis7777hui-488.html" "Mozilla/5.0 (iPhone; CPU iPhone OS 18_7 like Mac OS X) AppleWebKit/605.1.15 (KHTML, like Gecko) Version/26.2 Mobile/15E148 Safari/604.1"
31.37.179.112 - - [29/Jan/2026:05:21:37 -0500] "GET /templates/default_tube2019/fonts/fontawesome_5.7.1/fa-solid-900.woff2 HTTP/1.1" 200 74320 "https://porn.tw/models/luis7777hui-488.html" "Mozilla/5.0 (iPhone; CPU iPhone OS 18_7 like Mac OS X) AppleWebKit/605.1.15 (KHTML, like Gecko) Version/26.2 Mobile/15E148 Safari/604.1"
31.37.179.112 - - [29/Jan/2026:05:21:37 -0500] "GET /templates/default_tube2019/fonts/Roboto/Roboto-Black.ttf HTTP/1.1" 200 171480 "https://porn.tw/models/luis7777hui-488.html" "Mozilla/5.0 (iPhone; CPU iPhone OS 18_7 like Mac OS X) AppleWebKit/605.1.15 (KHTML, like Gecko) Version/26.2 Mobile/15E148 Safari/604.1"
31.37.179.112 - - [29/Jan/2026:05:21:37 -0500] "GET /templates/default_tube2019/fonts/fontawesome_5.7.1/fa-brands-400.woff2 HTTP/1.1" 200 72148 "https://porn.tw/models/luis7777hui-488.html" "Mozilla/5.0 (iPhone; CPU iPhone OS 18_7 like Mac OS X) AppleWebKit/605.1.15 (KHTML, like Gecko) Version/26.2 Mobile/15E148 Safari/604.1"
31.37.179.112 - - [29/Jan/2026:05:21:37 -0500] "GET /templates/default_tube2019/images/plus-solid.svg HTTP/1.1" 200 449 "https://porn.tw/models/luis7777hui-488.html" "Mozilla/5.0 (iPhone; CPU iPhone OS 18_7 like Mac OS X) AppleWebKit/605.1.15 (KHTML, like Gecko) Version/26.2 Mobile/15E148 Safari/604.1"
31.37.179.112 - - [29/Jan/2026:05:21:37 -0500] "GET /templates/default_tube2019/images/minus-solid.svg HTTP/1.1" 200 328 "https://porn.tw/models/luis7777hui-488.html" "Mozilla/5.0 (iPhone; CPU iPhone OS 18_7 like Mac OS X) AppleWebKit/605.1.15 (KHTML, like Gecko) Version/26.2 Mobile/15E148 Safari/604.1"
31.37.179.112 - - [29/Jan/2026:05:21:37 -0500] "GET /templates/default_tube2019/template.ajax_comments.php?id=488&type=1&loaded=0&time=1769682097368 HTTP/1.1" 200 133 "https://porn.tw/models/luis7777hui-488.html" "Mozilla/5.0 (iPhone; CPU iPhone OS 18_7 like Mac OS X) AppleWebKit/605.1.15 (KHTML, like Gecko) Version/26.2 Mobile/15E148 Safari/604.1"
31.37.179.112 - - [29/Jan/2026:05:21:37 -0500] "GET /templates/default_tube2019/fonts/fontawesome_5.7.1/fa-regular-400.woff2 HTTP/1.1" 200 13608 "https://porn.tw/models/luis7777hui-488.html" "Mozilla/5.0 (iPhone; CPU iPhone OS 18_7 like Mac OS X) AppleWebKit/605.1.15 (KHTML, like Gecko) Version/26.2 Mobile/15E148 Safari/604.1"
31.37.179.112 - - [29/Jan/2026:05:21:37 -0500] "GET /core/images/avatar.jpg HTTP/1.1" 200 4468 "https://porn.tw/models/luis7777hui-488.html" "Mozilla/5.0 (iPhone; CPU iPhone OS 18_7 like Mac OS X) AppleWebKit/605.1.15 (KHTML, like Gecko) Version/26.2 Mobile/15E148 Safari/604.1"
31.37.179.112 - - [29/Jan/2026:05:21:37 -0500] "GET /templates/default_tube2019/images/logo.png HTTP/1.1" 200 2157 "https://porn.tw/models/luis7777hui-488.html" "Mozilla/5.0 (iPhone; CPU iPhone OS 18_7 like Mac OS X) AppleWebKit/605.1.15 (KHTML, like Gecko) Version/26.2 Mobile/15E148 Safari/604.1"
31.37.179.112 - - [29/Jan/2026:05:21:37 -0500] "GET /media/thumbs/3/6/6/a/8/366a8495708cf1.mp4/366a8495708cf1.mp4-3.jpg HTTP/1.1" 200 8185 "https://porn.tw/models/luis7777hui-488.html" "Mozilla/5.0 (iPhone; CPU iPhone OS 18_7 like Mac OS X) AppleWebKit/605.1.15 (KHTML, like Gecko) Version/26.2 Mobile/15E148 Safari/604.1"
31.37.179.112 - - [29/Jan/2026:05:21:37 -0500] "GET /core/images/catdefault.jpg HTTP/1.1" 200 3364 "https://porn.tw/models/luis7777hui-488.html" "Mozilla/5.0 (iPhone; CPU iPhone OS 18_7 like Mac OS X) AppleWebKit/605.1.15 (KHTML, like Gecko) Version/26.2 Mobile/15E148 Safari/604.1"
31.37.179.112 - - [29/Jan/2026:05:21:37 -0500] "GET /templates/default_tube2019/images/plus-solid.svg HTTP/1.1" 200 449 "https://porn.tw/models/luis7777hui-488.html" "Mozilla/5.0 (iPhone; CPU iPhone OS 18_7 like Mac OS X) AppleWebKit/605.1.15 (KHTML, like Gecko) Version/26.2 Mobile/15E148 Safari/604.1"
31.37.179.112 - - [29/Jan/2026:05:21:37 -0500] "GET /templates/default_tube2019/images/minus-solid.svg HTTP/1.1" 200 328 "https://porn.tw/models/luis7777hui-488.html" "Mozilla/5.0 (iPhone; CPU iPhone OS 18_7 like Mac OS X) AppleWebKit/605.1.15 (KHTML, like Gecko) Version/26.2 Mobile/15E148 Safari/604.1"
31.37.179.112 - - [29/Jan/2026:05:21:37 -0500] "GET /templates/default_tube2019/images/ad-280.png HTTP/1.1" 200 73287 "https://porn.tw/models/luis7777hui-488.html" "Mozilla/5.0 (iPhone; CPU iPhone OS 18_7 like Mac OS X) AppleWebKit/605.1.15 (KHTML, like Gecko) Version/26.2 Mobile/15E148 Safari/604.1"
31.37.179.112 - - [29/Jan/2026:05:21:37 -0500] "GET /templates/default_tube2019/images/ad-280-2.png HTTP/1.1" 200 98354 "https://porn.tw/models/luis7777hui-488.html" "Mozilla/5.0 (iPhone; CPU iPhone OS 18_7 like Mac OS X) AppleWebKit/605.1.15 (KHTML, like Gecko) Version/26.2 Mobile/15E148 Safari/604.1"
31.37.179.112 - - [29/Jan/2026:05:21:37 -0500] "GET /templates/default_tube2019/images/ad-280-3.png HTTP/1.1" 200 116616 "https://porn.tw/models/luis7777hui-488.html" "Mozilla/5.0 (iPhone; CPU iPhone OS 18_7 like Mac OS X) AppleWebKit/605.1.15 (KHTML, like Gecko) Version/26.2 Mobile/15E148 Safari/604.1"
31.37.179.112 - - [29/Jan/2026:05:21:38 -0500] "GET /templates/default_tube2019/images/touch/chrome-touch-icon-192x192.png HTTP/1.1" 200 12951 "https://porn.tw/models/luis7777hui-488.html" "Mozilla/5.0 (iPhone; CPU iPhone OS 18_7 like Mac OS X) AppleWebKit/605.1.15 (KHTML, like Gecko) Version/26.2 Mobile/15E148 Safari/604.1"
31.37.179.112 - - [29/Jan/2026:05:21:38 -0500] "GET /templates/default_tube2019/images/touch/fav.png HTTP/1.1" 200 3931 "https://porn.tw/models/luis7777hui-488.html" "Mozilla/5.0 (iPhone; CPU iPhone OS 18_7 like Mac OS X) AppleWebKit/605.1.15 (KHTML, like Gecko) Version/26.2 Mobile/15E148 Safari/604.1"
220.181.51.92 - - [29/Jan/2026:05:21:40 -0500] "GET /search/throbbing-cock/rating/page3.html HTTP/1.1" 200 74660 "-" "Mozilla/5.0 (Windows NT 10.0; WOW64) AppleWebKit/537.36 (KHTML, like Gecko) Chrome/48.0.2564.116 Safari/537.36"
144.76.32.114 - - [29/Jan/2026:05:21:42 -0500] "GET /search/horny-couple/ HTTP/1.1" 200 71727 "-" "Mozilla/5.0 (compatible; SERankingBacklinksBot/1.0; +https://seranking.com/backlinks-crawler)"
217.113.194.77 - - [29/Jan/2026:05:21:44 -0500] "GET /search/webcam-porn-sensual/views/page10.html HTTP/1.1" 200 74284 "-" "Mozilla/5.0 (compatible; Barkrowler/0.9; +https://babbar.tech/crawler)"
31.37.179.112 - - [29/Jan/2026:05:21:48 -0500] "GET /media/thumbs/3/6/6/a/8/366a8495708cf1.mp4/366a8495708cf1.mp4-4.jpg HTTP/1.1" 200 9558 "https://porn.tw/models/luis7777hui-488.html" "Mozilla/5.0 (iPhone; CPU iPhone OS 18_7 like Mac OS X) AppleWebKit/605.1.15 (KHTML, like Gecko) Version/26.2 Mobile/15E148 Safari/604.1"
116.179.33.13 - - [29/Jan/2026:05:21:48 -0500] "GET /core/js/gdprJs.php HTTP/1.1" 200 1238 "https://porn.tw/search/throbbing-cock/rating/page3.html" "Mozilla/5.0 (Windows NT 10.0; Win64; x64) AppleWebKit/537.36 (KHTML, like Gecko) Chrome/99.0.4844.51 Safari/537.36"
31.37.179.112 - - [29/Jan/2026:05:21:48 -0500] "GET /media/thumbs/3/6/6/a/8/366a8495708cf1.mp4/366a8495708cf1.mp4-5.jpg HTTP/1.1" 200 7524 "https://porn.tw/models/luis7777hui-488.html" "Mozilla/5.0 (iPhone; CPU iPhone OS 18_7 like Mac OS X) AppleWebKit/605.1.15 (KHTML, like Gecko) Version/26.2 Mobile/15E148 Safari/604.1"
43.135.36.201 - - [29/Jan/2026:05:21:49 -0500] "GET /video/petitexxx-s-porn-cam-backdoor-bliss-petite-babe-s-intense-toy-exploration-3418.html HTTP/1.1" 200 55348 "-" "Mozilla/5.0 (iPhone; CPU iPhone OS 13_2_3 like Mac OS X) AppleWebKit/605.1.15 (KHTML, like Gecko) Version/13.0.3 Mobile/15E148 Safari/604.1"
31.37.179.112 - - [29/Jan/2026:05:21:49 -0500] "GET /media/thumbs/3/6/6/a/8/366a8495708cf1.mp4/366a8495708cf1.mp4-6.jpg HTTP/1.1" 200 8395 "https://porn.tw/models/luis7777hui-488.html" "Mozilla/5.0 (iPhone; CPU iPhone OS 18_7 like Mac OS X) AppleWebKit/605.1.15 (KHTML, like Gecko) Version/26.2 Mobile/15E148 Safari/604.1"
31.37.179.112 - - [29/Jan/2026:05:21:49 -0500] "GET /media/thumbs/3/6/6/a/8/366a8495708cf1.mp4/366a8495708cf1.mp4-7.jpg HTTP/1.1" 200 7897 "https://porn.tw/models/luis7777hui-488.html" "Mozilla/5.0 (iPhone; CPU iPhone OS 18_7 like Mac OS X) AppleWebKit/605.1.15 (KHTML, like Gecko) Version/26.2 Mobile/15E148 Safari/604.1"
31.37.179.112 - - [29/Jan/2026:05:21:50 -0500] "GET /media/thumbs/3/6/6/a/8/366a8495708cf1.mp4/366a8495708cf1.mp4-8.jpg HTTP/1.1" 200 7672 "https://porn.tw/models/luis7777hui-488.html" "Mozilla/5.0 (iPhone; CPU iPhone OS 18_7 like Mac OS X) AppleWebKit/605.1.15 (KHTML, like Gecko) Version/26.2 Mobile/15E148 Safari/604.1"
217.113.194.77 - - [29/Jan/2026:05:21:50 -0500] "GET /action.php?action=reportVideo&id=3517 HTTP/1.1" 200 3603 "-" "Mozilla/5.0 (compatible; Barkrowler/0.9; +https://babbar.tech/crawler)"
31.37.179.112 - - [29/Jan/2026:05:21:50 -0500] "GET /media/thumbs/3/6/6/a/8/366a8495708cf1.mp4/366a8495708cf1.mp4-9.jpg HTTP/1.1" 200 7656 "https://porn.tw/models/luis7777hui-488.html" "Mozilla/5.0 (iPhone; CPU iPhone OS 18_7 like Mac OS X) AppleWebKit/605.1.15 (KHTML, like Gecko) Version/26.2 Mobile/15E148 Safari/604.1"
31.37.179.112 - - [29/Jan/2026:05:21:51 -0500] "GET /media/thumbs/3/6/6/a/8/366a8495708cf1.mp4/366a8495708cf1.mp4-1.jpg HTTP/1.1" 200 7922 "https://porn.tw/models/luis7777hui-488.html" "Mozilla/5.0 (iPhone; CPU iPhone OS 18_7 like Mac OS X) AppleWebKit/605.1.15 (KHTML, like Gecko) Version/26.2 Mobile/15E148 Safari/604.1"
31.37.179.112 - - [29/Jan/2026:05:21:51 -0500] "GET /media/thumbs/3/6/6/a/8/366a8495708cf1.mp4/366a8495708cf1.mp4-2.jpg HTTP/1.1" 200 8431 "https://porn.tw/models/luis7777hui-488.html" "Mozilla/5.0 (iPhone; CPU iPhone OS 18_7 like Mac OS X) AppleWebKit/605.1.15 (KHTML, like Gecko) Version/26.2 Mobile/15E148 Safari/604.1"
217.113.194.75 - - [29/Jan/2026:05:22:00 -0500] "GET /search/webcam-porn-sensual/views/page9.html HTTP/1.1" 200 74179 "-" "Mozilla/5.0 (compatible; Barkrowler/0.9; +https://babbar.tech/crawler)"
3.218.103.254 - - [29/Jan/2026:05:22:01 -0500] "GET /search/cam/newest/ HTTP/1.1" 200 19581 "-" "Mozilla/5.0 AppleWebKit/537.36 (KHTML, like Gecko; compatible; Amazonbot/0.1; +https://developer.amazon.com/support/amazonbot) Chrome/119.0.6045.214 Safari/537.36"
144.76.32.114 - - [29/Jan/2026:05:22:04 -0500] "GET /search/thick-latina/ HTTP/1.1" 200 72570 "-" "Mozilla/5.0 (compatible; SERankingBacklinksBot/1.0; +https://seranking.com/backlinks-crawler)"
217.113.194.81 - - [29/Jan/2026:05:22:05 -0500] "GET /action.php?action=reportVideo&id=3521 HTTP/1.1" 200 3603 "-" "Mozilla/5.0 (compatible; Barkrowler/0.9; +https://babbar.tech/crawler)"
34.202.88.37 - - [29/Jan/2026:05:22:06 -0500] "GET /search/interactive-adult-cams/page4.html HTTP/1.1" 200 74891 "-" "Mozilla/5.0 AppleWebKit/537.36 (KHTML, like Gecko; compatible; Amazonbot/0.1; +https://developer.amazon.com/support/amazonbot) Chrome/119.0.6045.214 Safari/537.36"
114.119.154.81 - - [29/Jan/2026:05:22:09 -0500] "GET /index.php/porn-tube/page3.html HTTP/1.1" 200 98777 "https://porn.tw/index.php/porn-tube/page7.html" "Mozilla/5.0 (Linux; Android 7.0;) AppleWebKit/537.36 (KHTML, like Gecko) Mobile Safari/537.36 (compatible; PetalBot;+https://webmaster.petalsearch.com/site/petalbot)"
217.113.194.76 - - [29/Jan/2026:05:22:16 -0500] "GET /search/webcam-porn-solo/views/page11.html HTTP/1.1" 200 73886 "-" "Mozilla/5.0 (compatible; Barkrowler/0.9; +https://babbar.tech/crawler)"
220.181.108.165 - - [29/Jan/2026:05:22:16 -0500] "GET /search/miaa-palmer-longtail-porn/newest/page4.html HTTP/1.1" 403 - "-" "Mozilla/5.0 (compatible; Baiduspider/2.0; +http://www.baidu.com/search/spider.html)"
66.249.74.5 - - [29/Jan/2026:05:22:16 -0500] "GET /video/sabrinnaadams-sex-on-cam-for-you-to-see-944.html HTTP/1.1" 200 53044 "-" "Mozilla/5.0 (Linux; Android 6.0.1; Nexus 5X Build/MMB29P) AppleWebKit/537.36 (KHTML, like Gecko) Chrome/143.0.7499.192 Mobile Safari/537.36 (compatible; Googlebot/2.1; +http://www.google.com/bot.html)"
220.181.51.116 - - [29/Jan/2026:05:22:17 -0500] "GET /search/miaa-palmer-longtail-porn/newest/page4.html HTTP/1.1" 200 72207 "-" "Mozilla/5.0 (Windows NT 10.0; WOW64) AppleWebKit/537.36 (KHTML, like Gecko) Chrome/48.0.2564.116 Safari/537.36"
217.113.194.77 - - [29/Jan/2026:05:22:21 -0500] "GET /action.php?action=reportVideo&id=3513 HTTP/1.1" 200 3603 "-" "Mozilla/5.0 (compatible; Barkrowler/0.9; +https://babbar.tech/crawler)"
144.76.32.114 - - [29/Jan/2026:05:22:25 -0500] "GET /search/hot-brunette/ HTTP/1.1" 200 72576 "-" "Mozilla/5.0 (compatible; SERankingBacklinksBot/1.0; +https://seranking.com/backlinks-crawler)"
217.113.194.218 - - [29/Jan/2026:05:22:31 -0500] "GET /search/webcam-porn-solo/views/page4.html HTTP/1.1" 200 73477 "-" "Mozilla/5.0 (compatible; Barkrowler/0.9; +https://babbar.tech/crawler)"
66.249.74.4 - - [29/Jan/2026:05:22:34 -0500] "GET /search/big-tits-blonde/page7.html HTTP/1.1" 200 75114 "-" "Mozilla/5.0 (Linux; Android 6.0.1; Nexus 5X Build/MMB29P) AppleWebKit/537.36 (KHTML, like Gecko) Chrome/143.0.7499.192 Mobile Safari/537.36 (compatible; Googlebot/2.1; +http://www.google.com/bot.html)"
217.113.194.80 - - [29/Jan/2026:05:22:37 -0500] "GET /action.php?action=reportVideo&id=354 HTTP/1.1" 200 3602 "-" "Mozilla/5.0 (compatible; Barkrowler/0.9; +https://babbar.tech/crawler)"
144.76.32.114 - - [29/Jan/2026:05:22:44 -0500] "GET /search/tiffanybells/ HTTP/1.1" 200 22236 "-" "Mozilla/5.0 (compatible; SERankingBacklinksBot/1.0; +https://seranking.com/backlinks-crawler)"
217.113.194.80 - - [29/Jan/2026:05:22:47 -0500] "GET /search/webcam-porn-solo/newest/page15.html HTTP/1.1" 200 71633 "-" "Mozilla/5.0 (compatible; Barkrowler/0.9; +https://babbar.tech/crawler)"
47.128.22.72 - - [29/Jan/2026:05:22:49 -0500] "GET /search/webcam/newest/ HTTP/1.1" 200 73171 "-" "Mozilla/5.0 (compatible; Bytespider; spider-feedback@bytedance.com) AppleWebKit/537.36 (KHTML, like Gecko) Chrome/70.0.0.0 Safari/537.36"
47.128.22.72 - - [29/Jan/2026:05:22:50 -0500] "GET /media/thumbs/7/6/8/6/7/768676cec4cb65.mp4/768676cec4cb65.mp4-8.jpg HTTP/1.1" 206 500 "https://porn.tw/search/webcam/newest/" "Mozilla/5.0 (compatible; Bytespider; spider-feedback@bytedance.com) AppleWebKit/537.36 (KHTML, like Gecko) Chrome/70.0.0.0 Safari/537.36"
47.128.22.72 - - [29/Jan/2026:05:22:50 -0500] "GET /media/thumbs/9/6/8/6/8/968687287c1cb9.mp4/968687287c1cb9.mp4-8.jpg HTTP/1.1" 206 500 "https://porn.tw/search/webcam/newest/" "Mozilla/5.0 (compatible; Bytespider; spider-feedback@bytedance.com) AppleWebKit/537.36 (KHTML, like Gecko) Chrome/70.0.0.0 Safari/537.36"
47.128.22.72 - - [29/Jan/2026:05:22:50 -0500] "GET /media/thumbs/9/6/8/6/7/968671445c3dda.mp4/968671445c3dda.mp4-3.jpg HTTP/1.1" 206 500 "https://porn.tw/search/webcam/newest/" "Mozilla/5.0 (compatible; Bytespider; spider-feedback@bytedance.com) AppleWebKit/537.36 (KHTML, like Gecko) Chrome/70.0.0.0 Safari/537.36"
47.128.22.72 - - [29/Jan/2026:05:22:51 -0500] "GET /media/thumbs/7/6/8/6/7/7686745f2570f6.mp4/7686745f2570f6.mp4-3.jpg HTTP/1.1" 206 500 "https://porn.tw/search/webcam/newest/" "Mozilla/5.0 (compatible; Bytespider; spider-feedback@bytedance.com) AppleWebKit/537.36 (KHTML, like Gecko) Chrome/70.0.0.0 Safari/537.36"
47.128.22.72 - - [29/Jan/2026:05:22:51 -0500] "GET /media/thumbs/9/6/8/6/8/9686861bbf22fe.mp4/9686861bbf22fe.mp4-3.jpg HTTP/1.1" 206 500 "https://porn.tw/search/webcam/newest/" "Mozilla/5.0 (compatible; Bytespider; spider-feedback@bytedance.com) AppleWebKit/537.36 (KHTML, like Gecko) Chrome/70.0.0.0 Safari/537.36"
47.128.22.72 - - [29/Jan/2026:05:22:51 -0500] "GET /media/thumbs/9/6/8/6/5/96865db9b356f9.mp4/96865db9b356f9.mp4-3.jpg HTTP/1.1" 206 500 "https://porn.tw/search/webcam/newest/" "Mozilla/5.0 (compatible; Bytespider; spider-feedback@bytedance.com) AppleWebKit/537.36 (KHTML, like Gecko) Chrome/70.0.0.0 Safari/537.36"
47.128.22.72 - - [29/Jan/2026:05:22:51 -0500] "GET /media/thumbs/9/6/8/6/7/9686725cc67965.mp4/9686725cc67965.mp4-3.jpg HTTP/1.1" 206 500 "https://porn.tw/search/webcam/newest/" "Mozilla/5.0 (compatible; Bytespider; spider-feedback@bytedance.com) AppleWebKit/537.36 (KHTML, like Gecko) Chrome/70.0.0.0 Safari/537.36"
47.128.22.72 - - [29/Jan/2026:05:22:51 -0500] "GET /media/thumbs/7/6/8/6/6/7686612ce0807d.mp4/7686612ce0807d.mp4-3.jpg HTTP/1.1" 206 500 "https://porn.tw/search/webcam/newest/" "Mozilla/5.0 (compatible; Bytespider; spider-feedback@bytedance.com) AppleWebKit/537.36 (KHTML, like Gecko) Chrome/70.0.0.0 Safari/537.36"
47.128.22.72 - - [29/Jan/2026:05:22:51 -0500] "GET /media/thumbs/9/6/8/8/6/96886d4ef05f72.mp4/96886d4ef05f72.mp4-3.jpg HTTP/1.1" 206 500 "https://porn.tw/search/webcam/newest/" "Mozilla/5.0 (compatible; Bytespider; spider-feedback@bytedance.com) AppleWebKit/537.36 (KHTML, like Gecko) Chrome/70.0.0.0 Safari/537.36"
47.128.22.72 - - [29/Jan/2026:05:22:51 -0500] "GET /media/thumbs/9/6/8/6/5/96865c7a7c57dc.mp4/96865c7a7c57dc.mp4-8.jpg HTTP/1.1" 206 500 "https://porn.tw/search/webcam/newest/" "Mozilla/5.0 (compatible; Bytespider; spider-feedback@bytedance.com) AppleWebKit/537.36 (KHTML, like Gecko) Chrome/70.0.0.0 Safari/537.36"
47.128.22.72 - - [29/Jan/2026:05:22:51 -0500] "GET /media/thumbs/7/6/8/6/6/76866265e99465.mp4/76866265e99465.mp4-5.jpg HTTP/1.1" 206 500 "https://porn.tw/search/webcam/newest/" "Mozilla/5.0 (compatible; Bytespider; spider-feedback@bytedance.com) AppleWebKit/537.36 (KHTML, like Gecko) Chrome/70.0.0.0 Safari/537.36"
47.128.22.72 - - [29/Jan/2026:05:22:51 -0500] "GET /media/thumbs/9/6/8/8/5/968858dde0fd10.mp4/968858dde0fd10.mp4-3.jpg HTTP/1.1" 206 500 "https://porn.tw/search/webcam/newest/" "Mozilla/5.0 (compatible; Bytespider; spider-feedback@bytedance.com) AppleWebKit/537.36 (KHTML, like Gecko) Chrome/70.0.0.0 Safari/537.36"
47.128.22.72 - - [29/Jan/2026:05:22:51 -0500] "GET /media/thumbs/9/6/8/8/6/96886b772b55dd.mp4/96886b772b55dd.mp4-8.jpg HTTP/1.1" 206 500 "https://porn.tw/search/webcam/newest/" "Mozilla/5.0 (compatible; Bytespider; spider-feedback@bytedance.com) AppleWebKit/537.36 (KHTML, like Gecko) Chrome/70.0.0.0 Safari/537.36"
47.128.22.72 - - [29/Jan/2026:05:22:51 -0500] "GET /media/thumbs/9/6/8/8/8/9688832d8e062c.mp4/9688832d8e062c.mp4-3.jpg HTTP/1.1" 206 500 "https://porn.tw/search/webcam/newest/" "Mozilla/5.0 (compatible; Bytespider; spider-feedback@bytedance.com) AppleWebKit/537.36 (KHTML, like Gecko) Chrome/70.0.0.0 Safari/537.36"
47.128.22.72 - - [29/Jan/2026:05:22:51 -0500] "GET /media/thumbs/9/6/8/8/5/9688571ee9f923.mp4/9688571ee9f923.mp4-3.jpg HTTP/1.1" 206 500 "https://porn.tw/search/webcam/newest/" "Mozilla/5.0 (compatible; Bytespider; spider-feedback@bytedance.com) AppleWebKit/537.36 (KHTML, like Gecko) Chrome/70.0.0.0 Safari/537.36"
47.128.22.72 - - [29/Jan/2026:05:22:51 -0500] "GET /media/thumbs/9/6/8/9/c/9689c00ec13343.mp4/9689c00ec13343.mp4-2.jpg HTTP/1.1" 206 500 "https://porn.tw/search/webcam/newest/" "Mozilla/5.0 (compatible; Bytespider; spider-feedback@bytedance.com) AppleWebKit/537.36 (KHTML, like Gecko) Chrome/70.0.0.0 Safari/537.36"
47.128.22.72 - - [29/Jan/2026:05:22:51 -0500] "GET /media/thumbs/7/6/8/9/d/7689da035cfa13.mp4/7689da035cfa13.mp4-1.jpg HTTP/1.1" 206 500 "https://porn.tw/search/webcam/newest/" "Mozilla/5.0 (compatible; Bytespider; spider-feedback@bytedance.com) AppleWebKit/537.36 (KHTML, like Gecko) Chrome/70.0.0.0 Safari/537.36"
47.128.22.72 - - [29/Jan/2026:05:22:52 -0500] "GET /media/thumbs/7/6/8/9/a/7689ae564deb8c.mp4/7689ae564deb8c.mp4-2.jpg HTTP/1.1" 206 500 "https://porn.tw/search/webcam/newest/" "Mozilla/5.0 (compatible; Bytespider; spider-feedback@bytedance.com) AppleWebKit/537.36 (KHTML, like Gecko) Chrome/70.0.0.0 Safari/537.36"
47.128.22.72 - - [29/Jan/2026:05:22:52 -0500] "GET /media/thumbs/7/6/8/9/a/7689ac0dfd1c67.mp4/7689ac0dfd1c67.mp4-5.jpg HTTP/1.1" 206 500 "https://porn.tw/search/webcam/newest/" "Mozilla/5.0 (compatible; Bytespider; spider-feedback@bytedance.com) AppleWebKit/537.36 (KHTML, like Gecko) Chrome/70.0.0.0 Safari/537.36"
47.128.22.72 - - [29/Jan/2026:05:22:52 -0500] "GET /media/thumbs/7/6/8/8/4/76884b74d37920.mp4/76884b74d37920.mp4-6.jpg HTTP/1.1" 206 500 "https://porn.tw/search/webcam/newest/" "Mozilla/5.0 (compatible; Bytespider; spider-feedback@bytedance.com) AppleWebKit/537.36 (KHTML, like Gecko) Chrome/70.0.0.0 Safari/537.36"
47.128.22.72 - - [29/Jan/2026:05:22:52 -0500] "GET /media/thumbs/7/6/8/a/0/768a0589fb8e05.mp4/768a0589fb8e05.mp4-4.jpg HTTP/1.1" 206 500 "https://porn.tw/search/webcam/newest/" "Mozilla/5.0 (compatible; Bytespider; spider-feedback@bytedance.com) AppleWebKit/537.36 (KHTML, like Gecko) Chrome/70.0.0.0 Safari/537.36"
47.128.22.72 - - [29/Jan/2026:05:22:52 -0500] "GET /media/thumbs/7/6/8/9/f/7689f0b1391317.mp4/7689f0b1391317.mp4-5.jpg HTTP/1.1" 206 500 "https://porn.tw/search/webcam/newest/" "Mozilla/5.0 (compatible; Bytespider; spider-feedback@bytedance.com) AppleWebKit/537.36 (KHTML, like Gecko) Chrome/70.0.0.0 Safari/537.36"
47.128.22.72 - - [29/Jan/2026:05:22:52 -0500] "GET /media/thumbs/7/6/8/a/0/768a06f9e99c64.mp4/768a06f9e99c64.mp4-1.jpg HTTP/1.1" 206 500 "https://porn.tw/search/webcam/newest/" "Mozilla/5.0 (compatible; Bytespider; spider-feedback@bytedance.com) AppleWebKit/537.36 (KHTML, like Gecko) Chrome/70.0.0.0 Safari/537.36"
47.128.22.72 - - [29/Jan/2026:05:22:52 -0500] "GET /media/thumbs/9/6/8/8/8/968880f9a1c2c4.mp4/968880f9a1c2c4.mp4-3.jpg HTTP/1.1" 206 500 "https://porn.tw/search/webcam/newest/" "Mozilla/5.0 (compatible; Bytespider; spider-feedback@bytedance.com) AppleWebKit/537.36 (KHTML, like Gecko) Chrome/70.0.0.0 Safari/537.36"
47.128.22.72 - - [29/Jan/2026:05:22:52 -0500] "GET /media/thumbs/9/6/8/8/4/96884ae1ea7831.mp4/96884ae1ea7831.mp4-3.jpg HTTP/1.1" 206 500 "https://porn.tw/search/webcam/newest/" "Mozilla/5.0 (compatible; Bytespider; spider-feedback@bytedance.com) AppleWebKit/537.36 (KHTML, like Gecko) Chrome/70.0.0.0 Safari/537.36"
217.113.194.80 - - [29/Jan/2026:05:22:52 -0500] "GET /action.php?action=reportVideo&id=1385 HTTP/1.1" 200 3603 "-" "Mozilla/5.0 (compatible; Barkrowler/0.9; +https://babbar.tech/crawler)"
47.128.22.72 - - [29/Jan/2026:05:22:52 -0500] "GET /media/thumbs/9/6/8/8/4/968841a42d6c9e.mp4/968841a42d6c9e.mp4-3.jpg HTTP/1.1" 206 500 "https://porn.tw/search/webcam/newest/" "Mozilla/5.0 (compatible; Bytespider; spider-feedback@bytedance.com) AppleWebKit/537.36 (KHTML, like Gecko) Chrome/70.0.0.0 Safari/537.36"
47.128.22.72 - - [29/Jan/2026:05:22:52 -0500] "GET /media/thumbs/9/6/8/8/2/96882cba78dd73.mp4/96882cba78dd73.mp4-4.jpg HTTP/1.1" 206 500 "https://porn.tw/search/webcam/newest/" "Mozilla/5.0 (compatible; Bytespider; spider-feedback@bytedance.com) AppleWebKit/537.36 (KHTML, like Gecko) Chrome/70.0.0.0 Safari/537.36"
47.128.22.72 - - [29/Jan/2026:05:22:52 -0500] "GET /media/thumbs/7/6/8/8/3/7688343614393d.mp4/7688343614393d.mp4-5.jpg HTTP/1.1" 206 500 "https://porn.tw/search/webcam/newest/" "Mozilla/5.0 (compatible; Bytespider; spider-feedback@bytedance.com) AppleWebKit/537.36 (KHTML, like Gecko) Chrome/70.0.0.0 Safari/537.36"
47.128.22.72 - - [29/Jan/2026:05:22:52 -0500] "GET /media/thumbs/9/6/8/a/c/968ac939fb21ca.mp4/968ac939fb21ca.mp4-7.jpg HTTP/1.1" 206 500 "https://porn.tw/search/webcam/newest/" "Mozilla/5.0 (compatible; Bytespider; spider-feedback@bytedance.com) AppleWebKit/537.36 (KHTML, like Gecko) Chrome/70.0.0.0 Safari/537.36"
47.128.22.72 - - [29/Jan/2026:05:22:52 -0500] "GET /media/thumbs/9/6/8/7/7/9687700be606be.mp4/9687700be606be.mp4-5.jpg HTTP/1.1" 206 500 "https://porn.tw/search/webcam/newest/" "Mozilla/5.0 (compatible; Bytespider; spider-feedback@bytedance.com) AppleWebKit/537.36 (KHTML, like Gecko) Chrome/70.0.0.0 Safari/537.36"
47.128.22.72 - - [29/Jan/2026:05:22:53 -0500] "GET /media/thumbs/9/6/8/7/6/96876e2f82d494.mp4/96876e2f82d494.mp4-3.jpg HTTP/1.1" 206 500 "https://porn.tw/search/webcam/newest/" "Mozilla/5.0 (compatible; Bytespider; spider-feedback@bytedance.com) AppleWebKit/537.36 (KHTML, like Gecko) Chrome/70.0.0.0 Safari/537.36"
47.128.22.72 - - [29/Jan/2026:05:22:53 -0500] "GET /media/thumbs/9/6/8/a/d/968ad206990195.mp4/968ad206990195.mp4-3.jpg HTTP/1.1" 206 500 "https://porn.tw/search/webcam/newest/" "Mozilla/5.0 (compatible; Bytespider; spider-feedback@bytedance.com) AppleWebKit/537.36 (KHTML, like Gecko) Chrome/70.0.0.0 Safari/537.36"
47.128.22.72 - - [29/Jan/2026:05:22:53 -0500] "GET /media/thumbs/9/6/8/a/c/968ac84d02f388.mp4/968ac84d02f388.mp4-3.jpg HTTP/1.1" 206 500 "https://porn.tw/search/webcam/newest/" "Mozilla/5.0 (compatible; Bytespider; spider-feedback@bytedance.com) AppleWebKit/537.36 (KHTML, like Gecko) Chrome/70.0.0.0 Safari/537.36"
47.128.22.72 - - [29/Jan/2026:05:22:53 -0500] "GET /media/thumbs/7/6/8/7/7/7687756a2336dc.mp4/7687756a2336dc.mp4-8.jpg HTTP/1.1" 206 500 "https://porn.tw/search/webcam/newest/" "Mozilla/5.0 (compatible; Bytespider; spider-feedback@bytedance.com) AppleWebKit/537.36 (KHTML, like Gecko) Chrome/70.0.0.0 Safari/537.36"
47.128.22.72 - - [29/Jan/2026:05:22:53 -0500] "GET /media/thumbs/9/6/8/5/9/968592ffd3c961.mp4/968592ffd3c961.mp4-3.jpg HTTP/1.1" 206 500 "https://porn.tw/search/webcam/newest/" "Mozilla/5.0 (compatible; Bytespider; spider-feedback@bytedance.com) AppleWebKit/537.36 (KHTML, like Gecko) Chrome/70.0.0.0 Safari/537.36"
47.128.22.72 - - [29/Jan/2026:05:22:53 -0500] "GET /media/thumbs/9/6/8/a/e/968ae740c05d07.mp4/968ae740c05d07.mp4-2.jpg HTTP/1.1" 206 500 "https://porn.tw/search/webcam/newest/" "Mozilla/5.0 (compatible; Bytespider; spider-feedback@bytedance.com) AppleWebKit/537.36 (KHTML, like Gecko) Chrome/70.0.0.0 Safari/537.36"
47.128.22.72 - - [29/Jan/2026:05:22:53 -0500] "GET /media/thumbs/7/6/8/5/7/768579d0d7e09b.mp4/768579d0d7e09b.mp4-7.jpg HTTP/1.1" 206 500 "https://porn.tw/search/webcam/newest/" "Mozilla/5.0 (compatible; Bytespider; spider-feedback@bytedance.com) AppleWebKit/537.36 (KHTML, like Gecko) Chrome/70.0.0.0 Safari/537.36"
47.128.22.72 - - [29/Jan/2026:05:22:53 -0500] "GET /media/thumbs/9/6/8/5/8/968580568c7977.mp4/968580568c7977.mp4-3.jpg HTTP/1.1" 206 500 "https://porn.tw/search/webcam/newest/" "Mozilla/5.0 (compatible; Bytespider; spider-feedback@bytedance.com) AppleWebKit/537.36 (KHTML, like Gecko) Chrome/70.0.0.0 Safari/537.36"
47.128.22.72 - - [29/Jan/2026:05:22:53 -0500] "GET /media/thumbs/7/6/8/5/6/7685628d6976ac.mp4/7685628d6976ac.mp4-3.jpg HTTP/1.1" 206 500 "https://porn.tw/search/webcam/newest/" "Mozilla/5.0 (compatible; Bytespider; spider-feedback@bytedance.com) AppleWebKit/537.36 (KHTML, like Gecko) Chrome/70.0.0.0 Safari/537.36"
47.128.22.72 - - [29/Jan/2026:05:22:53 -0500] "GET /media/thumbs/9/6/8/5/6/96856bd1a766a9.mp4/96856bd1a766a9.mp4-3.jpg HTTP/1.1" 206 500 "https://porn.tw/search/webcam/newest/" "Mozilla/5.0 (compatible; Bytespider; spider-feedback@bytedance.com) AppleWebKit/537.36 (KHTML, like Gecko) Chrome/70.0.0.0 Safari/537.36"
47.128.22.72 - - [29/Jan/2026:05:22:53 -0500] "GET /media/thumbs/9/6/8/5/5/9685577c05b9ff.mp4/9685577c05b9ff.mp4-3.jpg HTTP/1.1" 206 500 "https://porn.tw/search/webcam/newest/" "Mozilla/5.0 (compatible; Bytespider; spider-feedback@bytedance.com) AppleWebKit/537.36 (KHTML, like Gecko) Chrome/70.0.0.0 Safari/537.36"
116.179.32.170 - - [29/Jan/2026:05:22:59 -0500] "GET /search/naughty-webcam-babe/page2.html HTTP/1.1" 403 - "-" "Mozilla/5.0 (compatible; Baiduspider/2.0; +http://www.baidu.com/search/spider.html)"
217.113.194.75 - - [29/Jan/2026:05:23:02 -0500] "GET /search/webcam-porn-solo/newest/page14.html HTTP/1.1" 200 70979 "-" "Mozilla/5.0 (compatible; Barkrowler/0.9; +https://babbar.tech/crawler)"
144.76.32.114 - - [29/Jan/2026:05:23:03 -0500] "GET /search/hot-live-cam/ HTTP/1.1" 200 74825 "-" "Mozilla/5.0 (compatible; SERankingBacklinksBot/1.0; +https://seranking.com/backlinks-crawler)"
217.113.194.72 - - [29/Jan/2026:05:23:08 -0500] "GET /action.php?action=reportVideo&id=2807 HTTP/1.1" 200 3603 "-" "Mozilla/5.0 (compatible; Barkrowler/0.9; +https://babbar.tech/crawler)"
217.113.194.81 - - [29/Jan/2026:05:23:18 -0500] "GET /search/webcam-porn-solo/rating/page13.html HTTP/1.1" 200 75300 "-" "Mozilla/5.0 (compatible; Barkrowler/0.9; +https://babbar.tech/crawler)"
144.76.32.114 - - [29/Jan/2026:05:23:22 -0500] "GET /search/trans-couple/ HTTP/1.1" 200 72278 "-" "Mozilla/5.0 (compatible; SERankingBacklinksBot/1.0; +https://seranking.com/backlinks-crawler)"
217.113.194.72 - - [29/Jan/2026:05:23:24 -0500] "GET /action.php?action=reportVideo&id=2804 HTTP/1.1" 200 3603 "-" "Mozilla/5.0 (compatible; Barkrowler/0.9; +https://babbar.tech/crawler)"
114.119.150.49 - - [29/Jan/2026:05:23:32 -0500] "GET /action.php?action=reportVideo&id=3257 HTTP/1.1" 200 3599 "https://porn.tw/video/beellaaadamss-free-webcam-fiery-redhead-milf-masturbates-3257.html" "Mozilla/5.0 (Linux; Android 7.0;) AppleWebKit/537.36 (KHTML, like Gecko) Mobile Safari/537.36 (compatible; PetalBot;+https://webmaster.petalsearch.com/site/petalbot)"
217.113.194.74 - - [29/Jan/2026:05:23:34 -0500] "GET /search/webcam-porn-seductive/page4.html HTTP/1.1" 200 71388 "-" "Mozilla/5.0 (compatible; Barkrowler/0.9; +https://babbar.tech/crawler)"
217.113.194.218 - - [29/Jan/2026:05:23:39 -0500] "GET /action.php?action=reportVideo&id=2867 HTTP/1.1" 200 3603 "-" "Mozilla/5.0 (compatible; Barkrowler/0.9; +https://babbar.tech/crawler)"
144.76.32.114 - - [29/Jan/2026:05:23:40 -0500] "GET /search/hot-wax-play/ HTTP/1.1" 200 74635 "-" "Mozilla/5.0 (compatible; SERankingBacklinksBot/1.0; +https://seranking.com/backlinks-crawler)"
119.249.100.180 - - [29/Jan/2026:05:23:42 -0500] "GET /search/latina-babe/rating/page9.html HTTP/1.1" 200 75346 "-" "Mozilla/5.0 (Windows NT 10.0; WOW64) AppleWebKit/537.36 (KHTML, like Gecko) Chrome/48.0.2564.116 Safari/537.36"
43.157.22.109 - - [29/Jan/2026:05:23:47 -0500] "GET / HTTP/1.1" 200 98681 "http://porn.tw" "Mozilla/5.0 (iPhone; CPU iPhone OS 13_2_3 like Mac OS X) AppleWebKit/605.1.15 (KHTML, like Gecko) Version/13.0.3 Mobile/15E148 Safari/604.1"
66.249.74.4 - - [29/Jan/2026:05:23:49 -0500] "GET /media/thumbs/1/9/6/7/4/19674a6eef00d79.mp4/vtt_043.jpg HTTP/1.1" 200 1011 "-" "Googlebot-Image/1.0"
217.113.194.77 - - [29/Jan/2026:05:23:49 -0500] "GET /search/webcam-porn-seductive/newest/ HTTP/1.1" 200 73302 "-" "Mozilla/5.0 (compatible; Barkrowler/0.9; +https://babbar.tech/crawler)"
217.113.194.78 - - [29/Jan/2026:05:23:55 -0500] "GET /action.php?action=reportVideo&id=2877 HTTP/1.1" 200 3603 "-" "Mozilla/5.0 (compatible; Barkrowler/0.9; +https://babbar.tech/crawler)"
85.208.96.206 - - [29/Jan/2026:05:23:55 -0500] "GET /action.php?action=add_favorites&id=1498 HTTP/1.1" 403 - "-" "Mozilla/5.0 (compatible; SemrushBot/7~bl; +http://www.semrush.com/bot.html)"
144.76.32.114 - - [29/Jan/2026:05:23:58 -0500] "GET /search/valeriabunny/ HTTP/1.1" 200 19933 "-" "Mozilla/5.0 (compatible; SERankingBacklinksBot/1.0; +https://seranking.com/backlinks-crawler)"
66.249.74.5 - - [29/Jan/2026:05:24:02 -0500] "GET /video/sexy-babe-fucks-her-wet-pussy-in-doggy-position-997.html HTTP/1.1" 200 53045 "-" "Mozilla/5.0 (Linux; Android 6.0.1; Nexus 5X Build/MMB29P) AppleWebKit/537.36 (KHTML, like Gecko) Chrome/143.0.7499.192 Mobile Safari/537.36 (compatible; Googlebot/2.1; +http://www.google.com/bot.html)"
217.113.194.75 - - [29/Jan/2026:05:24:05 -0500] "GET /search/webcam-sexy-tease/newest/page2.html HTTP/1.1" 200 74737 "-" "Mozilla/5.0 (compatible; Barkrowler/0.9; +https://babbar.tech/crawler)"
66.249.74.5 - - [29/Jan/2026:05:24:07 -0500] "GET /uploads-by-user/94/?photos=1 HTTP/1.1" 200 23109 "-" "Mozilla/5.0 (Linux; Android 6.0.1; Nexus 5X Build/MMB29P) AppleWebKit/537.36 (KHTML, like Gecko) Chrome/143.0.7499.192 Mobile Safari/537.36 (compatible; Googlebot/2.1; +http://www.google.com/bot.html)"
66.249.74.5 - - [29/Jan/2026:05:24:10 -0500] "GET /video/stella-grace-blonde-dildo-fucking-with-her-tight-ass-with-a-gspot-massager-lush-3-inside-hanging-out-her-pink-lips-1545.html HTTP/1.1" 200 58424 "-" "Mozilla/5.0 (Linux; Android 6.0.1; Nexus 5X Build/MMB29P) AppleWebKit/537.36 (KHTML, like Gecko) Chrome/143.0.7499.192 Mobile Safari/537.36 (compatible; Googlebot/2.1; +http://www.google.com/bot.html)"
154.54.249.200 - - [29/Jan/2026:05:24:11 -0500] "GET /action.php?action=reportVideo&id=2854 HTTP/1.1" 200 3603 "-" "Mozilla/5.0 (compatible; Barkrowler/0.9; +https://babbar.tech/crawler)"
144.76.32.114 - - [29/Jan/2026:05:24:16 -0500] "GET /search/intense-oral/ HTTP/1.1" 200 76655 "-" "Mozilla/5.0 (compatible; SERankingBacklinksBot/1.0; +https://seranking.com/backlinks-crawler)"
66.249.74.4 - - [29/Jan/2026:05:24:18 -0500] "GET /video/beautiful-girl-playing-dildo-1670.html HTTP/1.1" 200 53658 "-" "Mozilla/5.0 (Linux; Android 6.0.1; Nexus 5X Build/MMB29P) AppleWebKit/537.36 (KHTML, like Gecko) Chrome/143.0.7499.192 Mobile Safari/537.36 (compatible; Googlebot/2.1; +http://www.google.com/bot.html)"
47.128.109.62 - - [29/Jan/2026:05:24:18 -0500] "GET /robots.txt HTTP/1.1" 200 243 "-" "Mozilla/5.0 (Linux; Android 5.0) AppleWebKit/537.36 (KHTML, like Gecko) Mobile Safari/537.36 (compatible; Bytespider; spider-feedback@bytedance.com)"
217.113.194.75 - - [29/Jan/2026:05:24:20 -0500] "GET /search/webcam-sexy-tease/newest/page6.html HTTP/1.1" 200 74364 "-" "Mozilla/5.0 (compatible; Barkrowler/0.9; +https://babbar.tech/crawler)"
116.179.32.134 - - [29/Jan/2026:05:24:20 -0500] "GET /uploads-by-user/22/?photos=1 HTTP/1.1" 403 - "-" "Mozilla/5.0 (compatible; Baiduspider/2.0; +http://www.baidu.com/search/spider.html)"
220.181.51.92 - - [29/Jan/2026:05:24:22 -0500] "GET /uploads-by-user/22/?photos=1 HTTP/1.1" 200 23467 "-" "Mozilla/5.0 (Windows NT 10.0; WOW64) AppleWebKit/537.36 (KHTML, like Gecko) Chrome/48.0.2564.116 Safari/537.36"
217.113.194.79 - - [29/Jan/2026:05:24:26 -0500] "GET /action.php?action=reportVideo&id=3196 HTTP/1.1" 200 3603 "-" "Mozilla/5.0 (compatible; Barkrowler/0.9; +https://babbar.tech/crawler)"
116.179.33.207 - - [29/Jan/2026:05:24:31 -0500] "GET /core/js/ageWarningJs.php HTTP/1.1" 200 1041 "https://www.porn.tw/uploads-by-user/22/?photos=1" "Mozilla/5.0 (Windows NT 10.0; Win64; x64) AppleWebKit/537.36 (KHTML, like Gecko) Chrome/99.0.4844.51 Safari/537.36"
144.76.32.114 - - [29/Jan/2026:05:24:34 -0500] "GET /search/webcam-model/ HTTP/1.1" 200 72290 "-" "Mozilla/5.0 (compatible; SERankingBacklinksBot/1.0; +https://seranking.com/backlinks-crawler)"
217.113.194.78 - - [29/Jan/2026:05:24:36 -0500] "GET /search/webcam-sexy-tease/views/page10.html HTTP/1.1" 200 73793 "-" "Mozilla/5.0 (compatible; Barkrowler/0.9; +https://babbar.tech/crawler)"
217.113.194.74 - - [29/Jan/2026:05:24:42 -0500] "GET /action.php?action=reportVideo&id=3186 HTTP/1.1" 200 3603 "-" "Mozilla/5.0 (compatible; Barkrowler/0.9; +https://babbar.tech/crawler)"
144.76.32.114 - - [29/Jan/2026:05:24:51 -0500] "GET /search/intense-ride/ HTTP/1.1" 200 76432 "-" "Mozilla/5.0 (compatible; SERankingBacklinksBot/1.0; +https://seranking.com/backlinks-crawler)"
217.113.194.73 - - [29/Jan/2026:05:24:51 -0500] "GET /search/webcam-sexy-tease/views/page9.html HTTP/1.1" 200 74441 "-" "Mozilla/5.0 (compatible; Barkrowler/0.9; +https://babbar.tech/crawler)"
217.113.194.74 - - [29/Jan/2026:05:24:57 -0500] "GET /action.php?action=reportVideo&id=3194 HTTP/1.1" 200 3603 "-" "Mozilla/5.0 (compatible; Barkrowler/0.9; +https://babbar.tech/crawler)"
114.119.159.129 - - [29/Jan/2026:05:24:57 -0500] "GET /action.php?action=reportVideo&id=2798 HTTP/1.1" 200 3599 "https://porn.tw/video/mari-anna-babe-deepthroats-her-lover-s-thick-cock-2798.html" "Mozilla/5.0 (Linux; Android 7.0;) AppleWebKit/537.36 (KHTML, like Gecko) Mobile Safari/537.36 (compatible; PetalBot;+https://webmaster.petalsearch.com/site/petalbot)"
220.181.108.166 - - [29/Jan/2026:05:25:03 -0500] "GET /search/creambaby1-webcam/views/page9.html HTTP/1.1" 403 - "-" "Mozilla/5.0 (compatible; Baiduspider/2.0; +http://www.baidu.com/search/spider.html)"
217.113.194.78 - - [29/Jan/2026:05:25:07 -0500] "GET /search/webcam-control-masturbating/page5.html HTTP/1.1" 200 78442 "-" "Mozilla/5.0 (compatible; Barkrowler/0.9; +https://babbar.tech/crawler)"
66.249.74.4 - - [29/Jan/2026:05:25:07 -0500] "GET /video/victoriabalee-spread-and-cums-2363.html HTTP/1.1" 200 54066 "-" "Mozilla/5.0 (Linux; Android 6.0.1; Nexus 5X Build/MMB29P) AppleWebKit/537.36 (KHTML, like Gecko) Chrome/143.0.7499.192 Mobile Safari/537.36 (compatible; Googlebot/2.1; +http://www.google.com/bot.html)"
144.76.32.114 - - [29/Jan/2026:05:25:08 -0500] "GET /search/webcam-shows/ HTTP/1.1" 200 71913 "-" "Mozilla/5.0 (compatible; SERankingBacklinksBot/1.0; +https://seranking.com/backlinks-crawler)"
66.249.74.5 - - [29/Jan/2026:05:25:09 -0500] "GET /templates/default_tube2019/template.ajax_comments.php?id=2363&type=0&loaded=0&time=1767744000000 HTTP/1.1" 200 133 "https://porn.tw/video/victoriabalee-spread-and-cums-2363.html" "Mozilla/5.0 (Linux; Android 6.0.1; Nexus 5X Build/MMB29P) AppleWebKit/537.36 (KHTML, like Gecko) Chrome/143.0.7499.192 Mobile Safari/537.36 (compatible; Googlebot/2.1; +http://www.google.com/bot.html)"
217.113.194.79 - - [29/Jan/2026:05:25:13 -0500] "GET /action.php?action=reportVideo&id=3151 HTTP/1.1" 200 3603 "-" "Mozilla/5.0 (compatible; Barkrowler/0.9; +https://babbar.tech/crawler)"
