66.249.74.5 - - [29/Jan/2026:05:00:24 -0500] "GET /search/queenqadesh-adult-performance/rating/ HTTP/1.1" 200 74925 "-" "Mozilla/5.0 (Linux; Android 6.0.1; Nexus 5X Build/MMB29P) AppleWebKit/537.36 (KHTML, like Gecko) Chrome/143.0.7499.192 Mobile Safari/537.36 (compatible; Googlebot/2.1; +http://www.google.com/bot.html)"
66.249.74.4 - - [29/Jan/2026:05:00:25 -0500] "GET /search/temptress-girl-tease/page2.html HTTP/1.1" 200 74297 "-" "Mozilla/5.0 (Linux; Android 6.0.1; Nexus 5X Build/MMB29P) AppleWebKit/537.36 (KHTML, like Gecko) Chrome/143.0.7499.192 Mobile Safari/537.36 (compatible; Googlebot/2.1; +http://www.google.com/bot.html)"
220.181.51.90 - - [29/Jan/2026:05:00:29 -0500] "GET /search/masturbating/ HTTP/1.1" 200 66282 "-" "Mozilla/5.0 (Windows NT 10.0; WOW64) AppleWebKit/537.36 (KHTML, like Gecko) Chrome/48.0.2564.116 Safari/537.36"
217.113.194.78 - - [29/Jan/2026:05:00:33 -0500] "GET /search/blonde-oral-porn/rating/page5.html HTTP/1.1" 200 70740 "-" "Mozilla/5.0 (compatible; Barkrowler/0.9; +https://babbar.tech/crawler)"
154.54.249.200 - - [29/Jan/2026:05:00:37 -0500] "GET /action.php?action=reportVideo&id=3443 HTTP/1.1" 200 3603 "-" "Mozilla/5.0 (compatible; Barkrowler/0.9; +https://babbar.tech/crawler)"
116.179.32.178 - - [29/Jan/2026:05:00:42 -0500] "GET /search/big-cock/views/page1.html HTTP/1.1" 403 - "-" "Mozilla/5.0 (compatible; Baiduspider/2.0; +http://www.baidu.com/search/spider.html)"
119.249.100.175 - - [29/Jan/2026:05:00:43 -0500] "GET /search/big-cock/views/page1.html HTTP/1.1" 200 72764 "-" "Mozilla/5.0 (Windows NT 10.0; WOW64) AppleWebKit/537.36 (KHTML, like Gecko) Chrome/48.0.2564.116 Safari/537.36"
217.113.194.81 - - [29/Jan/2026:05:00:48 -0500] "GET /search/blonde-masturbation-cam/newest/page7.html HTTP/1.1" 200 71399 "-" "Mozilla/5.0 (compatible; Barkrowler/0.9; +https://babbar.tech/crawler)"
217.113.194.217 - - [29/Jan/2026:05:00:52 -0500] "GET /action.php?action=reportVideo&id=3475 HTTP/1.1" 200 3603 "-" "Mozilla/5.0 (compatible; Barkrowler/0.9; +https://babbar.tech/crawler)"
217.113.194.72 - - [29/Jan/2026:05:01:04 -0500] "GET /search/blonde-milf/rating/page4.html HTTP/1.1" 200 76199 "-" "Mozilla/5.0 (compatible; Barkrowler/0.9; +https://babbar.tech/crawler)"
217.113.194.79 - - [29/Jan/2026:05:01:09 -0500] "GET /action.php?action=reportVideo&id=3489 HTTP/1.1" 200 3603 "-" "Mozilla/5.0 (compatible; Barkrowler/0.9; +https://babbar.tech/crawler)"
66.249.74.5 - - [29/Jan/2026:05:01:10 -0500] "GET /search/temptress-girl-tease/rating/ HTTP/1.1" 200 73652 "-" "Mozilla/5.0 (Linux; Android 6.0.1; Nexus 5X Build/MMB29P) AppleWebKit/537.36 (KHTML, like Gecko) Chrome/143.0.7499.192 Mobile Safari/537.36 (compatible; Googlebot/2.1; +http://www.google.com/bot.html)"
114.119.150.49 - - [29/Jan/2026:05:01:13 -0500] "GET /video/adelaine-bianchi-one-really-cute-college-girl-does-webcam-porn-to-make-her-rent-and-spreads-her-pink-hole-1596.html HTTP/1.1" 200 59720 "https://porn.tw/search/al1ce_fox-cam-porn/newest/page4.html" "Mozilla/5.0 (Linux; Android 7.0;) AppleWebKit/537.36 (KHTML, like Gecko) Mobile Safari/537.36 (compatible; PetalBot;+https://webmaster.petalsearch.com/site/petalbot)"
66.249.74.5 - - [29/Jan/2026:05:01:15 -0500] "GET /search/sultry-milf-seduction/page3.html HTTP/1.1" 200 75339 "-" "Mozilla/5.0 (Linux; Android 6.0.1; Nexus 5X Build/MMB29P) AppleWebKit/537.36 (KHTML, like Gecko) Chrome/143.0.7499.192 Mobile Safari/537.36 (compatible; Googlebot/2.1; +http://www.google.com/bot.html)"
217.113.194.218 - - [29/Jan/2026:05:01:20 -0500] "GET /search/blonde-black-dildo/rating/page5.html HTTP/1.1" 200 71614 "-" "Mozilla/5.0 (compatible; Barkrowler/0.9; +https://babbar.tech/crawler)"
66.249.74.4 - - [29/Jan/2026:05:01:25 -0500] "GET /search/sultry-milf-seduction/rating/ HTTP/1.1" 200 73814 "-" "Mozilla/5.0 (Linux; Android 6.0.1; Nexus 5X Build/MMB29P) AppleWebKit/537.36 (KHTML, like Gecko) Chrome/143.0.7499.192 Mobile Safari/537.36 (compatible; Googlebot/2.1; +http://www.google.com/bot.html)"
217.113.194.217 - - [29/Jan/2026:05:01:27 -0500] "GET /action.php?action=reportVideo&id=3408 HTTP/1.1" 200 3603 "-" "Mozilla/5.0 (compatible; Barkrowler/0.9; +https://babbar.tech/crawler)"
220.181.51.90 - - [29/Jan/2026:05:01:29 -0500] "GET /search/cam-babe-porn/views/page10.html HTTP/1.1" 200 73703 "-" "Mozilla/5.0 (Windows NT 10.0; WOW64) AppleWebKit/537.36 (KHTML, like Gecko) Chrome/48.0.2564.116 Safari/537.36"
66.249.74.4 - - [29/Jan/2026:05:01:35 -0500] "GET /video/valentina-bennet-835.html HTTP/1.1" 200 52294 "-" "Mozilla/5.0 (Linux; Android 6.0.1; Nexus 5X Build/MMB29P) AppleWebKit/537.36 (KHTML, like Gecko) Chrome/143.0.7499.192 Mobile Safari/537.36 (compatible; Googlebot/2.1; +http://www.google.com/bot.html)"
66.249.74.4 - - [29/Jan/2026:05:01:38 -0500] "GET /templates/default_tube2019/template.ajax_comments.php?id=835&type=0&loaded=0&time=1767744000000 HTTP/1.1" 200 133 "https://porn.tw/video/valentina-bennet-835.html" "Mozilla/5.0 (Linux; Android 6.0.1; Nexus 5X Build/MMB29P) AppleWebKit/537.36 (KHTML, like Gecko) Chrome/143.0.7499.192 Mobile Safari/537.36 (compatible; Googlebot/2.1; +http://www.google.com/bot.html)"
217.113.194.77 - - [29/Jan/2026:05:01:39 -0500] "GET /search/blonde-black-dildo/rating/page6.html HTTP/1.1" 200 74132 "-" "Mozilla/5.0 (compatible; Barkrowler/0.9; +https://babbar.tech/crawler)"
217.113.194.78 - - [29/Jan/2026:05:01:42 -0500] "GET /action.php?action=reportVideo&id=3459 HTTP/1.1" 200 3603 "-" "Mozilla/5.0 (compatible; Barkrowler/0.9; +https://babbar.tech/crawler)"
217.113.194.72 - - [29/Jan/2026:05:01:54 -0500] "GET /search/blonde-dildo-porn/newest/page11.html HTTP/1.1" 200 71228 "-" "Mozilla/5.0 (compatible; Barkrowler/0.9; +https://babbar.tech/crawler)"
217.113.194.81 - - [29/Jan/2026:05:01:58 -0500] "GET /action.php?action=reportVideo&id=3403 HTTP/1.1" 200 3603 "-" "Mozilla/5.0 (compatible; Barkrowler/0.9; +https://babbar.tech/crawler)"
66.249.74.5 - - [29/Jan/2026:05:02:06 -0500] "GET /search/sultry-milf-seduction/page5.html HTTP/1.1" 200 38110 "-" "Mozilla/5.0 (Linux; Android 6.0.1; Nexus 5X Build/MMB29P) AppleWebKit/537.36 (KHTML, like Gecko) Chrome/143.0.7499.192 Mobile Safari/537.36 (compatible; Googlebot/2.1; +http://www.google.com/bot.html)"
154.54.249.200 - - [29/Jan/2026:05:02:10 -0500] "GET /search/blonde-dildo-porn/rating/page13.html HTTP/1.1" 200 50331 "-" "Mozilla/5.0 (compatible; Barkrowler/0.9; +https://babbar.tech/crawler)"
217.113.194.73 - - [29/Jan/2026:05:02:14 -0500] "GET /action.php?action=reportVideo&id=3420 HTTP/1.1" 200 3603 "-" "Mozilla/5.0 (compatible; Barkrowler/0.9; +https://babbar.tech/crawler)"
43.159.135.203 - - [29/Jan/2026:05:02:16 -0500] "GET /action.php?action=add_favorites&id=3545 HTTP/1.1" 200 719 "-" "Mozilla/5.0 (iPhone; CPU iPhone OS 13_2_3 like Mac OS X) AppleWebKit/605.1.15 (KHTML, like Gecko) Version/13.0.3 Mobile/15E148 Safari/604.1"
217.113.194.218 - - [29/Jan/2026:05:02:26 -0500] "GET /search/blonde-dildo-porn/rating/page3.html HTTP/1.1" 200 72910 "-" "Mozilla/5.0 (compatible; Barkrowler/0.9; +https://babbar.tech/crawler)"
217.113.194.75 - - [29/Jan/2026:05:02:29 -0500] "GET /action.php?action=reportVideo&id=1461 HTTP/1.1" 200 3603 "-" "Mozilla/5.0 (compatible; Barkrowler/0.9; +https://babbar.tech/crawler)"
66.249.74.5 - - [29/Jan/2026:05:02:31 -0500] "GET /media/thumbs/1/3/6/5/3/13653fea4ad25be.mp4/13653fea4ad25be.mp4-3.jpg HTTP/1.1" 200 10344 "-" "Googlebot-Image/1.0"
114.119.140.111 - - [29/Jan/2026:05:02:37 -0500] "GET /pornstars/sonya-kelsey-154.html HTTP/1.1" 200 25789 "https://porn.tw/pornstars/sonya-kelsey-154.html" "Mozilla/5.0 (Linux; Android 7.0;) AppleWebKit/537.36 (KHTML, like Gecko) Mobile Safari/537.36 (compatible; PetalBot;+https://webmaster.petalsearch.com/site/petalbot)"
217.113.194.74 - - [29/Jan/2026:05:02:41 -0500] "GET /search/blonde-dildo-porn/views/page11.html HTTP/1.1" 200 74194 "-" "Mozilla/5.0 (compatible; Barkrowler/0.9; +https://babbar.tech/crawler)"
217.113.194.80 - - [29/Jan/2026:05:02:45 -0500] "GET /action.php?action=reportVideo&id=1420 HTTP/1.1" 200 3603 "-" "Mozilla/5.0 (compatible; Barkrowler/0.9; +https://babbar.tech/crawler)"
207.46.13.87 - - [29/Jan/2026:05:02:46 -0500] "GET /search/solo-show/views/page7.html HTTP/1.1" 200 74632 "-" "Mozilla/5.0 AppleWebKit/537.36 (KHTML, like Gecko; compatible; bingbot/2.0; +http://www.bing.com/bingbot.htm) Chrome/116.0.1938.76 Safari/537.36"
116.179.32.211 - - [29/Jan/2026:05:02:48 -0500] "GET /search/masturbation.-solo-female/views/page2.html HTTP/1.1" 403 - "-" "Mozilla/5.0 (compatible; Baiduspider/2.0; +http://www.baidu.com/search/spider.html)"
66.249.74.4 - - [29/Jan/2026:05:02:48 -0500] "GET /search/sultry-milf-seduction/newest/ HTTP/1.1" 200 73324 "-" "Mozilla/5.0 (Linux; Android 6.0.1; Nexus 5X Build/MMB29P) AppleWebKit/537.36 (KHTML, like Gecko) Chrome/143.0.7499.192 Mobile Safari/537.36 (compatible; Googlebot/2.1; +http://www.google.com/bot.html)"
220.181.51.92 - - [29/Jan/2026:05:02:49 -0500] "GET /search/masturbation.-solo-female/views/page2.html HTTP/1.1" 200 74440 "-" "Mozilla/5.0 (Windows NT 10.0; WOW64) AppleWebKit/537.36 (KHTML, like Gecko) Chrome/48.0.2564.116 Safari/537.36"
52.167.144.173 - - [29/Jan/2026:05:02:50 -0500] "GET /filters?vr=false&hd=false&ref=/ HTTP/1.1" 302 - "-" "Mozilla/5.0 AppleWebKit/537.36 (KHTML, like Gecko; compatible; bingbot/2.0; +http://www.bing.com/bingbot.htm) Chrome/116.0.1938.76 Safari/537.36"
52.167.144.173 - - [29/Jan/2026:05:02:51 -0500] "GET / HTTP/1.1" 200 99462 "-" "Mozilla/5.0 AppleWebKit/537.36 (KHTML, like Gecko; compatible; bingbot/2.0; +http://www.bing.com/bingbot.htm) Chrome/116.0.1938.76 Safari/537.36"
217.113.194.81 - - [29/Jan/2026:05:02:57 -0500] "GET /search/blonde-blowjob-porn/views/page7.html HTTP/1.1" 200 73215 "-" "Mozilla/5.0 (compatible; Barkrowler/0.9; +https://babbar.tech/crawler)"
217.113.194.217 - - [29/Jan/2026:05:03:00 -0500] "GET /action.php?action=reportVideo&id=1137 HTTP/1.1" 200 3603 "-" "Mozilla/5.0 (compatible; Barkrowler/0.9; +https://babbar.tech/crawler)"
66.249.74.5 - - [29/Jan/2026:05:03:01 -0500] "GET /search/teasing-pleasure-cam/rating/ HTTP/1.1" 200 71949 "-" "Mozilla/5.0 (Linux; Android 6.0.1; Nexus 5X Build/MMB29P) AppleWebKit/537.36 (KHTML, like Gecko) Chrome/143.0.7499.192 Mobile Safari/537.36 (compatible; Googlebot/2.1; +http://www.google.com/bot.html)"
217.113.194.76 - - [29/Jan/2026:05:03:12 -0500] "GET /search/blonde-blowjob-porn/views/page6.html HTTP/1.1" 200 73492 "-" "Mozilla/5.0 (compatible; Barkrowler/0.9; +https://babbar.tech/crawler)"
217.113.194.74 - - [29/Jan/2026:05:03:16 -0500] "GET /action.php?action=reportVideo&id=1134 HTTP/1.1" 200 3603 "-" "Mozilla/5.0 (compatible; Barkrowler/0.9; +https://babbar.tech/crawler)"
220.181.108.91 - - [29/Jan/2026:05:03:27 -0500] "GET /search/smooth-pussy/newest/page3.html HTTP/1.1" 403 - "-" "Mozilla/5.0 (compatible; Baiduspider/2.0; +http://www.baidu.com/search/spider.html)"
217.113.194.75 - - [29/Jan/2026:05:03:28 -0500] "GET /search/blonde-blowjob-porn/rating/page5.html HTTP/1.1" 200 71341 "-" "Mozilla/5.0 (compatible; Barkrowler/0.9; +https://babbar.tech/crawler)"
217.113.194.73 - - [29/Jan/2026:05:03:31 -0500] "GET /action.php?action=reportVideo&id=1555 HTTP/1.1" 200 3603 "-" "Mozilla/5.0 (compatible; Barkrowler/0.9; +https://babbar.tech/crawler)"
157.55.39.193 - - [29/Jan/2026:05:03:36 -0500] "GET /search/seductive-blonde-cam/views/page6.html HTTP/1.1" 200 75505 "-" "Mozilla/5.0 AppleWebKit/537.36 (KHTML, like Gecko; compatible; bingbot/2.0; +http://www.bing.com/bingbot.htm) Chrome/116.0.1938.76 Safari/537.36"
217.113.194.81 - - [29/Jan/2026:05:03:44 -0500] "GET /search/blonde-webcam-porn/rating/page6.html HTTP/1.1" 200 71394 "-" "Mozilla/5.0 (compatible; Barkrowler/0.9; +https://babbar.tech/crawler)"
217.113.194.81 - - [29/Jan/2026:05:03:47 -0500] "GET /action.php?action=reportVideo&id=1596 HTTP/1.1" 200 3603 "-" "Mozilla/5.0 (compatible; Barkrowler/0.9; +https://babbar.tech/crawler)"
170.150.150.30 - - [29/Jan/2026:05:03:59 -0500] "GET /media/thumbs/3/6/6/9/1/36691e18cca96c.mp4/36691e18cca96c.mp4-1.jpg HTTP/1.1" 200 10071 "https://www.google.com/" "Mozilla/5.0 (Linux; Android 10; K) AppleWebKit/537.36 (KHTML, like Gecko) Chrome/144.0.0.0 Mobile Safari/537.36"
217.113.194.217 - - [29/Jan/2026:05:03:59 -0500] "GET /search/blonde-camgirl/rating/page2.html HTTP/1.1" 200 73640 "-" "Mozilla/5.0 (compatible; Barkrowler/0.9; +https://babbar.tech/crawler)"
217.113.194.76 - - [29/Jan/2026:05:04:03 -0500] "GET /action.php?action=reportVideo&id=1552 HTTP/1.1" 200 3603 "-" "Mozilla/5.0 (compatible; Barkrowler/0.9; +https://babbar.tech/crawler)"
114.119.141.206 - - [29/Jan/2026:05:04:03 -0500] "GET /models/page16.html HTTP/1.1" 200 40830 "https://porn.tw/models/page17.html" "Mozilla/5.0 (Linux; Android 7.0;) AppleWebKit/537.36 (KHTML, like Gecko) Mobile Safari/537.36 (compatible; PetalBot;+https://webmaster.petalsearch.com/site/petalbot)"
66.249.74.6 - - [29/Jan/2026:05:04:07 -0500] "GET /video/sophie-maeve-fit-and-tanned-blonde-loves-to-cum-on-cam-1253.html HTTP/1.1" 200 58545 "-" "Mozilla/5.0 (Linux; Android 6.0.1; Nexus 5X Build/MMB29P) AppleWebKit/537.36 (KHTML, like Gecko) Chrome/143.0.7499.192 Mobile Safari/537.36 (compatible; Googlebot/2.1; +http://www.google.com/bot.html)"
66.249.74.5 - - [29/Jan/2026:05:04:11 -0500] "GET /templates/default_tube2019/js/bootstrap-select.min.js HTTP/1.1" 200 33379 "https://porn.tw/video/sophie-maeve-fit-and-tanned-blonde-loves-to-cum-on-cam-1253.html" "Mozilla/5.0 (Linux; Android 6.0.1; Nexus 5X Build/MMB29P) AppleWebKit/537.36 (KHTML, like Gecko) Chrome/143.0.7499.192 Mobile Safari/537.36 (compatible; Googlebot/2.1; +http://www.google.com/bot.html)"
66.249.74.4 - - [29/Jan/2026:05:04:12 -0500] "GET /templates/default_tube2019/template.ajax_comments.php?id=1253&type=0&loaded=0&time=1767744000000 HTTP/1.1" 200 133 "https://porn.tw/video/sophie-maeve-fit-and-tanned-blonde-loves-to-cum-on-cam-1253.html" "Mozilla/5.0 (Linux; Android 6.0.1; Nexus 5X Build/MMB29P) AppleWebKit/537.36 (KHTML, like Gecko) Chrome/143.0.7499.192 Mobile Safari/537.36 (compatible; Googlebot/2.1; +http://www.google.com/bot.html)"
217.113.194.80 - - [29/Jan/2026:05:04:15 -0500] "GET /search/blonde-cam-girl/rating/page3.html HTTP/1.1" 200 72143 "-" "Mozilla/5.0 (compatible; Barkrowler/0.9; +https://babbar.tech/crawler)"
220.181.51.116 - - [29/Jan/2026:05:04:15 -0500] "GET /search/strip-tease/page3.html HTTP/1.1" 200 74160 "-" "Mozilla/5.0 (Windows NT 10.0; WOW64) AppleWebKit/537.36 (KHTML, like Gecko) Chrome/48.0.2564.116 Safari/537.36"
217.113.194.80 - - [29/Jan/2026:05:04:18 -0500] "GET /action.php?action=reportVideo&id=1569 HTTP/1.1" 200 3603 "-" "Mozilla/5.0 (compatible; Barkrowler/0.9; +https://babbar.tech/crawler)"
217.113.194.73 - - [29/Jan/2026:05:04:30 -0500] "GET /search/arianareynoldss-porn/views/ HTTP/1.1" 200 70898 "-" "Mozilla/5.0 (compatible; Barkrowler/0.9; +https://babbar.tech/crawler)"
217.113.194.217 - - [29/Jan/2026:05:04:34 -0500] "GET /action.php?action=reportVideo&id=1576 HTTP/1.1" 200 3603 "-" "Mozilla/5.0 (compatible; Barkrowler/0.9; +https://babbar.tech/crawler)"
217.113.194.72 - - [29/Jan/2026:05:04:46 -0500] "GET /search/april-slow-live/rating/page5.html HTTP/1.1" 200 74543 "-" "Mozilla/5.0 (compatible; Barkrowler/0.9; +https://babbar.tech/crawler)"
66.249.74.4 - - [29/Jan/2026:05:04:47 -0500] "GET /search/perfect-boobs/page2.html HTTP/1.1" 200 75381 "-" "Mozilla/5.0 (Linux; Android 6.0.1; Nexus 5X Build/MMB29P) AppleWebKit/537.36 (KHTML, like Gecko) Chrome/143.0.7499.192 Mobile Safari/537.36 (compatible; Googlebot/2.1; +http://www.google.com/bot.html)"
217.113.194.72 - - [29/Jan/2026:05:04:50 -0500] "GET /action.php?action=reportVideo&id=1557 HTTP/1.1" 200 3603 "-" "Mozilla/5.0 (compatible; Barkrowler/0.9; +https://babbar.tech/crawler)"
116.179.32.26 - - [29/Jan/2026:05:04:51 -0500] "GET /search/pussy-rub/rating/page4.html HTTP/1.1" 403 - "-" "Mozilla/5.0 (compatible; Baiduspider/2.0; +http://www.baidu.com/search/spider.html)"
119.249.100.49 - - [29/Jan/2026:05:04:55 -0500] "GET /search/pussy-rub/rating/page4.html HTTP/1.1" 200 71227 "-" "Mozilla/5.0 (Windows NT 10.0; WOW64) AppleWebKit/537.36 (KHTML, like Gecko) Chrome/48.0.2564.116 Safari/537.36"
197.211.52.75 - - [29/Jan/2026:05:05:00 -0500] "GET /media/thumbs/3/6/5/8/b/3658bf0c75738b.mp4/3658bf0c75738b.mp4-6.jpg HTTP/1.1" 200 9871 "https://www.google.com/" "Mozilla/5.0 (Linux; Android 10; K) AppleWebKit/537.36 (KHTML, like Gecko) Chrome/114.0.0.0 Mobile Safari/537.36"
217.113.194.72 - - [29/Jan/2026:05:05:02 -0500] "GET /search/april-slow-live/rating/page6.html HTTP/1.1" 200 56241 "-" "Mozilla/5.0 (compatible; Barkrowler/0.9; +https://babbar.tech/crawler)"
217.113.194.76 - - [29/Jan/2026:05:05:05 -0500] "GET /action.php?action=reportVideo&id=1564 HTTP/1.1" 200 3603 "-" "Mozilla/5.0 (compatible; Barkrowler/0.9; +https://babbar.tech/crawler)"
217.113.194.80 - - [29/Jan/2026:05:05:17 -0500] "GET /search/brunette-dildo-machine-porn/page12.html HTTP/1.1" 200 44409 "-" "Mozilla/5.0 (compatible; Barkrowler/0.9; +https://babbar.tech/crawler)"
217.113.194.76 - - [29/Jan/2026:05:05:21 -0500] "GET /action.php?action=reportVideo&id=1589 HTTP/1.1" 200 3603 "-" "Mozilla/5.0 (compatible; Barkrowler/0.9; +https://babbar.tech/crawler)"
114.119.159.129 - - [29/Jan/2026:05:05:25 -0500] "GET /channels/4/bootylicious-romance-in-the-world-of-big-ass-dating/rating/page2.html HTTP/1.1" 200 75251 "https://porn.tw/channels/4/bootylicious-romance-in-the-world-of-big-ass-dating/rating/page4.html" "Mozilla/5.0 (Linux; Android 7.0;) AppleWebKit/537.36 (KHTML, like Gecko) Mobile Safari/537.36 (compatible; PetalBot;+https://webmaster.petalsearch.com/site/petalbot)"
217.113.194.78 - - [29/Jan/2026:05:05:33 -0500] "GET /search/shemale-dildo/views/page1.html HTTP/1.1" 200 73208 "-" "Mozilla/5.0 (compatible; Barkrowler/0.9; +https://babbar.tech/crawler)"
217.113.194.77 - - [29/Jan/2026:05:05:36 -0500] "GET /action.php?action=reportVideo&id=1561 HTTP/1.1" 200 3603 "-" "Mozilla/5.0 (compatible; Barkrowler/0.9; +https://babbar.tech/crawler)"
119.249.100.43 - - [29/Jan/2026:05:05:37 -0500] "GET /search/cute__foxy-freecam8/rating/page4.html HTTP/1.1" 200 75509 "-" "Mozilla/5.0 (Windows NT 10.0; WOW64) AppleWebKit/537.36 (KHTML, like Gecko) Chrome/48.0.2564.116 Safari/537.36"
144.76.32.114 - - [29/Jan/2026:05:05:38 -0500] "GET /search/sultry-women/ HTTP/1.1" 200 75174 "-" "Mozilla/5.0 (compatible; SERankingBacklinksBot/1.0; +https://seranking.com/backlinks-crawler)"
43.173.180.104 - - [29/Jan/2026:05:05:43 -0500] "GET /models/bubbledoll7-863.html HTTP/1.1" 200 25988 "-" "Mozilla/5.0 (Windows NT 10.0; Win64; x64) AppleWebKit/537.36 (KHTML, like Gecko) Chrome/120.0.0.0 Safari/537.36"
43.173.177.175 - - [29/Jan/2026:05:05:46 -0500] "GET /templates/default_tube2019/images/minus-solid.svg HTTP/1.1" 200 328 "https://www.porn.tw/models/bubbledoll7-863.html" "Mozilla/5.0 (Windows NT 10.0; Win64; x64) AppleWebKit/537.36 (KHTML, like Gecko) Chrome/120.0.0.0 Safari/537.36"
43.163.23.153 - - [29/Jan/2026:05:05:46 -0500] "GET /templates/default_tube2019/template.ajax_comments.php?id=863&type=1&loaded=0&time=1769681144596 HTTP/1.1" 200 133 "https://www.porn.tw/models/bubbledoll7-863.html" "Mozilla/5.0 (Windows NT 10.0; Win64; x64) AppleWebKit/537.36 (KHTML, like Gecko) Chrome/120.0.0.0 Safari/537.36"
43.173.172.148 - - [29/Jan/2026:05:05:46 -0500] "GET /templates/default_tube2019/images/plus-solid.svg HTTP/1.1" 200 449 "https://www.porn.tw/models/bubbledoll7-863.html" "Mozilla/5.0 (Windows NT 10.0; Win64; x64) AppleWebKit/537.36 (KHTML, like Gecko) Chrome/120.0.0.0 Safari/537.36"
217.113.194.77 - - [29/Jan/2026:05:05:48 -0500] "GET /search/shemale-porn/newest/page7.html HTTP/1.1" 200 63155 "-" "Mozilla/5.0 (compatible; Barkrowler/0.9; +https://babbar.tech/crawler)"
43.173.182.133 - - [29/Jan/2026:05:05:49 -0500] "GET /models/bubbledoll7-863.html HTTP/1.1" 200 25988 "-" "Mozilla/5.0 (Windows NT 10.0; Win64; x64) AppleWebKit/537.36 (KHTML, like Gecko) Chrome/124.0.0.0 Safari/537.36"
217.113.194.76 - - [29/Jan/2026:05:05:52 -0500] "GET /action.php?action=reportVideo&id=2229 HTTP/1.1" 200 3603 "-" "Mozilla/5.0 (compatible; Barkrowler/0.9; +https://babbar.tech/crawler)"
85.208.96.212 - - [29/Jan/2026:05:05:59 -0500] "GET /robots.txt HTTP/1.1" 403 - "-" "Mozilla/5.0 (compatible; SemrushBot/7~bl; +http://www.semrush.com/bot.html)"
85.208.96.211 - - [29/Jan/2026:05:05:59 -0500] "GET /video/alexa-blaze-cam-foxy-babe-fucked-hard-by-machine-3685.html HTTP/1.1" 403 - "-" "Mozilla/5.0 (compatible; SemrushBot/7~bl; +http://www.semrush.com/bot.html)"
217.113.194.217 - - [29/Jan/2026:05:06:04 -0500] "GET /search/shemale-porn/newest/page6.html HTTP/1.1" 200 69600 "-" "Mozilla/5.0 (compatible; Barkrowler/0.9; +https://babbar.tech/crawler)"
217.113.194.77 - - [29/Jan/2026:05:06:08 -0500] "GET /action.php?action=reportVideo&id=2230 HTTP/1.1" 200 3603 "-" "Mozilla/5.0 (compatible; Barkrowler/0.9; +https://babbar.tech/crawler)"
220.181.108.146 - - [29/Jan/2026:05:06:14 -0500] "GET /search/naughty-cam-teasers/rating/page2.html HTTP/1.1" 403 - "-" "Mozilla/5.0 (compatible; Baiduspider/2.0; +http://www.baidu.com/search/spider.html)"
52.167.144.198 - - [29/Jan/2026:05:06:18 -0500] "GET /search/live-ts-porn/views/page9.html HTTP/1.1" 200 49546 "-" "Mozilla/5.0 AppleWebKit/537.36 (KHTML, like Gecko; compatible; bingbot/2.0; +http://www.bing.com/bingbot.htm) Chrome/116.0.1938.76 Safari/537.36"
52.167.144.198 - - [29/Jan/2026:05:06:19 -0500] "GET /search/arikajoy-webcam/views/page8.html HTTP/1.1" 200 74919 "-" "Mozilla/5.0 AppleWebKit/537.36 (KHTML, like Gecko; compatible; bingbot/2.0; +http://www.bing.com/bingbot.htm) Chrome/116.0.1938.76 Safari/537.36"
217.113.194.78 - - [29/Jan/2026:05:06:20 -0500] "GET /search/shemale-webcam-tease/page2.html HTTP/1.1" 200 72142 "-" "Mozilla/5.0 (compatible; Barkrowler/0.9; +https://babbar.tech/crawler)"
217.113.194.217 - - [29/Jan/2026:05:06:23 -0500] "GET /action.php?action=reportVideo&id=2263 HTTP/1.1" 200 3603 "-" "Mozilla/5.0 (compatible; Barkrowler/0.9; +https://babbar.tech/crawler)"
177.86.235.59 - - [29/Jan/2026:05:06:26 -0500] "GET /video/annieleonii-hot-pawg-bounces-her-fat-ass-on-her-dildo-445.html HTTP/1.1" 200 52917 "https://porn.tw/search/cam4free/" "Mozilla/5.0 (Windows NT 10.0; Win64; x64) AppleWebKit/537.36 (KHTML, like Gecko) Chrome/144.0.0.0 Safari/537.36"
177.86.235.59 - - [29/Jan/2026:05:06:26 -0500] "GET /templates/default_tube2019/js/jQuery_v1.12.4.min.js HTTP/1.1" 200 97166 "https://porn.tw/video/annieleonii-hot-pawg-bounces-her-fat-ass-on-her-dildo-445.html" "Mozilla/5.0 (Windows NT 10.0; Win64; x64) AppleWebKit/537.36 (KHTML, like Gecko) Chrome/144.0.0.0 Safari/537.36"
177.86.235.59 - - [29/Jan/2026:05:06:26 -0500] "GET /core/images/catdefault.jpg HTTP/1.1" 200 3364 "https://porn.tw/video/annieleonii-hot-pawg-bounces-her-fat-ass-on-her-dildo-445.html" "Mozilla/5.0 (Windows NT 10.0; Win64; x64) AppleWebKit/537.36 (KHTML, like Gecko) Chrome/144.0.0.0 Safari/537.36"
177.86.235.59 - - [29/Jan/2026:05:06:26 -0500] "GET /templates/default_tube2019/images/logo.png HTTP/1.1" 200 2157 "https://porn.tw/video/annieleonii-hot-pawg-bounces-her-fat-ass-on-her-dildo-445.html" "Mozilla/5.0 (Windows NT 10.0; Win64; x64) AppleWebKit/537.36 (KHTML, like Gecko) Chrome/144.0.0.0 Safari/537.36"
177.86.235.59 - - [29/Jan/2026:05:06:26 -0500] "GET /includes/fluidplayer/fluidplayer.min.js HTTP/1.1" 200 125605 "https://porn.tw/video/annieleonii-hot-pawg-bounces-her-fat-ass-on-her-dildo-445.html" "Mozilla/5.0 (Windows NT 10.0; Win64; x64) AppleWebKit/537.36 (KHTML, like Gecko) Chrome/144.0.0.0 Safari/537.36"
177.86.235.59 - - [29/Jan/2026:05:06:27 -0500] "GET /media/thumbs/7/6/5/9/4/76594a670b0692.mp4/vtt_005.jpg HTTP/1.1" 200 5809 "https://porn.tw/video/annieleonii-hot-pawg-bounces-her-fat-ass-on-her-dildo-445.html" "Mozilla/5.0 (Windows NT 10.0; Win64; x64) AppleWebKit/537.36 (KHTML, like Gecko) Chrome/144.0.0.0 Safari/537.36"
177.86.235.59 - - [29/Jan/2026:05:06:27 -0500] "GET /media/thumbs/7/6/5/9/4/76594a670b0692.mp4/vtt_010.jpg HTTP/1.1" 200 5884 "https://porn.tw/video/annieleonii-hot-pawg-bounces-her-fat-ass-on-her-dildo-445.html" "Mozilla/5.0 (Windows NT 10.0; Win64; x64) AppleWebKit/537.36 (KHTML, like Gecko) Chrome/144.0.0.0 Safari/537.36"
177.86.235.59 - - [29/Jan/2026:05:06:27 -0500] "GET /media/thumbs/7/6/5/9/4/76594a670b0692.mp4/vtt_015.jpg HTTP/1.1" 200 6125 "https://porn.tw/video/annieleonii-hot-pawg-bounces-her-fat-ass-on-her-dildo-445.html" "Mozilla/5.0 (Windows NT 10.0; Win64; x64) AppleWebKit/537.36 (KHTML, like Gecko) Chrome/144.0.0.0 Safari/537.36"
177.86.235.59 - - [29/Jan/2026:05:06:27 -0500] "GET /templates/default_tube2019/fonts/Roboto/Roboto-Regular.ttf HTTP/1.1" 200 171676 "https://porn.tw/templates/default_tube2019/css/styles.css" "Mozilla/5.0 (Windows NT 10.0; Win64; x64) AppleWebKit/537.36 (KHTML, like Gecko) Chrome/144.0.0.0 Safari/537.36"
177.86.235.59 - - [29/Jan/2026:05:06:27 -0500] "GET /templates/default_tube2019/fonts/Roboto/Roboto-Medium.ttf HTTP/1.1" 200 172064 "https://porn.tw/templates/default_tube2019/css/styles.css" "Mozilla/5.0 (Windows NT 10.0; Win64; x64) AppleWebKit/537.36 (KHTML, like Gecko) Chrome/144.0.0.0 Safari/537.36"
177.86.235.59 - - [29/Jan/2026:05:06:27 -0500] "GET /templates/default_tube2019/fonts/fontawesome_5.7.1/fa-solid-900.woff2 HTTP/1.1" 200 74320 "https://porn.tw/templates/default_tube2019/css/styles.css" "Mozilla/5.0 (Windows NT 10.0; Win64; x64) AppleWebKit/537.36 (KHTML, like Gecko) Chrome/144.0.0.0 Safari/537.36"
177.86.235.59 - - [29/Jan/2026:05:06:27 -0500] "GET /templates/default_tube2019/js/bootstrap.min.js HTTP/1.1" 200 70808 "https://porn.tw/video/annieleonii-hot-pawg-bounces-her-fat-ass-on-her-dildo-445.html" "Mozilla/5.0 (Windows NT 10.0; Win64; x64) AppleWebKit/537.36 (KHTML, like Gecko) Chrome/144.0.0.0 Safari/537.36"
177.86.235.59 - - [29/Jan/2026:05:06:27 -0500] "GET /templates/default_tube2019/js/lazyload.min.js HTTP/1.1" 200 2863 "https://porn.tw/video/annieleonii-hot-pawg-bounces-her-fat-ass-on-her-dildo-445.html" "Mozilla/5.0 (Windows NT 10.0; Win64; x64) AppleWebKit/537.36 (KHTML, like Gecko) Chrome/144.0.0.0 Safari/537.36"
177.86.235.59 - - [29/Jan/2026:05:06:27 -0500] "GET /templates/default_tube2019/js/bootstrap-select.min.js HTTP/1.1" 200 33379 "https://porn.tw/video/annieleonii-hot-pawg-bounces-her-fat-ass-on-her-dildo-445.html" "Mozilla/5.0 (Windows NT 10.0; Win64; x64) AppleWebKit/537.36 (KHTML, like Gecko) Chrome/144.0.0.0 Safari/537.36"
177.86.235.59 - - [29/Jan/2026:05:06:27 -0500] "GET /templates/default_tube2019/js/jquery.tinyscrollbar.min.js HTTP/1.1" 200 4105 "https://porn.tw/video/annieleonii-hot-pawg-bounces-her-fat-ass-on-her-dildo-445.html" "Mozilla/5.0 (Windows NT 10.0; Win64; x64) AppleWebKit/537.36 (KHTML, like Gecko) Chrome/144.0.0.0 Safari/537.36"
177.86.235.59 - - [29/Jan/2026:05:06:27 -0500] "GET /templates/default_tube2019/js/img2svg.js HTTP/1.1" 200 1613 "https://porn.tw/video/annieleonii-hot-pawg-bounces-her-fat-ass-on-her-dildo-445.html" "Mozilla/5.0 (Windows NT 10.0; Win64; x64) AppleWebKit/537.36 (KHTML, like Gecko) Chrome/144.0.0.0 Safari/537.36"
177.86.235.59 - - [29/Jan/2026:05:06:27 -0500] "GET /templates/default_tube2019/js/functions.js HTTP/1.1" 200 26636 "https://porn.tw/video/annieleonii-hot-pawg-bounces-her-fat-ass-on-her-dildo-445.html" "Mozilla/5.0 (Windows NT 10.0; Win64; x64) AppleWebKit/537.36 (KHTML, like Gecko) Chrome/144.0.0.0 Safari/537.36"
177.86.235.59 - - [29/Jan/2026:05:06:27 -0500] "GET /core/js/ageWarningJs.php HTTP/1.1" 200 1037 "https://porn.tw/video/annieleonii-hot-pawg-bounces-her-fat-ass-on-her-dildo-445.html" "Mozilla/5.0 (Windows NT 10.0; Win64; x64) AppleWebKit/537.36 (KHTML, like Gecko) Chrome/144.0.0.0 Safari/537.36"
177.86.235.59 - - [29/Jan/2026:05:06:27 -0500] "GET /core/js/Tube.js HTTP/1.1" 200 1519 "https://porn.tw/video/annieleonii-hot-pawg-bounces-her-fat-ass-on-her-dildo-445.html" "Mozilla/5.0 (Windows NT 10.0; Win64; x64) AppleWebKit/537.36 (KHTML, like Gecko) Chrome/144.0.0.0 Safari/537.36"
177.86.235.59 - - [29/Jan/2026:05:06:27 -0500] "GET /core/js/gdprJs.php HTTP/1.1" 200 1238 "https://porn.tw/video/annieleonii-hot-pawg-bounces-her-fat-ass-on-her-dildo-445.html" "Mozilla/5.0 (Windows NT 10.0; Win64; x64) AppleWebKit/537.36 (KHTML, like Gecko) Chrome/144.0.0.0 Safari/537.36"
177.86.235.59 - - [29/Jan/2026:05:06:27 -0500] "GET /media/thumbs/7/6/5/9/4/76594a670b0692.mp4/vtt_020.jpg HTTP/1.1" 200 6089 "https://porn.tw/video/annieleonii-hot-pawg-bounces-her-fat-ass-on-her-dildo-445.html" "Mozilla/5.0 (Windows NT 10.0; Win64; x64) AppleWebKit/537.36 (KHTML, like Gecko) Chrome/144.0.0.0 Safari/537.36"
177.86.235.59 - - [29/Jan/2026:05:06:27 -0500] "GET /templates/default_tube2019/fonts/fontawesome_5.7.1/fa-brands-400.woff2 HTTP/1.1" 200 72148 "https://porn.tw/templates/default_tube2019/css/styles.css" "Mozilla/5.0 (Windows NT 10.0; Win64; x64) AppleWebKit/537.36 (KHTML, like Gecko) Chrome/144.0.0.0 Safari/537.36"
177.86.235.59 - - [29/Jan/2026:05:06:27 -0500] "GET /templates/default_tube2019/fonts/fontawesome_5.7.1/fa-regular-400.woff2 HTTP/1.1" 200 13608 "https://porn.tw/templates/default_tube2019/css/styles.css" "Mozilla/5.0 (Windows NT 10.0; Win64; x64) AppleWebKit/537.36 (KHTML, like Gecko) Chrome/144.0.0.0 Safari/537.36"
177.86.235.59 - - [29/Jan/2026:05:06:27 -0500] "GET /includes/player/logo.png HTTP/1.1" 200 8496 "https://porn.tw/video/annieleonii-hot-pawg-bounces-her-fat-ass-on-her-dildo-445.html" "Mozilla/5.0 (Windows NT 10.0; Win64; x64) AppleWebKit/537.36 (KHTML, like Gecko) Chrome/144.0.0.0 Safari/537.36"
177.86.235.59 - - [29/Jan/2026:05:06:27 -0500] "GET /templates/default_tube2019/fonts/Roboto/Roboto-Black.ttf HTTP/1.1" 200 171480 "https://porn.tw/templates/default_tube2019/css/styles.css" "Mozilla/5.0 (Windows NT 10.0; Win64; x64) AppleWebKit/537.36 (KHTML, like Gecko) Chrome/144.0.0.0 Safari/537.36"
177.86.235.59 - - [29/Jan/2026:05:06:27 -0500] "GET /media/thumbs/7/6/5/9/4/76594a670b0692.mp4/76594a670b0692.mp4-8b.jpg HTTP/1.1" 200 68877 "https://porn.tw/video/annieleonii-hot-pawg-bounces-her-fat-ass-on-her-dildo-445.html" "Mozilla/5.0 (Windows NT 10.0; Win64; x64) AppleWebKit/537.36 (KHTML, like Gecko) Chrome/144.0.0.0 Safari/537.36"
177.86.235.59 - - [29/Jan/2026:05:06:27 -0500] "GET /templates/default_tube2019/images/ad-280-2.png HTTP/1.1" 200 98354 "https://porn.tw/video/annieleonii-hot-pawg-bounces-her-fat-ass-on-her-dildo-445.html" "Mozilla/5.0 (Windows NT 10.0; Win64; x64) AppleWebKit/537.36 (KHTML, like Gecko) Chrome/144.0.0.0 Safari/537.36"
177.86.235.59 - - [29/Jan/2026:05:06:28 -0500] "GET /templates/default_tube2019/images/ad-280-3.png HTTP/1.1" 200 116616 "https://porn.tw/video/annieleonii-hot-pawg-bounces-her-fat-ass-on-her-dildo-445.html" "Mozilla/5.0 (Windows NT 10.0; Win64; x64) AppleWebKit/537.36 (KHTML, like Gecko) Chrome/144.0.0.0 Safari/537.36"
177.86.235.59 - - [29/Jan/2026:05:06:28 -0500] "GET /templates/default_tube2019/images/ad-280.png HTTP/1.1" 200 73287 "https://porn.tw/video/annieleonii-hot-pawg-bounces-her-fat-ass-on-her-dildo-445.html" "Mozilla/5.0 (Windows NT 10.0; Win64; x64) AppleWebKit/537.36 (KHTML, like Gecko) Chrome/144.0.0.0 Safari/537.36"
177.86.235.59 - - [29/Jan/2026:05:06:28 -0500] "GET /media/thumbs/7/6/5/9/4/76594a670b0692.mp4/vtt_025.jpg HTTP/1.1" 200 6176 "https://porn.tw/video/annieleonii-hot-pawg-bounces-her-fat-ass-on-her-dildo-445.html" "Mozilla/5.0 (Windows NT 10.0; Win64; x64) AppleWebKit/537.36 (KHTML, like Gecko) Chrome/144.0.0.0 Safari/537.36"
177.86.235.59 - - [29/Jan/2026:05:06:28 -0500] "GET /media/thumbs/7/6/5/9/4/76594a670b0692.mp4/vtt_030.jpg HTTP/1.1" 200 6418 "https://porn.tw/video/annieleonii-hot-pawg-bounces-her-fat-ass-on-her-dildo-445.html" "Mozilla/5.0 (Windows NT 10.0; Win64; x64) AppleWebKit/537.36 (KHTML, like Gecko) Chrome/144.0.0.0 Safari/537.36"
177.86.235.59 - - [29/Jan/2026:05:06:28 -0500] "GET /media/thumbs/7/6/5/9/4/76594a670b0692.mp4/vtt_040.jpg HTTP/1.1" 200 6043 "https://porn.tw/video/annieleonii-hot-pawg-bounces-her-fat-ass-on-her-dildo-445.html" "Mozilla/5.0 (Windows NT 10.0; Win64; x64) AppleWebKit/537.36 (KHTML, like Gecko) Chrome/144.0.0.0 Safari/537.36"
177.86.235.59 - - [29/Jan/2026:05:06:28 -0500] "GET /includes/fluidplayer/images/fluid_icons.svg HTTP/1.1" 200 18488 "https://porn.tw/includes/fluidplayer/fluidplayer.min.css" "Mozilla/5.0 (Windows NT 10.0; Win64; x64) AppleWebKit/537.36 (KHTML, like Gecko) Chrome/144.0.0.0 Safari/537.36"
177.86.235.59 - - [29/Jan/2026:05:06:28 -0500] "GET /templates/default_tube2019/images/plus-solid.svg HTTP/1.1" 200 449 "https://porn.tw/video/annieleonii-hot-pawg-bounces-her-fat-ass-on-her-dildo-445.html" "Mozilla/5.0 (Windows NT 10.0; Win64; x64) AppleWebKit/537.36 (KHTML, like Gecko) Chrome/144.0.0.0 Safari/537.36"
177.86.235.59 - - [29/Jan/2026:05:06:28 -0500] "GET /templates/default_tube2019/images/minus-solid.svg HTTP/1.1" 200 328 "https://porn.tw/video/annieleonii-hot-pawg-bounces-her-fat-ass-on-her-dildo-445.html" "Mozilla/5.0 (Windows NT 10.0; Win64; x64) AppleWebKit/537.36 (KHTML, like Gecko) Chrome/144.0.0.0 Safari/537.36"
177.86.235.59 - - [29/Jan/2026:05:06:28 -0500] "GET /media/thumbs/7/6/5/9/4/76594a670b0692.mp4/vtt_035.jpg HTTP/1.1" 200 6173 "https://porn.tw/video/annieleonii-hot-pawg-bounces-her-fat-ass-on-her-dildo-445.html" "Mozilla/5.0 (Windows NT 10.0; Win64; x64) AppleWebKit/537.36 (KHTML, like Gecko) Chrome/144.0.0.0 Safari/537.36"
177.86.235.59 - - [29/Jan/2026:05:06:28 -0500] "GET /media/thumbs/7/6/5/9/4/76594a670b0692.mp4/vtt_060.jpg HTTP/1.1" 200 5873 "https://porn.tw/video/annieleonii-hot-pawg-bounces-her-fat-ass-on-her-dildo-445.html" "Mozilla/5.0 (Windows NT 10.0; Win64; x64) AppleWebKit/537.36 (KHTML, like Gecko) Chrome/144.0.0.0 Safari/537.36"
177.86.235.59 - - [29/Jan/2026:05:06:28 -0500] "GET /media/thumbs/7/6/5/9/4/76594a670b0692.mp4/vtt_050.jpg HTTP/1.1" 200 6131 "https://porn.tw/video/annieleonii-hot-pawg-bounces-her-fat-ass-on-her-dildo-445.html" "Mozilla/5.0 (Windows NT 10.0; Win64; x64) AppleWebKit/537.36 (KHTML, like Gecko) Chrome/144.0.0.0 Safari/537.36"
177.86.235.59 - - [29/Jan/2026:05:06:28 -0500] "GET /media/thumbs/7/6/5/9/4/76594a670b0692.mp4/vtt_045.jpg HTTP/1.1" 200 6108 "https://porn.tw/video/annieleonii-hot-pawg-bounces-her-fat-ass-on-her-dildo-445.html" "Mozilla/5.0 (Windows NT 10.0; Win64; x64) AppleWebKit/537.36 (KHTML, like Gecko) Chrome/144.0.0.0 Safari/537.36"
177.86.235.59 - - [29/Jan/2026:05:06:28 -0500] "GET /media/thumbs/7/6/5/9/4/76594a670b0692.mp4/vtt_055.jpg HTTP/1.1" 200 5863 "https://porn.tw/video/annieleonii-hot-pawg-bounces-her-fat-ass-on-her-dildo-445.html" "Mozilla/5.0 (Windows NT 10.0; Win64; x64) AppleWebKit/537.36 (KHTML, like Gecko) Chrome/144.0.0.0 Safari/537.36"
177.86.235.59 - - [29/Jan/2026:05:06:28 -0500] "GET /templates/default_tube2019/template.ajax_comments.php?id=445&type=0&loaded=0&time=1769681193829 HTTP/1.1" 200 133 "https://porn.tw/video/annieleonii-hot-pawg-bounces-her-fat-ass-on-her-dildo-445.html" "Mozilla/5.0 (Windows NT 10.0; Win64; x64) AppleWebKit/537.36 (KHTML, like Gecko) Chrome/144.0.0.0 Safari/537.36"
177.86.235.59 - - [29/Jan/2026:05:06:28 -0500] "GET /media/misc/65323aa4ae803.jpg HTTP/1.1" 200 11950 "https://porn.tw/video/annieleonii-hot-pawg-bounces-her-fat-ass-on-her-dildo-445.html" "Mozilla/5.0 (Windows NT 10.0; Win64; x64) AppleWebKit/537.36 (KHTML, like Gecko) Chrome/144.0.0.0 Safari/537.36"
177.86.235.59 - - [29/Jan/2026:05:06:28 -0500] "GET /media/thumbs/7/6/5/8/e/7658eaee76fae3.mp4/7658eaee76fae3.mp4-8.jpg HTTP/1.1" 200 10503 "https://porn.tw/video/annieleonii-hot-pawg-bounces-her-fat-ass-on-her-dildo-445.html" "Mozilla/5.0 (Windows NT 10.0; Win64; x64) AppleWebKit/537.36 (KHTML, like Gecko) Chrome/144.0.0.0 Safari/537.36"
177.86.235.59 - - [29/Jan/2026:05:06:28 -0500] "GET /media/thumbs/7/6/5/8/6/765866e210f71f.mp4/765866e210f71f.mp4-6.jpg HTTP/1.1" 200 10333 "https://porn.tw/video/annieleonii-hot-pawg-bounces-her-fat-ass-on-her-dildo-445.html" "Mozilla/5.0 (Windows NT 10.0; Win64; x64) AppleWebKit/537.36 (KHTML, like Gecko) Chrome/144.0.0.0 Safari/537.36"
177.86.235.59 - - [29/Jan/2026:05:06:28 -0500] "GET /media/thumbs/7/6/5/8/e/7658e67d98921e.mp4/7658e67d98921e.mp4-3.jpg HTTP/1.1" 200 11516 "https://porn.tw/video/annieleonii-hot-pawg-bounces-her-fat-ass-on-her-dildo-445.html" "Mozilla/5.0 (Windows NT 10.0; Win64; x64) AppleWebKit/537.36 (KHTML, like Gecko) Chrome/144.0.0.0 Safari/537.36"
177.86.235.59 - - [29/Jan/2026:05:06:28 -0500] "GET /media/thumbs/7/6/5/8/f/7658fbe88e05e1.mp4/7658fbe88e05e1.mp4-3.jpg HTTP/1.1" 200 10490 "https://porn.tw/video/annieleonii-hot-pawg-bounces-her-fat-ass-on-her-dildo-445.html" "Mozilla/5.0 (Windows NT 10.0; Win64; x64) AppleWebKit/537.36 (KHTML, like Gecko) Chrome/144.0.0.0 Safari/537.36"
177.86.235.59 - - [29/Jan/2026:05:06:28 -0500] "GET /media/thumbs/7/6/5/7/d/7657d41466c67b.mp4/7657d41466c67b.mp4-4.jpg HTTP/1.1" 200 12309 "https://porn.tw/video/annieleonii-hot-pawg-bounces-her-fat-ass-on-her-dildo-445.html" "Mozilla/5.0 (Windows NT 10.0; Win64; x64) AppleWebKit/537.36 (KHTML, like Gecko) Chrome/144.0.0.0 Safari/537.36"
177.86.235.59 - - [29/Jan/2026:05:06:28 -0500] "GET /media/thumbs/7/6/5/8/3/76583d1531bacd.mp4/76583d1531bacd.mp4-5.jpg HTTP/1.1" 200 8539 "https://porn.tw/video/annieleonii-hot-pawg-bounces-her-fat-ass-on-her-dildo-445.html" "Mozilla/5.0 (Windows NT 10.0; Win64; x64) AppleWebKit/537.36 (KHTML, like Gecko) Chrome/144.0.0.0 Safari/537.36"
177.86.235.59 - - [29/Jan/2026:05:06:28 -0500] "GET /media/thumbs/7/6/5/8/d/7658d12253fe5d.mp4/7658d12253fe5d.mp4-7.jpg HTTP/1.1" 200 10265 "https://porn.tw/video/annieleonii-hot-pawg-bounces-her-fat-ass-on-her-dildo-445.html" "Mozilla/5.0 (Windows NT 10.0; Win64; x64) AppleWebKit/537.36 (KHTML, like Gecko) Chrome/144.0.0.0 Safari/537.36"
177.86.235.59 - - [29/Jan/2026:05:06:28 -0500] "GET /media/thumbs/7/6/5/8/a/7658a688a37dac.mp4/7658a688a37dac.mp4-5.jpg HTTP/1.1" 200 14242 "https://porn.tw/video/annieleonii-hot-pawg-bounces-her-fat-ass-on-her-dildo-445.html" "Mozilla/5.0 (Windows NT 10.0; Win64; x64) AppleWebKit/537.36 (KHTML, like Gecko) Chrome/144.0.0.0 Safari/537.36"
177.86.235.59 - - [29/Jan/2026:05:06:28 -0500] "GET /media/thumbs/7/6/5/7/f/7657fcd5e96946.mp4/7657fcd5e96946.mp4-3.jpg HTTP/1.1" 200 11374 "https://porn.tw/video/annieleonii-hot-pawg-bounces-her-fat-ass-on-her-dildo-445.html" "Mozilla/5.0 (Windows NT 10.0; Win64; x64) AppleWebKit/537.36 (KHTML, like Gecko) Chrome/144.0.0.0 Safari/537.36"
177.86.235.59 - - [29/Jan/2026:05:06:28 -0500] "GET /media/thumbs/1/6/6/5/8/1665858dd30bc42.mp4/1665858dd30bc42.mp4-3.jpg HTTP/1.1" 200 9839 "https://porn.tw/video/annieleonii-hot-pawg-bounces-her-fat-ass-on-her-dildo-445.html" "Mozilla/5.0 (Windows NT 10.0; Win64; x64) AppleWebKit/537.36 (KHTML, like Gecko) Chrome/144.0.0.0 Safari/537.36"
177.86.235.59 - - [29/Jan/2026:05:06:28 -0500] "GET /media/thumbs/6/6/5/3/5/665355e1b264f2.mp4/665355e1b264f2.mp4-8.jpg HTTP/1.1" 200 12817 "https://porn.tw/video/annieleonii-hot-pawg-bounces-her-fat-ass-on-her-dildo-445.html" "Mozilla/5.0 (Windows NT 10.0; Win64; x64) AppleWebKit/537.36 (KHTML, like Gecko) Chrome/144.0.0.0 Safari/537.36"
177.86.235.59 - - [29/Jan/2026:05:06:28 -0500] "GET /media/thumbs/7/6/5/3/5/765355d9f68bfa.mp4/765355d9f68bfa.mp4-3.jpg HTTP/1.1" 200 8263 "https://porn.tw/video/annieleonii-hot-pawg-bounces-her-fat-ass-on-her-dildo-445.html" "Mozilla/5.0 (Windows NT 10.0; Win64; x64) AppleWebKit/537.36 (KHTML, like Gecko) Chrome/144.0.0.0 Safari/537.36"
177.86.235.59 - - [29/Jan/2026:05:06:28 -0500] "GET /media/thumbs/7/6/5/3/9/7653946fa8b5e0.mp4/7653946fa8b5e0.mp4-1.jpg HTTP/1.1" 200 11343 "https://porn.tw/video/annieleonii-hot-pawg-bounces-her-fat-ass-on-her-dildo-445.html" "Mozilla/5.0 (Windows NT 10.0; Win64; x64) AppleWebKit/537.36 (KHTML, like Gecko) Chrome/144.0.0.0 Safari/537.36"
177.86.235.59 - - [29/Jan/2026:05:06:28 -0500] "GET /media/thumbs/3/6/5/8/0/3658002dc69387.mp4/3658002dc69387.mp4-3.jpg HTTP/1.1" 200 11001 "https://porn.tw/video/annieleonii-hot-pawg-bounces-her-fat-ass-on-her-dildo-445.html" "Mozilla/5.0 (Windows NT 10.0; Win64; x64) AppleWebKit/537.36 (KHTML, like Gecko) Chrome/144.0.0.0 Safari/537.36"
177.86.235.59 - - [29/Jan/2026:05:06:29 -0500] "GET /media/thumbs/7/6/5/4/d/7654dc8879d67c.mp4/7654dc8879d67c.mp4-3.jpg HTTP/1.1" 200 8347 "https://porn.tw/video/annieleonii-hot-pawg-bounces-her-fat-ass-on-her-dildo-445.html" "Mozilla/5.0 (Windows NT 10.0; Win64; x64) AppleWebKit/537.36 (KHTML, like Gecko) Chrome/144.0.0.0 Safari/537.36"
177.86.235.59 - - [29/Jan/2026:05:06:29 -0500] "GET /includes/fluidplayer//scripts/webvtt.min.js HTTP/1.1" 200 8856 "https://porn.tw/video/annieleonii-hot-pawg-bounces-her-fat-ass-on-her-dildo-445.html" "Mozilla/5.0 (Windows NT 10.0; Win64; x64) AppleWebKit/537.36 (KHTML, like Gecko) Chrome/144.0.0.0 Safari/537.36"
177.86.235.59 - - [29/Jan/2026:05:06:29 -0500] "GET /includes/fluidplayer//scripts/vtt.js HTTP/1.1" 200 140908 "https://porn.tw/video/annieleonii-hot-pawg-bounces-her-fat-ass-on-her-dildo-445.html" "Mozilla/5.0 (Windows NT 10.0; Win64; x64) AppleWebKit/537.36 (KHTML, like Gecko) Chrome/144.0.0.0 Safari/537.36"
177.86.235.59 - - [29/Jan/2026:05:06:29 -0500] "GET /webvtt/445.vtt HTTP/1.1" 200 5803 "https://porn.tw/video/annieleonii-hot-pawg-bounces-her-fat-ass-on-her-dildo-445.html" "Mozilla/5.0 (Windows NT 10.0; Win64; x64) AppleWebKit/537.36 (KHTML, like Gecko) Chrome/144.0.0.0 Safari/537.36"
177.86.235.59 - - [29/Jan/2026:05:06:29 -0500] "GET /media/videos/7/6/5/9/4/76594a670b0692.mp4 HTTP/1.1" 206 303034159 "https://porn.tw/video/annieleonii-hot-pawg-bounces-her-fat-ass-on-her-dildo-445.html" "Mozilla/5.0 (Windows NT 10.0; Win64; x64) AppleWebKit/537.36 (KHTML, like Gecko) Chrome/144.0.0.0 Safari/537.36"
177.86.235.59 - - [29/Jan/2026:05:06:29 -0500] "GET /media/videos/7/6/5/9/4/76594a670b0692.mp4 HTTP/1.1" 206 93999 "https://porn.tw/video/annieleonii-hot-pawg-bounces-her-fat-ass-on-her-dildo-445.html" "Mozilla/5.0 (Windows NT 10.0; Win64; x64) AppleWebKit/537.36 (KHTML, like Gecko) Chrome/144.0.0.0 Safari/537.36"
177.86.235.59 - - [29/Jan/2026:05:06:29 -0500] "GET /media/videos/7/6/5/9/4/76594a670b0692.mp4 HTTP/1.1" 206 302891321 "https://porn.tw/video/annieleonii-hot-pawg-bounces-her-fat-ass-on-her-dildo-445.html" "Mozilla/5.0 (Windows NT 10.0; Win64; x64) AppleWebKit/537.36 (KHTML, like Gecko) Chrome/144.0.0.0 Safari/537.36"
217.113.194.80 - - [29/Jan/2026:05:06:36 -0500] "GET /search/shemale-toy-fuck/views/page4.html HTTP/1.1" 200 42930 "-" "Mozilla/5.0 (compatible; Barkrowler/0.9; +https://babbar.tech/crawler)"
217.113.194.80 - - [29/Jan/2026:05:06:41 -0500] "GET /action.php?action=reportVideo&id=2256 HTTP/1.1" 200 3603 "-" "Mozilla/5.0 (compatible; Barkrowler/0.9; +https://babbar.tech/crawler)"
114.119.132.9 - - [29/Jan/2026:05:06:48 -0500] "GET /action.php?action=reportVideo&id=958 HTTP/1.1" 200 3598 "https://porn.tw/video/vvaleriabunny-gets-pounded-hard-doggie-style-958.html" "Mozilla/5.0 (Linux; Android 7.0;) AppleWebKit/537.36 (KHTML, like Gecko) Mobile Safari/537.36 (compatible; PetalBot;+https://webmaster.petalsearch.com/site/petalbot)"
217.113.194.81 - - [29/Jan/2026:05:06:52 -0500] "GET /search/webcam-pussy-tease/views/page15.html HTTP/1.1" 200 75450 "-" "Mozilla/5.0 (compatible; Barkrowler/0.9; +https://babbar.tech/crawler)"
217.113.194.81 - - [29/Jan/2026:05:06:56 -0500] "GET /action.php?action=reportVideo&id=3072 HTTP/1.1" 200 3603 "-" "Mozilla/5.0 (compatible; Barkrowler/0.9; +https://babbar.tech/crawler)"
66.249.74.6 - - [29/Jan/2026:05:06:57 -0500] "GET /video/cuteanddesesperate-licks-and-fucks-dripping-wet-pussy-43.html HTTP/1.1" 200 53309 "-" "Mozilla/5.0 (Linux; Android 6.0.1; Nexus 5X Build/MMB29P) AppleWebKit/537.36 (KHTML, like Gecko) Chrome/143.0.7499.192 Mobile Safari/537.36 (compatible; Googlebot/2.1; +http://www.google.com/bot.html)"
66.249.74.4 - - [29/Jan/2026:05:07:00 -0500] "GET /media/thumbs/1/3/6/5/4/1365467145af060.mp4/vtt_022.jpg HTTP/1.1" 200 7214 "-" "Googlebot-Image/1.0"
116.179.32.200 - - [29/Jan/2026:05:07:00 -0500] "GET /search/curvy-body/page9.html HTTP/1.1" 403 - "-" "Mozilla/5.0 (compatible; Baiduspider/2.0; +http://www.baidu.com/search/spider.html)"
119.249.100.173 - - [29/Jan/2026:05:07:04 -0500] "GET /search/curvy-body/page9.html HTTP/1.1" 200 32259 "-" "Mozilla/5.0 (Windows NT 10.0; WOW64) AppleWebKit/537.36 (KHTML, like Gecko) Chrome/48.0.2564.116 Safari/537.36"
217.113.194.75 - - [29/Jan/2026:05:07:09 -0500] "GET /search/webcam-pussy-tease/views/page13.html HTTP/1.1" 200 74071 "-" "Mozilla/5.0 (compatible; Barkrowler/0.9; +https://babbar.tech/crawler)"
217.113.194.74 - - [29/Jan/2026:05:07:12 -0500] "GET /action.php?action=reportVideo&id=2976 HTTP/1.1" 200 3603 "-" "Mozilla/5.0 (compatible; Barkrowler/0.9; +https://babbar.tech/crawler)"
217.113.194.76 - - [29/Jan/2026:05:07:24 -0500] "GET /search/webcam-pussy-tease/rating/page8.html HTTP/1.1" 200 72753 "-" "Mozilla/5.0 (compatible; Barkrowler/0.9; +https://babbar.tech/crawler)"
217.113.194.80 - - [29/Jan/2026:05:07:28 -0500] "GET /action.php?action=reportVideo&id=2933 HTTP/1.1" 200 3603 "-" "Mozilla/5.0 (compatible; Barkrowler/0.9; +https://babbar.tech/crawler)"
85.208.96.199 - - [29/Jan/2026:05:07:35 -0500] "GET /action.php?action=add_favorites&id=1194 HTTP/1.1" 403 - "-" "Mozilla/5.0 (compatible; SemrushBot/7~bl; +http://www.semrush.com/bot.html)"
154.54.249.200 - - [29/Jan/2026:05:07:40 -0500] "GET /search/webcam-pussy-tease/rating/page16.html HTTP/1.1" 200 60066 "-" "Mozilla/5.0 (compatible; Barkrowler/0.9; +https://babbar.tech/crawler)"
116.179.32.198 - - [29/Jan/2026:05:07:40 -0500] "GET /search/raw-pleasure/rating/page2.html HTTP/1.1" 403 - "-" "Mozilla/5.0 (compatible; Baiduspider/2.0; +http://www.baidu.com/search/spider.html)"
217.113.194.79 - - [29/Jan/2026:05:07:43 -0500] "GET /action.php?action=reportVideo&id=1835 HTTP/1.1" 200 3603 "-" "Mozilla/5.0 (compatible; Barkrowler/0.9; +https://babbar.tech/crawler)"
185.191.171.4 - - [29/Jan/2026:05:07:45 -0500] "GET /video/sussielanne-mouth-fucking-porn-1172.html HTTP/1.1" 403 - "-" "Mozilla/5.0 (compatible; SemrushBot/7~bl; +http://www.semrush.com/bot.html)"
119.249.100.51 - - [29/Jan/2026:05:07:46 -0500] "GET /search/raw-pleasure/rating/page2.html HTTP/1.1" 200 72848 "-" "Mozilla/5.0 (Windows NT 10.0; WOW64) AppleWebKit/537.36 (KHTML, like Gecko) Chrome/48.0.2564.116 Safari/537.36"
217.113.194.76 - - [29/Jan/2026:05:07:55 -0500] "GET /search/webcam-pussy-tease/rating/page12.html HTTP/1.1" 200 75097 "-" "Mozilla/5.0 (compatible; Barkrowler/0.9; +https://babbar.tech/crawler)"
66.249.74.4 - - [29/Jan/2026:05:07:58 -0500] "GET /video/sophiajohnes-porn-cam-session-161.html HTTP/1.1" 200 55033 "-" "Mozilla/5.0 (Linux; Android 6.0.1; Nexus 5X Build/MMB29P) AppleWebKit/537.36 (KHTML, like Gecko) Chrome/143.0.7499.192 Mobile Safari/537.36 (compatible; Googlebot/2.1; +http://www.google.com/bot.html)"
66.249.65.35 - - [29/Jan/2026:05:07:58 -0500] "GET /search/wild-blowjob-cam/newest/page3.html HTTP/1.1" 200 74913 "-" "Mozilla/5.0 (Linux; Android 6.0.1; Nexus 5X Build/MMB29P) AppleWebKit/537.36 (KHTML, like Gecko) Chrome/143.0.7499.192 Mobile Safari/537.36 (compatible; Googlebot/2.1; +http://www.google.com/bot.html)"
217.113.194.79 - - [29/Jan/2026:05:07:59 -0500] "GET /action.php?action=reportVideo&id=1836 HTTP/1.1" 200 3603 "-" "Mozilla/5.0 (compatible; Barkrowler/0.9; +https://babbar.tech/crawler)"
80.98.143.235 - - [29/Jan/2026:05:08:00 -0500] "GET /media/thumbs/7/6/8/4/9/768495907431fc.mp4/vtt_025.jpg HTTP/1.1" 200 6527 "https://www.google.com/" "Mozilla/5.0 (Linux; Android 10; K) AppleWebKit/537.36 (KHTML, like Gecko) Chrome/144.0.0.0 Safari/537.36"
66.249.74.5 - - [29/Jan/2026:05:08:07 -0500] "GET /video/xlunaskye-busty-luna-skye-porn-videos-fucks-her-self-with-a-tentacle-1516.html HTTP/1.1" 200 53518 "-" "Mozilla/5.0 (Linux; Android 6.0.1; Nexus 5X Build/MMB29P) AppleWebKit/537.36 (KHTML, like Gecko) Chrome/143.0.7499.192 Mobile Safari/537.36 (compatible; Googlebot/2.1; +http://www.google.com/bot.html)"
217.113.194.73 - - [29/Jan/2026:05:08:12 -0500] "GET /search/webcam-pussy-tease/rating/page2.html HTTP/1.1" 200 75495 "-" "Mozilla/5.0 (compatible; Barkrowler/0.9; +https://babbar.tech/crawler)"
114.119.150.49 - - [29/Jan/2026:05:08:12 -0500] "GET /models/rating/page4.html HTTP/1.1" 200 41386 "https://porn.tw/models/rating/page2.html" "Mozilla/5.0 (Linux; Android 7.0;) AppleWebKit/537.36 (KHTML, like Gecko) Mobile Safari/537.36 (compatible; PetalBot;+https://webmaster.petalsearch.com/site/petalbot)"
217.113.194.78 - - [29/Jan/2026:05:08:15 -0500] "GET /action.php?action=reportVideo&id=1315 HTTP/1.1" 200 3603 "-" "Mozilla/5.0 (compatible; Barkrowler/0.9; +https://babbar.tech/crawler)"
116.179.32.42 - - [29/Jan/2026:05:08:21 -0500] "GET /search/shaantalll-webcam/views/page8.html HTTP/1.1" 403 - "-" "Mozilla/5.0 (compatible; Baiduspider/2.0; +http://www.baidu.com/search/spider.html)"
66.249.74.5 - - [29/Jan/2026:05:08:22 -0500] "GET /video/taissohoteros-gives-head-917.html HTTP/1.1" 200 52405 "-" "Mozilla/5.0 (Linux; Android 6.0.1; Nexus 5X Build/MMB29P) AppleWebKit/537.36 (KHTML, like Gecko) Chrome/143.0.7499.192 Mobile Safari/537.36 (compatible; Googlebot/2.1; +http://www.google.com/bot.html)"
66.249.74.4 - - [29/Jan/2026:05:08:27 -0500] "GET /video/stefiqueen-11-blonde-shemale-cam-815.html HTTP/1.1" 200 52975 "-" "Mozilla/5.0 (Linux; Android 6.0.1; Nexus 5X Build/MMB29P) AppleWebKit/537.36 (KHTML, like Gecko) Chrome/143.0.7499.192 Mobile Safari/537.36 (compatible; Googlebot/2.1; +http://www.google.com/bot.html)"
217.113.194.73 - - [29/Jan/2026:05:08:27 -0500] "GET /search/webcam-pussy-fuckin/newest/page7.html HTTP/1.1" 200 75161 "-" "Mozilla/5.0 (compatible; Barkrowler/0.9; +https://babbar.tech/crawler)"
217.113.194.75 - - [29/Jan/2026:05:08:31 -0500] "GET /action.php?action=reportVideo&id=1158 HTTP/1.1" 200 3603 "-" "Mozilla/5.0 (compatible; Barkrowler/0.9; +https://babbar.tech/crawler)"
