HEX
Server: Apache
System: Linux msm5694.mjhst.com 3.10.0-1160.119.1.el7.x86_64 #1 SMP Tue Jun 4 14:43:51 UTC 2024 x86_64
User: camjab_ssh (1000)
PHP: 5.3.29
Disabled: NONE
Upload Files
File: //home/httpd/logs/porn.tw_access_log.1
217.113.194.75 - - [29/Jan/2026:03:49:07 -0500] "GET /search/pussy-pounding/newest/page9.html HTTP/1.1" 200 72003 "-" "Mozilla/5.0 (compatible; Barkrowler/0.9; +https://babbar.tech/crawler)"
98.83.8.142 - - [29/Jan/2026:03:49:07 -0500] "GET /search/webcam/page2.html HTTP/1.1" 200 72716 "-" "Mozilla/5.0 AppleWebKit/537.36 (KHTML, like Gecko; compatible; Amazonbot/0.1; +https://developer.amazon.com/support/amazonbot) Chrome/119.0.6045.214 Safari/537.36"
217.113.194.217 - - [29/Jan/2026:03:49:14 -0500] "GET /search/big-tits-blonde/newest/page5.html HTTP/1.1" 200 71369 "-" "Mozilla/5.0 (compatible; Barkrowler/0.9; +https://babbar.tech/crawler)"
217.113.194.81 - - [29/Jan/2026:03:49:22 -0500] "GET /search/pussy-rubbing/rating/page1.html HTTP/1.1" 200 73068 "-" "Mozilla/5.0 (compatible; Barkrowler/0.9; +https://babbar.tech/crawler)"
217.113.194.218 - - [29/Jan/2026:03:49:29 -0500] "GET /search/big-toy-tease/page4.html HTTP/1.1" 200 24840 "-" "Mozilla/5.0 (compatible; Barkrowler/0.9; +https://babbar.tech/crawler)"
66.249.74.4 - - [29/Jan/2026:03:49:30 -0500] "GET /templates/default_tube2019/template.ajax_comments.php?id=2644&type=0&loaded=0&time=1767744000000 HTTP/1.1" 200 133 "https://porn.tw/video/explore-kamy-stone-s-wild-fucking-machine-show-on-porn-tw-2644.html" "Mozilla/5.0 (Linux; Android 6.0.1; Nexus 5X Build/MMB29P) AppleWebKit/537.36 (KHTML, like Gecko) Chrome/143.0.7499.192 Mobile Safari/537.36 (compatible; Googlebot/2.1; +http://www.google.com/bot.html)"
154.54.249.200 - - [29/Jan/2026:03:49:38 -0500] "GET /search/pussy-rubbing/rating/page3.html HTTP/1.1" 200 73940 "-" "Mozilla/5.0 (compatible; Barkrowler/0.9; +https://babbar.tech/crawler)"
220.181.108.175 - - [29/Jan/2026:03:49:39 -0500] "GET /search/steamy-cam-session/rating/page5.html HTTP/1.1" 403 - "-" "Mozilla/5.0 (compatible; Baiduspider/2.0; +http://www.baidu.com/search/spider.html)"
217.113.194.217 - - [29/Jan/2026:03:49:45 -0500] "GET /search/hairy-pussy/newest/page6.html HTTP/1.1" 200 72367 "-" "Mozilla/5.0 (compatible; Barkrowler/0.9; +https://babbar.tech/crawler)"
217.113.194.80 - - [29/Jan/2026:03:49:53 -0500] "GET /search/pussy-rubbing/rating/page7.html HTTP/1.1" 200 78940 "-" "Mozilla/5.0 (compatible; Barkrowler/0.9; +https://babbar.tech/crawler)"
217.113.194.218 - - [29/Jan/2026:03:50:00 -0500] "GET /search/hairy-pussy/views/page9.html HTTP/1.1" 200 74289 "-" "Mozilla/5.0 (compatible; Barkrowler/0.9; +https://babbar.tech/crawler)"
114.119.140.111 - - [29/Jan/2026:03:50:05 -0500] "GET /action.php?action=add_favorites&id=3202 HTTP/1.1" 200 719 "https://porn.tw/uploads-by-user/3/page1.html" "Mozilla/5.0 (Linux; Android 7.0;) AppleWebKit/537.36 (KHTML, like Gecko) Mobile Safari/537.36 (compatible; PetalBot;+https://webmaster.petalsearch.com/site/petalbot)"
217.113.194.74 - - [29/Jan/2026:03:50:09 -0500] "GET /search/pussy-teasing/rating/page5.html HTTP/1.1" 200 72014 "-" "Mozilla/5.0 (compatible; Barkrowler/0.9; +https://babbar.tech/crawler)"
217.113.194.77 - - [29/Jan/2026:03:50:16 -0500] "GET /search/live-control-show/page3.html HTTP/1.1" 200 74959 "-" "Mozilla/5.0 (compatible; Barkrowler/0.9; +https://babbar.tech/crawler)"
116.179.32.198 - - [29/Jan/2026:03:50:20 -0500] "GET /search/stunning-blonde-webcam/newest/page8.html HTTP/1.1" 403 - "-" "Mozilla/5.0 (compatible; Baiduspider/2.0; +http://www.baidu.com/search/spider.html)"
217.113.194.78 - - [29/Jan/2026:03:50:24 -0500] "GET /search/pussy-teasing/views/page2.html HTTP/1.1" 200 73602 "-" "Mozilla/5.0 (compatible; Barkrowler/0.9; +https://babbar.tech/crawler)"
220.181.51.92 - - [29/Jan/2026:03:50:27 -0500] "GET /search/stunning-blonde-webcam/newest/page8.html HTTP/1.1" 200 78972 "-" "Mozilla/5.0 (Windows NT 10.0; WOW64) AppleWebKit/537.36 (KHTML, like Gecko) Chrome/48.0.2564.116 Safari/537.36"
217.113.194.74 - - [29/Jan/2026:03:50:31 -0500] "GET /search/live-couple-porn/newest/page5.html HTTP/1.1" 200 75140 "-" "Mozilla/5.0 (compatible; Barkrowler/0.9; +https://babbar.tech/crawler)"
217.113.194.72 - - [29/Jan/2026:03:50:40 -0500] "GET /search/pussy-teasing/views/page7.html HTTP/1.1" 200 74334 "-" "Mozilla/5.0 (compatible; Barkrowler/0.9; +https://babbar.tech/crawler)"
217.113.194.78 - - [29/Jan/2026:03:50:47 -0500] "GET /search/cam-show/rating/page7.html HTTP/1.1" 200 32216 "-" "Mozilla/5.0 (compatible; Barkrowler/0.9; +https://babbar.tech/crawler)"
217.113.194.73 - - [29/Jan/2026:03:50:55 -0500] "GET /search/pussy-fnger/rating/page7.html HTTP/1.1" 200 79465 "-" "Mozilla/5.0 (compatible; Barkrowler/0.9; +https://babbar.tech/crawler)"
66.249.74.5 - - [29/Jan/2026:03:50:57 -0500] "GET /search/elizabeth_gilbert-shemale-porn/views/page5.html HTTP/1.1" 200 73446 "-" "Mozilla/5.0 (Linux; Android 6.0.1; Nexus 5X Build/MMB29P) AppleWebKit/537.36 (KHTML, like Gecko) Chrome/143.0.7499.192 Mobile Safari/537.36 (compatible; Googlebot/2.1; +http://www.google.com/bot.html)"
151.80.133.171 - - [29/Jan/2026:03:50:58 -0500] "GET /action.php?action=add_favorites&id=3279 HTTP/1.1" 200 719 "-" "Mozilla/5.0 (Windows NT 10.0; Win64; x64) AppleWebKit/537.36 (KHTML, like Gecko) Chrome/139.0.0.0 Safari/537.36"
217.113.194.81 - - [29/Jan/2026:03:51:02 -0500] "GET /search/cam-seductress-babe/rating/ HTTP/1.1" 200 73878 "-" "Mozilla/5.0 (compatible; Barkrowler/0.9; +https://babbar.tech/crawler)"
217.113.194.72 - - [29/Jan/2026:03:51:11 -0500] "GET /search/pussy-fnger/rating/page6.html HTTP/1.1" 200 73748 "-" "Mozilla/5.0 (compatible; Barkrowler/0.9; +https://babbar.tech/crawler)"
61.8.158.142 - - [29/Jan/2026:03:51:13 -0500] "GET /media/thumbs/3/6/5/3/3/36533883a8fe2d.mp4/36533883a8fe2d.mp4-2.jpg HTTP/1.1" 200 8338 "https://www.google.com/" "Mozilla/5.0 (Linux; Android 15; SM-G991B Build/AP3A.240905.015.A2; wv) AppleWebKit/537.36 (KHTML, like Gecko) Version/4.0 Chrome/143.0.7499.192 Mobile Safari/537.36 GoogleApp/16.48.57.ve.arm64"
217.113.194.79 - - [29/Jan/2026:03:51:19 -0500] "GET /search/scissor-fucking/rating/page2.html HTTP/1.1" 200 71587 "-" "Mozilla/5.0 (compatible; Barkrowler/0.9; +https://babbar.tech/crawler)"
51.75.18.6 - - [29/Jan/2026:03:51:20 -0500] "GET /action.php?action=add_favorites&id=3377 HTTP/1.1" 200 719 "-" "Mozilla/5.0 (Windows NT 10.0; Win64; x64) AppleWebKit/537.36 (KHTML, like Gecko) Chrome/139.0.0.0 Safari/537.36"
154.54.249.200 - - [29/Jan/2026:03:51:27 -0500] "GET /search/kusssecka-webcam/page3.html HTTP/1.1" 200 72783 "-" "Mozilla/5.0 (compatible; Barkrowler/0.9; +https://babbar.tech/crawler)"
114.119.140.111 - - [29/Jan/2026:03:51:29 -0500] "GET /action.php?action=reportVideo&id=3188 HTTP/1.1" 200 3599 "https://porn.tw/video/gatitachan-s-solo-porn-dildo-machine-blowjob-on-free-cams-3188.html" "Mozilla/5.0 (Linux; Android 7.0;) AppleWebKit/537.36 (KHTML, like Gecko) Mobile Safari/537.36 (compatible; PetalBot;+https://webmaster.petalsearch.com/site/petalbot)"
217.113.194.80 - - [29/Jan/2026:03:51:34 -0500] "GET /search/paolathonsom-porn/rating/ HTTP/1.1" 200 72249 "-" "Mozilla/5.0 (compatible; Barkrowler/0.9; +https://babbar.tech/crawler)"
217.113.194.218 - - [29/Jan/2026:03:51:42 -0500] "GET /search/jessica-portman-live/page4.html HTTP/1.1" 200 75859 "-" "Mozilla/5.0 (compatible; Barkrowler/0.9; +https://babbar.tech/crawler)"
220.181.108.84 - - [29/Jan/2026:03:51:43 -0500] "GET /search/finger-fuck/views/page1.html HTTP/1.1" 403 - "-" "Mozilla/5.0 (compatible; Baiduspider/2.0; +http://www.baidu.com/search/spider.html)"
162.62.213.165 - - [29/Jan/2026:03:51:44 -0500] "GET /action.php?action=add_favorites&id=3470 HTTP/1.1" 200 719 "-" "Mozilla/5.0 (iPhone; CPU iPhone OS 13_2_3 like Mac OS X) AppleWebKit/605.1.15 (KHTML, like Gecko) Version/13.0.3 Mobile/15E148 Safari/604.1"
217.113.194.76 - - [29/Jan/2026:03:51:50 -0500] "GET /search/bouncing-tits/newest/page3.html HTTP/1.1" 200 71064 "-" "Mozilla/5.0 (compatible; Barkrowler/0.9; +https://babbar.tech/crawler)"
217.113.194.72 - - [29/Jan/2026:03:51:58 -0500] "GET /search/searing-fucking-cam-porn/rating/ HTTP/1.1" 200 73755 "-" "Mozilla/5.0 (compatible; Barkrowler/0.9; +https://babbar.tech/crawler)"
52.167.144.20 - - [29/Jan/2026:03:52:01 -0500] "GET /search/colombian-cam-babe/newest/page5.html HTTP/1.1" 200 78730 "-" "Mozilla/5.0 AppleWebKit/537.36 (KHTML, like Gecko; compatible; bingbot/2.0; +http://www.bing.com/bingbot.htm) Chrome/116.0.1938.76 Safari/537.36"
217.113.194.81 - - [29/Jan/2026:03:52:05 -0500] "GET /search/bouncing-boobs/page1.html HTTP/1.1" 200 71464 "-" "Mozilla/5.0 (compatible; Barkrowler/0.9; +https://babbar.tech/crawler)"
45.176.210.1 - - [29/Jan/2026:03:52:07 -0500] "GET /video/girl-next-door19-is-a-cute-lady-who-loves-to-orgasm-on-webcam-1235.html HTTP/1.1" 200 55441 "https://www.google.com/" "Mozilla/5.0 (Linux; Android 10; K) AppleWebKit/537.36 (KHTML, like Gecko) Chrome/144.0.0.0 Mobile Safari/537.36"
45.176.210.1 - - [29/Jan/2026:03:52:07 -0500] "GET /templates/default_tube2019/images/logo.png HTTP/1.1" 200 2157 "https://porn.tw/video/girl-next-door19-is-a-cute-lady-who-loves-to-orgasm-on-webcam-1235.html" "Mozilla/5.0 (Linux; Android 10; K) AppleWebKit/537.36 (KHTML, like Gecko) Chrome/144.0.0.0 Mobile Safari/537.36"
45.176.210.1 - - [29/Jan/2026:03:52:07 -0500] "GET /templates/default_tube2019/js/jQuery_v1.12.4.min.js HTTP/1.1" 200 97166 "https://porn.tw/video/girl-next-door19-is-a-cute-lady-who-loves-to-orgasm-on-webcam-1235.html" "Mozilla/5.0 (Linux; Android 10; K) AppleWebKit/537.36 (KHTML, like Gecko) Chrome/144.0.0.0 Mobile Safari/537.36"
45.176.210.1 - - [29/Jan/2026:03:52:07 -0500] "GET /core/images/catdefault.jpg HTTP/1.1" 200 3364 "https://porn.tw/video/girl-next-door19-is-a-cute-lady-who-loves-to-orgasm-on-webcam-1235.html" "Mozilla/5.0 (Linux; Android 10; K) AppleWebKit/537.36 (KHTML, like Gecko) Chrome/144.0.0.0 Mobile Safari/537.36"
45.176.210.1 - - [29/Jan/2026:03:52:07 -0500] "GET /includes/fluidplayer/fluidplayer.min.js HTTP/1.1" 200 125605 "https://porn.tw/video/girl-next-door19-is-a-cute-lady-who-loves-to-orgasm-on-webcam-1235.html" "Mozilla/5.0 (Linux; Android 10; K) AppleWebKit/537.36 (KHTML, like Gecko) Chrome/144.0.0.0 Mobile Safari/537.36"
45.176.210.1 - - [29/Jan/2026:03:52:08 -0500] "GET /media/thumbs/3/6/6/4/e/3664ef97d81f77.mp4/vtt_005.jpg HTTP/1.1" 200 9258 "https://porn.tw/video/girl-next-door19-is-a-cute-lady-who-loves-to-orgasm-on-webcam-1235.html" "Mozilla/5.0 (Linux; Android 10; K) AppleWebKit/537.36 (KHTML, like Gecko) Chrome/144.0.0.0 Mobile Safari/537.36"
45.176.210.1 - - [29/Jan/2026:03:52:08 -0500] "GET /media/thumbs/3/6/6/4/e/3664ef97d81f77.mp4/vtt_010.jpg HTTP/1.1" 200 9204 "https://porn.tw/video/girl-next-door19-is-a-cute-lady-who-loves-to-orgasm-on-webcam-1235.html" "Mozilla/5.0 (Linux; Android 10; K) AppleWebKit/537.36 (KHTML, like Gecko) Chrome/144.0.0.0 Mobile Safari/537.36"
45.176.210.1 - - [29/Jan/2026:03:52:08 -0500] "GET /media/thumbs/3/6/6/4/e/3664ef97d81f77.mp4/vtt_015.jpg HTTP/1.1" 200 9091 "https://porn.tw/video/girl-next-door19-is-a-cute-lady-who-loves-to-orgasm-on-webcam-1235.html" "Mozilla/5.0 (Linux; Android 10; K) AppleWebKit/537.36 (KHTML, like Gecko) Chrome/144.0.0.0 Mobile Safari/537.36"
45.176.210.1 - - [29/Jan/2026:03:52:08 -0500] "GET /templates/default_tube2019/fonts/Roboto/Roboto-Regular.ttf HTTP/1.1" 200 171676 "https://porn.tw/templates/default_tube2019/css/styles.css" "Mozilla/5.0 (Linux; Android 10; K) AppleWebKit/537.36 (KHTML, like Gecko) Chrome/144.0.0.0 Mobile Safari/537.36"
45.176.210.1 - - [29/Jan/2026:03:52:08 -0500] "GET /templates/default_tube2019/fonts/Roboto/Roboto-Medium.ttf HTTP/1.1" 200 172064 "https://porn.tw/templates/default_tube2019/css/styles.css" "Mozilla/5.0 (Linux; Android 10; K) AppleWebKit/537.36 (KHTML, like Gecko) Chrome/144.0.0.0 Mobile Safari/537.36"
45.176.210.1 - - [29/Jan/2026:03:52:08 -0500] "GET /templates/default_tube2019/fonts/fontawesome_5.7.1/fa-solid-900.woff2 HTTP/1.1" 200 74320 "https://porn.tw/templates/default_tube2019/css/styles.css" "Mozilla/5.0 (Linux; Android 10; K) AppleWebKit/537.36 (KHTML, like Gecko) Chrome/144.0.0.0 Mobile Safari/537.36"
45.176.210.1 - - [29/Jan/2026:03:52:08 -0500] "GET /templates/default_tube2019/js/bootstrap.min.js HTTP/1.1" 200 70808 "https://porn.tw/video/girl-next-door19-is-a-cute-lady-who-loves-to-orgasm-on-webcam-1235.html" "Mozilla/5.0 (Linux; Android 10; K) AppleWebKit/537.36 (KHTML, like Gecko) Chrome/144.0.0.0 Mobile Safari/537.36"
45.176.210.1 - - [29/Jan/2026:03:52:08 -0500] "GET /templates/default_tube2019/js/lazyload.min.js HTTP/1.1" 200 2863 "https://porn.tw/video/girl-next-door19-is-a-cute-lady-who-loves-to-orgasm-on-webcam-1235.html" "Mozilla/5.0 (Linux; Android 10; K) AppleWebKit/537.36 (KHTML, like Gecko) Chrome/144.0.0.0 Mobile Safari/537.36"
45.176.210.1 - - [29/Jan/2026:03:52:08 -0500] "GET /templates/default_tube2019/js/bootstrap-select.min.js HTTP/1.1" 200 33379 "https://porn.tw/video/girl-next-door19-is-a-cute-lady-who-loves-to-orgasm-on-webcam-1235.html" "Mozilla/5.0 (Linux; Android 10; K) AppleWebKit/537.36 (KHTML, like Gecko) Chrome/144.0.0.0 Mobile Safari/537.36"
45.176.210.1 - - [29/Jan/2026:03:52:08 -0500] "GET /templates/default_tube2019/js/jquery.tinyscrollbar.min.js HTTP/1.1" 200 4105 "https://porn.tw/video/girl-next-door19-is-a-cute-lady-who-loves-to-orgasm-on-webcam-1235.html" "Mozilla/5.0 (Linux; Android 10; K) AppleWebKit/537.36 (KHTML, like Gecko) Chrome/144.0.0.0 Mobile Safari/537.36"
45.176.210.1 - - [29/Jan/2026:03:52:08 -0500] "GET /templates/default_tube2019/js/functions.js HTTP/1.1" 200 26636 "https://porn.tw/video/girl-next-door19-is-a-cute-lady-who-loves-to-orgasm-on-webcam-1235.html" "Mozilla/5.0 (Linux; Android 10; K) AppleWebKit/537.36 (KHTML, like Gecko) Chrome/144.0.0.0 Mobile Safari/537.36"
45.176.210.1 - - [29/Jan/2026:03:52:08 -0500] "GET /templates/default_tube2019/js/img2svg.js HTTP/1.1" 200 1613 "https://porn.tw/video/girl-next-door19-is-a-cute-lady-who-loves-to-orgasm-on-webcam-1235.html" "Mozilla/5.0 (Linux; Android 10; K) AppleWebKit/537.36 (KHTML, like Gecko) Chrome/144.0.0.0 Mobile Safari/537.36"
45.176.210.1 - - [29/Jan/2026:03:52:09 -0500] "GET /core/js/Tube.js HTTP/1.1" 200 1519 "https://porn.tw/video/girl-next-door19-is-a-cute-lady-who-loves-to-orgasm-on-webcam-1235.html" "Mozilla/5.0 (Linux; Android 10; K) AppleWebKit/537.36 (KHTML, like Gecko) Chrome/144.0.0.0 Mobile Safari/537.36"
45.176.210.1 - - [29/Jan/2026:03:52:09 -0500] "GET /core/js/ageWarningJs.php HTTP/1.1" 200 1037 "https://porn.tw/video/girl-next-door19-is-a-cute-lady-who-loves-to-orgasm-on-webcam-1235.html" "Mozilla/5.0 (Linux; Android 10; K) AppleWebKit/537.36 (KHTML, like Gecko) Chrome/144.0.0.0 Mobile Safari/537.36"
45.176.210.1 - - [29/Jan/2026:03:52:09 -0500] "GET /core/js/gdprJs.php HTTP/1.1" 200 1238 "https://porn.tw/video/girl-next-door19-is-a-cute-lady-who-loves-to-orgasm-on-webcam-1235.html" "Mozilla/5.0 (Linux; Android 10; K) AppleWebKit/537.36 (KHTML, like Gecko) Chrome/144.0.0.0 Mobile Safari/537.36"
45.176.210.1 - - [29/Jan/2026:03:52:09 -0500] "GET /includes/fluidplayer/images/fluid_icons.svg HTTP/1.1" 200 18488 "https://porn.tw/includes/fluidplayer/fluidplayer.min.css" "Mozilla/5.0 (Linux; Android 10; K) AppleWebKit/537.36 (KHTML, like Gecko) Chrome/144.0.0.0 Mobile Safari/537.36"
45.176.210.1 - - [29/Jan/2026:03:52:09 -0500] "GET /includes/player/logo.png HTTP/1.1" 200 8496 "https://porn.tw/video/girl-next-door19-is-a-cute-lady-who-loves-to-orgasm-on-webcam-1235.html" "Mozilla/5.0 (Linux; Android 10; K) AppleWebKit/537.36 (KHTML, like Gecko) Chrome/144.0.0.0 Mobile Safari/537.36"
45.176.210.1 - - [29/Jan/2026:03:52:09 -0500] "GET /templates/default_tube2019/fonts/fontawesome_5.7.1/fa-brands-400.woff2 HTTP/1.1" 200 72148 "https://porn.tw/templates/default_tube2019/css/styles.css" "Mozilla/5.0 (Linux; Android 10; K) AppleWebKit/537.36 (KHTML, like Gecko) Chrome/144.0.0.0 Mobile Safari/537.36"
45.176.210.1 - - [29/Jan/2026:03:52:09 -0500] "GET /templates/default_tube2019/fonts/fontawesome_5.7.1/fa-regular-400.woff2 HTTP/1.1" 200 13608 "https://porn.tw/templates/default_tube2019/css/styles.css" "Mozilla/5.0 (Linux; Android 10; K) AppleWebKit/537.36 (KHTML, like Gecko) Chrome/144.0.0.0 Mobile Safari/537.36"
45.176.210.1 - - [29/Jan/2026:03:52:09 -0500] "GET /templates/default_tube2019/fonts/Roboto/Roboto-Black.ttf HTTP/1.1" 200 171480 "https://porn.tw/templates/default_tube2019/css/styles.css" "Mozilla/5.0 (Linux; Android 10; K) AppleWebKit/537.36 (KHTML, like Gecko) Chrome/144.0.0.0 Mobile Safari/537.36"
45.176.210.1 - - [29/Jan/2026:03:52:09 -0500] "GET /media/thumbs/3/6/6/4/e/3664ef97d81f77.mp4/3664ef97d81f77.mp4-7b.jpg HTTP/1.1" 200 89909 "https://porn.tw/video/girl-next-door19-is-a-cute-lady-who-loves-to-orgasm-on-webcam-1235.html" "Mozilla/5.0 (Linux; Android 10; K) AppleWebKit/537.36 (KHTML, like Gecko) Chrome/144.0.0.0 Mobile Safari/537.36"
45.176.210.1 - - [29/Jan/2026:03:52:09 -0500] "GET /media/thumbs/3/6/6/4/e/3664ef97d81f77.mp4/vtt_045.jpg HTTP/1.1" 200 8262 "https://porn.tw/video/girl-next-door19-is-a-cute-lady-who-loves-to-orgasm-on-webcam-1235.html" "Mozilla/5.0 (Linux; Android 10; K) AppleWebKit/537.36 (KHTML, like Gecko) Chrome/144.0.0.0 Mobile Safari/537.36"
45.176.210.1 - - [29/Jan/2026:03:52:09 -0500] "GET /media/thumbs/3/6/6/4/e/3664ef97d81f77.mp4/vtt_030.jpg HTTP/1.1" 200 6424 "https://porn.tw/video/girl-next-door19-is-a-cute-lady-who-loves-to-orgasm-on-webcam-1235.html" "Mozilla/5.0 (Linux; Android 10; K) AppleWebKit/537.36 (KHTML, like Gecko) Chrome/144.0.0.0 Mobile Safari/537.36"
45.176.210.1 - - [29/Jan/2026:03:52:09 -0500] "GET /templates/default_tube2019/images/plus-solid.svg HTTP/1.1" 200 449 "https://porn.tw/video/girl-next-door19-is-a-cute-lady-who-loves-to-orgasm-on-webcam-1235.html" "Mozilla/5.0 (Linux; Android 10; K) AppleWebKit/537.36 (KHTML, like Gecko) Chrome/144.0.0.0 Mobile Safari/537.36"
45.176.210.1 - - [29/Jan/2026:03:52:09 -0500] "GET /media/misc/653171c2a944c.jpg HTTP/1.1" 200 3209 "https://porn.tw/video/girl-next-door19-is-a-cute-lady-who-loves-to-orgasm-on-webcam-1235.html" "Mozilla/5.0 (Linux; Android 10; K) AppleWebKit/537.36 (KHTML, like Gecko) Chrome/144.0.0.0 Mobile Safari/537.36"
45.176.210.1 - - [29/Jan/2026:03:52:09 -0500] "GET /templates/default_tube2019/images/minus-solid.svg HTTP/1.1" 200 328 "https://porn.tw/video/girl-next-door19-is-a-cute-lady-who-loves-to-orgasm-on-webcam-1235.html" "Mozilla/5.0 (Linux; Android 10; K) AppleWebKit/537.36 (KHTML, like Gecko) Chrome/144.0.0.0 Mobile Safari/537.36"
45.176.210.1 - - [29/Jan/2026:03:52:09 -0500] "GET /media/thumbs/3/6/6/4/e/3664ef97d81f77.mp4/vtt_050.jpg HTTP/1.1" 200 8591 "https://porn.tw/video/girl-next-door19-is-a-cute-lady-who-loves-to-orgasm-on-webcam-1235.html" "Mozilla/5.0 (Linux; Android 10; K) AppleWebKit/537.36 (KHTML, like Gecko) Chrome/144.0.0.0 Mobile Safari/537.36"
45.176.210.1 - - [29/Jan/2026:03:52:09 -0500] "GET /media/thumbs/3/6/6/4/e/3664ef97d81f77.mp4/vtt_060.jpg HTTP/1.1" 200 8507 "https://porn.tw/video/girl-next-door19-is-a-cute-lady-who-loves-to-orgasm-on-webcam-1235.html" "Mozilla/5.0 (Linux; Android 10; K) AppleWebKit/537.36 (KHTML, like Gecko) Chrome/144.0.0.0 Mobile Safari/537.36"
45.176.210.1 - - [29/Jan/2026:03:52:09 -0500] "GET /media/thumbs/3/6/6/4/e/3664ef97d81f77.mp4/vtt_040.jpg HTTP/1.1" 200 7840 "https://porn.tw/video/girl-next-door19-is-a-cute-lady-who-loves-to-orgasm-on-webcam-1235.html" "Mozilla/5.0 (Linux; Android 10; K) AppleWebKit/537.36 (KHTML, like Gecko) Chrome/144.0.0.0 Mobile Safari/537.36"
45.176.210.1 - - [29/Jan/2026:03:52:10 -0500] "GET /media/thumbs/3/6/6/4/e/3664ef97d81f77.mp4/vtt_055.jpg HTTP/1.1" 200 8036 "https://porn.tw/video/girl-next-door19-is-a-cute-lady-who-loves-to-orgasm-on-webcam-1235.html" "Mozilla/5.0 (Linux; Android 10; K) AppleWebKit/537.36 (KHTML, like Gecko) Chrome/144.0.0.0 Mobile Safari/537.36"
45.176.210.1 - - [29/Jan/2026:03:52:10 -0500] "GET /media/thumbs/3/6/6/4/e/3664ef97d81f77.mp4/vtt_025.jpg HTTP/1.1" 200 8833 "https://porn.tw/video/girl-next-door19-is-a-cute-lady-who-loves-to-orgasm-on-webcam-1235.html" "Mozilla/5.0 (Linux; Android 10; K) AppleWebKit/537.36 (KHTML, like Gecko) Chrome/144.0.0.0 Mobile Safari/537.36"
45.176.210.1 - - [29/Jan/2026:03:52:10 -0500] "GET /media/thumbs/3/6/6/4/e/3664ef97d81f77.mp4/vtt_020.jpg HTTP/1.1" 200 8852 "https://porn.tw/video/girl-next-door19-is-a-cute-lady-who-loves-to-orgasm-on-webcam-1235.html" "Mozilla/5.0 (Linux; Android 10; K) AppleWebKit/537.36 (KHTML, like Gecko) Chrome/144.0.0.0 Mobile Safari/537.36"
45.176.210.1 - - [29/Jan/2026:03:52:10 -0500] "GET /media/thumbs/3/6/6/4/e/3664ef97d81f77.mp4/vtt_035.jpg HTTP/1.1" 200 8393 "https://porn.tw/video/girl-next-door19-is-a-cute-lady-who-loves-to-orgasm-on-webcam-1235.html" "Mozilla/5.0 (Linux; Android 10; K) AppleWebKit/537.36 (KHTML, like Gecko) Chrome/144.0.0.0 Mobile Safari/537.36"
45.176.210.1 - - [29/Jan/2026:03:52:10 -0500] "GET /templates/default_tube2019/template.ajax_comments.php?id=1235&type=0&loaded=0&time=1769676728964 HTTP/1.1" 200 133 "https://porn.tw/video/girl-next-door19-is-a-cute-lady-who-loves-to-orgasm-on-webcam-1235.html" "Mozilla/5.0 (Linux; Android 10; K) AppleWebKit/537.36 (KHTML, like Gecko) Chrome/144.0.0.0 Mobile Safari/537.36"
45.176.210.1 - - [29/Jan/2026:03:52:10 -0500] "GET /templates/default_tube2019/images/ad-280.png HTTP/1.1" 200 73287 "https://porn.tw/video/girl-next-door19-is-a-cute-lady-who-loves-to-orgasm-on-webcam-1235.html" "Mozilla/5.0 (Linux; Android 10; K) AppleWebKit/537.36 (KHTML, like Gecko) Chrome/144.0.0.0 Mobile Safari/537.36"
45.176.210.1 - - [29/Jan/2026:03:52:10 -0500] "GET /templates/default_tube2019/images/ad-280-2.png HTTP/1.1" 200 98354 "https://porn.tw/video/girl-next-door19-is-a-cute-lady-who-loves-to-orgasm-on-webcam-1235.html" "Mozilla/5.0 (Linux; Android 10; K) AppleWebKit/537.36 (KHTML, like Gecko) Chrome/144.0.0.0 Mobile Safari/537.36"
45.176.210.1 - - [29/Jan/2026:03:52:10 -0500] "GET /templates/default_tube2019/images/ad-280-3.png HTTP/1.1" 200 116616 "https://porn.tw/video/girl-next-door19-is-a-cute-lady-who-loves-to-orgasm-on-webcam-1235.html" "Mozilla/5.0 (Linux; Android 10; K) AppleWebKit/537.36 (KHTML, like Gecko) Chrome/144.0.0.0 Mobile Safari/537.36"
45.176.210.1 - - [29/Jan/2026:03:52:10 -0500] "GET /media/thumbs/3/6/6/5/8/366584a7e3ebfa.mp4/366584a7e3ebfa.mp4-3.jpg HTTP/1.1" 200 10580 "https://porn.tw/video/girl-next-door19-is-a-cute-lady-who-loves-to-orgasm-on-webcam-1235.html" "Mozilla/5.0 (Linux; Android 10; K) AppleWebKit/537.36 (KHTML, like Gecko) Chrome/144.0.0.0 Mobile Safari/537.36"
45.176.210.1 - - [29/Jan/2026:03:52:10 -0500] "GET /media/thumbs/2/6/5/a/5/265a52669c6416.mp4/265a52669c6416.mp4-3.jpg HTTP/1.1" 200 12075 "https://porn.tw/video/girl-next-door19-is-a-cute-lady-who-loves-to-orgasm-on-webcam-1235.html" "Mozilla/5.0 (Linux; Android 10; K) AppleWebKit/537.36 (KHTML, like Gecko) Chrome/144.0.0.0 Mobile Safari/537.36"
66.249.74.4 - - [29/Jan/2026:03:52:10 -0500] "GET /search/elizabeth_gilbert-shemale-porn/views/page6.html HTTP/1.1" 200 74476 "-" "Mozilla/5.0 (Linux; Android 6.0.1; Nexus 5X Build/MMB29P) AppleWebKit/537.36 (KHTML, like Gecko) Chrome/143.0.7499.192 Mobile Safari/537.36 (compatible; Googlebot/2.1; +http://www.google.com/bot.html)"
45.176.210.1 - - [29/Jan/2026:03:52:10 -0500] "GET /media/thumbs/3/6/6/2/0/36620fbddb4307.mp4/36620fbddb4307.mp4-5.jpg HTTP/1.1" 200 10687 "https://porn.tw/video/girl-next-door19-is-a-cute-lady-who-loves-to-orgasm-on-webcam-1235.html" "Mozilla/5.0 (Linux; Android 10; K) AppleWebKit/537.36 (KHTML, like Gecko) Chrome/144.0.0.0 Mobile Safari/537.36"
45.176.210.1 - - [29/Jan/2026:03:52:10 -0500] "GET /media/thumbs/3/6/6/7/b/3667b8609858d3.mp4/3667b8609858d3.mp4-5.jpg HTTP/1.1" 200 13098 "https://porn.tw/video/girl-next-door19-is-a-cute-lady-who-loves-to-orgasm-on-webcam-1235.html" "Mozilla/5.0 (Linux; Android 10; K) AppleWebKit/537.36 (KHTML, like Gecko) Chrome/144.0.0.0 Mobile Safari/537.36"
45.176.210.1 - - [29/Jan/2026:03:52:10 -0500] "GET /media/thumbs/3/6/6/4/7/366471e20471b8.mp4/366471e20471b8.mp4-3.jpg HTTP/1.1" 200 11149 "https://porn.tw/video/girl-next-door19-is-a-cute-lady-who-loves-to-orgasm-on-webcam-1235.html" "Mozilla/5.0 (Linux; Android 10; K) AppleWebKit/537.36 (KHTML, like Gecko) Chrome/144.0.0.0 Mobile Safari/537.36"
45.176.210.1 - - [29/Jan/2026:03:52:10 -0500] "GET /media/thumbs/3/6/6/3/7/366373c9f2a7ec.mp4/366373c9f2a7ec.mp4-4.jpg HTTP/1.1" 200 10271 "https://porn.tw/video/girl-next-door19-is-a-cute-lady-who-loves-to-orgasm-on-webcam-1235.html" "Mozilla/5.0 (Linux; Android 10; K) AppleWebKit/537.36 (KHTML, like Gecko) Chrome/144.0.0.0 Mobile Safari/537.36"
45.176.210.1 - - [29/Jan/2026:03:52:10 -0500] "GET /media/thumbs/1/7/6/5/7/17657ae6358f190.mp4/17657ae6358f190.mp4-8.jpg HTTP/1.1" 200 7672 "https://porn.tw/video/girl-next-door19-is-a-cute-lady-who-loves-to-orgasm-on-webcam-1235.html" "Mozilla/5.0 (Linux; Android 10; K) AppleWebKit/537.36 (KHTML, like Gecko) Chrome/144.0.0.0 Mobile Safari/537.36"
45.176.210.1 - - [29/Jan/2026:03:52:10 -0500] "GET /media/thumbs/4/0/6/6/8/4066801e6bf341d.mp4/4066801e6bf341d.mp4-4.jpg HTTP/1.1" 200 14001 "https://porn.tw/video/girl-next-door19-is-a-cute-lady-who-loves-to-orgasm-on-webcam-1235.html" "Mozilla/5.0 (Linux; Android 10; K) AppleWebKit/537.36 (KHTML, like Gecko) Chrome/144.0.0.0 Mobile Safari/537.36"
45.176.210.1 - - [29/Jan/2026:03:52:10 -0500] "GET /media/thumbs/4/0/6/6/9/4066912be87614f.mp4/4066912be87614f.mp4-3.jpg HTTP/1.1" 200 12716 "https://porn.tw/video/girl-next-door19-is-a-cute-lady-who-loves-to-orgasm-on-webcam-1235.html" "Mozilla/5.0 (Linux; Android 10; K) AppleWebKit/537.36 (KHTML, like Gecko) Chrome/144.0.0.0 Mobile Safari/537.36"
45.176.210.1 - - [29/Jan/2026:03:52:10 -0500] "GET /media/thumbs/1/1/6/6/3/11663ddba1f21ee.mp4/11663ddba1f21ee.mp4-5.jpg HTTP/1.1" 200 10960 "https://porn.tw/video/girl-next-door19-is-a-cute-lady-who-loves-to-orgasm-on-webcam-1235.html" "Mozilla/5.0 (Linux; Android 10; K) AppleWebKit/537.36 (KHTML, like Gecko) Chrome/144.0.0.0 Mobile Safari/537.36"
45.176.210.1 - - [29/Jan/2026:03:52:10 -0500] "GET /media/thumbs/3/6/6/0/c/3660cabdb15329.mp4/3660cabdb15329.mp4-7.jpg HTTP/1.1" 200 13110 "https://porn.tw/video/girl-next-door19-is-a-cute-lady-who-loves-to-orgasm-on-webcam-1235.html" "Mozilla/5.0 (Linux; Android 10; K) AppleWebKit/537.36 (KHTML, like Gecko) Chrome/144.0.0.0 Mobile Safari/537.36"
45.176.210.1 - - [29/Jan/2026:03:52:10 -0500] "GET /media/thumbs/3/6/5/f/3/365f3fd58b37f6.mp4/365f3fd58b37f6.mp4-5.jpg HTTP/1.1" 200 10927 "https://porn.tw/video/girl-next-door19-is-a-cute-lady-who-loves-to-orgasm-on-webcam-1235.html" "Mozilla/5.0 (Linux; Android 10; K) AppleWebKit/537.36 (KHTML, like Gecko) Chrome/144.0.0.0 Mobile Safari/537.36"
45.176.210.1 - - [29/Jan/2026:03:52:10 -0500] "GET /media/thumbs/3/6/6/2/c/3662ce348566cf.mp4/3662ce348566cf.mp4-3.jpg HTTP/1.1" 200 15508 "https://porn.tw/video/girl-next-door19-is-a-cute-lady-who-loves-to-orgasm-on-webcam-1235.html" "Mozilla/5.0 (Linux; Android 10; K) AppleWebKit/537.36 (KHTML, like Gecko) Chrome/144.0.0.0 Mobile Safari/537.36"
45.176.210.1 - - [29/Jan/2026:03:52:11 -0500] "GET /media/thumbs/3/6/6/3/8/36638827fcced3.mp4/36638827fcced3.mp4-5.jpg HTTP/1.1" 200 11243 "https://porn.tw/video/girl-next-door19-is-a-cute-lady-who-loves-to-orgasm-on-webcam-1235.html" "Mozilla/5.0 (Linux; Android 10; K) AppleWebKit/537.36 (KHTML, like Gecko) Chrome/144.0.0.0 Mobile Safari/537.36"
45.176.210.1 - - [29/Jan/2026:03:52:11 -0500] "GET /media/thumbs/3/6/5/8/f/3658faed0c1e74.mp4/3658faed0c1e74.mp4-8.jpg HTTP/1.1" 200 9581 "https://porn.tw/video/girl-next-door19-is-a-cute-lady-who-loves-to-orgasm-on-webcam-1235.html" "Mozilla/5.0 (Linux; Android 10; K) AppleWebKit/537.36 (KHTML, like Gecko) Chrome/144.0.0.0 Mobile Safari/537.36"
45.176.210.1 - - [29/Jan/2026:03:52:11 -0500] "GET /includes/fluidplayer//scripts/webvtt.min.js HTTP/1.1" 200 8856 "https://porn.tw/video/girl-next-door19-is-a-cute-lady-who-loves-to-orgasm-on-webcam-1235.html" "Mozilla/5.0 (Linux; Android 10; K) AppleWebKit/537.36 (KHTML, like Gecko) Chrome/144.0.0.0 Mobile Safari/537.36"
45.176.210.1 - - [29/Jan/2026:03:52:11 -0500] "GET /includes/fluidplayer//scripts/vtt.js HTTP/1.1" 200 140908 "https://porn.tw/video/girl-next-door19-is-a-cute-lady-who-loves-to-orgasm-on-webcam-1235.html" "Mozilla/5.0 (Linux; Android 10; K) AppleWebKit/537.36 (KHTML, like Gecko) Chrome/144.0.0.0 Mobile Safari/537.36"
45.176.210.1 - - [29/Jan/2026:03:52:11 -0500] "GET /webvtt/1235.vtt HTTP/1.1" 200 5993 "https://porn.tw/video/girl-next-door19-is-a-cute-lady-who-loves-to-orgasm-on-webcam-1235.html" "Mozilla/5.0 (Linux; Android 10; K) AppleWebKit/537.36 (KHTML, like Gecko) Chrome/144.0.0.0 Mobile Safari/537.36"
45.176.210.1 - - [29/Jan/2026:03:52:11 -0500] "GET /media/videos/3/6/6/4/e/3664ef97d81f77.mp4 HTTP/1.1" 206 81553 "https://porn.tw/video/girl-next-door19-is-a-cute-lady-who-loves-to-orgasm-on-webcam-1235.html" "Mozilla/5.0 (Linux; Android 10; K) AppleWebKit/537.36 (KHTML, like Gecko) Chrome/144.0.0.0 Mobile Safari/537.36"
45.176.210.1 - - [29/Jan/2026:03:52:11 -0500] "GET /media/videos/3/6/6/4/e/3664ef97d81f77.mp4 HTTP/1.1" 206 389136017 "https://porn.tw/video/girl-next-door19-is-a-cute-lady-who-loves-to-orgasm-on-webcam-1235.html" "Mozilla/5.0 (Linux; Android 10; K) AppleWebKit/537.36 (KHTML, like Gecko) Chrome/144.0.0.0 Mobile Safari/537.36"
45.176.210.1 - - [29/Jan/2026:03:52:11 -0500] "GET /media/videos/3/6/6/4/e/3664ef97d81f77.mp4 HTTP/1.1" 206 389005625 "https://porn.tw/video/girl-next-door19-is-a-cute-lady-who-loves-to-orgasm-on-webcam-1235.html" "Mozilla/5.0 (Linux; Android 10; K) AppleWebKit/537.36 (KHTML, like Gecko) Chrome/144.0.0.0 Mobile Safari/537.36"
217.113.194.72 - - [29/Jan/2026:03:52:14 -0500] "GET /search/danavelez3/newest/ HTTP/1.1" 200 19917 "-" "Mozilla/5.0 (compatible; Barkrowler/0.9; +https://babbar.tech/crawler)"
45.176.210.1 - - [29/Jan/2026:03:52:15 -0500] "GET /templates/default_tube2019/images/touch/chrome-touch-icon-192x192.png HTTP/1.1" 200 12951 "https://porn.tw/video/girl-next-door19-is-a-cute-lady-who-loves-to-orgasm-on-webcam-1235.html" "Mozilla/5.0 (Linux; Android 10; K) AppleWebKit/537.36 (KHTML, like Gecko) Chrome/144.0.0.0 Mobile Safari/537.36"
45.176.210.1 - - [29/Jan/2026:03:52:15 -0500] "GET /templates/default_tube2019/iimages/touch/apple-touch-icon.png HTTP/1.1" 404 6804 "https://porn.tw/video/girl-next-door19-is-a-cute-lady-who-loves-to-orgasm-on-webcam-1235.html" "Mozilla/5.0 (Linux; Android 10; K) AppleWebKit/537.36 (KHTML, like Gecko) Chrome/144.0.0.0 Mobile Safari/537.36"
66.249.74.4 - - [29/Jan/2026:03:52:17 -0500] "GET /search/sucking-and-fingering/views/page3.html HTTP/1.1" 200 73776 "-" "Mozilla/5.0 (Linux; Android 6.0.1; Nexus 5X Build/MMB29P) AppleWebKit/537.36 (KHTML, like Gecko) Chrome/143.0.7499.192 Mobile Safari/537.36 (compatible; Googlebot/2.1; +http://www.google.com/bot.html)"
217.113.194.77 - - [29/Jan/2026:03:52:21 -0500] "GET /search/bouncing-boobs/page3.html HTTP/1.1" 200 37321 "-" "Mozilla/5.0 (compatible; Barkrowler/0.9; +https://babbar.tech/crawler)"
66.249.65.35 - - [29/Jan/2026:03:52:22 -0500] "GET /video/missy-miller-latina-takes-her-huge-magic-want-vibrator-and-stuffs-it-inside-her-pussy-lips-1227.html HTTP/1.1" 200 59089 "-" "Mozilla/5.0 (Linux; Android 6.0.1; Nexus 5X Build/MMB29P) AppleWebKit/537.36 (KHTML, like Gecko) Chrome/143.0.7499.192 Mobile Safari/537.36 (compatible; Googlebot/2.1; +http://www.google.com/bot.html)"
45.176.210.1 - - [29/Jan/2026:03:52:24 -0500] "GET /includes/fluidplayer/images/fluid_spinner.svg HTTP/1.1" 200 524 "https://porn.tw/includes/fluidplayer/fluidplayer.min.css" "Mozilla/5.0 (Linux; Android 10; K) AppleWebKit/537.36 (KHTML, like Gecko) Chrome/144.0.0.0 Mobile Safari/537.36"
45.176.210.1 - - [29/Jan/2026:03:52:24 -0500] "GET /media/videos/3/6/6/4/e/3664ef97d81f77.mp4 HTTP/1.1" 206 271646720 "https://porn.tw/video/girl-next-door19-is-a-cute-lady-who-loves-to-orgasm-on-webcam-1235.html" "Mozilla/5.0 (Linux; Android 10; K) AppleWebKit/537.36 (KHTML, like Gecko) Chrome/144.0.0.0 Mobile Safari/537.36"
66.249.65.36 - - [29/Jan/2026:03:52:27 -0500] "GET /templates/default_tube2019/template.ajax_comments.php?id=1227&type=0&loaded=0&time=1767744000000 HTTP/1.1" 200 133 "https://www.porn.tw/video/missy-miller-latina-takes-her-huge-magic-want-vibrator-and-stuffs-it-inside-her-pussy-lips-1227.html" "Mozilla/5.0 (Linux; Android 6.0.1; Nexus 5X Build/MMB29P) AppleWebKit/537.36 (KHTML, like Gecko) Chrome/143.0.7499.192 Mobile Safari/537.36 (compatible; Googlebot/2.1; +http://www.google.com/bot.html)"
52.205.113.104 - - [29/Jan/2026:03:52:28 -0500] "GET /search/live-cam/ HTTP/1.1" 200 74793 "-" "Mozilla/5.0 AppleWebKit/537.36 (KHTML, like Gecko; compatible; Amazonbot/0.1; +https://developer.amazon.com/support/amazonbot) Chrome/119.0.6045.214 Safari/537.36"
154.54.249.200 - - [29/Jan/2026:03:52:30 -0500] "GET /search/first_love_sexy-porn/page4.html HTTP/1.1" 200 75494 "-" "Mozilla/5.0 (compatible; Barkrowler/0.9; +https://babbar.tech/crawler)"
154.54.249.200 - - [29/Jan/2026:03:52:37 -0500] "GET /search/live-wet-cam/views/page4.html HTTP/1.1" 200 75085 "-" "Mozilla/5.0 (compatible; Barkrowler/0.9; +https://babbar.tech/crawler)"
40.77.167.10 - - [29/Jan/2026:03:52:37 -0500] "GET /models/anaa-bellaa69-1014.html HTTP/1.1" 200 26100 "-" "Mozilla/5.0 AppleWebKit/537.36 (KHTML, like Gecko; compatible; bingbot/2.0; +http://www.bing.com/bingbot.htm) Chrome/116.0.1938.76 Safari/537.36"
217.113.194.76 - - [29/Jan/2026:03:52:45 -0500] "GET /search/cherrryross-live-porn/rating/ HTTP/1.1" 200 73690 "-" "Mozilla/5.0 (compatible; Barkrowler/0.9; +https://babbar.tech/crawler)"
119.249.100.171 - - [29/Jan/2026:03:52:47 -0500] "GET /search/sensual-webcam-show/newest/page9.html HTTP/1.1" 200 75471 "-" "Mozilla/5.0 (Windows NT 10.0; WOW64) AppleWebKit/537.36 (KHTML, like Gecko) Chrome/48.0.2564.116 Safari/537.36"
114.119.132.9 - - [29/Jan/2026:03:52:51 -0500] "GET /action.php?action=add_favorites&id=2514 HTTP/1.1" 200 719 "https://porn.tw/channels/14/webcam/page7.html" "Mozilla/5.0 (Linux; Android 7.0;) AppleWebKit/537.36 (KHTML, like Gecko) Mobile Safari/537.36 (compatible; PetalBot;+https://webmaster.petalsearch.com/site/petalbot)"
45.176.210.1 - - [29/Jan/2026:03:52:52 -0500] "GET /media/videos/3/6/6/4/e/3664ef97d81f77.mp4 HTTP/1.1" 206 125075456 "https://porn.tw/video/girl-next-door19-is-a-cute-lady-who-loves-to-orgasm-on-webcam-1235.html" "Mozilla/5.0 (Linux; Android 10; K) AppleWebKit/537.36 (KHTML, like Gecko) Chrome/144.0.0.0 Mobile Safari/537.36"
217.113.194.81 - - [29/Jan/2026:03:52:52 -0500] "GET /search/ass-teasing/views/page2.html HTTP/1.1" 200 73083 "-" "Mozilla/5.0 (compatible; Barkrowler/0.9; +https://babbar.tech/crawler)"
154.54.249.200 - - [29/Jan/2026:03:53:01 -0500] "GET /search/trans-solo-masturbating/page5.html HTTP/1.1" 200 77683 "-" "Mozilla/5.0 (compatible; Barkrowler/0.9; +https://babbar.tech/crawler)"
217.113.194.80 - - [29/Jan/2026:03:53:08 -0500] "GET /search/ass-teasing/views/page5.html HTTP/1.1" 200 73912 "-" "Mozilla/5.0 (compatible; Barkrowler/0.9; +https://babbar.tech/crawler)"
119.249.100.237 - - [29/Jan/2026:03:53:13 -0500] "GET /search/intimate-webcam-performance/rating/page4.html HTTP/1.1" 200 71955 "-" "Mozilla/5.0 (Windows NT 10.0; WOW64) AppleWebKit/537.36 (KHTML, like Gecko) Chrome/48.0.2564.116 Safari/537.36"
217.113.194.218 - - [29/Jan/2026:03:53:16 -0500] "GET /search/trans-porn-deep/page5.html HTTP/1.1" 200 74898 "-" "Mozilla/5.0 (compatible; Barkrowler/0.9; +https://babbar.tech/crawler)"
217.113.194.75 - - [29/Jan/2026:03:53:23 -0500] "GET /search/latina.sexy/rating/page2.html HTTP/1.1" 200 74017 "-" "Mozilla/5.0 (compatible; Barkrowler/0.9; +https://babbar.tech/crawler)"
217.113.194.217 - - [29/Jan/2026:03:53:32 -0500] "GET /search/trans-porn-deep/views/page8.html HTTP/1.1" 200 75897 "-" "Mozilla/5.0 (compatible; Barkrowler/0.9; +https://babbar.tech/crawler)"
45.176.210.1 - - [29/Jan/2026:03:53:38 -0500] "GET /searchgate.php?q=Girl_next_doll19 HTTP/1.1" 302 - "https://porn.tw/video/girl-next-door19-is-a-cute-lady-who-loves-to-orgasm-on-webcam-1235.html" "Mozilla/5.0 (Linux; Android 10; K) AppleWebKit/537.36 (KHTML, like Gecko) Chrome/144.0.0.0 Mobile Safari/537.36"
45.176.210.1 - - [29/Jan/2026:03:53:38 -0500] "GET /search/Girl_next_doll19/ HTTP/1.1" 200 19685 "https://porn.tw/video/girl-next-door19-is-a-cute-lady-who-loves-to-orgasm-on-webcam-1235.html" "Mozilla/5.0 (Linux; Android 10; K) AppleWebKit/537.36 (KHTML, like Gecko) Chrome/144.0.0.0 Mobile Safari/537.36"
45.176.210.1 - - [29/Jan/2026:03:53:38 -0500] "GET /templates/default_tube2019/js/ion.rangeSlider.min.js HTTP/1.1" 200 40978 "https://porn.tw/search/Girl_next_doll19/" "Mozilla/5.0 (Linux; Android 10; K) AppleWebKit/537.36 (KHTML, like Gecko) Chrome/144.0.0.0 Mobile Safari/537.36"
45.176.210.1 - - [29/Jan/2026:03:53:39 -0500] "GET /core/js/ageWarningJs.php HTTP/1.1" 200 1037 "https://porn.tw/search/Girl_next_doll19/" "Mozilla/5.0 (Linux; Android 10; K) AppleWebKit/537.36 (KHTML, like Gecko) Chrome/144.0.0.0 Mobile Safari/537.36"
45.176.210.1 - - [29/Jan/2026:03:53:39 -0500] "GET /core/js/gdprJs.php HTTP/1.1" 200 1238 "https://porn.tw/search/Girl_next_doll19/" "Mozilla/5.0 (Linux; Android 10; K) AppleWebKit/537.36 (KHTML, like Gecko) Chrome/144.0.0.0 Mobile Safari/537.36"
144.76.32.114 - - [29/Jan/2026:03:53:39 -0500] "GET /search/shemale-porn/ HTTP/1.1" 200 72336 "-" "Mozilla/5.0 (compatible; SERankingBacklinksBot/1.0; +https://seranking.com/backlinks-crawler)"
217.113.194.72 - - [29/Jan/2026:03:53:40 -0500] "GET /search/latina.sexy/views/page7.html HTTP/1.1" 200 75628 "-" "Mozilla/5.0 (compatible; Barkrowler/0.9; +https://babbar.tech/crawler)"
45.176.210.1 - - [29/Jan/2026:03:53:42 -0500] "GET /video/girl-next-door19-is-a-cute-lady-who-loves-to-orgasm-on-webcam-1235.html HTTP/1.1" 200 55441 "https://www.google.com/" "Mozilla/5.0 (Linux; Android 10; K) AppleWebKit/537.36 (KHTML, like Gecko) Chrome/144.0.0.0 Mobile Safari/537.36"
45.176.210.1 - - [29/Jan/2026:03:53:43 -0500] "GET /webvtt/1235.vtt HTTP/1.1" 200 5993 "https://porn.tw/video/girl-next-door19-is-a-cute-lady-who-loves-to-orgasm-on-webcam-1235.html" "Mozilla/5.0 (Linux; Android 10; K) AppleWebKit/537.36 (KHTML, like Gecko) Chrome/144.0.0.0 Mobile Safari/537.36"
45.176.210.1 - - [29/Jan/2026:03:53:43 -0500] "GET /templates/default_tube2019/template.ajax_comments.php?id=1235&type=0&loaded=0&time=1769676822639 HTTP/1.1" 200 133 "https://porn.tw/video/girl-next-door19-is-a-cute-lady-who-loves-to-orgasm-on-webcam-1235.html" "Mozilla/5.0 (Linux; Android 10; K) AppleWebKit/537.36 (KHTML, like Gecko) Chrome/144.0.0.0 Mobile Safari/537.36"
45.176.210.1 - - [29/Jan/2026:03:53:43 -0500] "GET /media/videos/3/6/6/4/e/3664ef97d81f77.mp4 HTTP/1.1" 206 109101686 "https://porn.tw/video/girl-next-door19-is-a-cute-lady-who-loves-to-orgasm-on-webcam-1235.html" "Mozilla/5.0 (Linux; Android 10; K) AppleWebKit/537.36 (KHTML, like Gecko) Chrome/144.0.0.0 Mobile Safari/537.36"
217.113.194.217 - - [29/Jan/2026:03:53:48 -0500] "GET /search/trans-porn-deep/views/page9.html HTTP/1.1" 200 38263 "-" "Mozilla/5.0 (compatible; Barkrowler/0.9; +https://babbar.tech/crawler)"
220.181.108.84 - - [29/Jan/2026:03:53:49 -0500] "GET /search/sensual-webcam-show/views/page3.html HTTP/1.1" 403 - "-" "Mozilla/5.0 (compatible; Baiduspider/2.0; +http://www.baidu.com/search/spider.html)"
220.181.51.92 - - [29/Jan/2026:03:53:51 -0500] "GET /search/sensual-webcam-show/views/page3.html HTTP/1.1" 200 73112 "-" "Mozilla/5.0 (Windows NT 10.0; WOW64) AppleWebKit/537.36 (KHTML, like Gecko) Chrome/48.0.2564.116 Safari/537.36"
217.113.194.217 - - [29/Jan/2026:03:53:55 -0500] "GET /search/petitexxx-webcam/newest/page9.html HTTP/1.1" 200 71080 "-" "Mozilla/5.0 (compatible; Barkrowler/0.9; +https://babbar.tech/crawler)"
66.249.74.5 - - [29/Jan/2026:03:53:56 -0500] "GET /robots.txt HTTP/1.1" 200 243 "-" "Mozilla/5.0 (compatible; Googlebot/2.1; +http://www.google.com/bot.html)"
66.249.74.4 - - [29/Jan/2026:03:53:57 -0500] "GET /media/thumbs/2/6/5/3/6/2653654593d743.mp4/2653654593d743.mp4-8.jpg HTTP/1.1" 200 10728 "-" "Googlebot-Image/1.0"
217.113.194.76 - - [29/Jan/2026:03:54:03 -0500] "GET /search/trans-porn-deep/newest/page5.html HTTP/1.1" 200 75714 "-" "Mozilla/5.0 (compatible; Barkrowler/0.9; +https://babbar.tech/crawler)"
217.113.194.75 - - [29/Jan/2026:03:54:11 -0500] "GET /search/blissflare-porn-show/rating/ HTTP/1.1" 200 72655 "-" "Mozilla/5.0 (compatible; Barkrowler/0.9; +https://babbar.tech/crawler)"
114.119.132.9 - - [29/Jan/2026:03:54:16 -0500] "GET /action.php?action=add_favorites&id=1483 HTTP/1.1" 200 719 "https://porn.tw/search/horny/page3.html" "Mozilla/5.0 (Linux; Android 7.0;) AppleWebKit/537.36 (KHTML, like Gecko) Mobile Safari/537.36 (compatible; PetalBot;+https://webmaster.petalsearch.com/site/petalbot)"
217.113.194.74 - - [29/Jan/2026:03:54:19 -0500] "GET /search/trans-porn-grindin/rating/page1.html HTTP/1.1" 200 73492 "-" "Mozilla/5.0 (compatible; Barkrowler/0.9; +https://babbar.tech/crawler)"
217.113.194.78 - - [29/Jan/2026:03:54:28 -0500] "GET /search/blissflare-webcam/views/page8.html HTTP/1.1" 200 74233 "-" "Mozilla/5.0 (compatible; Barkrowler/0.9; +https://babbar.tech/crawler)"
5.255.231.125 - - [29/Jan/2026:03:54:28 -0500] "GET /video/vegas-balcony-couple-s-passionate-fuck-with-stunning-strip-view-3401.html HTTP/1.1" 406 388 "-" "Mozilla/5.0 (compatible; YandexBot/3.0; +http://yandex.com/bots)"
220.181.108.104 - - [29/Jan/2026:03:54:30 -0500] "GET /search/passionate-cam-porn/rating/page7.html HTTP/1.1" 403 - "-" "Mozilla/5.0 (compatible; Baiduspider/2.0; +http://www.baidu.com/search/spider.html)"
220.181.51.92 - - [29/Jan/2026:03:54:32 -0500] "GET /search/passionate-cam-porn/rating/page7.html HTTP/1.1" 200 60249 "-" "Mozilla/5.0 (Windows NT 10.0; WOW64) AppleWebKit/537.36 (KHTML, like Gecko) Chrome/48.0.2564.116 Safari/537.36"
84.37.183.103 - - [29/Jan/2026:03:54:33 -0500] "GET /channels/12/shemales HTTP/1.1" 404 18169 "-" "Mozilla/5.0 (Macintosh; Intel Mac OS X 10_15_7) AppleWebKit/537.36 (KHTML, like Gecko) Chrome/142.0.0.0 Safari/537.36"
217.113.194.77 - - [29/Jan/2026:03:54:34 -0500] "GET /search/trans-porn-grindin/views/page7.html HTTP/1.1" 200 73360 "-" "Mozilla/5.0 (compatible; Barkrowler/0.9; +https://babbar.tech/crawler)"
217.113.194.79 - - [29/Jan/2026:03:54:44 -0500] "GET /search/blissflare-webcam/views/page9.html HTTP/1.1" 200 75018 "-" "Mozilla/5.0 (compatible; Barkrowler/0.9; +https://babbar.tech/crawler)"
154.54.249.200 - - [29/Jan/2026:03:54:51 -0500] "GET /search/trans-porn-solo/newest/page10.html HTTP/1.1" 200 71538 "-" "Mozilla/5.0 (compatible; Barkrowler/0.9; +https://babbar.tech/crawler)"
217.113.194.75 - - [29/Jan/2026:03:54:59 -0500] "GET /search/mouth-creamed/newest/page1.html HTTP/1.1" 200 74171 "-" "Mozilla/5.0 (compatible; Barkrowler/0.9; +https://babbar.tech/crawler)"
52.167.144.216 - - [29/Jan/2026:03:55:03 -0500] "GET /search/dripping-pussy-show/newest/page8.html HTTP/1.1" 200 77949 "-" "Mozilla/5.0 AppleWebKit/537.36 (KHTML, like Gecko; compatible; bingbot/2.0; +http://www.bing.com/bingbot.htm) Chrome/116.0.1938.76 Safari/537.36"
44.210.213.220 - - [29/Jan/2026:03:55:06 -0500] "GET /channels/4/big-ass/page2.html HTTP/1.1" 200 80127 "-" "Mozilla/5.0 AppleWebKit/537.36 (KHTML, like Gecko; compatible; Amazonbot/0.1; +https://developer.amazon.com/support/amazonbot) Chrome/119.0.6045.214 Safari/537.36"
217.113.194.76 - - [29/Jan/2026:03:55:06 -0500] "GET /search/trans-porn-anal/rating/page2.html HTTP/1.1" 200 72150 "-" "Mozilla/5.0 (compatible; Barkrowler/0.9; +https://babbar.tech/crawler)"
220.181.108.112 - - [29/Jan/2026:03:55:12 -0500] "GET /search/sharoon-fleming-cams-show/views/page5.html HTTP/1.1" 403 - "-" "Mozilla/5.0 (compatible; Baiduspider/2.0; +http://www.baidu.com/search/spider.html)"
119.249.100.171 - - [29/Jan/2026:03:55:13 -0500] "GET /search/sharoon-fleming-cams-show/views/page5.html HTTP/1.1" 200 73973 "-" "Mozilla/5.0 (Windows NT 10.0; WOW64) AppleWebKit/537.36 (KHTML, like Gecko) Chrome/48.0.2564.116 Safari/537.36"
217.113.194.72 - - [29/Jan/2026:03:55:15 -0500] "GET /search/mature-babe/rating/page6.html HTTP/1.1" 200 77871 "-" "Mozilla/5.0 (compatible; Barkrowler/0.9; +https://babbar.tech/crawler)"
217.113.194.217 - - [29/Jan/2026:03:55:22 -0500] "GET /search/trans-porn-anal/rating/page5.html HTTP/1.1" 200 74614 "-" "Mozilla/5.0 (compatible; Barkrowler/0.9; +https://babbar.tech/crawler)"
217.113.194.76 - - [29/Jan/2026:03:55:31 -0500] "GET /search/pussy-gaping/newest/page9.html HTTP/1.1" 200 71299 "-" "Mozilla/5.0 (compatible; Barkrowler/0.9; +https://babbar.tech/crawler)"
187.190.151.230 - - [29/Jan/2026:03:55:37 -0500] "GET /video/emilylittle-free-webcam-sexy-babe-squirting-live-shows-3120.html HTTP/1.1" 200 57813 "https://www.google.com/" "Mozilla/5.0 (Linux; Android 10; K) AppleWebKit/537.36 (KHTML, like Gecko) Chrome/144.0.0.0 Mobile Safari/537.36"
187.190.151.230 - - [29/Jan/2026:03:55:37 -0500] "GET /templates/default_tube2019/images/logo.png HTTP/1.1" 200 2157 "https://porn.tw/video/emilylittle-free-webcam-sexy-babe-squirting-live-shows-3120.html" "Mozilla/5.0 (Linux; Android 10; K) AppleWebKit/537.36 (KHTML, like Gecko) Chrome/144.0.0.0 Mobile Safari/537.36"
187.190.151.230 - - [29/Jan/2026:03:55:37 -0500] "GET /templates/default_tube2019/js/jQuery_v1.12.4.min.js HTTP/1.1" 200 97166 "https://porn.tw/video/emilylittle-free-webcam-sexy-babe-squirting-live-shows-3120.html" "Mozilla/5.0 (Linux; Android 10; K) AppleWebKit/537.36 (KHTML, like Gecko) Chrome/144.0.0.0 Mobile Safari/537.36"
187.190.151.230 - - [29/Jan/2026:03:55:37 -0500] "GET /core/images/catdefault.jpg HTTP/1.1" 200 3364 "https://porn.tw/video/emilylittle-free-webcam-sexy-babe-squirting-live-shows-3120.html" "Mozilla/5.0 (Linux; Android 10; K) AppleWebKit/537.36 (KHTML, like Gecko) Chrome/144.0.0.0 Mobile Safari/537.36"
187.190.151.230 - - [29/Jan/2026:03:55:38 -0500] "GET /includes/fluidplayer/fluidplayer.min.js HTTP/1.1" 200 125605 "https://porn.tw/video/emilylittle-free-webcam-sexy-babe-squirting-live-shows-3120.html" "Mozilla/5.0 (Linux; Android 10; K) AppleWebKit/537.36 (KHTML, like Gecko) Chrome/144.0.0.0 Mobile Safari/537.36"
187.190.151.230 - - [29/Jan/2026:03:55:38 -0500] "GET /media/thumbs/1/0/4/6/8/10468096e6b934eb.mp4/vtt_005.jpg HTTP/1.1" 200 7379 "https://porn.tw/video/emilylittle-free-webcam-sexy-babe-squirting-live-shows-3120.html" "Mozilla/5.0 (Linux; Android 10; K) AppleWebKit/537.36 (KHTML, like Gecko) Chrome/144.0.0.0 Mobile Safari/537.36"
187.190.151.230 - - [29/Jan/2026:03:55:38 -0500] "GET /media/thumbs/1/0/4/6/8/10468096e6b934eb.mp4/vtt_010.jpg HTTP/1.1" 200 7330 "https://porn.tw/video/emilylittle-free-webcam-sexy-babe-squirting-live-shows-3120.html" "Mozilla/5.0 (Linux; Android 10; K) AppleWebKit/537.36 (KHTML, like Gecko) Chrome/144.0.0.0 Mobile Safari/537.36"
187.190.151.230 - - [29/Jan/2026:03:55:38 -0500] "GET /media/thumbs/1/0/4/6/8/10468096e6b934eb.mp4/vtt_015.jpg HTTP/1.1" 200 7379 "https://porn.tw/video/emilylittle-free-webcam-sexy-babe-squirting-live-shows-3120.html" "Mozilla/5.0 (Linux; Android 10; K) AppleWebKit/537.36 (KHTML, like Gecko) Chrome/144.0.0.0 Mobile Safari/537.36"
187.190.151.230 - - [29/Jan/2026:03:55:38 -0500] "GET /templates/default_tube2019/fonts/Roboto/Roboto-Regular.ttf HTTP/1.1" 200 171676 "https://porn.tw/templates/default_tube2019/css/styles.css" "Mozilla/5.0 (Linux; Android 10; K) AppleWebKit/537.36 (KHTML, like Gecko) Chrome/144.0.0.0 Mobile Safari/537.36"
154.54.249.200 - - [29/Jan/2026:03:55:38 -0500] "GET /search/trans-porn-69/rating/page6.html HTTP/1.1" 200 76395 "-" "Mozilla/5.0 (compatible; Barkrowler/0.9; +https://babbar.tech/crawler)"
187.190.151.230 - - [29/Jan/2026:03:55:38 -0500] "GET /templates/default_tube2019/fonts/Roboto/Roboto-Medium.ttf HTTP/1.1" 200 172064 "https://porn.tw/templates/default_tube2019/css/styles.css" "Mozilla/5.0 (Linux; Android 10; K) AppleWebKit/537.36 (KHTML, like Gecko) Chrome/144.0.0.0 Mobile Safari/537.36"
187.190.151.230 - - [29/Jan/2026:03:55:38 -0500] "GET /templates/default_tube2019/fonts/fontawesome_5.7.1/fa-solid-900.woff2 HTTP/1.1" 200 74320 "https://porn.tw/templates/default_tube2019/css/styles.css" "Mozilla/5.0 (Linux; Android 10; K) AppleWebKit/537.36 (KHTML, like Gecko) Chrome/144.0.0.0 Mobile Safari/537.36"
187.190.151.230 - - [29/Jan/2026:03:55:38 -0500] "GET /templates/default_tube2019/js/bootstrap.min.js HTTP/1.1" 200 70808 "https://porn.tw/video/emilylittle-free-webcam-sexy-babe-squirting-live-shows-3120.html" "Mozilla/5.0 (Linux; Android 10; K) AppleWebKit/537.36 (KHTML, like Gecko) Chrome/144.0.0.0 Mobile Safari/537.36"
187.190.151.230 - - [29/Jan/2026:03:55:38 -0500] "GET /templates/default_tube2019/js/lazyload.min.js HTTP/1.1" 200 2863 "https://porn.tw/video/emilylittle-free-webcam-sexy-babe-squirting-live-shows-3120.html" "Mozilla/5.0 (Linux; Android 10; K) AppleWebKit/537.36 (KHTML, like Gecko) Chrome/144.0.0.0 Mobile Safari/537.36"
187.190.151.230 - - [29/Jan/2026:03:55:38 -0500] "GET /templates/default_tube2019/js/bootstrap-select.min.js HTTP/1.1" 200 33379 "https://porn.tw/video/emilylittle-free-webcam-sexy-babe-squirting-live-shows-3120.html" "Mozilla/5.0 (Linux; Android 10; K) AppleWebKit/537.36 (KHTML, like Gecko) Chrome/144.0.0.0 Mobile Safari/537.36"
187.190.151.230 - - [29/Jan/2026:03:55:38 -0500] "GET /templates/default_tube2019/js/jquery.tinyscrollbar.min.js HTTP/1.1" 200 4105 "https://porn.tw/video/emilylittle-free-webcam-sexy-babe-squirting-live-shows-3120.html" "Mozilla/5.0 (Linux; Android 10; K) AppleWebKit/537.36 (KHTML, like Gecko) Chrome/144.0.0.0 Mobile Safari/537.36"
