74.206.190.80 - - [01/Feb/2026:18:36:47 -0500] "GET /wp-admin/theme-editor.php?theme=tubetheme-2017-v3-gay-filled&file=page.php&wp_scrape_key=7e670aff4f84f82e9cec7ab1de79626b&wp_scrape_nonce=689920648 HTTP/1.1" 200 44438 "http://www.pooftube.com/wp-admin/theme-editor.php?theme=tubetheme-2017-v3-gay-filled&file=page.php&wp_scrape_key=7e670aff4f84f82e9cec7ab1de79626b&wp_scrape_nonce=689920648" "WordPress/4.9.16; http://www.pooftube.com"
74.206.190.80 - - [01/Feb/2026:18:36:47 -0500] "GET /?wp_scrape_key=7e670aff4f84f82e9cec7ab1de79626b&wp_scrape_nonce=689920648 HTTP/1.1" 200 29167 "http://www.pooftube.com/?wp_scrape_key=7e670aff4f84f82e9cec7ab1de79626b&wp_scrape_nonce=689920648" "WordPress/4.9.16; http://www.pooftube.com"
193.24.211.22 - - [01/Feb/2026:18:36:46 -0500] "POST /wp-admin/admin-ajax.php HTTP/1.1" 200 63 "http://www.pooftube.com/wp-admin/admin-ajax.php" "Mozilla/5.0 (Windows NT 10.0; Win64; x64) AppleWebKit/537.36 (KHTML, like Gecko) Chrome/124.0.6367.207 Safari/537.36"
193.24.211.22 - - [01/Feb/2026:18:36:49 -0500] "GET /wp-admin/theme-editor.php?file=404.php&theme=tubetheme-2017-v3-gay-filled HTTP/1.1" 200 52096 "-" "Mozilla/5.0 (Windows NT 10.0; Win64; x64) AppleWebKit/537.36 (KHTML, like Gecko) Chrome/124.0.6367.207 Safari/537.36"
74.206.190.80 - - [01/Feb/2026:18:36:50 -0500] "GET /wp-admin/theme-editor.php?theme=tubetheme-2017-v3-gay-filled&file=404.php&wp_scrape_key=d8f80ccaee5f7ef05786e8df0174ada6&wp_scrape_nonce=849054589 HTTP/1.1" 200 56338 "http://www.pooftube.com/wp-admin/theme-editor.php?theme=tubetheme-2017-v3-gay-filled&file=404.php&wp_scrape_key=d8f80ccaee5f7ef05786e8df0174ada6&wp_scrape_nonce=849054589" "WordPress/4.9.16; http://www.pooftube.com"
74.206.190.80 - - [01/Feb/2026:18:36:51 -0500] "GET /?wp_scrape_key=d8f80ccaee5f7ef05786e8df0174ada6&wp_scrape_nonce=849054589 HTTP/1.1" 200 29167 "http://www.pooftube.com/?wp_scrape_key=d8f80ccaee5f7ef05786e8df0174ada6&wp_scrape_nonce=849054589" "WordPress/4.9.16; http://www.pooftube.com"
193.24.211.22 - - [01/Feb/2026:18:36:49 -0500] "POST /wp-admin/admin-ajax.php HTTP/1.1" 200 63 "http://www.pooftube.com/wp-admin/admin-ajax.php" "Mozilla/5.0 (Windows NT 10.0; Win64; x64) AppleWebKit/537.36 (KHTML, like Gecko) Chrome/124.0.6367.207 Safari/537.36"
74.206.190.80 - - [01/Feb/2026:18:37:01 -0500] "GET /wp-admin/theme-editor.php?theme=tubetheme-2017-v3-gay-filled&file=404.php&wp_scrape_key=349f8347ee596bb6989e8213fba7ae6e&wp_scrape_nonce=267613412 HTTP/1.1" 200 52489 "http://www.pooftube.com/wp-admin/theme-editor.php?theme=tubetheme-2017-v3-gay-filled&file=404.php&wp_scrape_key=349f8347ee596bb6989e8213fba7ae6e&wp_scrape_nonce=267613412" "WordPress/4.9.16; http://www.pooftube.com"
74.206.190.80 - - [01/Feb/2026:18:37:02 -0500] "GET /?wp_scrape_key=349f8347ee596bb6989e8213fba7ae6e&wp_scrape_nonce=267613412 HTTP/1.1" 200 29167 "http://www.pooftube.com/?wp_scrape_key=349f8347ee596bb6989e8213fba7ae6e&wp_scrape_nonce=267613412" "WordPress/4.9.16; http://www.pooftube.com"
193.24.211.22 - - [01/Feb/2026:18:37:01 -0500] "POST /wp-admin/admin-ajax.php HTTP/1.1" 200 63 "http://www.pooftube.com/wp-admin/admin-ajax.php" "Mozilla/5.0 (Windows NT 10.0; Win64; x64) AppleWebKit/537.36 (KHTML, like Gecko) Chrome/124.0.6367.207 Safari/537.36"
193.24.211.22 - - [01/Feb/2026:18:37:03 -0500] "GET /wp-admin/theme-editor.php?file=sidebar.php&theme=tubetheme-2017-v3-gay-filled HTTP/1.1" 200 44079 "-" "Mozilla/5.0 (Windows NT 10.0; Win64; x64) AppleWebKit/537.36 (KHTML, like Gecko) Chrome/124.0.6367.207 Safari/537.36"
74.206.190.80 - - [01/Feb/2026:18:37:05 -0500] "GET /wp-admin/theme-editor.php?theme=tubetheme-2017-v3-gay-filled&file=sidebar.php&wp_scrape_key=a75f33d37baf6f91d396b38fc9c04840&wp_scrape_nonce=2111815238 HTTP/1.1" 200 49018 "http://www.pooftube.com/wp-admin/theme-editor.php?theme=tubetheme-2017-v3-gay-filled&file=sidebar.php&wp_scrape_key=a75f33d37baf6f91d396b38fc9c04840&wp_scrape_nonce=2111815238" "WordPress/4.9.16; http://www.pooftube.com"
74.206.190.80 - - [01/Feb/2026:18:37:05 -0500] "GET /?wp_scrape_key=a75f33d37baf6f91d396b38fc9c04840&wp_scrape_nonce=2111815238 HTTP/1.1" 200 20006 "http://www.pooftube.com/?wp_scrape_key=a75f33d37baf6f91d396b38fc9c04840&wp_scrape_nonce=2111815238" "WordPress/4.9.16; http://www.pooftube.com"
193.24.211.22 - - [01/Feb/2026:18:37:04 -0500] "POST /wp-admin/admin-ajax.php HTTP/1.1" 200 180 "http://www.pooftube.com/wp-admin/admin-ajax.php" "Mozilla/5.0 (Windows NT 10.0; Win64; x64) AppleWebKit/537.36 (KHTML, like Gecko) Chrome/124.0.6367.207 Safari/537.36"
193.24.211.22 - - [01/Feb/2026:18:37:06 -0500] "GET /wp-admin/theme-editor.php?file=custom%2Fmeta.php&theme=tubetheme-2017-v3-gay-filled HTTP/1.1" 200 43665 "-" "Mozilla/5.0 (Windows NT 10.0; Win64; x64) AppleWebKit/537.36 (KHTML, like Gecko) Chrome/124.0.6367.207 Safari/537.36"
74.206.190.80 - - [01/Feb/2026:18:37:08 -0500] "GET /wp-admin/theme-editor.php?theme=tubetheme-2017-v3-gay-filled&file=custom%2Fmeta.php&wp_scrape_key=bb9750cd31ce827c15d6d2a9f837dd6c&wp_scrape_nonce=1351995847 HTTP/1.1" 200 49150 "http://www.pooftube.com/wp-admin/theme-editor.php?theme=tubetheme-2017-v3-gay-filled&file=custom%2Fmeta.php&wp_scrape_key=bb9750cd31ce827c15d6d2a9f837dd6c&wp_scrape_nonce=1351995847" "WordPress/4.9.16; http://www.pooftube.com"
74.206.190.80 - - [01/Feb/2026:18:37:08 -0500] "GET /?wp_scrape_key=bb9750cd31ce827c15d6d2a9f837dd6c&wp_scrape_nonce=1351995847 HTTP/1.1" 200 29174 "http://www.pooftube.com/?wp_scrape_key=bb9750cd31ce827c15d6d2a9f837dd6c&wp_scrape_nonce=1351995847" "WordPress/4.9.16; http://www.pooftube.com"
193.24.211.22 - - [01/Feb/2026:18:37:07 -0500] "POST /wp-admin/admin-ajax.php HTTP/1.1" 200 63 "http://www.pooftube.com/wp-admin/admin-ajax.php" "Mozilla/5.0 (Windows NT 10.0; Win64; x64) AppleWebKit/537.36 (KHTML, like Gecko) Chrome/124.0.6367.207 Safari/537.36"
74.206.190.80 - - [01/Feb/2026:18:37:10 -0500] "GET /wp-admin/theme-editor.php?theme=tubetheme-2017-v3-gay-filled&file=custom%2Fmeta.php&wp_scrape_key=17d03f7752dc97c39c2126b3516f6826&wp_scrape_nonce=230549929 HTTP/1.1" 200 44058 "http://www.pooftube.com/wp-admin/theme-editor.php?theme=tubetheme-2017-v3-gay-filled&file=custom%2Fmeta.php&wp_scrape_key=17d03f7752dc97c39c2126b3516f6826&wp_scrape_nonce=230549929" "WordPress/4.9.16; http://www.pooftube.com"
74.206.190.80 - - [01/Feb/2026:18:37:11 -0500] "GET /?wp_scrape_key=17d03f7752dc97c39c2126b3516f6826&wp_scrape_nonce=230549929 HTTP/1.1" 200 29167 "http://www.pooftube.com/?wp_scrape_key=17d03f7752dc97c39c2126b3516f6826&wp_scrape_nonce=230549929" "WordPress/4.9.16; http://www.pooftube.com"
193.24.211.22 - - [01/Feb/2026:18:37:10 -0500] "POST /wp-admin/admin-ajax.php HTTP/1.1" 200 63 "http://www.pooftube.com/wp-admin/admin-ajax.php" "Mozilla/5.0 (Windows NT 10.0; Win64; x64) AppleWebKit/537.36 (KHTML, like Gecko) Chrome/124.0.6367.207 Safari/537.36"
193.24.211.22 - - [01/Feb/2026:18:37:17 -0500] "GET /wp-admin/theme-editor.php?file=comments.php&theme=tubetheme-2017-v3-gay-filled HTTP/1.1" 200 55308 "-" "Mozilla/5.0 (Windows NT 10.0; Win64; x64) AppleWebKit/537.36 (KHTML, like Gecko) Chrome/124.0.6367.207 Safari/537.36"
74.206.190.80 - - [01/Feb/2026:18:37:19 -0500] "GET /wp-admin/theme-editor.php?theme=tubetheme-2017-v3-gay-filled&file=comments.php&wp_scrape_key=45d2aee7e2f869096ebfba437aa6c0bc&wp_scrape_nonce=1425209372 HTTP/1.1" 200 59553 "http://www.pooftube.com/wp-admin/theme-editor.php?theme=tubetheme-2017-v3-gay-filled&file=comments.php&wp_scrape_key=45d2aee7e2f869096ebfba437aa6c0bc&wp_scrape_nonce=1425209372" "WordPress/4.9.16; http://www.pooftube.com"
74.206.190.80 - - [01/Feb/2026:18:37:19 -0500] "GET /?wp_scrape_key=45d2aee7e2f869096ebfba437aa6c0bc&wp_scrape_nonce=1425209372 HTTP/1.1" 200 29174 "http://www.pooftube.com/?wp_scrape_key=45d2aee7e2f869096ebfba437aa6c0bc&wp_scrape_nonce=1425209372" "WordPress/4.9.16; http://www.pooftube.com"
193.24.211.22 - - [01/Feb/2026:18:37:18 -0500] "POST /wp-admin/admin-ajax.php HTTP/1.1" 200 63 "http://www.pooftube.com/wp-admin/admin-ajax.php" "Mozilla/5.0 (Windows NT 10.0; Win64; x64) AppleWebKit/537.36 (KHTML, like Gecko) Chrome/124.0.6367.207 Safari/537.36"
74.206.190.80 - - [01/Feb/2026:18:37:21 -0500] "GET /wp-admin/theme-editor.php?theme=tubetheme-2017-v3-gay-filled&file=comments.php&wp_scrape_key=a3bfa7f7eece4a44cb5fa33a5d529aa7&wp_scrape_nonce=1939458169 HTTP/1.1" 200 55704 "http://www.pooftube.com/wp-admin/theme-editor.php?theme=tubetheme-2017-v3-gay-filled&file=comments.php&wp_scrape_key=a3bfa7f7eece4a44cb5fa33a5d529aa7&wp_scrape_nonce=1939458169" "WordPress/4.9.16; http://www.pooftube.com"
74.206.190.80 - - [01/Feb/2026:18:37:21 -0500] "GET /?wp_scrape_key=a3bfa7f7eece4a44cb5fa33a5d529aa7&wp_scrape_nonce=1939458169 HTTP/1.1" 200 29174 "http://www.pooftube.com/?wp_scrape_key=a3bfa7f7eece4a44cb5fa33a5d529aa7&wp_scrape_nonce=1939458169" "WordPress/4.9.16; http://www.pooftube.com"
193.24.211.22 - - [01/Feb/2026:18:37:21 -0500] "POST /wp-admin/admin-ajax.php HTTP/1.1" 200 63 "http://www.pooftube.com/wp-admin/admin-ajax.php" "Mozilla/5.0 (Windows NT 10.0; Win64; x64) AppleWebKit/537.36 (KHTML, like Gecko) Chrome/124.0.6367.207 Safari/537.36"
193.24.211.22 - - [01/Feb/2026:18:37:23 -0500] "GET /wp-admin/theme-editor.php?file=footer.php&theme=tubetheme-2017-v3-gay-filled HTTP/1.1" 200 43984 "-" "Mozilla/5.0 (Windows NT 10.0; Win64; x64) AppleWebKit/537.36 (KHTML, like Gecko) Chrome/124.0.6367.207 Safari/537.36"
74.206.190.80 - - [01/Feb/2026:18:37:24 -0500] "GET /wp-admin/theme-editor.php?theme=tubetheme-2017-v3-gay-filled&file=footer.php&wp_scrape_key=4d253cc0611d915d23d657e26ecb9a32&wp_scrape_nonce=931766640 HTTP/1.1" 200 48978 "http://www.pooftube.com/wp-admin/theme-editor.php?theme=tubetheme-2017-v3-gay-filled&file=footer.php&wp_scrape_key=4d253cc0611d915d23d657e26ecb9a32&wp_scrape_nonce=931766640" "WordPress/4.9.16; http://www.pooftube.com"
74.206.190.80 - - [01/Feb/2026:18:37:24 -0500] "GET /?wp_scrape_key=4d253cc0611d915d23d657e26ecb9a32&wp_scrape_nonce=931766640 HTTP/1.1" 200 21694 "http://www.pooftube.com/?wp_scrape_key=4d253cc0611d915d23d657e26ecb9a32&wp_scrape_nonce=931766640" "WordPress/4.9.16; http://www.pooftube.com"
193.24.211.22 - - [01/Feb/2026:18:37:23 -0500] "POST /wp-admin/admin-ajax.php HTTP/1.1" 200 179 "http://www.pooftube.com/wp-admin/admin-ajax.php" "Mozilla/5.0 (Windows NT 10.0; Win64; x64) AppleWebKit/537.36 (KHTML, like Gecko) Chrome/124.0.6367.207 Safari/537.36"
193.24.211.22 - - [01/Feb/2026:18:37:25 -0500] "GET /wp-admin/theme-editor.php?file=header.php&theme=tubetheme-2017-v3-gay-filled HTTP/1.1" 200 47966 "-" "Mozilla/5.0 (Windows NT 10.0; Win64; x64) AppleWebKit/537.36 (KHTML, like Gecko) Chrome/124.0.6367.207 Safari/537.36"
74.206.190.80 - - [01/Feb/2026:18:37:26 -0500] "GET /wp-admin/theme-editor.php?theme=tubetheme-2017-v3-gay-filled&file=header.php&wp_scrape_key=da521bbb5c7dc7c80e43c31ee3c9fa0c&wp_scrape_nonce=626570825 HTTP/1.1" 200 52906 "http://www.pooftube.com/wp-admin/theme-editor.php?theme=tubetheme-2017-v3-gay-filled&file=header.php&wp_scrape_key=da521bbb5c7dc7c80e43c31ee3c9fa0c&wp_scrape_nonce=626570825" "WordPress/4.9.16; http://www.pooftube.com"
74.206.190.80 - - [01/Feb/2026:18:37:27 -0500] "GET /?wp_scrape_key=da521bbb5c7dc7c80e43c31ee3c9fa0c&wp_scrape_nonce=626570825 HTTP/1.1" 200 29167 "http://www.pooftube.com/?wp_scrape_key=da521bbb5c7dc7c80e43c31ee3c9fa0c&wp_scrape_nonce=626570825" "WordPress/4.9.16; http://www.pooftube.com"
193.24.211.22 - - [01/Feb/2026:18:37:26 -0500] "POST /wp-admin/admin-ajax.php HTTP/1.1" 200 63 "http://www.pooftube.com/wp-admin/admin-ajax.php" "Mozilla/5.0 (Windows NT 10.0; Win64; x64) AppleWebKit/537.36 (KHTML, like Gecko) Chrome/124.0.6367.207 Safari/537.36"
74.206.190.80 - - [01/Feb/2026:18:37:28 -0500] "GET /wp-admin/theme-editor.php?theme=tubetheme-2017-v3-gay-filled&file=header.php&wp_scrape_key=c50ae7f0888649377412a391ee9b2ef3&wp_scrape_nonce=562991647 HTTP/1.1" 200 48359 "http://www.pooftube.com/wp-admin/theme-editor.php?theme=tubetheme-2017-v3-gay-filled&file=header.php&wp_scrape_key=c50ae7f0888649377412a391ee9b2ef3&wp_scrape_nonce=562991647" "WordPress/4.9.16; http://www.pooftube.com"
74.206.190.80 - - [01/Feb/2026:18:37:28 -0500] "GET /?wp_scrape_key=c50ae7f0888649377412a391ee9b2ef3&wp_scrape_nonce=562991647 HTTP/1.1" 200 29167 "http://www.pooftube.com/?wp_scrape_key=c50ae7f0888649377412a391ee9b2ef3&wp_scrape_nonce=562991647" "WordPress/4.9.16; http://www.pooftube.com"
193.24.211.22 - - [01/Feb/2026:18:37:27 -0500] "POST /wp-admin/admin-ajax.php HTTP/1.1" 200 63 "http://www.pooftube.com/wp-admin/admin-ajax.php" "Mozilla/5.0 (Windows NT 10.0; Win64; x64) AppleWebKit/537.36 (KHTML, like Gecko) Chrome/124.0.6367.207 Safari/537.36"
193.24.211.22 - - [01/Feb/2026:18:37:29 -0500] "GET /wp-admin/theme-editor.php?file=home.php&theme=tubetheme-2017-v3-gay-filled HTTP/1.1" 200 45975 "-" "Mozilla/5.0 (Windows NT 10.0; Win64; x64) AppleWebKit/537.36 (KHTML, like Gecko) Chrome/124.0.6367.207 Safari/537.36"
74.206.190.80 - - [01/Feb/2026:18:37:30 -0500] "GET /wp-admin/theme-editor.php?theme=tubetheme-2017-v3-gay-filled&file=home.php&wp_scrape_key=e99ba9812c858663316569c40c34ea26&wp_scrape_nonce=56977666 HTTP/1.1" 200 50908 "http://www.pooftube.com/wp-admin/theme-editor.php?theme=tubetheme-2017-v3-gay-filled&file=home.php&wp_scrape_key=e99ba9812c858663316569c40c34ea26&wp_scrape_nonce=56977666" "WordPress/4.9.16; http://www.pooftube.com"
74.206.190.80 - - [01/Feb/2026:18:37:30 -0500] "GET /?wp_scrape_key=e99ba9812c858663316569c40c34ea26&wp_scrape_nonce=56977666 HTTP/1.1" 200 29160 "http://www.pooftube.com/?wp_scrape_key=e99ba9812c858663316569c40c34ea26&wp_scrape_nonce=56977666" "WordPress/4.9.16; http://www.pooftube.com"
193.24.211.22 - - [01/Feb/2026:18:37:30 -0500] "POST /wp-admin/admin-ajax.php HTTP/1.1" 200 63 "http://www.pooftube.com/wp-admin/admin-ajax.php" "Mozilla/5.0 (Windows NT 10.0; Win64; x64) AppleWebKit/537.36 (KHTML, like Gecko) Chrome/124.0.6367.207 Safari/537.36"
74.206.190.80 - - [01/Feb/2026:18:37:40 -0500] "GET /wp-admin/theme-editor.php?theme=tubetheme-2017-v3-gay-filled&file=home.php&wp_scrape_key=1077faa708ccb5efc82da7b46d884b37&wp_scrape_nonce=942499629 HTTP/1.1" 200 46368 "http://www.pooftube.com/wp-admin/theme-editor.php?theme=tubetheme-2017-v3-gay-filled&file=home.php&wp_scrape_key=1077faa708ccb5efc82da7b46d884b37&wp_scrape_nonce=942499629" "WordPress/4.9.16; http://www.pooftube.com"
74.206.190.80 - - [01/Feb/2026:18:37:41 -0500] "GET /?wp_scrape_key=1077faa708ccb5efc82da7b46d884b37&wp_scrape_nonce=942499629 HTTP/1.1" 200 29167 "http://www.pooftube.com/?wp_scrape_key=1077faa708ccb5efc82da7b46d884b37&wp_scrape_nonce=942499629" "WordPress/4.9.16; http://www.pooftube.com"
193.24.211.22 - - [01/Feb/2026:18:37:40 -0500] "POST /wp-admin/admin-ajax.php HTTP/1.1" 200 63 "http://www.pooftube.com/wp-admin/admin-ajax.php" "Mozilla/5.0 (Windows NT 10.0; Win64; x64) AppleWebKit/537.36 (KHTML, like Gecko) Chrome/124.0.6367.207 Safari/537.36"
193.24.211.22 - - [01/Feb/2026:18:37:42 -0500] "GET /wp-admin/theme-editor.php?file=sidebar_single.php&theme=tubetheme-2017-v3-gay-filled HTTP/1.1" 200 43850 "-" "Mozilla/5.0 (Windows NT 10.0; Win64; x64) AppleWebKit/537.36 (KHTML, like Gecko) Chrome/124.0.6367.207 Safari/537.36"
74.206.190.80 - - [01/Feb/2026:18:37:43 -0500] "GET /wp-admin/theme-editor.php?theme=tubetheme-2017-v3-gay-filled&file=sidebar_single.php&wp_scrape_key=344a8038617c2f568fcac7ac6e02cd10&wp_scrape_nonce=1124588263 HTTP/1.1" 200 48789 "http://www.pooftube.com/wp-admin/theme-editor.php?theme=tubetheme-2017-v3-gay-filled&file=sidebar_single.php&wp_scrape_key=344a8038617c2f568fcac7ac6e02cd10&wp_scrape_nonce=1124588263" "WordPress/4.9.16; http://www.pooftube.com"
74.206.190.80 - - [01/Feb/2026:18:37:43 -0500] "GET /?wp_scrape_key=344a8038617c2f568fcac7ac6e02cd10&wp_scrape_nonce=1124588263 HTTP/1.1" 200 29174 "http://www.pooftube.com/?wp_scrape_key=344a8038617c2f568fcac7ac6e02cd10&wp_scrape_nonce=1124588263" "WordPress/4.9.16; http://www.pooftube.com"
193.24.211.22 - - [01/Feb/2026:18:37:43 -0500] "POST /wp-admin/admin-ajax.php HTTP/1.1" 200 63 "http://www.pooftube.com/wp-admin/admin-ajax.php" "Mozilla/5.0 (Windows NT 10.0; Win64; x64) AppleWebKit/537.36 (KHTML, like Gecko) Chrome/124.0.6367.207 Safari/537.36"
74.206.190.80 - - [01/Feb/2026:18:37:44 -0500] "GET /wp-admin/theme-editor.php?theme=tubetheme-2017-v3-gay-filled&file=sidebar_single.php&wp_scrape_key=09760ce3c437b076a0e9c1b9e17b30a9&wp_scrape_nonce=881331943 HTTP/1.1" 200 44243 "http://www.pooftube.com/wp-admin/theme-editor.php?theme=tubetheme-2017-v3-gay-filled&file=sidebar_single.php&wp_scrape_key=09760ce3c437b076a0e9c1b9e17b30a9&wp_scrape_nonce=881331943" "WordPress/4.9.16; http://www.pooftube.com"
74.206.190.80 - - [01/Feb/2026:18:37:45 -0500] "GET /?wp_scrape_key=09760ce3c437b076a0e9c1b9e17b30a9&wp_scrape_nonce=881331943 HTTP/1.1" 200 29167 "http://www.pooftube.com/?wp_scrape_key=09760ce3c437b076a0e9c1b9e17b30a9&wp_scrape_nonce=881331943" "WordPress/4.9.16; http://www.pooftube.com"
193.24.211.22 - - [01/Feb/2026:18:37:44 -0500] "POST /wp-admin/admin-ajax.php HTTP/1.1" 200 63 "http://www.pooftube.com/wp-admin/admin-ajax.php" "Mozilla/5.0 (Windows NT 10.0; Win64; x64) AppleWebKit/537.36 (KHTML, like Gecko) Chrome/124.0.6367.207 Safari/537.36"
193.24.211.22 - - [01/Feb/2026:18:37:46 -0500] "GET /wp-admin/theme-editor.php?file=single.php&theme=tubetheme-2017-v3-gay-filled HTTP/1.1" 200 57452 "-" "Mozilla/5.0 (Windows NT 10.0; Win64; x64) AppleWebKit/537.36 (KHTML, like Gecko) Chrome/124.0.6367.207 Safari/537.36"
74.206.190.80 - - [01/Feb/2026:18:37:47 -0500] "GET /wp-admin/theme-editor.php?theme=tubetheme-2017-v3-gay-filled&file=single.php&wp_scrape_key=0eedc8136438dbe75025b8bc43ced5a7&wp_scrape_nonce=908749354 HTTP/1.1" 200 61694 "http://www.pooftube.com/wp-admin/theme-editor.php?theme=tubetheme-2017-v3-gay-filled&file=single.php&wp_scrape_key=0eedc8136438dbe75025b8bc43ced5a7&wp_scrape_nonce=908749354" "WordPress/4.9.16; http://www.pooftube.com"
74.206.190.80 - - [01/Feb/2026:18:37:47 -0500] "GET /?wp_scrape_key=0eedc8136438dbe75025b8bc43ced5a7&wp_scrape_nonce=908749354 HTTP/1.1" 200 29167 "http://www.pooftube.com/?wp_scrape_key=0eedc8136438dbe75025b8bc43ced5a7&wp_scrape_nonce=908749354" "WordPress/4.9.16; http://www.pooftube.com"
193.24.211.22 - - [01/Feb/2026:18:37:47 -0500] "POST /wp-admin/admin-ajax.php HTTP/1.1" 200 63 "http://www.pooftube.com/wp-admin/admin-ajax.php" "Mozilla/5.0 (Windows NT 10.0; Win64; x64) AppleWebKit/537.36 (KHTML, like Gecko) Chrome/124.0.6367.207 Safari/537.36"
74.206.190.80 - - [01/Feb/2026:18:37:49 -0500] "GET /wp-admin/theme-editor.php?theme=tubetheme-2017-v3-gay-filled&file=single.php&wp_scrape_key=afd7655952fe873565e89e415efa747d&wp_scrape_nonce=122202009 HTTP/1.1" 200 57845 "http://www.pooftube.com/wp-admin/theme-editor.php?theme=tubetheme-2017-v3-gay-filled&file=single.php&wp_scrape_key=afd7655952fe873565e89e415efa747d&wp_scrape_nonce=122202009" "WordPress/4.9.16; http://www.pooftube.com"
74.206.190.80 - - [01/Feb/2026:18:37:49 -0500] "GET /?wp_scrape_key=afd7655952fe873565e89e415efa747d&wp_scrape_nonce=122202009 HTTP/1.1" 200 29167 "http://www.pooftube.com/?wp_scrape_key=afd7655952fe873565e89e415efa747d&wp_scrape_nonce=122202009" "WordPress/4.9.16; http://www.pooftube.com"
193.24.211.22 - - [01/Feb/2026:18:37:48 -0500] "POST /wp-admin/admin-ajax.php HTTP/1.1" 200 63 "http://www.pooftube.com/wp-admin/admin-ajax.php" "Mozilla/5.0 (Windows NT 10.0; Win64; x64) AppleWebKit/537.36 (KHTML, like Gecko) Chrome/124.0.6367.207 Safari/537.36"
193.24.211.22 - - [01/Feb/2026:18:37:50 -0500] "GET /wp-admin/theme-editor.php?file=index.php&theme=tubetheme-2017-v3-gay-filled HTTP/1.1" 200 50537 "-" "Mozilla/5.0 (Windows NT 10.0; Win64; x64) AppleWebKit/537.36 (KHTML, like Gecko) Chrome/124.0.6367.207 Safari/537.36"
74.206.190.80 - - [01/Feb/2026:18:37:50 -0500] "GET /wp-admin/theme-editor.php?theme=tubetheme-2017-v3-gay-filled&file=index.php&wp_scrape_key=e6e4f4cccfe2de4d5aef513abfd050e2&wp_scrape_nonce=240201818 HTTP/1.1" 200 54779 "http://www.pooftube.com/wp-admin/theme-editor.php?theme=tubetheme-2017-v3-gay-filled&file=index.php&wp_scrape_key=e6e4f4cccfe2de4d5aef513abfd050e2&wp_scrape_nonce=240201818" "WordPress/4.9.16; http://www.pooftube.com"
74.206.190.80 - - [01/Feb/2026:18:37:51 -0500] "GET /?wp_scrape_key=e6e4f4cccfe2de4d5aef513abfd050e2&wp_scrape_nonce=240201818 HTTP/1.1" 200 29167 "http://www.pooftube.com/?wp_scrape_key=e6e4f4cccfe2de4d5aef513abfd050e2&wp_scrape_nonce=240201818" "WordPress/4.9.16; http://www.pooftube.com"
193.24.211.22 - - [01/Feb/2026:18:37:50 -0500] "POST /wp-admin/admin-ajax.php HTTP/1.1" 200 63 "http://www.pooftube.com/wp-admin/admin-ajax.php" "Mozilla/5.0 (Windows NT 10.0; Win64; x64) AppleWebKit/537.36 (KHTML, like Gecko) Chrome/124.0.6367.207 Safari/537.36"
74.206.190.80 - - [01/Feb/2026:18:38:01 -0500] "GET /wp-admin/theme-editor.php?theme=tubetheme-2017-v3-gay-filled&file=index.php&wp_scrape_key=bdb6b9a9a8269f6f603379c0bc5fc085&wp_scrape_nonce=363747828 HTTP/1.1" 200 50930 "http://www.pooftube.com/wp-admin/theme-editor.php?theme=tubetheme-2017-v3-gay-filled&file=index.php&wp_scrape_key=bdb6b9a9a8269f6f603379c0bc5fc085&wp_scrape_nonce=363747828" "WordPress/4.9.16; http://www.pooftube.com"
74.206.190.80 - - [01/Feb/2026:18:38:02 -0500] "GET /?wp_scrape_key=bdb6b9a9a8269f6f603379c0bc5fc085&wp_scrape_nonce=363747828 HTTP/1.1" 200 29167 "http://www.pooftube.com/?wp_scrape_key=bdb6b9a9a8269f6f603379c0bc5fc085&wp_scrape_nonce=363747828" "WordPress/4.9.16; http://www.pooftube.com"
193.24.211.22 - - [01/Feb/2026:18:38:01 -0500] "POST /wp-admin/admin-ajax.php HTTP/1.1" 200 63 "http://www.pooftube.com/wp-admin/admin-ajax.php" "Mozilla/5.0 (Windows NT 10.0; Win64; x64) AppleWebKit/537.36 (KHTML, like Gecko) Chrome/124.0.6367.207 Safari/537.36"
193.24.211.22 - - [01/Feb/2026:18:38:03 -0500] "GET /wp-login.php HTTP/1.1" 200 2359 "-" "Mozilla/5.0 (Windows NT 10.0; Win64; x64; rv:127.0) Gecko/20100101 Firefox/127.0"
193.24.211.22 - - [01/Feb/2026:18:38:03 -0500] "GET /wp-login.php?wp_lang=en_US HTTP/1.1" 200 2359 "-" "Mozilla/5.0 (Windows NT 10.0; Win64; x64) AppleWebKit/537.36 (KHTML, like Gecko) Chrome/124.0.6367.207 Safari/537.36"
193.24.211.22 - - [01/Feb/2026:18:38:03 -0500] "POST /wp-login.php?wp_lang=en_US HTTP/1.1" 302 - "http://www.pooftube.com/wp-login.php?wp_lang=en_US" "Mozilla/5.0 (Windows NT 10.0; Win64; x64) AppleWebKit/537.36 (KHTML, like Gecko) Chrome/124.0.6367.207 Safari/537.36"
193.24.211.22 - - [01/Feb/2026:18:38:04 -0500] "GET /wp-admin/ HTTP/1.1" 200 67872 "http://www.pooftube.com/wp-login.php?wp_lang=en_US" "Mozilla/5.0 (Windows NT 10.0; Win64; x64) AppleWebKit/537.36 (KHTML, like Gecko) Chrome/124.0.6367.207 Safari/537.36"
193.24.211.22 - - [01/Feb/2026:18:38:04 -0500] "GET /wp-admin/plugin-install.php HTTP/1.1" 200 78082 "-" "Mozilla/5.0 (Windows NT 10.0; Win64; x64) AppleWebKit/537.36 (KHTML, like Gecko) Chrome/124.0.6367.207 Safari/537.36"
193.24.211.22 - - [01/Feb/2026:18:38:05 -0500] "POST /wp-admin/update.php?action=upload-plugin HTTP/1.1" 500 2808 "http://www.pooftube.com/wp-admin/update.php?action=upload-plugin" "Mozilla/5.0 (Windows NT 10.0; Win64; x64) AppleWebKit/537.36 (KHTML, like Gecko) Chrome/124.0.6367.207 Safari/537.36"
193.24.211.22 - - [01/Feb/2026:18:38:05 -0500] "POST /wp-admin/update.php?action=upload-plugin HTTP/1.1" 500 2808 "http://www.pooftube.com/wp-admin/update.php?action=upload-plugin" "Mozilla/5.0 (Windows NT 10.0; Win64; x64) AppleWebKit/537.36 (KHTML, like Gecko) Chrome/124.0.6367.207 Safari/537.36"
193.24.211.22 - - [01/Feb/2026:18:38:06 -0500] "POST /wp-admin/update.php?action=upload-plugin HTTP/1.1" 500 2808 "http://www.pooftube.com/wp-admin/update.php?action=upload-plugin" "Mozilla/5.0 (Windows NT 10.0; Win64; x64) AppleWebKit/537.36 (KHTML, like Gecko) Chrome/124.0.6367.207 Safari/537.36"
193.24.211.22 - - [01/Feb/2026:18:38:06 -0500] "POST /wp-admin/update.php?action=upload-plugin HTTP/1.1" 500 2808 "http://www.pooftube.com/wp-admin/update.php?action=upload-plugin" "Mozilla/5.0 (Windows NT 10.0; Win64; x64) AppleWebKit/537.36 (KHTML, like Gecko) Chrome/124.0.6367.207 Safari/537.36"
193.24.211.22 - - [01/Feb/2026:18:38:07 -0500] "POST /wp-admin/update.php?action=upload-plugin HTTP/1.1" 500 2808 "http://www.pooftube.com/wp-admin/update.php?action=upload-plugin" "Mozilla/5.0 (Windows NT 10.0; Win64; x64) AppleWebKit/537.36 (KHTML, like Gecko) Chrome/124.0.6367.207 Safari/537.36"
51.210.214.160 - - [01/Feb/2026:18:51:32 -0500] "GET /index.php/gay-porn/hard-gay-tube.html/feed HTTP/1.1" 200 806 "-" "Mozilla/5.0 (X11; Linux i686) AppleWebKit/537.36 (KHTML, like Gecko) Chrome/30.0.1599.66 Safari/537.36"
74.206.190.80 - - [01/Feb/2026:19:08:49 -0500] "POST /wp-cron.php?doing_wp_cron=1769990929.7323060035705566406250 HTTP/1.1" 200 - "http://www.pooftube.com/wp-cron.php?doing_wp_cron=1769990929.7323060035705566406250" "WordPress/4.9.16; http://www.pooftube.com"
95.85.238.20 - - [01/Feb/2026:19:08:49 -0500] "GET /wp-login.php HTTP/1.1" 200 2359 "-" "Mozilla/5.0 (X11; Linux x86_64; rv:31.0) Gecko/20100101 Firefox/31.0"
95.85.238.20 - - [01/Feb/2026:19:08:51 -0500] "POST /wp-login.php HTTP/1.1" 200 3350 "-" "Mozilla/5.0 (X11; Linux x86_64; rv:31.0) Gecko/20100101 Firefox/31.0"
51.210.214.160 - - [01/Feb/2026:19:16:47 -0500] "GET /index.php/gay-black/52.html/feed HTTP/1.1" 200 1264 "-" "Mozilla/5.0 (X11; Linux i686) AppleWebKit/537.36 (KHTML, like Gecko) Chrome/30.0.1599.66 Safari/537.36"
20.198.89.236 - - [01/Feb/2026:20:10:59 -0500] "GET /wp-content/plugins/hellopress/wp_filemanager.php HTTP/1.1" 404 308 "-" "-"
20.198.89.236 - - [01/Feb/2026:20:10:59 -0500] "GET /rip.php HTTP/1.1" 404 267 "-" "-"
74.206.190.80 - - [01/Feb/2026:20:45:52 -0500] "POST /wp-cron.php?doing_wp_cron=1769996752.9317851066589355468750 HTTP/1.1" 200 - "http://www.pooftube.com/wp-cron.php?doing_wp_cron=1769996752.9317851066589355468750" "WordPress/4.9.16; http://www.pooftube.com"
83.217.208.83 - - [01/Feb/2026:20:45:52 -0500] "GET /wp-login.php HTTP/1.1" 200 2359 "-" "Mozilla/5.0 (Windows NT 6.1) AppleWebKit/537.36 (KHTML, like Gecko) Chrome/36.0.1985.143 Safari/537.36"
83.217.208.83 - - [01/Feb/2026:20:45:53 -0500] "POST /wp-login.php HTTP/1.1" 200 3346 "-" "Mozilla/5.0 (Windows NT 6.1) AppleWebKit/537.36 (KHTML, like Gecko) Chrome/36.0.1985.143 Safari/537.36"
66.249.73.130 - - [01/Feb/2026:20:54:51 -0500] "GET /index.php/latinotube/dubais-high-end-escort-scene-evolves-rising-demand-for-vip-call-girls-and-luxury-companions.html HTTP/1.1" 200 24602 "-" "Mozilla/5.0 (Linux; Android 6.0.1; Nexus 5X Build/MMB29P) AppleWebKit/537.36 (KHTML, like Gecko) Chrome/143.0.7499.192 Mobile Safari/537.36 (compatible; Googlebot/2.1; +http://www.google.com/bot.html)"
104.244.73.251 - - [01/Feb/2026:20:55:02 -0500] "GET /wp-login.php HTTP/1.1" 200 2359 "-" "Mozilla/5.0 (iPad; CPU OS 7_1_1 like Mac OS X) AppleWebKit/537.51.2 (KHTML, like Gecko) Version/7.0 Mobile/11D201 Safari/9537.53"
104.244.73.251 - - [01/Feb/2026:20:55:03 -0500] "POST /wp-login.php HTTP/1.1" 200 3346 "-" "Mozilla/5.0 (iPad; CPU OS 7_1_1 like Mac OS X) AppleWebKit/537.51.2 (KHTML, like Gecko) Version/7.0 Mobile/11D201 Safari/9537.53"
101.47.54.198 - - [01/Feb/2026:20:56:38 -0500] "GET /index.php/latinotube/%27%27 HTTP/1.1" 301 - "-" "Mozilla/5.0 (Linux; Android 13; Pixel 7) AppleWebKit/537.36 (KHTML, like Gecko) Chrome/131.0.0.0 Mobile Safari/537.36"
101.47.54.198 - - [01/Feb/2026:20:56:38 -0500] "GET /index.php/latinotube/ HTTP/1.1" 301 - "-" "Mozilla/5.0 (Linux; Android 13; Pixel 7) AppleWebKit/537.36 (KHTML, like Gecko) Chrome/131.0.0.0 Mobile Safari/537.36"
101.47.54.198 - - [01/Feb/2026:20:56:39 -0500] "GET /index.php/latinotube HTTP/1.1" 200 21299 "-" "Mozilla/5.0 (Linux; Android 13; Pixel 7) AppleWebKit/537.36 (KHTML, like Gecko) Chrome/131.0.0.0 Mobile Safari/537.36"
74.206.190.80 - - [01/Feb/2026:21:13:05 -0500] "POST /wp-cron.php?doing_wp_cron=1769998385.8593699932098388671875 HTTP/1.1" 200 - "http://www.pooftube.com/wp-cron.php?doing_wp_cron=1769998385.8593699932098388671875" "WordPress/4.9.16; http://www.pooftube.com"
43.131.39.179 - - [01/Feb/2026:21:13:05 -0500] "GET / HTTP/1.1" 301 - "-" "Mozilla/5.0 (iPhone; CPU iPhone OS 13_2_3 like Mac OS X) AppleWebKit/605.1.15 (KHTML, like Gecko) Version/13.0.3 Mobile/15E148 Safari/604.1"
43.131.39.179 - - [01/Feb/2026:21:13:06 -0500] "GET / HTTP/1.1" 200 21289 "http://pooftube.com" "Mozilla/5.0 (iPhone; CPU iPhone OS 13_2_3 like Mac OS X) AppleWebKit/605.1.15 (KHTML, like Gecko) Version/13.0.3 Mobile/15E148 Safari/604.1"
43.155.27.244 - - [01/Feb/2026:21:34:59 -0500] "GET /index.php/latinotube/dubais-high-end-escort-scene-evolves-rising-demand-for-vip-call-girls-and-luxury-companions.html HTTP/1.1" 200 24602 "-" "Mozilla/5.0 (iPhone; CPU iPhone OS 13_2_3 like Mac OS X) AppleWebKit/605.1.15 (KHTML, like Gecko) Version/13.0.3 Mobile/15E148 Safari/604.1"
77.90.185.30 - - [01/Feb/2026:21:42:19 -0500] "GET /wp-login.php HTTP/1.1" 200 2359 "-" "Mozilla/5.0 (Macintosh; Intel Mac OS X 13_5) AppleWebKit/605.1.15 (KHTML, like Gecko) Version/17.5 Safari/605.1.15"
77.90.185.30 - - [01/Feb/2026:21:42:19 -0500] "POST /xmlrpc.php HTTP/1.1" 403 278 "-" "Mozilla/5.0 (Macintosh; Intel Mac OS X 13_5) AppleWebKit/605.1.15 (KHTML, like Gecko) Version/17.5 Safari/605.1.15"
216.26.247.90 - - [01/Feb/2026:21:42:20 -0500] "POST /xmlrpc.php HTTP/1.1" 403 278 "-" "Mozilla/5.0 (Macintosh; Intel Mac OS X 13_5) AppleWebKit/605.1.15 (KHTML, like Gecko) Version/17.5 Safari/605.1.15"
104.207.50.142 - - [01/Feb/2026:21:42:20 -0500] "POST /xmlrpc.php HTTP/1.1" 403 278 "-" "Mozilla/5.0 (Windows NT 10.0; Win64; x64) AppleWebKit/537.36 (KHTML, like Gecko) Chrome/124.0.6367.207 Safari/537.36"
216.26.251.54 - - [01/Feb/2026:21:42:21 -0500] "POST /xmlrpc.php HTTP/1.1" 403 278 "-" "Mozilla/5.0 (Windows NT 10.0; Win64; x64) AppleWebKit/537.36 (KHTML, like Gecko) Chrome/124.0.6367.207 Safari/537.36"
209.50.174.141 - - [01/Feb/2026:21:42:21 -0500] "POST /xmlrpc.php HTTP/1.1" 403 278 "-" "Mozilla/5.0 (Windows NT 10.0; Win64; x64) AppleWebKit/537.36 (KHTML, like Gecko) Chrome/124.0.6367.207 Safari/537.36"
216.26.230.53 - - [01/Feb/2026:21:42:22 -0500] "POST /xmlrpc.php HTTP/1.1" 403 278 "-" "Mozilla/5.0 (Macintosh; Intel Mac OS X 13_5) AppleWebKit/605.1.15 (KHTML, like Gecko) Version/17.5 Safari/605.1.15"
209.50.161.145 - - [01/Feb/2026:21:42:23 -0500] "POST /xmlrpc.php HTTP/1.1" 403 278 "-" "Mozilla/5.0 (Macintosh; Intel Mac OS X 13_5) AppleWebKit/605.1.15 (KHTML, like Gecko) Version/17.5 Safari/605.1.15"
65.111.13.65 - - [01/Feb/2026:21:42:23 -0500] "POST /xmlrpc.php HTTP/1.1" 403 278 "-" "Mozilla/5.0 (Macintosh; Intel Mac OS X 13_5) AppleWebKit/605.1.15 (KHTML, like Gecko) Version/17.5 Safari/605.1.15"
154.213.166.32 - - [01/Feb/2026:21:42:24 -0500] "POST /xmlrpc.php HTTP/1.1" 403 278 "-" "Mozilla/5.0 (Windows NT 10.0; Win64; x64; rv:127.0) Gecko/20100101 Firefox/127.0"
209.50.167.26 - - [01/Feb/2026:21:42:25 -0500] "POST /xmlrpc.php HTTP/1.1" 403 278 "-" "Mozilla/5.0 (Windows NT 10.0; Win64; x64; rv:127.0) Gecko/20100101 Firefox/127.0"
45.3.44.97 - - [01/Feb/2026:21:42:25 -0500] "POST /xmlrpc.php HTTP/1.1" 403 278 "-" "Mozilla/5.0 (Macintosh; Intel Mac OS X 13_5) AppleWebKit/605.1.15 (KHTML, like Gecko) Version/17.5 Safari/605.1.15"
77.90.185.30 - - [01/Feb/2026:21:42:26 -0500] "GET /wp-login.php HTTP/1.1" 200 2359 "-" "Mozilla/5.0 (Windows NT 10.0; Win64; x64) AppleWebKit/537.36 (KHTML, like Gecko) Chrome/124.0.6367.207 Safari/537.36"
77.90.185.30 - - [01/Feb/2026:21:42:26 -0500] "POST /wp-login.php HTTP/1.1" 302 - "http://www.pooftube.com/wp-login.php" "Mozilla/5.0 (Windows NT 10.0; Win64; x64) AppleWebKit/537.36 (KHTML, like Gecko) Chrome/124.0.6367.207 Safari/537.36"
77.90.185.30 - - [01/Feb/2026:21:42:27 -0500] "GET /wp-admin/ HTTP/1.1" 200 67872 "http://www.pooftube.com/wp-login.php" "Mozilla/5.0 (Windows NT 10.0; Win64; x64) AppleWebKit/537.36 (KHTML, like Gecko) Chrome/124.0.6367.207 Safari/537.36"
77.90.185.30 - - [01/Feb/2026:21:42:28 -0500] "GET /wp-admin/admin-ajax.php?action=rest-nonce HTTP/1.1" 400 1 "-" "Mozilla/5.0 (Windows NT 10.0; Win64; x64) AppleWebKit/537.36 (KHTML, like Gecko) Chrome/124.0.6367.207 Safari/537.36"
77.90.185.30 - - [01/Feb/2026:21:42:28 -0500] "GET /wp-admin/admin-ajax.php?action=rest-nonce HTTP/1.1" 400 1 "-" "Mozilla/5.0 (Windows NT 10.0; Win64; x64) AppleWebKit/537.36 (KHTML, like Gecko) Chrome/124.0.6367.207 Safari/537.36"
77.90.185.30 - - [01/Feb/2026:21:42:29 -0500] "GET /wp-admin/admin-ajax.php?action=rest-nonce HTTP/1.1" 400 1 "-" "Mozilla/5.0 (Windows NT 10.0; Win64; x64) AppleWebKit/537.36 (KHTML, like Gecko) Chrome/124.0.6367.207 Safari/537.36"
77.90.185.30 - - [01/Feb/2026:21:42:30 -0500] "GET /wp-admin/admin-ajax.php?action=rest-nonce HTTP/1.1" 400 1 "-" "Mozilla/5.0 (Windows NT 10.0; Win64; x64) AppleWebKit/537.36 (KHTML, like Gecko) Chrome/124.0.6367.207 Safari/537.36"
77.90.185.30 - - [01/Feb/2026:21:42:30 -0500] "GET /wp-admin/admin-ajax.php?action=rest-nonce HTTP/1.1" 400 1 "-" "Mozilla/5.0 (Windows NT 10.0; Win64; x64) AppleWebKit/537.36 (KHTML, like Gecko) Chrome/124.0.6367.207 Safari/537.36"
77.90.185.30 - - [01/Feb/2026:21:42:31 -0500] "GET /wp-json/wp/v2/users/me HTTP/1.1" 404 286 "-" "Mozilla/5.0 (Windows NT 10.0; Win64; x64) AppleWebKit/537.36 (KHTML, like Gecko) Chrome/124.0.6367.207 Safari/537.36"
77.90.185.30 - - [01/Feb/2026:21:42:31 -0500] "GET /wp-json/wp/v2/users/me HTTP/1.1" 404 286 "-" "Mozilla/5.0 (Windows NT 10.0; Win64; x64) AppleWebKit/537.36 (KHTML, like Gecko) Chrome/124.0.6367.207 Safari/537.36"
77.90.185.30 - - [01/Feb/2026:21:42:31 -0500] "GET /wp-json/wp/v2/users/me HTTP/1.1" 404 286 "-" "Mozilla/5.0 (Windows NT 10.0; Win64; x64) AppleWebKit/537.36 (KHTML, like Gecko) Chrome/124.0.6367.207 Safari/537.36"
77.90.185.30 - - [01/Feb/2026:21:42:31 -0500] "GET /wp-json/wp/v2/users/me HTTP/1.1" 404 286 "-" "Mozilla/5.0 (Windows NT 10.0; Win64; x64) AppleWebKit/537.36 (KHTML, like Gecko) Chrome/124.0.6367.207 Safari/537.36"
77.90.185.30 - - [01/Feb/2026:21:42:31 -0500] "GET /wp-json/wp/v2/users/me HTTP/1.1" 404 286 "-" "Mozilla/5.0 (Windows NT 10.0; Win64; x64) AppleWebKit/537.36 (KHTML, like Gecko) Chrome/124.0.6367.207 Safari/537.36"
77.90.185.30 - - [01/Feb/2026:21:42:32 -0500] "GET /wp-admin/theme-editor.php HTTP/1.1" 200 42842 "-" "Mozilla/5.0 (Windows NT 10.0; Win64; x64) AppleWebKit/537.36 (KHTML, like Gecko) Chrome/124.0.6367.207 Safari/537.36"
77.90.185.30 - - [01/Feb/2026:21:42:33 -0500] "GET /wp-admin/plugin-editor.php HTTP/1.1" 200 37007 "-" "Mozilla/5.0 (Windows NT 10.0; Win64; x64) AppleWebKit/537.36 (KHTML, like Gecko) Chrome/124.0.6367.207 Safari/537.36"
77.90.185.30 - - [01/Feb/2026:21:42:34 -0500] "GET /wp-admin/theme-install.php HTTP/1.1" 200 41444 "-" "Mozilla/5.0 (Windows NT 10.0; Win64; x64) AppleWebKit/537.36 (KHTML, like Gecko) Chrome/124.0.6367.207 Safari/537.36"
77.90.185.30 - - [01/Feb/2026:21:42:35 -0500] "GET /wp-admin/plugin-install.php HTTP/1.1" 200 78082 "-" "Mozilla/5.0 (Windows NT 10.0; Win64; x64) AppleWebKit/537.36 (KHTML, like Gecko) Chrome/124.0.6367.207 Safari/537.36"
77.90.185.30 - - [01/Feb/2026:21:42:36 -0500] "POST /wp-admin/update.php?action=upload-plugin HTTP/1.1" 500 2808 "http://www.pooftube.com/wp-admin/update.php?action=upload-plugin" "Mozilla/5.0 (Windows NT 10.0; Win64; x64) AppleWebKit/537.36 (KHTML, like Gecko) Chrome/124.0.6367.207 Safari/537.36"
77.90.185.30 - - [01/Feb/2026:21:42:37 -0500] "GET /wp-admin/plugins.php?plugin_status=all HTTP/1.1" 200 70900 "-" "Mozilla/5.0 (Windows NT 10.0; Win64; x64) AppleWebKit/537.36 (KHTML, like Gecko) Chrome/124.0.6367.207 Safari/537.36"
77.90.185.30 - - [01/Feb/2026:21:42:39 -0500] "GET /wp-admin/plugins.php?plugin_status=all HTTP/1.1" 200 70900 "-" "Mozilla/5.0 (Windows NT 10.0; Win64; x64) AppleWebKit/537.36 (KHTML, like Gecko) Chrome/124.0.6367.207 Safari/537.36"
77.90.185.30 - - [01/Feb/2026:21:42:39 -0500] "GET /wp-admin/plugins.php?plugin_status=all HTTP/1.1" 200 70900 "-" "Mozilla/5.0 (Windows NT 10.0; Win64; x64) AppleWebKit/537.36 (KHTML, like Gecko) Chrome/124.0.6367.207 Safari/537.36"
77.90.185.30 - - [01/Feb/2026:21:42:40 -0500] "GET /wp-admin/plugins.php?plugin_status=all HTTP/1.1" 200 70900 "-" "Mozilla/5.0 (Windows NT 10.0; Win64; x64) AppleWebKit/537.36 (KHTML, like Gecko) Chrome/124.0.6367.207 Safari/537.36"
77.90.185.30 - - [01/Feb/2026:21:42:41 -0500] "GET /wp-admin/plugins.php?plugin_status=all HTTP/1.1" 200 70900 "-" "Mozilla/5.0 (Windows NT 10.0; Win64; x64) AppleWebKit/537.36 (KHTML, like Gecko) Chrome/124.0.6367.207 Safari/537.36"
43.157.180.116 - - [01/Feb/2026:21:48:17 -0500] "GET /?p=179 HTTP/1.1" 301 - "-" "Mozilla/5.0 (iPhone; CPU iPhone OS 13_2_3 like Mac OS X) AppleWebKit/605.1.15 (KHTML, like Gecko) Version/13.0.3 Mobile/15E148 Safari/604.1"
43.157.180.116 - - [01/Feb/2026:21:48:20 -0500] "GET /index.php/latinotube/dubais-high-end-escort-scene-evolves-rising-demand-for-vip-call-girls-and-luxury-companions.html HTTP/1.1" 200 24602 "http://www.pooftube.com/?p=179" "Mozilla/5.0 (iPhone; CPU iPhone OS 13_2_3 like Mac OS X) AppleWebKit/605.1.15 (KHTML, like Gecko) Version/13.0.3 Mobile/15E148 Safari/604.1"
167.99.76.199 - - [01/Feb/2026:21:58:11 -0500] "GET / HTTP/1.1" 200 21289 "-" "Mozilla/5.0 (Windows NT 10.0; Win64; x64; rv:128.0) Gecko/20100101 Firefox/128.0"
167.99.76.199 - - [01/Feb/2026:21:58:13 -0500] "GET /_profiler/phpinfo.php HTTP/1.1" 404 285 "-" "Mozilla/5.0 (Windows NT 10.0; Win64; x64; rv:128.0) Gecko/20100101 Firefox/128.0"
167.99.76.199 - - [01/Feb/2026:21:58:14 -0500] "GET /phpinfo HTTP/1.1" 404 271 "-" "Mozilla/5.0 (Windows NT 10.0; Win64; x64; rv:128.0) Gecko/20100101 Firefox/128.0"
167.99.76.199 - - [01/Feb/2026:21:58:15 -0500] "GET /_profiler/phpinfo HTTP/1.1" 404 281 "-" "Mozilla/5.0 (Windows NT 10.0; Win64; x64; rv:128.0) Gecko/20100101 Firefox/128.0"
167.99.76.199 - - [01/Feb/2026:21:58:16 -0500] "GET /info HTTP/1.1" 404 268 "-" "Mozilla/5.0 (Windows NT 10.0; Win64; x64; rv:128.0) Gecko/20100101 Firefox/128.0"
167.99.76.199 - - [01/Feb/2026:21:58:17 -0500] "GET /phpinfo.php HTTP/1.1" 404 275 "-" "Mozilla/5.0 (Windows NT 10.0; Win64; x64; rv:128.0) Gecko/20100101 Firefox/128.0"
167.99.76.199 - - [01/Feb/2026:21:58:18 -0500] "GET /info.php HTTP/1.1" 404 272 "-" "Mozilla/5.0 (Windows NT 10.0; Win64; x64; rv:128.0) Gecko/20100101 Firefox/128.0"
167.99.76.199 - - [01/Feb/2026:21:58:20 -0500] "GET /.env HTTP/1.1" 404 268 "-" "-"
167.99.76.199 - - [01/Feb/2026:21:58:20 -0500] "GET /.env.production HTTP/1.1" 404 279 "-" "-"
167.99.76.199 - - [01/Feb/2026:21:58:21 -0500] "GET /application/.env HTTP/1.1" 404 280 "-" "-"
167.99.76.199 - - [01/Feb/2026:21:58:21 -0500] "GET /prod/.env HTTP/1.1" 404 273 "-" "-"
167.99.76.199 - - [01/Feb/2026:21:58:22 -0500] "GET /.env.save HTTP/1.1" 404 273 "-" "-"
167.99.76.199 - - [01/Feb/2026:21:58:23 -0500] "GET /beta/.env HTTP/1.1" 404 273 "-" "-"
167.99.76.199 - - [01/Feb/2026:21:58:23 -0500] "GET /admin/.env HTTP/1.1" 404 274 "-" "-"
167.99.76.199 - - [01/Feb/2026:21:58:23 -0500] "GET /app/.env HTTP/1.1" 404 272 "-" "-"
167.99.76.199 - - [01/Feb/2026:21:58:24 -0500] "GET /config/.env HTTP/1.1" 404 275 "-" "-"
167.99.76.199 - - [01/Feb/2026:21:58:24 -0500] "GET /api/.env HTTP/1.1" 404 272 "-" "-"
167.99.76.199 - - [01/Feb/2026:21:58:25 -0500] "GET /laravel/.env HTTP/1.1" 404 276 "-" "-"
74.206.190.80 - - [01/Feb/2026:22:15:27 -0500] "POST /wp-cron.php?doing_wp_cron=1770002127.2109570503234863281250 HTTP/1.1" 200 - "http://www.pooftube.com/wp-cron.php?doing_wp_cron=1770002127.2109570503234863281250" "WordPress/4.9.16; http://www.pooftube.com"
45.61.188.177 - - [01/Feb/2026:22:15:26 -0500] "GET /wp-login.php HTTP/1.1" 200 2359 "-" "Mozilla/5.0 (Macintosh; Intel Mac OS X 10_9_2) AppleWebKit/537.74.9 (KHTML, like Gecko) Version/7.0.2 Safari/537.74.9"
45.61.188.177 - - [01/Feb/2026:22:15:28 -0500] "POST /wp-login.php HTTP/1.1" 200 3346 "-" "Mozilla/5.0 (Macintosh; Intel Mac OS X 10_9_2) AppleWebKit/537.74.9 (KHTML, like Gecko) Version/7.0.2 Safari/537.74.9"
51.210.214.160 - - [01/Feb/2026:22:34:48 -0500] "GET /index.php/gay-black/52.html/feed HTTP/1.1" 200 1264 "-" "Mozilla/5.0 (X11; Linux i686) AppleWebKit/537.36 (KHTML, like Gecko) Chrome/30.0.1599.66 Safari/537.36"
104.244.72.245 - - [01/Feb/2026:22:46:16 -0500] "GET /wp-login.php HTTP/1.1" 200 2359 "-" "Mozilla/5.0 (Windows NT 6.1) AppleWebKit/537.36 (KHTML, like Gecko) Chrome/36.0.1985.143 Safari/537.36"
104.244.72.245 - - [01/Feb/2026:22:46:18 -0500] "POST /wp-login.php HTTP/1.1" 200 3350 "-" "Mozilla/5.0 (Windows NT 6.1) AppleWebKit/537.36 (KHTML, like Gecko) Chrome/36.0.1985.143 Safari/537.36"
192.71.95.5 - - [01/Feb/2026:22:52:31 -0500] "GET / HTTP/1.1" 200 21289 "-" "Mozilla/5.0 (X11; CrOS x86_64 14541.0.0) AppleWebKit/537.36 (KHTML, like Gecko) Chrome/121.0.0.0 Safari/537.3"
193.180.220.241 - - [01/Feb/2026:22:52:31 -0500] "GET /index.php/latinotube/dragon-money-casino-%d0%bd%d0%be%d0%b2%d1%8b%d0%b5-%d0%b3%d0%be%d1%80%d0%b8%d0%b7%d0%be%d0%bd%d1%82%d1%8b-%d0%be%d0%bd%d0%bb%d0%b0%d0%b9%d0%bd-%d0%b3%d0%b5%d0%b9%d0%bc%d0%b8%d0%bd%d0%b3%d0%b0-%d0%b8.html HTTP/1.1" 404 12765 "-" "Mozilla/5.0 (X11; CrOS x86_64 14541.0.0) AppleWebKit/537.36 (KHTML, like Gecko) Chrome/121.0.0.0 Safari/537.3"
93.158.100.184 - - [01/Feb/2026:22:52:32 -0500] "GET /index.php/latinotube/%d1%81%d0%b2%d0%b5%d0%b6%d0%b8%d0%b5-%d0%bd%d0%be%d0%b2%d0%be%d1%81%d1%82%d0%b8-%d1%81%d0%bf%d1%80%d0%be%d1%81-%d0%bd%d0%b0-%d1%83%d1%81%d0%bb%d1%83%d0%b3%d0%b8-%d0%bf%d1%80%d0%be%d1%81%d1%82%d0%b8.html HTTP/1.1" 404 12765 "-" "Mozilla/5.0 (X11; CrOS x86_64 14541.0.0) AppleWebKit/537.36 (KHTML, like Gecko) Chrome/121.0.0.0 Safari/537.3"
192.71.65.207 - - [01/Feb/2026:22:52:32 -0500] "GET /index.php/latinotube/dubais-high-end-escort-scene-evolves-rising-demand-for-vip-call-girls-and-luxury-companions.html HTTP/1.1" 200 24602 "-" "Mozilla/5.0 (X11; CrOS x86_64 14541.0.0) AppleWebKit/537.36 (KHTML, like Gecko) Chrome/121.0.0.0 Safari/537.3"
43.154.140.188 - - [01/Feb/2026:22:56:05 -0500] "GET / HTTP/1.1" 200 21289 "-" "Mozilla/5.0 (iPhone; CPU iPhone OS 13_2_3 like Mac OS X) AppleWebKit/605.1.15 (KHTML, like Gecko) Version/13.0.3 Mobile/15E148 Safari/604.1"
74.206.190.80 - - [01/Feb/2026:23:05:59 -0500] "POST /wp-cron.php?doing_wp_cron=1770005159.7677741050720214843750 HTTP/1.1" 200 - "http://www.pooftube.com/wp-cron.php?doing_wp_cron=1770005159.7677741050720214843750" "WordPress/4.9.16; http://www.pooftube.com"
43.140.247.223 - - [01/Feb/2026:23:05:59 -0500] "GET / HTTP/1.1" 301 - "-" "Mozilla/5.0 (iPhone; CPU iPhone OS 13_2_3 like Mac OS X) AppleWebKit/605.1.15 (KHTML, like Gecko) Version/13.0.3 Mobile/15E148 Safari/604.1"
43.140.247.223 - - [01/Feb/2026:23:06:02 -0500] "GET / HTTP/1.1" 200 21289 "http://pooftube.com" "Mozilla/5.0 (iPhone; CPU iPhone OS 13_2_3 like Mac OS X) AppleWebKit/605.1.15 (KHTML, like Gecko) Version/13.0.3 Mobile/15E148 Safari/604.1"
45.61.184.139 - - [01/Feb/2026:23:29:47 -0500] "GET /wp-login.php HTTP/1.1" 200 2359 "-" "Mozilla/5.0 (Macintosh; Intel Mac OS X 10_6_8) AppleWebKit/537.36 (KHTML, like Gecko) Chrome/36.0.1985.125 Safari/537.36"
45.61.184.139 - - [01/Feb/2026:23:29:49 -0500] "POST /wp-login.php HTTP/1.1" 200 3346 "-" "Mozilla/5.0 (Macintosh; Intel Mac OS X 10_6_8) AppleWebKit/537.36 (KHTML, like Gecko) Chrome/36.0.1985.125 Safari/537.36"
114.119.149.237 - - [01/Feb/2026:23:43:45 -0500] "GET /index.php/latinotube/dubai-escort-girls-new-trends-and-developments-in-luxury-escort-services.html HTTP/1.1" 200 23763 "http://www.pooftube.com/" "Mozilla/5.0 (Linux; Android 7.0;) AppleWebKit/537.36 (KHTML, like Gecko) Mobile Safari/537.36 (compatible; PetalBot;+https://webmaster.petalsearch.com/site/petalbot)"
74.206.190.80 - - [01/Feb/2026:23:43:45 -0500] "POST /wp-cron.php?doing_wp_cron=1770007425.6869390010833740234375 HTTP/1.1" 200 - "http://www.pooftube.com/wp-cron.php?doing_wp_cron=1770007425.6869390010833740234375" "WordPress/4.9.16; http://www.pooftube.com"
77.90.185.30 - - [01/Feb/2026:23:44:37 -0500] "GET /wp-login.php HTTP/1.1" 200 2359 "-" "Mozilla/5.0 (Windows NT 10.0; Win64; x64) AppleWebKit/537.36 (KHTML, like Gecko) Chrome/124.0.6367.207 Safari/537.36"
77.90.185.30 - - [01/Feb/2026:23:44:38 -0500] "GET /wp-login.php?wp_lang=en_US HTTP/1.1" 200 2359 "-" "Mozilla/5.0 (Windows NT 10.0; Win64; x64) AppleWebKit/537.36 (KHTML, like Gecko) Chrome/124.0.6367.207 Safari/537.36"
77.90.185.30 - - [01/Feb/2026:23:44:38 -0500] "POST /wp-login.php?wp_lang=en_US HTTP/1.1" 302 - "http://www.pooftube.com/wp-login.php?wp_lang=en_US" "Mozilla/5.0 (Windows NT 10.0; Win64; x64) AppleWebKit/537.36 (KHTML, like Gecko) Chrome/124.0.6367.207 Safari/537.36"
77.90.185.30 - - [01/Feb/2026:23:44:38 -0500] "GET /wp-admin/ HTTP/1.1" 200 67872 "http://www.pooftube.com/wp-login.php?wp_lang=en_US" "Mozilla/5.0 (Windows NT 10.0; Win64; x64) AppleWebKit/537.36 (KHTML, like Gecko) Chrome/124.0.6367.207 Safari/537.36"
77.90.185.30 - - [01/Feb/2026:23:44:40 -0500] "GET /wp-admin/plugins.php HTTP/1.1" 200 70842 "-" "Mozilla/5.0 (Windows NT 10.0; Win64; x64) AppleWebKit/537.36 (KHTML, like Gecko) Chrome/124.0.6367.207 Safari/537.36"
77.90.185.30 - - [01/Feb/2026:23:44:41 -0500] "GET /wp-admin/plugin-install.php HTTP/1.1" 200 78082 "-" "Mozilla/5.0 (Windows NT 10.0; Win64; x64) AppleWebKit/537.36 (KHTML, like Gecko) Chrome/124.0.6367.207 Safari/537.36"
77.90.185.30 - - [01/Feb/2026:23:44:46 -0500] "POST /wp-admin/update.php?action=upload-plugin HTTP/1.1" 500 2808 "http://www.pooftube.com/wp-admin/update.php?action=upload-plugin" "Mozilla/5.0 (Windows NT 10.0; Win64; x64) AppleWebKit/537.36 (KHTML, like Gecko) Chrome/124.0.6367.207 Safari/537.36"
77.90.185.30 - - [01/Feb/2026:23:44:47 -0500] "POST /wp-admin/update.php?action=upload-plugin HTTP/1.1" 500 2808 "http://www.pooftube.com/wp-admin/update.php?action=upload-plugin" "Mozilla/5.0 (Windows NT 10.0; Win64; x64) AppleWebKit/537.36 (KHTML, like Gecko) Chrome/124.0.6367.207 Safari/537.36"
77.90.185.30 - - [01/Feb/2026:23:44:47 -0500] "POST /wp-admin/update.php?action=upload-plugin HTTP/1.1" 500 2808 "http://www.pooftube.com/wp-admin/update.php?action=upload-plugin" "Mozilla/5.0 (Windows NT 10.0; Win64; x64) AppleWebKit/537.36 (KHTML, like Gecko) Chrome/124.0.6367.207 Safari/537.36"
77.90.185.30 - - [01/Feb/2026:23:44:48 -0500] "POST /wp-admin/update.php?action=upload-plugin HTTP/1.1" 500 2808 "http://www.pooftube.com/wp-admin/update.php?action=upload-plugin" "Mozilla/5.0 (Windows NT 10.0; Win64; x64) AppleWebKit/537.36 (KHTML, like Gecko) Chrome/124.0.6367.207 Safari/537.36"
77.90.185.30 - - [01/Feb/2026:23:44:49 -0500] "POST /wp-admin/update.php?action=upload-plugin HTTP/1.1" 500 2808 "http://www.pooftube.com/wp-admin/update.php?action=upload-plugin" "Mozilla/5.0 (Windows NT 10.0; Win64; x64) AppleWebKit/537.36 (KHTML, like Gecko) Chrome/124.0.6367.207 Safari/537.36"
77.90.185.30 - - [01/Feb/2026:23:44:50 -0500] "GET /wp-admin/themes.php HTTP/1.1" 200 50577 "-" "Mozilla/5.0 (Windows NT 10.0; Win64; x64) AppleWebKit/537.36 (KHTML, like Gecko) Chrome/124.0.6367.207 Safari/537.36"
77.90.185.30 - - [01/Feb/2026:23:44:51 -0500] "GET /wp-admin/theme-install.php?browse=popular HTTP/1.1" 200 41493 "-" "Mozilla/5.0 (Windows NT 10.0; Win64; x64) AppleWebKit/537.36 (KHTML, like Gecko) Chrome/124.0.6367.207 Safari/537.36"
77.90.185.30 - - [01/Feb/2026:23:44:53 -0500] "POST /wp-admin/update.php?action=upload-theme HTTP/1.1" 500 2808 "http://www.pooftube.com/wp-admin/update.php?action=upload-theme" "Mozilla/5.0 (Windows NT 10.0; Win64; x64) AppleWebKit/537.36 (KHTML, like Gecko) Chrome/124.0.6367.207 Safari/537.36"
77.90.185.30 - - [01/Feb/2026:23:44:53 -0500] "POST /wp-admin/update.php?action=upload-theme HTTP/1.1" 403 2748 "http://www.pooftube.com/wp-admin/update.php?action=upload-theme" "Mozilla/5.0 (Windows NT 10.0; Win64; x64) AppleWebKit/537.36 (KHTML, like Gecko) Chrome/124.0.6367.207 Safari/537.36"
77.90.185.30 - - [01/Feb/2026:23:44:54 -0500] "GET /wp-admin/plugins.php HTTP/1.1" 200 70842 "-" "Mozilla/5.0 (Windows NT 10.0; Win64; x64) AppleWebKit/537.36 (KHTML, like Gecko) Chrome/124.0.6367.207 Safari/537.36"
77.90.185.30 - - [01/Feb/2026:23:44:55 -0500] "POST /wp-admin/admin-ajax.php HTTP/1.1" 200 211 "http://www.pooftube.com/wp-admin/admin-ajax.php" "Mozilla/5.0 (Windows NT 10.0; Win64; x64) AppleWebKit/537.36 (KHTML, like Gecko) Chrome/124.0.6367.207 Safari/537.36"
216.26.238.216 - - [01/Feb/2026:23:44:57 -0500] "GET /wp-login.php HTTP/1.1" 200 2359 "-" "Mozilla/5.0 (Macintosh; Intel Mac OS X 13_5) AppleWebKit/605.1.15 (KHTML, like Gecko) Version/17.5 Safari/605.1.15"
216.26.238.216 - - [01/Feb/2026:23:44:59 -0500] "GET /wp-login.php?wp_lang=en_US HTTP/1.1" 200 2359 "-" "Mozilla/5.0 (Windows NT 10.0; Win64; x64) AppleWebKit/537.36 (KHTML, like Gecko) Chrome/124.0.6367.207 Safari/537.36"
216.26.238.216 - - [01/Feb/2026:23:44:59 -0500] "POST /wp-login.php?wp_lang=en_US HTTP/1.1" 302 - "http://www.pooftube.com/wp-login.php?wp_lang=en_US" "Mozilla/5.0 (Windows NT 10.0; Win64; x64) AppleWebKit/537.36 (KHTML, like Gecko) Chrome/124.0.6367.207 Safari/537.36"
216.26.238.216 - - [01/Feb/2026:23:45:00 -0500] "GET /wp-admin/ HTTP/1.1" 200 67872 "http://www.pooftube.com/wp-login.php?wp_lang=en_US" "Mozilla/5.0 (Windows NT 10.0; Win64; x64) AppleWebKit/537.36 (KHTML, like Gecko) Chrome/124.0.6367.207 Safari/537.36"
216.26.238.216 - - [01/Feb/2026:23:45:01 -0500] "GET /wp-admin/themes.php HTTP/1.1" 200 50577 "-" "Mozilla/5.0 (Windows NT 10.0; Win64; x64) AppleWebKit/537.36 (KHTML, like Gecko) Chrome/124.0.6367.207 Safari/537.36"
216.26.238.216 - - [01/Feb/2026:23:45:02 -0500] "GET /wp-admin/theme-install.php?browse=popular HTTP/1.1" 200 41493 "-" "Mozilla/5.0 (Windows NT 10.0; Win64; x64) AppleWebKit/537.36 (KHTML, like Gecko) Chrome/124.0.6367.207 Safari/537.36"
216.26.238.216 - - [01/Feb/2026:23:45:03 -0500] "POST /wp-admin/update.php?action=upload-theme HTTP/1.1" 500 2808 "http://www.pooftube.com/wp-admin/update.php?action=upload-theme" "Mozilla/5.0 (Windows NT 10.0; Win64; x64) AppleWebKit/537.36 (KHTML, like Gecko) Chrome/124.0.6367.207 Safari/537.36"
