108.165.164.187 - - [27/Jan/2026:22:44:17 -0500] "HEAD /old-site HTTP/1.1" 404 - "-" "Mozilla/5.0 (Windows NT 10.0; Win64; x64) AppleWebKit/537.36 (KHTML, like Gecko) Chrome/74.0.3729.169 Safari/537.36"
108.165.164.187 - - [27/Jan/2026:22:44:17 -0500] "HEAD /bk HTTP/1.1" 404 - "-" "Mozilla/5.0 (Windows NT 10.0; Win64; x64) AppleWebKit/537.36 (KHTML, like Gecko) Chrome/74.0.3729.169 Safari/537.36"
108.165.164.187 - - [27/Jan/2026:22:44:18 -0500] "HEAD /Backup HTTP/1.1" 404 - "-" "Mozilla/5.0 (Windows NT 10.0; Win64; x64) AppleWebKit/537.36 (KHTML, like Gecko) Chrome/74.0.3729.169 Safari/537.36"
108.165.164.187 - - [27/Jan/2026:22:44:18 -0500] "HEAD /BACKUP HTTP/1.1" 404 - "-" "Mozilla/5.0 (Windows NT 10.0; Win64; x64) AppleWebKit/537.36 (KHTML, like Gecko) Chrome/74.0.3729.169 Safari/537.36"
108.165.164.187 - - [27/Jan/2026:22:44:18 -0500] "HEAD /SHOP HTTP/1.1" 404 - "-" "Mozilla/5.0 (Windows NT 10.0; Win64; x64) AppleWebKit/537.36 (KHTML, like Gecko) Chrome/74.0.3729.169 Safari/537.36"
108.165.164.187 - - [27/Jan/2026:22:44:18 -0500] "HEAD /Shop HTTP/1.1" 404 - "-" "Mozilla/5.0 (Windows NT 10.0; Win64; x64) AppleWebKit/537.36 (KHTML, like Gecko) Chrome/74.0.3729.169 Safari/537.36"
108.165.164.187 - - [27/Jan/2026:22:44:18 -0500] "HEAD /shop HTTP/1.1" 404 - "-" "Mozilla/5.0 (Windows NT 10.0; Win64; x64) AppleWebKit/537.36 (KHTML, like Gecko) Chrome/74.0.3729.169 Safari/537.36"
108.165.164.187 - - [27/Jan/2026:22:44:18 -0500] "HEAD /bak HTTP/1.1" 404 - "-" "Mozilla/5.0 (Windows NT 10.0; Win64; x64) AppleWebKit/537.36 (KHTML, like Gecko) Chrome/74.0.3729.169 Safari/537.36"
108.165.164.187 - - [27/Jan/2026:22:44:18 -0500] "HEAD /sitio HTTP/1.1" 404 - "-" "Mozilla/5.0 (Windows NT 10.0; Win64; x64) AppleWebKit/537.36 (KHTML, like Gecko) Chrome/74.0.3729.169 Safari/537.36"
108.165.164.187 - - [27/Jan/2026:22:44:18 -0500] "HEAD /bac HTTP/1.1" 404 - "-" "Mozilla/5.0 (Windows NT 10.0; Win64; x64) AppleWebKit/537.36 (KHTML, like Gecko) Chrome/74.0.3729.169 Safari/537.36"
108.165.164.187 - - [27/Jan/2026:22:44:19 -0500] "HEAD /sito HTTP/1.1" 404 - "-" "Mozilla/5.0 (Windows NT 10.0; Win64; x64) AppleWebKit/537.36 (KHTML, like Gecko) Chrome/74.0.3729.169 Safari/537.36"
108.165.164.187 - - [27/Jan/2026:22:44:19 -0500] "HEAD /site HTTP/1.1" 404 - "-" "Mozilla/5.0 (Windows NT 10.0; Win64; x64) AppleWebKit/537.36 (KHTML, like Gecko) Chrome/74.0.3729.169 Safari/537.36"
108.165.164.187 - - [27/Jan/2026:22:44:19 -0500] "HEAD /Site HTTP/1.1" 404 - "-" "Mozilla/5.0 (Windows NT 10.0; Win64; x64) AppleWebKit/537.36 (KHTML, like Gecko) Chrome/74.0.3729.169 Safari/537.36"
108.165.164.187 - - [27/Jan/2026:22:44:19 -0500] "HEAD /SITE HTTP/1.1" 404 - "-" "Mozilla/5.0 (Windows NT 10.0; Win64; x64) AppleWebKit/537.36 (KHTML, like Gecko) Chrome/74.0.3729.169 Safari/537.36"
108.165.164.187 - - [27/Jan/2026:22:44:19 -0500] "HEAD /blog HTTP/1.1" 404 - "-" "Mozilla/5.0 (Windows NT 10.0; Win64; x64) AppleWebKit/537.36 (KHTML, like Gecko) Chrome/74.0.3729.169 Safari/537.36"
108.165.164.187 - - [27/Jan/2026:22:44:19 -0500] "HEAD /BLOG HTTP/1.1" 404 - "-" "Mozilla/5.0 (Windows NT 10.0; Win64; x64) AppleWebKit/537.36 (KHTML, like Gecko) Chrome/74.0.3729.169 Safari/537.36"
108.165.164.187 - - [27/Jan/2026:22:44:19 -0500] "HEAD /Blog HTTP/1.1" 404 - "-" "Mozilla/5.0 (Windows NT 10.0; Win64; x64) AppleWebKit/537.36 (KHTML, like Gecko) Chrome/74.0.3729.169 Safari/537.36"
43.165.69.68 - - [27/Jan/2026:22:48:14 -0500] "GET / HTTP/1.1" 301 - "-" "Mozilla/5.0 (iPhone; CPU iPhone OS 13_2_3 like Mac OS X) AppleWebKit/605.1.15 (KHTML, like Gecko) Version/13.0.3 Mobile/15E148 Safari/604.1"
204.76.203.212 - - [27/Jan/2026:22:51:03 -0500] "GET / HTTP/1.1" 301 - "-" "Mozilla/5.0 (Windows NT 10.0; Win64; x64) AppleWebKit/537.36 (KHTML, like Gecko) Chrome/90.0.4430.85 Safari/537.36 Edg/90.0.818.46"
43.130.34.74 - - [27/Jan/2026:23:09:36 -0500] "GET / HTTP/1.1" 301 - "-" "Mozilla/5.0 (iPhone; CPU iPhone OS 13_2_3 like Mac OS X) AppleWebKit/605.1.15 (KHTML, like Gecko) Version/13.0.3 Mobile/15E148 Safari/604.1"
176.113.115.74 - - [27/Jan/2026:23:16:51 -0500] "GET / HTTP/1.1" 301 - "-" "Mozilla/5.0 (Windows NT 10.0; Win64; x64) AppleWebKit/537.36 (KHTML, like Gecko) Chrome/140.0.0.0 Safari/537.36"
204.76.203.212 - - [27/Jan/2026:23:17:07 -0500] "GET / HTTP/1.1" 301 - "-" "Mozilla/5.0 (Windows NT 10.0; Win64; x64) AppleWebKit/537.36 (KHTML, like Gecko) Chrome/90.0.4430.85 Safari/537.36 Edg/90.0.818.46"
152.228.220.143 - - [27/Jan/2026:23:21:59 -0500] "GET /index.php/hunk-latino/latino-cum.html/feed HTTP/1.1" 200 841 "-" "Mozilla/5.0 (X11; Linux i686) AppleWebKit/537.36 (KHTML, like Gecko) Chrome/30.0.1599.66 Safari/537.36"
34.95.167.66 - - [27/Jan/2026:23:24:58 -0500] "GET / HTTP/1.1" 301 - "-" "Mozilla/5.0 (Windows NT 10.0; Win64; x64) AppleWebKit/537.36 (KHTML, like Gecko) Chrome/91.0.4472.124 Safari/537.36"
34.95.167.66 - - [27/Jan/2026:23:24:58 -0500] "GET / HTTP/1.1" 200 65282 "http://nachotube.com" "Mozilla/5.0 (Windows NT 10.0; Win64; x64) AppleWebKit/537.36 (KHTML, like Gecko) Chrome/91.0.4472.124 Safari/537.36"
34.95.167.66 - - [27/Jan/2026:23:24:59 -0500] "GET /wp-json/wc/v3 HTTP/1.1" 404 274 "-" "Mozilla/5.0 (Windows NT 10.0; Win64; x64) AppleWebKit/537.36 (KHTML, like Gecko) Chrome/91.0.4472.124 Safari/537.36"
34.95.167.66 - - [27/Jan/2026:23:24:59 -0500] "GET /magento_version HTTP/1.1" 404 276 "-" "Mozilla/5.0 (Windows NT 10.0; Win64; x64) AppleWebKit/537.36 (KHTML, like Gecko) Chrome/91.0.4472.124 Safari/537.36"
34.95.167.66 - - [27/Jan/2026:23:25:00 -0500] "GET /index.php?route=checkout/cart HTTP/1.1" 301 - "-" "Mozilla/5.0 (Windows NT 10.0; Win64; x64) AppleWebKit/537.36 (KHTML, like Gecko) Chrome/91.0.4472.124 Safari/537.36"
34.95.167.66 - - [27/Jan/2026:23:25:00 -0500] "GET /index.php?route=checkout/cart HTTP/1.1" 301 - "http://nachotube.com/index.php?route=checkout/cart" "Mozilla/5.0 (Windows NT 10.0; Win64; x64) AppleWebKit/537.36 (KHTML, like Gecko) Chrome/91.0.4472.124 Safari/537.36"
34.95.167.66 - - [27/Jan/2026:23:25:00 -0500] "GET /?route=checkout/cart HTTP/1.1" 200 65370 "http://www.nachotube.com/index.php?route=checkout/cart" "Mozilla/5.0 (Windows NT 10.0; Win64; x64) AppleWebKit/537.36 (KHTML, like Gecko) Chrome/91.0.4472.124 Safari/537.36"
34.95.167.66 - - [27/Jan/2026:23:25:01 -0500] "GET /wp-login.php?action=register HTTP/1.1" 301 - "-" "Mozilla/5.0 (Windows NT 10.0; Win64; x64) AppleWebKit/537.36 (KHTML, like Gecko) Chrome/91.0.4472.124 Safari/537.36"
34.95.167.66 - - [27/Jan/2026:23:25:01 -0500] "GET /wp-login.php?action=register HTTP/1.1" 302 - "http://nachotube.com/wp-login.php?action=register" "Mozilla/5.0 (Windows NT 10.0; Win64; x64) AppleWebKit/537.36 (KHTML, like Gecko) Chrome/91.0.4472.124 Safari/537.36"
34.95.167.66 - - [27/Jan/2026:23:25:01 -0500] "GET /wp-login.php?registration=disabled HTTP/1.1" 200 2338 "http://www.nachotube.com/wp-login.php?action=register" "Mozilla/5.0 (Windows NT 10.0; Win64; x64) AppleWebKit/537.36 (KHTML, like Gecko) Chrome/91.0.4472.124 Safari/537.36"
193.24.123.42 - - [27/Jan/2026:23:25:26 -0500] "GET /weblogic//weblogic/..;/bea_wls_internal/ProxyServlet HTTP/1.1" 404 313 "-" "Mozilla/5.0 (compatible; Exploit/1.0)"
193.24.123.42 - - [27/Jan/2026:23:25:26 -0500] "GET /wl_proxy//weblogic/..;/bea_wls_internal/ProxyServlet HTTP/1.1" 404 313 "-" "Mozilla/5.0 (compatible; Exploit/1.0)"
193.24.123.42 - - [27/Jan/2026:23:25:27 -0500] "GET /bea_wls_internal//weblogic/..;/bea_wls_internal/ProxyServlet HTTP/1.1" 404 321 "-" "Mozilla/5.0 (compatible; Exploit/1.0)"
193.24.123.42 - - [27/Jan/2026:23:25:27 -0500] "GET /_proxy//weblogic/..;/bea_wls_internal/ProxyServlet HTTP/1.1" 404 311 "-" "Mozilla/5.0 (compatible; Exploit/1.0)"
193.24.123.42 - - [27/Jan/2026:23:25:28 -0500] "GET /proxy//weblogic/..;/bea_wls_internal/ProxyServlet HTTP/1.1" 404 310 "-" "Mozilla/5.0 (compatible; Exploit/1.0)"
5.61.209.92 - - [27/Jan/2026:23:28:16 -0500] "GET /SDK/webLanguage HTTP/1.1" 404 276 "-" "Mozilla/5.0 (Windows NT 10.0; Win64; x64) AppleWebKit/537.36 (KHTML, like Gecko) Chrome/90.0.4430.85 Safari/537.36 Edg/90.0.818.46"
119.28.177.175 - - [27/Jan/2026:23:28:22 -0500] "GET / HTTP/1.1" 301 - "-" "Mozilla/5.0 (iPhone; CPU iPhone OS 13_2_3 like Mac OS X) AppleWebKit/605.1.15 (KHTML, like Gecko) Version/13.0.3 Mobile/15E148 Safari/604.1"
43.153.58.28 - - [27/Jan/2026:23:32:11 -0500] "GET / HTTP/1.1" 301 - "-" "Mozilla/5.0 (iPhone; CPU iPhone OS 13_2_3 like Mac OS X) AppleWebKit/605.1.15 (KHTML, like Gecko) Version/13.0.3 Mobile/15E148 Safari/604.1"
204.76.203.212 - - [27/Jan/2026:23:41:32 -0500] "GET / HTTP/1.1" 301 - "-" "Mozilla/5.0 (Windows NT 10.0; Win64; x64) AppleWebKit/537.36 (KHTML, like Gecko) Chrome/90.0.4430.85 Safari/537.36 Edg/90.0.818.46"
43.159.152.4 - - [27/Jan/2026:23:45:36 -0500] "GET / HTTP/1.1" 301 - "-" "Mozilla/5.0 (iPhone; CPU iPhone OS 13_2_3 like Mac OS X) AppleWebKit/605.1.15 (KHTML, like Gecko) Version/13.0.3 Mobile/15E148 Safari/604.1"
5.183.209.196 - - [28/Jan/2026:00:02:52 -0500] "GET /SDK/webLanguage HTTP/1.1" 404 276 "-" "Mozilla/5.0 (Windows NT 10.0; Win64; x64) AppleWebKit/537.36 (KHTML, like Gecko) Chrome/90.0.4430.85 Safari/537.36 Edg/90.0.818.46"
204.76.203.212 - - [28/Jan/2026:00:04:47 -0500] "GET / HTTP/1.1" 301 - "-" "Mozilla/5.0 (Windows NT 10.0; Win64; x64) AppleWebKit/537.36 (KHTML, like Gecko) Chrome/90.0.4430.85 Safari/537.36 Edg/90.0.818.46"
204.76.203.69 - - [28/Jan/2026:00:11:33 -0500] "GET / HTTP/1.1" 301 - "-" "-"
152.228.220.143 - - [28/Jan/2026:00:27:48 -0500] "GET /index.php/hardcore-latino/latin-adultery.html/feed HTTP/1.1" 200 1307 "-" "Mozilla/5.0 (X11; Linux i686) AppleWebKit/537.36 (KHTML, like Gecko) Chrome/30.0.1599.66 Safari/537.36"
204.76.203.212 - - [28/Jan/2026:00:30:28 -0500] "GET / HTTP/1.1" 301 - "-" "Mozilla/5.0 (Windows NT 10.0; Win64; x64) AppleWebKit/537.36 (KHTML, like Gecko) Chrome/90.0.4430.85 Safari/537.36 Edg/90.0.818.46"
106.75.164.40 - - [28/Jan/2026:00:36:17 -0500] "GET /XBlV HTTP/1.1" 404 265 "-" "Mozilla/5.0 (Windows NT 10.0) AppleWebKit/537.36 (KHTML, like Gecko) Chrome/42.0.2311.135 Safari/537.36 Edge/12.10240"
106.75.164.40 - - [28/Jan/2026:00:36:17 -0500] "GET /DQrV HTTP/1.1" 404 265 "-" "Mozilla/5.0 (X11; Linux x86_64) AppleWebKit/537.36 (KHTML, like Gecko) Chrome/99.0.4844.51 Safari/537.36"
49.51.47.100 - - [28/Jan/2026:00:47:58 -0500] "GET / HTTP/1.1" 301 - "-" "Mozilla/5.0 (iPhone; CPU iPhone OS 13_2_3 like Mac OS X) AppleWebKit/605.1.15 (KHTML, like Gecko) Version/13.0.3 Mobile/15E148 Safari/604.1"
49.51.47.100 - - [28/Jan/2026:00:47:59 -0500] "GET / HTTP/1.1" 200 65282 "http://nachotube.com" "Mozilla/5.0 (iPhone; CPU iPhone OS 13_2_3 like Mac OS X) AppleWebKit/605.1.15 (KHTML, like Gecko) Version/13.0.3 Mobile/15E148 Safari/604.1"
43.131.26.226 - - [28/Jan/2026:00:50:20 -0500] "GET / HTTP/1.1" 301 - "-" "Mozilla/5.0 (iPhone; CPU iPhone OS 13_2_3 like Mac OS X) AppleWebKit/605.1.15 (KHTML, like Gecko) Version/13.0.3 Mobile/15E148 Safari/604.1"
193.142.147.209 - - [28/Jan/2026:00:56:39 -0500] "POST / HTTP/1.1" 301 - "-" "Mozilla/5.0 (Windows NT 10.0; Win64; x64) AppleWebKit/537.36"
204.76.203.212 - - [28/Jan/2026:00:56:49 -0500] "GET / HTTP/1.1" 301 - "-" "Mozilla/5.0 (Windows NT 10.0; Win64; x64) AppleWebKit/537.36 (KHTML, like Gecko) Chrome/90.0.4430.85 Safari/537.36 Edg/90.0.818.46"
173.252.82.23 - - [28/Jan/2026:01:01:24 -0500] "GET /robots.txt HTTP/1.1" 206 29 "-" "facebookexternalhit/1.1 (+http://www.facebook.com/externalhit_uatext.php)"
78.153.140.179 - - [28/Jan/2026:01:09:10 -0500] "GET /.env HTTP/1.1" 404 265 "-" "Mozilla/5.0 (Linux; Android 4.4.2; VS415PP Build/KOT49I.VS415PP2) AppleWebKit/537.36 (KHTML, like Gecko) Chrome/31.0.1650.59 Mobile Safari/537.36"
78.153.140.179 - - [28/Jan/2026:01:09:11 -0500] "GET /conf/.env.dev HTTP/1.1" 404 274 "-" "Opera/9.60 (Windows NT 5.1; U; sv) Presto/2.1.1"
78.153.140.179 - - [28/Jan/2026:01:09:12 -0500] "GET /api/.env.prod HTTP/1.1" 404 274 "-" "Mozilla/5.0 (X11; Fedora; Linux x86_64; rv:55.0) Gecko/20100101 Firefox/55.0"
78.153.140.179 - - [28/Jan/2026:01:09:12 -0500] "GET /auth/.env.gcp HTTP/1.1" 404 274 "-" "Mozilla/5.0 (Android 4.4.2; Tablet; rv:56.0) Gecko/56.0 Firefox/56.0"
78.153.140.179 - - [28/Jan/2026:01:09:13 -0500] "GET /config/.env.1 HTTP/1.1" 404 274 "-" "Mozilla/4.78 (Windows 2000; U) Opera 6.04 [de]"
78.153.140.179 - - [28/Jan/2026:01:09:13 -0500] "GET /config/.env.2 HTTP/1.1" 404 274 "-" "Mozilla/5.0 (X11; U; Linux i686; ja; rv:1.8.1.6) Gecko/20061201 Firefox/2.0.0.6 (Ubuntu-feisty)"
78.153.140.179 - - [28/Jan/2026:01:09:15 -0500] "GET /apis/.env.dev HTTP/1.1" 404 274 "-" "Mozilla/5.0 (Windows; U; Windows NT 6.0; en-US) AppleWebKit/534.13 (KHTML, like Gecko) Chrome/9.0.597.0 Safari/534.13"
78.153.140.179 - - [28/Jan/2026:01:09:17 -0500] "GET /connexion.env HTTP/1.1" 404 274 "-" "Mozilla/5.0 (Windows; U; Windows NT 6.0; en-GB; rv:1.9.1.1) Gecko/20090715 Firefox/3.5.1 GTB5 (.NET CLR 4.0.20506)"
78.153.140.179 - - [28/Jan/2026:01:09:18 -0500] "GET /.env-anaconda HTTP/1.1" 404 274 "-" "Mozilla/5.0 (Macintosh; Intel Mac OS X 10.7; rv:38.0) Gecko/20100101 Firefox/38.0"
78.153.140.179 - - [28/Jan/2026:01:09:18 -0500] "GET /.env-api-keys HTTP/1.1" 404 274 "-" "Mozilla/5.0 (Windows; U; Windows NT 6.1; en-US) AppleWebKit/532+ (KHTML, like Gecko) Version/4.0.2 Safari/530.19.1"
78.153.140.179 - - [28/Jan/2026:01:09:19 -0500] "GET /.env-app.conf HTTP/1.1" 404 274 "-" "Mozilla/5.0 (Windows NT 6.1; WOW64; rv:6.0.2) Gecko/20100101 Firefox/6.0.2"
78.153.140.179 - - [28/Jan/2026:01:09:19 -0500] "GET /.env-app.json HTTP/1.1" 404 274 "-" "Mozilla/5.0 (Macintosh; Intel Mac OS X 10_13_1) AppleWebKit/537.36 (KHTML, like Gecko) Chrome/64.0.3282.140 Safari/537.36"
78.153.140.179 - - [28/Jan/2026:01:09:19 -0500] "GET /.env-auth-log HTTP/1.1" 404 274 "-" "Mozilla/5.0 (Windows NT 6.1; WOW64; Trident/7.0; BOIE9;ENUS; rv:11.0) like Gecko"
78.153.140.179 - - [28/Jan/2026:01:09:20 -0500] "GET /.env-auth.env HTTP/1.1" 404 274 "-" "Mozilla/5.0 (Windows NT 5.1; rv:15.0) Gecko/20100101 Firefox/15.0"
78.153.140.179 - - [28/Jan/2026:01:09:21 -0500] "GET /.env-auth.log HTTP/1.1" 404 274 "-" "Mozilla/5.0 (X11; Linux x86_64) AppleWebKit/537.36 (KHTML, like Gecko) Chrome/55.0.2876.0 Safari/537.36"
78.153.140.179 - - [28/Jan/2026:01:09:21 -0500] "GET /.env-back.env HTTP/1.1" 404 274 "-" "Mozilla/5.0 (Windows NT 6.3; Win64; x64; rv:53.0) Gecko/20100101 Firefox/53.0"
78.153.140.179 - - [28/Jan/2026:01:09:22 -0500] "GET /.env-cert.log HTTP/1.1" 404 274 "-" "Mozilla/5.0 (compatible; Konqueror/4.2; Linux) KHTML/4.2.4 (like Gecko) Slackware/13.0"
78.153.140.179 - - [28/Jan/2026:01:09:23 -0500] "GET /.env-cert.pem HTTP/1.1" 404 274 "-" "Mozilla/4.0 (compatible; MSIE 6.0; Windows CE; PPC; 240x320) Opera 8.65 [nl]"
78.153.140.179 - - [28/Jan/2026:01:09:24 -0500] "GET /.env-cicd.log HTTP/1.1" 404 274 "-" "Opera/9.64 (X11; Linux i686; U; en) Presto/2.1.1"
78.153.140.179 - - [28/Jan/2026:01:09:24 -0500] "GET /.env-cors.log HTTP/1.1" 404 274 "-" "Mozilla/5.0 (X11; U; Linux x86_64; de; rv:1.9.0.3) Gecko/2008092510 Ubuntu/8.04 (hardy) Firefox/3.0.3"
78.153.140.179 - - [28/Jan/2026:01:09:24 -0500] "GET /.env-coverage HTTP/1.1" 404 274 "-" "Mozilla/5.0 (X11; Linux i686) AppleWebKit/537.36 (KHTML, like Gecko) Chrome/39.0.2166.2 Safari/537.36"
78.153.140.179 - - [28/Jan/2026:01:09:25 -0500] "GET /.env-cron.log HTTP/1.1" 404 274 "-" "Mozilla/5.0 (Linux; U; Android 4.0.4; en-us; GT-S6012 Build/IMM76D) AppleWebKit/534.30 (KHTML, like Gecko) Version/4.0 Mobile Safari/534.30"
78.153.140.179 - - [28/Jan/2026:01:09:25 -0500] "GET /.env-csrf.log HTTP/1.1" 404 274 "-" "Mozilla/5.0 (Linux; U; Android 2.3.5; en-us; A554C Build/GINGERBREAD) AppleWebKit/533.1 (KHTML, like Gecko) Version/4.0 Mobile Safari/533.1"
78.153.140.179 - - [28/Jan/2026:01:09:25 -0500] "GET /.env-curl.env HTTP/1.1" 404 274 "-" "Dalvik/1.6.0 (Linux; U; Android 4.4.4; XT1080 Build/SU6-7.7)"
23.172.200.67 - - [28/Jan/2026:01:12:19 -0500] "GET /wp-json/wp/v2/posts HTTP/1.1" 404 280 "-" "Mozilla/5.0 (Windows NT 10.0; Win64; x64) AppleWebKit/537.36 (KHTML, like Gecko) Chrome/120.0.0.0 Safari/537.36"
205.210.31.89 - - [28/Jan/2026:01:17:45 -0500] "GET /wp-login.php HTTP/1.1" 301 - "-" "Hello from Palo Alto Networks, find out more about our scans in https://docs-cortex.paloaltonetworks.com/r/1/Cortex-Xpanse/Scanning-activity"
92.38.51.58 - - [28/Jan/2026:01:17:52 -0500] "GET / HTTP/1.1" 301 - "-" "Mozilla/5.0 (Windows NT 6.1; WOW64) AppleWebKit/537.36 (KHTML, like Gecko) Chrome/52.0.2743.116 Safari/537.36"
66.249.64.39 - - [28/Jan/2026:01:18:29 -0500] "GET /index.php/tag/anal HTTP/1.1" 200 58551 "-" "Mozilla/5.0 (Linux; Android 6.0.1; Nexus 5X Build/MMB29P) AppleWebKit/537.36 (KHTML, like Gecko) Chrome/143.0.7499.192 Mobile Safari/537.36 (compatible; Googlebot/2.1; +http://www.google.com/bot.html)"
176.65.148.220 - - [28/Jan/2026:01:20:00 -0500] "GET / HTTP/1.1" 301 - "-" "Mozilla/5.0 (Windows NT 10.0; Win64; x64) AppleWebKit/537.36 (KHTML, like Gecko) Chrome/90.0.4430.85 Safari/537.36 Edg/90.0.818.46"
204.76.203.212 - - [28/Jan/2026:01:20:00 -0500] "GET / HTTP/1.1" 301 - "-" "Mozilla/5.0 (Windows NT 10.0; Win64; x64) AppleWebKit/537.36 (KHTML, like Gecko) Chrome/90.0.4430.85 Safari/537.36 Edg/90.0.818.46"
47.251.112.140 - - [28/Jan/2026:01:23:19 -0500] "GET / HTTP/1.1" 301 - "-" "-"
47.251.112.140 - - [28/Jan/2026:01:23:20 -0500] "GET / HTTP/1.1" 301 - "-" "Mozilla/5.0 (Macintosh; Intel Mac OS X 10_14_6) AppleWebKit/537.36 (KHTML, like Gecko) Chrome/76.0.3809.132 Safari/537.36"
64.62.197.227 - - [28/Jan/2026:01:34:49 -0500] "GET / HTTP/1.1" 301 - "-" "Mozilla/5.0 (Macintosh; Intel Mac OS X 10.15; rv:109.0) Gecko/20100101 Firefox/110.0"
5.101.64.6 - - [28/Jan/2026:01:35:22 -0500] "GET / HTTP/1.1" 200 65282 "-" "Mozilla/5.0 (Macintosh; Intel Mac OS X 10_14_6) AppleWebKit/537.36 (KHTML, like Gecko) Chrome/101.0.4951.64 Safari/537.36"
64.62.197.227 - - [28/Jan/2026:01:35:58 -0500] "GET /webui/ HTTP/1.1" 404 267 "-" "Mozilla/5.0 (Windows NT 10.0; Win64; x64) AppleWebKit/537.36 (KHTML, like Gecko) Chrome/117.0.5938.132 Safari/537.36"
64.62.197.228 - - [28/Jan/2026:01:36:29 -0500] "GET / HTTP/1.1" 301 - "-" "Mozilla/5.0 (Windows NT 10.0; Win64; x64) AppleWebKit/537.36 (KHTML, like Gecko) Chrome/117.0.5938.132 Safari/537.36"
52.178.141.59 - - [28/Jan/2026:01:37:18 -0500] "GET /index.php/feed HTTP/1.1" 200 14514 "-" "Mozilla/5.0 (Macintosh; Intel Mac OS X 10.15; rv:92.0) Gecko/20100101 Firefox/92.0"
64.62.197.227 - - [28/Jan/2026:01:37:58 -0500] "GET /geoserver/web/ HTTP/1.1" 404 275 "-" "Mozilla/5.0 (Macintosh; Intel Mac OS X 10.15; rv:109.0) Gecko/20100101 Firefox/110.0"
204.76.203.212 - - [28/Jan/2026:01:47:41 -0500] "GET / HTTP/1.1" 301 - "-" "Mozilla/5.0 (Windows NT 10.0; Win64; x64) AppleWebKit/537.36 (KHTML, like Gecko) Chrome/90.0.4430.85 Safari/537.36 Edg/90.0.818.46"
18.236.124.156 - - [28/Jan/2026:01:55:08 -0500] "GET /.env HTTP/1.1" 404 265 "-" "python-requests/2.26.0"
18.236.124.156 - - [28/Jan/2026:01:55:08 -0500] "POST / HTTP/1.1" 301 - "-" "python-requests/2.26.0"
152.228.220.143 - - [28/Jan/2026:01:55:57 -0500] "GET /index.php/hunk-latino/gay-cum-latino.html/feed HTTP/1.1" 200 853 "-" "Mozilla/5.0 (X11; Linux i686) AppleWebKit/537.36 (KHTML, like Gecko) Chrome/30.0.1599.66 Safari/537.36"
45.156.87.161 - - [28/Jan/2026:01:56:26 -0500] "GET /frontend/.env HTTP/1.1" 404 274 "-" "Mozilla/5.0 (compatible; Googlebot/2.1; +http://www.google.com/bot.html)"
204.76.203.212 - - [28/Jan/2026:02:14:09 -0500] "GET / HTTP/1.1" 301 - "-" "Mozilla/5.0 (Windows NT 10.0; Win64; x64) AppleWebKit/537.36 (KHTML, like Gecko) Chrome/90.0.4430.85 Safari/537.36 Edg/90.0.818.46"
43.153.35.128 - - [28/Jan/2026:02:17:15 -0500] "GET / HTTP/1.1" 301 - "-" "Mozilla/5.0 (iPhone; CPU iPhone OS 13_2_3 like Mac OS X) AppleWebKit/605.1.15 (KHTML, like Gecko) Version/13.0.3 Mobile/15E148 Safari/604.1"
45.148.10.124 - - [28/Jan/2026:02:26:48 -0500] "GET /.env HTTP/1.1" 404 265 "-" "Mozilla/5.0 (Windows NT 6.1) AppleWebKit/537.36 (KHTML, like Gecko) Chrome/73.0.3683.103 Safari/537.36"
45.148.10.124 - - [28/Jan/2026:02:28:11 -0500] "GET /.env HTTP/1.1" 404 265 "-" "Mozilla/5.0 (Linux; Android 9; SM-G973F) AppleWebKit/537.36 (KHTML, like Gecko) Chrome/76.0.3809.89 Mobile Safari/537.36"
45.148.10.124 - - [28/Jan/2026:02:28:37 -0500] "GET /.env HTTP/1.1" 404 265 "-" "Mozilla/5.0 (Linux; Android 9; SAMSUNG SM-G950U Build/PPR1.180610.011) AppleWebKit/537.36 (KHTML, like Gecko) SamsungBrowser/9.4 Chrome/67.0.3396.87 Mobile Safari/537.36"
45.148.10.124 - - [28/Jan/2026:02:30:07 -0500] "GET /.env HTTP/1.1" 404 265 "-" "Mozilla/5.0 (X11; Linux x86_64) AppleWebKit/537.36 (KHTML, like Gecko) Chrome/70.0.3538.77 Safari/537.36"
91.224.92.115 - - [28/Jan/2026:02:35:49 -0500] "GET /cgi-bin/luci/;stok=/locale HTTP/1.1" 404 287 "-" "-"
204.76.203.212 - - [28/Jan/2026:02:37:01 -0500] "GET / HTTP/1.1" 301 - "-" "Mozilla/5.0 (Windows NT 10.0; Win64; x64) AppleWebKit/537.36 (KHTML, like Gecko) Chrome/90.0.4430.85 Safari/537.36 Edg/90.0.818.46"
204.76.203.212 - - [28/Jan/2026:03:01:59 -0500] "GET / HTTP/1.1" 301 - "-" "Mozilla/5.0 (Windows NT 10.0; Win64; x64) AppleWebKit/537.36 (KHTML, like Gecko) Chrome/90.0.4430.85 Safari/537.36 Edg/90.0.818.46"
102.22.20.125 - - [28/Jan/2026:03:03:15 -0500] "GET /admin/config.php HTTP/1.1" 404 277 "-" "xfa1,nvdorz,nvd0rz"
193.142.147.209 - - [28/Jan/2026:03:03:25 -0500] "POST / HTTP/1.1" 301 - "-" "Mozilla/5.0 (Windows NT 10.0; Win64; x64) AppleWebKit/537.36"
140.245.117.185 - - [28/Jan/2026:03:07:19 -0500] "GET / HTTP/1.1" 301 - "-" "Mozilla/5.0 (Macintosh; Intel Mac OS X 13_5_1) AppleWebKit/605.1.15 Safari/605.1.15"
140.245.117.185 - - [28/Jan/2026:03:07:20 -0500] "GET / HTTP/1.1" 200 65282 "http://nachotube.com" "Mozilla/5.0 (Macintosh; Intel Mac OS X 13_5_1) AppleWebKit/605.1.15 Safari/605.1.15"
140.245.117.185 - - [28/Jan/2026:03:07:21 -0500] "GET / HTTP/1.1" 301 - "-" "Go-http-client/1.1"
140.245.117.185 - - [28/Jan/2026:03:07:22 -0500] "GET / HTTP/1.1" 200 65282 "http://nachotube.com" "Go-http-client/1.1"
140.245.117.185 - - [28/Jan/2026:03:07:23 -0500] "GET /wp-login.php HTTP/1.1" 301 - "-" "Mozilla/5.0 (iPhone; CPU iPhone OS 17_4_1 like Mac OS X) AppleWebKit/605.1.15 Mobile/15E148"
140.245.117.185 - - [28/Jan/2026:03:07:28 -0500] "GET /wp-admin/ HTTP/1.1" 301 - "-" "Mozilla/5.0 (Windows NT 10.0; Win64; x64) AppleWebKit/537.36 Chrome/116.0 Safari/537.36"
140.245.117.185 - - [28/Jan/2026:03:07:30 -0500] "GET /wp-admin/ HTTP/1.1" 302 - "http://nachotube.com/wp-admin/" "Mozilla/5.0 (Windows NT 10.0; Win64; x64) AppleWebKit/537.36 Chrome/116.0 Safari/537.36"
140.245.117.185 - - [28/Jan/2026:03:07:31 -0500] "GET /wp-login.php?redirect_to=http%3A%2F%2Fwww.nachotube.com%2Fwp-admin%2F&reauth=1 HTTP/1.1" 200 2278 "http://www.nachotube.com/wp-admin/" "Mozilla/5.0 (Windows NT 10.0; Win64; x64) AppleWebKit/537.36 Chrome/116.0 Safari/537.36"
140.245.117.185 - - [28/Jan/2026:03:07:32 -0500] "GET /administrator/ HTTP/1.1" 404 275 "-" "Mozilla/5.0 (Macintosh; Intel Mac OS X 13_5_1) AppleWebKit/605.1.15 Safari/605.1.15"
140.245.117.185 - - [28/Jan/2026:03:07:33 -0500] "GET /user/login HTTP/1.1" 404 271 "-" "Mozilla/5.0 (Android 13; Mobile; rv:117.0) Gecko/117.0 Firefox/117.0"
140.245.117.185 - - [28/Jan/2026:03:07:34 -0500] "GET /admin HTTP/1.1" 404 266 "-" "Mozilla/5.0 (X11; Linux x86_64) Gecko/20100101 Firefox/117.0"
140.245.117.185 - - [28/Jan/2026:03:07:37 -0500] "GET /login HTTP/1.1" 404 266 "-" "Mozilla/5.0 (Windows NT 10.0; Win64; x64) AppleWebKit/537.36 Chrome/116.0 Safari/537.36"
140.245.117.185 - - [28/Jan/2026:03:07:38 -0500] "GET /register HTTP/1.1" 404 269 "-" "Mozilla/5.0 (Macintosh; Intel Mac OS X 13_5_1) AppleWebKit/605.1.15 Safari/605.1.15"
204.76.203.69 - - [28/Jan/2026:03:13:41 -0500] "GET / HTTP/1.1" 301 - "-" "Mozilla/5.0 (Windows NT 10.0; Win64; x64) AppleWebKit/537.36 (KHTML, like Gecko) Chrome/90.0.4430.85 Safari/537.36 Edg/90.0.818.46"
152.228.220.143 - - [28/Jan/2026:03:15:11 -0500] "GET /index.php/hardcore-latino/latin-cock-tube.html/feed HTTP/1.1" 200 864 "-" "Mozilla/5.0 (X11; Linux i686) AppleWebKit/537.36 (KHTML, like Gecko) Chrome/30.0.1599.66 Safari/537.36"
102.244.97.186 - - [28/Jan/2026:03:19:37 -0500] "POST /hello.world?%ADd+allow_url_include%3d1+%ADd+auto_prepend_file%3dphp://input HTTP/1.1" 404 272 "-" "libredtail-http"
102.244.97.186 - - [28/Jan/2026:03:19:37 -0500] "POST /?%ADd+allow_url_include%3d1+%ADd+auto_prepend_file%3dphp://input HTTP/1.1" 301 - "-" "libredtail-http"
43.159.128.155 - - [28/Jan/2026:03:28:00 -0500] "GET / HTTP/1.1" 301 - "-" "Mozilla/5.0 (iPhone; CPU iPhone OS 13_2_3 like Mac OS X) AppleWebKit/605.1.15 (KHTML, like Gecko) Version/13.0.3 Mobile/15E148 Safari/604.1"
204.76.203.212 - - [28/Jan/2026:03:29:16 -0500] "GET / HTTP/1.1" 301 - "-" "Mozilla/5.0 (Windows NT 10.0; Win64; x64) AppleWebKit/537.36 (KHTML, like Gecko) Chrome/90.0.4430.85 Safari/537.36 Edg/90.0.818.46"
204.76.203.212 - - [28/Jan/2026:03:55:21 -0500] "GET / HTTP/1.1" 301 - "-" "Mozilla/5.0 (Windows NT 10.0; Win64; x64) AppleWebKit/537.36 (KHTML, like Gecko) Chrome/90.0.4430.85 Safari/537.36 Edg/90.0.818.46"
42.96.16.158 - - [28/Jan/2026:04:08:25 -0500] "GET /wp-json/wp/v2/posts HTTP/1.1" 404 280 "-" "Mozilla/5.0 (Windows NT 10.0; Win64; x64) AppleWebKit/537.36 (KHTML, like Gecko) Chrome/120.0.0.0 Safari/537.36"
152.228.220.143 - - [28/Jan/2026:04:13:20 -0500] "GET /index.php/category/hunk-latino/feed HTTP/1.1" 200 18666 "-" "Mozilla/5.0 (X11; Linux i686) AppleWebKit/537.36 (KHTML, like Gecko) Chrome/30.0.1599.66 Safari/537.36"
152.228.220.143 - - [28/Jan/2026:04:16:16 -0500] "GET /index.php/tag/anal/feed HTTP/1.1" 200 21245 "-" "Mozilla/5.0 (X11; Linux i686) AppleWebKit/537.36 (KHTML, like Gecko) Chrome/30.0.1599.66 Safari/537.36"