HEX
Server: Apache
System: Linux msm5694.mjhst.com 3.10.0-1160.119.1.el7.x86_64 #1 SMP Tue Jun 4 14:43:51 UTC 2024 x86_64
User: camjab_ssh (1000)
PHP: 5.3.29
Disabled: NONE
Upload Files
File: //home/httpd/logs/nachotube.com_access_log.2
79.124.40.174 - - [28/Jan/2026:04:19:16 -0500] "GET / HTTP/1.1" 301 - "-" "Mozilla/5.0 (Windows NT 10.0; Win64; x64) AppleWebKit/537.36 (KHTML, like Gecko) Chrome/78.0.3904.108 Safari/537.36"
204.76.203.212 - - [28/Jan/2026:04:21:10 -0500] "GET / HTTP/1.1" 301 - "-" "Mozilla/5.0 (Windows NT 10.0; Win64; x64) AppleWebKit/537.36 (KHTML, like Gecko) Chrome/90.0.4430.85 Safari/537.36 Edg/90.0.818.46"
114.119.132.59 - - [28/Jan/2026:04:23:53 -0500] "GET /index.php/gay-latino/latino-cum.html HTTP/1.1" 301 - "http://www.nachotube.com/index.php/tag/creampie" "Mozilla/5.0 (Linux; Android 7.0;) AppleWebKit/537.36 (KHTML, like Gecko) Mobile Safari/537.36 (compatible; PetalBot;+https://webmaster.petalsearch.com/site/petalbot)"
114.119.132.59 - - [28/Jan/2026:04:23:55 -0500] "GET /index.php/hunk-latino/latino-cum.html HTTP/1.1" 200 18342 "http://www.nachotube.com/index.php/tag/creampie" "Mozilla/5.0 (Linux; Android 7.0;) AppleWebKit/537.36 (KHTML, like Gecko) Mobile Safari/537.36 (compatible; PetalBot;+https://webmaster.petalsearch.com/site/petalbot)"
43.135.148.92 - - [28/Jan/2026:04:25:49 -0500] "GET / HTTP/1.1" 200 65282 "-" "Mozilla/5.0 (iPhone; CPU iPhone OS 13_2_3 like Mac OS X) AppleWebKit/605.1.15 (KHTML, like Gecko) Version/13.0.3 Mobile/15E148 Safari/604.1"
79.124.40.174 - - [28/Jan/2026:04:34:16 -0500] "GET / HTTP/1.1" 301 - "-" "Mozilla/5.0 (Windows NT 10.0; Win64; x64) AppleWebKit/537.36 (KHTML, like Gecko) Chrome/78.0.3904.108 Safari/537.36"
49.51.132.100 - - [28/Jan/2026:04:38:26 -0500] "GET / HTTP/1.1" 301 - "-" "Mozilla/5.0 (iPhone; CPU iPhone OS 13_2_3 like Mac OS X) AppleWebKit/605.1.15 (KHTML, like Gecko) Version/13.0.3 Mobile/15E148 Safari/604.1"
204.76.203.212 - - [28/Jan/2026:04:46:38 -0500] "GET / HTTP/1.1" 301 - "-" "Mozilla/5.0 (Windows NT 10.0; Win64; x64) AppleWebKit/537.36 (KHTML, like Gecko) Chrome/90.0.4430.85 Safari/537.36 Edg/90.0.818.46"
204.76.203.69 - - [28/Jan/2026:04:49:43 -0500] "GET / HTTP/1.1" 301 - "-" "-"
193.174.89.19 - - [28/Jan/2026:04:53:01 -0500] "GET / HTTP/1.1" 301 - "-" "Mozilla/5.0 zgrab/0.x"
193.174.89.19 - - [28/Jan/2026:04:53:01 -0500] "GET /app/ HTTP/1.1" 404 265 "-" "Mozilla/5.0 zgrab/0.x"
207.46.13.229 - - [28/Jan/2026:04:53:08 -0500] "GET /robots.txt HTTP/1.1" 200 29 "-" "Mozilla/5.0 AppleWebKit/537.36 (KHTML, like Gecko; compatible; bingbot/2.0; +http://www.bing.com/bingbot.htm) Chrome/116.0.1938.76 Safari/537.36"
52.167.144.228 - - [28/Jan/2026:04:53:12 -0500] "GET /?Submit=Search&s=2025 HTTP/1.1" 200 15226 "-" "Mozilla/5.0 AppleWebKit/537.36 (KHTML, like Gecko; compatible; bingbot/2.0; +http://www.bing.com/bingbot.htm) Chrome/116.0.1938.76 Safari/537.36"
43.130.174.37 - - [28/Jan/2026:04:55:06 -0500] "GET / HTTP/1.1" 301 - "-" "Mozilla/5.0 (iPhone; CPU iPhone OS 13_2_3 like Mac OS X) AppleWebKit/605.1.15 (KHTML, like Gecko) Version/13.0.3 Mobile/15E148 Safari/604.1"
114.80.36.40 - - [28/Jan/2026:04:59:09 -0500] "GET / HTTP/1.1" 200 65282 "-" "Mozilla/5.0 (iPhone; CPU iPhone OS 13_2_3 like Mac OS X) AppleWebKit/605.1.15 (KHTML, like Gecko) Version/13.0.3 Mobile/15E148 Safari/604.1"
66.249.64.39 - - [28/Jan/2026:05:04:55 -0500] "GET / HTTP/1.1" 200 65282 "-" "Mozilla/5.0 (Linux; Android 6.0.1; Nexus 5X Build/MMB29P) AppleWebKit/537.36 (KHTML, like Gecko) Chrome/143.0.7499.192 Mobile Safari/537.36 (compatible; Googlebot/2.1; +http://www.google.com/bot.html)"
204.76.203.212 - - [28/Jan/2026:05:10:42 -0500] "GET / HTTP/1.1" 301 - "-" "Mozilla/5.0 (Windows NT 10.0; Win64; x64) AppleWebKit/537.36 (KHTML, like Gecko) Chrome/90.0.4430.85 Safari/537.36 Edg/90.0.818.46"
45.91.64.8 - - [28/Jan/2026:05:11:02 -0500] "GET /aaa9 HTTP/1.1" 404 265 "-" "Mozilla/5.0 (Windows NT 10.0; Win64; x64) AppleWebKit/537.36 (KHTML, like Gecko) Chrome/70.0.3538.77 Safari/537.36"
45.91.64.8 - - [28/Jan/2026:05:11:03 -0500] "GET /aab9 HTTP/1.1" 404 265 "-" "Mozilla/5.0 (Windows NT 10.0; Win64; x64) AppleWebKit/537.36 (KHTML, like Gecko) Chrome/70.0.3538.77 Safari/537.36"
43.159.143.190 - - [28/Jan/2026:05:12:28 -0500] "GET / HTTP/1.1" 301 - "-" "Mozilla/5.0 (iPhone; CPU iPhone OS 13_2_3 like Mac OS X) AppleWebKit/605.1.15 (KHTML, like Gecko) Version/13.0.3 Mobile/15E148 Safari/604.1"
52.169.124.184 - - [28/Jan/2026:05:13:46 -0500] "GET /wp-content/plugins/hellopress/wp_filemanager.php HTTP/1.1" 404 313 "-" "-"
52.169.124.184 - - [28/Jan/2026:05:13:46 -0500] "GET /rip.php HTTP/1.1" 404 272 "-" "-"
52.169.124.184 - - [28/Jan/2026:05:13:46 -0500] "GET /bnn_.php HTTP/1.1" 404 273 "-" "-"
52.169.124.184 - - [28/Jan/2026:05:13:46 -0500] "GET /app.php HTTP/1.1" 404 272 "-" "-"
52.169.124.184 - - [28/Jan/2026:05:13:46 -0500] "GET /166.php HTTP/1.1" 404 272 "-" "-"
52.169.124.184 - - [28/Jan/2026:05:13:46 -0500] "GET /wp-content/plugins/hellopress/wp_filemanager.php HTTP/1.1" 404 313 "-" "-"
52.169.124.184 - - [28/Jan/2026:05:13:47 -0500] "GET /reze.php HTTP/1.1" 404 273 "-" "-"
52.169.124.184 - - [28/Jan/2026:05:13:47 -0500] "GET /lib.php HTTP/1.1" 404 272 "-" "-"
52.169.124.184 - - [28/Jan/2026:05:13:47 -0500] "GET /wwx.php HTTP/1.1" 404 272 "-" "-"
52.169.124.184 - - [28/Jan/2026:05:13:47 -0500] "GET /classwithtostring.php HTTP/1.1" 404 286 "-" "-"
52.169.124.184 - - [28/Jan/2026:05:13:47 -0500] "GET /uploaxa1.php HTTP/1.1" 404 277 "-" "-"
52.169.124.184 - - [28/Jan/2026:05:13:47 -0500] "GET /ws38.php HTTP/1.1" 404 273 "-" "-"
52.169.124.184 - - [28/Jan/2026:05:13:47 -0500] "GET /rzzaq.php HTTP/1.1" 404 274 "-" "-"
20.46.226.81 - - [28/Jan/2026:05:19:32 -0500] "GET /portal/redlion HTTP/1.1" 404 275 "-" "Mozilla/5.0 zgrab/0.x"
35.202.9.133 - - [28/Jan/2026:05:24:29 -0500] "GET / HTTP/1.1" 301 - "-" "Mozilla/5.0 (compatible; tchelebi/1.0; +http://tchelebi.io)"
162.62.132.25 - - [28/Jan/2026:05:26:01 -0500] "GET / HTTP/1.1" 301 - "-" "Mozilla/5.0 (iPhone; CPU iPhone OS 13_2_3 like Mac OS X) AppleWebKit/605.1.15 (KHTML, like Gecko) Version/13.0.3 Mobile/15E148 Safari/604.1"
79.124.40.174 - - [28/Jan/2026:05:36:44 -0500] "GET /?XDEBUG_SESSION_START=phpstorm HTTP/1.1" 301 - "-" "Mozilla/5.0 (Windows NT 10.0; Win64; x64) AppleWebKit/537.36 (KHTML, like Gecko) Chrome/78.0.3904.108 Safari/537.36"
204.76.203.212 - - [28/Jan/2026:05:52:55 -0500] "GET / HTTP/1.1" 301 - "-" "Mozilla/5.0 (Windows NT 10.0; Win64; x64) AppleWebKit/537.36 (KHTML, like Gecko) Chrome/90.0.4430.85 Safari/537.36 Edg/90.0.818.46"
150.109.46.88 - - [28/Jan/2026:06:03:34 -0500] "GET / HTTP/1.1" 301 - "-" "Mozilla/5.0 (iPhone; CPU iPhone OS 13_2_3 like Mac OS X) AppleWebKit/605.1.15 (KHTML, like Gecko) Version/13.0.3 Mobile/15E148 Safari/604.1"
204.76.203.212 - - [28/Jan/2026:06:20:50 -0500] "GET / HTTP/1.1" 301 - "-" "Mozilla/5.0 (Windows NT 10.0; Win64; x64) AppleWebKit/537.36 (KHTML, like Gecko) Chrome/90.0.4430.85 Safari/537.36 Edg/90.0.818.46"
43.166.224.244 - - [28/Jan/2026:06:27:36 -0500] "GET / HTTP/1.1" 301 - "-" "Mozilla/5.0 (iPhone; CPU iPhone OS 13_2_3 like Mac OS X) AppleWebKit/605.1.15 (KHTML, like Gecko) Version/13.0.3 Mobile/15E148 Safari/604.1"
79.124.40.174 - - [28/Jan/2026:06:28:57 -0500] "GET / HTTP/1.1" 301 - "-" "Mozilla/5.0 (Windows NT 10.0; Win64; x64) AppleWebKit/537.36 (KHTML, like Gecko) Chrome/78.0.3904.108 Safari/537.36"
35.233.96.173 - - [28/Jan/2026:06:30:45 -0500] "GET / HTTP/1.1" 301 - "-" "python-requests/2.32.5"
152.228.220.143 - - [28/Jan/2026:06:36:06 -0500] "GET /index.php/hardcore-latino/latin-gay-tube.html/feed HTTP/1.1" 200 861 "-" "Mozilla/5.0 (X11; Linux i686) AppleWebKit/537.36 (KHTML, like Gecko) Chrome/30.0.1599.66 Safari/537.36"
79.124.40.174 - - [28/Jan/2026:06:36:10 -0500] "GET / HTTP/1.1" 301 - "-" "Mozilla/5.0 (Windows NT 10.0; Win64; x64) AppleWebKit/537.36 (KHTML, like Gecko) Chrome/78.0.3904.108 Safari/537.36"
103.142.62.35 - - [28/Jan/2026:06:45:08 -0500] "POST /hello.world?%ADd+allow_url_include%3d1+%ADd+auto_prepend_file%3dphp://input HTTP/1.1" 404 272 "-" "libredtail-http"
103.142.62.35 - - [28/Jan/2026:06:45:09 -0500] "POST /?%ADd+allow_url_include%3d1+%ADd+auto_prepend_file%3dphp://input HTTP/1.1" 301 - "-" "libredtail-http"
204.76.203.212 - - [28/Jan/2026:06:46:24 -0500] "GET / HTTP/1.1" 301 - "-" "Mozilla/5.0 (Windows NT 10.0; Win64; x64) AppleWebKit/537.36 (KHTML, like Gecko) Chrome/90.0.4430.85 Safari/537.36 Edg/90.0.818.46"
43.165.189.206 - - [28/Jan/2026:06:52:00 -0500] "GET / HTTP/1.1" 301 - "-" "Mozilla/5.0 (iPhone; CPU iPhone OS 13_2_3 like Mac OS X) AppleWebKit/605.1.15 (KHTML, like Gecko) Version/13.0.3 Mobile/15E148 Safari/604.1"
43.165.189.206 - - [28/Jan/2026:06:52:01 -0500] "GET / HTTP/1.1" 200 65282 "http://nachotube.com" "Mozilla/5.0 (iPhone; CPU iPhone OS 13_2_3 like Mac OS X) AppleWebKit/605.1.15 (KHTML, like Gecko) Version/13.0.3 Mobile/15E148 Safari/604.1"
101.32.15.141 - - [28/Jan/2026:07:05:47 -0500] "GET / HTTP/1.1" 301 - "-" "Mozilla/5.0 (iPhone; CPU iPhone OS 13_2_3 like Mac OS X) AppleWebKit/605.1.15 (KHTML, like Gecko) Version/13.0.3 Mobile/15E148 Safari/604.1"
204.76.203.69 - - [28/Jan/2026:07:09:25 -0500] "GET / HTTP/1.1" 301 - "-" "-"
79.124.40.174 - - [28/Jan/2026:07:12:53 -0500] "GET /actuator/gateway/routes HTTP/1.1" 404 284 "-" "Mozilla/5.0 (Windows NT 10.0; Win64; x64) AppleWebKit/537.36 (KHTML, like Gecko) Chrome/78.0.3904.108 Safari/537.36"
204.76.203.212 - - [28/Jan/2026:07:13:02 -0500] "GET / HTTP/1.1" 301 - "-" "Mozilla/5.0 (Windows NT 10.0; Win64; x64) AppleWebKit/537.36 (KHTML, like Gecko) Chrome/90.0.4430.85 Safari/537.36 Edg/90.0.818.46"
64.112.126.83 - - [28/Jan/2026:07:14:25 -0500] "GET /.vscode/launch.json HTTP/1.1" 404 280 "-" "Mozilla/5.0 (Windows NT 10.0; Win64; x64) AppleWebKit/537.36 (KHTML, like Gecko) Chrome/124.0.0.0 Safari/537.36"
43.157.53.115 - - [28/Jan/2026:07:21:31 -0500] "GET / HTTP/1.1" 301 - "-" "Mozilla/5.0 (iPhone; CPU iPhone OS 13_2_3 like Mac OS X) AppleWebKit/605.1.15 (KHTML, like Gecko) Version/13.0.3 Mobile/15E148 Safari/604.1"
204.76.203.212 - - [28/Jan/2026:07:35:37 -0500] "GET / HTTP/1.1" 301 - "-" "Mozilla/5.0 (Windows NT 10.0; Win64; x64) AppleWebKit/537.36 (KHTML, like Gecko) Chrome/90.0.4430.85 Safari/537.36 Edg/90.0.818.46"
204.76.203.18 - - [28/Jan/2026:07:40:57 -0500] "GET / HTTP/1.1" 301 - "-" "-"
43.153.71.132 - - [28/Jan/2026:07:56:25 -0500] "GET / HTTP/1.1" 301 - "-" "Mozilla/5.0 (iPhone; CPU iPhone OS 13_2_3 like Mac OS X) AppleWebKit/605.1.15 (KHTML, like Gecko) Version/13.0.3 Mobile/15E148 Safari/604.1"
204.76.203.212 - - [28/Jan/2026:08:02:24 -0500] "GET / HTTP/1.1" 301 - "-" "Mozilla/5.0 (Windows NT 10.0; Win64; x64) AppleWebKit/537.36 (KHTML, like Gecko) Chrome/90.0.4430.85 Safari/537.36 Edg/90.0.818.46"
119.95.174.61 - - [28/Jan/2026:08:03:46 -0500] "GET /wp-json/wp/v2/posts HTTP/1.1" 404 280 "-" "Mozilla/5.0 (Windows NT 10.0; Win64; x64) AppleWebKit/537.36 (KHTML, like Gecko) Chrome/120.0.0.0 Safari/537.36"
193.142.147.209 - - [28/Jan/2026:08:04:33 -0500] "POST / HTTP/1.1" 301 - "-" "Mozilla/5.0 (Windows NT 10.0; Win64; x64) AppleWebKit/537.36"
204.76.203.212 - - [28/Jan/2026:08:24:52 -0500] "GET / HTTP/1.1" 301 - "-" "Mozilla/5.0 (Windows NT 10.0; Win64; x64) AppleWebKit/537.36 (KHTML, like Gecko) Chrome/90.0.4430.85 Safari/537.36 Edg/90.0.818.46"
92.63.197.197 - - [28/Jan/2026:08:30:16 -0500] "GET / HTTP/1.1" 301 - "-" "Mozilla/5.0 (Windows NT 6.1) AppleWebKit/537.36 (KHTML, like Gecko) Chrome/43.0.2357.130 Safari/537.36"
46.23.108.183 - - [28/Jan/2026:08:33:48 -0500] "GET / HTTP/1.1" 301 - "-" "Mozilla/5.0"
204.76.203.69 - - [28/Jan/2026:08:34:51 -0500] "GET / HTTP/1.1" 301 - "-" "Mozilla/5.0 (Windows NT 10.0; Win64; x64) AppleWebKit/537.36 (KHTML, like Gecko) Chrome/90.0.4430.85 Safari/537.36 Edg/90.0.818.46"
152.228.220.143 - - [28/Jan/2026:08:41:27 -0500] "GET /index.php/feed HTTP/1.1" 200 14514 "-" "Mozilla/5.0 (X11; Linux i686) AppleWebKit/537.36 (KHTML, like Gecko) Chrome/30.0.1599.66 Safari/537.36"
52.167.144.198 - - [28/Jan/2026:08:44:34 -0500] "GET /?Submit=Search&s=2025 HTTP/1.1" 200 15226 "-" "Mozilla/5.0 AppleWebKit/537.36 (KHTML, like Gecko; compatible; bingbot/2.0; +http://www.bing.com/bingbot.htm) Chrome/116.0.1938.76 Safari/537.36"
216.180.246.186 - - [28/Jan/2026:08:47:52 -0500] "GET / HTTP/1.1" 200 65282 "-" "'Mozilla/5.0 (compatible; GenomeCrawlerd/1.0; +https://www.nokia.com/genomecrawler)'"
216.180.246.186 - - [28/Jan/2026:08:48:15 -0500] "GET / HTTP/1.1" 301 - "-" "'Mozilla/5.0 (compatible; GenomeCrawlerd/1.0; +https://www.nokia.com/genomecrawler)'"
216.180.246.186 - - [28/Jan/2026:08:48:42 -0500] "GET /manage/account/login HTTP/1.1" 404 281 "-" "'Mozilla/5.0 (compatible; GenomeCrawlerd/1.0; +https://www.nokia.com/genomecrawler)'"
216.180.246.186 - - [28/Jan/2026:08:49:06 -0500] "GET /admin/index.html HTTP/1.1" 404 277 "-" "'Mozilla/5.0 (compatible; GenomeCrawlerd/1.0; +https://www.nokia.com/genomecrawler)'"
216.180.246.186 - - [28/Jan/2026:08:49:29 -0500] "GET /index.html HTTP/1.1" 404 271 "-" "'Mozilla/5.0 (compatible; GenomeCrawlerd/1.0; +https://www.nokia.com/genomecrawler)'"
216.180.246.186 - - [28/Jan/2026:08:49:43 -0500] "GET /+CSCOE+/logon.html HTTP/1.1" 404 279 "-" "'Mozilla/5.0 (compatible; GenomeCrawlerd/1.0; +https://www.nokia.com/genomecrawler)'"
216.180.246.186 - - [28/Jan/2026:08:49:58 -0500] "GET /cgi-bin/login.cgi HTTP/1.1" 404 278 "-" "'Mozilla/5.0 (compatible; GenomeCrawlerd/1.0; +https://www.nokia.com/genomecrawler)'"
204.76.203.212 - - [28/Jan/2026:08:50:19 -0500] "GET / HTTP/1.1" 301 - "-" "Mozilla/5.0 (Windows NT 10.0; Win64; x64) AppleWebKit/537.36 (KHTML, like Gecko) Chrome/90.0.4430.85 Safari/537.36 Edg/90.0.818.46"
216.180.246.186 - - [28/Jan/2026:08:50:22 -0500] "GET /login.htm HTTP/1.1" 404 270 "-" "'Mozilla/5.0 (compatible; GenomeCrawlerd/1.0; +https://www.nokia.com/genomecrawler)'"
216.180.246.186 - - [28/Jan/2026:08:50:45 -0500] "GET /login.html HTTP/1.1" 404 271 "-" "'Mozilla/5.0 (compatible; GenomeCrawlerd/1.0; +https://www.nokia.com/genomecrawler)'"
216.180.246.186 - - [28/Jan/2026:08:50:59 -0500] "GET /login.jsp HTTP/1.1" 404 270 "-" "'Mozilla/5.0 (compatible; GenomeCrawlerd/1.0; +https://www.nokia.com/genomecrawler)'"
216.180.246.186 - - [28/Jan/2026:08:51:22 -0500] "GET /login HTTP/1.1" 404 266 "-" "'Mozilla/5.0 (compatible; GenomeCrawlerd/1.0; +https://www.nokia.com/genomecrawler)'"
216.180.246.186 - - [28/Jan/2026:08:51:36 -0500] "GET /doc/index.html HTTP/1.1" 404 275 "-" "'Mozilla/5.0 (compatible; GenomeCrawlerd/1.0; +https://www.nokia.com/genomecrawler)'"
216.180.246.186 - - [28/Jan/2026:08:52:01 -0500] "GET /remote/login HTTP/1.1" 404 273 "-" "'Mozilla/5.0 (compatible; GenomeCrawlerd/1.0; +https://www.nokia.com/genomecrawler)'"
216.180.246.186 - - [28/Jan/2026:08:52:25 -0500] "GET //admin/login.asp HTTP/1.1" 404 276 "-" "'Mozilla/5.0 (compatible; GenomeCrawlerd/1.0; +https://www.nokia.com/genomecrawler)'"
216.180.246.186 - - [28/Jan/2026:08:52:48 -0500] "GET /web/ HTTP/1.1" 404 265 "-" "'Mozilla/5.0 (compatible; GenomeCrawlerd/1.0; +https://www.nokia.com/genomecrawler)'"
216.180.246.186 - - [28/Jan/2026:08:53:04 -0500] "GET //webpages/login.html HTTP/1.1" 404 280 "-" "'Mozilla/5.0 (compatible; GenomeCrawlerd/1.0; +https://www.nokia.com/genomecrawler)'"
79.124.40.174 - - [28/Jan/2026:09:01:37 -0500] "POST / HTTP/1.1" 301 - "-" "Mozilla/5.0 (Windows NT 10.0; Win64; x64) AppleWebKit/537.36 (KHTML, like Gecko) Chrome/78.0.3904.108 Safari/537.36"
172.171.100.19 - - [28/Jan/2026:09:02:04 -0500] "GET /index.php/gay-latino/xxx-latino-tube.html HTTP/1.1" 200 13715 "-" "Mozilla/5.0 (X11; Linux x86_64) AppleWebKit/537.36 (KHTML, like Gecko) HeadlessChrome/144.0.0.0 Safari/537.36"
172.171.97.153 - - [28/Jan/2026:09:02:05 -0500] "GET /wp-content/plugins/wp-postratings/postratings-js.php?ver=1.30 HTTP/1.1" 200 4810 "http://www.nachotube.com/index.php/gay-latino/xxx-latino-tube.html" "Mozilla/5.0 (X11; Linux x86_64) AppleWebKit/537.36 (KHTML, like Gecko) HeadlessChrome/144.0.0.0 Safari/537.36"
66.249.64.39 - - [28/Jan/2026:09:06:55 -0500] "GET /page/3 HTTP/1.1" 404 271 "-" "Mozilla/5.0 (Linux; Android 6.0.1; Nexus 5X Build/MMB29P) AppleWebKit/537.36 (KHTML, like Gecko) Chrome/143.0.7499.192 Mobile Safari/537.36 (compatible; Googlebot/2.1; +http://www.google.com/bot.html)"
91.224.92.115 - - [28/Jan/2026:09:11:13 -0500] "GET /cgi-bin/luci/;stok=/locale HTTP/1.1" 404 287 "-" "-"
204.76.203.212 - - [28/Jan/2026:09:19:27 -0500] "GET / HTTP/1.1" 301 - "-" "Mozilla/5.0 (Windows NT 10.0; Win64; x64) AppleWebKit/537.36 (KHTML, like Gecko) Chrome/90.0.4430.85 Safari/537.36 Edg/90.0.818.46"
45.55.220.211 - - [28/Jan/2026:09:22:03 -0500] "GET / HTTP/1.1" 301 - "-" "Mozilla/5.0 (iPhone; CPU iPhone OS 18_0 like Mac OS X) AppleWebKit/605.1.15 (KHTML, like Gecko) Version/18.4 Mobile/15E148 Safari/604.1"
45.55.220.211 - - [28/Jan/2026:09:22:04 -0500] "GET / HTTP/1.1" 200 65282 "-" "Mozilla/5.0 (iPhone; CPU iPhone OS 18_0 like Mac OS X) AppleWebKit/605.1.15 (KHTML, like Gecko) Version/18.4 Mobile/15E148 Safari/604.1"
152.228.220.143 - - [28/Jan/2026:09:23:28 -0500] "GET /index.php/hardcore-latino/latin-men-tube.html/feed HTTP/1.1" 200 861 "-" "Mozilla/5.0 (X11; Linux i686) AppleWebKit/537.36 (KHTML, like Gecko) Chrome/30.0.1599.66 Safari/537.36"
204.76.203.212 - - [28/Jan/2026:09:41:41 -0500] "GET / HTTP/1.1" 301 - "-" "Mozilla/5.0 (Windows NT 10.0; Win64; x64) AppleWebKit/537.36 (KHTML, like Gecko) Chrome/90.0.4430.85 Safari/537.36 Edg/90.0.818.46"
84.239.47.13 - - [28/Jan/2026:09:45:10 -0500] "GET /robots.txt HTTP/1.1" 406 328 "-" "panscient.com"
84.239.47.13 - - [28/Jan/2026:09:45:10 -0500] "GET / HTTP/1.1" 406 318 "-" "panscient.com"
84.239.47.13 - - [28/Jan/2026:09:45:13 -0500] "GET / HTTP/1.1" 406 318 "-" "panscient.com"
84.239.47.13 - - [28/Jan/2026:09:45:15 -0500] "GET / HTTP/1.1" 406 318 "-" "panscient.com"
84.239.47.13 - - [28/Jan/2026:09:45:17 -0500] "GET / HTTP/1.1" 406 318 "-" "panscient.com"
5.61.209.92 - - [28/Jan/2026:09:57:47 -0500] "GET /SDK/webLanguage HTTP/1.1" 404 276 "-" "Mozilla/5.0 (Windows NT 10.0; Win64; x64) AppleWebKit/537.36 (KHTML, like Gecko) Chrome/90.0.4430.85 Safari/537.36 Edg/90.0.818.46"
204.76.203.212 - - [28/Jan/2026:10:07:57 -0500] "GET / HTTP/1.1" 301 - "-" "Mozilla/5.0 (Windows NT 10.0; Win64; x64) AppleWebKit/537.36 (KHTML, like Gecko) Chrome/90.0.4430.85 Safari/537.36 Edg/90.0.818.46"
43.128.149.102 - - [28/Jan/2026:10:17:37 -0500] "GET / HTTP/1.1" 200 65282 "-" "Mozilla/5.0 (iPhone; CPU iPhone OS 13_2_3 like Mac OS X) AppleWebKit/605.1.15 (KHTML, like Gecko) Version/13.0.3 Mobile/15E148 Safari/604.1"
43.155.188.157 - - [28/Jan/2026:10:31:27 -0500] "GET / HTTP/1.1" 301 - "-" "Mozilla/5.0 (iPhone; CPU iPhone OS 13_2_3 like Mac OS X) AppleWebKit/605.1.15 (KHTML, like Gecko) Version/13.0.3 Mobile/15E148 Safari/604.1"
204.76.203.212 - - [28/Jan/2026:10:32:57 -0500] "GET / HTTP/1.1" 301 - "-" "Mozilla/5.0 (Windows NT 10.0; Win64; x64) AppleWebKit/537.36 (KHTML, like Gecko) Chrome/90.0.4430.85 Safari/537.36 Edg/90.0.818.46"
192.109.200.205 - - [28/Jan/2026:10:35:02 -0500] "GET / HTTP/1.1" 301 - "-" "Mozilla/5.0"
192.109.200.205 - - [28/Jan/2026:10:35:02 -0500] "POST / HTTP/1.1" 301 - "-" "Mozilla/5.0"
43.130.60.195 - - [28/Jan/2026:10:43:32 -0500] "GET / HTTP/1.1" 301 - "-" "Mozilla/5.0 (iPhone; CPU iPhone OS 13_2_3 like Mac OS X) AppleWebKit/605.1.15 (KHTML, like Gecko) Version/13.0.3 Mobile/15E148 Safari/604.1"
43.157.181.189 - - [28/Jan/2026:10:49:18 -0500] "GET / HTTP/1.1" 301 - "-" "Mozilla/5.0 (iPhone; CPU iPhone OS 13_2_3 like Mac OS X) AppleWebKit/605.1.15 (KHTML, like Gecko) Version/13.0.3 Mobile/15E148 Safari/604.1"
87.121.84.51 - - [28/Jan/2026:10:53:06 -0500] "GET / HTTP/1.1" 301 - "-" "Mozilla/5.0 (X11; Linux x86_64; rv:140.0) Gecko/20100101 Firefox/140.0"
204.76.203.212 - - [28/Jan/2026:11:00:36 -0500] "GET / HTTP/1.1" 301 - "-" "Mozilla/5.0 (Windows NT 10.0; Win64; x64) AppleWebKit/537.36 (KHTML, like Gecko) Chrome/90.0.4430.85 Safari/537.36 Edg/90.0.818.46"
43.130.72.177 - - [28/Jan/2026:11:03:18 -0500] "GET / HTTP/1.1" 301 - "-" "Mozilla/5.0 (iPhone; CPU iPhone OS 13_2_3 like Mac OS X) AppleWebKit/605.1.15 (KHTML, like Gecko) Version/13.0.3 Mobile/15E148 Safari/604.1"
89.42.231.186 - - [28/Jan/2026:11:13:33 -0500] "GET / HTTP/1.1" 301 - "-" "Mozilla/5.0"
89.42.231.186 - - [28/Jan/2026:11:13:43 -0500] "GET /admin/login.asp HTTP/1.1" 404 276 "-" "Mozilla/5.0"
91.224.92.115 - - [28/Jan/2026:11:21:50 -0500] "GET /cgi-bin/luci/;stok=/locale HTTP/1.1" 404 287 "-" "-"
204.76.203.212 - - [28/Jan/2026:11:24:11 -0500] "GET / HTTP/1.1" 301 - "-" "Mozilla/5.0 (Windows NT 10.0; Win64; x64) AppleWebKit/537.36 (KHTML, like Gecko) Chrome/90.0.4430.85 Safari/537.36 Edg/90.0.818.46"
223.244.35.77 - - [28/Jan/2026:11:30:08 -0500] "GET / HTTP/1.1" 301 - "-" "Mozilla/5.0 (iPhone; CPU iPhone OS 13_2_3 like Mac OS X) AppleWebKit/605.1.15 (KHTML, like Gecko) Version/13.0.3 Mobile/15E148 Safari/604.1"
74.206.190.77 - - [28/Jan/2026:11:30:09 -0500] "POST /wp-cron.php?doing_wp_cron=1769617809.0024631023406982421875 HTTP/1.1" 200 - "-" "WordPress/3.6.1; http://www.nachotube.com"
223.244.35.77 - - [28/Jan/2026:11:30:08 -0500] "GET / HTTP/1.1" 200 65282 "http://nachotube.com" "Mozilla/5.0 (iPhone; CPU iPhone OS 13_2_3 like Mac OS X) AppleWebKit/605.1.15 (KHTML, like Gecko) Version/13.0.3 Mobile/15E148 Safari/604.1"
114.119.156.175 - - [28/Jan/2026:11:32:37 -0500] "GET /index.php/thug-latino/nacho-gay-tube.html HTTP/1.1" 200 18680 "http://www.nachotube.com/index.php/hunk-latino/hunk-cumshot-tube.html" "Mozilla/5.0 (Linux; Android 7.0;) AppleWebKit/537.36 (KHTML, like Gecko) Mobile Safari/537.36 (compatible; PetalBot;+https://webmaster.petalsearch.com/site/petalbot)"
114.119.128.22 - - [28/Jan/2026:11:34:01 -0500] "GET /index.php/tag/cumswap HTTP/1.1" 200 58566 "http://www.nachotube.com/index.php/hardcore-latino/hardcore-latino-tube.html" "Mozilla/5.0 (Linux; Android 7.0;) AppleWebKit/537.36 (KHTML, like Gecko) Mobile Safari/537.36 (compatible; PetalBot;+https://webmaster.petalsearch.com/site/petalbot)"
114.119.141.69 - - [28/Jan/2026:11:35:24 -0500] "GET /index.php/category/gay-latino HTTP/1.1" 200 39799 "http://www.nachotube.com/index.php/hardcore-latino/latin-men-tube.html" "Mozilla/5.0 (Linux; Android 7.0;) AppleWebKit/537.36 (KHTML, like Gecko) Mobile Safari/537.36 (compatible; PetalBot;+https://webmaster.petalsearch.com/site/petalbot)"
43.130.16.212 - - [28/Jan/2026:11:43:19 -0500] "GET / HTTP/1.1" 301 - "-" "Mozilla/5.0 (iPhone; CPU iPhone OS 13_2_3 like Mac OS X) AppleWebKit/605.1.15 (KHTML, like Gecko) Version/13.0.3 Mobile/15E148 Safari/604.1"
40.83.96.65 - - [28/Jan/2026:11:44:33 -0500] "GET //wp-content/plugins/fix/up.php HTTP/1.1" 404 290 "-" "Mozilla/5.0 (Windows NT 10.0; Win64; x64) AppleWebKit/537.36 (KHTML, like Gecko) Chrome/85.0.4183.102 Safari/537.36"
204.76.203.212 - - [28/Jan/2026:11:50:42 -0500] "GET / HTTP/1.1" 301 - "-" "Mozilla/5.0 (Windows NT 10.0; Win64; x64) AppleWebKit/537.36 (KHTML, like Gecko) Chrome/90.0.4430.85 Safari/537.36 Edg/90.0.818.46"
114.119.131.112 - - [28/Jan/2026:11:55:03 -0500] "GET /index.php/hunk-latino/gay-latino-tube.html HTTP/1.1" 200 18222 "http://www.nachotube.com/index.php/tag/raw-stud" "Mozilla/5.0 (Linux; Android 7.0;) AppleWebKit/537.36 (KHTML, like Gecko) Mobile Safari/537.36 (compatible; PetalBot;+https://webmaster.petalsearch.com/site/petalbot)"
43.152.72.247 - - [28/Jan/2026:12:01:08 -0500] "GET / HTTP/1.1" 301 - "-" "Mozilla/5.0 (iPhone; CPU iPhone OS 13_2_3 like Mac OS X) AppleWebKit/605.1.15 (KHTML, like Gecko) Version/13.0.3 Mobile/15E148 Safari/604.1"
204.76.203.212 - - [28/Jan/2026:12:15:06 -0500] "GET / HTTP/1.1" 301 - "-" "Mozilla/5.0 (Windows NT 10.0; Win64; x64) AppleWebKit/537.36 (KHTML, like Gecko) Chrome/90.0.4430.85 Safari/537.36 Edg/90.0.818.46"
43.153.192.98 - - [28/Jan/2026:12:19:18 -0500] "GET / HTTP/1.1" 301 - "-" "Mozilla/5.0 (iPhone; CPU iPhone OS 13_2_3 like Mac OS X) AppleWebKit/605.1.15 (KHTML, like Gecko) Version/13.0.3 Mobile/15E148 Safari/604.1"
165.154.36.102 - - [28/Jan/2026:12:27:15 -0500] "GET / HTTP/1.1" 301 - "-" "curl/7.29.0"
93.158.90.72 - - [28/Jan/2026:12:30:10 -0500] "GET / HTTP/1.1" 301 - "-" "Mozilla/5.0 (Windows NT 10.0; Win64; x64) AppleWebKit/537.36 (KHTML, like Gecko) Chrome/120.0.0.0 Safari/537.36 Viewer/99.9.8853.8"
93.158.90.72 - - [28/Jan/2026:12:30:11 -0500] "GET / HTTP/1.1" 200 65282 "http://nachotube.com/" "Mozilla/5.0 (Windows NT 10.0; Win64; x64) AppleWebKit/537.36 (KHTML, like Gecko) Chrome/120.0.0.0 Safari/537.36 Viewer/99.9.8853.8"
93.158.90.69 - - [28/Jan/2026:12:30:12 -0500] "GET /index.php/hardcore-latino/hard-latin-sex-tube.html HTTP/1.1" 200 13308 "-" "Mozilla/5.0 (Windows NT 10.0; Win64; x64) AppleWebKit/537.36 (KHTML, like Gecko) Chrome/120.0.0.0 Safari/537.36 Viewer/99.9.8853.8"
93.158.90.73 - - [28/Jan/2026:12:30:13 -0500] "GET /index.php/gay-latino/gay-latino-tube-bareback.html HTTP/1.1" 200 13672 "-" "Mozilla/5.0 (Windows NT 10.0; Win64; x64) AppleWebKit/537.36 (KHTML, like Gecko) Chrome/120.0.0.0 Safari/537.36 Viewer/99.9.8853.8"
93.158.90.70 - - [28/Jan/2026:12:30:14 -0500] "GET /index.php/hardcore-latino/latin-men-sex-tube.html HTTP/1.1" 200 13299 "-" "Mozilla/5.0 (Windows NT 10.0; Win64; x64) AppleWebKit/537.36 (KHTML, like Gecko) Chrome/120.0.0.0 Safari/537.36 Viewer/99.9.8853.8"
193.142.147.209 - - [28/Jan/2026:12:33:20 -0500] "POST / HTTP/1.1" 301 - "-" "Mozilla/5.0 (Windows NT 10.0; Win64; x64) AppleWebKit/537.36"
93.174.93.12 - - [28/Jan/2026:12:33:37 -0500] "GET / HTTP/1.1" 200 65282 "-" "Mozilla/5.0 (Windows; U; Windows NT 5.1; en-US; BOLT/2.800) AppleWebKit/534.6 (KHTML, like Gecko) Version/5.0 Safari/534.6.3"
44.204.29.60 - - [28/Jan/2026:12:34:24 -0500] "GET / HTTP/1.1" 301 - "-" "Mozilla/5.0 (Windows NT 10.0; Win64; x64) AppleWebKit/537.36 (KHTML, like Gecko) Chrome/136.0.0.0 Safari/537.36"
43.166.255.102 - - [28/Jan/2026:12:35:10 -0500] "GET / HTTP/1.1" 301 - "-" "Mozilla/5.0 (iPhone; CPU iPhone OS 13_2_3 like Mac OS X) AppleWebKit/605.1.15 (KHTML, like Gecko) Version/13.0.3 Mobile/15E148 Safari/604.1"
152.228.220.143 - - [28/Jan/2026:12:37:32 -0500] "GET /index.php/tag/blowjob/feed HTTP/1.1" 200 21251 "-" "Mozilla/5.0 (X11; Linux i686) AppleWebKit/537.36 (KHTML, like Gecko) Chrome/30.0.1599.66 Safari/537.36"
204.76.203.212 - - [28/Jan/2026:12:39:43 -0500] "GET / HTTP/1.1" 301 - "-" "Mozilla/5.0 (Windows NT 10.0; Win64; x64) AppleWebKit/537.36 (KHTML, like Gecko) Chrome/90.0.4430.85 Safari/537.36 Edg/90.0.818.46"
103.210.22.74 - - [28/Jan/2026:12:46:20 -0500] "GET / HTTP/1.1" 301 - "-" "Mozilla/5.0 (Macintosh; Intel Mac OS X 9_2_2) AppleWebKit/573.42 (KHTML, like Gecko) Chrome/101.0.2950 Safari/537.36"
43.130.12.43 - - [28/Jan/2026:12:54:21 -0500] "GET / HTTP/1.1" 301 - "-" "Mozilla/5.0 (iPhone; CPU iPhone OS 13_2_3 like Mac OS X) AppleWebKit/605.1.15 (KHTML, like Gecko) Version/13.0.3 Mobile/15E148 Safari/604.1"
43.130.12.43 - - [28/Jan/2026:12:54:22 -0500] "GET / HTTP/1.1" 200 65282 "http://nachotube.com" "Mozilla/5.0 (iPhone; CPU iPhone OS 13_2_3 like Mac OS X) AppleWebKit/605.1.15 (KHTML, like Gecko) Version/13.0.3 Mobile/15E148 Safari/604.1"
43.166.247.155 - - [28/Jan/2026:12:57:08 -0500] "GET / HTTP/1.1" 301 - "-" "Mozilla/5.0 (iPhone; CPU iPhone OS 13_2_3 like Mac OS X) AppleWebKit/605.1.15 (KHTML, like Gecko) Version/13.0.3 Mobile/15E148 Safari/604.1"
204.76.203.212 - - [28/Jan/2026:13:07:00 -0500] "GET / HTTP/1.1" 301 - "-" "Mozilla/5.0 (Windows NT 10.0; Win64; x64) AppleWebKit/537.36 (KHTML, like Gecko) Chrome/90.0.4430.85 Safari/537.36 Edg/90.0.818.46"
52.167.144.141 - - [28/Jan/2026:13:08:36 -0500] "GET /?Submit=Search&s HTTP/1.1" 200 65366 "-" "Mozilla/5.0 AppleWebKit/537.36 (KHTML, like Gecko; compatible; bingbot/2.0; +http://www.bing.com/bingbot.htm) Chrome/116.0.1938.76 Safari/537.36"
43.130.101.151 - - [28/Jan/2026:13:17:03 -0500] "GET / HTTP/1.1" 301 - "-" "Mozilla/5.0 (iPhone; CPU iPhone OS 13_2_3 like Mac OS X) AppleWebKit/605.1.15 (KHTML, like Gecko) Version/13.0.3 Mobile/15E148 Safari/604.1"
49.51.178.45 - - [28/Jan/2026:13:18:02 -0500] "GET /index.php/tag/anal HTTP/1.1" 200 58551 "-" "Mozilla/5.0 (iPhone; CPU iPhone OS 13_2_3 like Mac OS X) AppleWebKit/605.1.15 (KHTML, like Gecko) Version/13.0.3 Mobile/15E148 Safari/604.1"
204.76.203.212 - - [28/Jan/2026:13:31:32 -0500] "GET / HTTP/1.1" 301 - "-" "Mozilla/5.0 (Windows NT 10.0; Win64; x64) AppleWebKit/537.36 (KHTML, like Gecko) Chrome/90.0.4430.85 Safari/537.36 Edg/90.0.818.46"
170.106.148.137 - - [28/Jan/2026:13:31:32 -0500] "GET /index.php/tag/anal/feed HTTP/1.1" 200 21245 "-" "Mozilla/5.0 (iPhone; CPU iPhone OS 13_2_3 like Mac OS X) AppleWebKit/605.1.15 (KHTML, like Gecko) Version/13.0.3 Mobile/15E148 Safari/604.1"
43.166.245.120 - - [28/Jan/2026:13:32:25 -0500] "GET / HTTP/1.1" 301 - "-" "Mozilla/5.0 (iPhone; CPU iPhone OS 13_2_3 like Mac OS X) AppleWebKit/605.1.15 (KHTML, like Gecko) Version/13.0.3 Mobile/15E148 Safari/604.1"
20.171.25.78 - - [28/Jan/2026:13:38:51 -0500] "GET /hudson HTTP/1.1" 404 267 "-" "Mozilla/5.0 zgrab/0.x"
18.141.78.71 - - [28/Jan/2026:13:41:30 -0500] "GET / HTTP/1.1" 301 - "-" "Go-http-client/1.1"
43.157.168.43 - - [28/Jan/2026:13:45:47 -0500] "GET / HTTP/1.1" 301 - "-" "Mozilla/5.0 (iPhone; CPU iPhone OS 13_2_3 like Mac OS X) AppleWebKit/605.1.15 (KHTML, like Gecko) Version/13.0.3 Mobile/15E148 Safari/604.1"
172.174.236.9 - - [28/Jan/2026:13:45:56 -0500] "GET / HTTP/1.1" 301 - "-" "Mozilla/5.0 zgrab/0.x"
162.62.132.25 - - [28/Jan/2026:14:00:47 -0500] "GET / HTTP/1.1" 301 - "-" "Mozilla/5.0 (iPhone; CPU iPhone OS 13_2_3 like Mac OS X) AppleWebKit/605.1.15 (KHTML, like Gecko) Version/13.0.3 Mobile/15E148 Safari/604.1"
43.156.156.96 - - [28/Jan/2026:14:01:17 -0500] "GET /index.php/hunk-latino/gay-cum-latino.html HTTP/1.1" 200 18335 "-" "Mozilla/5.0 (iPhone; CPU iPhone OS 13_2_3 like Mac OS X) AppleWebKit/605.1.15 (KHTML, like Gecko) Version/13.0.3 Mobile/15E148 Safari/604.1"
88.132.22.184 - - [28/Jan/2026:14:02:35 -0500] "GET / HTTP/1.1" 301 - "-" "Mozilla/5.0 (Windows NT 10.0; WOW64) AppleWebKit/537.36 (KHTML, like Gecko) Chrome/51.0.2704.103 Safari/537.36"
43.153.123.3 - - [28/Jan/2026:14:11:46 -0500] "GET /index.php/hunk-latino/gay-men-latino.html HTTP/1.1" 200 18410 "-" "Mozilla/5.0 (iPhone; CPU iPhone OS 13_2_3 like Mac OS X) AppleWebKit/605.1.15 (KHTML, like Gecko) Version/13.0.3 Mobile/15E148 Safari/604.1"
52.191.41.15 - - [28/Jan/2026:14:13:10 -0500] "GET /index.php/hunk-latino/latin-men-tube-2.html HTTP/1.1" 200 13343 "-" "Mozilla/5.0 (X11; Linux x86_64) AppleWebKit/537.36 (KHTML, like Gecko) HeadlessChrome/144.0.0.0 Safari/537.36"
52.191.41.17 - - [28/Jan/2026:14:13:11 -0500] "GET /wp-content/plugins/wp-postratings/postratings-js.php?ver=1.30 HTTP/1.1" 200 4810 "http://www.nachotube.com/index.php/hunk-latino/latin-men-tube-2.html" "Mozilla/5.0 (X11; Linux x86_64) AppleWebKit/537.36 (KHTML, like Gecko) HeadlessChrome/144.0.0.0 Safari/537.36"
43.135.182.43 - - [28/Jan/2026:14:15:47 -0500] "GET / HTTP/1.1" 301 - "-" "Mozilla/5.0 (iPhone; CPU iPhone OS 13_2_3 like Mac OS X) AppleWebKit/605.1.15 (KHTML, like Gecko) Version/13.0.3 Mobile/15E148 Safari/604.1"
43.157.191.20 - - [28/Jan/2026:14:21:27 -0500] "GET /index.php/hunk-latino/latin-anal-porn.html HTTP/1.1" 200 18286 "-" "Mozilla/5.0 (iPhone; CPU iPhone OS 13_2_3 like Mac OS X) AppleWebKit/605.1.15 (KHTML, like Gecko) Version/13.0.3 Mobile/15E148 Safari/604.1"
43.166.136.24 - - [28/Jan/2026:14:30:57 -0500] "GET /?p=39 HTTP/1.1" 301 - "-" "Mozilla/5.0 (iPhone; CPU iPhone OS 13_2_3 like Mac OS X) AppleWebKit/605.1.15 (KHTML, like Gecko) Version/13.0.3 Mobile/15E148 Safari/604.1"
43.166.136.24 - - [28/Jan/2026:14:31:02 -0500] "GET /index.php/hunk-latino/latin-anal-porn.html HTTP/1.1" 200 18289 "http://www.nachotube.com/?p=39" "Mozilla/5.0 (iPhone; CPU iPhone OS 13_2_3 like Mac OS X) AppleWebKit/605.1.15 (KHTML, like Gecko) Version/13.0.3 Mobile/15E148 Safari/604.1"
49.51.52.250 - - [28/Jan/2026:14:36:28 -0500] "GET / HTTP/1.1" 301 - "-" "Mozilla/5.0 (iPhone; CPU iPhone OS 13_2_3 like Mac OS X) AppleWebKit/605.1.15 (KHTML, like Gecko) Version/13.0.3 Mobile/15E148 Safari/604.1"
43.157.20.63 - - [28/Jan/2026:14:43:03 -0500] "GET /index.php/hunk-latino/gay-cum-latino.html HTTP/1.1" 200 18268 "-" "Mozilla/5.0 (iPhone; CPU iPhone OS 13_2_3 like Mac OS X) AppleWebKit/605.1.15 (KHTML, like Gecko) Version/13.0.3 Mobile/15E148 Safari/604.1"
85.11.183.6 - - [28/Jan/2026:14:45:49 -0500] "GET / HTTP/1.1" 301 - "-" "Mozilla/5.0 (Windows NT 10.0; Win64; x64) AppleWebKit/537.36 (KHTML, like Gecko) Chrome/140.0.0.0 Safari/537.36"
43.153.102.138 - - [28/Jan/2026:14:51:59 -0500] "GET /index.php/hunk-latino/gay-cum-latino.html/feed HTTP/1.1" 200 853 "-" "Mozilla/5.0 (iPhone; CPU iPhone OS 13_2_3 like Mac OS X) AppleWebKit/605.1.15 (KHTML, like Gecko) Version/13.0.3 Mobile/15E148 Safari/604.1"
193.142.147.209 - - [28/Jan/2026:14:52:16 -0500] "POST / HTTP/1.1" 301 - "-" "Mozilla/5.0 (Windows NT 10.0; Win64; x64) AppleWebKit/537.36"
49.51.72.76 - - [28/Jan/2026:15:02:30 -0500] "GET /?p=27 HTTP/1.1" 301 - "-" "Mozilla/5.0 (iPhone; CPU iPhone OS 13_2_3 like Mac OS X) AppleWebKit/605.1.15 (KHTML, like Gecko) Version/13.0.3 Mobile/15E148 Safari/604.1"
49.51.72.76 - - [28/Jan/2026:15:02:34 -0500] "GET /index.php/hunk-latino/gay-cum-latino.html HTTP/1.1" 200 18364 "http://www.nachotube.com/?p=27" "Mozilla/5.0 (iPhone; CPU iPhone OS 13_2_3 like Mac OS X) AppleWebKit/605.1.15 (KHTML, like Gecko) Version/13.0.3 Mobile/15E148 Safari/604.1"
98.89.254.180 - - [28/Jan/2026:15:12:18 -0500] "GET /robots.txt HTTP/1.1" 200 29 "-" "Mozilla/5.0 (Macintosh; Intel Mac OS X 10_10_1) AppleWebKit/600.2.5 (KHTML, like Gecko) Version/8.0.2 Safari/600.2.5 (TestUserAgent)"
43.166.129.247 - - [28/Jan/2026:15:12:42 -0500] "GET /index.php/hunk-latino/gay-men-latino.html HTTP/1.1" 200 18402 "-" "Mozilla/5.0 (iPhone; CPU iPhone OS 13_2_3 like Mac OS X) AppleWebKit/605.1.15 (KHTML, like Gecko) Version/13.0.3 Mobile/15E148 Safari/604.1"
43.130.101.151 - - [28/Jan/2026:15:18:20 -0500] "GET / HTTP/1.1" 301 - "-" "Mozilla/5.0 (iPhone; CPU iPhone OS 13_2_3 like Mac OS X) AppleWebKit/605.1.15 (KHTML, like Gecko) Version/13.0.3 Mobile/15E148 Safari/604.1"
43.165.65.75 - - [28/Jan/2026:15:22:27 -0500] "GET /index.php/hunk-latino/latin-anal-porn.html HTTP/1.1" 200 18346 "-" "Mozilla/5.0 (iPhone; CPU iPhone OS 13_2_3 like Mac OS X) AppleWebKit/605.1.15 (KHTML, like Gecko) Version/13.0.3 Mobile/15E148 Safari/604.1"
176.65.148.66 - - [28/Jan/2026:15:28:07 -0500] "HEAD / HTTP/1.1" 301 - "-" "Mozilla/5.0 (compatible; Let's Encrypt validation server; +https://www.letsencrypt.org  )"
176.65.148.66 - - [28/Jan/2026:15:28:08 -0500] "GET / HTTP/1.1" 301 - "-" "Mozilla/5.0 (compatible; Let's Encrypt validation server; +https://www.letsencrypt.org  )"
176.65.148.66 - - [28/Jan/2026:15:28:08 -0500] "HEAD /_next HTTP/1.1" 404 - "-" "Mozilla/5.0 (compatible; Let's Encrypt validation server; +https://www.letsencrypt.org  )"
176.65.148.66 - - [28/Jan/2026:15:28:10 -0500] "POST / HTTP/1.1" 301 - "-" "Mozilla/5.0 (compatible; Let's Encrypt validation server; +https://www.letsencrypt.org  )"
176.65.148.66 - - [28/Jan/2026:15:28:11 -0500] "POST /_next HTTP/1.1" 404 266 "-" "Mozilla/5.0 (compatible; Let's Encrypt validation server; +https://www.letsencrypt.org  )"
45.194.92.199 - - [28/Jan/2026:15:56:06 -0500] "GET / HTTP/1.1" 301 - "-" "Hello World"
43.134.186.61 - - [28/Jan/2026:15:58:39 -0500] "GET / HTTP/1.1" 301 - "-" "Mozilla/5.0 (iPhone; CPU iPhone OS 13_2_3 like Mac OS X) AppleWebKit/605.1.15 (KHTML, like Gecko) Version/13.0.3 Mobile/15E148 Safari/604.1"
114.119.131.112 - - [28/Jan/2026:16:04:52 -0500] "GET /index.php/thug-latino/latin-thug-tube.html HTTP/1.1" 200 18256 "http://www.nachotube.com/index.php/tag/raw-stud" "Mozilla/5.0 (Linux; Android 7.0;) AppleWebKit/537.36 (KHTML, like Gecko) Mobile Safari/537.36 (compatible; PetalBot;+https://webmaster.petalsearch.com/site/petalbot)"
20.42.209.0 - - [28/Jan/2026:16:15:55 -0500] "GET /wp-content/plugins/hellopress/wp_filemanager.php HTTP/1.1" 404 309 "-" "-"
20.42.209.0 - - [28/Jan/2026:16:15:56 -0500] "GET /zwso.php HTTP/1.1" 404 269 "-" "-"
20.42.209.0 - - [28/Jan/2026:16:15:56 -0500] "GET /wp-admin/css/colors/blue/index.php HTTP/1.1" 404 295 "-" "-"
20.42.209.0 - - [28/Jan/2026:16:15:56 -0500] "GET /class19.php HTTP/1.1" 404 272 "-" "-"
20.42.209.0 - - [28/Jan/2026:16:15:56 -0500] "GET /class20.php HTTP/1.1" 404 272 "-" "-"
20.42.209.0 - - [28/Jan/2026:16:15:56 -0500] "GET /randkeyword.php HTTP/1.1" 404 276 "-" "-"
20.42.209.0 - - [28/Jan/2026:16:15:56 -0500] "GET /fwe.php HTTP/1.1" 404 268 "-" "-"
20.42.209.0 - - [28/Jan/2026:16:15:57 -0500] "GET /images/m.php HTTP/1.1" 404 273 "-" "-"
20.42.209.0 - - [28/Jan/2026:16:15:57 -0500] "GET /g.php HTTP/1.1" 404 266 "-" "-"
20.42.209.0 - - [28/Jan/2026:16:15:57 -0500] "GET /tx1.php HTTP/1.1" 404 268 "-" "-"
20.42.209.0 - - [28/Jan/2026:16:15:57 -0500] "GET /xv.php HTTP/1.1" 404 267 "-" "-"
20.42.209.0 - - [28/Jan/2026:16:15:57 -0500] "GET /x56.php HTTP/1.1" 404 268 "-" "-"
20.42.209.0 - - [28/Jan/2026:16:15:58 -0500] "GET /htaccess.php HTTP/1.1" 404 273 "-" "-"
20.42.209.0 - - [28/Jan/2026:16:15:58 -0500] "GET /readme.php HTTP/1.1" 404 271 "-" "-"
20.42.209.0 - - [28/Jan/2026:16:15:58 -0500] "GET /x50.php HTTP/1.1" 404 268 "-" "-"
20.42.209.0 - - [28/Jan/2026:16:15:58 -0500] "GET /fv.php HTTP/1.1" 404 267 "-" "-"
20.42.209.0 - - [28/Jan/2026:16:15:58 -0500] "GET /file.php? HTTP/1.1" 404 269 "-" "-"
20.42.209.0 - - [28/Jan/2026:16:15:59 -0500] "GET /lsd.php HTTP/1.1" 404 268 "-" "-"
20.42.209.0 - - [28/Jan/2026:16:15:59 -0500] "GET /as.php HTTP/1.1" 404 267 "-" "-"
20.42.209.0 - - [28/Jan/2026:16:15:59 -0500] "GET /wsd.php HTTP/1.1" 404 268 "-" "-"
20.42.209.0 - - [28/Jan/2026:16:15:59 -0500] "GET /gtc.php HTTP/1.1" 404 268 "-" "-"
20.42.209.0 - - [28/Jan/2026:16:15:59 -0500] "GET /atx.php HTTP/1.1" 404 268 "-" "-"
20.42.209.0 - - [28/Jan/2026:16:15:59 -0500] "GET /z60.php HTTP/1.1" 404 268 "-" "-"
20.42.209.0 - - [28/Jan/2026:16:16:00 -0500] "GET /403.php HTTP/1.1" 404 268 "-" "-"
20.42.209.0 - - [28/Jan/2026:16:16:00 -0500] "GET /m.php HTTP/1.1" 404 266 "-" "-"
20.42.209.0 - - [28/Jan/2026:16:16:00 -0500] "GET /themes.php HTTP/1.1" 404 271 "-" "-"
20.42.209.0 - - [28/Jan/2026:16:16:00 -0500] "GET /wp-admin/maint/about.php HTTP/1.1" 404 285 "-" "-"
20.42.209.0 - - [28/Jan/2026:16:16:00 -0500] "GET /wp-admin/network/wp-conflg.php?p= HTTP/1.1" 404 291 "-" "-"
20.42.209.0 - - [28/Jan/2026:16:16:01 -0500] "GET /click.php HTTP/1.1" 404 270 "-" "-"
20.42.209.0 - - [28/Jan/2026:16:16:01 -0500] "GET /install.php HTTP/1.1" 404 272 "-" "-"
20.42.209.0 - - [28/Jan/2026:16:16:01 -0500] "GET /lv.php HTTP/1.1" 404 267 "-" "-"
20.42.209.0 - - [28/Jan/2026:16:16:01 -0500] "GET /simple.php HTTP/1.1" 404 271 "-" "-"
20.42.209.0 - - [28/Jan/2026:16:16:01 -0500] "GET /css.php HTTP/1.1" 404 268 "-" "-"
20.42.209.0 - - [28/Jan/2026:16:16:02 -0500] "GET /cong.php HTTP/1.1" 404 269 "-" "-"
20.42.209.0 - - [28/Jan/2026:16:16:02 -0500] "GET /wp-includes/images/wp-login.php HTTP/1.1" 404 292 "-" "-"
20.42.209.0 - - [28/Jan/2026:16:16:02 -0500] "GET /cong.php HTTP/1.1" 404 269 "-" "-"
20.42.209.0 - - [28/Jan/2026:16:16:02 -0500] "GET /w.php HTTP/1.1" 404 266 "-" "-"
20.42.209.0 - - [28/Jan/2026:16:16:02 -0500] "GET /404.php HTTP/1.1" 404 268 "-" "-"
20.42.209.0 - - [28/Jan/2026:16:16:02 -0500] "GET /0x.php HTTP/1.1" 404 267 "-" "-"
20.42.209.0 - - [28/Jan/2026:16:16:03 -0500] "GET /css.php HTTP/1.1" 404 268 "-" "-"
20.42.209.0 - - [28/Jan/2026:16:16:03 -0500] "GET /222.php HTTP/1.1" 404 268 "-" "-"
20.42.209.0 - - [28/Jan/2026:16:16:03 -0500] "GET /wp-content/index.php HTTP/1.1" 200 - "-" "-"
20.42.209.0 - - [28/Jan/2026:16:16:03 -0500] "GET /wp-admin/maint/maint.php HTTP/1.1" 404 285 "-" "-"
20.42.209.0 - - [28/Jan/2026:16:16:03 -0500] "GET /classwithtostring.php HTTP/1.1" 404 282 "-" "-"
20.42.209.0 - - [28/Jan/2026:16:16:04 -0500] "GET /abcd.php HTTP/1.1" 404 269 "-" "-"
20.42.209.0 - - [28/Jan/2026:16:16:04 -0500] "GET /autoload_classmap.php?p= HTTP/1.1" 404 282 "-" "-"
20.42.209.0 - - [28/Jan/2026:16:16:04 -0500] "GET /inputs.php HTTP/1.1" 404 271 "-" "-"
20.42.209.0 - - [28/Jan/2026:16:16:04 -0500] "GET /about.php HTTP/1.1" 404 270 "-" "-"
20.42.209.0 - - [28/Jan/2026:16:16:04 -0500] "GET /alfa.php HTTP/1.1" 404 269 "-" "-"
20.42.209.0 - - [28/Jan/2026:16:16:05 -0500] "GET /themes/twentytwentytwo/index.php HTTP/1.1" 404 293 "-" "-"
20.42.209.0 - - [28/Jan/2026:16:16:05 -0500] "GET /wp-admin/js/wp-conflg.php?p= HTTP/1.1" 404 286 "-" "-"
20.42.209.0 - - [28/Jan/2026:16:16:05 -0500] "GET /wp-admin/wp-conflg.php?p= HTTP/1.1" 404 283 "-" "-"
20.42.209.0 - - [28/Jan/2026:16:16:05 -0500] "GET /wp-admin/css/wp-conflg.php?p= HTTP/1.1" 404 287 "-" "-"
20.42.209.0 - - [28/Jan/2026:16:16:05 -0500] "GET /manager.php?p= HTTP/1.1" 404 272 "-" "-"
20.42.209.0 - - [28/Jan/2026:16:16:06 -0500] "GET /item.php HTTP/1.1" 404 269 "-" "-"
20.42.209.0 - - [28/Jan/2026:16:16:06 -0500] "GET /plugins/Cache/footer.php HTTP/1.1" 404 285 "-" "-"
20.42.209.0 - - [28/Jan/2026:16:16:06 -0500] "GET /404.php HTTP/1.1" 404 268 "-" "-"
20.42.209.0 - - [28/Jan/2026:16:16:06 -0500] "GET /mail.php HTTP/1.1" 404 269 "-" "-"
20.42.209.0 - - [28/Jan/2026:16:16:06 -0500] "GET /wp-content/plugins/index.php HTTP/1.1" 200 - "-" "-"
20.42.209.0 - - [28/Jan/2026:16:16:06 -0500] "GET /sx.php HTTP/1.1" 404 267 "-" "-"
20.42.209.0 - - [28/Jan/2026:16:16:07 -0500] "GET /wp-admin/maint/admin.php HTTP/1.1" 404 285 "-" "-"
20.42.209.0 - - [28/Jan/2026:16:16:07 -0500] "GET /alfa.php HTTP/1.1" 404 269 "-" "-"
20.42.209.0 - - [28/Jan/2026:16:16:07 -0500] "GET /1.php HTTP/1.1" 404 266 "-" "-"
20.42.209.0 - - [28/Jan/2026:16:16:07 -0500] "GET /byp.php HTTP/1.1" 404 268 "-" "-"
20.42.209.0 - - [28/Jan/2026:16:16:07 -0500] "GET /wp-trackback.php HTTP/1.1" 301 - "-" "-"
20.42.209.0 - - [28/Jan/2026:16:16:08 -0500] "GET /wp-trackback.php HTTP/1.1" 200 135 "-" "-"
20.42.209.0 - - [28/Jan/2026:16:16:09 -0500] "GET /.well-known/index.php HTTP/1.1" 404 282 "-" "-"
20.42.209.0 - - [28/Jan/2026:16:16:09 -0500] "GET /wp-admin/network/plugins.php HTTP/1.1" 301 - "-" "-"
20.42.209.0 - - [28/Jan/2026:16:16:09 -0500] "GET /wp-admin/network/plugins.php HTTP/1.1" 302 - "-" "-"
20.42.209.0 - - [28/Jan/2026:16:16:09 -0500] "GET /wp-login.php?redirect_to=http%3A%2F%2Fwww.nachotube.com%2Fwp-admin%2Fnetwork%2Fplugins.php&reauth=1 HTTP/1.1" 200 2297 "-" "-"
20.42.209.0 - - [28/Jan/2026:16:16:10 -0500] "GET /wp-admin/about.php HTTP/1.1" 301 - "-" "-"
20.42.209.0 - - [28/Jan/2026:16:16:10 -0500] "GET /wp-admin/about.php HTTP/1.1" 302 - "-" "-"
20.42.209.0 - - [28/Jan/2026:16:16:10 -0500] "GET /wp-login.php?redirect_to=http%3A%2F%2Fwww.nachotube.com%2Fwp-admin%2Fabout.php&reauth=1 HTTP/1.1" 200 2287 "-" "-"
20.42.209.0 - - [28/Jan/2026:16:16:10 -0500] "GET /gmo.php HTTP/1.1" 404 268 "-" "-"
20.42.209.0 - - [28/Jan/2026:16:16:11 -0500] "GET /wp-includes/ID3/about.php HTTP/1.1" 404 286 "-" "-"
20.42.209.0 - - [28/Jan/2026:16:16:11 -0500] "GET /css/index.php HTTP/1.1" 404 274 "-" "-"
20.42.209.0 - - [28/Jan/2026:16:16:11 -0500] "GET /wp-includes/SimplePie/wp-login.php HTTP/1.1" 404 295 "-" "-"
20.42.209.0 - - [28/Jan/2026:16:16:11 -0500] "GET /wp-content/themes/about.php HTTP/1.1" 404 288 "-" "-"
20.42.209.0 - - [28/Jan/2026:16:16:11 -0500] "GET /filemanager/dialog.php HTTP/1.1" 404 283 "-" "-"
20.42.209.0 - - [28/Jan/2026:16:16:12 -0500] "GET /wp-admin/maint/index.php HTTP/1.1" 404 285 "-" "-"
20.42.209.0 - - [28/Jan/2026:16:16:12 -0500] "GET /wp-includes/customize/about.php HTTP/1.1" 404 292 "-" "-"
20.42.209.0 - - [28/Jan/2026:16:16:12 -0500] "GET /index/function.php HTTP/1.1" 404 279 "-" "-"
20.42.209.0 - - [28/Jan/2026:16:16:12 -0500] "GET /uploads/autoload_classmap.php HTTP/1.1" 404 290 "-" "-"
20.42.209.0 - - [28/Jan/2026:16:16:12 -0500] "GET /wp-includes/style-engine/about.php HTTP/1.1" 404 295 "-" "-"
20.42.209.0 - - [28/Jan/2026:16:16:12 -0500] "GET /ww1.php HTTP/1.1" 404 268 "-" "-"
20.42.209.0 - - [28/Jan/2026:16:16:13 -0500] "GET /about/function.php HTTP/1.1" 404 279 "-" "-"
20.42.209.0 - - [28/Jan/2026:16:16:13 -0500] "GET /admin/function.php HTTP/1.1" 404 279 "-" "-"
20.42.209.0 - - [28/Jan/2026:16:16:13 -0500] "GET /.well-known/acme-challenge/index.php HTTP/1.1" 404 297 "-" "-"
20.42.209.0 - - [28/Jan/2026:16:16:13 -0500] "GET /css/colors/blue/index.php HTTP/1.1" 404 286 "-" "-"
20.42.209.0 - - [28/Jan/2026:16:16:13 -0500] "GET /security.php HTTP/1.1" 404 273 "-" "-"
20.42.209.0 - - [28/Jan/2026:16:16:14 -0500] "GET /wp-admin/user/about.php HTTP/1.1" 301 - "-" "-"
20.42.209.0 - - [28/Jan/2026:16:16:14 -0500] "GET /wp-admin/user/about.php HTTP/1.1" 302 - "-" "-"
20.42.209.0 - - [28/Jan/2026:16:16:14 -0500] "GET /wp-login.php?redirect_to=http%3A%2F%2Fwww.nachotube.com%2Fwp-admin%2Fuser%2Fabout.php&reauth=1 HTTP/1.1" 200 2292 "-" "-"
20.42.209.0 - - [28/Jan/2026:16:16:14 -0500] "GET /wp-admin/js/index.php HTTP/1.1" 404 282 "-" "-"
20.42.209.0 - - [28/Jan/2026:16:16:15 -0500] "GET /wp-content/upgrade/about.php HTTP/1.1" 404 289 "-" "-"
20.42.209.0 - - [28/Jan/2026:16:16:15 -0500] "GET /wp-includes/assets/index.php HTTP/1.1" 404 289 "-" "-"
20.42.209.0 - - [28/Jan/2026:16:16:15 -0500] "GET /wp-content/radio.php HTTP/1.1" 404 281 "-" "-"
20.42.209.0 - - [28/Jan/2026:16:16:15 -0500] "GET /wp-includes/fonts/index.php?p= HTTP/1.1" 404 288 "-" "-"
20.42.209.0 - - [28/Jan/2026:16:16:15 -0500] "GET /.well-known/admin.php HTTP/1.1" 404 282 "-" "-"
20.42.209.0 - - [28/Jan/2026:16:16:16 -0500] "GET /wp-content/admin.php HTTP/1.1" 404 281 "-" "-"
20.42.209.0 - - [28/Jan/2026:16:16:16 -0500] "GET /wp-content/plugins/admin.php HTTP/1.1" 404 289 "-" "-"
20.42.209.0 - - [28/Jan/2026:16:16:16 -0500] "GET /wp-content/themes/twentytwentytwo/index.php?p= HTTP/1.1" 404 304 "-" "-"
20.42.209.0 - - [28/Jan/2026:16:16:16 -0500] "GET /.well-known/log.php HTTP/1.1" 404 280 "-" "-"
20.42.209.0 - - [28/Jan/2026:16:16:16 -0500] "GET /class.php HTTP/1.1" 404 270 "-" "-"
20.42.209.0 - - [28/Jan/2026:16:16:16 -0500] "GET /bless5.php HTTP/1.1" 404 271 "-" "-"
20.42.209.0 - - [28/Jan/2026:16:16:17 -0500] "GET /wp-includes/js/codemirror/index.php HTTP/1.1" 404 296 "-" "-"
20.42.209.0 - - [28/Jan/2026:16:16:17 -0500] "GET /wp-includes/block-patterns/index.php HTTP/1.1" 404 297 "-" "-"
20.42.209.0 - - [28/Jan/2026:16:16:17 -0500] "GET /lock360.php HTTP/1.1" 404 272 "-" "-"
20.42.209.0 - - [28/Jan/2026:16:16:17 -0500] "GET /ioxi-o1.php HTTP/1.1" 404 272 "-" "-"
20.42.209.0 - - [28/Jan/2026:16:16:18 -0500] "GET /juuuu.php HTTP/1.1" 404 270 "-" "-"
20.42.209.0 - - [28/Jan/2026:16:16:18 -0500] "GET /ha.php HTTP/1.1" 404 267 "-" "-"
20.42.209.0 - - [28/Jan/2026:16:16:18 -0500] "GET /gg.php HTTP/1.1" 404 267 "-" "-"
20.42.209.0 - - [28/Jan/2026:16:16:18 -0500] "GET /we2.php HTTP/1.1" 404 268 "-" "-"
20.42.209.0 - - [28/Jan/2026:16:16:18 -0500] "GET /04.php HTTP/1.1" 404 267 "-" "-"
20.42.209.0 - - [28/Jan/2026:16:16:19 -0500] "GET /333.php HTTP/1.1" 404 268 "-" "-"
20.42.209.0 - - [28/Jan/2026:16:16:19 -0500] "GET /520.php HTTP/1.1" 404 268 "-" "-"
20.42.209.0 - - [28/Jan/2026:16:16:19 -0500] "GET /ar.php HTTP/1.1" 404 267 "-" "-"
20.42.209.0 - - [28/Jan/2026:16:16:19 -0500] "GET /x.php HTTP/1.1" 404 266 "-" "-"
20.42.209.0 - - [28/Jan/2026:16:16:19 -0500] "GET /xx.php HTTP/1.1" 404 267 "-" "-"
20.42.209.0 - - [28/Jan/2026:16:16:20 -0500] "GET /gifclass4.php HTTP/1.1" 404 274 "-" "-"
20.42.209.0 - - [28/Jan/2026:16:16:20 -0500] "GET /2clas.php HTTP/1.1" 404 270 "-" "-"
20.42.209.0 - - [28/Jan/2026:16:16:20 -0500] "GET /ave.php HTTP/1.1" 404 268 "-" "-"
20.42.209.0 - - [28/Jan/2026:16:16:20 -0500] "GET /wrt.php HTTP/1.1" 404 268 "-" "-"
20.42.209.0 - - [28/Jan/2026:16:16:20 -0500] "GET /bibil.php HTTP/1.1" 404 270 "-" "-"
20.42.209.0 - - [28/Jan/2026:16:16:20 -0500] "GET /radio.php HTTP/1.1" 404 270 "-" "-"
20.42.209.0 - - [28/Jan/2026:16:16:21 -0500] "GET /files.php HTTP/1.1" 404 270 "-" "-"
20.42.209.0 - - [28/Jan/2026:16:16:21 -0500] "GET /file7.php HTTP/1.1" 404 270 "-" "-"
20.42.209.0 - - [28/Jan/2026:16:16:21 -0500] "GET /gifclass.php HTTP/1.1" 404 273 "-" "-"
20.42.209.0 - - [28/Jan/2026:16:16:21 -0500] "GET /wp-admin/css/colors/midnight/about.php HTTP/1.1" 404 299 "-" "-"
20.42.209.0 - - [28/Jan/2026:16:16:22 -0500] "GET /nox.php HTTP/1.1" 404 268 "-" "-"
20.42.209.0 - - [28/Jan/2026:16:16:22 -0500] "GET /file48.php HTTP/1.1" 404 271 "-" "-"
20.42.209.0 - - [28/Jan/2026:16:16:22 -0500] "GET /info.php HTTP/1.1" 404 269 "-" "-"
20.42.209.0 - - [28/Jan/2026:16:16:22 -0500] "GET /class9.php HTTP/1.1" 404 271 "-" "-"
20.42.209.0 - - [28/Jan/2026:16:16:22 -0500] "GET /la.php HTTP/1.1" 404 267 "-" "-"
20.42.209.0 - - [28/Jan/2026:16:16:22 -0500] "GET /bless11.php HTTP/1.1" 404 272 "-" "-"
20.42.209.0 - - [28/Jan/2026:16:16:23 -0500] "GET /ccou.php HTTP/1.1" 404 269 "-" "-"
20.42.209.0 - - [28/Jan/2026:16:16:23 -0500] "GET /ton.php HTTP/1.1" 404 268 "-" "-"
20.42.209.0 - - [28/Jan/2026:16:16:23 -0500] "GET /403.php HTTP/1.1" 404 268 "-" "-"
20.42.209.0 - - [28/Jan/2026:16:16:23 -0500] "GET /file9.php HTTP/1.1" 404 270 "-" "-"
20.42.209.0 - - [28/Jan/2026:16:16:23 -0500] "GET /ac.php HTTP/1.1" 404 267 "-" "-"
20.42.209.0 - - [28/Jan/2026:16:16:24 -0500] "GET /new4.php HTTP/1.1" 404 269 "-" "-"
20.42.209.0 - - [28/Jan/2026:16:16:24 -0500] "GET /pop.php HTTP/1.1" 404 268 "-" "-"
20.42.209.0 - - [28/Jan/2026:16:16:24 -0500] "GET /az.php HTTP/1.1" 404 267 "-" "-"
20.42.209.0 - - [28/Jan/2026:16:16:24 -0500] "GET /xaz.php HTTP/1.1" 404 268 "-" "-"
20.42.209.0 - - [28/Jan/2026:16:16:24 -0500] "GET /up4.php HTTP/1.1" 404 268 "-" "-"
20.42.209.0 - - [28/Jan/2026:16:16:25 -0500] "GET /1aa.php HTTP/1.1" 404 268 "-" "-"
20.42.209.0 - - [28/Jan/2026:16:16:25 -0500] "GET /elp.php HTTP/1.1" 404 268 "-" "-"
20.42.209.0 - - [28/Jan/2026:16:16:25 -0500] "GET /wtz.php HTTP/1.1" 404 268 "-" "-"
20.42.209.0 - - [28/Jan/2026:16:16:25 -0500] "GET /galex.php HTTP/1.1" 404 270 "-" "-"
20.42.209.0 - - [28/Jan/2026:16:16:25 -0500] "GET /xb.php HTTP/1.1" 404 267 "-" "-"
