217.113.196.186 - - [26/Jan/2026:22:10:13 -0500] "GET /index.php/category/busty-milfs/feed HTTP/1.1" 200 3874 "-" "Mozilla/5.0 (compatible; IbouBot/1.0; +bot@ibou.io; +https://ibou.io/iboubot.html)"
144.91.126.77 - - [26/Jan/2026:22:10:13 -0500] "POST /wp-login.php HTTP/1.1" 301 - "http://mommysnude.com/wp-login.php" "Mozilla/5.0 (Macintosh; Intel Mac OS X 13_6_2) AppleWebKit/537.36 (KHTML, like Gecko) Chrome/122.0.6261.57 Safari/537.36"
144.91.126.77 - - [26/Jan/2026:22:10:14 -0500] "GET /wp-login.php HTTP/1.1" 200 2363 "http://mommysnude.com/wp-login.php" "Mozilla/5.0 (Macintosh; Intel Mac OS X 13_6_2) AppleWebKit/537.36 (KHTML, like Gecko) Chrome/122.0.6261.57 Safari/537.36"
74.206.190.76 - - [26/Jan/2026:22:10:25 -0500] "GET / HTTP/1.1" 200 35752 "-" "curl/7.29.0"
144.91.126.77 - - [26/Jan/2026:22:10:25 -0500] "POST /wp-login.php HTTP/1.1" 301 - "http://mommysnude.com/wp-login.php" "Mozilla/5.0 (Windows NT 10.0; Win64; x64) AppleWebKit/537.36 (KHTML, like Gecko) Chrome/121.0.0.0 Safari/537.36 Edg/121.0.2277.83"
144.91.126.77 - - [26/Jan/2026:22:10:26 -0500] "GET /wp-login.php HTTP/1.1" 200 2363 "http://mommysnude.com/wp-login.php" "Mozilla/5.0 (Windows NT 10.0; Win64; x64) AppleWebKit/537.36 (KHTML, like Gecko) Chrome/121.0.0.0 Safari/537.36 Edg/121.0.2277.83"
144.91.126.77 - - [26/Jan/2026:22:10:37 -0500] "POST /wp-login.php HTTP/1.1" 301 - "http://mommysnude.com/wp-login.php" "Mozilla/5.0 (Macintosh; Intel Mac OS X 13_6_2) AppleWebKit/537.36 (KHTML, like Gecko) Chrome/118.0.5993.88 Safari/537.36"
144.91.126.77 - - [26/Jan/2026:22:10:38 -0500] "GET /wp-login.php HTTP/1.1" 200 2363 "http://mommysnude.com/wp-login.php" "Mozilla/5.0 (Macintosh; Intel Mac OS X 13_6_2) AppleWebKit/537.36 (KHTML, like Gecko) Chrome/118.0.5993.88 Safari/537.36"
217.113.196.185 - - [26/Jan/2026:22:10:47 -0500] "GET /index.php/category/latina-milfs/feed HTTP/1.1" 200 1829 "-" "Mozilla/5.0 (compatible; IbouBot/1.0; +bot@ibou.io; +https://ibou.io/iboubot.html)"
144.91.126.77 - - [26/Jan/2026:22:10:50 -0500] "POST /wp-login.php HTTP/1.1" 301 - "http://mommysnude.com/wp-login.php" "Mozilla/5.0 (Macintosh; Intel Mac OS X 10_15_7) AppleWebKit/537.36 (KHTML, like Gecko) Chrome/119.0.6045.159 Safari/537.36"
144.91.126.77 - - [26/Jan/2026:22:10:50 -0500] "GET /wp-login.php HTTP/1.1" 200 2363 "http://mommysnude.com/wp-login.php" "Mozilla/5.0 (Macintosh; Intel Mac OS X 10_15_7) AppleWebKit/537.36 (KHTML, like Gecko) Chrome/119.0.6045.159 Safari/537.36"
144.91.126.77 - - [26/Jan/2026:22:11:02 -0500] "POST /wp-login.php HTTP/1.1" 301 - "http://mommysnude.com/wp-login.php" "Mozilla/5.0 (Windows NT 11.0; Win64; x64) AppleWebKit/537.36 (KHTML, like Gecko) Chrome/118.0.5993.88 Safari/537.36"
144.91.126.77 - - [26/Jan/2026:22:11:02 -0500] "GET /wp-login.php HTTP/1.1" 200 2363 "http://mommysnude.com/wp-login.php" "Mozilla/5.0 (Windows NT 11.0; Win64; x64) AppleWebKit/537.36 (KHTML, like Gecko) Chrome/118.0.5993.88 Safari/537.36"
144.91.126.77 - - [26/Jan/2026:22:11:14 -0500] "POST /wp-login.php HTTP/1.1" 301 - "http://mommysnude.com/wp-login.php" "Mozilla/5.0 (Windows NT 10.0; Win64; x64) AppleWebKit/537.36 (KHTML, like Gecko) Chrome/119.0.6045.159 Safari/537.36"
74.206.190.76 - - [26/Jan/2026:22:11:15 -0500] "POST /wp-cron.php?doing_wp_cron=1769483474.9957439899444580078125 HTTP/1.1" 200 - "http://www.mommysnude.com/wp-cron.php?doing_wp_cron=1769483474.9957439899444580078125" "WordPress/4.9.16; http://www.mommysnude.com"
144.91.126.77 - - [26/Jan/2026:22:11:14 -0500] "GET /wp-login.php HTTP/1.1" 200 2363 "http://mommysnude.com/wp-login.php" "Mozilla/5.0 (Windows NT 10.0; Win64; x64) AppleWebKit/537.36 (KHTML, like Gecko) Chrome/119.0.6045.159 Safari/537.36"
217.113.196.153 - - [26/Jan/2026:22:11:20 -0500] "GET /index.php/category/married-milfs/feed HTTP/1.1" 200 4755 "-" "Mozilla/5.0 (compatible; IbouBot/1.0; +bot@ibou.io; +https://ibou.io/iboubot.html)"
144.91.126.77 - - [26/Jan/2026:22:11:26 -0500] "POST /wp-login.php HTTP/1.1" 301 - "http://mommysnude.com/wp-login.php" "Mozilla/5.0 (Macintosh; Intel Mac OS X 10_15_7) AppleWebKit/537.36 (KHTML, like Gecko) Chrome/120.0.6099.130 Safari/537.36"
144.91.126.77 - - [26/Jan/2026:22:11:27 -0500] "GET /wp-login.php HTTP/1.1" 200 2363 "http://mommysnude.com/wp-login.php" "Mozilla/5.0 (Macintosh; Intel Mac OS X 10_15_7) AppleWebKit/537.36 (KHTML, like Gecko) Chrome/120.0.6099.130 Safari/537.36"
144.91.126.77 - - [26/Jan/2026:22:11:39 -0500] "POST /wp-login.php HTTP/1.1" 301 - "http://mommysnude.com/wp-login.php" "Mozilla/5.0 (Windows NT 10.0; Win64; x64) AppleWebKit/537.36 (KHTML, like Gecko) Chrome/120.0.6099.130 Safari/537.36"
144.91.126.77 - - [26/Jan/2026:22:11:39 -0500] "GET /wp-login.php HTTP/1.1" 200 2363 "http://mommysnude.com/wp-login.php" "Mozilla/5.0 (Windows NT 10.0; Win64; x64) AppleWebKit/537.36 (KHTML, like Gecko) Chrome/120.0.6099.130 Safari/537.36"
144.91.126.77 - - [26/Jan/2026:22:11:50 -0500] "POST /wp-login.php HTTP/1.1" 301 - "http://mommysnude.com/wp-login.php" "Mozilla/5.0 (Windows NT 10.0; Win64; x64) AppleWebKit/537.36 (KHTML, like Gecko) Chrome/121.0.6167.85 Safari/537.36"
144.91.126.77 - - [26/Jan/2026:22:11:51 -0500] "GET /wp-login.php HTTP/1.1" 200 2363 "http://mommysnude.com/wp-login.php" "Mozilla/5.0 (Windows NT 10.0; Win64; x64) AppleWebKit/537.36 (KHTML, like Gecko) Chrome/121.0.6167.85 Safari/537.36"
217.113.196.130 - - [26/Jan/2026:22:11:55 -0500] "GET /index.php/blonde-milfs/kristal-summers.html HTTP/1.1" 200 33308 "-" "Mozilla/5.0 (compatible; IbouBot/1.0; +bot@ibou.io; +https://ibou.io/iboubot.html)"
144.91.126.77 - - [26/Jan/2026:22:12:02 -0500] "POST /wp-login.php HTTP/1.1" 301 - "http://mommysnude.com/wp-login.php" "Mozilla/5.0 (Windows NT 10.0; Win64; x64) AppleWebKit/537.36 (KHTML, like Gecko) Chrome/119.0.0.0 Safari/537.36 Edg/119.0.2151.97"
144.91.126.77 - - [26/Jan/2026:22:12:02 -0500] "GET /wp-login.php HTTP/1.1" 200 2363 "http://mommysnude.com/wp-login.php" "Mozilla/5.0 (Windows NT 10.0; Win64; x64) AppleWebKit/537.36 (KHTML, like Gecko) Chrome/119.0.0.0 Safari/537.36 Edg/119.0.2151.97"
144.91.126.77 - - [26/Jan/2026:22:12:14 -0500] "POST /wp-login.php HTTP/1.1" 301 - "http://mommysnude.com/wp-login.php" "Mozilla/5.0 (Windows NT 10.0; Win64; x64) AppleWebKit/537.36 (KHTML, like Gecko) Chrome/118.0.5993.88 Safari/537.36"
144.91.126.77 - - [26/Jan/2026:22:12:15 -0500] "GET /wp-login.php HTTP/1.1" 200 2363 "http://mommysnude.com/wp-login.php" "Mozilla/5.0 (Windows NT 10.0; Win64; x64) AppleWebKit/537.36 (KHTML, like Gecko) Chrome/118.0.5993.88 Safari/537.36"
144.91.126.77 - - [26/Jan/2026:22:12:26 -0500] "POST /wp-login.php HTTP/1.1" 301 - "http://mommysnude.com/wp-login.php" "Mozilla/5.0 (Windows NT 10.0; Win64; x64) AppleWebKit/537.36 (KHTML, like Gecko) Chrome/120.0.0.0 Safari/537.36 Edg/120.0.2210.133"
144.91.126.77 - - [26/Jan/2026:22:12:26 -0500] "GET /wp-login.php HTTP/1.1" 200 2363 "http://mommysnude.com/wp-login.php" "Mozilla/5.0 (Windows NT 10.0; Win64; x64) AppleWebKit/537.36 (KHTML, like Gecko) Chrome/120.0.0.0 Safari/537.36 Edg/120.0.2210.133"
217.113.196.159 - - [26/Jan/2026:22:12:27 -0500] "GET /index.php/busty-milfs/phoenix-marie.html HTTP/1.1" 200 27387 "-" "Mozilla/5.0 (compatible; IbouBot/1.0; +bot@ibou.io; +https://ibou.io/iboubot.html)"
144.91.126.77 - - [26/Jan/2026:22:12:38 -0500] "POST /wp-login.php HTTP/1.1" 301 - "http://mommysnude.com/wp-login.php" "Mozilla/5.0 (Windows NT 10.0; Win64; x64) AppleWebKit/537.36 (KHTML, like Gecko) Chrome/119.0.0.0 Safari/537.36 Edg/119.0.2151.97"
144.91.126.77 - - [26/Jan/2026:22:12:38 -0500] "GET /wp-login.php HTTP/1.1" 200 2363 "http://mommysnude.com/wp-login.php" "Mozilla/5.0 (Windows NT 10.0; Win64; x64) AppleWebKit/537.36 (KHTML, like Gecko) Chrome/119.0.0.0 Safari/537.36 Edg/119.0.2151.97"
144.91.126.77 - - [26/Jan/2026:22:12:50 -0500] "POST /wp-login.php HTTP/1.1" 301 - "http://mommysnude.com/wp-login.php" "Mozilla/5.0 (Windows NT 10.0; Win64; x64) AppleWebKit/537.36 (KHTML, like Gecko) Chrome/121.0.0.0 Safari/537.36 Edg/121.0.2277.83"
144.91.126.77 - - [26/Jan/2026:22:12:50 -0500] "GET /wp-login.php HTTP/1.1" 200 2363 "http://mommysnude.com/wp-login.php" "Mozilla/5.0 (Windows NT 10.0; Win64; x64) AppleWebKit/537.36 (KHTML, like Gecko) Chrome/121.0.0.0 Safari/537.36 Edg/121.0.2277.83"
217.113.196.182 - - [26/Jan/2026:22:12:56 -0500] "GET /index.php/brunette-milfs/cheating-milf.html HTTP/1.1" 200 29764 "-" "Mozilla/5.0 (compatible; IbouBot/1.0; +bot@ibou.io; +https://ibou.io/iboubot.html)"
144.91.126.77 - - [26/Jan/2026:22:13:02 -0500] "POST /wp-login.php HTTP/1.1" 301 - "http://mommysnude.com/wp-login.php" "Mozilla/5.0 (X11; Linux x86_64) Gecko/20100101 Firefox/118.0.2"
144.91.126.77 - - [26/Jan/2026:22:13:02 -0500] "GET /wp-login.php HTTP/1.1" 200 2363 "http://mommysnude.com/wp-login.php" "Mozilla/5.0 (X11; Linux x86_64) Gecko/20100101 Firefox/118.0.2"
144.91.126.77 - - [26/Jan/2026:22:13:14 -0500] "POST /wp-login.php HTTP/1.1" 301 - "http://mommysnude.com/wp-login.php" "Mozilla/5.0 (Windows NT 11.0; Win64; x64) AppleWebKit/537.36 (KHTML, like Gecko) Chrome/120.0.6099.130 Safari/537.36"
144.91.126.77 - - [26/Jan/2026:22:13:14 -0500] "GET /wp-login.php HTTP/1.1" 200 2363 "http://mommysnude.com/wp-login.php" "Mozilla/5.0 (Windows NT 11.0; Win64; x64) AppleWebKit/537.36 (KHTML, like Gecko) Chrome/120.0.6099.130 Safari/537.36"
144.91.126.77 - - [26/Jan/2026:22:13:25 -0500] "POST /wp-login.php HTTP/1.1" 301 - "http://mommysnude.com/wp-login.php" "Mozilla/5.0 (X11; Linux x86_64) AppleWebKit/537.36 (KHTML, like Gecko) Chrome/118.0.5993.88 Safari/537.36"
144.91.126.77 - - [26/Jan/2026:22:13:26 -0500] "GET /wp-login.php HTTP/1.1" 200 2363 "http://mommysnude.com/wp-login.php" "Mozilla/5.0 (X11; Linux x86_64) AppleWebKit/537.36 (KHTML, like Gecko) Chrome/118.0.5993.88 Safari/537.36"
217.113.196.185 - - [26/Jan/2026:22:13:27 -0500] "GET /index.php/brunette-milfs/naughty-milf.html HTTP/1.1" 200 30751 "-" "Mozilla/5.0 (compatible; IbouBot/1.0; +bot@ibou.io; +https://ibou.io/iboubot.html)"
144.91.126.77 - - [26/Jan/2026:22:13:37 -0500] "POST /wp-login.php HTTP/1.1" 301 - "http://mommysnude.com/wp-login.php" "Mozilla/5.0 (X11; Linux x86_64) AppleWebKit/537.36 (KHTML, like Gecko) Chrome/120.0.6099.130 Safari/537.36"
144.91.126.77 - - [26/Jan/2026:22:13:38 -0500] "GET /wp-login.php HTTP/1.1" 200 2363 "http://mommysnude.com/wp-login.php" "Mozilla/5.0 (X11; Linux x86_64) AppleWebKit/537.36 (KHTML, like Gecko) Chrome/120.0.6099.130 Safari/537.36"
144.91.126.77 - - [26/Jan/2026:22:13:49 -0500] "POST /wp-login.php HTTP/1.1" 301 - "http://mommysnude.com/wp-login.php" "Mozilla/5.0 (Windows NT 10.0; Win64; x64) AppleWebKit/537.36 (KHTML, like Gecko) Chrome/120.0.6099.130 Safari/537.36"
144.91.126.77 - - [26/Jan/2026:22:13:49 -0500] "GET /wp-login.php HTTP/1.1" 200 2363 "http://mommysnude.com/wp-login.php" "Mozilla/5.0 (Windows NT 10.0; Win64; x64) AppleWebKit/537.36 (KHTML, like Gecko) Chrome/120.0.6099.130 Safari/537.36"
144.91.126.77 - - [26/Jan/2026:22:14:01 -0500] "POST /wp-login.php HTTP/1.1" 301 - "http://mommysnude.com/wp-login.php" "Mozilla/5.0 (X11; Linux x86_64) AppleWebKit/537.36 (KHTML, like Gecko) Chrome/121.0.6167.85 Safari/537.36"
144.91.126.77 - - [26/Jan/2026:22:14:02 -0500] "GET /wp-login.php HTTP/1.1" 200 2363 "http://mommysnude.com/wp-login.php" "Mozilla/5.0 (X11; Linux x86_64) AppleWebKit/537.36 (KHTML, like Gecko) Chrome/121.0.6167.85 Safari/537.36"
217.113.196.160 - - [26/Jan/2026:22:14:05 -0500] "GET /index.php/blonde-milfs/nude-milf-tube.html HTTP/1.1" 200 33304 "-" "Mozilla/5.0 (compatible; IbouBot/1.0; +bot@ibou.io; +https://ibou.io/iboubot.html)"
144.91.126.77 - - [26/Jan/2026:22:14:13 -0500] "POST /wp-login.php HTTP/1.1" 301 - "http://mommysnude.com/wp-login.php" "Mozilla/5.0 (X11; Linux x86_64) Gecko/20100101 Firefox/122.0"
144.91.126.77 - - [26/Jan/2026:22:14:14 -0500] "GET /wp-login.php HTTP/1.1" 200 2363 "http://mommysnude.com/wp-login.php" "Mozilla/5.0 (X11; Linux x86_64) Gecko/20100101 Firefox/122.0"
144.91.126.77 - - [26/Jan/2026:22:14:25 -0500] "POST /wp-login.php HTTP/1.1" 301 - "http://mommysnude.com/wp-login.php" "Mozilla/5.0 (Macintosh; Intel Mac OS X 13_6_1) AppleWebKit/605.1.15 (KHTML, like Gecko) Version/16.6.1 Safari/605.1.15"
144.91.126.77 - - [26/Jan/2026:22:14:25 -0500] "GET /wp-login.php HTTP/1.1" 200 2363 "http://mommysnude.com/wp-login.php" "Mozilla/5.0 (Macintosh; Intel Mac OS X 13_6_1) AppleWebKit/605.1.15 (KHTML, like Gecko) Version/16.6.1 Safari/605.1.15"
217.113.196.149 - - [26/Jan/2026:22:14:34 -0500] "GET /index.php/tag/reddit-nude-moms-gemacarters/feed HTTP/1.1" 200 1703 "-" "Mozilla/5.0 (compatible; IbouBot/1.0; +bot@ibou.io; +https://ibou.io/iboubot.html)"
144.91.126.77 - - [26/Jan/2026:22:14:37 -0500] "POST /wp-login.php HTTP/1.1" 301 - "http://mommysnude.com/wp-login.php" "Mozilla/5.0 (Macintosh; Intel Mac OS X 10.15) Gecko/20100101 Firefox/122.0"
144.91.126.77 - - [26/Jan/2026:22:14:38 -0500] "GET /wp-login.php HTTP/1.1" 200 2363 "http://mommysnude.com/wp-login.php" "Mozilla/5.0 (Macintosh; Intel Mac OS X 10.15) Gecko/20100101 Firefox/122.0"
217.113.196.175 - - [26/Jan/2026:22:15:05 -0500] "GET /index.php/blonde-milfs/august-milf-tube.html HTTP/1.1" 200 33210 "-" "Mozilla/5.0 (compatible; IbouBot/1.0; +bot@ibou.io; +https://ibou.io/iboubot.html)"
74.206.190.76 - - [26/Jan/2026:22:15:27 -0500] "GET / HTTP/1.1" 200 35752 "-" "curl/7.29.0"
217.113.196.160 - - [26/Jan/2026:22:15:38 -0500] "GET /index.php/blonde-milfs/milfs-tube-movies.html HTTP/1.1" 200 33210 "-" "Mozilla/5.0 (compatible; IbouBot/1.0; +bot@ibou.io; +https://ibou.io/iboubot.html)"
217.113.196.180 - - [26/Jan/2026:22:16:11 -0500] "GET /index.php/blonde-milfs/nude-milf-shyla.html HTTP/1.1" 200 33546 "-" "Mozilla/5.0 (compatible; IbouBot/1.0; +bot@ibou.io; +https://ibou.io/iboubot.html)"
217.113.196.143 - - [26/Jan/2026:22:16:46 -0500] "GET /index.php/blonde-milfs/morgan-ray-mature-tube.html HTTP/1.1" 200 33286 "-" "Mozilla/5.0 (compatible; IbouBot/1.0; +bot@ibou.io; +https://ibou.io/iboubot.html)"
43.157.38.228 - - [26/Jan/2026:22:17:16 -0500] "GET / HTTP/1.1" 200 35752 "-" "Mozilla/5.0 (iPhone; CPU iPhone OS 13_2_3 like Mac OS X) AppleWebKit/605.1.15 (KHTML, like Gecko) Version/13.0.3 Mobile/15E148 Safari/604.1"
217.113.196.180 - - [26/Jan/2026:22:17:20 -0500] "GET /index.php/latina-milfs/alexis-amore-video-tube.html HTTP/1.1" 200 25887 "-" "Mozilla/5.0 (compatible; IbouBot/1.0; +bot@ibou.io; +https://ibou.io/iboubot.html)"
217.113.196.151 - - [26/Jan/2026:22:17:53 -0500] "GET /index.php/blonde-milfs/milfs-tube-free.html/feed HTTP/1.1" 200 1521 "-" "Mozilla/5.0 (compatible; IbouBot/1.0; +bot@ibou.io; +https://ibou.io/iboubot.html)"
74.206.190.76 - - [26/Jan/2026:22:20:35 -0500] "GET / HTTP/1.1" 200 35752 "-" "curl/7.29.0"
74.206.190.76 - - [26/Jan/2026:22:25:26 -0500] "POST /wp-cron.php?doing_wp_cron=1769484326.3519170284271240234375 HTTP/1.1" 200 - "http://www.mommysnude.com/wp-cron.php?doing_wp_cron=1769484326.3519170284271240234375" "WordPress/4.9.16; http://www.mommysnude.com"
74.206.190.76 - - [26/Jan/2026:22:25:26 -0500] "GET / HTTP/1.1" 200 35752 "-" "curl/7.29.0"
74.206.190.76 - - [26/Jan/2026:22:30:23 -0500] "GET / HTTP/1.1" 200 35752 "-" "curl/7.29.0"
74.206.190.76 - - [26/Jan/2026:22:35:26 -0500] "GET / HTTP/1.1" 200 35752 "-" "curl/7.29.0"
141.94.194.132 - - [26/Jan/2026:22:40:07 -0500] "GET /index.php/tag/ass/feed HTTP/1.1" 200 1828 "-" "Mozilla/5.0 (X11; Linux i686) AppleWebKit/537.36 (KHTML, like Gecko) Chrome/30.0.1599.66 Safari/537.36"
74.206.190.76 - - [26/Jan/2026:22:40:37 -0500] "GET / HTTP/1.1" 200 35752 "-" "curl/7.29.0"
74.206.190.76 - - [26/Jan/2026:22:45:31 -0500] "GET / HTTP/1.1" 200 35752 "-" "curl/7.29.0"
74.206.190.76 - - [26/Jan/2026:22:50:24 -0500] "GET / HTTP/1.1" 200 35752 "-" "curl/7.29.0"
74.206.190.76 - - [26/Jan/2026:22:55:31 -0500] "GET / HTTP/1.1" 200 35752 "-" "curl/7.29.0"
216.73.216.35 - - [26/Jan/2026:22:59:38 -0500] "GET /robots.txt HTTP/1.1" 200 29 "-" "Mozilla/5.0 AppleWebKit/537.36 (KHTML, like Gecko; compatible; ClaudeBot/1.0; +claudebot@anthropic.com)"
216.73.216.35 - - [26/Jan/2026:22:59:38 -0500] "GET /index.php/wp-json/oembed/1.0/embed?format=xml&url=http%3A%2F%2Fwww.mommysnude.com%2Findex.php%2Fmarried-milfs%2Fdevon-nikki-tube.html HTTP/1.1" 200 2439 "-" "Mozilla/5.0 AppleWebKit/537.36 (KHTML, like Gecko; compatible; ClaudeBot/1.0; +claudebot@anthropic.com)"
216.73.216.35 - - [26/Jan/2026:23:00:13 -0500] "GET /index.php/married-milfs/holly-morgan-tube.html HTTP/1.1" 200 28246 "-" "Mozilla/5.0 AppleWebKit/537.36 (KHTML, like Gecko; compatible; ClaudeBot/1.0; +claudebot@anthropic.com)"
216.73.216.35 - - [26/Jan/2026:23:00:18 -0500] "GET /index.php/wp-json/oembed/1.0/embed?url=http%3A%2F%2Fwww.mommysnude.com%2Findex.php%2Fbrunette-milfs%2Frayveness.html HTTP/1.1" 200 2293 "-" "Mozilla/5.0 AppleWebKit/537.36 (KHTML, like Gecko; compatible; ClaudeBot/1.0; +claudebot@anthropic.com)"
74.206.190.76 - - [26/Jan/2026:23:00:42 -0500] "GET / HTTP/1.1" 200 35752 "-" "curl/7.29.0"
74.206.190.76 - - [26/Jan/2026:23:05:31 -0500] "POST /wp-cron.php?doing_wp_cron=1769486731.3997330665588378906250 HTTP/1.1" 200 - "http://www.mommysnude.com/wp-cron.php?doing_wp_cron=1769486731.3997330665588378906250" "WordPress/4.9.16; http://www.mommysnude.com"
74.206.190.76 - - [26/Jan/2026:23:05:31 -0500] "GET / HTTP/1.1" 200 35752 "-" "curl/7.29.0"
216.73.216.35 - - [26/Jan/2026:23:06:06 -0500] "GET /index.php/brunette-milfs/kayla-synz.html HTTP/1.1" 200 29473 "-" "Mozilla/5.0 AppleWebKit/537.36 (KHTML, like Gecko; compatible; ClaudeBot/1.0; +claudebot@anthropic.com)"
216.73.216.35 - - [26/Jan/2026:23:06:11 -0500] "GET /?p=56 HTTP/1.1" 301 - "-" "Mozilla/5.0 AppleWebKit/537.36 (KHTML, like Gecko; compatible; ClaudeBot/1.0; +claudebot@anthropic.com)"
216.73.216.35 - - [26/Jan/2026:23:06:11 -0500] "GET /index.php/married-milfs/devon-nikki-tube.html HTTP/1.1" 200 27858 "http://www.mommysnude.com/?p=56" "Mozilla/5.0 AppleWebKit/537.36 (KHTML, like Gecko; compatible; ClaudeBot/1.0; +claudebot@anthropic.com)"
216.73.216.35 - - [26/Jan/2026:23:07:29 -0500] "GET /index.php/page/1 HTTP/1.1" 200 35752 "-" "Mozilla/5.0 AppleWebKit/537.36 (KHTML, like Gecko; compatible; ClaudeBot/1.0; +claudebot@anthropic.com)"
216.73.216.35 - - [26/Jan/2026:23:08:51 -0500] "GET /index.php/wp-json/oembed/1.0/embed?url=http%3A%2F%2Fwww.mommysnude.com%2Findex.php%2Fbrunette-milfs%2Frayveness.html HTTP/1.1" 200 2293 "-" "Mozilla/5.0 AppleWebKit/537.36 (KHTML, like Gecko; compatible; ClaudeBot/1.0; +claudebot@anthropic.com)"
216.73.216.35 - - [26/Jan/2026:23:08:56 -0500] "GET /index.php/wp-json/oembed/1.0/embed?url=http%3A%2F%2Fwww.mommysnude.com%2Findex.php%2Fbusty-milfs%2Fpenny-flame.html HTTP/1.1" 200 2297 "-" "Mozilla/5.0 AppleWebKit/537.36 (KHTML, like Gecko; compatible; ClaudeBot/1.0; +claudebot@anthropic.com)"
216.73.216.35 - - [26/Jan/2026:23:09:27 -0500] "GET /?p=46 HTTP/1.1" 301 - "-" "Mozilla/5.0 AppleWebKit/537.36 (KHTML, like Gecko; compatible; ClaudeBot/1.0; +claudebot@anthropic.com)"
216.73.216.35 - - [26/Jan/2026:23:09:27 -0500] "GET /index.php/brunette-milfs/kayla-synz.html HTTP/1.1" 200 29473 "http://www.mommysnude.com/?p=46" "Mozilla/5.0 AppleWebKit/537.36 (KHTML, like Gecko; compatible; ClaudeBot/1.0; +claudebot@anthropic.com)"
216.73.216.35 - - [26/Jan/2026:23:09:32 -0500] "GET /?p=44 HTTP/1.1" 301 - "-" "Mozilla/5.0 AppleWebKit/537.36 (KHTML, like Gecko; compatible; ClaudeBot/1.0; +claudebot@anthropic.com)"
216.73.216.35 - - [26/Jan/2026:23:09:32 -0500] "GET /index.php/blonde-milfs/shayla-leveaux.html HTTP/1.1" 200 33562 "http://www.mommysnude.com/?p=44" "Mozilla/5.0 AppleWebKit/537.36 (KHTML, like Gecko; compatible; ClaudeBot/1.0; +claudebot@anthropic.com)"
216.73.216.35 - - [26/Jan/2026:23:10:10 -0500] "GET /?p=10 HTTP/1.1" 301 - "-" "Mozilla/5.0 AppleWebKit/537.36 (KHTML, like Gecko; compatible; ClaudeBot/1.0; +claudebot@anthropic.com)"
216.73.216.35 - - [26/Jan/2026:23:10:10 -0500] "GET /index.php/brunette-milfs/kayla-synz-tube.html HTTP/1.1" 200 30104 "http://www.mommysnude.com/?p=10" "Mozilla/5.0 AppleWebKit/537.36 (KHTML, like Gecko; compatible; ClaudeBot/1.0; +claudebot@anthropic.com)"
216.73.216.35 - - [26/Jan/2026:23:10:14 -0500] "GET /?p=23 HTTP/1.1" 301 - "-" "Mozilla/5.0 AppleWebKit/537.36 (KHTML, like Gecko; compatible; ClaudeBot/1.0; +claudebot@anthropic.com)"
216.73.216.35 - - [26/Jan/2026:23:10:15 -0500] "GET /index.php/blonde-milfs/holly-halston-milf.html HTTP/1.1" 200 34054 "http://www.mommysnude.com/?p=23" "Mozilla/5.0 AppleWebKit/537.36 (KHTML, like Gecko; compatible; ClaudeBot/1.0; +claudebot@anthropic.com)"
216.73.216.35 - - [26/Jan/2026:23:10:26 -0500] "GET /index.php/wp-json/oembed/1.0/embed?format=xml&url=http%3A%2F%2Fwww.mommysnude.com%2Findex.php%2Fblonde-milfs%2Fholly-halston-milf.html HTTP/1.1" 200 2429 "-" "Mozilla/5.0 AppleWebKit/537.36 (KHTML, like Gecko; compatible; ClaudeBot/1.0; +claudebot@anthropic.com)"
74.206.190.76 - - [26/Jan/2026:23:10:27 -0500] "GET / HTTP/1.1" 200 35752 "-" "curl/7.29.0"
216.73.216.35 - - [26/Jan/2026:23:10:31 -0500] "GET /index.php/married-milfs/holly-morgan-tube.html HTTP/1.1" 200 28246 "-" "Mozilla/5.0 AppleWebKit/537.36 (KHTML, like Gecko; compatible; ClaudeBot/1.0; +claudebot@anthropic.com)"
216.73.216.35 - - [26/Jan/2026:23:10:53 -0500] "GET /index.php/wp-json/oembed/1.0/embed?format=xml&url=http%3A%2F%2Fwww.mommysnude.com%2Findex.php%2Fbrunette-milfs%2Fkayla-synz.html HTTP/1.1" 200 2393 "-" "Mozilla/5.0 AppleWebKit/537.36 (KHTML, like Gecko; compatible; ClaudeBot/1.0; +claudebot@anthropic.com)"
216.73.216.35 - - [26/Jan/2026:23:10:58 -0500] "GET /index.php/blonde-milfs/porn-tube-milf.html HTTP/1.1" 200 33369 "-" "Mozilla/5.0 AppleWebKit/537.36 (KHTML, like Gecko; compatible; ClaudeBot/1.0; +claudebot@anthropic.com)"
216.73.216.35 - - [26/Jan/2026:23:11:37 -0500] "GET /index.php/wp-json/oembed/1.0/embed?format=xml&url=http%3A%2F%2Fwww.mommysnude.com%2Findex.php%2Fyoung-milf%2Fyoung-milf-movie.html HTTP/1.1" 200 2415 "-" "Mozilla/5.0 AppleWebKit/537.36 (KHTML, like Gecko; compatible; ClaudeBot/1.0; +claudebot@anthropic.com)"
216.73.216.35 - - [26/Jan/2026:23:11:42 -0500] "GET /index.php/wp-json/oembed/1.0/embed?url=http%3A%2F%2Fwww.mommysnude.com%2Findex.php%2Fblonde-milfs%2Fholly-halston-milf.html HTTP/1.1" 200 2334 "-" "Mozilla/5.0 AppleWebKit/537.36 (KHTML, like Gecko; compatible; ClaudeBot/1.0; +claudebot@anthropic.com)"
216.73.216.35 - - [26/Jan/2026:23:12:10 -0500] "GET /index.php/wp-json/oembed/1.0/embed?url=http%3A%2F%2Fwww.mommysnude.com%2Findex.php%2Fblonde-milfs%2Fnude-kristal-summers.html HTTP/1.1" 200 2344 "-" "Mozilla/5.0 AppleWebKit/537.36 (KHTML, like Gecko; compatible; ClaudeBot/1.0; +claudebot@anthropic.com)"
216.73.216.35 - - [26/Jan/2026:23:12:15 -0500] "GET /index.php/wp-json/oembed/1.0/embed?url=http%3A%2F%2Fwww.mommysnude.com%2Findex.php%2Fmarried-milfs%2Fjayden-jaymes-milf-tube.html HTTP/1.1" 200 2361 "-" "Mozilla/5.0 AppleWebKit/537.36 (KHTML, like Gecko; compatible; ClaudeBot/1.0; +claudebot@anthropic.com)"
216.73.216.35 - - [26/Jan/2026:23:12:38 -0500] "GET /index.php/latina-milfs/alexis-amore-video-tube.html HTTP/1.1" 200 25887 "-" "Mozilla/5.0 AppleWebKit/537.36 (KHTML, like Gecko; compatible; ClaudeBot/1.0; +claudebot@anthropic.com)"
216.73.216.35 - - [26/Jan/2026:23:12:43 -0500] "GET /index.php/wp-json/oembed/1.0/embed?url=http%3A%2F%2Fwww.mommysnude.com%2Findex.php%2Fblonde-milfs%2Fnude-milf-shyla.html HTTP/1.1" 200 2358 "-" "Mozilla/5.0 AppleWebKit/537.36 (KHTML, like Gecko; compatible; ClaudeBot/1.0; +claudebot@anthropic.com)"
216.73.216.35 - - [26/Jan/2026:23:13:08 -0500] "GET /index.php/wp-json/oembed/1.0/embed?url=http%3A%2F%2Fwww.mommysnude.com%2Findex.php%2Fblonde-milfs%2Faugust-milf-tube.html HTTP/1.1" 200 2324 "-" "Mozilla/5.0 AppleWebKit/537.36 (KHTML, like Gecko; compatible; ClaudeBot/1.0; +claudebot@anthropic.com)"
216.73.216.35 - - [26/Jan/2026:23:13:13 -0500] "GET /index.php/wp-json/oembed/1.0/embed?url=http%3A%2F%2Fwww.mommysnude.com%2Findex.php%2Fbrunette-milfs%2Fkayla-synz.html HTTP/1.1" 200 2298 "-" "Mozilla/5.0 AppleWebKit/537.36 (KHTML, like Gecko; compatible; ClaudeBot/1.0; +claudebot@anthropic.com)"
216.73.216.35 - - [26/Jan/2026:23:13:19 -0500] "GET /index.php/wp-json/oembed/1.0/embed?url=http%3A%2F%2Fwww.mommysnude.com%2Findex.php%2Fblonde-milfs%2Fmilf-lube-job.html HTTP/1.1" 200 2381 "-" "Mozilla/5.0 AppleWebKit/537.36 (KHTML, like Gecko; compatible; ClaudeBot/1.0; +claudebot@anthropic.com)"
141.94.194.132 - - [26/Jan/2026:23:13:23 -0500] "GET /index.php/category/brunette-milfs/feed HTTP/1.1" 200 6097 "-" "Mozilla/5.0 (X11; Linux i686) AppleWebKit/537.36 (KHTML, like Gecko) Chrome/30.0.1599.66 Safari/537.36"
216.73.216.35 - - [26/Jan/2026:23:13:57 -0500] "GET /index.php/wp-json/oembed/1.0/embed?format=xml&url=http%3A%2F%2Fwww.mommysnude.com%2Findex.php%2Fbusty-milfs%2Fmilf-wife-tube.html HTTP/1.1" 200 2407 "-" "Mozilla/5.0 AppleWebKit/537.36 (KHTML, like Gecko; compatible; ClaudeBot/1.0; +claudebot@anthropic.com)"
216.73.216.35 - - [26/Jan/2026:23:14:29 -0500] "GET /index.php/wp-json/oembed/1.0/embed?format=xml&url=http%3A%2F%2Fwww.mommysnude.com%2Findex.php%2Fblonde-milfs%2Fporn-tube-milf.html HTTP/1.1" 200 2409 "-" "Mozilla/5.0 AppleWebKit/537.36 (KHTML, like Gecko; compatible; ClaudeBot/1.0; +claudebot@anthropic.com)"
216.73.216.35 - - [26/Jan/2026:23:14:48 -0500] "GET /index.php/wp-json/oembed/1.0/embed?format=xml&url=http%3A%2F%2Fwww.mommysnude.com%2Findex.php%2Fblonde-milfs%2Fmorgan-ray-mature-tube.html HTTP/1.1" 200 2449 "-" "Mozilla/5.0 AppleWebKit/537.36 (KHTML, like Gecko; compatible; ClaudeBot/1.0; +claudebot@anthropic.com)"
216.73.216.35 - - [26/Jan/2026:23:15:10 -0500] "GET /index.php/wp-json/oembed/1.0/embed?format=xml&url=http%3A%2F%2Fwww.mommysnude.com%2Findex.php%2Fbrunette-milfs%2Fveronica-rayne-nude-tube.html HTTP/1.1" 200 2463 "-" "Mozilla/5.0 AppleWebKit/537.36 (KHTML, like Gecko; compatible; ClaudeBot/1.0; +claudebot@anthropic.com)"
141.94.194.132 - - [26/Jan/2026:23:15:14 -0500] "GET /index.php/category/married-milfs/feed HTTP/1.1" 200 4755 "-" "Mozilla/5.0 (X11; Linux i686) AppleWebKit/537.36 (KHTML, like Gecko) Chrome/30.0.1599.66 Safari/537.36"
74.206.190.76 - - [26/Jan/2026:23:15:25 -0500] "GET / HTTP/1.1" 200 35752 "-" "curl/7.29.0"
216.73.216.35 - - [26/Jan/2026:23:15:28 -0500] "GET /index.php/wp-json/oembed/1.0/embed?format=xml&url=http%3A%2F%2Fwww.mommysnude.com%2Findex.php%2Fbrunette-milfs%2Fkayla-synz-tube.html HTTP/1.1" 200 2418 "-" "Mozilla/5.0 AppleWebKit/537.36 (KHTML, like Gecko; compatible; ClaudeBot/1.0; +claudebot@anthropic.com)"
216.73.216.35 - - [26/Jan/2026:23:16:02 -0500] "GET /index.php/wp-json/oembed/1.0/embed?url=http%3A%2F%2Fwww.mommysnude.com%2Findex.php%2Fbrunette-milfs%2Fkayla-synz-tube.html HTTP/1.1" 200 2323 "-" "Mozilla/5.0 AppleWebKit/537.36 (KHTML, like Gecko; compatible; ClaudeBot/1.0; +claudebot@anthropic.com)"
216.73.216.35 - - [26/Jan/2026:23:16:17 -0500] "GET /index.php/wp-json/oembed/1.0/embed?url=http%3A%2F%2Fwww.mommysnude.com%2Findex.php%2Fblonde-milfs%2Fnude-milf-tube.html HTTP/1.1" 200 2314 "-" "Mozilla/5.0 AppleWebKit/537.36 (KHTML, like Gecko; compatible; ClaudeBot/1.0; +claudebot@anthropic.com)"
216.73.216.35 - - [26/Jan/2026:23:16:39 -0500] "GET /index.php/tag/kayla-synz/feed HTTP/1.1" 200 1847 "-" "Mozilla/5.0 AppleWebKit/537.36 (KHTML, like Gecko; compatible; ClaudeBot/1.0; +claudebot@anthropic.com)"
216.73.216.35 - - [26/Jan/2026:23:16:44 -0500] "GET /?p=15 HTTP/1.1" 301 - "-" "Mozilla/5.0 AppleWebKit/537.36 (KHTML, like Gecko; compatible; ClaudeBot/1.0; +claudebot@anthropic.com)"
216.73.216.35 - - [26/Jan/2026:23:16:44 -0500] "GET /index.php/married-milfs/jayden-jaymes-milf-tube.html HTTP/1.1" 200 30786 "http://www.mommysnude.com/?p=15" "Mozilla/5.0 AppleWebKit/537.36 (KHTML, like Gecko; compatible; ClaudeBot/1.0; +claudebot@anthropic.com)"
103.131.71.32 - - [26/Jan/2026:23:18:51 -0500] "GET /robots.txt HTTP/1.1" 200 29 "-" "Mozilla/5.0 (compatible; coccocbot-image/1.0; +http://help.coccoc.com/searchengine)"
74.206.190.76 - - [26/Jan/2026:23:20:33 -0500] "GET / HTTP/1.1" 200 35752 "-" "curl/7.29.0"
87.121.84.115 - - [26/Jan/2026:23:23:01 -0500] "GET /admin/assets/global/plugins/jquery-file-upload/server/php/index.php?file=tf2rghf.jpg HTTP/1.1" 302 273 "-" "ALittle Client"
74.206.190.76 - - [26/Jan/2026:23:23:39 -0500] "POST /wp-cron.php?doing_wp_cron=1769487819.9417810440063476562500 HTTP/1.1" 200 - "http://www.mommysnude.com/wp-cron.php?doing_wp_cron=1769487819.9417810440063476562500" "WordPress/4.9.16; http://www.mommysnude.com"
87.121.84.115 - - [26/Jan/2026:23:23:39 -0500] "GET / HTTP/1.1" 200 35752 "-" "ALittle Client"
74.206.190.76 - - [26/Jan/2026:23:25:25 -0500] "GET / HTTP/1.1" 200 35752 "-" "curl/7.29.0"
74.206.190.76 - - [26/Jan/2026:23:30:26 -0500] "GET / HTTP/1.1" 200 35752 "-" "curl/7.29.0"
34.78.207.233 - - [26/Jan/2026:23:31:59 -0500] "GET / HTTP/1.1" 200 35752 "-" "Mozilla/5.0 (Windows NT 10.0; Win64; x64) AppleWebKit/537.36 (KHTML, like Gecko) Chrome/84.0.4147.105 Safari/537.36"
74.206.190.76 - - [26/Jan/2026:23:35:25 -0500] "GET / HTTP/1.1" 200 35752 "-" "curl/7.29.0"
141.94.194.132 - - [26/Jan/2026:23:37:23 -0500] "GET /index.php/category/busty-milfs/feed HTTP/1.1" 200 3874 "-" "Mozilla/5.0 (X11; Linux i686) AppleWebKit/537.36 (KHTML, like Gecko) Chrome/30.0.1599.66 Safari/537.36"
4.236.202.33 - - [26/Jan/2026:23:38:36 -0500] "GET / HTTP/1.1" 200 35752 "-" "Mozilla/5.0 (Windows NT 10.0; Win64; x64) AppleWebKit/537.36 (KHTML, like Gecko) Chrome/91.0.4472.124 Safari/537.36"
4.236.202.33 - - [26/Jan/2026:23:38:36 -0500] "GET /wp-json/wc/v3 HTTP/1.1" 302 277 "-" "Mozilla/5.0 (Windows NT 10.0; Win64; x64) AppleWebKit/537.36 (KHTML, like Gecko) Chrome/91.0.4472.124 Safari/537.36"
4.236.202.33 - - [26/Jan/2026:23:38:36 -0500] "GET / HTTP/1.1" 200 35752 "http://www.mommysnude.com/wp-json/wc/v3" "Mozilla/5.0 (Windows NT 10.0; Win64; x64) AppleWebKit/537.36 (KHTML, like Gecko) Chrome/91.0.4472.124 Safari/537.36"
4.236.202.33 - - [26/Jan/2026:23:38:37 -0500] "GET /magento_version HTTP/1.1" 302 277 "-" "Mozilla/5.0 (Windows NT 10.0; Win64; x64) AppleWebKit/537.36 (KHTML, like Gecko) Chrome/91.0.4472.124 Safari/537.36"
4.236.202.33 - - [26/Jan/2026:23:38:37 -0500] "GET / HTTP/1.1" 200 35752 "http://www.mommysnude.com/magento_version" "Mozilla/5.0 (Windows NT 10.0; Win64; x64) AppleWebKit/537.36 (KHTML, like Gecko) Chrome/91.0.4472.124 Safari/537.36"
4.236.202.33 - - [26/Jan/2026:23:38:37 -0500] "GET /index.php?route=checkout/cart HTTP/1.1" 301 - "-" "Mozilla/5.0 (Windows NT 10.0; Win64; x64) AppleWebKit/537.36 (KHTML, like Gecko) Chrome/91.0.4472.124 Safari/537.36"
4.236.202.33 - - [26/Jan/2026:23:38:37 -0500] "GET /?route=checkout/cart HTTP/1.1" 200 35818 "http://www.mommysnude.com/index.php?route=checkout/cart" "Mozilla/5.0 (Windows NT 10.0; Win64; x64) AppleWebKit/537.36 (KHTML, like Gecko) Chrome/91.0.4472.124 Safari/537.36"
4.236.202.33 - - [26/Jan/2026:23:38:38 -0500] "GET /wp-login.php?action=register HTTP/1.1" 302 - "-" "Mozilla/5.0 (Windows NT 10.0; Win64; x64) AppleWebKit/537.36 (KHTML, like Gecko) Chrome/91.0.4472.124 Safari/537.36"
4.236.202.33 - - [26/Jan/2026:23:38:38 -0500] "GET /wp-login.php?registration=disabled HTTP/1.1" 200 2505 "http://www.mommysnude.com/wp-login.php?action=register" "Mozilla/5.0 (Windows NT 10.0; Win64; x64) AppleWebKit/537.36 (KHTML, like Gecko) Chrome/91.0.4472.124 Safari/537.36"
74.206.190.76 - - [26/Jan/2026:23:40:37 -0500] "GET / HTTP/1.1" 200 35752 "-" "curl/7.29.0"
74.206.190.76 - - [26/Jan/2026:23:45:29 -0500] "GET / HTTP/1.1" 200 35752 "-" "curl/7.29.0"
74.206.190.76 - - [26/Jan/2026:23:50:26 -0500] "GET / HTTP/1.1" 200 35752 "-" "curl/7.29.0"
74.206.190.76 - - [26/Jan/2026:23:55:26 -0500] "GET / HTTP/1.1" 200 35752 "-" "curl/7.29.0"
74.206.190.76 - - [27/Jan/2026:00:00:42 -0500] "GET / HTTP/1.1" 200 35752 "-" "curl/7.29.0"
74.206.190.76 - - [27/Jan/2026:00:05:25 -0500] "POST /wp-cron.php?doing_wp_cron=1769490325.5531210899353027343750 HTTP/1.1" 200 - "http://www.mommysnude.com/wp-cron.php?doing_wp_cron=1769490325.5531210899353027343750" "WordPress/4.9.16; http://www.mommysnude.com"
74.206.190.76 - - [27/Jan/2026:00:05:25 -0500] "GET / HTTP/1.1" 200 35752 "-" "curl/7.29.0"
141.94.194.132 - - [27/Jan/2026:00:08:34 -0500] "GET /index.php/tag/kristal-summers/feed HTTP/1.1" 200 1866 "-" "Mozilla/5.0 (X11; Linux i686) AppleWebKit/537.36 (KHTML, like Gecko) Chrome/30.0.1599.66 Safari/537.36"
74.206.190.76 - - [27/Jan/2026:00:10:26 -0500] "GET / HTTP/1.1" 200 35752 "-" "curl/7.29.0"
74.206.190.76 - - [27/Jan/2026:00:15:23 -0500] "GET / HTTP/1.1" 200 35752 "-" "curl/7.29.0"
74.206.190.76 - - [27/Jan/2026:00:20:36 -0500] "GET / HTTP/1.1" 200 35752 "-" "curl/7.29.0"
74.206.190.76 - - [27/Jan/2026:00:25:23 -0500] "POST /wp-cron.php?doing_wp_cron=1769491523.9815099239349365234375 HTTP/1.1" 200 - "http://www.mommysnude.com/wp-cron.php?doing_wp_cron=1769491523.9815099239349365234375" "WordPress/4.9.16; http://www.mommysnude.com"
74.206.190.76 - - [27/Jan/2026:00:25:23 -0500] "GET / HTTP/1.1" 200 35752 "-" "curl/7.29.0"
74.206.190.76 - - [27/Jan/2026:00:30:24 -0500] "GET / HTTP/1.1" 200 35752 "-" "curl/7.29.0"
74.206.190.76 - - [27/Jan/2026:00:35:24 -0500] "GET / HTTP/1.1" 200 35752 "-" "curl/7.29.0"
141.94.194.132 - - [27/Jan/2026:00:38:55 -0500] "GET /index.php/tag/mommy-tube/feed HTTP/1.1" 200 8383 "-" "Mozilla/5.0 (X11; Linux i686) AppleWebKit/537.36 (KHTML, like Gecko) Chrome/30.0.1599.66 Safari/537.36"
74.206.190.76 - - [27/Jan/2026:00:40:39 -0500] "GET / HTTP/1.1" 200 35752 "-" "curl/7.29.0"
74.206.190.76 - - [27/Jan/2026:00:45:27 -0500] "POST /wp-cron.php?doing_wp_cron=1769492727.8923010826110839843750 HTTP/1.1" 200 - "http://www.mommysnude.com/wp-cron.php?doing_wp_cron=1769492727.8923010826110839843750" "WordPress/4.9.16; http://www.mommysnude.com"
74.206.190.76 - - [27/Jan/2026:00:45:27 -0500] "GET / HTTP/1.1" 200 35752 "-" "curl/7.29.0"
141.94.194.132 - - [27/Jan/2026:00:48:34 -0500] "GET /index.php/tag/blonde/feed HTTP/1.1" 200 1916 "-" "Mozilla/5.0 (X11; Linux i686) AppleWebKit/537.36 (KHTML, like Gecko) Chrome/30.0.1599.66 Safari/537.36"
216.73.216.35 - - [27/Jan/2026:00:50:01 -0500] "GET /robots.txt HTTP/1.1" 200 29 "-" "Mozilla/5.0 AppleWebKit/537.36 (KHTML, like Gecko; compatible; ClaudeBot/1.0; +claudebot@anthropic.com)"
216.73.216.35 - - [27/Jan/2026:00:50:01 -0500] "GET /index.php/wp-json/oembed/1.0/embed?format=xml&url=http%3A%2F%2Fwww.mommysnude.com%2Findex.php%2Fbrunette-milfs%2Fkayla-synz-tube.html HTTP/1.1" 200 2418 "-" "Mozilla/5.0 AppleWebKit/537.36 (KHTML, like Gecko; compatible; ClaudeBot/1.0; +claudebot@anthropic.com)"
216.73.216.35 - - [27/Jan/2026:00:50:06 -0500] "GET /index.php/wp-json/oembed/1.0/embed?url=http%3A%2F%2Fwww.mommysnude.com%2Findex.php%2Fmarried-milfs%2Fholly-morgan-tube.html HTTP/1.1" 200 2331 "-" "Mozilla/5.0 AppleWebKit/537.36 (KHTML, like Gecko; compatible; ClaudeBot/1.0; +claudebot@anthropic.com)"
74.206.190.76 - - [27/Jan/2026:00:50:23 -0500] "GET / HTTP/1.1" 200 35752 "-" "curl/7.29.0"
216.73.216.35 - - [27/Jan/2026:00:52:09 -0500] "GET /index.php/wp-json/oembed/1.0/embed?format=xml&url=http%3A%2F%2Fwww.mommysnude.com%2Findex.php%2Fbrunette-milfs%2Fkayla-synz.html HTTP/1.1" 200 2393 "-" "Mozilla/5.0 AppleWebKit/537.36 (KHTML, like Gecko; compatible; ClaudeBot/1.0; +claudebot@anthropic.com)"
216.73.216.35 - - [27/Jan/2026:00:52:14 -0500] "GET /index.php/wp-json/oembed/1.0/embed?format=xml&url=http%3A%2F%2Fwww.mommysnude.com%2Findex.php%2Fmarried-milfs%2Fholly-morgan-tube.html HTTP/1.1" 200 2426 "-" "Mozilla/5.0 AppleWebKit/537.36 (KHTML, like Gecko; compatible; ClaudeBot/1.0; +claudebot@anthropic.com)"
216.73.216.35 - - [27/Jan/2026:00:53:21 -0500] "GET /index.php/wp-json/oembed/1.0/embed?url=http%3A%2F%2Fwww.mommysnude.com%2Findex.php%2Fbrunette-milfs%2Fkayla-synz.html HTTP/1.1" 200 2298 "-" "Mozilla/5.0 AppleWebKit/537.36 (KHTML, like Gecko; compatible; ClaudeBot/1.0; +claudebot@anthropic.com)"
216.73.216.35 - - [27/Jan/2026:00:53:26 -0500] "GET /?p=6 HTTP/1.1" 301 - "-" "Mozilla/5.0 AppleWebKit/537.36 (KHTML, like Gecko; compatible; ClaudeBot/1.0; +claudebot@anthropic.com)"
216.73.216.35 - - [27/Jan/2026:00:53:26 -0500] "GET /index.php/married-milfs/holly-morgan-tube.html HTTP/1.1" 200 28246 "http://www.mommysnude.com/?p=6" "Mozilla/5.0 AppleWebKit/537.36 (KHTML, like Gecko; compatible; ClaudeBot/1.0; +claudebot@anthropic.com)"
74.206.190.76 - - [27/Jan/2026:00:55:54 -0500] "GET / HTTP/1.1" 200 35752 "-" "curl/7.29.0"
216.73.216.35 - - [27/Jan/2026:00:57:18 -0500] "GET /index.php/wp-json/oembed/1.0/embed?format=xml&url=http%3A%2F%2Fwww.mommysnude.com%2Findex.php%2Flatina-milfs%2Falexis-amore-video-tube.html HTTP/1.1" 200 2454 "-" "Mozilla/5.0 AppleWebKit/537.36 (KHTML, like Gecko; compatible; ClaudeBot/1.0; +claudebot@anthropic.com)"
216.73.216.35 - - [27/Jan/2026:00:58:31 -0500] "GET /?p=3 HTTP/1.1" 301 - "-" "Mozilla/5.0 AppleWebKit/537.36 (KHTML, like Gecko; compatible; ClaudeBot/1.0; +claudebot@anthropic.com)"
216.73.216.35 - - [27/Jan/2026:00:58:31 -0500] "GET /index.php/latina-milfs/alexis-amore-video-tube.html HTTP/1.1" 200 25887 "http://www.mommysnude.com/?p=3" "Mozilla/5.0 AppleWebKit/537.36 (KHTML, like Gecko; compatible; ClaudeBot/1.0; +claudebot@anthropic.com)"
74.206.190.76 - - [27/Jan/2026:01:00:36 -0500] "GET / HTTP/1.1" 200 35752 "-" "curl/7.29.0"
216.73.216.35 - - [27/Jan/2026:01:00:53 -0500] "GET /index.php/wp-json/oembed/1.0/embed?url=http%3A%2F%2Fwww.mommysnude.com%2Findex.php%2Flatina-milfs%2Falexis-amore-video-tube.html HTTP/1.1" 200 2359 "-" "Mozilla/5.0 AppleWebKit/537.36 (KHTML, like Gecko; compatible; ClaudeBot/1.0; +claudebot@anthropic.com)"
74.206.190.76 - - [27/Jan/2026:01:05:24 -0500] "POST /wp-cron.php?doing_wp_cron=1769493924.1741430759429931640625 HTTP/1.1" 200 - "http://www.mommysnude.com/wp-cron.php?doing_wp_cron=1769493924.1741430759429931640625" "WordPress/4.9.16; http://www.mommysnude.com"
74.206.190.76 - - [27/Jan/2026:01:05:24 -0500] "GET / HTTP/1.1" 200 35752 "-" "curl/7.29.0"
114.119.151.80 - - [27/Jan/2026:01:05:58 -0500] "GET /index.php/uncategorized/kristal-summers.html HTTP/1.1" 301 - "http://www.mommysnude.com/index.php/tag/mature-tube/page/2" "Mozilla/5.0 (Linux; Android 7.0;) AppleWebKit/537.36 (KHTML, like Gecko) Mobile Safari/537.36 (compatible; PetalBot;+https://webmaster.petalsearch.com/site/petalbot)"
114.119.151.80 - - [27/Jan/2026:01:06:00 -0500] "GET /index.php/blonde-milfs/kristal-summers.html HTTP/1.1" 200 33308 "http://www.mommysnude.com/index.php/tag/mature-tube/page/2" "Mozilla/5.0 (Linux; Android 7.0;) AppleWebKit/537.36 (KHTML, like Gecko) Mobile Safari/537.36 (compatible; PetalBot;+https://webmaster.petalsearch.com/site/petalbot)"
74.206.190.76 - - [27/Jan/2026:01:10:23 -0500] "GET / HTTP/1.1" 200 35752 "-" "curl/7.29.0"
74.206.190.76 - - [27/Jan/2026:01:15:29 -0500] "GET / HTTP/1.1" 200 35752 "-" "curl/7.29.0"
74.206.190.76 - - [27/Jan/2026:01:21:21 -0500] "GET / HTTP/1.1" 200 35752 "-" "curl/7.29.0"
74.206.190.76 - - [27/Jan/2026:01:22:09 -0500] "POST /wp-cron.php?doing_wp_cron=1769494929.7859060764312744140625 HTTP/1.1" 200 - "http://www.mommysnude.com/wp-cron.php?doing_wp_cron=1769494929.7859060764312744140625" "WordPress/4.9.16; http://www.mommysnude.com"
141.94.194.132 - - [27/Jan/2026:01:22:08 -0500] "GET /index.php/tag/ass/feed HTTP/1.1" 200 1828 "-" "Mozilla/5.0 (X11; Linux i686) AppleWebKit/537.36 (KHTML, like Gecko) Chrome/30.0.1599.66 Safari/537.36"
74.206.190.76 - - [27/Jan/2026:01:25:38 -0500] "POST /wp-cron.php?doing_wp_cron=1769495138.2540259361267089843750 HTTP/1.1" 200 - "http://www.mommysnude.com/wp-cron.php?doing_wp_cron=1769495138.2540259361267089843750" "WordPress/4.9.16; http://www.mommysnude.com"
74.206.190.76 - - [27/Jan/2026:01:25:38 -0500] "GET / HTTP/1.1" 200 35752 "-" "curl/7.29.0"
74.206.190.76 - - [27/Jan/2026:01:30:40 -0500] "GET / HTTP/1.1" 200 35752 "-" "curl/7.29.0"
74.206.190.76 - - [27/Jan/2026:01:35:33 -0500] "GET / HTTP/1.1" 200 35752 "-" "curl/7.29.0"
141.94.194.132 - - [27/Jan/2026:01:37:52 -0500] "GET /index.php/blonde-milfs/milfs-tube-free.html/feed HTTP/1.1" 200 1521 "-" "Mozilla/5.0 (X11; Linux i686) AppleWebKit/537.36 (KHTML, like Gecko) Chrome/30.0.1599.66 Safari/537.36"
74.206.190.76 - - [27/Jan/2026:01:40:34 -0500] "GET / HTTP/1.1" 200 35752 "-" "curl/7.29.0"
74.206.190.76 - - [27/Jan/2026:01:45:26 -0500] "GET / HTTP/1.1" 200 35752 "-" "curl/7.29.0"
74.206.190.76 - - [27/Jan/2026:01:50:24 -0500] "GET / HTTP/1.1" 200 35752 "-" "curl/7.29.0"
74.206.190.76 - - [27/Jan/2026:01:55:24 -0500] "GET / HTTP/1.1" 200 35752 "-" "curl/7.29.0"
114.119.132.11 - - [27/Jan/2026:01:59:51 -0500] "GET /index.php/young-milf/mommy-jenna-haze-tube.html HTTP/1.1" 200 26453 "http://www.mommysnude.com/index.php/tag/mommy-tube" "Mozilla/5.0 (Linux; Android 7.0;) AppleWebKit/537.36 (KHTML, like Gecko) Mobile Safari/537.36 (compatible; PetalBot;+https://webmaster.petalsearch.com/site/petalbot)"
74.206.190.76 - - [27/Jan/2026:02:00:36 -0500] "GET / HTTP/1.1" 200 35752 "-" "curl/7.29.0"
114.119.132.11 - - [27/Jan/2026:02:01:13 -0500] "GET /index.php/uncategorized/naughty-milf.html HTTP/1.1" 301 - "http://www.mommysnude.com/index.php/tag/milftube" "Mozilla/5.0 (Linux; Android 7.0;) AppleWebKit/537.36 (KHTML, like Gecko) Mobile Safari/537.36 (compatible; PetalBot;+https://webmaster.petalsearch.com/site/petalbot)"
114.119.132.11 - - [27/Jan/2026:02:01:14 -0500] "GET /index.php/brunette-milfs/naughty-milf.html HTTP/1.1" 200 30751 "http://www.mommysnude.com/index.php/tag/milftube" "Mozilla/5.0 (Linux; Android 7.0;) AppleWebKit/537.36 (KHTML, like Gecko) Mobile Safari/537.36 (compatible; PetalBot;+https://webmaster.petalsearch.com/site/petalbot)"
74.206.190.76 - - [27/Jan/2026:02:05:23 -0500] "POST /wp-cron.php?doing_wp_cron=1769497523.6353230476379394531250 HTTP/1.1" 200 - "http://www.mommysnude.com/wp-cron.php?doing_wp_cron=1769497523.6353230476379394531250" "WordPress/4.9.16; http://www.mommysnude.com"
74.206.190.76 - - [27/Jan/2026:02:05:23 -0500] "GET / HTTP/1.1" 200 35752 "-" "curl/7.29.0"
141.94.194.132 - - [27/Jan/2026:02:09:23 -0500] "GET /index.php/category/brunette-milfs/feed HTTP/1.1" 200 6097 "-" "Mozilla/5.0 (X11; Linux i686) AppleWebKit/537.36 (KHTML, like Gecko) Chrome/30.0.1599.66 Safari/537.36"
74.206.190.76 - - [27/Jan/2026:02:10:25 -0500] "GET / HTTP/1.1" 200 35752 "-" "curl/7.29.0"
74.206.190.76 - - [27/Jan/2026:02:15:27 -0500] "GET / HTTP/1.1" 200 35752 "-" "curl/7.29.0"
185.151.11.146 - - [27/Jan/2026:02:17:11 -0500] "GET / HTTP/1.1" 301 - "-" "Mozilla/5.0 (Windows NT 10.0; Win64; x64; rv:123.0) Gecko/20100101 Firefox/123"
185.157.90.77 - - [27/Jan/2026:02:17:12 -0500] "GET / HTTP/1.1" 200 35752 "http://mommysnude.com/" "Mozilla/5.0 (Windows NT 10.0; Win64; x64; rv:123.0) Gecko/20100101 Firefox/123"
178.73.238.84 - - [27/Jan/2026:02:17:13 -0500] "GET /index.php/blonde-milfs/moms-hot-friend-nude-gif-baby_suee.html HTTP/1.1" 200 33845 "-" "Mozilla/5.0 (Windows NT 10.0; Win64; x64; rv:123.0) Gecko/20100101 Firefox/123"
151.248.6.47 - - [27/Jan/2026:02:17:13 -0500] "GET /index.php/blonde-milfs/young-brunette-milf-pussy-plug.html HTTP/1.1" 200 33167 "-" "Mozilla/5.0 (Windows NT 10.0; Win64; x64; rv:123.0) Gecko/20100101 Firefox/123"
178.73.242.32 - - [27/Jan/2026:02:17:13 -0500] "GET /index.php/married-milfs/married-woman-sucks-cock.html HTTP/1.1" 200 27622 "-" "Mozilla/5.0 (Windows NT 10.0; Win64; x64; rv:123.0) Gecko/20100101 Firefox/123"
74.206.190.76 - - [27/Jan/2026:02:20:35 -0500] "GET / HTTP/1.1" 200 35752 "-" "curl/7.29.0"
74.206.190.76 - - [27/Jan/2026:02:25:23 -0500] "POST /wp-cron.php?doing_wp_cron=1769498723.7907140254974365234375 HTTP/1.1" 200 - "http://www.mommysnude.com/wp-cron.php?doing_wp_cron=1769498723.7907140254974365234375" "WordPress/4.9.16; http://www.mommysnude.com"
74.206.190.76 - - [27/Jan/2026:02:25:23 -0500] "GET / HTTP/1.1" 200 35752 "-" "curl/7.29.0"
74.206.190.76 - - [27/Jan/2026:02:30:23 -0500] "GET / HTTP/1.1" 200 35752 "-" "curl/7.29.0"
74.206.190.76 - - [27/Jan/2026:02:35:24 -0500] "GET / HTTP/1.1" 200 35752 "-" "curl/7.29.0"
74.206.190.76 - - [27/Jan/2026:02:40:34 -0500] "GET / HTTP/1.1" 200 35752 "-" "curl/7.29.0"
141.94.194.132 - - [27/Jan/2026:02:41:14 -0500] "GET /index.php/category/married-milfs/feed HTTP/1.1" 200 4755 "-" "Mozilla/5.0 (X11; Linux i686) AppleWebKit/537.36 (KHTML, like Gecko) Chrome/30.0.1599.66 Safari/537.36"
216.73.216.35 - - [27/Jan/2026:02:42:15 -0500] "GET /robots.txt HTTP/1.1" 200 29 "-" "Mozilla/5.0 AppleWebKit/537.36 (KHTML, like Gecko; compatible; ClaudeBot/1.0; +claudebot@anthropic.com)"
216.73.216.35 - - [27/Jan/2026:02:42:15 -0500] "GET /index.php/wp-json/oembed/1.0/embed?url=http%3A%2F%2Fwww.mommysnude.com%2Findex.php%2Flatina-milfs%2Falexis-amore-video-tube.html HTTP/1.1" 200 2359 "-" "Mozilla/5.0 AppleWebKit/537.36 (KHTML, like Gecko; compatible; ClaudeBot/1.0; +claudebot@anthropic.com)"
74.206.190.76 - - [27/Jan/2026:02:45:24 -0500] "GET / HTTP/1.1" 200 35752 "-" "curl/7.29.0"
74.206.190.76 - - [27/Jan/2026:02:50:24 -0500] "GET / HTTP/1.1" 200 35752 "-" "curl/7.29.0"
74.206.190.76 - - [27/Jan/2026:02:55:28 -0500] "GET / HTTP/1.1" 200 35752 "-" "curl/7.29.0"
74.206.190.76 - - [27/Jan/2026:03:00:33 -0500] "GET / HTTP/1.1" 200 35752 "-" "curl/7.29.0"
69.174.155.27 - - [27/Jan/2026:03:02:56 -0500] "GET /index.php/tag/blonde HTTP/1.1" 200 22921 "https://www.google.com/" "Mozilla/5.0 (Windows NT 10.0; WOW64) AppleWebKit/537.36 (KHTML, like Gecko) Chrome/129.0.4661.86 Safari/537.36"
74.206.190.76 - - [27/Jan/2026:03:02:56 -0500] "POST /wp-cron.php?doing_wp_cron=1769500976.7041699886322021484375 HTTP/1.1" 200 - "http://www.mommysnude.com/wp-cron.php?doing_wp_cron=1769500976.7041699886322021484375" "WordPress/4.9.16; http://www.mommysnude.com"
73.40.24.93 - - [27/Jan/2026:03:02:56 -0500] "GET /index.php/blonde-milfs/milf-lube-job.html HTTP/1.1" 200 17358 "https://www.google.com/" "Mozilla/5.0 (Windows NT 10.0; WOW64) AppleWebKit/537.36 (KHTML, like Gecko) Chrome/120.0.4629.77 Safari/537.36"
103.197.153.216 - - [27/Jan/2026:03:02:57 -0500] "GET /index.php/page/3 HTTP/1.1" 200 25844 "https://www.google.com/" "Mozilla/5.0 (Windows NT 10.0; Win64; x64) AppleWebKit/537.36 (KHTML, like Gecko) Chrome/130.0.4021.64 Safari/537.36"
108.180.138.65 - - [27/Jan/2026:03:03:06 -0500] "GET /index.php/blonde-milfs/morgan-ray-mature-tube.html HTTP/1.1" 200 33286 "https://www.google.com/" "Mozilla/5.0 (Windows NT 10.0; Win64; x64) AppleWebKit/537.36 (KHTML, like Gecko) Chrome/125.0.4128.79 Safari/537.36"
82.224.222.235 - - [27/Jan/2026:03:03:06 -0500] "GET /index.php/blonde-milfs/big-tits-mommy.html HTTP/1.1" 200 33043 "https://www.google.com/" "Mozilla/5.0 (Windows NT 10.0; Win64; x64) AppleWebKit/537.36 (KHTML, like Gecko) Chrome/133.0.4471.72 Safari/537.36"
47.15.220.148 - - [27/Jan/2026:03:03:07 -0500] "GET /index.php/blonde-milfs/milfs-tube-free.html HTTP/1.1" 200 34397 "https://www.google.com/" "Mozilla/5.0 (Macintosh; Intel Mac OS X 10_12_6) AppleWebKit/537.36 (KHTML, like Gecko) Chrome/135.0.4112.60 Safari/537.36"
106.194.146.69 - - [27/Jan/2026:03:03:17 -0500] "GET /index.php/blonde-milfs/nude-milf-tube.html HTTP/1.1" 200 33304 "https://www.google.com/" "Mozilla/5.0 (Macintosh; Intel Mac OS X 10_15_7) AppleWebKit/537.36 (KHTML, like Gecko) Chrome/130.0.4058.83 Safari/537.36"
74.206.190.76 - - [27/Jan/2026:03:05:26 -0500] "GET / HTTP/1.1" 200 35752 "-" "curl/7.29.0"
74.206.190.76 - - [27/Jan/2026:03:10:24 -0500] "GET / HTTP/1.1" 200 35752 "-" "curl/7.29.0"
74.206.190.76 - - [27/Jan/2026:03:15:27 -0500] "GET / HTTP/1.1" 200 35752 "-" "curl/7.29.0"
49.7.227.204 - - [27/Jan/2026:03:16:32 -0500] "GET / HTTP/1.1" 200 35752 "-" "Mozilla/5.0 (iPhone; CPU iPhone OS 13_2_3 like Mac OS X) AppleWebKit/605.1.15 (KHTML, like Gecko) Version/13.0.3 Mobile/15E148 Safari/604.1"
74.206.190.76 - - [27/Jan/2026:03:20:38 -0500] "GET / HTTP/1.1" 200 35752 "-" "curl/7.29.0"
54.159.98.248 - - [27/Jan/2026:03:21:08 -0500] "GET /robots.txt HTTP/1.1" 200 29 "-" "Mozilla/5.0 AppleWebKit/537.36 (KHTML, like Gecko; compatible; Amazonbot/0.1; +https://developer.amazon.com/support/amazonbot) Chrome/119.0.6045.214 Safari/537.36"
44.221.105.234 - - [27/Jan/2026:03:21:20 -0500] "GET /index.php/tag/rayveness HTTP/1.1" 200 22874 "-" "Mozilla/5.0 AppleWebKit/537.36 (KHTML, like Gecko; compatible; Amazonbot/0.1; +https://developer.amazon.com/support/amazonbot) Chrome/119.0.6045.214 Safari/537.36"
54.198.33.233 - - [27/Jan/2026:03:21:24 -0500] "GET /index.php/tag/reddit-nude-moms-gemacarters HTTP/1.1" 200 23035 "-" "Mozilla/5.0 AppleWebKit/537.36 (KHTML, like Gecko; compatible; Amazonbot/0.1; +https://developer.amazon.com/support/amazonbot) Chrome/119.0.6045.214 Safari/537.36"
44.223.232.55 - - [27/Jan/2026:03:21:28 -0500] "GET /index.php/tag/jordan-kingsley HTTP/1.1" 200 22973 "-" "Mozilla/5.0 AppleWebKit/537.36 (KHTML, like Gecko; compatible; Amazonbot/0.1; +https://developer.amazon.com/support/amazonbot) Chrome/119.0.6045.214 Safari/537.36"
74.206.190.76 - - [27/Jan/2026:03:25:27 -0500] "POST /wp-cron.php?doing_wp_cron=1769502327.1581490039825439453125 HTTP/1.1" 200 - "http://www.mommysnude.com/wp-cron.php?doing_wp_cron=1769502327.1581490039825439453125" "WordPress/4.9.16; http://www.mommysnude.com"
74.206.190.76 - - [27/Jan/2026:03:25:27 -0500] "GET / HTTP/1.1" 200 35752 "-" "curl/7.29.0"
74.206.190.76 - - [27/Jan/2026:03:30:26 -0500] "GET / HTTP/1.1" 200 35752 "-" "curl/7.29.0"
49.51.141.76 - - [27/Jan/2026:03:34:16 -0500] "GET / HTTP/1.1" 301 - "-" "Mozilla/5.0 (iPhone; CPU iPhone OS 13_2_3 like Mac OS X) AppleWebKit/605.1.15 (KHTML, like Gecko) Version/13.0.3 Mobile/15E148 Safari/604.1"
49.51.141.76 - - [27/Jan/2026:03:34:17 -0500] "GET / HTTP/1.1" 200 35752 "http://mommysnude.com" "Mozilla/5.0 (iPhone; CPU iPhone OS 13_2_3 like Mac OS X) AppleWebKit/605.1.15 (KHTML, like Gecko) Version/13.0.3 Mobile/15E148 Safari/604.1"
74.206.190.76 - - [27/Jan/2026:03:35:24 -0500] "GET / HTTP/1.1" 200 35752 "-" "curl/7.29.0"
74.206.190.76 - - [27/Jan/2026:03:40:35 -0500] "GET / HTTP/1.1" 200 35752 "-" "curl/7.29.0"
