74.206.190.76 - - [30/Jan/2026:10:45:25 -0500] "GET / HTTP/1.1" 200 28602 "-" "curl/7.29.0"
37.59.21.100 - - [30/Jan/2026:10:46:31 -0500] "GET /index.php/tag/lacey-duvalle/feed HTTP/1.1" 200 2985 "-" "Mozilla/5.0 (X11; Linux i686) AppleWebKit/537.36 (KHTML, like Gecko) Chrome/30.0.1599.66 Safari/537.36"
74.206.190.76 - - [30/Jan/2026:10:50:24 -0500] "GET / HTTP/1.1" 200 28602 "-" "curl/7.29.0"
74.206.190.76 - - [30/Jan/2026:10:55:33 -0500] "GET / HTTP/1.1" 200 28602 "-" "curl/7.29.0"
74.206.190.76 - - [30/Jan/2026:11:00:35 -0500] "GET / HTTP/1.1" 200 28602 "-" "curl/7.29.0"
74.206.190.76 - - [30/Jan/2026:11:05:26 -0500] "GET / HTTP/1.1" 200 28602 "-" "curl/7.29.0"
51.68.111.214 - - [30/Jan/2026:11:08:15 -0500] "GET /robots.txt HTTP/1.1" 302 271 "-" "Mozilla/5.0 (compatible; MJ12bot/v2.0.4; http://mj12bot.com/)"
51.68.111.214 - - [30/Jan/2026:11:08:16 -0500] "GET / HTTP/1.1" 302 271 "-" "Mozilla/5.0 (compatible; MJ12bot/v2.0.4; http://mj12bot.com/)"
51.68.111.214 - - [30/Jan/2026:11:08:16 -0500] "GET /robots.txt HTTP/1.1" 302 275 "-" "Mozilla/5.0 (compatible; MJ12bot/v2.0.4; http://mj12bot.com/)"
51.68.111.214 - - [30/Jan/2026:11:08:16 -0500] "GET / HTTP/1.1" 302 275 "-" "Mozilla/5.0 (compatible; MJ12bot/v2.0.4; http://mj12bot.com/)"
51.68.111.214 - - [30/Jan/2026:11:08:16 -0500] "GET / HTTP/1.1" 302 275 "-" "Mozilla/5.0 (compatible; MJ12bot/v2.0.4; http://mj12bot.com/)"
51.68.111.214 - - [30/Jan/2026:11:08:17 -0500] "GET / HTTP/1.1" 302 275 "-" "Mozilla/5.0 (compatible; MJ12bot/v2.0.4; http://mj12bot.com/)"
51.68.111.214 - - [30/Jan/2026:11:08:17 -0500] "GET / HTTP/1.1" 302 275 "-" "Mozilla/5.0 (compatible; MJ12bot/v2.0.4; http://mj12bot.com/)"
51.68.111.214 - - [30/Jan/2026:11:08:17 -0500] "GET / HTTP/1.1" 302 275 "-" "Mozilla/5.0 (compatible; MJ12bot/v2.0.4; http://mj12bot.com/)"
51.68.111.214 - - [30/Jan/2026:11:08:17 -0500] "GET / HTTP/1.1" 302 275 "-" "Mozilla/5.0 (compatible; MJ12bot/v2.0.4; http://mj12bot.com/)"
51.68.111.214 - - [30/Jan/2026:11:08:17 -0500] "GET / HTTP/1.1" 302 275 "-" "Mozilla/5.0 (compatible; MJ12bot/v2.0.4; http://mj12bot.com/)"
51.68.111.214 - - [30/Jan/2026:11:08:17 -0500] "GET / HTTP/1.1" 302 275 "-" "Mozilla/5.0 (compatible; MJ12bot/v2.0.4; http://mj12bot.com/)"
51.68.111.214 - - [30/Jan/2026:11:08:18 -0500] "GET / HTTP/1.1" 302 275 "-" "Mozilla/5.0 (compatible; MJ12bot/v2.0.4; http://mj12bot.com/)"
74.206.190.76 - - [30/Jan/2026:11:10:23 -0500] "GET / HTTP/1.1" 200 28602 "-" "curl/7.29.0"
37.59.21.100 - - [30/Jan/2026:11:10:33 -0500] "GET /index.php/feed HTTP/1.1" 200 15293 "-" "Mozilla/5.0 (X11; Linux i686) AppleWebKit/537.36 (KHTML, like Gecko) Chrome/30.0.1599.66 Safari/537.36"
74.206.190.76 - - [30/Jan/2026:11:15:24 -0500] "GET / HTTP/1.1" 200 28602 "-" "curl/7.29.0"
74.206.190.76 - - [30/Jan/2026:11:20:35 -0500] "GET / HTTP/1.1" 200 28602 "-" "curl/7.29.0"
74.206.190.76 - - [30/Jan/2026:11:25:23 -0500] "GET / HTTP/1.1" 200 28602 "-" "curl/7.29.0"
74.206.190.76 - - [30/Jan/2026:11:30:24 -0500] "POST /wp-cron.php?doing_wp_cron=1769790624.5520520210266113281250 HTTP/1.1" 200 2 "http://www.milftube1.com/wp-cron.php?doing_wp_cron=1769790624.5520520210266113281250" "WordPress/4.9.16; http://www.milftube1.com"
74.206.190.76 - - [30/Jan/2026:11:30:24 -0500] "GET / HTTP/1.1" 200 28602 "-" "curl/7.29.0"
74.206.190.76 - - [30/Jan/2026:11:35:23 -0500] "GET / HTTP/1.1" 200 28602 "-" "curl/7.29.0"
74.206.190.76 - - [30/Jan/2026:11:40:38 -0500] "GET / HTTP/1.1" 200 28602 "-" "curl/7.29.0"
37.59.21.100 - - [30/Jan/2026:11:42:44 -0500] "GET /index.php/tag/real-wife-stories/feed HTTP/1.1" 200 9218 "-" "Mozilla/5.0 (X11; Linux i686) AppleWebKit/537.36 (KHTML, like Gecko) Chrome/30.0.1599.66 Safari/537.36"
74.206.190.76 - - [30/Jan/2026:11:45:24 -0500] "POST /wp-cron.php?doing_wp_cron=1769791524.1458060741424560546875 HTTP/1.1" 200 2 "http://www.milftube1.com/wp-cron.php?doing_wp_cron=1769791524.1458060741424560546875" "WordPress/4.9.16; http://www.milftube1.com"
74.206.190.76 - - [30/Jan/2026:11:45:24 -0500] "GET / HTTP/1.1" 200 28602 "-" "curl/7.29.0"
74.206.190.76 - - [30/Jan/2026:11:50:24 -0500] "GET / HTTP/1.1" 200 28602 "-" "curl/7.29.0"
37.59.21.100 - - [30/Jan/2026:11:52:30 -0500] "GET /index.php/category/blonde-milfs/feed HTTP/1.1" 200 15174 "-" "Mozilla/5.0 (X11; Linux i686) AppleWebKit/537.36 (KHTML, like Gecko) Chrome/30.0.1599.66 Safari/537.36"
74.206.190.76 - - [30/Jan/2026:11:55:30 -0500] "GET / HTTP/1.1" 200 28602 "-" "curl/7.29.0"
74.206.190.76 - - [30/Jan/2026:12:00:35 -0500] "GET / HTTP/1.1" 200 28602 "-" "curl/7.29.0"
74.206.190.76 - - [30/Jan/2026:12:05:24 -0500] "GET / HTTP/1.1" 200 28602 "-" "curl/7.29.0"
74.206.190.76 - - [30/Jan/2026:12:10:25 -0500] "GET / HTTP/1.1" 200 28602 "-" "curl/7.29.0"
74.206.190.76 - - [30/Jan/2026:12:15:25 -0500] "GET / HTTP/1.1" 200 28602 "-" "curl/7.29.0"
74.206.190.76 - - [30/Jan/2026:12:20:36 -0500] "GET / HTTP/1.1" 200 28602 "-" "curl/7.29.0"
74.206.190.76 - - [30/Jan/2026:12:25:26 -0500] "GET / HTTP/1.1" 200 28602 "-" "curl/7.29.0"
74.206.190.76 - - [30/Jan/2026:12:30:29 -0500] "POST /wp-cron.php?doing_wp_cron=1769794229.8297610282897949218750 HTTP/1.1" 200 2 "http://www.milftube1.com/wp-cron.php?doing_wp_cron=1769794229.8297610282897949218750" "WordPress/4.9.16; http://www.milftube1.com"
74.206.190.76 - - [30/Jan/2026:12:30:29 -0500] "GET / HTTP/1.1" 200 28602 "-" "curl/7.29.0"
74.206.190.76 - - [30/Jan/2026:12:35:29 -0500] "GET / HTTP/1.1" 200 28602 "-" "curl/7.29.0"
37.59.21.100 - - [30/Jan/2026:12:39:09 -0500] "GET /index.php/category/married-milfs/feed HTTP/1.1" 200 7544 "-" "Mozilla/5.0 (X11; Linux i686) AppleWebKit/537.36 (KHTML, like Gecko) Chrome/30.0.1599.66 Safari/537.36"
74.206.190.76 - - [30/Jan/2026:12:40:52 -0500] "GET / HTTP/1.1" 200 28602 "-" "curl/7.29.0"
74.206.190.76 - - [30/Jan/2026:12:45:28 -0500] "POST /wp-cron.php?doing_wp_cron=1769795128.4680271148681640625000 HTTP/1.1" 200 2 "http://www.milftube1.com/wp-cron.php?doing_wp_cron=1769795128.4680271148681640625000" "WordPress/4.9.16; http://www.milftube1.com"
74.206.190.76 - - [30/Jan/2026:12:45:28 -0500] "GET / HTTP/1.1" 200 28602 "-" "curl/7.29.0"
74.206.190.76 - - [30/Jan/2026:12:50:30 -0500] "GET / HTTP/1.1" 200 28602 "-" "curl/7.29.0"
74.206.190.76 - - [30/Jan/2026:12:55:37 -0500] "GET / HTTP/1.1" 200 28602 "-" "curl/7.29.0"
43.159.140.236 - - [30/Jan/2026:12:57:45 -0500] "GET / HTTP/1.1" 200 28602 "-" "Mozilla/5.0 (iPhone; CPU iPhone OS 13_2_3 like Mac OS X) AppleWebKit/605.1.15 (KHTML, like Gecko) Version/13.0.3 Mobile/15E148 Safari/604.1"
74.206.190.76 - - [30/Jan/2026:13:00:39 -0500] "GET / HTTP/1.1" 200 28602 "-" "curl/7.29.0"
74.206.190.76 - - [30/Jan/2026:13:05:28 -0500] "GET / HTTP/1.1" 200 28602 "-" "curl/7.29.0"
34.102.119.235 - - [30/Jan/2026:13:06:59 -0500] "HEAD /wordpress/ HTTP/1.1" 302 - "-" "Mozilla/5.0 (Linux; Android 12; TECNO CK6n) AppleWebKit/537.36 (KHTML, like Gecko) Chrome/125.0.6422.50 Mobile Safari/537.36"
34.102.119.235 - - [30/Jan/2026:13:06:59 -0500] "HEAD / HTTP/1.1" 200 - "http://milftube1.com/wordpress/" "Mozilla/5.0 (Linux; Android 12; TECNO CK6n) AppleWebKit/537.36 (KHTML, like Gecko) Chrome/125.0.6422.50 Mobile Safari/537.36"
34.102.119.235 - - [30/Jan/2026:13:06:59 -0500] "HEAD /old/ HTTP/1.1" 302 - "-" "Mozilla/5.0 (Linux; Android 14; RMX3842) AppleWebKit/537.36 (KHTML, like Gecko) Chrome/126.0.6478.44 Mobile Safari/537.36"
34.102.119.235 - - [30/Jan/2026:13:06:59 -0500] "HEAD / HTTP/1.1" 200 - "http://milftube1.com/old/" "Mozilla/5.0 (Linux; Android 14; RMX3842) AppleWebKit/537.36 (KHTML, like Gecko) Chrome/126.0.6478.44 Mobile Safari/537.36"
34.102.119.235 - - [30/Jan/2026:13:07:00 -0500] "HEAD /backup/ HTTP/1.1" 302 - "-" "Mozilla/5.0 (Linux; Android 14; RMX3842) AppleWebKit/537.36 (KHTML, like Gecko) Chrome/126.0.6478.44 Mobile Safari/537.36"
34.102.119.235 - - [30/Jan/2026:13:07:00 -0500] "HEAD / HTTP/1.1" 200 - "http://milftube1.com/backup/" "Mozilla/5.0 (Linux; Android 14; RMX3842) AppleWebKit/537.36 (KHTML, like Gecko) Chrome/126.0.6478.44 Mobile Safari/537.36"
34.102.119.235 - - [30/Jan/2026:13:07:00 -0500] "HEAD /wp/ HTTP/1.1" 302 - "-" "Mozilla/5.0 (Windows NT 10.0; Win64; x64) AppleWebKit/537.36 (KHTML, like Gecko) Chrome/125.0.6422.112 Safari/537.36 Brave/1.63.120"
34.102.119.235 - - [30/Jan/2026:13:07:00 -0500] "HEAD / HTTP/1.1" 200 - "http://milftube1.com/wp/" "Mozilla/5.0 (Windows NT 10.0; Win64; x64) AppleWebKit/537.36 (KHTML, like Gecko) Chrome/125.0.6422.112 Safari/537.36 Brave/1.63.120"
34.102.119.235 - - [30/Jan/2026:13:07:00 -0500] "HEAD /new/ HTTP/1.1" 302 - "-" "Mozilla/5.0 (Linux; U; Android 10; en-US; CPH2015) AppleWebKit/537.36 (KHTML, like Gecko) UCBrowser/13.5.8.1311 Mobile Safari/537.36"
34.102.119.235 - - [30/Jan/2026:13:07:00 -0500] "HEAD / HTTP/1.1" 200 - "http://milftube1.com/new/" "Mozilla/5.0 (Linux; U; Android 10; en-US; CPH2015) AppleWebKit/537.36 (KHTML, like Gecko) UCBrowser/13.5.8.1311 Mobile Safari/537.36"
34.102.119.235 - - [30/Jan/2026:13:07:00 -0500] "HEAD / HTTP/1.1" 301 - "-" "Mozilla/5.0 (Linux; Android 12; TECNO CK6n) AppleWebKit/537.36 (KHTML, like Gecko) Chrome/125.0.6422.50 Mobile Safari/537.36"
34.102.119.235 - - [30/Jan/2026:13:07:01 -0500] "HEAD / HTTP/1.1" 200 - "http://milftube1.com/" "Mozilla/5.0 (Linux; Android 12; TECNO CK6n) AppleWebKit/537.36 (KHTML, like Gecko) Chrome/125.0.6422.50 Mobile Safari/537.36"
34.102.119.235 - - [30/Jan/2026:13:07:01 -0500] "HEAD /blog/ HTTP/1.1" 302 - "-" "Mozilla/5.0 (Linux; Android 13; Infinix X688B) AppleWebKit/537.36 (KHTML, like Gecko) Chrome/124.0.6367.48 Mobile Safari/537.36"
34.102.119.235 - - [30/Jan/2026:13:07:01 -0500] "HEAD / HTTP/1.1" 200 - "http://milftube1.com/blog/" "Mozilla/5.0 (Linux; Android 13; Infinix X688B) AppleWebKit/537.36 (KHTML, like Gecko) Chrome/124.0.6367.48 Mobile Safari/537.36"
74.206.190.76 - - [30/Jan/2026:13:10:28 -0500] "GET / HTTP/1.1" 200 28602 "-" "curl/7.29.0"
74.206.190.76 - - [30/Jan/2026:13:15:27 -0500] "GET / HTTP/1.1" 200 28602 "-" "curl/7.29.0"
74.206.190.76 - - [30/Jan/2026:13:20:36 -0500] "GET / HTTP/1.1" 200 28602 "-" "curl/7.29.0"
74.206.190.76 - - [30/Jan/2026:13:25:25 -0500] "GET / HTTP/1.1" 200 28602 "-" "curl/7.29.0"
95.85.238.20 - - [30/Jan/2026:13:30:05 -0500] "GET /wp-login.php HTTP/1.1" 200 2476 "-" "Mozilla/5.0 (X11; Linux x86_64; rv:30.0) Gecko/20100101 Firefox/30.0"
95.85.238.20 - - [30/Jan/2026:13:30:06 -0500] "POST /wp-login.php HTTP/1.1" 200 3464 "-" "Mozilla/5.0 (X11; Linux x86_64; rv:30.0) Gecko/20100101 Firefox/30.0"
74.206.190.76 - - [30/Jan/2026:13:30:24 -0500] "POST /wp-cron.php?doing_wp_cron=1769797824.3238110542297363281250 HTTP/1.1" 200 2 "http://www.milftube1.com/wp-cron.php?doing_wp_cron=1769797824.3238110542297363281250" "WordPress/4.9.16; http://www.milftube1.com"
74.206.190.76 - - [30/Jan/2026:13:30:24 -0500] "GET / HTTP/1.1" 200 28602 "-" "curl/7.29.0"
43.153.71.132 - - [30/Jan/2026:13:33:21 -0500] "GET /index.php/category/blonde-milfs HTTP/1.1" 200 25551 "-" "Mozilla/5.0 (iPhone; CPU iPhone OS 13_2_3 like Mac OS X) AppleWebKit/605.1.15 (KHTML, like Gecko) Version/13.0.3 Mobile/15E148 Safari/604.1"
74.206.190.76 - - [30/Jan/2026:13:35:23 -0500] "GET / HTTP/1.1" 200 28602 "-" "curl/7.29.0"
37.59.21.100 - - [30/Jan/2026:13:37:28 -0500] "GET /index.php/tag/melissa-lauren/feed HTTP/1.1" 200 2677 "-" "Mozilla/5.0 (X11; Linux i686) AppleWebKit/537.36 (KHTML, like Gecko) Chrome/30.0.1599.66 Safari/537.36"
74.206.190.76 - - [30/Jan/2026:13:40:33 -0500] "GET / HTTP/1.1" 200 28602 "-" "curl/7.29.0"
74.206.190.76 - - [30/Jan/2026:13:45:01 -0500] "POST /wp-cron.php?doing_wp_cron=1769798701.7592060565948486328125 HTTP/1.1" 200 2 "http://www.milftube1.com/wp-cron.php?doing_wp_cron=1769798701.7592060565948486328125" "WordPress/4.9.16; http://www.milftube1.com"
170.106.35.153 - - [30/Jan/2026:13:45:01 -0500] "GET /index.php/category/married-milfs HTTP/1.1" 200 20053 "-" "Mozilla/5.0 (iPhone; CPU iPhone OS 13_2_3 like Mac OS X) AppleWebKit/605.1.15 (KHTML, like Gecko) Version/13.0.3 Mobile/15E148 Safari/604.1"
74.206.190.76 - - [30/Jan/2026:13:45:27 -0500] "GET / HTTP/1.1" 200 28602 "-" "curl/7.29.0"
74.206.190.76 - - [30/Jan/2026:13:50:27 -0500] "GET / HTTP/1.1" 200 28602 "-" "curl/7.29.0"
74.206.190.76 - - [30/Jan/2026:13:55:26 -0500] "GET / HTTP/1.1" 200 28602 "-" "curl/7.29.0"
74.206.190.76 - - [30/Jan/2026:14:00:37 -0500] "GET / HTTP/1.1" 200 28602 "-" "curl/7.29.0"
124.156.226.179 - - [30/Jan/2026:14:03:06 -0500] "GET /index.php/category/busty-milfs HTTP/1.1" 200 21362 "-" "Mozilla/5.0 (iPhone; CPU iPhone OS 13_2_3 like Mac OS X) AppleWebKit/605.1.15 (KHTML, like Gecko) Version/13.0.3 Mobile/15E148 Safari/604.1"
74.206.190.76 - - [30/Jan/2026:14:05:25 -0500] "GET / HTTP/1.1" 200 28602 "-" "curl/7.29.0"
37.59.21.100 - - [30/Jan/2026:14:06:34 -0500] "GET /index.php/feed HTTP/1.1" 200 15293 "-" "Mozilla/5.0 (X11; Linux i686) AppleWebKit/537.36 (KHTML, like Gecko) Chrome/30.0.1599.66 Safari/537.36"
74.206.190.76 - - [30/Jan/2026:14:10:26 -0500] "GET / HTTP/1.1" 200 28602 "-" "curl/7.29.0"
37.59.21.100 - - [30/Jan/2026:14:13:44 -0500] "GET /index.php/tag/real-wife-stories/feed HTTP/1.1" 200 9218 "-" "Mozilla/5.0 (X11; Linux i686) AppleWebKit/537.36 (KHTML, like Gecko) Chrome/30.0.1599.66 Safari/537.36"
37.59.21.100 - - [30/Jan/2026:14:14:31 -0500] "GET /index.php/tag/lacey-duvalle/feed HTTP/1.1" 200 2985 "-" "Mozilla/5.0 (X11; Linux i686) AppleWebKit/537.36 (KHTML, like Gecko) Chrome/30.0.1599.66 Safari/537.36"
74.206.190.76 - - [30/Jan/2026:14:15:25 -0500] "GET / HTTP/1.1" 200 28602 "-" "curl/7.29.0"
45.138.16.159 - - [30/Jan/2026:14:16:06 -0500] "GET /ss.php?f_c=1 HTTP/1.1" 302 271 "-" "Mozilla/5.0 (Linux; Android 7.0; SM-G892A Build/NRD90M; wv) AppleWebKit/537.36 (KHTML, like Gecko) Version/4.0 Chrome/60.0.3112.107 Mobile Safari/537.36"
45.138.16.159 - - [30/Jan/2026:14:16:06 -0500] "GET / HTTP/1.1" 200 28602 "-" "Mozilla/5.0 (Linux; Android 7.0; SM-G892A Build/NRD90M; wv) AppleWebKit/537.36 (KHTML, like Gecko) Version/4.0 Chrome/60.0.3112.107 Mobile Safari/537.36"
20.240.47.47 - - [30/Jan/2026:14:16:53 -0500] "GET /wp-content/plugins/hellopress/wp_filemanager.php HTTP/1.1" 302 271 "-" "-"
20.240.47.47 - - [30/Jan/2026:14:16:54 -0500] "GET / HTTP/1.1" 200 28602 "-" "-"
20.240.47.47 - - [30/Jan/2026:14:16:55 -0500] "GET /thebe.php HTTP/1.1" 302 271 "-" "-"
20.240.47.47 - - [30/Jan/2026:14:16:55 -0500] "GET / HTTP/1.1" 200 28602 "-" "-"
20.240.47.47 - - [30/Jan/2026:14:16:56 -0500] "GET /ol.php HTTP/1.1" 302 271 "-" "-"
20.240.47.47 - - [30/Jan/2026:14:16:56 -0500] "GET / HTTP/1.1" 200 28602 "-" "-"
20.240.47.47 - - [30/Jan/2026:14:16:56 -0500] "GET /sanity.php HTTP/1.1" 302 271 "-" "-"
20.240.47.47 - - [30/Jan/2026:14:16:56 -0500] "GET / HTTP/1.1" 200 28602 "-" "-"
20.240.47.47 - - [30/Jan/2026:14:16:57 -0500] "GET /anj.php HTTP/1.1" 302 271 "-" "-"
20.240.47.47 - - [30/Jan/2026:14:16:57 -0500] "GET / HTTP/1.1" 200 28602 "-" "-"
20.240.47.47 - - [30/Jan/2026:14:16:57 -0500] "GET /baixy.php HTTP/1.1" 302 271 "-" "-"
20.240.47.47 - - [30/Jan/2026:14:16:57 -0500] "GET / HTTP/1.1" 200 28602 "-" "-"
20.240.47.47 - - [30/Jan/2026:14:16:58 -0500] "GET /ioxi.php HTTP/1.1" 302 271 "-" "-"
20.240.47.47 - - [30/Jan/2026:14:16:58 -0500] "GET / HTTP/1.1" 200 28602 "-" "-"
20.240.47.47 - - [30/Jan/2026:14:16:59 -0500] "GET /aboutc.php HTTP/1.1" 302 271 "-" "-"
20.240.47.47 - - [30/Jan/2026:14:16:59 -0500] "GET / HTTP/1.1" 200 28602 "-" "-"
20.240.47.47 - - [30/Jan/2026:14:16:59 -0500] "GET /8xyz.php HTTP/1.1" 302 271 "-" "-"
20.240.47.47 - - [30/Jan/2026:14:16:59 -0500] "GET / HTTP/1.1" 200 28602 "-" "-"
20.240.47.47 - - [30/Jan/2026:14:17:00 -0500] "GET /zmia.php HTTP/1.1" 302 271 "-" "-"
20.240.47.47 - - [30/Jan/2026:14:17:00 -0500] "GET / HTTP/1.1" 200 28602 "-" "-"
20.240.47.47 - - [30/Jan/2026:14:17:00 -0500] "GET /edorxrr.php HTTP/1.1" 302 271 "-" "-"
20.240.47.47 - - [30/Jan/2026:14:17:00 -0500] "GET / HTTP/1.1" 200 28602 "-" "-"
20.240.47.47 - - [30/Jan/2026:14:17:01 -0500] "GET /doko.php HTTP/1.1" 302 271 "-" "-"
20.240.47.47 - - [30/Jan/2026:14:17:01 -0500] "GET / HTTP/1.1" 200 28602 "-" "-"
20.240.47.47 - - [30/Jan/2026:14:17:01 -0500] "GET /sst.php HTTP/1.1" 302 271 "-" "-"
20.240.47.47 - - [30/Jan/2026:14:17:01 -0500] "GET / HTTP/1.1" 200 28602 "-" "-"
20.240.47.47 - - [30/Jan/2026:14:17:02 -0500] "GET /easy.php HTTP/1.1" 302 271 "-" "-"
20.240.47.47 - - [30/Jan/2026:14:17:02 -0500] "GET / HTTP/1.1" 200 28602 "-" "-"
20.240.47.47 - - [30/Jan/2026:14:17:02 -0500] "GET /wp-rss4.php HTTP/1.1" 302 271 "-" "-"
20.240.47.47 - - [30/Jan/2026:14:17:03 -0500] "GET / HTTP/1.1" 200 28602 "-" "-"
20.240.47.47 - - [30/Jan/2026:14:17:03 -0500] "GET /nlvbr.php HTTP/1.1" 302 271 "-" "-"
20.240.47.47 - - [30/Jan/2026:14:17:03 -0500] "GET / HTTP/1.1" 200 28602 "-" "-"
20.240.47.47 - - [30/Jan/2026:14:17:03 -0500] "GET /ah25.php HTTP/1.1" 302 271 "-" "-"
20.240.47.47 - - [30/Jan/2026:14:17:04 -0500] "GET / HTTP/1.1" 200 28602 "-" "-"
20.240.47.47 - - [30/Jan/2026:14:17:04 -0500] "GET /icoxp.php HTTP/1.1" 302 271 "-" "-"
20.240.47.47 - - [30/Jan/2026:14:17:04 -0500] "GET / HTTP/1.1" 200 28602 "-" "-"
20.240.47.47 - - [30/Jan/2026:14:17:04 -0500] "GET /wp-set.php HTTP/1.1" 302 271 "-" "-"
20.240.47.47 - - [30/Jan/2026:14:17:05 -0500] "GET / HTTP/1.1" 200 28602 "-" "-"
20.240.47.47 - - [30/Jan/2026:14:17:05 -0500] "GET /edit-tags.php HTTP/1.1" 302 271 "-" "-"
20.240.47.47 - - [30/Jan/2026:14:17:05 -0500] "GET / HTTP/1.1" 200 28602 "-" "-"
20.240.47.47 - - [30/Jan/2026:14:17:05 -0500] "GET /install.php HTTP/1.1" 302 271 "-" "-"
20.240.47.47 - - [30/Jan/2026:14:17:06 -0500] "GET / HTTP/1.1" 200 28602 "-" "-"
20.240.47.47 - - [30/Jan/2026:14:17:06 -0500] "GET /gettest.php HTTP/1.1" 302 271 "-" "-"
20.240.47.47 - - [30/Jan/2026:14:17:06 -0500] "GET / HTTP/1.1" 200 28602 "-" "-"
20.240.47.47 - - [30/Jan/2026:14:17:06 -0500] "GET /tempae.php HTTP/1.1" 302 271 "-" "-"
20.240.47.47 - - [30/Jan/2026:14:17:07 -0500] "GET / HTTP/1.1" 200 28602 "-" "-"
20.240.47.47 - - [30/Jan/2026:14:17:07 -0500] "GET /drfabyqp.php HTTP/1.1" 302 271 "-" "-"
20.240.47.47 - - [30/Jan/2026:14:17:07 -0500] "GET / HTTP/1.1" 200 28602 "-" "-"
20.240.47.47 - - [30/Jan/2026:14:17:08 -0500] "GET /f6.php HTTP/1.1" 302 271 "-" "-"
20.240.47.47 - - [30/Jan/2026:14:17:08 -0500] "GET / HTTP/1.1" 200 28602 "-" "-"
20.240.47.47 - - [30/Jan/2026:14:17:08 -0500] "GET /ty.php HTTP/1.1" 302 271 "-" "-"
20.240.47.47 - - [30/Jan/2026:14:17:08 -0500] "GET / HTTP/1.1" 200 28602 "-" "-"
20.240.47.47 - - [30/Jan/2026:14:17:09 -0500] "GET /RIP.php HTTP/1.1" 302 271 "-" "-"
20.240.47.47 - - [30/Jan/2026:14:17:09 -0500] "GET / HTTP/1.1" 200 28602 "-" "-"
20.240.47.47 - - [30/Jan/2026:14:17:09 -0500] "GET /bayss.php HTTP/1.1" 302 271 "-" "-"
20.240.47.47 - - [30/Jan/2026:14:17:09 -0500] "GET / HTTP/1.1" 200 28602 "-" "-"
20.240.47.47 - - [30/Jan/2026:14:17:10 -0500] "GET /w1.php HTTP/1.1" 302 271 "-" "-"
20.240.47.47 - - [30/Jan/2026:14:17:10 -0500] "GET / HTTP/1.1" 200 28602 "-" "-"
20.240.47.47 - - [30/Jan/2026:14:17:10 -0500] "GET /dgdaolin.php HTTP/1.1" 302 271 "-" "-"
20.240.47.47 - - [30/Jan/2026:14:17:10 -0500] "GET / HTTP/1.1" 200 28602 "-" "-"
20.240.47.47 - - [30/Jan/2026:14:17:11 -0500] "GET /rrhbdzdz.php HTTP/1.1" 302 271 "-" "-"
20.240.47.47 - - [30/Jan/2026:14:17:11 -0500] "GET / HTTP/1.1" 200 28602 "-" "-"
20.240.47.47 - - [30/Jan/2026:14:17:11 -0500] "GET /000.php HTTP/1.1" 302 271 "-" "-"
20.240.47.47 - - [30/Jan/2026:14:17:11 -0500] "GET / HTTP/1.1" 200 28602 "-" "-"
74.206.190.76 - - [30/Jan/2026:14:20:37 -0500] "GET / HTTP/1.1" 200 28602 "-" "curl/7.29.0"
74.206.190.76 - - [30/Jan/2026:14:25:24 -0500] "GET / HTTP/1.1" 200 28602 "-" "curl/7.29.0"
170.106.113.159 - - [30/Jan/2026:14:26:00 -0500] "GET /index.php/blonde-milfs/shayla-leveaux.html HTTP/1.1" 200 27344 "-" "Mozilla/5.0 (iPhone; CPU iPhone OS 13_2_3 like Mac OS X) AppleWebKit/605.1.15 (KHTML, like Gecko) Version/13.0.3 Mobile/15E148 Safari/604.1"
74.206.190.76 - - [30/Jan/2026:14:30:34 -0500] "POST /wp-cron.php?doing_wp_cron=1769801434.5877490043640136718750 HTTP/1.1" 200 2 "http://www.milftube1.com/wp-cron.php?doing_wp_cron=1769801434.5877490043640136718750" "WordPress/4.9.16; http://www.milftube1.com"
74.206.190.76 - - [30/Jan/2026:14:30:34 -0500] "GET / HTTP/1.1" 200 28602 "-" "curl/7.29.0"
37.59.21.100 - - [30/Jan/2026:14:31:31 -0500] "GET /index.php/category/blonde-milfs/feed HTTP/1.1" 200 15174 "-" "Mozilla/5.0 (X11; Linux i686) AppleWebKit/537.36 (KHTML, like Gecko) Chrome/30.0.1599.66 Safari/537.36"
43.135.142.7 - - [30/Jan/2026:14:32:37 -0500] "GET /index.php/blonde-milfs/milfs-tube-free.html HTTP/1.1" 200 27152 "-" "Mozilla/5.0 (iPhone; CPU iPhone OS 13_2_3 like Mac OS X) AppleWebKit/605.1.15 (KHTML, like Gecko) Version/13.0.3 Mobile/15E148 Safari/604.1"
74.206.190.76 - - [30/Jan/2026:14:35:24 -0500] "GET / HTTP/1.1" 200 28602 "-" "curl/7.29.0"
74.206.190.76 - - [30/Jan/2026:14:40:36 -0500] "GET / HTTP/1.1" 200 28602 "-" "curl/7.29.0"
83.217.208.127 - - [30/Jan/2026:14:41:31 -0500] "GET /wp-login.php HTTP/1.1" 200 2476 "-" "Mozilla/5.0 (iPhone; CPU iPhone OS 7_1_2 like Mac OS X) AppleWebKit/537.51.1 (KHTML, like Gecko) GSA/4.1.0.31802 Mobile/11D257 Safari/9537.53"
83.217.208.127 - - [30/Jan/2026:14:41:32 -0500] "POST /wp-login.php HTTP/1.1" 200 3464 "-" "Mozilla/5.0 (iPhone; CPU iPhone OS 7_1_2 like Mac OS X) AppleWebKit/537.51.1 (KHTML, like Gecko) GSA/4.1.0.31802 Mobile/11D257 Safari/9537.53"
74.206.190.76 - - [30/Jan/2026:14:45:23 -0500] "POST /wp-cron.php?doing_wp_cron=1769802323.6758799552917480468750 HTTP/1.1" 200 2 "http://www.milftube1.com/wp-cron.php?doing_wp_cron=1769802323.6758799552917480468750" "WordPress/4.9.16; http://www.milftube1.com"
74.206.190.76 - - [30/Jan/2026:14:45:23 -0500] "GET / HTTP/1.1" 200 28602 "-" "curl/7.29.0"
43.157.191.20 - - [30/Jan/2026:14:45:39 -0500] "GET /index.php/category/latina-milfs HTTP/1.1" 200 18678 "-" "Mozilla/5.0 (iPhone; CPU iPhone OS 13_2_3 like Mac OS X) AppleWebKit/605.1.15 (KHTML, like Gecko) Version/13.0.3 Mobile/15E148 Safari/604.1"
74.206.190.76 - - [30/Jan/2026:14:50:27 -0500] "GET / HTTP/1.1" 200 28602 "-" "curl/7.29.0"
43.155.129.131 - - [30/Jan/2026:14:52:02 -0500] "GET /index.php/category/busty-milfs/feed HTTP/1.1" 200 10322 "-" "Mozilla/5.0 (iPhone; CPU iPhone OS 13_2_3 like Mac OS X) AppleWebKit/605.1.15 (KHTML, like Gecko) Version/13.0.3 Mobile/15E148 Safari/604.1"
74.206.190.76 - - [30/Jan/2026:14:55:32 -0500] "GET / HTTP/1.1" 200 28602 "-" "curl/7.29.0"
74.206.190.76 - - [30/Jan/2026:15:00:32 -0500] "GET / HTTP/1.1" 200 28602 "-" "curl/7.29.0"
74.7.175.168 - - [30/Jan/2026:15:01:40 -0500] "GET /robots.txt HTTP/1.1" 200 29 "-" "Mozilla/5.0 (Macintosh; Intel Mac OS X 10_15_7) AppleWebKit/537.36 (KHTML, like Gecko) Chrome/131.0.0.0 Safari/537.36; compatible; OAI-SearchBot/1.3; robots.txt; +https://openai.com/searchbot"
74.7.227.55 - - [30/Jan/2026:15:01:43 -0500] "GET / HTTP/1.1" 200 28602 "http://www.gayporntube.org" "Mozilla/5.0 AppleWebKit/537.36 (KHTML, like Gecko; compatible; GPTBot/1.3; +https://openai.com/gptbot)"
43.135.145.77 - - [30/Jan/2026:15:02:13 -0500] "GET /index.php/busty-milfs/hanna-hilton-tube.html HTTP/1.1" 200 23229 "-" "Mozilla/5.0 (iPhone; CPU iPhone OS 13_2_3 like Mac OS X) AppleWebKit/605.1.15 (KHTML, like Gecko) Version/13.0.3 Mobile/15E148 Safari/604.1"
74.206.190.76 - - [30/Jan/2026:15:05:27 -0500] "GET / HTTP/1.1" 200 28602 "-" "curl/7.29.0"
74.206.190.76 - - [30/Jan/2026:15:10:23 -0500] "GET / HTTP/1.1" 200 28602 "-" "curl/7.29.0"
74.206.190.76 - - [30/Jan/2026:15:15:24 -0500] "GET / HTTP/1.1" 200 28602 "-" "curl/7.29.0"
49.51.166.228 - - [30/Jan/2026:15:15:30 -0500] "GET /index.php/blonde-milfs/jordan-kingsley.html HTTP/1.1" 200 28301 "-" "Mozilla/5.0 (iPhone; CPU iPhone OS 13_2_3 like Mac OS X) AppleWebKit/605.1.15 (KHTML, like Gecko) Version/13.0.3 Mobile/15E148 Safari/604.1"
74.206.190.76 - - [30/Jan/2026:15:20:32 -0500] "GET / HTTP/1.1" 200 28602 "-" "curl/7.29.0"
150.109.230.210 - - [30/Jan/2026:15:24:28 -0500] "GET /index.php/blonde-milfs/shayla-leveaux.html HTTP/1.1" 200 27344 "-" "Mozilla/5.0 (iPhone; CPU iPhone OS 13_2_3 like Mac OS X) AppleWebKit/605.1.15 (KHTML, like Gecko) Version/13.0.3 Mobile/15E148 Safari/604.1"
74.206.190.76 - - [30/Jan/2026:15:25:24 -0500] "GET / HTTP/1.1" 200 28602 "-" "curl/7.29.0"
74.206.190.76 - - [30/Jan/2026:15:30:22 -0500] "POST /wp-cron.php?doing_wp_cron=1769805022.5070021152496337890625 HTTP/1.1" 200 2 "http://www.milftube1.com/wp-cron.php?doing_wp_cron=1769805022.5070021152496337890625" "WordPress/4.9.16; http://www.milftube1.com"
74.206.190.76 - - [30/Jan/2026:15:30:22 -0500] "GET / HTTP/1.1" 200 28602 "-" "curl/7.29.0"
114.119.148.47 - - [30/Jan/2026:15:33:52 -0500] "GET /index.php/page/3 HTTP/1.1" 200 20710 "http://www.milftube1.com/index.php/page/2" "Mozilla/5.0 (Linux; Android 7.0;) AppleWebKit/537.36 (KHTML, like Gecko) Mobile Safari/537.36 (compatible; PetalBot;+https://webmaster.petalsearch.com/site/petalbot)"
114.119.159.64 - - [30/Jan/2026:15:35:16 -0500] "GET /index.php/busty-milfs/savannah-stern.html HTTP/1.1" 200 23571 "http://www.milftube1.com/index.php/category/busty-milfs" "Mozilla/5.0 (Linux; Android 7.0;) AppleWebKit/537.36 (KHTML, like Gecko) Mobile Safari/537.36 (compatible; PetalBot;+https://webmaster.petalsearch.com/site/petalbot)"
74.206.190.76 - - [30/Jan/2026:15:35:25 -0500] "GET / HTTP/1.1" 200 28602 "-" "curl/7.29.0"
43.154.127.188 - - [30/Jan/2026:15:36:43 -0500] "GET /?p=86 HTTP/1.1" 301 2 "-" "Mozilla/5.0 (iPhone; CPU iPhone OS 13_2_3 like Mac OS X) AppleWebKit/605.1.15 (KHTML, like Gecko) Version/13.0.3 Mobile/15E148 Safari/604.1"
43.154.127.188 - - [30/Jan/2026:15:36:46 -0500] "GET /index.php/blonde-milfs/milfs-tube-free.html HTTP/1.1" 200 27152 "http://www.milftube1.com/?p=86" "Mozilla/5.0 (iPhone; CPU iPhone OS 13_2_3 like Mac OS X) AppleWebKit/605.1.15 (KHTML, like Gecko) Version/13.0.3 Mobile/15E148 Safari/604.1"
74.206.190.76 - - [30/Jan/2026:15:40:39 -0500] "GET / HTTP/1.1" 200 28602 "-" "curl/7.29.0"
74.206.190.76 - - [30/Jan/2026:15:42:06 -0500] "POST /wp-cron.php?doing_wp_cron=1769805726.8165380954742431640625 HTTP/1.1" 200 2 "http://www.milftube1.com/wp-cron.php?doing_wp_cron=1769805726.8165380954742431640625" "WordPress/4.9.16; http://www.milftube1.com"
162.62.213.187 - - [30/Jan/2026:15:42:06 -0500] "GET /index.php/latina-milfs/alexis-amore-tube.html HTTP/1.1" 200 20809 "-" "Mozilla/5.0 (iPhone; CPU iPhone OS 13_2_3 like Mac OS X) AppleWebKit/605.1.15 (KHTML, like Gecko) Version/13.0.3 Mobile/15E148 Safari/604.1"
74.206.190.76 - - [30/Jan/2026:15:44:17 -0500] "POST /wp-cron.php?doing_wp_cron=1769805857.8477020263671875000000 HTTP/1.1" 200 2 "http://www.milftube1.com/wp-cron.php?doing_wp_cron=1769805857.8477020263671875000000" "WordPress/4.9.16; http://www.milftube1.com"
221.229.106.25 - - [30/Jan/2026:15:44:17 -0500] "GET / HTTP/1.1" 200 28602 "-" "Mozilla/5.0 (iPhone; CPU iPhone OS 13_2_3 like Mac OS X) AppleWebKit/605.1.15 (KHTML, like Gecko) Version/13.0.3 Mobile/15E148 Safari/604.1"
74.206.190.76 - - [30/Jan/2026:15:45:24 -0500] "GET / HTTP/1.1" 200 28602 "-" "curl/7.29.0"
37.59.21.100 - - [30/Jan/2026:15:48:10 -0500] "GET /index.php/category/married-milfs/feed HTTP/1.1" 200 7544 "-" "Mozilla/5.0 (X11; Linux i686) AppleWebKit/537.36 (KHTML, like Gecko) Chrome/30.0.1599.66 Safari/537.36"
74.206.190.76 - - [30/Jan/2026:15:50:25 -0500] "GET / HTTP/1.1" 200 28602 "-" "curl/7.29.0"
43.157.148.38 - - [30/Jan/2026:15:51:07 -0500] "GET /index.php/busty-milfs/mature-tube.html/feed HTTP/1.1" 200 2277 "-" "Mozilla/5.0 (iPhone; CPU iPhone OS 13_2_3 like Mac OS X) AppleWebKit/605.1.15 (KHTML, like Gecko) Version/13.0.3 Mobile/15E148 Safari/604.1"
74.206.190.76 - - [30/Jan/2026:15:55:30 -0500] "GET / HTTP/1.1" 200 28602 "-" "curl/7.29.0"
37.59.21.100 - - [30/Jan/2026:15:56:39 -0500] "GET /index.php/young-milfs/young-milf-tube.html/feed HTTP/1.1" 200 1312 "-" "Mozilla/5.0 (X11; Linux i686) AppleWebKit/537.36 (KHTML, like Gecko) Chrome/30.0.1599.66 Safari/537.36"
74.206.190.76 - - [30/Jan/2026:16:00:36 -0500] "GET / HTTP/1.1" 200 28602 "-" "curl/7.29.0"
104.28.230.33 - - [30/Jan/2026:16:00:56 -0500] "GET / HTTP/1.1" 200 28602 "-" "Mozilla/5.0 (Macintosh; Intel Mac OS X 12_5) AppleWebKit/605.1.15 (KHTML, like Gecko) Version/15.4 Safari/605.1.15"
114.119.159.86 - - [30/Jan/2026:16:03:09 -0500] "GET /index.php/busty-milfs/savannah-stern.html HTTP/1.1" 200 23571 "http://www.milftube1.com/index.php/busty-milfs/hanna-hilton-tube.html" "Mozilla/5.0 (Linux; Android 7.0;) AppleWebKit/537.36 (KHTML, like Gecko) Mobile Safari/537.36 (compatible; PetalBot;+https://webmaster.petalsearch.com/site/petalbot)"
43.132.214.228 - - [30/Jan/2026:16:04:04 -0500] "GET /index.php/wp-json/oembed/1.0/embed?url=http%3A%2F%2Fwww.milftube1.com%2Findex.php%2Fbusty-milfs%2Fhanna-hilton-tube.html HTTP/1.1" 200 2417 "-" "Mozilla/5.0 (iPhone; CPU iPhone OS 13_2_3 like Mac OS X) AppleWebKit/605.1.15 (KHTML, like Gecko) Version/13.0.3 Mobile/15E148 Safari/604.1"
74.206.190.76 - - [30/Jan/2026:16:05:22 -0500] "GET / HTTP/1.1" 200 28602 "-" "curl/7.29.0"
74.206.190.76 - - [30/Jan/2026:16:10:24 -0500] "GET / HTTP/1.1" 200 28602 "-" "curl/7.29.0"
107.189.29.24 - - [30/Jan/2026:16:13:58 -0500] "GET /wp-login.php HTTP/1.1" 200 2476 "-" "Mozilla/5.0 (iPad; CPU OS 7_1_1 like Mac OS X) AppleWebKit/537.51.2 (KHTML, like Gecko) Version/7.0 Mobile/11D201 Safari/9537.53"
107.189.29.24 - - [30/Jan/2026:16:13:59 -0500] "POST /wp-login.php HTTP/1.1" 200 3464 "-" "Mozilla/5.0 (iPad; CPU OS 7_1_1 like Mac OS X) AppleWebKit/537.51.2 (KHTML, like Gecko) Version/7.0 Mobile/11D201 Safari/9537.53"
74.206.190.76 - - [30/Jan/2026:16:15:24 -0500] "GET / HTTP/1.1" 200 28602 "-" "curl/7.29.0"
114.119.132.153 - - [30/Jan/2026:16:20:17 -0500] "GET /index.php/young-milfs/young-pretty-blonde-asian-live-cam.html HTTP/1.1" 200 22092 "http://www.milftube1.com/index.php/young-milfs/jenna-haze-tube.html" "Mozilla/5.0 (Linux; Android 7.0;) AppleWebKit/537.36 (KHTML, like Gecko) Mobile Safari/537.36 (compatible; PetalBot;+https://webmaster.petalsearch.com/site/petalbot)"
74.206.190.76 - - [30/Jan/2026:16:20:34 -0500] "GET / HTTP/1.1" 200 28602 "-" "curl/7.29.0"
37.59.21.100 - - [30/Jan/2026:16:23:29 -0500] "GET /index.php/tag/abbey-brooks/feed HTTP/1.1" 200 2834 "-" "Mozilla/5.0 (X11; Linux i686) AppleWebKit/537.36 (KHTML, like Gecko) Chrome/30.0.1599.66 Safari/537.36"
17.246.23.151 - - [30/Jan/2026:16:24:44 -0500] "GET /robots.txt HTTP/1.1" 200 29 "-" "Mozilla/5.0 (Macintosh; Intel Mac OS X 10_15_7) AppleWebKit/605.1.15 (KHTML, like Gecko) Version/17.4 Safari/605.1.15 (Applebot/0.1; +http://www.apple.com/go/applebot)"
17.246.23.151 - - [30/Jan/2026:16:24:44 -0500] "GET /index.php/tag/misty-vonage/feed HTTP/1.1" 200 2909 "-" "Mozilla/5.0 (Macintosh; Intel Mac OS X 10_15_7) AppleWebKit/605.1.15 (KHTML, like Gecko) Version/17.4 Safari/605.1.15 (Applebot/0.1; +http://www.apple.com/go/applebot)"
74.206.190.76 - - [30/Jan/2026:16:25:23 -0500] "GET / HTTP/1.1" 200 28602 "-" "curl/7.29.0"
74.206.190.76 - - [30/Jan/2026:16:30:24 -0500] "POST /wp-cron.php?doing_wp_cron=1769808624.5566499233245849609375 HTTP/1.1" 200 2 "http://www.milftube1.com/wp-cron.php?doing_wp_cron=1769808624.5566499233245849609375" "WordPress/4.9.16; http://www.milftube1.com"
74.206.190.76 - - [30/Jan/2026:16:30:24 -0500] "GET / HTTP/1.1" 200 28602 "-" "curl/7.29.0"
43.166.128.187 - - [30/Jan/2026:16:31:18 -0500] "GET / HTTP/1.1" 301 2 "-" "Mozilla/5.0 (iPhone; CPU iPhone OS 13_2_3 like Mac OS X) AppleWebKit/605.1.15 (KHTML, like Gecko) Version/13.0.3 Mobile/15E148 Safari/604.1"
43.166.128.187 - - [30/Jan/2026:16:31:20 -0500] "GET / HTTP/1.1" 200 28602 "http://milftube1.com" "Mozilla/5.0 (iPhone; CPU iPhone OS 13_2_3 like Mac OS X) AppleWebKit/605.1.15 (KHTML, like Gecko) Version/13.0.3 Mobile/15E148 Safari/604.1"
74.206.190.76 - - [30/Jan/2026:16:35:25 -0500] "GET / HTTP/1.1" 200 28602 "-" "curl/7.29.0"
74.206.190.76 - - [30/Jan/2026:16:40:35 -0500] "GET / HTTP/1.1" 200 28602 "-" "curl/7.29.0"
74.206.190.76 - - [30/Jan/2026:16:44:47 -0500] "POST /wp-cron.php?doing_wp_cron=1769809487.6178441047668457031250 HTTP/1.1" 200 2 "http://www.milftube1.com/wp-cron.php?doing_wp_cron=1769809487.6178441047668457031250" "WordPress/4.9.16; http://www.milftube1.com"
114.119.132.153 - - [30/Jan/2026:16:44:47 -0500] "GET /index.php/blonde-milfs/misty-vonage.html HTTP/1.1" 200 27369 "http://www.milftube1.com/index.php/blonde-milfs/august-tube.html" "Mozilla/5.0 (Linux; Android 7.0;) AppleWebKit/537.36 (KHTML, like Gecko) Mobile Safari/537.36 (compatible; PetalBot;+https://webmaster.petalsearch.com/site/petalbot)"
74.206.190.76 - - [30/Jan/2026:16:45:26 -0500] "GET / HTTP/1.1" 200 28602 "-" "curl/7.29.0"
74.206.190.76 - - [30/Jan/2026:16:50:23 -0500] "POST /wp-cron.php?doing_wp_cron=1769809823.2615311145782470703125 HTTP/1.1" 200 2 "http://www.milftube1.com/wp-cron.php?doing_wp_cron=1769809823.2615311145782470703125" "WordPress/4.9.16; http://www.milftube1.com"
74.206.190.76 - - [30/Jan/2026:16:50:23 -0500] "GET / HTTP/1.1" 200 28602 "-" "curl/7.29.0"
37.59.21.100 - - [30/Jan/2026:16:51:32 -0500] "GET /index.php/tag/lacey-duvalle/feed HTTP/1.1" 200 2985 "-" "Mozilla/5.0 (X11; Linux i686) AppleWebKit/537.36 (KHTML, like Gecko) Chrome/30.0.1599.66 Safari/537.36"
74.206.190.76 - - [30/Jan/2026:16:55:24 -0500] "GET / HTTP/1.1" 200 28602 "-" "curl/7.29.0"
74.206.190.76 - - [30/Jan/2026:17:00:30 -0500] "GET / HTTP/1.1" 200 28602 "-" "curl/7.29.0"
43.153.26.165 - - [30/Jan/2026:17:00:59 -0500] "GET /index.php/married-milfs/jayden-jaymes-tube.html HTTP/1.1" 200 22515 "-" "Mozilla/5.0 (iPhone; CPU iPhone OS 13_2_3 like Mac OS X) AppleWebKit/605.1.15 (KHTML, like Gecko) Version/13.0.3 Mobile/15E148 Safari/604.1"
74.206.190.76 - - [30/Jan/2026:17:05:23 -0500] "GET / HTTP/1.1" 200 28603 "-" "curl/7.29.0"
37.59.21.100 - - [30/Jan/2026:17:09:35 -0500] "GET /index.php/feed HTTP/1.1" 200 15293 "-" "Mozilla/5.0 (X11; Linux i686) AppleWebKit/537.36 (KHTML, like Gecko) Chrome/30.0.1599.66 Safari/537.36"
74.206.190.76 - - [30/Jan/2026:17:10:25 -0500] "GET / HTTP/1.1" 200 28603 "-" "curl/7.29.0"
37.59.21.100 - - [30/Jan/2026:17:12:44 -0500] "GET /index.php/tag/real-wife-stories/feed HTTP/1.1" 200 9218 "-" "Mozilla/5.0 (X11; Linux i686) AppleWebKit/537.36 (KHTML, like Gecko) Chrome/30.0.1599.66 Safari/537.36"
43.128.67.187 - - [30/Jan/2026:17:15:12 -0500] "GET /index.php/wp-json/oembed/1.0/embed?url=http%3A%2F%2Fwww.milftube1.com%2Findex.php%2Fmarried-milfs%2Fjayden-jaymes-tube.html HTTP/1.1" 200 2459 "-" "Mozilla/5.0 (iPhone; CPU iPhone OS 13_2_3 like Mac OS X) AppleWebKit/605.1.15 (KHTML, like Gecko) Version/13.0.3 Mobile/15E148 Safari/604.1"
74.206.190.76 - - [30/Jan/2026:17:15:27 -0500] "GET / HTTP/1.1" 200 28603 "-" "curl/7.29.0"
74.206.190.76 - - [30/Jan/2026:17:20:59 -0500] "GET / HTTP/1.1" 200 28603 "-" "curl/7.29.0"
74.206.190.76 - - [30/Jan/2026:17:25:25 -0500] "GET / HTTP/1.1" 200 28603 "-" "curl/7.29.0"
43.159.135.203 - - [30/Jan/2026:17:26:48 -0500] "GET /?p=111 HTTP/1.1" 301 2 "-" "Mozilla/5.0 (iPhone; CPU iPhone OS 13_2_3 like Mac OS X) AppleWebKit/605.1.15 (KHTML, like Gecko) Version/13.0.3 Mobile/15E148 Safari/604.1"
43.159.135.203 - - [30/Jan/2026:17:26:51 -0500] "GET /index.php/married-milfs/jayden-jaymes-tube.html HTTP/1.1" 200 22515 "http://www.milftube1.com/?p=111" "Mozilla/5.0 (iPhone; CPU iPhone OS 13_2_3 like Mac OS X) AppleWebKit/605.1.15 (KHTML, like Gecko) Version/13.0.3 Mobile/15E148 Safari/604.1"
74.206.190.76 - - [30/Jan/2026:17:30:25 -0500] "POST /wp-cron.php?doing_wp_cron=1769812225.8737139701843261718750 HTTP/1.1" 200 2 "http://www.milftube1.com/wp-cron.php?doing_wp_cron=1769812225.8737139701843261718750" "WordPress/4.9.16; http://www.milftube1.com"
74.206.190.76 - - [30/Jan/2026:17:30:25 -0500] "GET / HTTP/1.1" 200 28603 "-" "curl/7.29.0"
37.59.21.100 - - [30/Jan/2026:17:33:32 -0500] "GET /index.php/category/blonde-milfs/feed HTTP/1.1" 200 15174 "-" "Mozilla/5.0 (X11; Linux i686) AppleWebKit/537.36 (KHTML, like Gecko) Chrome/30.0.1599.66 Safari/537.36"
74.206.190.76 - - [30/Jan/2026:17:35:22 -0500] "GET / HTTP/1.1" 200 28603 "-" "curl/7.29.0"
198.98.53.57 - - [30/Jan/2026:17:39:53 -0500] "GET /wp-login.php HTTP/1.1" 200 2476 "-" "Mozilla/5.0 (Windows NT 6.1; WOW64; Trident/7.0; rv:11.0) like Gecko"
198.98.53.57 - - [30/Jan/2026:17:39:54 -0500] "POST /wp-login.php HTTP/1.1" 200 3464 "-" "Mozilla/5.0 (Windows NT 6.1; WOW64; Trident/7.0; rv:11.0) like Gecko"
74.206.190.76 - - [30/Jan/2026:17:40:36 -0500] "GET / HTTP/1.1" 200 28603 "-" "curl/7.29.0"
37.59.21.100 - - [30/Jan/2026:17:42:50 -0500] "GET /index.php/category/brunette-milfs/feed HTTP/1.1" 200 8071 "-" "Mozilla/5.0 (X11; Linux i686) AppleWebKit/537.36 (KHTML, like Gecko) Chrome/30.0.1599.66 Safari/537.36"
74.206.190.76 - - [30/Jan/2026:17:45:24 -0500] "POST /wp-cron.php?doing_wp_cron=1769813124.6451189517974853515625 HTTP/1.1" 200 2 "http://www.milftube1.com/wp-cron.php?doing_wp_cron=1769813124.6451189517974853515625" "WordPress/4.9.16; http://www.milftube1.com"
74.206.190.76 - - [30/Jan/2026:17:45:24 -0500] "GET / HTTP/1.1" 200 28603 "-" "curl/7.29.0"
49.51.183.15 - - [30/Jan/2026:17:47:21 -0500] "GET /index.php/married-milfs/holly-morgan.html HTTP/1.1" 200 22301 "-" "Mozilla/5.0 (iPhone; CPU iPhone OS 13_2_3 like Mac OS X) AppleWebKit/605.1.15 (KHTML, like Gecko) Version/13.0.3 Mobile/15E148 Safari/604.1"
37.59.21.100 - - [30/Jan/2026:17:50:00 -0500] "GET /index.php/tag/jordan-kingsley/feed HTTP/1.1" 200 3029 "-" "Mozilla/5.0 (X11; Linux i686) AppleWebKit/537.36 (KHTML, like Gecko) Chrome/30.0.1599.66 Safari/537.36"
74.206.190.76 - - [30/Jan/2026:17:50:24 -0500] "GET / HTTP/1.1" 200 28603 "-" "curl/7.29.0"
209.141.47.166 - - [30/Jan/2026:17:55:11 -0500] "GET /wp-login.php HTTP/1.1" 200 2476 "-" "Mozilla/5.0 (Macintosh; Intel Mac OS X 10_9_4) AppleWebKit/537.36 (KHTML, like Gecko) Chrome/36.0.1985.143 Safari/537.36"
209.141.47.166 - - [30/Jan/2026:17:55:13 -0500] "POST /wp-login.php HTTP/1.1" 200 3464 "-" "Mozilla/5.0 (Macintosh; Intel Mac OS X 10_9_4) AppleWebKit/537.36 (KHTML, like Gecko) Chrome/36.0.1985.143 Safari/537.36"
74.206.190.76 - - [30/Jan/2026:17:55:25 -0500] "GET / HTTP/1.1" 200 28603 "-" "curl/7.29.0"
43.135.145.117 - - [30/Jan/2026:17:56:21 -0500] "GET /index.php/married-milfs/jayden-jaymes-tube.html HTTP/1.1" 200 22515 "-" "Mozilla/5.0 (iPhone; CPU iPhone OS 13_2_3 like Mac OS X) AppleWebKit/605.1.15 (KHTML, like Gecko) Version/13.0.3 Mobile/15E148 Safari/604.1"
74.206.190.76 - - [30/Jan/2026:18:00:35 -0500] "GET / HTTP/1.1" 200 28603 "-" "curl/7.29.0"
74.206.190.76 - - [30/Jan/2026:18:05:28 -0500] "GET / HTTP/1.1" 200 28603 "-" "curl/7.29.0"
170.106.187.106 - - [30/Jan/2026:18:07:59 -0500] "GET /index.php/tag/jayden-jaymes HTTP/1.1" 200 17974 "-" "Mozilla/5.0 (iPhone; CPU iPhone OS 13_2_3 like Mac OS X) AppleWebKit/605.1.15 (KHTML, like Gecko) Version/13.0.3 Mobile/15E148 Safari/604.1"
74.206.190.76 - - [30/Jan/2026:18:10:22 -0500] "GET / HTTP/1.1" 200 28603 "-" "curl/7.29.0"
74.206.190.76 - - [30/Jan/2026:18:15:28 -0500] "GET / HTTP/1.1" 200 28603 "-" "curl/7.29.0"
74.206.190.76 - - [30/Jan/2026:18:19:04 -0500] "POST /wp-cron.php?doing_wp_cron=1769815144.1297628879547119140625 HTTP/1.1" 200 2 "http://www.milftube1.com/wp-cron.php?doing_wp_cron=1769815144.1297628879547119140625" "WordPress/4.9.16; http://www.milftube1.com"
209.50.227.249 - - [30/Jan/2026:18:19:04 -0500] "GET / HTTP/1.1" 301 2 "-" "Mozilla/5.0 (Windows NT 11.0; Win64; x64) AppleWebKit/537.36 (KHTML, like Gecko) Chrome/134.0.6998.166 Safari/537.36"
209.50.227.249 - - [30/Jan/2026:18:19:04 -0500] "GET / HTTP/1.1" 200 28603 "-" "Mozilla/5.0 (Windows NT 11.0; Win64; x64) AppleWebKit/537.36 (KHTML, like Gecko) Chrome/134.0.6998.166 Safari/537.36"
209.50.227.249 - - [30/Jan/2026:18:19:06 -0500] "GET /wp-content/themes/tubetheme-2017-v3-filled/font/vjs.woff HTTP/1.1" 200 2508 "http://www.milftube1.com/wp-content/themes/tubetheme-2017-v3-filled/video-js.css" "Mozilla/5.0 (Windows NT 11.0; Win64; x64) AppleWebKit/537.36 (KHTML, like Gecko) Chrome/134.0.6998.166 Safari/537.36"
74.206.190.76 - - [30/Jan/2026:18:20:33 -0500] "GET / HTTP/1.1" 200 28603 "-" "curl/7.29.0"
37.59.21.100 - - [30/Jan/2026:18:21:43 -0500] "GET /index.php/category/busty-milfs/feed HTTP/1.1" 200 10322 "-" "Mozilla/5.0 (X11; Linux i686) AppleWebKit/537.36 (KHTML, like Gecko) Chrome/30.0.1599.66 Safari/537.36"
74.206.190.76 - - [30/Jan/2026:18:25:23 -0500] "GET / HTTP/1.1" 200 28603 "-" "curl/7.29.0"
162.62.132.25 - - [30/Jan/2026:18:25:25 -0500] "GET /index.php/tag/real-wife-stories HTTP/1.1" 200 20709 "-" "Mozilla/5.0 (iPhone; CPU iPhone OS 13_2_3 like Mac OS X) AppleWebKit/605.1.15 (KHTML, like Gecko) Version/13.0.3 Mobile/15E148 Safari/604.1"
23.82.99.116 - - [30/Jan/2026:18:26:17 -0500] "GET / HTTP/1.1" 301 2 "-" "Mozilla/5.0 (Windows NT 11.0; Win64; x64) AppleWebKit/537.36 (KHTML, like Gecko) Chrome/134.0.6998.166 Safari/537.36"
23.82.99.116 - - [30/Jan/2026:18:26:17 -0500] "GET / HTTP/1.1" 200 28603 "-" "Mozilla/5.0 (Windows NT 11.0; Win64; x64) AppleWebKit/537.36 (KHTML, like Gecko) Chrome/134.0.6998.166 Safari/537.36"
23.82.99.116 - - [30/Jan/2026:18:26:20 -0500] "GET /wp-content/themes/tubetheme-2017-v3-filled/font/vjs.woff HTTP/1.1" 200 2508 "http://www.milftube1.com/wp-content/themes/tubetheme-2017-v3-filled/video-js.css" "Mozilla/5.0 (Windows NT 11.0; Win64; x64) AppleWebKit/537.36 (KHTML, like Gecko) Chrome/134.0.6998.166 Safari/537.36"
74.206.190.76 - - [30/Jan/2026:18:30:24 -0500] "POST /wp-cron.php?doing_wp_cron=1769815824.3698000907897949218750 HTTP/1.1" 200 2 "http://www.milftube1.com/wp-cron.php?doing_wp_cron=1769815824.3698000907897949218750" "WordPress/4.9.16; http://www.milftube1.com"
74.206.190.76 - - [30/Jan/2026:18:30:24 -0500] "GET / HTTP/1.1" 200 28603 "-" "curl/7.29.0"
74.206.190.76 - - [30/Jan/2026:18:35:23 -0500] "GET / HTTP/1.1" 200 28603 "-" "curl/7.29.0"
170.106.180.153 - - [30/Jan/2026:18:36:07 -0500] "GET /index.php/tag/holly-morgan HTTP/1.1" 200 17924 "-" "Mozilla/5.0 (iPhone; CPU iPhone OS 13_2_3 like Mac OS X) AppleWebKit/605.1.15 (KHTML, like Gecko) Version/13.0.3 Mobile/15E148 Safari/604.1"
74.206.190.76 - - [30/Jan/2026:18:40:36 -0500] "GET / HTTP/1.1" 200 28603 "-" "curl/7.29.0"
74.206.190.76 - - [30/Jan/2026:18:45:25 -0500] "POST /wp-cron.php?doing_wp_cron=1769816725.0771300792694091796875 HTTP/1.1" 200 2 "http://www.milftube1.com/wp-cron.php?doing_wp_cron=1769816725.0771300792694091796875" "WordPress/4.9.16; http://www.milftube1.com"
74.206.190.76 - - [30/Jan/2026:18:45:24 -0500] "GET / HTTP/1.1" 200 28603 "-" "curl/7.29.0"
43.135.135.57 - - [30/Jan/2026:18:46:43 -0500] "GET /index.php/wp-json/oembed/1.0/embed?url=http%3A%2F%2Fwww.milftube1.com%2Findex.php%2Fmarried-milfs%2Fholly-morgan.html&format=xml HTTP/1.1" 200 2491 "-" "Mozilla/5.0 (iPhone; CPU iPhone OS 13_2_3 like Mac OS X) AppleWebKit/605.1.15 (KHTML, like Gecko) Version/13.0.3 Mobile/15E148 Safari/604.1"
74.206.190.76 - - [30/Jan/2026:18:50:24 -0500] "GET / HTTP/1.1" 200 28603 "-" "curl/7.29.0"
74.206.190.76 - - [30/Jan/2026:18:55:24 -0500] "GET / HTTP/1.1" 200 28603 "-" "curl/7.29.0"
43.165.65.75 - - [30/Jan/2026:18:56:04 -0500] "GET /index.php/wp-json/oembed/1.0/embed?url=http%3A%2F%2Fwww.milftube1.com%2Findex.php%2Fmarried-milfs%2Fjayden-jaymes-tube.html&format=xml HTTP/1.1" 200 2554 "-" "Mozilla/5.0 (iPhone; CPU iPhone OS 13_2_3 like Mac OS X) AppleWebKit/605.1.15 (KHTML, like Gecko) Version/13.0.3 Mobile/15E148 Safari/604.1"
74.206.190.76 - - [30/Jan/2026:19:00:35 -0500] "GET / HTTP/1.1" 200 28603 "-" "curl/7.29.0"
74.206.190.76 - - [30/Jan/2026:19:05:25 -0500] "GET / HTTP/1.1" 200 28603 "-" "curl/7.29.0"
43.166.129.247 - - [30/Jan/2026:19:09:36 -0500] "GET /index.php/tag/jayden-jaymes/feed HTTP/1.1" 200 3213 "-" "Mozilla/5.0 (iPhone; CPU iPhone OS 13_2_3 like Mac OS X) AppleWebKit/605.1.15 (KHTML, like Gecko) Version/13.0.3 Mobile/15E148 Safari/604.1"
74.206.190.76 - - [30/Jan/2026:19:10:23 -0500] "GET / HTTP/1.1" 200 28603 "-" "curl/7.29.0"
37.59.21.100 - - [30/Jan/2026:19:11:11 -0500] "GET /index.php/category/married-milfs/feed HTTP/1.1" 200 7544 "-" "Mozilla/5.0 (X11; Linux i686) AppleWebKit/537.36 (KHTML, like Gecko) Chrome/30.0.1599.66 Safari/537.36"
74.206.190.76 - - [30/Jan/2026:19:15:26 -0500] "GET / HTTP/1.1" 200 28603 "-" "curl/7.29.0"
74.206.190.76 - - [30/Jan/2026:19:20:35 -0500] "GET / HTTP/1.1" 200 28603 "-" "curl/7.29.0"
74.206.190.76 - - [30/Jan/2026:19:25:24 -0500] "GET / HTTP/1.1" 200 28603 "-" "curl/7.29.0"
107.189.14.99 - - [30/Jan/2026:19:26:31 -0500] "GET /wp-login.php HTTP/1.1" 200 2476 "-" "Mozilla/5.0 (Windows NT 6.1; WOW64) AppleWebKit/537.36 (KHTML, like Gecko) Chrome/36.0.1985.125 Safari/537.36"
37.59.21.100 - - [30/Jan/2026:19:26:32 -0500] "GET /index.php/tag/lacey-duvalle/feed HTTP/1.1" 200 2985 "-" "Mozilla/5.0 (X11; Linux i686) AppleWebKit/537.36 (KHTML, like Gecko) Chrome/30.0.1599.66 Safari/537.36"
107.189.14.99 - - [30/Jan/2026:19:28:31 -0500] "POST /wp-login.php HTTP/1.1" 200 3464 "-" "Mozilla/5.0 (Windows NT 6.1; WOW64) AppleWebKit/537.36 (KHTML, like Gecko) Chrome/36.0.1985.125 Safari/537.36"
74.206.190.76 - - [30/Jan/2026:19:30:23 -0500] "POST /wp-cron.php?doing_wp_cron=1769819423.8991439342498779296875 HTTP/1.1" 200 2 "http://www.milftube1.com/wp-cron.php?doing_wp_cron=1769819423.8991439342498779296875" "WordPress/4.9.16; http://www.milftube1.com"
74.206.190.76 - - [30/Jan/2026:19:30:23 -0500] "GET / HTTP/1.1" 200 28603 "-" "curl/7.29.0"
74.206.190.76 - - [30/Jan/2026:19:35:23 -0500] "GET / HTTP/1.1" 200 28603 "-" "curl/7.29.0"
74.206.190.76 - - [30/Jan/2026:19:40:35 -0500] "GET / HTTP/1.1" 200 28603 "-" "curl/7.29.0"
104.244.75.208 - - [30/Jan/2026:19:41:57 -0500] "GET /wp-login.php HTTP/1.1" 200 2476 "-" "Mozilla/5.0 (X11; Ubuntu; Linux i686; rv:31.0) Gecko/20100101 Firefox/31.0"
104.244.75.208 - - [30/Jan/2026:19:41:57 -0500] "POST /wp-login.php HTTP/1.1" 200 3464 "-" "Mozilla/5.0 (X11; Ubuntu; Linux i686; rv:31.0) Gecko/20100101 Firefox/31.0"
74.206.190.76 - - [30/Jan/2026:19:45:25 -0500] "POST /wp-cron.php?doing_wp_cron=1769820325.3473649024963378906250 HTTP/1.1" 200 2 "http://www.milftube1.com/wp-cron.php?doing_wp_cron=1769820325.3473649024963378906250" "WordPress/4.9.16; http://www.milftube1.com"
74.206.190.76 - - [30/Jan/2026:19:45:25 -0500] "GET / HTTP/1.1" 200 28603 "-" "curl/7.29.0"
37.59.21.100 - - [30/Jan/2026:19:47:45 -0500] "GET /index.php/tag/real-wife-stories/feed HTTP/1.1" 200 9218 "-" "Mozilla/5.0 (X11; Linux i686) AppleWebKit/537.36 (KHTML, like Gecko) Chrome/30.0.1599.66 Safari/537.36"
74.206.190.76 - - [30/Jan/2026:19:50:25 -0500] "GET / HTTP/1.1" 200 28603 "-" "curl/7.29.0"
74.206.190.76 - - [30/Jan/2026:19:55:24 -0500] "GET / HTTP/1.1" 200 28603 "-" "curl/7.29.0"
74.206.190.76 - - [30/Jan/2026:20:00:33 -0500] "GET / HTTP/1.1" 200 28603 "-" "curl/7.29.0"
74.206.190.76 - - [30/Jan/2026:20:05:23 -0500] "GET / HTTP/1.1" 200 28603 "-" "curl/7.29.0"
74.206.190.76 - - [30/Jan/2026:20:10:24 -0500] "GET / HTTP/1.1" 200 28603 "-" "curl/7.29.0"
74.206.190.76 - - [30/Jan/2026:20:15:25 -0500] "GET / HTTP/1.1" 200 28603 "-" "curl/7.29.0"
74.206.190.76 - - [30/Jan/2026:20:20:34 -0500] "GET / HTTP/1.1" 200 28603 "-" "curl/7.29.0"
37.59.21.100 - - [30/Jan/2026:20:23:33 -0500] "GET /index.php/category/blonde-milfs/feed HTTP/1.1" 200 15174 "-" "Mozilla/5.0 (X11; Linux i686) AppleWebKit/537.36 (KHTML, like Gecko) Chrome/30.0.1599.66 Safari/537.36"
74.206.190.76 - - [30/Jan/2026:20:25:25 -0500] "GET / HTTP/1.1" 200 28603 "-" "curl/7.29.0"
37.59.21.100 - - [30/Jan/2026:20:26:36 -0500] "GET /index.php/feed HTTP/1.1" 200 15293 "-" "Mozilla/5.0 (X11; Linux i686) AppleWebKit/537.36 (KHTML, like Gecko) Chrome/30.0.1599.66 Safari/537.36"
74.206.190.76 - - [30/Jan/2026:20:30:26 -0500] "POST /wp-cron.php?doing_wp_cron=1769823026.0479938983917236328125 HTTP/1.1" 200 2 "http://www.milftube1.com/wp-cron.php?doing_wp_cron=1769823026.0479938983917236328125" "WordPress/4.9.16; http://www.milftube1.com"
74.206.190.76 - - [30/Jan/2026:20:30:25 -0500] "GET / HTTP/1.1" 200 28603 "-" "curl/7.29.0"
198.98.60.91 - - [30/Jan/2026:20:31:33 -0500] "GET /wp-login.php HTTP/1.1" 200 2476 "-" "Mozilla/5.0 (iPhone; CPU iPhone OS 7_1 like Mac OS X) AppleWebKit/537.51.2 (KHTML, like Gecko) Version/7.0 Mobile/11D167 Safari/9537.53"
198.98.60.91 - - [30/Jan/2026:20:31:34 -0500] "POST /wp-login.php HTTP/1.1" 200 3464 "-" "Mozilla/5.0 (iPhone; CPU iPhone OS 7_1 like Mac OS X) AppleWebKit/537.51.2 (KHTML, like Gecko) Version/7.0 Mobile/11D167 Safari/9537.53"
74.206.190.76 - - [30/Jan/2026:20:35:24 -0500] "GET / HTTP/1.1" 200 28603 "-" "curl/7.29.0"
37.59.21.100 - - [30/Jan/2026:20:37:51 -0500] "GET /index.php/category/brunette-milfs/feed HTTP/1.1" 200 8071 "-" "Mozilla/5.0 (X11; Linux i686) AppleWebKit/537.36 (KHTML, like Gecko) Chrome/30.0.1599.66 Safari/537.36"
74.206.190.76 - - [30/Jan/2026:20:40:35 -0500] "GET / HTTP/1.1" 200 28603 "-" "curl/7.29.0"
74.206.190.76 - - [30/Jan/2026:20:45:24 -0500] "POST /wp-cron.php?doing_wp_cron=1769823924.9725060462951660156250 HTTP/1.1" 200 2 "http://www.milftube1.com/wp-cron.php?doing_wp_cron=1769823924.9725060462951660156250" "WordPress/4.9.16; http://www.milftube1.com"
74.206.190.76 - - [30/Jan/2026:20:45:24 -0500] "GET / HTTP/1.1" 200 28603 "-" "curl/7.29.0"
74.206.190.76 - - [30/Jan/2026:20:50:24 -0500] "GET / HTTP/1.1" 200 28603 "-" "curl/7.29.0"
74.206.190.76 - - [30/Jan/2026:20:55:25 -0500] "GET / HTTP/1.1" 200 28603 "-" "curl/7.29.0"
74.206.190.76 - - [30/Jan/2026:21:00:36 -0500] "GET / HTTP/1.1" 200 28603 "-" "curl/7.29.0"
74.206.190.76 - - [30/Jan/2026:21:05:27 -0500] "GET / HTTP/1.1" 200 28603 "-" "curl/7.29.0"
74.206.190.76 - - [30/Jan/2026:21:10:23 -0500] "GET / HTTP/1.1" 200 28603 "-" "curl/7.29.0"
74.206.190.76 - - [30/Jan/2026:21:15:29 -0500] "GET / HTTP/1.1" 200 28603 "-" "curl/7.29.0"
74.206.190.76 - - [30/Jan/2026:21:20:32 -0500] "GET / HTTP/1.1" 200 28603 "-" "curl/7.29.0"
