HEX
Server: Apache
System: Linux msm5694.mjhst.com 3.10.0-1160.119.1.el7.x86_64 #1 SMP Tue Jun 4 14:43:51 UTC 2024 x86_64
User: camjab_ssh (1000)
PHP: 5.3.29
Disabled: NONE
Upload Files
File: //home/httpd/logs/milftube1.com_access_log
74.206.190.76 - - [31/Jan/2026:04:01:55 -0500] "GET / HTTP/1.1" 200 28603 "-" "curl/7.29.0"
74.206.190.76 - - [31/Jan/2026:04:05:38 -0500] "GET / HTTP/1.1" 200 28603 "-" "curl/7.29.0"
18.144.39.72 - - [31/Jan/2026:04:07:17 -0500] "GET / HTTP/1.1" 301 2 "-" "Mozilla/5.0 (X11; Linux x86_64) AppleWebKit/537.36 (KHTML, like Gecko) Chrome/137.0.0.0 Safari/537.36"
18.144.39.72 - - [31/Jan/2026:04:07:18 -0500] "GET / HTTP/1.1" 200 28603 "-" "Mozilla/5.0 (X11; Linux x86_64) AppleWebKit/537.36 (KHTML, like Gecko) Chrome/137.0.0.0 Safari/537.36"
74.206.190.76 - - [31/Jan/2026:04:10:38 -0500] "GET / HTTP/1.1" 200 28603 "-" "curl/7.29.0"
37.59.21.100 - - [31/Jan/2026:04:15:14 -0500] "GET /index.php/category/married-milfs/feed HTTP/1.1" 200 7544 "-" "Mozilla/5.0 (X11; Linux i686) AppleWebKit/537.36 (KHTML, like Gecko) Chrome/30.0.1599.66 Safari/537.36"
74.206.190.76 - - [31/Jan/2026:04:15:35 -0500] "GET / HTTP/1.1" 200 28603 "-" "curl/7.29.0"
37.59.21.100 - - [31/Jan/2026:04:18:47 -0500] "GET /index.php/tag/real-wife-stories/feed HTTP/1.1" 200 9218 "-" "Mozilla/5.0 (X11; Linux i686) AppleWebKit/537.36 (KHTML, like Gecko) Chrome/30.0.1599.66 Safari/537.36"
74.206.190.76 - - [31/Jan/2026:04:20:39 -0500] "GET / HTTP/1.1" 200 28603 "-" "curl/7.29.0"
74.206.190.76 - - [31/Jan/2026:04:25:45 -0500] "GET / HTTP/1.1" 200 28603 "-" "curl/7.29.0"
106.227.49.113 - - [31/Jan/2026:04:27:06 -0500] "GET / HTTP/1.1" 200 28603 "-" "Mozilla/5.0 (iPhone; CPU iPhone OS 13_2_3 like Mac OS X) AppleWebKit/605.1.15 (KHTML, like Gecko) Version/13.0.3 Mobile/15E148 Safari/604.1"
74.206.190.76 - - [31/Jan/2026:04:30:34 -0500] "GET / HTTP/1.1" 200 28603 "-" "curl/7.29.0"
188.130.128.140 - - [31/Jan/2026:04:33:15 -0500] "GET /privet-mir/ HTTP/1.1" 302 271 "http://milftube1.com/privet-mir/" "Mozilla/5.0 (Windows NT 10.0; Win64; x64) AppleWebKit/537.36 (KHTML, like Gecko) Chrome/131.0.0.0 Safari/537.36 Avast/131.0.0.0"
46.8.57.250 - - [31/Jan/2026:04:33:15 -0500] "GET /hello-world/ HTTP/1.1" 302 271 "http://milftube1.com/hello-world/" "Mozilla/5.0 (Windows NT 10.0; Win64; x64) AppleWebKit/537.36 (KHTML, like Gecko) Chrome/129.0.0.0 Safari/537.36"
74.206.190.76 - - [31/Jan/2026:04:33:15 -0500] "POST /wp-cron.php?doing_wp_cron=1769851995.9376890659332275390625 HTTP/1.1" 200 2 "http://www.milftube1.com/wp-cron.php?doing_wp_cron=1769851995.9376890659332275390625" "WordPress/4.9.16; http://www.milftube1.com"
46.8.57.250 - - [31/Jan/2026:04:33:15 -0500] "GET / HTTP/1.1" 200 28603 "http://www.milftube1.com/" "Mozilla/5.0 (Windows NT 10.0; Win64; x64) AppleWebKit/537.36 (KHTML, like Gecko) Chrome/129.0.0.0 Safari/537.36"
188.130.128.140 - - [31/Jan/2026:04:33:16 -0500] "GET / HTTP/1.1" 200 28603 "http://www.milftube1.com/" "Mozilla/5.0 (Windows NT 10.0; Win64; x64) AppleWebKit/537.36 (KHTML, like Gecko) Chrome/131.0.0.0 Safari/537.36 Avast/131.0.0.0"
74.206.190.76 - - [31/Jan/2026:04:35:27 -0500] "GET / HTTP/1.1" 200 28603 "-" "curl/7.29.0"
74.206.190.76 - - [31/Jan/2026:04:40:43 -0500] "GET / HTTP/1.1" 200 28603 "-" "curl/7.29.0"
74.206.190.76 - - [31/Jan/2026:04:45:46 -0500] "POST /wp-cron.php?doing_wp_cron=1769852746.6515789031982421875000 HTTP/1.1" 200 2 "http://www.milftube1.com/wp-cron.php?doing_wp_cron=1769852746.6515789031982421875000" "WordPress/4.9.16; http://www.milftube1.com"
74.206.190.76 - - [31/Jan/2026:04:45:46 -0500] "GET / HTTP/1.1" 200 28603 "-" "curl/7.29.0"
74.206.190.76 - - [31/Jan/2026:04:50:37 -0500] "POST /wp-cron.php?doing_wp_cron=1769853037.7209510803222656250000 HTTP/1.1" 200 2 "http://www.milftube1.com/wp-cron.php?doing_wp_cron=1769853037.7209510803222656250000" "WordPress/4.9.16; http://www.milftube1.com"
74.206.190.76 - - [31/Jan/2026:04:50:37 -0500] "GET / HTTP/1.1" 200 28603 "-" "curl/7.29.0"
43.135.130.202 - - [31/Jan/2026:04:50:57 -0500] "GET / HTTP/1.1" 301 2 "-" "Mozilla/5.0 (iPhone; CPU iPhone OS 13_2_3 like Mac OS X) AppleWebKit/605.1.15 (KHTML, like Gecko) Version/13.0.3 Mobile/15E148 Safari/604.1"
43.135.130.202 - - [31/Jan/2026:04:50:58 -0500] "GET / HTTP/1.1" 200 28603 "http://milftube1.com" "Mozilla/5.0 (iPhone; CPU iPhone OS 13_2_3 like Mac OS X) AppleWebKit/605.1.15 (KHTML, like Gecko) Version/13.0.3 Mobile/15E148 Safari/604.1"
54.194.235.159 - - [31/Jan/2026:04:52:53 -0500] "GET /.env HTTP/1.1" 302 275 "-" "python-requests/2.26.0"
54.194.235.159 - - [31/Jan/2026:04:52:53 -0500] "GET / HTTP/1.1" 200 28603 "-" "python-requests/2.26.0"
54.194.235.159 - - [31/Jan/2026:04:52:54 -0500] "POST / HTTP/1.1" 200 28603 "-" "python-requests/2.26.0"
74.206.190.76 - - [31/Jan/2026:04:55:34 -0500] "GET / HTTP/1.1" 200 28603 "-" "curl/7.29.0"
74.206.190.76 - - [31/Jan/2026:05:00:45 -0500] "GET / HTTP/1.1" 200 28603 "-" "curl/7.29.0"
37.59.21.100 - - [31/Jan/2026:05:04:35 -0500] "GET /index.php/category/blonde-milfs/feed HTTP/1.1" 200 15174 "-" "Mozilla/5.0 (X11; Linux i686) AppleWebKit/537.36 (KHTML, like Gecko) Chrome/30.0.1599.66 Safari/537.36"
74.206.190.76 - - [31/Jan/2026:05:05:47 -0500] "GET / HTTP/1.1" 200 28603 "-" "curl/7.29.0"
74.206.190.76 - - [31/Jan/2026:05:10:30 -0500] "GET / HTTP/1.1" 200 28603 "-" "curl/7.29.0"
74.206.190.76 - - [31/Jan/2026:05:15:31 -0500] "GET / HTTP/1.1" 200 28603 "-" "curl/7.29.0"
74.206.190.76 - - [31/Jan/2026:05:20:36 -0500] "GET / HTTP/1.1" 200 28603 "-" "curl/7.29.0"
37.59.21.100 - - [31/Jan/2026:05:21:39 -0500] "GET /index.php/blonde-milfs/milfs-tube-movies.html/feed HTTP/1.1" 200 4560 "-" "Mozilla/5.0 (X11; Linux i686) AppleWebKit/537.36 (KHTML, like Gecko) Chrome/30.0.1599.66 Safari/537.36"
74.206.190.76 - - [31/Jan/2026:05:25:31 -0500] "GET / HTTP/1.1" 200 28603 "-" "curl/7.29.0"
74.206.190.76 - - [31/Jan/2026:05:30:35 -0500] "POST /wp-cron.php?doing_wp_cron=1769855435.3213529586791992187500 HTTP/1.1" 200 2 "http://www.milftube1.com/wp-cron.php?doing_wp_cron=1769855435.3213529586791992187500" "WordPress/4.9.16; http://www.milftube1.com"
74.206.190.76 - - [31/Jan/2026:05:30:35 -0500] "GET / HTTP/1.1" 200 28603 "-" "curl/7.29.0"
74.206.190.76 - - [31/Jan/2026:05:35:36 -0500] "GET / HTTP/1.1" 200 28603 "-" "curl/7.29.0"
37.59.21.100 - - [31/Jan/2026:05:35:53 -0500] "GET /index.php/category/brunette-milfs/feed HTTP/1.1" 200 8071 "-" "Mozilla/5.0 (X11; Linux i686) AppleWebKit/537.36 (KHTML, like Gecko) Chrome/30.0.1599.66 Safari/537.36"
74.206.190.76 - - [31/Jan/2026:05:40:40 -0500] "GET / HTTP/1.1" 200 28603 "-" "curl/7.29.0"
74.206.190.76 - - [31/Jan/2026:05:45:39 -0500] "POST /wp-cron.php?doing_wp_cron=1769856339.9036800861358642578125 HTTP/1.1" 200 2 "http://www.milftube1.com/wp-cron.php?doing_wp_cron=1769856339.9036800861358642578125" "WordPress/4.9.16; http://www.milftube1.com"
74.206.190.76 - - [31/Jan/2026:05:45:39 -0500] "GET / HTTP/1.1" 200 28603 "-" "curl/7.29.0"
198.98.53.57 - - [31/Jan/2026:05:46:15 -0500] "GET /wp-login.php HTTP/1.1" 200 2476 "-" "Mozilla/5.0 (X11; Linux x86_64) AppleWebKit/537.36 (KHTML, like Gecko) Chrome/35.0.1916.153 Safari/537.36"
198.98.53.57 - - [31/Jan/2026:05:46:16 -0500] "POST /wp-login.php HTTP/1.1" 200 3464 "-" "Mozilla/5.0 (X11; Linux x86_64) AppleWebKit/537.36 (KHTML, like Gecko) Chrome/35.0.1916.153 Safari/537.36"
74.206.190.76 - - [31/Jan/2026:05:50:40 -0500] "GET / HTTP/1.1" 200 28603 "-" "curl/7.29.0"