74.208.174.68 - - [28/Jan/2026:00:30:08 -0500] "GET /wp-admin/plugins.php HTTP/1.1" 200 48269 "-" "Mozilla/5.0 (Windows NT 10.0; Win64; x64) AppleWebKit/537.36 (KHTML, like Gecko) Chrome/133.0.0.0 Safari/537.36"
74.208.174.68 - - [28/Jan/2026:00:30:08 -0500] "GET /wp-admin/admin.php?page=wp_file_manager HTTP/1.1" 403 2754 "https://www.google.com/" "Mozilla/5.0 (Windows NT 10.0; Win64; x64) AppleWebKit/537.36 (KHTML, like Gecko) Chrome/91.0.4472.124 Safari/537.36"
74.208.174.68 - - [28/Jan/2026:00:30:09 -0500] "GET /wp-admin/theme-install.php?tab=upload HTTP/1.1" 200 46410 "https://www.google.com/" "Mozilla/5.0 (Windows NT 10.0; Win64; x64) AppleWebKit/537.36 (KHTML, like Gecko) Chrome/91.0.4472.124 Safari/537.36"
74.208.174.68 - - [28/Jan/2026:00:30:09 -0500] "POST /wp-admin/update.php?action=upload-theme HTTP/1.1" 500 2798 "http://www.mentube.net/wp-admin/theme-install.php" "Mozilla/5.0 (Windows NT 10.0; Win64; x64) AppleWebKit/537.36 (KHTML, like Gecko) Chrome/132.0.0.0 Safari/537.36"
74.208.174.68 - - [28/Jan/2026:00:30:10 -0500] "GET /wp-content/themes/cxaqb/index.php HTTP/1.1" 302 271 "https://www.google.com/" "Mozilla/5.0 (Windows NT 10.0; Win64; x64) AppleWebKit/537.36 (KHTML, like Gecko) Chrome/91.0.4472.124 Safari/537.36"
74.208.174.68 - - [28/Jan/2026:00:30:10 -0500] "GET / HTTP/1.1" 200 23675 "https://www.google.com/" "Mozilla/5.0 (Windows NT 10.0; Win64; x64) AppleWebKit/537.36 (KHTML, like Gecko) Chrome/91.0.4472.124 Safari/537.36"
74.208.174.68 - - [28/Jan/2026:00:30:10 -0500] "GET /wp-admin/ HTTP/1.1" 200 77635 "-" "Mozilla/5.0 (Windows NT 10.0; Win64; x64) AppleWebKit/537.36 (KHTML, like Gecko) Chrome/133.0.0.0 Safari/537.36"
74.208.174.68 - - [28/Jan/2026:00:30:11 -0500] "GET /wp-admin/plugin-editor.php?plugin=wp-file-manager%2Ffile_folder_manager.php&Submit=Select HTTP/1.1" 500 2771 "-" "Mozilla/5.0 (Windows NT 10.0; Win64; x64) AppleWebKit/537.36 (KHTML, like Gecko) Chrome/133.0.0.0 Safari/537.36"
74.208.174.68 - - [28/Jan/2026:00:30:11 -0500] "POST /wp-admin/admin-ajax.php HTTP/1.1" 403 2 "-" "Mozilla/5.0 (Windows NT 10.0; Win64; x64) AppleWebKit/537.36 (KHTML, like Gecko) Chrome/133.0.0.0 Safari/537.36"
74.208.174.68 - - [28/Jan/2026:00:30:12 -0500] "POST /wp-admin/admin-ajax.php HTTP/1.1" 403 2 "-" "Mozilla/5.0 (Windows NT 10.0; Win64; x64) AppleWebKit/537.36 (KHTML, like Gecko) Chrome/133.0.0.0 Safari/537.36"
74.208.174.68 - - [28/Jan/2026:00:30:12 -0500] "POST /wp-admin/admin-ajax.php HTTP/1.1" 400 1 "-" "Mozilla/5.0 (Windows NT 10.0; Win64; x64) AppleWebKit/537.36 (KHTML, like Gecko) Chrome/133.0.0.0 Safari/537.36"
74.208.174.68 - - [28/Jan/2026:00:30:12 -0500] "GET /wp-admin/plugin-editor.php?plugin=wp-file-manager%2Ffile_folder_manager.php&Submit=Select HTTP/1.1" 500 2771 "-" "Mozilla/5.0 (Windows NT 10.0; Win64; x64) AppleWebKit/537.36 (KHTML, like Gecko) Chrome/133.0.0.0 Safari/537.36"
74.208.174.68 - - [28/Jan/2026:00:30:13 -0500] "POST /wp-admin/admin-ajax.php HTTP/1.1" 200 1 "http://www.mentube.net/wp-admin/plugin-editor.php" "Mozilla/5.0 (Windows NT 10.0; Win64; x64) AppleWebKit/537.36 (KHTML, like Gecko) Chrome/138.0.0.0 Safari/537.36"
74.208.174.68 - - [28/Jan/2026:00:30:13 -0500] "GET /wp-admin/plugin-editor.php HTTP/1.1" 200 82901 "http://www.mentube.net/wp-admin/plugin-editor.php" "Mozilla/5.0 (Windows NT 10.0; Win64; x64) AppleWebKit/537.36 (KHTML, like Gecko) Chrome/138.0.0.0 Safari/537.36"
74.208.174.68 - - [28/Jan/2026:00:30:14 -0500] "GET /wp-admin/plugin-editor.php?plugin=classic-editor%2Fclassic-editor.php&Submit=Select HTTP/1.1" 200 83091 "http://www.mentube.net/wp-admin/plugin-editor.php" "Mozilla/5.0 (Windows NT 10.0; Win64; x64) AppleWebKit/537.36 (KHTML, like Gecko) Chrome/138.0.0.0 Safari/537.36"
74.208.174.68 - - [28/Jan/2026:00:30:14 -0500] "POST /wp-admin/admin-ajax.php HTTP/1.1" 200 66 "http://www.mentube.net/wp-admin/plugin-editor.php" "Mozilla/5.0 (Windows NT 10.0; Win64; x64) AppleWebKit/537.36 (KHTML, like Gecko) Chrome/138.0.0.0 Safari/537.36"
74.206.190.75 - - [28/Jan/2026:00:30:35 -0500] "GET / HTTP/1.1" 200 23675 "-" "curl/7.29.0"
74.206.190.75 - - [28/Jan/2026:00:35:21 -0500] "GET / HTTP/1.1" 200 23675 "-" "curl/7.29.0"
66.249.66.162 - - [28/Jan/2026:00:38:30 -0500] "GET /index.php/gay-bareback/dirty-men-tube.html HTTP/1.1" 200 19733 "-" "Mozilla/5.0 (Linux; Android 6.0.1; Nexus 5X Build/MMB29P) AppleWebKit/537.36 (KHTML, like Gecko) Chrome/143.0.7499.192 Mobile Safari/537.36 (compatible; Googlebot/2.1; +http://www.google.com/bot.html)"
74.206.190.75 - - [28/Jan/2026:00:40:32 -0500] "GET / HTTP/1.1" 200 23675 "-" "curl/7.29.0"
57.141.0.37 - - [28/Jan/2026:00:40:37 -0500] "GET /index.php/gay-bareback/men-jerkin-off-tube.html HTTP/1.1" 200 19758 "-" "meta-externalagent/1.1 (+https://developers.facebook.com/docs/sharing/webmasters/crawler)"
157.55.39.225 - - [28/Jan/2026:00:41:56 -0500] "GET /robots.txt HTTP/1.1" 200 24 "-" "Mozilla/5.0 AppleWebKit/537.36 (KHTML, like Gecko; compatible; bingbot/2.0; +http://www.bing.com/bingbot.htm) Chrome/116.0.1938.76 Safari/537.36"
157.55.39.225 - - [28/Jan/2026:00:41:56 -0500] "GET /robots.txt HTTP/1.1" 200 24 "-" "Mozilla/5.0 AppleWebKit/537.36 (KHTML, like Gecko; compatible; bingbot/2.0; +http://www.bing.com/bingbot.htm) Chrome/116.0.1938.76 Safari/537.36"
157.55.39.225 - - [28/Jan/2026:00:41:56 -0500] "GET /robots.txt HTTP/1.1" 200 24 "-" "Mozilla/5.0 AppleWebKit/537.36 (KHTML, like Gecko; compatible; bingbot/2.0; +http://www.bing.com/bingbot.htm) Chrome/116.0.1938.76 Safari/537.36"
52.167.144.25 - - [28/Jan/2026:00:41:57 -0500] "GET /?Submit=Search&s=2025 HTTP/1.1" 200 10043 "-" "Mozilla/5.0 AppleWebKit/537.36 (KHTML, like Gecko; compatible; bingbot/2.0; +http://www.bing.com/bingbot.htm) Chrome/116.0.1938.76 Safari/537.36"
40.77.167.68 - - [28/Jan/2026:00:42:05 -0500] "GET /index.php/gay-bareback/men-tube-sex.html HTTP/1.1" 200 19725 "-" "Mozilla/5.0 AppleWebKit/537.36 (KHTML, like Gecko; compatible; bingbot/2.0; +http://www.bing.com/bingbot.htm) Chrome/116.0.1938.76 Safari/537.36"
40.77.167.68 - - [28/Jan/2026:00:42:06 -0500] "GET /index.php/gay-bareback/men-tube-sex.html HTTP/1.1" 200 19725 "-" "Mozilla/5.0 AppleWebKit/537.36 (KHTML, like Gecko; compatible; bingbot/2.0; +http://www.bing.com/bingbot.htm) Chrome/116.0.1938.76 Safari/537.36"
52.167.144.25 - - [28/Jan/2026:00:42:07 -0500] "GET /index.php/feed HTTP/1.1" 200 17572 "-" "Mozilla/5.0 AppleWebKit/537.36 (KHTML, like Gecko; compatible; bingbot/2.0; +http://www.bing.com/bingbot.htm) Chrome/116.0.1938.76 Safari/537.36"
52.167.144.216 - - [28/Jan/2026:00:42:10 -0500] "GET / HTTP/1.1" 200 23675 "-" "Mozilla/5.0 AppleWebKit/537.36 (KHTML, like Gecko; compatible; bingbot/2.0; +http://www.bing.com/bingbot.htm) Chrome/116.0.1938.76 Safari/537.36"
52.167.144.216 - - [28/Jan/2026:00:42:11 -0500] "GET / HTTP/1.1" 200 23675 "-" "Mozilla/5.0 AppleWebKit/537.36 (KHTML, like Gecko; compatible; bingbot/2.0; +http://www.bing.com/bingbot.htm) Chrome/116.0.1938.76 Safari/537.36"
52.167.144.25 - - [28/Jan/2026:00:42:15 -0500] "GET /index.php/feed HTTP/1.1" 200 17572 "-" "Mozilla/5.0 AppleWebKit/537.36 (KHTML, like Gecko; compatible; bingbot/2.0; +http://www.bing.com/bingbot.htm) Chrome/116.0.1938.76 Safari/537.36"
52.167.144.25 - - [28/Jan/2026:00:42:15 -0500] "GET /index.php/feed HTTP/1.1" 200 17572 "-" "Mozilla/5.0 AppleWebKit/537.36 (KHTML, like Gecko; compatible; bingbot/2.0; +http://www.bing.com/bingbot.htm) Chrome/116.0.1938.76 Safari/537.36"
40.77.167.68 - - [28/Jan/2026:00:42:20 -0500] "GET /index.php/gay-bareback/ HTTP/1.1" 301 - "-" "Mozilla/5.0 AppleWebKit/537.36 (KHTML, like Gecko; compatible; bingbot/2.0; +http://www.bing.com/bingbot.htm) Chrome/116.0.1938.76 Safari/537.36"
40.77.167.68 - - [28/Jan/2026:00:42:20 -0500] "GET /index.php/gay-bareback HTTP/1.1" 200 23209 "-" "Mozilla/5.0 AppleWebKit/537.36 (KHTML, like Gecko; compatible; bingbot/2.0; +http://www.bing.com/bingbot.htm) Chrome/116.0.1938.76 Safari/537.36"
40.77.167.68 - - [28/Jan/2026:00:42:21 -0500] "GET /index.php/gay-bareback/314.html HTTP/1.1" 200 19753 "-" "Mozilla/5.0 AppleWebKit/537.36 (KHTML, like Gecko; compatible; bingbot/2.0; +http://www.bing.com/bingbot.htm) Chrome/116.0.1938.76 Safari/537.36"
40.77.167.68 - - [28/Jan/2026:00:42:22 -0500] "GET /index.php/gay-bareback/ HTTP/1.1" 301 - "-" "Mozilla/5.0 AppleWebKit/537.36 (KHTML, like Gecko; compatible; bingbot/2.0; +http://www.bing.com/bingbot.htm) Chrome/116.0.1938.76 Safari/537.36"
40.77.167.68 - - [28/Jan/2026:00:42:22 -0500] "GET /index.php/gay-bareback HTTP/1.1" 200 23209 "-" "Mozilla/5.0 AppleWebKit/537.36 (KHTML, like Gecko; compatible; bingbot/2.0; +http://www.bing.com/bingbot.htm) Chrome/116.0.1938.76 Safari/537.36"
40.77.167.68 - - [28/Jan/2026:00:42:23 -0500] "GET /index.php/gay-bareback/314.html HTTP/1.1" 200 19753 "-" "Mozilla/5.0 AppleWebKit/537.36 (KHTML, like Gecko; compatible; bingbot/2.0; +http://www.bing.com/bingbot.htm) Chrome/116.0.1938.76 Safari/537.36"
40.77.167.68 - - [28/Jan/2026:00:42:26 -0500] "GET /index.php/gay-bareback/ HTTP/1.1" 301 - "-" "Mozilla/5.0 AppleWebKit/537.36 (KHTML, like Gecko; compatible; bingbot/2.0; +http://www.bing.com/bingbot.htm) Chrome/116.0.1938.76 Safari/537.36"
40.77.167.68 - - [28/Jan/2026:00:42:26 -0500] "GET /index.php/gay-bareback HTTP/1.1" 200 23209 "-" "Mozilla/5.0 AppleWebKit/537.36 (KHTML, like Gecko; compatible; bingbot/2.0; +http://www.bing.com/bingbot.htm) Chrome/116.0.1938.76 Safari/537.36"
74.206.190.75 - - [28/Jan/2026:00:45:29 -0500] "GET / HTTP/1.1" 200 23675 "-" "curl/7.29.0"
27.125.246.222 - - [28/Jan/2026:00:49:21 -0500] "GET / HTTP/1.1" 200 23675 "-" "Mozilla/5.0 (Linux; Android 10; K) AppleWebKit/537.36 (KHTML, like Gecko) Chrome/144.0.0.0 Mobile Safari/537.36"
27.125.246.144 - - [28/Jan/2026:00:49:36 -0500] "GET /index.php/category/gay-bareback HTTP/1.1" 200 23245 "http://www.mentube.net/" "Mozilla/5.0 (Linux; Android 10; K) AppleWebKit/537.36 (KHTML, like Gecko) Chrome/144.0.0.0 Mobile Safari/537.36"
74.206.190.75 - - [28/Jan/2026:00:50:22 -0500] "GET / HTTP/1.1" 200 23675 "-" "curl/7.29.0"
57.141.0.59 - - [28/Jan/2026:00:54:54 -0500] "GET /index.php/black-gay/blacktube-gay.html HTTP/1.1" 200 16924 "-" "meta-externalagent/1.1 (+https://developers.facebook.com/docs/sharing/webmasters/crawler)"
74.206.190.75 - - [28/Jan/2026:00:56:48 -0500] "GET / HTTP/1.1" 200 23675 "-" "curl/7.29.0"
74.206.190.75 - - [28/Jan/2026:01:00:37 -0500] "GET / HTTP/1.1" 200 23675 "-" "curl/7.29.0"
74.206.190.75 - - [28/Jan/2026:01:03:02 -0500] "POST /wp-cron.php?doing_wp_cron=1769580182.6274719238281250000000 HTTP/1.1" 200 - "http://www.mentube.net/wp-cron.php?doing_wp_cron=1769580182.6274719238281250000000" "WordPress/5.1.8; http://www.mentube.net"
189.182.6.30 - - [28/Jan/2026:01:03:02 -0500] "GET / HTTP/1.1" 200 23675 "https://www.bing.com/" "Mozilla/5.0 (Windows NT 10.0; Win64; x64) AppleWebKit/537.36 (KHTML, like Gecko) Chrome/144.0.0.0 Safari/537.36 Edg/144.0.0.0"
74.206.190.75 - - [28/Jan/2026:01:05:27 -0500] "GET / HTTP/1.1" 200 23675 "-" "curl/7.29.0"
74.206.190.75 - - [28/Jan/2026:01:10:36 -0500] "GET / HTTP/1.1" 200 23675 "-" "curl/7.29.0"
74.206.190.75 - - [28/Jan/2026:01:15:27 -0500] "GET / HTTP/1.1" 200 23675 "-" "curl/7.29.0"
140.245.117.185 - - [28/Jan/2026:01:21:09 -0500] "GET / HTTP/1.1" 301 - "-" "Mozilla/5.0 (Macintosh; Intel Mac OS X 13_5_1) AppleWebKit/605.1.15 Safari/605.1.15"
140.245.117.185 - - [28/Jan/2026:01:21:12 -0500] "GET / HTTP/1.1" 200 23675 "http://mentube.net" "Mozilla/5.0 (Macintosh; Intel Mac OS X 13_5_1) AppleWebKit/605.1.15 Safari/605.1.15"
140.245.117.185 - - [28/Jan/2026:01:21:14 -0500] "GET / HTTP/1.1" 301 - "-" "Mozilla/5.0 (Android 13; Mobile; rv:117.0) Gecko/117.0 Firefox/117.0"
140.245.117.185 - - [28/Jan/2026:01:21:16 -0500] "GET / HTTP/1.1" 200 23675 "http://mentube.net" "Mozilla/5.0 (Android 13; Mobile; rv:117.0) Gecko/117.0 Firefox/117.0"
140.245.117.185 - - [28/Jan/2026:01:21:19 -0500] "GET / HTTP/1.1" 301 - "-" "Go-http-client/1.1"
140.245.117.185 - - [28/Jan/2026:01:21:19 -0500] "GET / HTTP/1.1" 200 23675 "http://mentube.net" "Go-http-client/1.1"
140.245.117.185 - - [28/Jan/2026:01:21:22 -0500] "GET /wp-login.php HTTP/1.1" 200 2912 "-" "Mozilla/5.0 (iPad; CPU OS 17_4 like Mac OS X) AppleWebKit/605.1.15 Mobile/15E148"
140.245.117.185 - - [28/Jan/2026:01:21:23 -0500] "GET /wp-admin/ HTTP/1.1" 302 - "-" "Mozilla/5.0 (Windows NT 10.0; Win64; x64) AppleWebKit/537.36 Chrome/116.0 Safari/537.36"
140.245.117.185 - - [28/Jan/2026:01:21:26 -0500] "GET /wp-login.php?redirect_to=http%3A%2F%2Fmentube.net%2Fwp-admin%2F&reauth=1 HTTP/1.1" 200 2908 "http://mentube.net/wp-admin/" "Mozilla/5.0 (Windows NT 10.0; Win64; x64) AppleWebKit/537.36 Chrome/116.0 Safari/537.36"
140.245.117.185 - - [28/Jan/2026:01:21:28 -0500] "GET /administrator/ HTTP/1.1" 302 267 "-" "Mozilla/5.0 (Windows NT 10.0; Win64; x64) AppleWebKit/537.36 Chrome/116.0 Safari/537.36"
140.245.117.185 - - [28/Jan/2026:01:21:30 -0500] "GET / HTTP/1.1" 200 23675 "http://mentube.net/administrator/" "Mozilla/5.0 (Windows NT 10.0; Win64; x64) AppleWebKit/537.36 Chrome/116.0 Safari/537.36"
140.245.117.185 - - [28/Jan/2026:01:21:32 -0500] "GET /user/login HTTP/1.1" 302 267 "-" "Mozilla/5.0 (Macintosh; Intel Mac OS X 13_5_1) AppleWebKit/605.1.15 Safari/605.1.15"
140.245.117.185 - - [28/Jan/2026:01:21:33 -0500] "GET / HTTP/1.1" 200 23675 "http://mentube.net/user/login" "Mozilla/5.0 (Macintosh; Intel Mac OS X 13_5_1) AppleWebKit/605.1.15 Safari/605.1.15"
140.245.117.185 - - [28/Jan/2026:01:21:35 -0500] "GET /admin HTTP/1.1" 302 267 "-" "Mozilla/5.0 (Windows NT 10.0; Win64; x64) AppleWebKit/537.36 Chrome/116.0 Safari/537.36"
140.245.117.185 - - [28/Jan/2026:01:21:36 -0500] "GET / HTTP/1.1" 200 23675 "http://mentube.net/admin" "Mozilla/5.0 (Windows NT 10.0; Win64; x64) AppleWebKit/537.36 Chrome/116.0 Safari/537.36"
140.245.117.185 - - [28/Jan/2026:01:21:38 -0500] "GET /login HTTP/1.1" 302 267 "-" "Mozilla/5.0 (Macintosh; Intel Mac OS X 13_5_1) AppleWebKit/605.1.15 Safari/605.1.15"
140.245.117.185 - - [28/Jan/2026:01:21:40 -0500] "GET / HTTP/1.1" 200 23675 "http://mentube.net/login" "Mozilla/5.0 (Macintosh; Intel Mac OS X 13_5_1) AppleWebKit/605.1.15 Safari/605.1.15"
140.245.117.185 - - [28/Jan/2026:01:21:42 -0500] "GET /register HTTP/1.1" 302 267 "-" "Mozilla/5.0 (X11; Linux x86_64) Gecko/20100101 Firefox/117.0"
140.245.117.185 - - [28/Jan/2026:01:21:43 -0500] "GET / HTTP/1.1" 200 23675 "http://mentube.net/register" "Mozilla/5.0 (X11; Linux x86_64) Gecko/20100101 Firefox/117.0"
74.206.190.75 - - [28/Jan/2026:01:21:44 -0500] "GET / HTTP/1.1" 200 23675 "-" "curl/7.29.0"
140.245.117.185 - - [28/Jan/2026:01:21:45 -0500] "GET /admin HTTP/1.1" 302 267 "-" "Mozilla/5.0 (Windows NT 10.0; Win64; x64) AppleWebKit/537.36 Chrome/116.0 Safari/537.36"
140.245.117.185 - - [28/Jan/2026:01:21:47 -0500] "GET / HTTP/1.1" 200 23675 "http://mentube.net/admin" "Mozilla/5.0 (Windows NT 10.0; Win64; x64) AppleWebKit/537.36 Chrome/116.0 Safari/537.36"
140.245.117.185 - - [28/Jan/2026:01:21:48 -0500] "GET /login HTTP/1.1" 302 267 "-" "Mozilla/5.0 (Windows NT 10.0; Win64; x64) AppleWebKit/537.36 Chrome/116.0 Safari/537.36"
140.245.117.185 - - [28/Jan/2026:01:21:50 -0500] "GET / HTTP/1.1" 200 23675 "http://mentube.net/login" "Mozilla/5.0 (Windows NT 10.0; Win64; x64) AppleWebKit/537.36 Chrome/116.0 Safari/537.36"
84.239.45.133 - - [28/Jan/2026:01:25:29 -0500] "GET /robots.txt HTTP/1.1" 406 326 "-" "panscient.com"
84.239.45.133 - - [28/Jan/2026:01:25:30 -0500] "GET / HTTP/1.1" 406 316 "-" "panscient.com"
84.239.45.133 - - [28/Jan/2026:01:25:32 -0500] "GET / HTTP/1.1" 406 316 "-" "panscient.com"
84.239.45.133 - - [28/Jan/2026:01:25:33 -0500] "GET / HTTP/1.1" 406 316 "-" "panscient.com"
84.239.45.133 - - [28/Jan/2026:01:25:37 -0500] "GET / HTTP/1.1" 406 316 "-" "panscient.com"
74.206.190.75 - - [28/Jan/2026:01:25:45 -0500] "GET / HTTP/1.1" 200 23675 "-" "curl/7.29.0"
57.141.0.14 - - [28/Jan/2026:01:27:47 -0500] "GET /index.php/tag/bodybuilder HTTP/1.1" 200 10432 "-" "meta-externalagent/1.1 (+https://developers.facebook.com/docs/sharing/webmasters/crawler)"
74.206.190.75 - - [28/Jan/2026:01:30:29 -0500] "GET / HTTP/1.1" 200 23675 "-" "curl/7.29.0"
74.206.190.75 - - [28/Jan/2026:01:35:25 -0500] "GET / HTTP/1.1" 200 23675 "-" "curl/7.29.0"
193.24.211.70 - - [28/Jan/2026:01:37:13 -0500] "GET /wp-login.php HTTP/1.1" 200 2912 "-" "Mozilla/5.0 (Windows NT 10.0; Win64; x64; rv:127.0) Gecko/20100101 Firefox/127.0"
193.24.211.70 - - [28/Jan/2026:01:37:16 -0500] "GET /wp-login.php?wp_lang=en_US HTTP/1.1" 200 2912 "-" "Mozilla/5.0 (Windows NT 10.0; Win64; x64) AppleWebKit/537.36 (KHTML, like Gecko) Chrome/124.0.6367.207 Safari/537.36"
193.24.211.70 - - [28/Jan/2026:01:37:17 -0500] "POST /wp-login.php?wp_lang=en_US HTTP/1.1" 302 - "http://www.mentube.net/wp-login.php?wp_lang=en_US" "Mozilla/5.0 (Windows NT 10.0; Win64; x64) AppleWebKit/537.36 (KHTML, like Gecko) Chrome/124.0.6367.207 Safari/537.36"
193.24.211.70 - - [28/Jan/2026:01:37:17 -0500] "GET /wp-admin/ HTTP/1.1" 200 77635 "http://www.mentube.net/wp-login.php?wp_lang=en_US" "Mozilla/5.0 (Windows NT 10.0; Win64; x64) AppleWebKit/537.36 (KHTML, like Gecko) Chrome/124.0.6367.207 Safari/537.36"
193.24.211.70 - - [28/Jan/2026:01:37:20 -0500] "GET /wp-admin/plugin-install.php HTTP/1.1" 200 83521 "-" "Mozilla/5.0 (Windows NT 10.0; Win64; x64) AppleWebKit/537.36 (KHTML, like Gecko) Chrome/124.0.6367.207 Safari/537.36"
193.24.211.70 - - [28/Jan/2026:01:37:22 -0500] "POST /wp-admin/update.php?action=upload-plugin HTTP/1.1" 500 2798 "http://www.mentube.net/wp-admin/update.php?action=upload-plugin" "Mozilla/5.0 (Windows NT 10.0; Win64; x64) AppleWebKit/537.36 (KHTML, like Gecko) Chrome/124.0.6367.207 Safari/537.36"
193.24.211.70 - - [28/Jan/2026:01:37:23 -0500] "POST /wp-admin/update.php?action=upload-plugin HTTP/1.1" 500 2798 "http://www.mentube.net/wp-admin/update.php?action=upload-plugin" "Mozilla/5.0 (Windows NT 10.0; Win64; x64) AppleWebKit/537.36 (KHTML, like Gecko) Chrome/124.0.6367.207 Safari/537.36"
193.24.211.70 - - [28/Jan/2026:01:37:25 -0500] "POST /wp-admin/update.php?action=upload-plugin HTTP/1.1" 500 2798 "http://www.mentube.net/wp-admin/update.php?action=upload-plugin" "Mozilla/5.0 (Windows NT 10.0; Win64; x64) AppleWebKit/537.36 (KHTML, like Gecko) Chrome/124.0.6367.207 Safari/537.36"
193.24.211.70 - - [28/Jan/2026:01:37:25 -0500] "POST /wp-admin/update.php?action=upload-plugin HTTP/1.1" 500 2798 "http://www.mentube.net/wp-admin/update.php?action=upload-plugin" "Mozilla/5.0 (Windows NT 10.0; Win64; x64) AppleWebKit/537.36 (KHTML, like Gecko) Chrome/124.0.6367.207 Safari/537.36"
193.24.211.70 - - [28/Jan/2026:01:37:26 -0500] "POST /wp-admin/update.php?action=upload-plugin HTTP/1.1" 500 2798 "http://www.mentube.net/wp-admin/update.php?action=upload-plugin" "Mozilla/5.0 (Windows NT 10.0; Win64; x64) AppleWebKit/537.36 (KHTML, like Gecko) Chrome/124.0.6367.207 Safari/537.36"
193.24.211.70 - - [28/Jan/2026:01:37:28 -0500] "GET /wp-admin/theme-editor.php HTTP/1.1" 200 48361 "-" "Mozilla/5.0 (Windows NT 10.0; Win64; x64) AppleWebKit/537.36 (KHTML, like Gecko) Chrome/124.0.6367.207 Safari/537.36"
193.24.211.70 - - [28/Jan/2026:01:37:28 -0500] "GET /wp-admin/plugins.php HTTP/1.1" 200 48269 "-" "Mozilla/5.0 (Windows NT 10.0; Win64; x64) AppleWebKit/537.36 (KHTML, like Gecko) Chrome/124.0.6367.207 Safari/537.36"
193.24.211.70 - - [28/Jan/2026:01:37:30 -0500] "GET /wp-admin/theme-editor.php?file=functions.php&theme=tubetheme-2017-v3-gay-filled HTTP/1.1" 200 65475 "-" "Mozilla/5.0 (Windows NT 10.0; Win64; x64) AppleWebKit/537.36 (KHTML, like Gecko) Chrome/124.0.6367.207 Safari/537.36"
193.24.211.70 - - [28/Jan/2026:01:37:31 -0500] "POST /wp-admin/admin-ajax.php HTTP/1.1" 200 66 "http://www.mentube.net/wp-admin/admin-ajax.php" "Mozilla/5.0 (Windows NT 10.0; Win64; x64) AppleWebKit/537.36 (KHTML, like Gecko) Chrome/124.0.6367.207 Safari/537.36"
193.24.211.70 - - [28/Jan/2026:01:37:33 -0500] "GET /wp-admin/theme-editor.php?file=404.php&theme=tubetheme-2017-v3-gay-filled HTTP/1.1" 200 49192 "-" "Mozilla/5.0 (Windows NT 10.0; Win64; x64) AppleWebKit/537.36 (KHTML, like Gecko) Chrome/124.0.6367.207 Safari/537.36"
193.24.211.70 - - [28/Jan/2026:01:37:35 -0500] "POST /wp-admin/admin-ajax.php HTTP/1.1" 200 66 "http://www.mentube.net/wp-admin/admin-ajax.php" "Mozilla/5.0 (Windows NT 10.0; Win64; x64) AppleWebKit/537.36 (KHTML, like Gecko) Chrome/124.0.6367.207 Safari/537.36"
193.24.211.70 - - [28/Jan/2026:01:37:36 -0500] "GET /wp-admin/theme-editor.php?file=single.php&theme=tubetheme-2017-v3-gay-filled HTTP/1.1" 200 54548 "-" "Mozilla/5.0 (Windows NT 10.0; Win64; x64) AppleWebKit/537.36 (KHTML, like Gecko) Chrome/124.0.6367.207 Safari/537.36"
193.24.211.70 - - [28/Jan/2026:01:37:37 -0500] "POST /wp-admin/admin-ajax.php HTTP/1.1" 200 66 "http://www.mentube.net/wp-admin/admin-ajax.php" "Mozilla/5.0 (Windows NT 10.0; Win64; x64) AppleWebKit/537.36 (KHTML, like Gecko) Chrome/124.0.6367.207 Safari/537.36"
193.24.211.70 - - [28/Jan/2026:01:37:40 -0500] "GET /wp-admin/theme-editor.php?file=home.php&theme=tubetheme-2017-v3-gay-filled HTTP/1.1" 200 51521 "-" "Mozilla/5.0 (Windows NT 10.0; Win64; x64) AppleWebKit/537.36 (KHTML, like Gecko) Chrome/124.0.6367.207 Safari/537.36"
193.24.211.70 - - [28/Jan/2026:01:37:42 -0500] "POST /wp-admin/admin-ajax.php HTTP/1.1" 200 66 "http://www.mentube.net/wp-admin/admin-ajax.php" "Mozilla/5.0 (Windows NT 10.0; Win64; x64) AppleWebKit/537.36 (KHTML, like Gecko) Chrome/124.0.6367.207 Safari/537.36"
193.24.211.70 - - [28/Jan/2026:01:37:43 -0500] "GET /wp-admin/theme-editor.php?file=index.php&theme=tubetheme-2017-v3-gay-filled HTTP/1.1" 200 51540 "-" "Mozilla/5.0 (Windows NT 10.0; Win64; x64) AppleWebKit/537.36 (KHTML, like Gecko) Chrome/124.0.6367.207 Safari/537.36"
193.24.211.70 - - [28/Jan/2026:01:37:45 -0500] "POST /wp-admin/admin-ajax.php HTTP/1.1" 200 66 "http://www.mentube.net/wp-admin/admin-ajax.php" "Mozilla/5.0 (Windows NT 10.0; Win64; x64) AppleWebKit/537.36 (KHTML, like Gecko) Chrome/124.0.6367.207 Safari/537.36"
193.24.211.70 - - [28/Jan/2026:01:37:46 -0500] "GET /wp-admin/theme-editor.php?file=page.php&theme=tubetheme-2017-v3-gay-filled HTTP/1.1" 200 49591 "-" "Mozilla/5.0 (Windows NT 10.0; Win64; x64) AppleWebKit/537.36 (KHTML, like Gecko) Chrome/124.0.6367.207 Safari/537.36"
193.24.211.70 - - [28/Jan/2026:01:37:46 -0500] "POST /wp-admin/admin-ajax.php HTTP/1.1" 200 66 "http://www.mentube.net/wp-admin/admin-ajax.php" "Mozilla/5.0 (Windows NT 10.0; Win64; x64) AppleWebKit/537.36 (KHTML, like Gecko) Chrome/124.0.6367.207 Safari/537.36"
193.24.211.70 - - [28/Jan/2026:01:37:47 -0500] "GET /wp-admin/theme-editor.php?file=searchform.php&theme=tubetheme-2017-v3-gay-filled HTTP/1.1" 200 48800 "-" "Mozilla/5.0 (Windows NT 10.0; Win64; x64) AppleWebKit/537.36 (KHTML, like Gecko) Chrome/124.0.6367.207 Safari/537.36"
193.24.211.70 - - [28/Jan/2026:01:37:48 -0500] "POST /wp-admin/admin-ajax.php HTTP/1.1" 200 66 "http://www.mentube.net/wp-admin/admin-ajax.php" "Mozilla/5.0 (Windows NT 10.0; Win64; x64) AppleWebKit/537.36 (KHTML, like Gecko) Chrome/124.0.6367.207 Safari/537.36"
193.24.211.70 - - [28/Jan/2026:01:37:49 -0500] "GET /wp-admin/theme-editor.php?file=sidebar.php&theme=tubetheme-2017-v3-gay-filled HTTP/1.1" 200 50048 "-" "Mozilla/5.0 (Windows NT 10.0; Win64; x64) AppleWebKit/537.36 (KHTML, like Gecko) Chrome/124.0.6367.207 Safari/537.36"
193.24.211.70 - - [28/Jan/2026:01:37:51 -0500] "POST /wp-admin/admin-ajax.php HTTP/1.1" 200 66 "http://www.mentube.net/wp-admin/admin-ajax.php" "Mozilla/5.0 (Windows NT 10.0; Win64; x64) AppleWebKit/537.36 (KHTML, like Gecko) Chrome/124.0.6367.207 Safari/537.36"
193.24.211.70 - - [28/Jan/2026:01:37:53 -0500] "GET /wp-admin/theme-editor.php?file=comments.php&theme=tubetheme-2017-v3-gay-filled HTTP/1.1" 200 56359 "-" "Mozilla/5.0 (Windows NT 10.0; Win64; x64) AppleWebKit/537.36 (KHTML, like Gecko) Chrome/124.0.6367.207 Safari/537.36"
193.24.211.70 - - [28/Jan/2026:01:37:53 -0500] "POST /wp-admin/admin-ajax.php HTTP/1.1" 200 66 "http://www.mentube.net/wp-admin/admin-ajax.php" "Mozilla/5.0 (Windows NT 10.0; Win64; x64) AppleWebKit/537.36 (KHTML, like Gecko) Chrome/124.0.6367.207 Safari/537.36"
193.24.211.70 - - [28/Jan/2026:01:37:55 -0500] "GET /wp-admin/theme-editor.php?file=header.php&theme=tubetheme-2017-v3-gay-filled HTTP/1.1" 200 53714 "-" "Mozilla/5.0 (Windows NT 10.0; Win64; x64) AppleWebKit/537.36 (KHTML, like Gecko) Chrome/124.0.6367.207 Safari/537.36"
193.24.211.70 - - [28/Jan/2026:01:37:56 -0500] "POST /wp-admin/admin-ajax.php HTTP/1.1" 200 66 "http://www.mentube.net/wp-admin/admin-ajax.php" "Mozilla/5.0 (Windows NT 10.0; Win64; x64) AppleWebKit/537.36 (KHTML, like Gecko) Chrome/124.0.6367.207 Safari/537.36"
193.24.211.70 - - [28/Jan/2026:01:37:58 -0500] "GET /wp-admin/theme-editor.php?file=sidebar_single.php&theme=tubetheme-2017-v3-gay-filled HTTP/1.1" 200 50060 "-" "Mozilla/5.0 (Windows NT 10.0; Win64; x64) AppleWebKit/537.36 (KHTML, like Gecko) Chrome/124.0.6367.207 Safari/537.36"
193.24.211.70 - - [28/Jan/2026:01:37:59 -0500] "POST /wp-admin/admin-ajax.php HTTP/1.1" 200 66 "http://www.mentube.net/wp-admin/admin-ajax.php" "Mozilla/5.0 (Windows NT 10.0; Win64; x64) AppleWebKit/537.36 (KHTML, like Gecko) Chrome/124.0.6367.207 Safari/537.36"
193.24.211.70 - - [28/Jan/2026:01:38:00 -0500] "GET /wp-admin/theme-editor.php?file=custom%2Fmeta.php&theme=tubetheme-2017-v3-gay-filled HTTP/1.1" 200 49186 "-" "Mozilla/5.0 (Windows NT 10.0; Win64; x64) AppleWebKit/537.36 (KHTML, like Gecko) Chrome/124.0.6367.207 Safari/537.36"
193.24.211.70 - - [28/Jan/2026:01:38:02 -0500] "POST /wp-admin/admin-ajax.php HTTP/1.1" 200 66 "http://www.mentube.net/wp-admin/admin-ajax.php" "Mozilla/5.0 (Windows NT 10.0; Win64; x64) AppleWebKit/537.36 (KHTML, like Gecko) Chrome/124.0.6367.207 Safari/537.36"
193.24.211.70 - - [28/Jan/2026:01:38:03 -0500] "GET /wp-admin/theme-editor.php?file=footer.php&theme=tubetheme-2017-v3-gay-filled HTTP/1.1" 200 49684 "-" "Mozilla/5.0 (Windows NT 10.0; Win64; x64) AppleWebKit/537.36 (KHTML, like Gecko) Chrome/124.0.6367.207 Safari/537.36"
193.24.211.70 - - [28/Jan/2026:01:38:03 -0500] "POST /wp-admin/admin-ajax.php HTTP/1.1" 200 66 "http://www.mentube.net/wp-admin/admin-ajax.php" "Mozilla/5.0 (Windows NT 10.0; Win64; x64) AppleWebKit/537.36 (KHTML, like Gecko) Chrome/124.0.6367.207 Safari/537.36"
193.24.211.70 - - [28/Jan/2026:01:38:05 -0500] "GET /wp-login.php HTTP/1.1" 200 2912 "-" "Mozilla/5.0 (Windows NT 10.0; Win64; x64) AppleWebKit/537.36 (KHTML, like Gecko) Chrome/124.0.6367.207 Safari/537.36"
193.24.211.70 - - [28/Jan/2026:01:38:06 -0500] "GET /wp-login.php?wp_lang=en_US HTTP/1.1" 200 2912 "-" "Mozilla/5.0 (Windows NT 10.0; Win64; x64) AppleWebKit/537.36 (KHTML, like Gecko) Chrome/124.0.6367.207 Safari/537.36"
193.24.211.70 - - [28/Jan/2026:01:38:07 -0500] "POST /wp-login.php?wp_lang=en_US HTTP/1.1" 302 - "http://www.mentube.net/wp-login.php?wp_lang=en_US" "Mozilla/5.0 (Windows NT 10.0; Win64; x64) AppleWebKit/537.36 (KHTML, like Gecko) Chrome/124.0.6367.207 Safari/537.36"
193.24.211.70 - - [28/Jan/2026:01:38:07 -0500] "GET /wp-admin/ HTTP/1.1" 200 77635 "http://www.mentube.net/wp-login.php?wp_lang=en_US" "Mozilla/5.0 (Windows NT 10.0; Win64; x64) AppleWebKit/537.36 (KHTML, like Gecko) Chrome/124.0.6367.207 Safari/537.36"
193.24.211.70 - - [28/Jan/2026:01:38:10 -0500] "GET /wp-admin/plugin-install.php HTTP/1.1" 200 83521 "-" "Mozilla/5.0 (Windows NT 10.0; Win64; x64) AppleWebKit/537.36 (KHTML, like Gecko) Chrome/124.0.6367.207 Safari/537.36"
193.24.211.70 - - [28/Jan/2026:01:38:12 -0500] "POST /wp-admin/update.php?action=upload-plugin HTTP/1.1" 500 2798 "http://www.mentube.net/wp-admin/update.php?action=upload-plugin" "Mozilla/5.0 (Windows NT 10.0; Win64; x64) AppleWebKit/537.36 (KHTML, like Gecko) Chrome/124.0.6367.207 Safari/537.36"
193.24.211.70 - - [28/Jan/2026:01:38:13 -0500] "POST /wp-admin/update.php?action=upload-plugin HTTP/1.1" 500 2798 "http://www.mentube.net/wp-admin/update.php?action=upload-plugin" "Mozilla/5.0 (Windows NT 10.0; Win64; x64) AppleWebKit/537.36 (KHTML, like Gecko) Chrome/124.0.6367.207 Safari/537.36"
193.24.211.70 - - [28/Jan/2026:01:38:14 -0500] "POST /wp-admin/update.php?action=upload-plugin HTTP/1.1" 500 2798 "http://www.mentube.net/wp-admin/update.php?action=upload-plugin" "Mozilla/5.0 (Windows NT 10.0; Win64; x64) AppleWebKit/537.36 (KHTML, like Gecko) Chrome/124.0.6367.207 Safari/537.36"
193.24.211.70 - - [28/Jan/2026:01:38:14 -0500] "POST /wp-admin/update.php?action=upload-plugin HTTP/1.1" 500 2798 "http://www.mentube.net/wp-admin/update.php?action=upload-plugin" "Mozilla/5.0 (Windows NT 10.0; Win64; x64) AppleWebKit/537.36 (KHTML, like Gecko) Chrome/124.0.6367.207 Safari/537.36"
193.24.211.70 - - [28/Jan/2026:01:38:16 -0500] "POST /wp-admin/update.php?action=upload-plugin HTTP/1.1" 500 2798 "http://www.mentube.net/wp-admin/update.php?action=upload-plugin" "Mozilla/5.0 (Windows NT 10.0; Win64; x64) AppleWebKit/537.36 (KHTML, like Gecko) Chrome/124.0.6367.207 Safari/537.36"
74.206.190.75 - - [28/Jan/2026:01:40:37 -0500] "GET / HTTP/1.1" 200 23675 "-" "curl/7.29.0"
74.206.190.75 - - [28/Jan/2026:01:45:26 -0500] "GET / HTTP/1.1" 200 23675 "-" "curl/7.29.0"
45.148.10.247 - - [28/Jan/2026:01:48:54 -0500] "GET /.git/config HTTP/1.1" 302 267 "-" "Mozilla/5.0 (Windows NT 10.0; rv:91.0) Gecko/20100101 Firefox/91.0"
74.206.190.75 - - [28/Jan/2026:01:50:25 -0500] "GET / HTTP/1.1" 200 23675 "-" "curl/7.29.0"
74.206.190.75 - - [28/Jan/2026:01:55:26 -0500] "GET / HTTP/1.1" 200 23675 "-" "curl/7.29.0"
141.94.194.132 - - [28/Jan/2026:02:00:31 -0500] "GET /index.php/category/sex/feed HTTP/1.1" 200 6201 "-" "Mozilla/5.0 (X11; Linux i686) AppleWebKit/537.36 (KHTML, like Gecko) Chrome/30.0.1599.66 Safari/537.36"
74.206.190.75 - - [28/Jan/2026:02:00:37 -0500] "GET / HTTP/1.1" 200 23675 "-" "curl/7.29.0"
74.206.190.75 - - [28/Jan/2026:02:05:25 -0500] "POST /wp-cron.php?doing_wp_cron=1769583925.5424990653991699218750 HTTP/1.1" 200 - "http://www.mentube.net/wp-cron.php?doing_wp_cron=1769583925.5424990653991699218750" "WordPress/5.1.8; http://www.mentube.net"
74.206.190.75 - - [28/Jan/2026:02:05:25 -0500] "GET / HTTP/1.1" 200 23675 "-" "curl/7.29.0"
74.206.190.75 - - [28/Jan/2026:02:10:31 -0500] "GET / HTTP/1.1" 200 23675 "-" "curl/7.29.0"
74.206.190.75 - - [28/Jan/2026:02:15:27 -0500] "GET / HTTP/1.1" 200 23675 "-" "curl/7.29.0"
205.169.39.19 - - [28/Jan/2026:02:20:18 -0500] "GET / HTTP/1.1" 301 - "-" "Mozilla/5.0 (Windows NT 10.0) AppleWebKit/537.36 (KHTML, like Gecko) Chrome/106.0.0.0 Safari/537.36"
205.169.39.19 - - [28/Jan/2026:02:20:22 -0500] "GET / HTTP/1.1" 200 23675 "http://mentube.net" "Mozilla/5.0 (Windows NT 10.0) AppleWebKit/537.36 (KHTML, like Gecko) Chrome/106.0.0.0 Safari/537.36"
74.206.190.75 - - [28/Jan/2026:02:20:34 -0500] "GET / HTTP/1.1" 200 23675 "-" "curl/7.29.0"
74.206.190.75 - - [28/Jan/2026:02:25:26 -0500] "GET / HTTP/1.1" 200 23675 "-" "curl/7.29.0"
212.193.3.246 - - [28/Jan/2026:02:27:58 -0500] "POST /wp-confiq.php HTTP/1.1" 302 267 "-" "Mozilla/5.0 (Linux; Android 7.0; SM-G892A Build/NRD90M; wv) AppleWebKit/537.36 (KHTML, like Gecko) Version/4.0 Chrome/60.0.3112.107 Mobile Safari/537.36"
212.193.3.246 - - [28/Jan/2026:02:28:00 -0500] "GET / HTTP/1.1" 200 23675 "http://mentube.net/wp-confiq.php" "Mozilla/5.0 (Linux; Android 7.0; SM-G892A Build/NRD90M; wv) AppleWebKit/537.36 (KHTML, like Gecko) Version/4.0 Chrome/60.0.3112.107 Mobile Safari/537.36"
74.206.190.75 - - [28/Jan/2026:02:30:23 -0500] "GET / HTTP/1.1" 200 23675 "-" "curl/7.29.0"
74.206.190.75 - - [28/Jan/2026:02:35:31 -0500] "GET / HTTP/1.1" 200 23675 "-" "curl/7.29.0"
66.249.66.163 - - [28/Jan/2026:02:36:29 -0500] "GET /index.php/gay-bareback/naked-gay-men-2.html HTTP/1.1" 200 19567 "-" "Mozilla/5.0 (Linux; Android 6.0.1; Nexus 5X Build/MMB29P) AppleWebKit/537.36 (KHTML, like Gecko) Chrome/143.0.7499.192 Mobile Safari/537.36 (compatible; Googlebot/2.1; +http://www.google.com/bot.html)"
39.173.116.10 - - [28/Jan/2026:02:38:07 -0500] "GET / HTTP/1.1" 200 23675 "-" "Mozilla/5.0 (Windows NT 10.0; Win64; x64) AppleWebKit/537.36 (KHTML, like Gecko) Chrome/79.0.3945.117 Safari/537.36"
141.94.194.132 - - [28/Jan/2026:02:39:16 -0500] "GET /index.php/category/gay-cum/feed HTTP/1.1" 200 18997 "-" "Mozilla/5.0 (X11; Linux i686) AppleWebKit/537.36 (KHTML, like Gecko) Chrome/30.0.1599.66 Safari/537.36"
74.206.190.75 - - [28/Jan/2026:02:40:51 -0500] "GET / HTTP/1.1" 200 23675 "-" "curl/7.29.0"
74.206.190.75 - - [28/Jan/2026:02:45:27 -0500] "GET / HTTP/1.1" 200 23675 "-" "curl/7.29.0"
52.167.144.176 - - [28/Jan/2026:02:46:13 -0500] "GET /index.php/black-gay/gay-thug-videos.html HTTP/1.1" 200 16963 "-" "Mozilla/5.0 AppleWebKit/537.36 (KHTML, like Gecko; compatible; bingbot/2.0; +http://www.bing.com/bingbot.htm) Chrome/116.0.1938.76 Safari/537.36"
119.199.230.22 - - [28/Jan/2026:02:47:13 -0500] "GET /wp-login.php HTTP/1.1" 200 2912 "http://www.mentube.net/wp-login.php" "Opera/9.80 (Windows NT 6.1) Presto/2.12.388 Version/12.12"
119.199.230.22 - - [28/Jan/2026:02:47:14 -0500] "POST /wp-login.php HTTP/1.1" 200 3920 "https://soooon.ru/wp-login.php" "Opera/9.80 (Windows NT 6.1) Presto/2.12.388 Version/12.12"
74.206.190.75 - - [28/Jan/2026:02:50:24 -0500] "GET / HTTP/1.1" 200 23675 "-" "curl/7.29.0"
45.66.211.55 - - [28/Jan/2026:02:50:36 -0500] "GET /wp-login.php HTTP/1.1" 200 2912 "-" "Mozilla/5.0 (Macintosh; Intel Mac OS X 13_5) AppleWebKit/605.1.15 (KHTML, like Gecko) Version/17.5 Safari/605.1.15"
45.66.211.55 - - [28/Jan/2026:02:50:36 -0500] "POST /xmlrpc.php HTTP/1.1" 302 271 "-" "Mozilla/5.0 (Windows NT 10.0; Win64; x64; rv:127.0) Gecko/20100101 Firefox/127.0"
45.66.211.55 - - [28/Jan/2026:02:50:36 -0500] "GET / HTTP/1.1" 200 23675 "-" "Mozilla/5.0 (Windows NT 10.0; Win64; x64; rv:127.0) Gecko/20100101 Firefox/127.0"
122.8.93.176 - - [28/Jan/2026:02:50:37 -0500] "GET /wp-login.php HTTP/1.1" 200 2912 "-" "Mozilla/5.0 (Windows NT 10.0; Win64; x64) AppleWebKit/537.36 (KHTML, like Gecko) Chrome/124.0.6367.207 Safari/537.36"
193.203.9.175 - - [28/Jan/2026:02:50:38 -0500] "POST /xmlrpc.php HTTP/1.1" 302 271 "-" "Mozilla/5.0 (Macintosh; Intel Mac OS X 13_5) AppleWebKit/605.1.15 (KHTML, like Gecko) Version/17.5 Safari/605.1.15"
122.8.93.176 - - [28/Jan/2026:02:50:38 -0500] "POST /xmlrpc.php HTTP/1.1" 302 271 "-" "Mozilla/5.0 (Macintosh; Intel Mac OS X 13_5) AppleWebKit/605.1.15 (KHTML, like Gecko) Version/17.5 Safari/605.1.15"
193.203.9.175 - - [28/Jan/2026:02:50:38 -0500] "GET / HTTP/1.1" 200 23675 "-" "Mozilla/5.0 (Macintosh; Intel Mac OS X 13_5) AppleWebKit/605.1.15 (KHTML, like Gecko) Version/17.5 Safari/605.1.15"
122.8.93.176 - - [28/Jan/2026:02:50:38 -0500] "GET / HTTP/1.1" 200 23675 "-" "Mozilla/5.0 (Macintosh; Intel Mac OS X 13_5) AppleWebKit/605.1.15 (KHTML, like Gecko) Version/17.5 Safari/605.1.15"
185.61.217.13 - - [28/Jan/2026:02:50:39 -0500] "POST /xmlrpc.php HTTP/1.1" 302 271 "-" "Mozilla/5.0 (Macintosh; Intel Mac OS X 13_5) AppleWebKit/605.1.15 (KHTML, like Gecko) Version/17.5 Safari/605.1.15"
193.203.10.41 - - [28/Jan/2026:02:50:39 -0500] "GET /wp-login.php HTTP/1.1" 200 2912 "-" "Mozilla/5.0 (Macintosh; Intel Mac OS X 13_5) AppleWebKit/605.1.15 (KHTML, like Gecko) Version/17.5 Safari/605.1.15"
157.22.18.149 - - [28/Jan/2026:02:50:40 -0500] "POST /xmlrpc.php HTTP/1.1" 302 271 "-" "Mozilla/5.0 (Windows NT 10.0; Win64; x64; rv:127.0) Gecko/20100101 Firefox/127.0"
170.168.30.15 - - [28/Jan/2026:02:50:40 -0500] "GET /wp-login.php HTTP/1.1" 200 2912 "-" "Mozilla/5.0 (Windows NT 10.0; Win64; x64) AppleWebKit/537.36 (KHTML, like Gecko) Chrome/124.0.6367.207 Safari/537.36"
193.203.10.41 - - [28/Jan/2026:02:50:40 -0500] "POST /xmlrpc.php HTTP/1.1" 302 271 "-" "Mozilla/5.0 (Windows NT 10.0; Win64; x64) AppleWebKit/537.36 (KHTML, like Gecko) Chrome/124.0.6367.207 Safari/537.36"
185.61.217.13 - - [28/Jan/2026:02:50:39 -0500] "GET / HTTP/1.1" 200 23675 "-" "Mozilla/5.0 (Macintosh; Intel Mac OS X 13_5) AppleWebKit/605.1.15 (KHTML, like Gecko) Version/17.5 Safari/605.1.15"
170.168.30.15 - - [28/Jan/2026:02:50:40 -0500] "POST /xmlrpc.php HTTP/1.1" 302 271 "-" "Mozilla/5.0 (Macintosh; Intel Mac OS X 13_5) AppleWebKit/605.1.15 (KHTML, like Gecko) Version/17.5 Safari/605.1.15"
157.22.18.149 - - [28/Jan/2026:02:50:40 -0500] "GET / HTTP/1.1" 200 23675 "-" "Mozilla/5.0 (Windows NT 10.0; Win64; x64; rv:127.0) Gecko/20100101 Firefox/127.0"
77.83.24.150 - - [28/Jan/2026:02:50:41 -0500] "POST /xmlrpc.php HTTP/1.1" 302 271 "-" "Mozilla/5.0 (Macintosh; Intel Mac OS X 13_5) AppleWebKit/605.1.15 (KHTML, like Gecko) Version/17.5 Safari/605.1.15"
193.203.10.41 - - [28/Jan/2026:02:50:40 -0500] "GET / HTTP/1.1" 200 23675 "-" "Mozilla/5.0 (Windows NT 10.0; Win64; x64) AppleWebKit/537.36 (KHTML, like Gecko) Chrome/124.0.6367.207 Safari/537.36"
88.218.44.154 - - [28/Jan/2026:02:50:41 -0500] "POST /xmlrpc.php HTTP/1.1" 302 271 "-" "Mozilla/5.0 (Windows NT 10.0; Win64; x64) AppleWebKit/537.36 (KHTML, like Gecko) Chrome/124.0.6367.207 Safari/537.36"
170.168.30.15 - - [28/Jan/2026:02:50:40 -0500] "GET / HTTP/1.1" 200 23675 "-" "Mozilla/5.0 (Macintosh; Intel Mac OS X 13_5) AppleWebKit/605.1.15 (KHTML, like Gecko) Version/17.5 Safari/605.1.15"
157.22.73.76 - - [28/Jan/2026:02:50:41 -0500] "POST /xmlrpc.php HTTP/1.1" 302 271 "-" "Mozilla/5.0 (Windows NT 10.0; Win64; x64) AppleWebKit/537.36 (KHTML, like Gecko) Chrome/124.0.6367.207 Safari/537.36"
157.22.103.177 - - [28/Jan/2026:02:50:41 -0500] "POST /xmlrpc.php HTTP/1.1" 302 271 "-" "Mozilla/5.0 (Macintosh; Intel Mac OS X 13_5) AppleWebKit/605.1.15 (KHTML, like Gecko) Version/17.5 Safari/605.1.15"
88.218.44.154 - - [28/Jan/2026:02:50:41 -0500] "GET / HTTP/1.1" 200 23675 "-" "Mozilla/5.0 (Windows NT 10.0; Win64; x64) AppleWebKit/537.36 (KHTML, like Gecko) Chrome/124.0.6367.207 Safari/537.36"
157.22.73.76 - - [28/Jan/2026:02:50:42 -0500] "GET / HTTP/1.1" 200 23675 "-" "Mozilla/5.0 (Windows NT 10.0; Win64; x64) AppleWebKit/537.36 (KHTML, like Gecko) Chrome/124.0.6367.207 Safari/537.36"
77.220.194.101 - - [28/Jan/2026:02:50:43 -0500] "POST /xmlrpc.php HTTP/1.1" 302 271 "-" "Mozilla/5.0 (Windows NT 10.0; Win64; x64) AppleWebKit/537.36 (KHTML, like Gecko) Chrome/124.0.6367.207 Safari/537.36"
77.83.24.150 - - [28/Jan/2026:02:50:42 -0500] "GET / HTTP/1.1" 200 23675 "-" "Mozilla/5.0 (Macintosh; Intel Mac OS X 13_5) AppleWebKit/605.1.15 (KHTML, like Gecko) Version/17.5 Safari/605.1.15"
157.22.103.177 - - [28/Jan/2026:02:50:42 -0500] "GET / HTTP/1.1" 200 23675 "-" "Mozilla/5.0 (Macintosh; Intel Mac OS X 13_5) AppleWebKit/605.1.15 (KHTML, like Gecko) Version/17.5 Safari/605.1.15"
193.203.10.155 - - [28/Jan/2026:02:50:43 -0500] "POST /xmlrpc.php HTTP/1.1" 302 271 "-" "Mozilla/5.0 (Windows NT 10.0; Win64; x64) AppleWebKit/537.36 (KHTML, like Gecko) Chrome/124.0.6367.207 Safari/537.36"
157.22.127.111 - - [28/Jan/2026:02:50:44 -0500] "POST /xmlrpc.php HTTP/1.1" 302 271 "-" "Mozilla/5.0 (Windows NT 10.0; Win64; x64; rv:127.0) Gecko/20100101 Firefox/127.0"
77.220.194.101 - - [28/Jan/2026:02:50:43 -0500] "GET / HTTP/1.1" 200 23675 "-" "Mozilla/5.0 (Windows NT 10.0; Win64; x64) AppleWebKit/537.36 (KHTML, like Gecko) Chrome/124.0.6367.207 Safari/537.36"
193.203.10.155 - - [28/Jan/2026:02:50:44 -0500] "GET / HTTP/1.1" 200 23675 "-" "Mozilla/5.0 (Windows NT 10.0; Win64; x64) AppleWebKit/537.36 (KHTML, like Gecko) Chrome/124.0.6367.207 Safari/537.36"
157.22.127.111 - - [28/Jan/2026:02:50:44 -0500] "GET / HTTP/1.1" 200 23675 "-" "Mozilla/5.0 (Windows NT 10.0; Win64; x64; rv:127.0) Gecko/20100101 Firefox/127.0"
178.20.29.45 - - [28/Jan/2026:02:50:46 -0500] "POST /xmlrpc.php HTTP/1.1" 302 271 "-" "Mozilla/5.0 (Windows NT 10.0; Win64; x64; rv:127.0) Gecko/20100101 Firefox/127.0"
157.22.47.82 - - [28/Jan/2026:02:50:46 -0500] "POST /xmlrpc.php HTTP/1.1" 302 271 "-" "Mozilla/5.0 (Windows NT 10.0; Win64; x64) AppleWebKit/537.36 (KHTML, like Gecko) Chrome/124.0.6367.207 Safari/537.36"
193.202.85.11 - - [28/Jan/2026:02:50:46 -0500] "GET /wp-login.php HTTP/1.1" 200 2912 "-" "Mozilla/5.0 (Macintosh; Intel Mac OS X 13_5) AppleWebKit/605.1.15 (KHTML, like Gecko) Version/17.5 Safari/605.1.15"
193.202.85.11 - - [28/Jan/2026:02:50:48 -0500] "POST /xmlrpc.php HTTP/1.1" 302 271 "-" "Mozilla/5.0 (Macintosh; Intel Mac OS X 13_5) AppleWebKit/605.1.15 (KHTML, like Gecko) Version/17.5 Safari/605.1.15"
157.22.47.82 - - [28/Jan/2026:02:50:46 -0500] "GET / HTTP/1.1" 200 23675 "-" "Mozilla/5.0 (Windows NT 10.0; Win64; x64) AppleWebKit/537.36 (KHTML, like Gecko) Chrome/124.0.6367.207 Safari/537.36"
194.99.26.182 - - [28/Jan/2026:02:50:48 -0500] "POST /xmlrpc.php HTTP/1.1" 302 271 "-" "Mozilla/5.0 (Windows NT 10.0; Win64; x64; rv:127.0) Gecko/20100101 Firefox/127.0"
170.168.29.254 - - [28/Jan/2026:02:50:48 -0500] "POST /xmlrpc.php HTTP/1.1" 302 271 "-" "Mozilla/5.0 (Macintosh; Intel Mac OS X 13_5) AppleWebKit/605.1.15 (KHTML, like Gecko) Version/17.5 Safari/605.1.15"
194.99.26.182 - - [28/Jan/2026:02:50:48 -0500] "GET / HTTP/1.1" 200 23675 "-" "Mozilla/5.0 (Windows NT 10.0; Win64; x64; rv:127.0) Gecko/20100101 Firefox/127.0"
193.202.85.11 - - [28/Jan/2026:02:50:49 -0500] "GET / HTTP/1.1" 200 23675 "-" "Mozilla/5.0 (Macintosh; Intel Mac OS X 13_5) AppleWebKit/605.1.15 (KHTML, like Gecko) Version/17.5 Safari/605.1.15"
170.168.29.254 - - [28/Jan/2026:02:50:49 -0500] "GET / HTTP/1.1" 200 23675 "-" "Mozilla/5.0 (Macintosh; Intel Mac OS X 13_5) AppleWebKit/605.1.15 (KHTML, like Gecko) Version/17.5 Safari/605.1.15"
217.145.224.93 - - [28/Jan/2026:02:50:51 -0500] "POST /xmlrpc.php HTTP/1.1" 302 271 "-" "Mozilla/5.0 (Macintosh; Intel Mac OS X 13_5) AppleWebKit/605.1.15 (KHTML, like Gecko) Version/17.5 Safari/605.1.15"
178.20.29.45 - - [28/Jan/2026:02:50:49 -0500] "GET / HTTP/1.1" 200 23675 "-" "Mozilla/5.0 (Windows NT 10.0; Win64; x64; rv:127.0) Gecko/20100101 Firefox/127.0"
157.22.100.48 - - [28/Jan/2026:02:50:51 -0500] "POST /xmlrpc.php HTTP/1.1" 302 271 "-" "Mozilla/5.0 (Windows NT 10.0; Win64; x64) AppleWebKit/537.36 (KHTML, like Gecko) Chrome/124.0.6367.207 Safari/537.36"
185.61.219.153 - - [28/Jan/2026:02:50:52 -0500] "POST /xmlrpc.php HTTP/1.1" 302 271 "-" "Mozilla/5.0 (Windows NT 10.0; Win64; x64; rv:127.0) Gecko/20100101 Firefox/127.0"
45.140.204.177 - - [28/Jan/2026:02:50:52 -0500] "POST /xmlrpc.php HTTP/1.1" 302 271 "-" "Mozilla/5.0 (Windows NT 10.0; Win64; x64) AppleWebKit/537.36 (KHTML, like Gecko) Chrome/124.0.6367.207 Safari/537.36"
45.148.124.88 - - [28/Jan/2026:02:50:53 -0500] "POST /xmlrpc.php HTTP/1.1" 302 271 "-" "Mozilla/5.0 (Windows NT 10.0; Win64; x64; rv:127.0) Gecko/20100101 Firefox/127.0"
217.145.224.93 - - [28/Jan/2026:02:50:51 -0500] "GET / HTTP/1.1" 200 23675 "-" "Mozilla/5.0 (Macintosh; Intel Mac OS X 13_5) AppleWebKit/605.1.15 (KHTML, like Gecko) Version/17.5 Safari/605.1.15"
185.61.219.153 - - [28/Jan/2026:02:50:52 -0500] "GET / HTTP/1.1" 200 23675 "-" "Mozilla/5.0 (Windows NT 10.0; Win64; x64; rv:127.0) Gecko/20100101 Firefox/127.0"
194.104.11.123 - - [28/Jan/2026:02:50:54 -0500] "POST /xmlrpc.php HTTP/1.1" 302 271 "-" "Mozilla/5.0 (Macintosh; Intel Mac OS X 13_5) AppleWebKit/605.1.15 (KHTML, like Gecko) Version/17.5 Safari/605.1.15"
157.22.100.48 - - [28/Jan/2026:02:50:52 -0500] "GET / HTTP/1.1" 200 23675 "-" "Mozilla/5.0 (Windows NT 10.0; Win64; x64) AppleWebKit/537.36 (KHTML, like Gecko) Chrome/124.0.6367.207 Safari/537.36"
194.104.11.139 - - [28/Jan/2026:02:50:55 -0500] "POST /xmlrpc.php HTTP/1.1" 302 271 "-" "Mozilla/5.0 (Windows NT 10.0; Win64; x64) AppleWebKit/537.36 (KHTML, like Gecko) Chrome/124.0.6367.207 Safari/537.36"
185.81.144.58 - - [28/Jan/2026:02:50:55 -0500] "POST /xmlrpc.php HTTP/1.1" 302 271 "-" "Mozilla/5.0 (Macintosh; Intel Mac OS X 13_5) AppleWebKit/605.1.15 (KHTML, like Gecko) Version/17.5 Safari/605.1.15"
193.187.95.194 - - [28/Jan/2026:02:50:53 -0500] "GET /wp-login.php HTTP/1.1" 200 2912 "-" "Mozilla/5.0 (Windows NT 10.0; Win64; x64) AppleWebKit/537.36 (KHTML, like Gecko) Chrome/124.0.6367.207 Safari/537.36"
45.140.204.177 - - [28/Jan/2026:02:50:52 -0500] "GET / HTTP/1.1" 200 23675 "-" "Mozilla/5.0 (Windows NT 10.0; Win64; x64) AppleWebKit/537.36 (KHTML, like Gecko) Chrome/124.0.6367.207 Safari/537.36"
45.148.124.88 - - [28/Jan/2026:02:50:53 -0500] "GET / HTTP/1.1" 200 23675 "-" "Mozilla/5.0 (Windows NT 10.0; Win64; x64; rv:127.0) Gecko/20100101 Firefox/127.0"
170.168.242.151 - - [28/Jan/2026:02:50:56 -0500] "POST /xmlrpc.php HTTP/1.1" 302 271 "-" "Mozilla/5.0 (Macintosh; Intel Mac OS X 13_5) AppleWebKit/605.1.15 (KHTML, like Gecko) Version/17.5 Safari/605.1.15"
193.187.95.194 - - [28/Jan/2026:02:50:56 -0500] "POST /xmlrpc.php HTTP/1.1" 302 271 "-" "Mozilla/5.0 (Windows NT 10.0; Win64; x64) AppleWebKit/537.36 (KHTML, like Gecko) Chrome/124.0.6367.207 Safari/537.36"
193.202.80.78 - - [28/Jan/2026:02:50:57 -0500] "POST /xmlrpc.php HTTP/1.1" 302 271 "-" "Mozilla/5.0 (Macintosh; Intel Mac OS X 13_5) AppleWebKit/605.1.15 (KHTML, like Gecko) Version/17.5 Safari/605.1.15"
185.81.144.58 - - [28/Jan/2026:02:50:55 -0500] "GET / HTTP/1.1" 200 23675 "-" "Mozilla/5.0 (Macintosh; Intel Mac OS X 13_5) AppleWebKit/605.1.15 (KHTML, like Gecko) Version/17.5 Safari/605.1.15"
185.102.112.192 - - [28/Jan/2026:02:51:00 -0500] "POST /xmlrpc.php HTTP/1.1" 302 271 "-" "Mozilla/5.0 (Windows NT 10.0; Win64; x64) AppleWebKit/537.36 (KHTML, like Gecko) Chrome/124.0.6367.207 Safari/537.36"
194.104.11.123 - - [28/Jan/2026:02:50:55 -0500] "GET / HTTP/1.1" 200 23675 "-" "Mozilla/5.0 (Macintosh; Intel Mac OS X 13_5) AppleWebKit/605.1.15 (KHTML, like Gecko) Version/17.5 Safari/605.1.15"
194.104.11.139 - - [28/Jan/2026:02:50:55 -0500] "GET / HTTP/1.1" 200 23675 "-" "Mozilla/5.0 (Windows NT 10.0; Win64; x64) AppleWebKit/537.36 (KHTML, like Gecko) Chrome/124.0.6367.207 Safari/537.36"
170.168.240.42 - - [28/Jan/2026:02:51:02 -0500] "POST /xmlrpc.php HTTP/1.1" 302 271 "-" "Mozilla/5.0 (Windows NT 10.0; Win64; x64; rv:127.0) Gecko/20100101 Firefox/127.0"
91.218.123.235 - - [28/Jan/2026:02:51:02 -0500] "POST /xmlrpc.php HTTP/1.1" 302 271 "-" "Mozilla/5.0 (Windows NT 10.0; Win64; x64; rv:127.0) Gecko/20100101 Firefox/127.0"
170.168.242.151 - - [28/Jan/2026:02:50:57 -0500] "GET / HTTP/1.1" 200 23675 "-" "Mozilla/5.0 (Macintosh; Intel Mac OS X 13_5) AppleWebKit/605.1.15 (KHTML, like Gecko) Version/17.5 Safari/605.1.15"
155.212.108.45 - - [28/Jan/2026:02:51:03 -0500] "POST /xmlrpc.php HTTP/1.1" 302 271 "-" "Mozilla/5.0 (Macintosh; Intel Mac OS X 13_5) AppleWebKit/605.1.15 (KHTML, like Gecko) Version/17.5 Safari/605.1.15"
193.187.95.194 - - [28/Jan/2026:02:50:58 -0500] "GET / HTTP/1.1" 200 23675 "-" "Mozilla/5.0 (Windows NT 10.0; Win64; x64) AppleWebKit/537.36 (KHTML, like Gecko) Chrome/124.0.6367.207 Safari/537.36"
193.202.80.78 - - [28/Jan/2026:02:50:58 -0500] "GET / HTTP/1.1" 200 23675 "-" "Mozilla/5.0 (Macintosh; Intel Mac OS X 13_5) AppleWebKit/605.1.15 (KHTML, like Gecko) Version/17.5 Safari/605.1.15"
185.61.216.55 - - [28/Jan/2026:02:51:05 -0500] "POST /xmlrpc.php HTTP/1.1" 302 271 "-" "Mozilla/5.0 (Windows NT 10.0; Win64; x64) AppleWebKit/537.36 (KHTML, like Gecko) Chrome/124.0.6367.207 Safari/537.36"
193.151.191.194 - - [28/Jan/2026:02:51:05 -0500] "POST /xmlrpc.php HTTP/1.1" 302 271 "-" "Mozilla/5.0 (Macintosh; Intel Mac OS X 13_5) AppleWebKit/605.1.15 (KHTML, like Gecko) Version/17.5 Safari/605.1.15"
185.102.112.192 - - [28/Jan/2026:02:51:00 -0500] "GET / HTTP/1.1" 200 23675 "-" "Mozilla/5.0 (Windows NT 10.0; Win64; x64) AppleWebKit/537.36 (KHTML, like Gecko) Chrome/124.0.6367.207 Safari/537.36"
155.212.37.117 - - [28/Jan/2026:02:51:06 -0500] "POST /xmlrpc.php HTTP/1.1" 302 271 "-" "Mozilla/5.0 (Windows NT 10.0; Win64; x64) AppleWebKit/537.36 (KHTML, like Gecko) Chrome/124.0.6367.207 Safari/537.36"
170.168.240.42 - - [28/Jan/2026:02:51:02 -0500] "GET / HTTP/1.1" 200 23675 "-" "Mozilla/5.0 (Windows NT 10.0; Win64; x64; rv:127.0) Gecko/20100101 Firefox/127.0"
146.19.140.126 - - [28/Jan/2026:02:51:09 -0500] "POST /xmlrpc.php HTTP/1.1" 302 271 "-" "Mozilla/5.0 (Windows NT 10.0; Win64; x64) AppleWebKit/537.36 (KHTML, like Gecko) Chrome/124.0.6367.207 Safari/537.36"
91.218.123.235 - - [28/Jan/2026:02:51:03 -0500] "GET / HTTP/1.1" 200 23675 "-" "Mozilla/5.0 (Windows NT 10.0; Win64; x64; rv:127.0) Gecko/20100101 Firefox/127.0"
130.49.8.229 - - [28/Jan/2026:02:51:10 -0500] "POST /xmlrpc.php HTTP/1.1" 302 271 "-" "Mozilla/5.0 (Windows NT 10.0; Win64; x64) AppleWebKit/537.36 (KHTML, like Gecko) Chrome/124.0.6367.207 Safari/537.36"
155.212.108.45 - - [28/Jan/2026:02:51:04 -0500] "GET / HTTP/1.1" 200 23675 "-" "Mozilla/5.0 (Macintosh; Intel Mac OS X 13_5) AppleWebKit/605.1.15 (KHTML, like Gecko) Version/17.5 Safari/605.1.15"
185.61.216.55 - - [28/Jan/2026:02:51:05 -0500] "GET / HTTP/1.1" 200 23675 "-" "Mozilla/5.0 (Windows NT 10.0; Win64; x64) AppleWebKit/537.36 (KHTML, like Gecko) Chrome/124.0.6367.207 Safari/537.36"
178.20.31.29 - - [28/Jan/2026:02:51:12 -0500] "POST /xmlrpc.php HTTP/1.1" 302 271 "-" "Mozilla/5.0 (Windows NT 10.0; Win64; x64; rv:127.0) Gecko/20100101 Firefox/127.0"
193.203.10.41 - - [28/Jan/2026:02:51:13 -0500] "POST /xmlrpc.php HTTP/1.1" 302 271 "-" "Mozilla/5.0 (Windows NT 10.0; Win64; x64; rv:127.0) Gecko/20100101 Firefox/127.0"
193.151.191.194 - - [28/Jan/2026:02:51:08 -0500] "GET / HTTP/1.1" 200 23675 "-" "Mozilla/5.0 (Macintosh; Intel Mac OS X 13_5) AppleWebKit/605.1.15 (KHTML, like Gecko) Version/17.5 Safari/605.1.15"
170.168.240.227 - - [28/Jan/2026:02:51:14 -0500] "POST /xmlrpc.php HTTP/1.1" 302 271 "-" "Mozilla/5.0 (Windows NT 10.0; Win64; x64) AppleWebKit/537.36 (KHTML, like Gecko) Chrome/124.0.6367.207 Safari/537.36"
146.19.140.126 - - [28/Jan/2026:02:51:10 -0500] "GET / HTTP/1.1" 200 23675 "-" "Mozilla/5.0 (Windows NT 10.0; Win64; x64) AppleWebKit/537.36 (KHTML, like Gecko) Chrome/124.0.6367.207 Safari/537.36"
193.151.189.201 - - [28/Jan/2026:02:51:16 -0500] "POST /xmlrpc.php HTTP/1.1" 302 271 "-" "Mozilla/5.0 (Windows NT 10.0; Win64; x64; rv:127.0) Gecko/20100101 Firefox/127.0"
