File: //home/httpd/logs/meantube.com_access_log.4
43.157.98.187 - - [26/Jan/2026:04:17:42 -0500] "GET / HTTP/1.1" 301 - "-" "Mozilla/5.0 (iPhone; CPU iPhone OS 13_2_3 like Mac OS X) AppleWebKit/605.1.15 (KHTML, like Gecko) Version/13.0.3 Mobile/15E148 Safari/604.1"
79.124.40.174 - - [26/Jan/2026:04:17:57 -0500] "GET /geoserver HTTP/1.1" 301 - "-" "Mozilla/5.0 (Windows NT 10.0; Win64; x64) AppleWebKit/537.36 (KHTML, like Gecko) Chrome/78.0.3904.108 Safari/537.36"
204.76.203.212 - - [26/Jan/2026:04:19:21 -0500] "GET / HTTP/1.1" 301 - "-" "Mozilla/5.0 (Windows NT 10.0; Win64; x64) AppleWebKit/537.36 (KHTML, like Gecko) Chrome/90.0.4430.85 Safari/537.36 Edg/90.0.818.46"
193.142.147.209 - - [26/Jan/2026:04:36:48 -0500] "POST / HTTP/1.1" 301 - "-" "Mozilla/5.0 (Windows NT 10.0; Win64; x64) AppleWebKit/537.36"
18.185.116.68 - - [26/Jan/2026:04:40:24 -0500] "GET / HTTP/1.1" 301 - "-" "Go-http-client/1.1"
204.76.203.212 - - [26/Jan/2026:04:43:14 -0500] "GET / HTTP/1.1" 301 - "-" "Mozilla/5.0 (Windows NT 10.0; Win64; x64) AppleWebKit/537.36 (KHTML, like Gecko) Chrome/90.0.4430.85 Safari/537.36 Edg/90.0.818.46"
13.233.154.95 - - [26/Jan/2026:04:49:17 -0500] "GET / HTTP/1.1" 301 - "-" "Go-http-client/1.1"
35.237.89.114 - - [26/Jan/2026:04:59:27 -0500] "OPTIONS / HTTP/1.1" 301 - "-" "-"
204.76.203.212 - - [26/Jan/2026:05:10:53 -0500] "GET / HTTP/1.1" 301 - "-" "Mozilla/5.0 (Windows NT 10.0; Win64; x64) AppleWebKit/537.36 (KHTML, like Gecko) Chrome/90.0.4430.85 Safari/537.36 Edg/90.0.818.46"
43.135.139.165 - - [26/Jan/2026:05:21:17 -0500] "GET / HTTP/1.1" 301 - "-" "Mozilla/5.0 (iPhone; CPU iPhone OS 13_2_3 like Mac OS X) AppleWebKit/605.1.15 (KHTML, like Gecko) Version/13.0.3 Mobile/15E148 Safari/604.1"
139.59.41.239 - - [26/Jan/2026:05:22:54 -0500] "GET / HTTP/1.1" 301 - "-" "Mozilla/5.0 (Windows NT 10.0; Win64; x64) AppleWebKit/537.36 (KHTML, like Gecko) Chrome/108.0.0.0 Safari/537.36"
139.59.41.239 - - [26/Jan/2026:05:22:56 -0500] "GET /form.html HTTP/1.1" 301 - "-" "curl/8.1.2"
139.59.41.239 - - [26/Jan/2026:05:22:57 -0500] "GET /upl.php HTTP/1.1" 301 - "-" "Mozilla/5.0"
139.59.41.239 - - [26/Jan/2026:05:22:58 -0500] "GET /t4 HTTP/1.1" 301 - "-" "Mozilla/5.0"
139.59.41.239 - - [26/Jan/2026:05:22:58 -0500] "GET /geoip/ HTTP/1.1" 301 - "-" "Mozilla/5.0 (Windows NT 10.0; Win64; x64) AppleWebKit/537.36 (KHTML, like Gecko) Chrome/108.0.0.0 Safari/537.36"
139.59.41.239 - - [26/Jan/2026:05:22:59 -0500] "GET /1.php HTTP/1.1" 301 - "-" "Mozilla/5.0 (Windows NT 10.0; Win64; x64) AppleWebKit/537.36 (KHTML, like Gecko) Chrome/108.0.0.0 Safari/537.36"
139.59.41.239 - - [26/Jan/2026:05:23:00 -0500] "GET /systembc/password.php HTTP/1.1" 301 - "-" "Mozilla/5.0 (Windows NT 10.0; Win64; x64) AppleWebKit/537.36 (KHTML, like Gecko) Chrome/108.0.0.0 Safari/537.36"
139.59.41.239 - - [26/Jan/2026:05:23:01 -0500] "GET /password.php HTTP/1.1" 301 - "-" "Mozilla/5.0 (Windows NT 10.0; Win64; x64) AppleWebKit/537.36 (KHTML, like Gecko) Chrome/108.0.0.0 Safari/537.36"
35.216.144.195 - - [26/Jan/2026:05:33:27 -0500] "GET / HTTP/1.1" 301 - "-" "Mozilla/5.0"
204.76.203.212 - - [26/Jan/2026:05:34:07 -0500] "GET / HTTP/1.1" 301 - "-" "Mozilla/5.0 (Windows NT 10.0; Win64; x64) AppleWebKit/537.36 (KHTML, like Gecko) Chrome/90.0.4430.85 Safari/537.36 Edg/90.0.818.46"
79.124.40.174 - - [26/Jan/2026:05:45:53 -0500] "POST / HTTP/1.1" 301 - "-" "Mozilla/5.0 (Windows NT 10.0; Win64; x64) AppleWebKit/537.36 (KHTML, like Gecko) Chrome/78.0.3904.108 Safari/537.36"
5.61.209.92 - - [26/Jan/2026:05:51:12 -0500] "GET /SDK/webLanguage HTTP/1.1" 301 - "-" "Mozilla/5.0 (Windows NT 10.0; Win64; x64) AppleWebKit/537.36 (KHTML, like Gecko) Chrome/90.0.4430.85 Safari/537.36 Edg/90.0.818.46"
192.142.25.95 - - [26/Jan/2026:05:54:46 -0500] "GET / HTTP/1.1" 200 74360 "-" "-"
204.76.203.212 - - [26/Jan/2026:05:58:08 -0500] "GET / HTTP/1.1" 301 - "-" "Mozilla/5.0 (Windows NT 10.0; Win64; x64) AppleWebKit/537.36 (KHTML, like Gecko) Chrome/90.0.4430.85 Safari/537.36 Edg/90.0.818.46"
204.76.203.8 - - [26/Jan/2026:06:03:30 -0500] "GET /geoserver/wfs?request=ListStoredQueries&service=wfs&version=2.0.0 HTTP/1.1" 301 - "-" "Mozilla/5.0 (Windows NT 10.0; Win64; x64) AppleWebKit/537.36"
101.33.55.204 - - [26/Jan/2026:06:04:21 -0500] "GET / HTTP/1.1" 301 - "-" "Mozilla/5.0 (iPhone; CPU iPhone OS 13_2_3 like Mac OS X) AppleWebKit/605.1.15 (KHTML, like Gecko) Version/13.0.3 Mobile/15E148 Safari/604.1"
204.76.203.212 - - [26/Jan/2026:06:23:42 -0500] "GET / HTTP/1.1" 301 - "-" "Mozilla/5.0 (Windows NT 10.0; Win64; x64) AppleWebKit/537.36 (KHTML, like Gecko) Chrome/90.0.4430.85 Safari/537.36 Edg/90.0.818.46"
71.6.232.24 - - [26/Jan/2026:06:36:17 -0500] "GET / HTTP/1.1" 301 - "-" "Mozilla/5.0 (Windows NT 10.0; Win64; x64) AppleWebKit/537.36 (KHTML, like Gecko) Chrome/134.0.0.0 Safari/537.36"
204.76.203.212 - - [26/Jan/2026:06:49:56 -0500] "GET / HTTP/1.1" 301 - "-" "Mozilla/5.0 (Windows NT 10.0; Win64; x64) AppleWebKit/537.36 (KHTML, like Gecko) Chrome/90.0.4430.85 Safari/537.36 Edg/90.0.818.46"
130.61.28.82 - - [26/Jan/2026:06:50:32 -0500] "POST /hello.world?%ADd+allow_url_include%3d1+%ADd+auto_prepend_file%3dphp://input HTTP/1.1" 301 - "-" "libredtail-http"
36.250.221.119 - - [26/Jan/2026:06:52:21 -0500] "GET / HTTP/1.1" 301 - "-" "-"
112.94.191.211 - - [26/Jan/2026:06:53:06 -0500] "GET / HTTP/1.1" 301 - "-" "Mozilla/5.0 (Windows NT 6.1) AppleWebKit/537.36 (KHTML, like Gecko) Chrome/49.0.2623.112 Safari/537.36"
91.224.92.115 - - [26/Jan/2026:06:57:19 -0500] "GET /cgi-bin/luci/;stok=/locale HTTP/1.1" 301 - "-" "-"
204.76.203.212 - - [26/Jan/2026:07:15:02 -0500] "GET / HTTP/1.1" 301 - "-" "Mozilla/5.0 (Windows NT 10.0; Win64; x64) AppleWebKit/537.36 (KHTML, like Gecko) Chrome/90.0.4430.85 Safari/537.36 Edg/90.0.818.46"
193.142.147.209 - - [26/Jan/2026:07:15:39 -0500] "POST / HTTP/1.1" 301 - "-" "Mozilla/5.0 (Windows NT 10.0; Win64; x64) AppleWebKit/537.36"
192.159.99.169 - - [26/Jan/2026:07:18:13 -0500] "GET /.env HTTP/1.1" 301 - "-" "Mozilla/5.0 (Macintosh; Intel Mac OS X 10.15; rv:77.0) Gecko/20100101 Firefox/77.0"
192.159.99.169 - - [26/Jan/2026:07:18:13 -0500] "GET /wp-content/ HTTP/1.1" 200 - "-" "Mozilla/5.0 (Macintosh; Intel Mac OS X 10.15; rv:77.0) Gecko/20100101 Firefox/77.0"
204.76.203.212 - - [26/Jan/2026:07:41:05 -0500] "GET / HTTP/1.1" 301 - "-" "Mozilla/5.0 (Windows NT 10.0; Win64; x64) AppleWebKit/537.36 (KHTML, like Gecko) Chrome/90.0.4430.85 Safari/537.36 Edg/90.0.818.46"
150.109.230.210 - - [26/Jan/2026:07:51:10 -0500] "GET / HTTP/1.1" 301 - "-" "Mozilla/5.0 (iPhone; CPU iPhone OS 13_2_3 like Mac OS X) AppleWebKit/605.1.15 (KHTML, like Gecko) Version/13.0.3 Mobile/15E148 Safari/604.1"
204.76.203.212 - - [26/Jan/2026:08:06:28 -0500] "GET / HTTP/1.1" 301 - "-" "Mozilla/5.0 (Windows NT 10.0; Win64; x64) AppleWebKit/537.36 (KHTML, like Gecko) Chrome/90.0.4430.85 Safari/537.36 Edg/90.0.818.46"
43.157.168.43 - - [26/Jan/2026:08:07:35 -0500] "GET / HTTP/1.1" 301 - "-" "Mozilla/5.0 (iPhone; CPU iPhone OS 13_2_3 like Mac OS X) AppleWebKit/605.1.15 (KHTML, like Gecko) Version/13.0.3 Mobile/15E148 Safari/604.1"
43.153.10.13 - - [26/Jan/2026:08:22:19 -0500] "GET / HTTP/1.1" 301 - "-" "Mozilla/5.0 (iPhone; CPU iPhone OS 13_2_3 like Mac OS X) AppleWebKit/605.1.15 (KHTML, like Gecko) Version/13.0.3 Mobile/15E148 Safari/604.1"
150.109.119.38 - - [26/Jan/2026:08:28:27 -0500] "GET / HTTP/1.1" 301 - "-" "Mozilla/5.0 (iPhone; CPU iPhone OS 13_2_3 like Mac OS X) AppleWebKit/605.1.15 (KHTML, like Gecko) Version/13.0.3 Mobile/15E148 Safari/604.1"
204.76.203.212 - - [26/Jan/2026:08:30:30 -0500] "GET / HTTP/1.1" 301 - "-" "Mozilla/5.0 (Windows NT 10.0; Win64; x64) AppleWebKit/537.36 (KHTML, like Gecko) Chrome/90.0.4430.85 Safari/537.36 Edg/90.0.818.46"
16.52.81.230 - - [26/Jan/2026:08:38:12 -0500] "GET / HTTP/1.1" 301 - "-" "Go-http-client/1.1"
43.157.50.58 - - [26/Jan/2026:08:42:13 -0500] "GET / HTTP/1.1" 301 - "-" "Mozilla/5.0 (iPhone; CPU iPhone OS 13_2_3 like Mac OS X) AppleWebKit/605.1.15 (KHTML, like Gecko) Version/13.0.3 Mobile/15E148 Safari/604.1"
216.180.246.206 - - [26/Jan/2026:08:44:03 -0500] "GET / HTTP/1.1" 200 74360 "-" "'Mozilla/5.0 (compatible; GenomeCrawlerd/1.0; +https://www.nokia.com/genomecrawler)'"
216.180.246.206 - - [26/Jan/2026:08:44:35 -0500] "GET / HTTP/1.1" 301 - "-" "'Mozilla/5.0 (compatible; GenomeCrawlerd/1.0; +https://www.nokia.com/genomecrawler)'"
216.180.246.206 - - [26/Jan/2026:08:45:06 -0500] "GET /manage/account/login HTTP/1.1" 301 - "-" "'Mozilla/5.0 (compatible; GenomeCrawlerd/1.0; +https://www.nokia.com/genomecrawler)'"
216.180.246.206 - - [26/Jan/2026:08:45:19 -0500] "GET /admin/index.html HTTP/1.1" 301 - "-" "'Mozilla/5.0 (compatible; GenomeCrawlerd/1.0; +https://www.nokia.com/genomecrawler)'"
216.180.246.206 - - [26/Jan/2026:08:45:43 -0500] "GET /index.html HTTP/1.1" 301 - "-" "'Mozilla/5.0 (compatible; GenomeCrawlerd/1.0; +https://www.nokia.com/genomecrawler)'"
216.180.246.206 - - [26/Jan/2026:08:45:58 -0500] "GET /+CSCOE+/logon.html HTTP/1.1" 301 - "-" "'Mozilla/5.0 (compatible; GenomeCrawlerd/1.0; +https://www.nokia.com/genomecrawler)'"
216.180.246.206 - - [26/Jan/2026:08:46:27 -0500] "GET /login.htm HTTP/1.1" 301 - "-" "'Mozilla/5.0 (compatible; GenomeCrawlerd/1.0; +https://www.nokia.com/genomecrawler)'"
216.180.246.206 - - [26/Jan/2026:08:46:50 -0500] "GET /login.html HTTP/1.1" 301 - "-" "'Mozilla/5.0 (compatible; GenomeCrawlerd/1.0; +https://www.nokia.com/genomecrawler)'"
216.180.246.206 - - [26/Jan/2026:08:47:05 -0500] "GET /login.jsp HTTP/1.1" 301 - "-" "'Mozilla/5.0 (compatible; GenomeCrawlerd/1.0; +https://www.nokia.com/genomecrawler)'"
216.180.246.206 - - [26/Jan/2026:08:47:29 -0500] "GET /login HTTP/1.1" 301 - "-" "'Mozilla/5.0 (compatible; GenomeCrawlerd/1.0; +https://www.nokia.com/genomecrawler)'"
216.180.246.206 - - [26/Jan/2026:08:47:51 -0500] "GET /doc/index.html HTTP/1.1" 301 - "-" "'Mozilla/5.0 (compatible; GenomeCrawlerd/1.0; +https://www.nokia.com/genomecrawler)'"
216.180.246.206 - - [26/Jan/2026:08:48:11 -0500] "GET /remote/login HTTP/1.1" 301 - "-" "'Mozilla/5.0 (compatible; GenomeCrawlerd/1.0; +https://www.nokia.com/genomecrawler)'"
216.180.246.206 - - [26/Jan/2026:08:48:35 -0500] "GET //admin/login.asp HTTP/1.1" 301 - "-" "'Mozilla/5.0 (compatible; GenomeCrawlerd/1.0; +https://www.nokia.com/genomecrawler)'"
216.180.246.206 - - [26/Jan/2026:08:48:58 -0500] "GET /web/ HTTP/1.1" 301 - "-" "'Mozilla/5.0 (compatible; GenomeCrawlerd/1.0; +https://www.nokia.com/genomecrawler)'"
216.180.246.206 - - [26/Jan/2026:08:49:22 -0500] "GET //webpages/login.html HTTP/1.1" 301 - "-" "'Mozilla/5.0 (compatible; GenomeCrawlerd/1.0; +https://www.nokia.com/genomecrawler)'"
204.76.203.212 - - [26/Jan/2026:08:56:04 -0500] "GET / HTTP/1.1" 301 - "-" "Mozilla/5.0 (Windows NT 10.0; Win64; x64) AppleWebKit/537.36 (KHTML, like Gecko) Chrome/90.0.4430.85 Safari/537.36 Edg/90.0.818.46"
47.236.116.72 - - [26/Jan/2026:09:05:44 -0500] "GET / HTTP/1.1" 301 - "-" "curl/7.78.0"
204.76.203.212 - - [26/Jan/2026:09:22:22 -0500] "GET / HTTP/1.1" 301 - "-" "Mozilla/5.0 (Windows NT 10.0; Win64; x64) AppleWebKit/537.36 (KHTML, like Gecko) Chrome/90.0.4430.85 Safari/537.36 Edg/90.0.818.46"
43.157.158.178 - - [26/Jan/2026:09:26:34 -0500] "GET / HTTP/1.1" 301 - "-" "Mozilla/5.0 (iPhone; CPU iPhone OS 13_2_3 like Mac OS X) AppleWebKit/605.1.15 (KHTML, like Gecko) Version/13.0.3 Mobile/15E148 Safari/604.1"
193.142.147.209 - - [26/Jan/2026:09:42:56 -0500] "POST / HTTP/1.1" 301 - "-" "Mozilla/5.0 (Windows NT 10.0; Win64; x64) AppleWebKit/537.36"
204.76.203.212 - - [26/Jan/2026:09:44:26 -0500] "GET / HTTP/1.1" 301 - "-" "Mozilla/5.0 (Windows NT 10.0; Win64; x64) AppleWebKit/537.36 (KHTML, like Gecko) Chrome/90.0.4430.85 Safari/537.36 Edg/90.0.818.46"
80.82.70.133 - - [26/Jan/2026:09:49:09 -0500] "GET / HTTP/1.1" 200 74360 "-" "Mozilla/5.0 (Macintosh; Intel Mac OS X 10_14_4) AppleWebKit/605.1.15 (KHTML, like Gecko) Version/12.1 Safari/605.1.15"
80.82.77.202 - - [26/Jan/2026:09:49:59 -0500] "GET /aaa9 HTTP/1.1" 301 - "-" "Mozilla/5.0 (Windows NT 10.0; Win64; x64) AppleWebKit/537.36 (KHTML, like Gecko) Chrome/70.0.3538.77 Safari/537.36"
80.82.77.202 - - [26/Jan/2026:09:50:00 -0500] "GET /aab9 HTTP/1.1" 301 - "-" "Mozilla/5.0 (Windows NT 10.0; Win64; x64) AppleWebKit/537.36 (KHTML, like Gecko) Chrome/70.0.3538.77 Safari/537.36"
204.76.203.212 - - [26/Jan/2026:10:11:52 -0500] "GET / HTTP/1.1" 301 - "-" "Mozilla/5.0 (Windows NT 10.0; Win64; x64) AppleWebKit/537.36 (KHTML, like Gecko) Chrome/90.0.4430.85 Safari/537.36 Edg/90.0.818.46"
78.153.140.179 - - [26/Jan/2026:10:33:33 -0500] "GET /.env HTTP/1.1" 301 - "-" "Mozilla/5.0 (Macintosh; U; PPC Mac OS X; en-us) AppleWebKit/416.11 (KHTML, like Gecko) Safari/416.12"
78.153.140.179 - - [26/Jan/2026:10:33:34 -0500] "GET /.env_storage HTTP/1.1" 301 - "-" "Mozilla/5.0 (Windows; U; WinNT4.0; en-US; rv:1.7.9) Gecko/20050711 Firefox/1.0.5"
78.153.140.179 - - [26/Jan/2026:10:33:35 -0500] "GET /.env_workers HTTP/1.1" 301 - "-" "Mozilla/5.0 (iPad; CPU OS 10_3_1 like Mac OS X) AppleWebKit/603.1.30 (KHTML, like Gecko) Version/10.0 Mobile/14E8301 Safari/602.1"
78.153.140.179 - - [26/Jan/2026:10:33:36 -0500] "GET /angular/.env HTTP/1.1" 301 - "-" "Mozilla/5.0 (Windows; U; Windows NT 6.1; en-US) AppleWebKit/534.16 (KHTML, like Gecko) Chrome/10.0.648.134 Safari/534.16"
78.153.140.179 - - [26/Jan/2026:10:33:36 -0500] "GET /bot/.env.dev HTTP/1.1" 301 - "-" "Mozilla/5.0 (X11; U; Linux i686; pl; rv:1.8.1) Gecko/20061127 Firefox/2.0 (Gentoo Linux)"
78.153.140.179 - - [26/Jan/2026:10:33:36 -0500] "GET /bot/.env.bak HTTP/1.1" 301 - "-" "Mozilla/5.0 (Linux; Android 5.1; C6740N Build/LMY47O) AppleWebKit/537.36 (KHTML, like Gecko) Chrome/47.0.2526.83 Mobile Safari/537.36"
78.153.140.179 - - [26/Jan/2026:10:33:37 -0500] "GET /.github/.env HTTP/1.1" 301 - "-" "Opera/9.80 (Windows NT 5.1) Presto/2.12.388 Version/12.12"
78.153.140.179 - - [26/Jan/2026:10:33:37 -0500] "GET /app/.env.tmp HTTP/1.1" 301 - "-" "Mozilla/5.0 (X11; U; SunOS sun4u; de-DE; rv:1.9.1b4) Gecko/20090428 Firefox/2.0.0.0"
78.153.140.179 - - [26/Jan/2026:10:33:38 -0500] "GET /.gitlab/.env HTTP/1.1" 301 - "-" "Mozilla/5.0 (Windows; U; Windows NT 5.1; en-US; rv:1.9.1.5) Gecko/20091102 MRA 5.5 (build 02842) Firefox/3.5.5"
78.153.140.179 - - [26/Jan/2026:10:33:38 -0500] "GET /app/.env.pem HTTP/1.1" 301 - "-" "Mozilla/5.0 (Linux; U; Android 4.2.2; en-gb; SM-T111 Build/JDQ39) AppleWebKit/534.30 (KHTML, like Gecko) Version/4.0 Safari/534.30"
78.153.140.179 - - [26/Jan/2026:10:33:39 -0500] "GET /.travis/.env HTTP/1.1" 301 - "-" "Mozilla/5.0 (compatible; MSIE 9.0; Windows NT 6.1; Trident/5.0; Trident/5.0)"
78.153.140.179 - - [26/Jan/2026:10:33:39 -0500] "GET /aws-sns/.env HTTP/1.1" 301 - "-" "Mozilla/5.0 (X11; U; Linux i686 (x86_64); de; rv:1.8.0.6) Gecko/20060728 SUSE/1.5.0.6-1.3 Firefox/1.5.0.6"
78.153.140.179 - - [26/Jan/2026:10:33:40 -0500] "GET /app/.env.uat HTTP/1.1" 301 - "-" "Mozilla/5.0 (X11; Linux x86_64) AppleWebKit/537.36 (KHTML, like Gecko) Chrome/40.0.2214.94 Safari/537.36 OPR/27.0.1689.66"
78.153.140.179 - - [26/Jan/2026:10:33:40 -0500] "GET /cms/.env.bak HTTP/1.1" 301 - "-" "Mozilla/5.0 (Windows; U; Windows NT 6.1; en-US) AppleWebKit/532.0 (KHTML, like Gecko) Chrome/3.0.195.4 Safari/532.0"
78.153.140.179 - - [26/Jan/2026:10:33:41 -0500] "GET /app/.env.bak HTTP/1.1" 301 - "-" "Mozilla/5.0 (Android 6.0; Mobile; rv:57.0) Gecko/57.0 Firefox/57.0"
78.153.140.179 - - [26/Jan/2026:10:33:41 -0500] "GET /cms/.env.dev HTTP/1.1" 301 - "-" "Mozilla/5.0 (Linux; Android 5.0.2; SAMSUNG SM-T530NU Build/LRX22G) AppleWebKit/537.36 (KHTML, like Gecko) SamsungBrowser/3.2 Chrome/38.0.2125.102 Safari/537.36"
78.153.140.179 - - [26/Jan/2026:10:33:41 -0500] "GET /compose/.env HTTP/1.1" 301 - "-" "Mozilla/4.0 (compatible; MSIE 6.0; Windows NT 4.0) Opera 7.23 [de]"
78.153.140.179 - - [26/Jan/2026:10:33:42 -0500] "GET /api/.env.dev HTTP/1.1" 301 - "-" "Mozilla/5.0 (Windows NT 6.1; Win64; x64) AppleWebKit/537.36 (KHTML, like Gecko) Chrome/59.0.3071.115 Safari/537.36 OPR/46.0.2597.39"
78.153.140.179 - - [26/Jan/2026:10:33:42 -0500] "GET /api/.env.aws HTTP/1.1" 301 - "-" "Mozilla/5.0 (X11; U; Linux i686; en-US; rv:1.9b4pre) Gecko/2008021714 Firefox/3.0b4pre (Swiftfox)"
78.153.140.179 - - [26/Jan/2026:10:33:43 -0500] "GET /Uploads/.env HTTP/1.1" 301 - "-" "Mozilla/4.0 (compatible; MSIE 8.0; Windows NT 5.1; Trident/4.0; GTB7.5; .NET CLR 1.1.4322; .NET CLR 2.0.50727; .NET CLR 3.0.4506.2152; .NET CLR 3.5.30729)"
78.153.140.179 - - [26/Jan/2026:10:33:43 -0500] "GET /config/.env~ HTTP/1.1" 301 - "-" "Mozilla/4.0 (compatible; MSIE 6.0; Windows NT 5.1) Opera 7.11 [de]"
78.153.140.179 - - [26/Jan/2026:10:33:44 -0500] "GET /auth/.env.db HTTP/1.1" 301 - "-" "Mozilla/5.0 (Windows NT 10.0) AppleWebKit/537.36 (KHTML, like Gecko) Chrome/62.0.3202.94 Safari/537.36 OPR/49.0.2725.64"
78.153.140.179 - - [26/Jan/2026:10:33:44 -0500] "GET /api/.env.BAK HTTP/1.1" 301 - "-" "Mozilla/5.0 (Windows NT 6.1; WOW64; rv:29.0) Gecko/20120101 Firefox/29.0"
78.153.140.179 - - [26/Jan/2026:10:33:44 -0500] "GET /api/.env_bak HTTP/1.1" 301 - "-" "Mozilla/5.0 (Android 6.0.1; Mobile; rv:55.0) Gecko/55.0 Firefox/55.0"
78.153.140.179 - - [26/Jan/2026:10:33:45 -0500] "GET /api/.env.crt HTTP/1.1" 301 - "-" "Mozilla/5.0 (Windows NT 6.1) AppleWebKit/537.36 (KHTML, like Gecko) Chrome/31.0.1650.63 Safari/537.36"
78.153.140.179 - - [26/Jan/2026:10:33:45 -0500] "GET /archive/.env HTTP/1.1" 301 - "-" "Mozilla/5.0 (iPad; CPU OS 9_1 like Mac OS X) AppleWebKit/536.26 (KHTML, like Gecko) Version/9.0 Mobile/10A5355d Safari/8536.25"
78.153.140.179 - - [26/Jan/2026:10:33:46 -0500] "GET /backups/.env HTTP/1.1" 301 - "-" "Mozilla/5.0 (Windows NT 10.0) AppleWebKit/537.36 (KHTML, like Gecko) Chrome/62.0.3202.94 Safari/537.36"
78.153.140.179 - - [26/Jan/2026:10:33:46 -0500] "GET /app/.env.aws HTTP/1.1" 301 - "-" "Mozilla/4.0 (compatible; MSIE 7.0; Windows NT 6.1; Trident/5.0; SLCC2; .NET CLR 2.0.50727; .NET CLR 3.5.30729; .NET CLR 3.0.30729; Media Center PC 6.0; OfficeLiveConnector.1.3; OfficeLivePatch.0.0; InfoPath.2; .NET4.0C)"
78.153.140.179 - - [26/Jan/2026:10:33:46 -0500] "GET /API/.env.bak HTTP/1.1" 301 - "-" "Opera/7.11 (Windows NT 5.0; U) [de]"
78.153.140.179 - - [26/Jan/2026:10:33:47 -0500] "GET /API/.env.dev HTTP/1.1" 406 326 "-" "Mozilla/4.0 (compatible; MSIE 5.0; Windows 98; DigExt)"
78.153.140.179 - - [26/Jan/2026:10:33:48 -0500] "GET /BackEnd/.env HTTP/1.1" 301 - "-" "Mozilla/5.0 (Windows NT 10.0; Win64; x64) AppleWebKit/537.36 (KHTML, like Gecko) Chrome/63.0.3239.132 Safari/537.36 OPR/50.0.2762.67"
93.174.93.12 - - [26/Jan/2026:10:35:04 -0500] "GET / HTTP/1.1" 200 74360 "-" "Mozilla/5.0 (Linux; Android 7.1.1; Moto G Play) AppleWebKit/537.36 (KHTML, like Gecko) Chrome/75.0.3770.143 Mobile Safari/537.36"
204.76.203.212 - - [26/Jan/2026:10:35:53 -0500] "GET / HTTP/1.1" 301 - "-" "Mozilla/5.0 (Windows NT 10.0; Win64; x64) AppleWebKit/537.36 (KHTML, like Gecko) Chrome/90.0.4430.85 Safari/537.36 Edg/90.0.818.46"
142.180.143.136 - - [26/Jan/2026:10:40:28 -0500] "GET /player_api.php?username=CIOCCOLATA&password=28092023 HTTP/1.1" 301 - "-" "go-resty/1.12.0 (https://github.com/go-resty/resty)"
204.191.169.115 - - [26/Jan/2026:10:40:29 -0500] "GET /player_api.php?username=CIOCCOLATA&password=28092023 HTTP/1.1" 301 - "-" "go-resty/1.12.0 (https://github.com/go-resty/resty)"
49.51.47.100 - - [26/Jan/2026:10:55:19 -0500] "GET / HTTP/1.1" 301 - "-" "Mozilla/5.0 (iPhone; CPU iPhone OS 13_2_3 like Mac OS X) AppleWebKit/605.1.15 (KHTML, like Gecko) Version/13.0.3 Mobile/15E148 Safari/604.1"
204.76.203.212 - - [26/Jan/2026:11:01:51 -0500] "GET / HTTP/1.1" 301 - "-" "Mozilla/5.0 (Windows NT 10.0; Win64; x64) AppleWebKit/537.36 (KHTML, like Gecko) Chrome/90.0.4430.85 Safari/537.36 Edg/90.0.818.46"
43.159.136.201 - - [26/Jan/2026:11:14:01 -0500] "GET / HTTP/1.1" 301 - "-" "Mozilla/5.0 (iPhone; CPU iPhone OS 13_2_3 like Mac OS X) AppleWebKit/605.1.15 (KHTML, like Gecko) Version/13.0.3 Mobile/15E148 Safari/604.1"
204.76.203.212 - - [26/Jan/2026:11:27:27 -0500] "GET / HTTP/1.1" 301 - "-" "Mozilla/5.0 (Windows NT 10.0; Win64; x64) AppleWebKit/537.36 (KHTML, like Gecko) Chrome/90.0.4430.85 Safari/537.36 Edg/90.0.818.46"
193.142.147.209 - - [26/Jan/2026:11:41:17 -0500] "POST / HTTP/1.1" 301 - "-" "Mozilla/5.0 (Windows NT 10.0; Win64; x64) AppleWebKit/537.36"
5.183.209.196 - - [26/Jan/2026:11:50:18 -0500] "GET /SDK/webLanguage HTTP/1.1" 301 - "-" "Mozilla/5.0 (Windows NT 10.0; Win64; x64) AppleWebKit/537.36 (KHTML, like Gecko) Chrome/90.0.4430.85 Safari/537.36 Edg/90.0.818.46"
204.76.203.212 - - [26/Jan/2026:11:51:14 -0500] "GET / HTTP/1.1" 301 - "-" "Mozilla/5.0 (Windows NT 10.0; Win64; x64) AppleWebKit/537.36 (KHTML, like Gecko) Chrome/90.0.4430.85 Safari/537.36 Edg/90.0.818.46"
165.154.173.211 - - [26/Jan/2026:11:52:33 -0500] "GET / HTTP/1.1" 301 - "-" "curl/7.29.0"
43.157.22.57 - - [26/Jan/2026:12:10:50 -0500] "GET / HTTP/1.1" 301 - "-" "Mozilla/5.0 (iPhone; CPU iPhone OS 13_2_3 like Mac OS X) AppleWebKit/605.1.15 (KHTML, like Gecko) Version/13.0.3 Mobile/15E148 Safari/604.1"
204.76.203.212 - - [26/Jan/2026:12:16:46 -0500] "GET / HTTP/1.1" 301 - "-" "Mozilla/5.0 (Windows NT 10.0; Win64; x64) AppleWebKit/537.36 (KHTML, like Gecko) Chrome/90.0.4430.85 Safari/537.36 Edg/90.0.818.46"
34.201.52.155 - - [26/Jan/2026:12:34:53 -0500] "GET / HTTP/1.1" 301 - "-" "Mozilla/5.0 (Windows NT 10.0; Win64; x64) AppleWebKit/537.36 (KHTML, like Gecko) Chrome/136.0.0.0 Safari/537.36"
34.227.110.164 - - [26/Jan/2026:12:36:25 -0500] "GET / HTTP/1.1" 301 - "-" "Go-http-client/1.1"
204.76.203.212 - - [26/Jan/2026:12:42:51 -0500] "GET / HTTP/1.1" 301 - "-" "Mozilla/5.0 (Windows NT 10.0; Win64; x64) AppleWebKit/537.36 (KHTML, like Gecko) Chrome/90.0.4430.85 Safari/537.36 Edg/90.0.818.46"
204.76.203.6 - - [26/Jan/2026:12:57:32 -0500] "GET /SDK/webLanguage HTTP/1.1" 301 - "-" "Mozilla/5.0 (Windows NT 10.0; Win64; x64) AppleWebKit/537.36 (KHTML, like Gecko) Chrome/90.0.4430.85 Safari/537.36 Edg/90.0.818.46"
204.76.203.212 - - [26/Jan/2026:13:06:43 -0500] "GET / HTTP/1.1" 301 - "-" "Mozilla/5.0 (Windows NT 10.0; Win64; x64) AppleWebKit/537.36 (KHTML, like Gecko) Chrome/90.0.4430.85 Safari/537.36 Edg/90.0.818.46"
192.142.25.95 - - [26/Jan/2026:13:19:56 -0500] "GET / HTTP/1.1" 200 74360 "-" "Mozilla/5.0 (Windows NT 10.0; Win64; x64) AppleWebKit/537.36 (KHTML, like Gecko) Chrome/120.0.0.0 Safari/537.36"
204.76.203.212 - - [26/Jan/2026:13:34:16 -0500] "GET / HTTP/1.1" 301 - "-" "Mozilla/5.0 (Windows NT 10.0; Win64; x64) AppleWebKit/537.36 (KHTML, like Gecko) Chrome/90.0.4430.85 Safari/537.36 Edg/90.0.818.46"
199.45.155.89 - - [26/Jan/2026:13:38:36 -0500] "GET / HTTP/1.1" 301 - "-" "Mozilla/5.0 (compatible; CensysInspect/1.1; +https://about.censys.io/)"
199.45.155.89 - - [26/Jan/2026:13:38:57 -0500] "GET /.well-known/security.txt HTTP/1.1" 301 - "-" "Mozilla/5.0 (compatible; CensysInspect/1.1; +https://about.censys.io/)"
34.78.177.87 - - [26/Jan/2026:13:47:56 -0500] "GET / HTTP/1.1" 301 - "-" "python-requests/2.32.5"
204.76.203.212 - - [26/Jan/2026:13:59:39 -0500] "GET / HTTP/1.1" 301 - "-" "Mozilla/5.0 (Windows NT 10.0; Win64; x64) AppleWebKit/537.36 (KHTML, like Gecko) Chrome/90.0.4430.85 Safari/537.36 Edg/90.0.818.46"
193.142.147.209 - - [26/Jan/2026:14:02:04 -0500] "POST / HTTP/1.1" 301 - "-" "Mozilla/5.0 (Windows NT 10.0; Win64; x64) AppleWebKit/537.36"
165.227.214.138 - - [26/Jan/2026:14:07:48 -0500] "GET / HTTP/1.1" 301 - "-" "Mozilla/5.0 (Macintosh; Intel Mac OS X 11) AppleWebKit/538.41 (KHTML, like Gecko) Chrome/87.0.4280.88 Safari/537.36"
165.227.214.138 - - [26/Jan/2026:14:07:47 -0500] "GET / HTTP/1.1" 200 74360 "-" "-"
43.167.232.38 - - [26/Jan/2026:14:15:38 -0500] "GET / HTTP/1.1" 301 - "-" "Mozilla/5.0 (iPhone; CPU iPhone OS 13_2_3 like Mac OS X) AppleWebKit/605.1.15 (KHTML, like Gecko) Version/13.0.3 Mobile/15E148 Safari/604.1"
204.76.203.212 - - [26/Jan/2026:14:23:37 -0500] "GET / HTTP/1.1" 301 - "-" "Mozilla/5.0 (Windows NT 10.0; Win64; x64) AppleWebKit/537.36 (KHTML, like Gecko) Chrome/90.0.4430.85 Safari/537.36 Edg/90.0.818.46"
52.180.137.70 - - [26/Jan/2026:14:25:43 -0500] "GET /developmentserver/metadatauploader HTTP/1.1" 301 - "-" "Mozilla/5.0 zgrab/0.x"
43.153.71.132 - - [26/Jan/2026:14:34:20 -0500] "GET / HTTP/1.1" 301 - "-" "Mozilla/5.0 (iPhone; CPU iPhone OS 13_2_3 like Mac OS X) AppleWebKit/605.1.15 (KHTML, like Gecko) Version/13.0.3 Mobile/15E148 Safari/604.1"
192.142.25.95 - - [26/Jan/2026:14:38:17 -0500] "GET / HTTP/1.1" 301 - "-" "-"
129.226.93.214 - - [26/Jan/2026:14:43:07 -0500] "GET / HTTP/1.1" 301 - "-" "Mozilla/5.0 (iPhone; CPU iPhone OS 13_2_3 like Mac OS X) AppleWebKit/605.1.15 (KHTML, like Gecko) Version/13.0.3 Mobile/15E148 Safari/604.1"
204.76.203.212 - - [26/Jan/2026:14:49:23 -0500] "GET / HTTP/1.1" 301 - "-" "Mozilla/5.0 (Windows NT 10.0; Win64; x64) AppleWebKit/537.36 (KHTML, like Gecko) Chrome/90.0.4430.85 Safari/537.36 Edg/90.0.818.46"
170.106.179.68 - - [26/Jan/2026:14:56:11 -0500] "GET / HTTP/1.1" 301 - "-" "Mozilla/5.0 (iPhone; CPU iPhone OS 13_2_3 like Mac OS X) AppleWebKit/605.1.15 (KHTML, like Gecko) Version/13.0.3 Mobile/15E148 Safari/604.1"
63.181.212.91 - - [26/Jan/2026:14:59:38 -0500] "GET / HTTP/1.1" 301 - "-" "Go-http-client/1.1"
43.156.228.27 - - [26/Jan/2026:15:12:50 -0500] "GET / HTTP/1.1" 301 - "-" "Mozilla/5.0 (iPhone; CPU iPhone OS 13_2_3 like Mac OS X) AppleWebKit/605.1.15 (KHTML, like Gecko) Version/13.0.3 Mobile/15E148 Safari/604.1"
204.76.203.212 - - [26/Jan/2026:15:40:36 -0500] "GET / HTTP/1.1" 301 - "-" "Mozilla/5.0 (Windows NT 10.0; Win64; x64) AppleWebKit/537.36 (KHTML, like Gecko) Chrome/90.0.4430.85 Safari/537.36 Edg/90.0.818.46"
107.150.105.5 - - [26/Jan/2026:15:46:02 -0500] "GET / HTTP/1.1" 301 - "-" "Mozilla/5.0 (Macintosh; Intel Mac OS X 8_1_1) AppleWebKit/564.39 (KHTML, like Gecko) Chrome/95.0.2956 Safari/537.36"
198.46.146.200 - - [26/Jan/2026:15:52:08 -0500] "POST /hello.world?%ADd+allow_url_include%3d1+%ADd+auto_prepend_file%3dphp://input HTTP/1.1" 301 - "-" "libredtail-http"
46.250.253.120 - - [26/Jan/2026:15:58:05 -0500] "POST /hello.world?%ADd+allow_url_include%3d1+%ADd+auto_prepend_file%3dphp://input HTTP/1.1" 301 - "-" "libredtail-http"
101.33.81.73 - - [26/Jan/2026:16:02:28 -0500] "GET / HTTP/1.1" 301 - "-" "Mozilla/5.0 (iPhone; CPU iPhone OS 13_2_3 like Mac OS X) AppleWebKit/605.1.15 (KHTML, like Gecko) Version/13.0.3 Mobile/15E148 Safari/604.1"
204.76.203.212 - - [26/Jan/2026:16:04:17 -0500] "GET / HTTP/1.1" 301 - "-" "Mozilla/5.0 (Windows NT 10.0; Win64; x64) AppleWebKit/537.36 (KHTML, like Gecko) Chrome/90.0.4430.85 Safari/537.36 Edg/90.0.818.46"
193.142.147.209 - - [26/Jan/2026:16:15:02 -0500] "POST / HTTP/1.1" 301 - "-" "Mozilla/5.0 (Windows NT 10.0; Win64; x64) AppleWebKit/537.36"
134.199.160.117 - - [26/Jan/2026:16:23:21 -0500] "GET /.env HTTP/1.1" 301 - "-" "Mozilla/5.0 (X11; Linux x86_64; rv:83.0) Gecko/20100101 Firefox/83.0"
134.199.160.117 - - [26/Jan/2026:16:23:21 -0500] "POST / HTTP/1.1" 301 - "-" "Mozilla/5.0 (X11; Linux x86_64; rv:83.0) Gecko/20100101 Firefox/83.0"
204.76.203.212 - - [26/Jan/2026:16:29:44 -0500] "GET / HTTP/1.1" 301 - "-" "Mozilla/5.0 (Windows NT 10.0; Win64; x64) AppleWebKit/537.36 (KHTML, like Gecko) Chrome/90.0.4430.85 Safari/537.36 Edg/90.0.818.46"
43.153.123.3 - - [26/Jan/2026:16:41:09 -0500] "GET / HTTP/1.1" 301 - "-" "Mozilla/5.0 (iPhone; CPU iPhone OS 13_2_3 like Mac OS X) AppleWebKit/605.1.15 (KHTML, like Gecko) Version/13.0.3 Mobile/15E148 Safari/604.1"
5.61.209.92 - - [26/Jan/2026:16:44:04 -0500] "GET /SDK/webLanguage HTTP/1.1" 301 - "-" "Mozilla/5.0 (Windows NT 10.0; Win64; x64) AppleWebKit/537.36 (KHTML, like Gecko) Chrome/90.0.4430.85 Safari/537.36 Edg/90.0.818.46"
204.76.203.212 - - [26/Jan/2026:16:57:10 -0500] "GET / HTTP/1.1" 301 - "-" "Mozilla/5.0 (Windows NT 10.0; Win64; x64) AppleWebKit/537.36 (KHTML, like Gecko) Chrome/90.0.4430.85 Safari/537.36 Edg/90.0.818.46"
142.93.239.251 - - [26/Jan/2026:17:17:31 -0500] "GET /.env HTTP/1.1" 301 - "-" "Mozilla/5.0; Keydrop.io/1.0(onlyscans.com/about);"
142.93.239.251 - - [26/Jan/2026:17:17:42 -0500] "GET /.git/config HTTP/1.1" 301 - "-" "Mozilla/5.0; Keydrop.io/1.0(onlyscans.com/about);"
204.76.203.212 - - [26/Jan/2026:17:21:21 -0500] "GET / HTTP/1.1" 301 - "-" "Mozilla/5.0 (Windows NT 10.0; Win64; x64) AppleWebKit/537.36 (KHTML, like Gecko) Chrome/90.0.4430.85 Safari/537.36 Edg/90.0.818.46"
78.153.140.203 - - [26/Jan/2026:17:41:53 -0500] "GET /.env HTTP/1.1" 301 - "-" "Mozilla/5.0 (Windows; U; Windows NT 5.1; pt-PT) AppleWebKit/528.16 (KHTML, like Gecko) Version/4.0 Safari/528.16"
78.153.140.203 - - [26/Jan/2026:17:41:54 -0500] "GET /admin/.env HTTP/1.1" 301 - "-" "Mozilla/5.0 (Linux; U; Android 4.1.1; en-us; PJ83100/3.18.502.9 Build/JRO03C) AppleWebKit/534.30 (KHTML, like Gecko) Version/4.0 Mobile Safari/534.30"
78.153.140.203 - - [26/Jan/2026:17:41:54 -0500] "GET /api/.env HTTP/1.1" 301 - "-" "Mozilla/5.0 (Linux; Android 7.0; TRT-LX2 Build/HUAWEITRT-LX2; wv) AppleWebKit/537.36 (KHTML, like Gecko) Version/4.0 Chrome/59.0.3071.125 Mobile Safari/537.36"
78.153.140.203 - - [26/Jan/2026:17:41:55 -0500] "GET /app/.env HTTP/1.1" 301 - "-" "Opera/9.80 (Linux armv7l; HbbTV/1.2.1 (; Philips; ; ; ; ) CE-HTML/1.0 NETTV/6.0.2 SmartTvA/3.0.0 (PhilipsTV, 6.1.1,) en) Presto/2.12.407 Version/12.50"
78.153.140.203 - - [26/Jan/2026:17:41:56 -0500] "GET /backend/.env HTTP/1.1" 301 - "-" "Mozilla/5.0 (Windows NT 6.1; WOW64; Trident/7.0; EIE10;ENUSMCM; rv:11.0) like Gecko"
78.153.140.203 - - [26/Jan/2026:17:41:57 -0500] "GET /demo/.env HTTP/1.1" 301 - "-" "Mozilla/5.0 (Macintosh; Intel Mac OS X 10_13_3) AppleWebKit/537.36 (KHTML, like Gecko) Chrome/65.0.3325.162 Safari/537.36"
78.153.140.203 - - [26/Jan/2026:17:41:57 -0500] "GET /dev/.env HTTP/1.1" 301 - "-" "Mozilla/5.0 (Macintosh; Intel Mac OS X 10.12; rv:55.0) Gecko/20100101 Firefox/55.0"
78.153.140.203 - - [26/Jan/2026:17:41:58 -0500] "GET /staging/.env HTTP/1.1" 301 - "-" "Mozilla/5.0 (Macintosh; U; PPC Mac OS X; en) AppleWebKit/85.8.2 (KHTML, like Gecko) Safari/85.8.1"
78.153.140.203 - - [26/Jan/2026:17:41:59 -0500] "GET /mail/.env HTTP/1.1" 301 - "-" "Mozilla/5.0 (Linux; U; Android 4.2.2; en-us; Gigaset QV830 Build/JDQ39) AppleWebKit/534.30 (KHTML, like Gecko) Version/4.0 Safari/534.30"
78.153.140.203 - - [26/Jan/2026:17:41:59 -0500] "GET /m/.env HTTP/1.1" 301 - "-" "Mozilla/4.0 (compatible; MSIE 7.0; Windows NT 6.2; Trident/7.0; .NET4.0E; .NET4.0C; .NET CLR 3.5.30729; .NET CLR 2.0.50727; .NET CLR 3.0.30729)"
78.153.140.203 - - [26/Jan/2026:17:42:00 -0500] "GET /remote/.env HTTP/1.1" 301 - "-" "Mozilla/5.0 (iPad; CPU OS 10_0 like Mac OS X) AppleWebKit/602.1.50 (KHTML, like Gecko) Version/10.0 Mobile/14A345 Safari/602.1"
78.153.140.203 - - [26/Jan/2026:17:42:00 -0500] "GET /webmail/.env HTTP/1.1" 301 - "-" "Mozilla/4.0 (compatible; MSIE 7.0; Windows NT 6.0; Trident/5.0; SLCC1; .NET CLR 2.0.50727; Media Center PC 5.0; .NET CLR 3.5.30729; .NET CLR 3.0.30729; .NET4.0E; .NET4.0C)"
78.153.140.203 - - [26/Jan/2026:17:42:01 -0500] "GET /server/.env HTTP/1.1" 301 - "-" "Mozilla/5.0 (X11; U; Linux x86_64; en-US) AppleWebKit/534.13 (KHTML, like Gecko) Chrome/9.0.597.107 Safari/534.13 v1416758524.9051"
78.153.140.203 - - [26/Jan/2026:17:42:01 -0500] "GET /vpn/.env HTTP/1.1" 301 - "-" "Mozilla/5.0 (Macintosh; Intel Mac OS X 10_12_5) AppleWebKit/537.36 (KHTML, like Gecko) Chrome/58.0.3029.110 Safari/537.36 OPR/45.0.2552.888"
78.153.140.203 - - [26/Jan/2026:17:42:01 -0500] "GET /secure/.env HTTP/1.1" 301 - "-" "Mozilla/5.0 (iPad; CPU OS 5_0_1 like Mac OS X) qjyBrowser/77618.1.15526 AppleWebKit/534.46 (KHTML, like Gecko) Version/5.1 Mobile/9A405 Safari/7534.48.3"
78.153.140.203 - - [26/Jan/2026:17:42:02 -0500] "GET /shop/.env HTTP/1.1" 301 - "-" "Opera/9.80 (Windows NT 6.1; WOW64; Edition Campaign 21) Presto/2.12.388 Version/12.16"
78.153.140.203 - - [26/Jan/2026:17:42:02 -0500] "GET /cloud/.env HTTP/1.1" 301 - "-" "Mozilla/5.0 (Windows; U; Windows CE 5.1; rv:1.8.1a3) Gecko/20060610 Minimo/0.016"
78.153.140.203 - - [26/Jan/2026:17:42:04 -0500] "GET /portal/.env HTTP/1.1" 301 - "-" "Mozilla/5.0 (Windows NT 5.1; rv:8.0.1) Gecko/20100101 Firefox/8.0.1"
78.153.140.203 - - [26/Jan/2026:17:42:04 -0500] "GET /host/.env HTTP/1.1" 301 - "-" "Mozilla/5.0 (X11; U; Linux x86_64; da-DK; rv:1.9.0.10) Gecko/2009042523 Ubuntu/9.04 (jaunty) Firefox/3.0.10"
78.153.140.203 - - [26/Jan/2026:17:42:05 -0500] "GET /support/.env HTTP/1.1" 301 - "-" "Mozilla/5.0 (iPad; CPU OS 8_1_3 like Mac OS X) AppleWebKit/600.1.4 (KHTML, like Gecko) CriOS/45.0.2454.68 Mobile/12B466 Safari/600.1.4"
78.153.140.203 - - [26/Jan/2026:17:42:05 -0500] "GET /pop/.env HTTP/1.1" 301 - "-" "Mozilla/5.0 (Macintosh; Intel Mac OS X 10_10_5) AppleWebKit/600.7.12 (KHTML, like Gecko) Version/9.0 Safari/600.7.12"
78.153.140.203 - - [26/Jan/2026:17:42:06 -0500] "GET /store/.env HTTP/1.1" 301 - "-" "Mozilla/5.0 (X11; U; Linux x86_64; en-US; rv:1.8.0.5) Gecko/20060911 Firefox/1.5.0.5"
78.153.140.203 - - [26/Jan/2026:17:42:07 -0500] "GET /cdn/.env HTTP/1.1" 301 - "-" "Mozilla/5.0 (compatible; MSIE 9.0; Windows NT 6.0; Trident/5.0; Trident/5.0)"
78.153.140.203 - - [26/Jan/2026:17:42:08 -0500] "GET /dashboard/.env HTTP/1.1" 301 - "-" "Mozilla/5.0 (X11; U; Linux i686; pt-BR; rv:1.8.0.6) Gecko/20060728 Firefox/1.5.0.6"
78.153.140.203 - - [26/Jan/2026:17:42:08 -0500] "GET /test/.env HTTP/1.1" 301 - "-" "Mozilla/5.0 (Macintosh; Intel Mac OS X 10_11_5) AppleWebKit/537.36 (KHTML, like Gecko) Chrome/51.0.2704.106 Safari/537.36"
78.153.140.203 - - [26/Jan/2026:17:42:09 -0500] "GET /smtp/.env HTTP/1.1" 301 - "-" "Mozilla/5.0 (iPod touch; CPU iPhone OS 9_3_4 like Mac OS X) AppleWebKit/601.1.46 (KHTML, like Gecko) Version/9.0 Mobile/13G35 Safari/601.1"
78.153.140.203 - - [26/Jan/2026:17:42:09 -0500] "GET /ftp/.env HTTP/1.1" 301 - "-" "Mozilla/5.0 (Macintosh; U; PPC Mac OS X; en-us) AppleWebKit/412 (KHTML, like Gecko) Safari/412"
78.153.140.203 - - [26/Jan/2026:17:42:09 -0500] "GET /wiki/.env HTTP/1.1" 301 - "-" "Mozilla/5.0 (Windows NT 5.1; rv:9.0.1) Gecko/20100101 Firefox/9.0.1"
78.153.140.203 - - [26/Jan/2026:17:42:10 -0500] "GET /help/.env HTTP/1.1" 301 - "-" "Mozilla/5.0 (iPad; CPU OS 8_1 like Mac OS X) AppleWebKit/600.1.4 (KHTML, like Gecko) GSA/7.0.55539 Mobile/12B410 Safari/600.1.4"
78.153.140.203 - - [26/Jan/2026:17:42:10 -0500] "GET /blog/.env HTTP/1.1" 301 - "-" "Mozilla/5.0 (X11; CrOS x86_64 6946.63.0) AppleWebKit/537.36 (KHTML, like Gecko) Chrome/43.0.2357.130 Safari/537.36"
204.76.203.212 - - [26/Jan/2026:17:47:02 -0500] "GET / HTTP/1.1" 301 - "-" "Mozilla/5.0 (Windows NT 10.0; Win64; x64) AppleWebKit/537.36 (KHTML, like Gecko) Chrome/90.0.4430.85 Safari/537.36 Edg/90.0.818.46"
64.112.126.83 - - [26/Jan/2026:18:10:15 -0500] "GET /.streamlit/secrets.toml HTTP/1.1" 301 - "-" "Mozilla/5.0 (Windows NT 10.0; Win64; x64) AppleWebKit/537.36 (KHTML, like Gecko) Chrome/124.0.0.0 Safari/537.36"
13.124.15.121 - - [26/Jan/2026:18:13:22 -0500] "GET / HTTP/1.1" 301 - "-" "Go-http-client/1.1"
204.76.203.212 - - [26/Jan/2026:18:13:24 -0500] "GET / HTTP/1.1" 301 - "-" "Mozilla/5.0 (Windows NT 10.0; Win64; x64) AppleWebKit/537.36 (KHTML, like Gecko) Chrome/90.0.4430.85 Safari/537.36 Edg/90.0.818.46"
89.117.61.19 - - [26/Jan/2026:18:18:33 -0500] "POST /hello.world?%ADd+allow_url_include%3d1+%ADd+auto_prepend_file%3dphp://input HTTP/1.1" 301 - "-" "libredtail-http"
43.159.136.201 - - [26/Jan/2026:18:28:30 -0500] "GET / HTTP/1.1" 301 - "-" "Mozilla/5.0 (iPhone; CPU iPhone OS 13_2_3 like Mac OS X) AppleWebKit/605.1.15 (KHTML, like Gecko) Version/13.0.3 Mobile/15E148 Safari/604.1"
193.142.147.209 - - [26/Jan/2026:18:35:25 -0500] "POST / HTTP/1.1" 301 - "-" "Mozilla/5.0 (Windows NT 10.0; Win64; x64) AppleWebKit/537.36"
204.76.203.212 - - [26/Jan/2026:18:37:51 -0500] "GET / HTTP/1.1" 301 - "-" "Mozilla/5.0 (Windows NT 10.0; Win64; x64) AppleWebKit/537.36 (KHTML, like Gecko) Chrome/90.0.4430.85 Safari/537.36 Edg/90.0.818.46"
204.76.203.212 - - [26/Jan/2026:19:01:51 -0500] "GET / HTTP/1.1" 301 - "-" "Mozilla/5.0 (Windows NT 10.0; Win64; x64) AppleWebKit/537.36 (KHTML, like Gecko) Chrome/90.0.4430.85 Safari/537.36 Edg/90.0.818.46"
65.49.1.80 - - [26/Jan/2026:19:02:49 -0500] "GET / HTTP/1.1" 301 - "-" "Mozilla/5.0 (X11; Linux x86_64) AppleWebKit/537.36 (KHTML, like Gecko) Chrome/137.0.0.0 Safari/537.36"
65.49.1.80 - - [26/Jan/2026:19:03:38 -0500] "GET /webui/ HTTP/1.1" 301 - "-" "Mozilla/5.0 (Windows NT 10.0; Win64; x64) AppleWebKit/537.36 (KHTML, like Gecko) Chrome/110.0.0.0 Safari/537.36 Edg/110.0.1587.56"
65.49.1.90 - - [26/Jan/2026:19:04:19 -0500] "GET / HTTP/1.1" 301 - "-" "Mozilla/5.0 (Windows NT 10.0; Win64; x64) AppleWebKit/537.36 (KHTML, like Gecko) Chrome/110.0.0.0 Safari/537.36 Edg/110.0.1587.56"
65.49.1.80 - - [26/Jan/2026:19:06:05 -0500] "GET /geoserver/web/ HTTP/1.1" 301 - "-" "Mozilla/5.0 (X11; Linux x86_64) AppleWebKit/537.36 (KHTML, like Gecko) Chrome/137.0.0.0 Safari/537.36"
204.76.203.212 - - [26/Jan/2026:19:28:47 -0500] "GET / HTTP/1.1" 301 - "-" "Mozilla/5.0 (Windows NT 10.0; Win64; x64) AppleWebKit/537.36 (KHTML, like Gecko) Chrome/90.0.4430.85 Safari/537.36 Edg/90.0.818.46"
117.55.202.152 - - [26/Jan/2026:19:29:12 -0500] "GET / HTTP/1.1" 301 - "-" "Python/3.12 aiohttp/3.13.3"
204.76.203.212 - - [26/Jan/2026:19:51:02 -0500] "GET / HTTP/1.1" 301 - "-" "Mozilla/5.0 (Windows NT 10.0; Win64; x64) AppleWebKit/537.36 (KHTML, like Gecko) Chrome/90.0.4430.85 Safari/537.36 Edg/90.0.818.46"
204.76.203.69 - - [26/Jan/2026:20:11:57 -0500] "GET / HTTP/1.1" 301 - "-" "Mozilla/5.0 (Windows NT 10.0; Win64; x64) AppleWebKit/537.36 (KHTML, like Gecko) Chrome/90.0.4430.85 Safari/537.36 Edg/90.0.818.46"
204.76.203.212 - - [26/Jan/2026:20:18:27 -0500] "GET / HTTP/1.1" 301 - "-" "Mozilla/5.0 (Windows NT 10.0; Win64; x64) AppleWebKit/537.36 (KHTML, like Gecko) Chrome/90.0.4430.85 Safari/537.36 Edg/90.0.818.46"
45.83.31.70 - - [26/Jan/2026:20:27:46 -0500] "GET /.env HTTP/1.1" 301 - "-" "Mozilla/5.0 (Macintosh; Intel Mac OS X 10.15; rv:77.0) Gecko/20100101 Firefox/77.0"
45.83.31.70 - - [26/Jan/2026:20:27:46 -0500] "GET /wp-content/ HTTP/1.1" 200 - "-" "Mozilla/5.0 (Macintosh; Intel Mac OS X 10.15; rv:77.0) Gecko/20100101 Firefox/77.0"
115.52.191.83 - - [26/Jan/2026:20:40:44 -0500] "GET /boaform/admin/formLogin?username=admin&psd=admin HTTP/1.1" 404 15709 "-" "-"
204.76.203.212 - - [26/Jan/2026:20:40:52 -0500] "GET / HTTP/1.1" 301 - "-" "Mozilla/5.0 (Windows NT 10.0; Win64; x64) AppleWebKit/537.36 (KHTML, like Gecko) Chrome/90.0.4430.85 Safari/537.36 Edg/90.0.818.46"
43.130.139.177 - - [26/Jan/2026:20:51:50 -0500] "GET / HTTP/1.1" 301 - "-" "Mozilla/5.0 (iPhone; CPU iPhone OS 13_2_3 like Mac OS X) AppleWebKit/605.1.15 (KHTML, like Gecko) Version/13.0.3 Mobile/15E148 Safari/604.1"
193.142.147.209 - - [26/Jan/2026:21:05:42 -0500] "POST / HTTP/1.1" 301 - "-" "Mozilla/5.0 (Windows NT 10.0; Win64; x64) AppleWebKit/537.36"
43.130.72.177 - - [26/Jan/2026:21:07:20 -0500] "GET / HTTP/1.1" 301 - "-" "Mozilla/5.0 (iPhone; CPU iPhone OS 13_2_3 like Mac OS X) AppleWebKit/605.1.15 (KHTML, like Gecko) Version/13.0.3 Mobile/15E148 Safari/604.1"
204.76.203.212 - - [26/Jan/2026:21:07:55 -0500] "GET / HTTP/1.1" 301 - "-" "Mozilla/5.0 (Windows NT 10.0; Win64; x64) AppleWebKit/537.36 (KHTML, like Gecko) Chrome/90.0.4430.85 Safari/537.36 Edg/90.0.818.46"
143.244.168.161 - - [26/Jan/2026:21:14:12 -0500] "GET / HTTP/1.1" 301 - "-" "-"
143.244.168.161 - - [26/Jan/2026:21:14:13 -0500] "GET / HTTP/1.1" 301 - "-" "Mozilla/5.0 (l9scan/2.0.5373e2039313e2630323e24373; +https://leakix.net)"
143.244.168.161 - - [26/Jan/2026:21:14:14 -0500] "GET /server HTTP/1.1" 301 - "-" "Mozilla/5.0 (l9scan/2.0.5373e2039313e2630323e24373; +https://leakix.net)"
143.244.168.161 - - [26/Jan/2026:21:14:15 -0500] "GET /server-status HTTP/1.1" 301 - "-" "Mozilla/5.0 (l9scan/2.0.5373e2039313e2630323e24373; +https://leakix.net)"
143.244.168.161 - - [26/Jan/2026:21:14:16 -0500] "GET /about HTTP/1.1" 301 - "-" "Mozilla/5.0 (l9scan/2.0.5373e2039313e2630323e24373; +https://leakix.net)"
143.244.168.161 - - [26/Jan/2026:21:14:17 -0500] "GET /login.action HTTP/1.1" 301 - "-" "Mozilla/5.0 (l9scan/2.0.5373e2039313e2630323e24373; +https://leakix.net)"
143.244.168.161 - - [26/Jan/2026:21:14:18 -0500] "GET /_all_dbs HTTP/1.1" 301 - "-" "Mozilla/5.0 (l9scan/2.0.5373e2039313e2630323e24373; +https://leakix.net)"
143.244.168.161 - - [26/Jan/2026:21:14:19 -0500] "GET /v2/_catalog HTTP/1.1" 301 - "-" "Mozilla/5.0 (l9scan/2.0.5373e2039313e2630323e24373; +https://leakix.net)"
143.244.168.161 - - [26/Jan/2026:21:14:20 -0500] "GET /.DS_Store HTTP/1.1" 301 - "-" "Mozilla/5.0 (l9scan/2.0.5373e2039313e2630323e24373; +https://leakix.net)"
143.244.168.161 - - [26/Jan/2026:21:14:21 -0500] "GET /.env HTTP/1.1" 301 - "-" "Mozilla/5.0 (l9scan/2.0.5373e2039313e2630323e24373; +https://leakix.net)"
143.244.168.161 - - [26/Jan/2026:21:14:22 -0500] "GET /ecp/Current/exporttool/microsoft.exchange.ediscovery.exporttool.application HTTP/1.1" 301 - "-" "Mozilla/5.0 (l9scan/2.0.5373e2039313e2630323e24373; +https://leakix.net)"
143.244.168.161 - - [26/Jan/2026:21:14:24 -0500] "GET /.git/config HTTP/1.1" 301 - "-" "Mozilla/5.0 (l9scan/2.0.5373e2039313e2630323e24373; +https://leakix.net)"
143.244.168.161 - - [26/Jan/2026:21:14:25 -0500] "POST /graphql HTTP/1.1" 301 - "-" "Mozilla/5.0 (l9scan/2.0.5373e2039313e2630323e24373; +https://leakix.net)"
143.244.168.161 - - [26/Jan/2026:21:14:25 -0500] "POST /api HTTP/1.1" 301 - "-" "Mozilla/5.0 (l9scan/2.0.5373e2039313e2630323e24373; +https://leakix.net)"
143.244.168.161 - - [26/Jan/2026:21:14:25 -0500] "POST /api/graphql HTTP/1.1" 301 - "-" "Mozilla/5.0 (l9scan/2.0.5373e2039313e2630323e24373; +https://leakix.net)"
143.244.168.161 - - [26/Jan/2026:21:14:25 -0500] "POST /graphql/api HTTP/1.1" 301 - "-" "Mozilla/5.0 (l9scan/2.0.5373e2039313e2630323e24373; +https://leakix.net)"
143.244.168.161 - - [26/Jan/2026:21:14:26 -0500] "POST /api/gql HTTP/1.1" 301 - "-" "Mozilla/5.0 (l9scan/2.0.5373e2039313e2630323e24373; +https://leakix.net)"
143.244.168.161 - - [26/Jan/2026:21:14:26 -0500] "GET / HTTP/1.1" 301 - "-" "Mozilla/5.0 (l9scan/2.0.5373e2039313e2630323e24373; +https://leakix.net)"
143.244.168.161 - - [26/Jan/2026:21:14:27 -0500] "GET /s/5373e2039313e2630323e24373/_/;/META-INF/maven/com.atlassian.jira/jira-webapp-dist/pom.properties HTTP/1.1" 301 - "-" "Mozilla/5.0 (l9scan/2.0.5373e2039313e2630323e24373; +https://leakix.net)"
143.244.168.161 - - [26/Jan/2026:21:14:28 -0500] "GET /config.json HTTP/1.1" 301 - "-" "Mozilla/5.0 (l9scan/2.0.5373e2039313e2630323e24373; +https://leakix.net)"
143.244.168.161 - - [26/Jan/2026:21:14:29 -0500] "GET /telescope/requests HTTP/1.1" 301 - "-" "Mozilla/5.0 (l9scan/2.0.5373e2039313e2630323e24373; +https://leakix.net)"
143.244.168.161 - - [26/Jan/2026:21:14:30 -0500] "POST /php-cgi/php-cgi.exe?%ADd+cgi.force_redirect%3D0+%ADd+disable_functions%3D\"\"+%ADd+allow_url_include%3D1+%ADd+auto_prepend_file%3Dphp://input HTTP/1.1" 301 - "-" "Mozilla/5.0 (l9scan/2.0.5373e2039313e2630323e24373; +https://leakix.net)"
143.244.168.161 - - [26/Jan/2026:21:14:31 -0500] "GET /info.php HTTP/1.1" 301 - "-" "Mozilla/5.0 (l9scan/2.0.5373e2039313e2630323e24373; +https://leakix.net)"
143.244.168.161 - - [26/Jan/2026:21:14:32 -0500] "GET /actuator/env HTTP/1.1" 301 - "-" "Mozilla/5.0 (l9scan/2.0.5373e2039313e2630323e24373; +https://leakix.net)"
143.244.168.161 - - [26/Jan/2026:21:14:34 -0500] "GET /swagger-ui.html HTTP/1.1" 301 - "-" "Mozilla/5.0 (l9scan/2.0.5373e2039313e2630323e24373; +https://leakix.net)"
143.244.168.161 - - [26/Jan/2026:21:14:35 -0500] "GET /swagger/index.html HTTP/1.1" 301 - "-" "Mozilla/5.0 (l9scan/2.0.5373e2039313e2630323e24373; +https://leakix.net)"
143.244.168.161 - - [26/Jan/2026:21:14:36 -0500] "GET /swagger/swagger-ui.html HTTP/1.1" 301 - "-" "Mozilla/5.0 (l9scan/2.0.5373e2039313e2630323e24373; +https://leakix.net)"
143.244.168.161 - - [26/Jan/2026:21:14:37 -0500] "GET /webjars/swagger-ui/index.html HTTP/1.1" 301 - "-" "Mozilla/5.0 (l9scan/2.0.5373e2039313e2630323e24373; +https://leakix.net)"
143.244.168.161 - - [26/Jan/2026:21:14:38 -0500] "GET /swagger.json HTTP/1.1" 301 - "-" "Mozilla/5.0 (l9scan/2.0.5373e2039313e2630323e24373; +https://leakix.net)"
143.244.168.161 - - [26/Jan/2026:21:14:39 -0500] "GET /swagger/v1/swagger.json HTTP/1.1" 301 - "-" "Mozilla/5.0 (l9scan/2.0.5373e2039313e2630323e24373; +https://leakix.net)"
143.244.168.161 - - [26/Jan/2026:21:14:40 -0500] "GET /v2/api-docs HTTP/1.1" 301 - "-" "Mozilla/5.0 (l9scan/2.0.5373e2039313e2630323e24373; +https://leakix.net)"
143.244.168.161 - - [26/Jan/2026:21:14:41 -0500] "GET /v3/api-docs HTTP/1.1" 301 - "-" "Mozilla/5.0 (l9scan/2.0.5373e2039313e2630323e24373; +https://leakix.net)"
143.244.168.161 - - [26/Jan/2026:21:14:42 -0500] "GET /api-docs/swagger.json HTTP/1.1" 301 - "-" "Mozilla/5.0 (l9scan/2.0.5373e2039313e2630323e24373; +https://leakix.net)"
143.244.168.161 - - [26/Jan/2026:21:14:43 -0500] "GET /api/swagger.json HTTP/1.1" 301 - "-" "Mozilla/5.0 (l9scan/2.0.5373e2039313e2630323e24373; +https://leakix.net)"
143.244.168.161 - - [26/Jan/2026:21:14:44 -0500] "GET /@vite/env HTTP/1.1" 301 - "-" "Mozilla/5.0 (l9scan/2.0.5373e2039313e2630323e24373; +https://leakix.net)"
143.244.168.161 - - [26/Jan/2026:21:14:45 -0500] "GET /.vscode/sftp.json HTTP/1.1" 301 - "-" "Mozilla/5.0 (l9scan/2.0.5373e2039313e2630323e24373; +https://leakix.net)"
143.244.168.161 - - [26/Jan/2026:21:14:46 -0500] "GET /?rest_route=/wp/v2/users/ HTTP/1.1" 301 - "-" "Mozilla/5.0 (l9scan/2.0.5373e2039313e2630323e24373; +https://leakix.net)"
143.244.168.161 - - [26/Jan/2026:21:14:47 -0500] "GET /debug/default/view?panel=config HTTP/1.1" 301 - "-" "Mozilla/5.0 (l9scan/2.0.5373e2039313e2630323e24373; +https://leakix.net)"
43.159.139.164 - - [26/Jan/2026:21:19:41 -0500] "GET / HTTP/1.1" 301 - "-" "Mozilla/5.0 (iPhone; CPU iPhone OS 13_2_3 like Mac OS X) AppleWebKit/605.1.15 (KHTML, like Gecko) Version/13.0.3 Mobile/15E148 Safari/604.1"
43.164.195.17 - - [26/Jan/2026:21:33:35 -0500] "GET / HTTP/1.1" 301 - "-" "Mozilla/5.0 (iPhone; CPU iPhone OS 13_2_3 like Mac OS X) AppleWebKit/605.1.15 (KHTML, like Gecko) Version/13.0.3 Mobile/15E148 Safari/604.1"
204.76.203.212 - - [26/Jan/2026:21:34:35 -0500] "GET / HTTP/1.1" 301 - "-" "Mozilla/5.0 (Windows NT 10.0; Win64; x64) AppleWebKit/537.36 (KHTML, like Gecko) Chrome/90.0.4430.85 Safari/537.36 Edg/90.0.818.46"
204.76.203.18 - - [26/Jan/2026:21:54:05 -0500] "GET / HTTP/1.1" 301 - "-" "-"
204.76.203.212 - - [26/Jan/2026:21:58:39 -0500] "GET / HTTP/1.1" 301 - "-" "Mozilla/5.0 (Windows NT 10.0; Win64; x64) AppleWebKit/537.36 (KHTML, like Gecko) Chrome/90.0.4430.85 Safari/537.36 Edg/90.0.818.46"
204.76.203.18 - - [26/Jan/2026:22:18:04 -0500] "GET /bins/ HTTP/1.1" 301 - "-" "-"
204.76.203.212 - - [26/Jan/2026:22:25:22 -0500] "GET / HTTP/1.1" 301 - "-" "Mozilla/5.0 (Windows NT 10.0; Win64; x64) AppleWebKit/537.36 (KHTML, like Gecko) Chrome/90.0.4430.85 Safari/537.36 Edg/90.0.818.46"
43.157.188.74 - - [26/Jan/2026:22:26:04 -0500] "GET / HTTP/1.1" 301 - "-" "Mozilla/5.0 (iPhone; CPU iPhone OS 13_2_3 like Mac OS X) AppleWebKit/605.1.15 (KHTML, like Gecko) Version/13.0.3 Mobile/15E148 Safari/604.1"
213.209.159.181 - - [26/Jan/2026:22:32:14 -0500] "GET /.git/config HTTP/1.1" 301 - "-" "Mozilla/5.0 (Macintosh; PPC Mac OS X 10_8_9 rv:6.0; ms-MY) AppleWebKit/532.11.2 (KHTML, like Gecko) Version/5.0 Safari/532.11.2"
162.62.213.187 - - [26/Jan/2026:22:39:27 -0500] "GET / HTTP/1.1" 301 - "-" "Mozilla/5.0 (iPhone; CPU iPhone OS 13_2_3 like Mac OS X) AppleWebKit/605.1.15 (KHTML, like Gecko) Version/13.0.3 Mobile/15E148 Safari/604.1"
204.76.203.212 - - [26/Jan/2026:22:49:29 -0500] "GET / HTTP/1.1" 301 - "-" "Mozilla/5.0 (Windows NT 10.0; Win64; x64) AppleWebKit/537.36 (KHTML, like Gecko) Chrome/90.0.4430.85 Safari/537.36 Edg/90.0.818.46"
204.76.203.212 - - [26/Jan/2026:23:13:40 -0500] "GET / HTTP/1.1" 301 - "-" "Mozilla/5.0 (Windows NT 10.0; Win64; x64) AppleWebKit/537.36 (KHTML, like Gecko) Chrome/90.0.4430.85 Safari/537.36 Edg/90.0.818.46"
103.252.89.75 - - [26/Jan/2026:23:21:31 -0500] "GET /login HTTP/1.1" 301 - "-" "Go-http-client/1.1"
193.142.147.209 - - [26/Jan/2026:23:22:48 -0500] "POST / HTTP/1.1" 301 - "-" "Mozilla/5.0 (Windows NT 10.0; Win64; x64) AppleWebKit/537.36"
176.113.115.74 - - [26/Jan/2026:23:28:03 -0500] "GET / HTTP/1.1" 301 - "-" "Mozilla/5.0 (Windows NT 10.0; Win64; x64) AppleWebKit/537.36 (KHTML, like Gecko) Chrome/140.0.0.0 Safari/537.36"
204.76.203.212 - - [26/Jan/2026:23:41:04 -0500] "GET / HTTP/1.1" 301 - "-" "Mozilla/5.0 (Windows NT 10.0; Win64; x64) AppleWebKit/537.36 (KHTML, like Gecko) Chrome/90.0.4430.85 Safari/537.36 Edg/90.0.818.46"
204.76.203.212 - - [27/Jan/2026:00:03:53 -0500] "GET / HTTP/1.1" 301 - "-" "Mozilla/5.0 (Windows NT 10.0; Win64; x64) AppleWebKit/537.36 (KHTML, like Gecko) Chrome/90.0.4430.85 Safari/537.36 Edg/90.0.818.46"
91.224.92.115 - - [27/Jan/2026:00:29:16 -0500] "GET /cgi-bin/luci/;stok=/locale HTTP/1.1" 301 - "-" "-"
204.76.203.212 - - [27/Jan/2026:00:30:54 -0500] "GET / HTTP/1.1" 301 - "-" "Mozilla/5.0 (Windows NT 10.0; Win64; x64) AppleWebKit/537.36 (KHTML, like Gecko) Chrome/90.0.4430.85 Safari/537.36 Edg/90.0.818.46"
195.184.76.167 - - [27/Jan/2026:00:30:58 -0500] "GET / HTTP/1.1" 301 - "-" "Mozilla/5.0 (X11; Ubuntu; Linux x86_64; rv:134.0) Gecko/20100101 Firefox/134.0"
167.94.138.48 - - [27/Jan/2026:00:46:32 -0500] "GET /robots.txt HTTP/1.1" 200 29 "-" "Mozilla/5.0 (compatible; CensysInspect/1.1; +https://about.censys.io/)"
167.94.138.48 - - [27/Jan/2026:00:46:41 -0500] "GET /5gki_bx22 HTTP/1.1" 301 - "-" "Mozilla/5.0 (compatible; CensysInspect/1.1; +https://about.censys.io/)"
3.134.148.59 - - [27/Jan/2026:00:50:10 -0500] "GET / HTTP/1.1" 301 - "-" "cypex.ai/scanning Mozilla/5.0 (Macintosh; Intel Mac OS X 10_15_7) Chrome/126.0.0.0 Safari/537.36"
3.134.148.59 - - [27/Jan/2026:00:50:45 -0500] "GET / HTTP/1.1" 301 - "-" "cypex.ai/scanning Mozilla/5.0 (Macintosh; Intel Mac OS X 10_15_7) Chrome/126.0.0.0 Safari/537.36"
