209.50.181.197 - - [29/Jan/2026:20:49:58 -0500] "GET /promos/2012/404/gay HTTP/1.1" 302 291 "-" "Mozilla/5.0 (Windows NT 10.0; Win64; x64) AppleWebKit/537.36 (KHTML, like Gecko) Chrome/124.0.6367.207 Safari/537.36"
209.50.181.197 - - [29/Jan/2026:20:49:59 -0500] "GET /promos/2012/404/gay HTTP/1.1" 302 291 "-" "Mozilla/5.0 (Windows NT 10.0; Win64; x64) AppleWebKit/537.36 (KHTML, like Gecko) Chrome/124.0.6367.207 Safari/537.36"
209.50.181.197 - - [29/Jan/2026:20:49:59 -0500] "GET /promos/2012/404/gay HTTP/1.1" 302 291 "-" "Mozilla/5.0 (Windows NT 10.0; Win64; x64) AppleWebKit/537.36 (KHTML, like Gecko) Chrome/124.0.6367.207 Safari/537.36"
209.50.181.197 - - [29/Jan/2026:20:49:59 -0500] "GET /promos/2012/404/gay HTTP/1.1" 302 291 "-" "Mozilla/5.0 (Windows NT 10.0; Win64; x64) AppleWebKit/537.36 (KHTML, like Gecko) Chrome/124.0.6367.207 Safari/537.36"
209.50.181.197 - - [29/Jan/2026:20:49:59 -0500] "GET /promos/2012/404/gay HTTP/1.1" 302 291 "-" "Mozilla/5.0 (Windows NT 10.0; Win64; x64) AppleWebKit/537.36 (KHTML, like Gecko) Chrome/124.0.6367.207 Safari/537.36"
209.50.181.197 - - [29/Jan/2026:20:49:59 -0500] "GET /promos/2012/404/gay HTTP/1.1" 302 291 "-" "Mozilla/5.0 (Windows NT 10.0; Win64; x64) AppleWebKit/537.36 (KHTML, like Gecko) Chrome/124.0.6367.207 Safari/537.36"
209.50.181.197 - - [29/Jan/2026:20:50:00 -0500] "GET /promos/2012/404/gay HTTP/1.1" 302 291 "-" "Mozilla/5.0 (Windows NT 10.0; Win64; x64) AppleWebKit/537.36 (KHTML, like Gecko) Chrome/124.0.6367.207 Safari/537.36"
209.50.181.197 - - [29/Jan/2026:20:50:00 -0500] "GET /promos/2012/404/gay HTTP/1.1" 302 291 "-" "Mozilla/5.0 (Windows NT 10.0; Win64; x64) AppleWebKit/537.36 (KHTML, like Gecko) Chrome/124.0.6367.207 Safari/537.36"
209.50.181.197 - - [29/Jan/2026:20:50:00 -0500] "GET /promos/2012/404/gay HTTP/1.1" 302 291 "-" "Mozilla/5.0 (Windows NT 10.0; Win64; x64) AppleWebKit/537.36 (KHTML, like Gecko) Chrome/124.0.6367.207 Safari/537.36"
209.50.181.197 - - [29/Jan/2026:20:50:01 -0500] "GET /promos/2012/404/gay HTTP/1.1" 302 291 "-" "Mozilla/5.0 (Windows NT 10.0; Win64; x64) AppleWebKit/537.36 (KHTML, like Gecko) Chrome/124.0.6367.207 Safari/537.36"
209.50.181.197 - - [29/Jan/2026:20:50:01 -0500] "GET /promos/2012/404/gay HTTP/1.1" 302 291 "-" "Mozilla/5.0 (Windows NT 10.0; Win64; x64) AppleWebKit/537.36 (KHTML, like Gecko) Chrome/124.0.6367.207 Safari/537.36"
209.50.181.197 - - [29/Jan/2026:20:50:01 -0500] "GET /promos/2012/404/gay HTTP/1.1" 302 291 "-" "Mozilla/5.0 (Windows NT 10.0; Win64; x64) AppleWebKit/537.36 (KHTML, like Gecko) Chrome/124.0.6367.207 Safari/537.36"
209.50.181.197 - - [29/Jan/2026:20:50:01 -0500] "GET /promos/2012/404/gay HTTP/1.1" 302 291 "-" "Mozilla/5.0 (Windows NT 10.0; Win64; x64) AppleWebKit/537.36 (KHTML, like Gecko) Chrome/124.0.6367.207 Safari/537.36"
209.50.181.197 - - [29/Jan/2026:20:50:01 -0500] "GET /wp-json/wp/v2/users/me HTTP/1.1" 302 294 "-" "Mozilla/5.0 (Windows NT 10.0; Win64; x64) AppleWebKit/537.36 (KHTML, like Gecko) Chrome/124.0.6367.207 Safari/537.36"
209.50.181.197 - - [29/Jan/2026:20:50:02 -0500] "GET /promos/2012/404/gay HTTP/1.1" 302 291 "-" "Mozilla/5.0 (Windows NT 10.0; Win64; x64) AppleWebKit/537.36 (KHTML, like Gecko) Chrome/124.0.6367.207 Safari/537.36"
209.50.181.197 - - [29/Jan/2026:20:50:02 -0500] "GET /promos/2012/404/gay HTTP/1.1" 302 291 "-" "Mozilla/5.0 (Windows NT 10.0; Win64; x64) AppleWebKit/537.36 (KHTML, like Gecko) Chrome/124.0.6367.207 Safari/537.36"
209.50.181.197 - - [29/Jan/2026:20:50:02 -0500] "GET /promos/2012/404/gay HTTP/1.1" 302 291 "-" "Mozilla/5.0 (Windows NT 10.0; Win64; x64) AppleWebKit/537.36 (KHTML, like Gecko) Chrome/124.0.6367.207 Safari/537.36"
209.50.181.197 - - [29/Jan/2026:20:50:02 -0500] "GET /promos/2012/404/gay HTTP/1.1" 302 291 "-" "Mozilla/5.0 (Windows NT 10.0; Win64; x64) AppleWebKit/537.36 (KHTML, like Gecko) Chrome/124.0.6367.207 Safari/537.36"
209.50.181.197 - - [29/Jan/2026:20:50:03 -0500] "GET /promos/2012/404/gay HTTP/1.1" 302 291 "-" "Mozilla/5.0 (Windows NT 10.0; Win64; x64) AppleWebKit/537.36 (KHTML, like Gecko) Chrome/124.0.6367.207 Safari/537.36"
209.50.181.197 - - [29/Jan/2026:20:50:03 -0500] "GET /promos/2012/404/gay HTTP/1.1" 302 291 "-" "Mozilla/5.0 (Windows NT 10.0; Win64; x64) AppleWebKit/537.36 (KHTML, like Gecko) Chrome/124.0.6367.207 Safari/537.36"
209.50.181.197 - - [29/Jan/2026:20:50:03 -0500] "GET /promos/2012/404/gay HTTP/1.1" 302 291 "-" "Mozilla/5.0 (Windows NT 10.0; Win64; x64) AppleWebKit/537.36 (KHTML, like Gecko) Chrome/124.0.6367.207 Safari/537.36"
209.50.181.197 - - [29/Jan/2026:20:50:03 -0500] "GET /promos/2012/404/gay HTTP/1.1" 302 291 "-" "Mozilla/5.0 (Windows NT 10.0; Win64; x64) AppleWebKit/537.36 (KHTML, like Gecko) Chrome/124.0.6367.207 Safari/537.36"
209.50.181.197 - - [29/Jan/2026:20:50:03 -0500] "GET /promos/2012/404/gay HTTP/1.1" 302 291 "-" "Mozilla/5.0 (Windows NT 10.0; Win64; x64) AppleWebKit/537.36 (KHTML, like Gecko) Chrome/124.0.6367.207 Safari/537.36"
209.50.181.197 - - [29/Jan/2026:20:50:04 -0500] "GET /promos/2012/404/gay HTTP/1.1" 302 291 "-" "Mozilla/5.0 (Windows NT 10.0; Win64; x64) AppleWebKit/537.36 (KHTML, like Gecko) Chrome/124.0.6367.207 Safari/537.36"
209.50.181.197 - - [29/Jan/2026:20:50:04 -0500] "GET /promos/2012/404/gay HTTP/1.1" 302 291 "-" "Mozilla/5.0 (Windows NT 10.0; Win64; x64) AppleWebKit/537.36 (KHTML, like Gecko) Chrome/124.0.6367.207 Safari/537.36"
209.50.181.197 - - [29/Jan/2026:20:50:04 -0500] "GET /promos/2012/404/gay HTTP/1.1" 302 291 "-" "Mozilla/5.0 (Windows NT 10.0; Win64; x64) AppleWebKit/537.36 (KHTML, like Gecko) Chrome/124.0.6367.207 Safari/537.36"
209.50.181.197 - - [29/Jan/2026:20:50:04 -0500] "GET /promos/2012/404/gay HTTP/1.1" 302 291 "-" "Mozilla/5.0 (Windows NT 10.0; Win64; x64) AppleWebKit/537.36 (KHTML, like Gecko) Chrome/124.0.6367.207 Safari/537.36"
209.50.181.197 - - [29/Jan/2026:20:50:04 -0500] "GET /promos/2012/404/gay HTTP/1.1" 302 291 "-" "Mozilla/5.0 (Windows NT 10.0; Win64; x64) AppleWebKit/537.36 (KHTML, like Gecko) Chrome/124.0.6367.207 Safari/537.36"
209.50.181.197 - - [29/Jan/2026:20:50:04 -0500] "GET /promos/2012/404/gay HTTP/1.1" 302 291 "-" "Mozilla/5.0 (Windows NT 10.0; Win64; x64) AppleWebKit/537.36 (KHTML, like Gecko) Chrome/124.0.6367.207 Safari/537.36"
209.50.181.197 - - [29/Jan/2026:20:50:05 -0500] "GET /promos/2012/404/gay HTTP/1.1" 302 291 "-" "Mozilla/5.0 (Windows NT 10.0; Win64; x64) AppleWebKit/537.36 (KHTML, like Gecko) Chrome/124.0.6367.207 Safari/537.36"
209.50.181.197 - - [29/Jan/2026:20:50:05 -0500] "GET /promos/2012/404/gay HTTP/1.1" 302 291 "-" "Mozilla/5.0 (Windows NT 10.0; Win64; x64) AppleWebKit/537.36 (KHTML, like Gecko) Chrome/124.0.6367.207 Safari/537.36"
209.50.181.197 - - [29/Jan/2026:20:50:05 -0500] "GET /promos/2012/404/gay HTTP/1.1" 302 291 "-" "Mozilla/5.0 (Windows NT 10.0; Win64; x64) AppleWebKit/537.36 (KHTML, like Gecko) Chrome/124.0.6367.207 Safari/537.36"
209.50.181.197 - - [29/Jan/2026:20:50:05 -0500] "GET /promos/2012/404/gay HTTP/1.1" 302 291 "-" "Mozilla/5.0 (Windows NT 10.0; Win64; x64) AppleWebKit/537.36 (KHTML, like Gecko) Chrome/124.0.6367.207 Safari/537.36"
209.50.181.197 - - [29/Jan/2026:20:50:05 -0500] "GET /promos/2012/404/gay HTTP/1.1" 302 291 "-" "Mozilla/5.0 (Windows NT 10.0; Win64; x64) AppleWebKit/537.36 (KHTML, like Gecko) Chrome/124.0.6367.207 Safari/537.36"
209.50.181.197 - - [29/Jan/2026:20:50:05 -0500] "GET /promos/2012/404/gay HTTP/1.1" 302 291 "-" "Mozilla/5.0 (Windows NT 10.0; Win64; x64) AppleWebKit/537.36 (KHTML, like Gecko) Chrome/124.0.6367.207 Safari/537.36"
209.50.181.197 - - [29/Jan/2026:20:50:06 -0500] "GET /promos/2012/404/gay HTTP/1.1" 302 291 "-" "Mozilla/5.0 (Windows NT 10.0; Win64; x64) AppleWebKit/537.36 (KHTML, like Gecko) Chrome/124.0.6367.207 Safari/537.36"
209.50.181.197 - - [29/Jan/2026:20:50:06 -0500] "GET /promos/2012/404/gay HTTP/1.1" 302 291 "-" "Mozilla/5.0 (Windows NT 10.0; Win64; x64) AppleWebKit/537.36 (KHTML, like Gecko) Chrome/124.0.6367.207 Safari/537.36"
209.50.181.197 - - [29/Jan/2026:20:50:07 -0500] "GET /promos/2012/404/gay HTTP/1.1" 302 291 "-" "Mozilla/5.0 (Windows NT 10.0; Win64; x64) AppleWebKit/537.36 (KHTML, like Gecko) Chrome/124.0.6367.207 Safari/537.36"
209.50.181.197 - - [29/Jan/2026:20:50:07 -0500] "GET /promos/2012/404/gay HTTP/1.1" 302 291 "-" "Mozilla/5.0 (Windows NT 10.0; Win64; x64) AppleWebKit/537.36 (KHTML, like Gecko) Chrome/124.0.6367.207 Safari/537.36"
209.50.181.197 - - [29/Jan/2026:20:50:07 -0500] "GET /promos/2012/404/gay HTTP/1.1" 302 291 "-" "Mozilla/5.0 (Windows NT 10.0; Win64; x64) AppleWebKit/537.36 (KHTML, like Gecko) Chrome/124.0.6367.207 Safari/537.36"
209.50.181.197 - - [29/Jan/2026:20:50:08 -0500] "GET /promos/2012/404/gay HTTP/1.1" 302 291 "-" "Mozilla/5.0 (Windows NT 10.0; Win64; x64) AppleWebKit/537.36 (KHTML, like Gecko) Chrome/124.0.6367.207 Safari/537.36"
209.50.181.197 - - [29/Jan/2026:20:50:08 -0500] "GET /promos/2012/404/gay HTTP/1.1" 302 291 "-" "Mozilla/5.0 (Windows NT 10.0; Win64; x64) AppleWebKit/537.36 (KHTML, like Gecko) Chrome/124.0.6367.207 Safari/537.36"
209.50.181.197 - - [29/Jan/2026:20:50:08 -0500] "GET /promos/2012/404/gay HTTP/1.1" 302 291 "-" "Mozilla/5.0 (Windows NT 10.0; Win64; x64) AppleWebKit/537.36 (KHTML, like Gecko) Chrome/124.0.6367.207 Safari/537.36"
209.50.181.197 - - [29/Jan/2026:20:50:08 -0500] "GET /promos/2012/404/gay HTTP/1.1" 302 291 "-" "Mozilla/5.0 (Windows NT 10.0; Win64; x64) AppleWebKit/537.36 (KHTML, like Gecko) Chrome/124.0.6367.207 Safari/537.36"
209.50.181.197 - - [29/Jan/2026:20:50:09 -0500] "GET /wp-json/wp/v2/users/me HTTP/1.1" 302 294 "-" "Mozilla/5.0 (Windows NT 10.0; Win64; x64) AppleWebKit/537.36 (KHTML, like Gecko) Chrome/124.0.6367.207 Safari/537.36"
209.50.181.197 - - [29/Jan/2026:20:50:09 -0500] "GET /promos/2012/404/gay HTTP/1.1" 302 291 "-" "Mozilla/5.0 (Windows NT 10.0; Win64; x64) AppleWebKit/537.36 (KHTML, like Gecko) Chrome/124.0.6367.207 Safari/537.36"
209.50.181.197 - - [29/Jan/2026:20:50:09 -0500] "GET /promos/2012/404/gay HTTP/1.1" 302 291 "-" "Mozilla/5.0 (Windows NT 10.0; Win64; x64) AppleWebKit/537.36 (KHTML, like Gecko) Chrome/124.0.6367.207 Safari/537.36"
209.50.181.197 - - [29/Jan/2026:20:50:09 -0500] "GET /promos/2012/404/gay HTTP/1.1" 302 291 "-" "Mozilla/5.0 (Windows NT 10.0; Win64; x64) AppleWebKit/537.36 (KHTML, like Gecko) Chrome/124.0.6367.207 Safari/537.36"
209.50.181.197 - - [29/Jan/2026:20:50:09 -0500] "GET /promos/2012/404/gay HTTP/1.1" 302 291 "-" "Mozilla/5.0 (Windows NT 10.0; Win64; x64) AppleWebKit/537.36 (KHTML, like Gecko) Chrome/124.0.6367.207 Safari/537.36"
209.50.181.197 - - [29/Jan/2026:20:50:09 -0500] "GET /promos/2012/404/gay HTTP/1.1" 302 291 "-" "Mozilla/5.0 (Windows NT 10.0; Win64; x64) AppleWebKit/537.36 (KHTML, like Gecko) Chrome/124.0.6367.207 Safari/537.36"
209.50.181.197 - - [29/Jan/2026:20:50:10 -0500] "GET /promos/2012/404/gay HTTP/1.1" 302 291 "-" "Mozilla/5.0 (Windows NT 10.0; Win64; x64) AppleWebKit/537.36 (KHTML, like Gecko) Chrome/124.0.6367.207 Safari/537.36"
209.50.181.197 - - [29/Jan/2026:20:50:10 -0500] "GET /promos/2012/404/gay HTTP/1.1" 302 291 "-" "Mozilla/5.0 (Windows NT 10.0; Win64; x64) AppleWebKit/537.36 (KHTML, like Gecko) Chrome/124.0.6367.207 Safari/537.36"
209.50.181.197 - - [29/Jan/2026:20:50:10 -0500] "GET /promos/2012/404/gay HTTP/1.1" 302 291 "-" "Mozilla/5.0 (Windows NT 10.0; Win64; x64) AppleWebKit/537.36 (KHTML, like Gecko) Chrome/124.0.6367.207 Safari/537.36"
209.50.181.197 - - [29/Jan/2026:20:50:10 -0500] "GET /promos/2012/404/gay HTTP/1.1" 302 291 "-" "Mozilla/5.0 (Windows NT 10.0; Win64; x64) AppleWebKit/537.36 (KHTML, like Gecko) Chrome/124.0.6367.207 Safari/537.36"
209.50.181.197 - - [29/Jan/2026:20:50:11 -0500] "GET /promos/2012/404/gay HTTP/1.1" 302 291 "-" "Mozilla/5.0 (Windows NT 10.0; Win64; x64) AppleWebKit/537.36 (KHTML, like Gecko) Chrome/124.0.6367.207 Safari/537.36"
209.50.181.197 - - [29/Jan/2026:20:50:11 -0500] "GET /promos/2012/404/gay HTTP/1.1" 302 291 "-" "Mozilla/5.0 (Windows NT 10.0; Win64; x64) AppleWebKit/537.36 (KHTML, like Gecko) Chrome/124.0.6367.207 Safari/537.36"
209.50.181.197 - - [29/Jan/2026:20:50:11 -0500] "GET /promos/2012/404/gay HTTP/1.1" 302 291 "-" "Mozilla/5.0 (Windows NT 10.0; Win64; x64) AppleWebKit/537.36 (KHTML, like Gecko) Chrome/124.0.6367.207 Safari/537.36"
209.50.181.197 - - [29/Jan/2026:20:50:11 -0500] "GET /promos/2012/404/gay HTTP/1.1" 302 291 "-" "Mozilla/5.0 (Windows NT 10.0; Win64; x64) AppleWebKit/537.36 (KHTML, like Gecko) Chrome/124.0.6367.207 Safari/537.36"
209.50.181.197 - - [29/Jan/2026:20:50:11 -0500] "GET /promos/2012/404/gay HTTP/1.1" 302 291 "-" "Mozilla/5.0 (Windows NT 10.0; Win64; x64) AppleWebKit/537.36 (KHTML, like Gecko) Chrome/124.0.6367.207 Safari/537.36"
209.50.181.197 - - [29/Jan/2026:20:50:12 -0500] "GET /promos/2012/404/gay HTTP/1.1" 302 291 "-" "Mozilla/5.0 (Windows NT 10.0; Win64; x64) AppleWebKit/537.36 (KHTML, like Gecko) Chrome/124.0.6367.207 Safari/537.36"
209.50.181.197 - - [29/Jan/2026:20:50:12 -0500] "GET /promos/2012/404/gay HTTP/1.1" 302 291 "-" "Mozilla/5.0 (Windows NT 10.0; Win64; x64) AppleWebKit/537.36 (KHTML, like Gecko) Chrome/124.0.6367.207 Safari/537.36"
209.50.181.197 - - [29/Jan/2026:20:50:12 -0500] "GET /promos/2012/404/gay HTTP/1.1" 302 291 "-" "Mozilla/5.0 (Windows NT 10.0; Win64; x64) AppleWebKit/537.36 (KHTML, like Gecko) Chrome/124.0.6367.207 Safari/537.36"
209.50.181.197 - - [29/Jan/2026:20:50:13 -0500] "GET /promos/2012/404/gay HTTP/1.1" 302 291 "-" "Mozilla/5.0 (Windows NT 10.0; Win64; x64) AppleWebKit/537.36 (KHTML, like Gecko) Chrome/124.0.6367.207 Safari/537.36"
209.50.181.197 - - [29/Jan/2026:20:50:13 -0500] "GET /promos/2012/404/gay HTTP/1.1" 302 291 "-" "Mozilla/5.0 (Windows NT 10.0; Win64; x64) AppleWebKit/537.36 (KHTML, like Gecko) Chrome/124.0.6367.207 Safari/537.36"
209.50.181.197 - - [29/Jan/2026:20:50:13 -0500] "GET /promos/2012/404/gay HTTP/1.1" 302 291 "-" "Mozilla/5.0 (Windows NT 10.0; Win64; x64) AppleWebKit/537.36 (KHTML, like Gecko) Chrome/124.0.6367.207 Safari/537.36"
209.50.181.197 - - [29/Jan/2026:20:50:14 -0500] "GET /promos/2012/404/gay HTTP/1.1" 302 291 "-" "Mozilla/5.0 (Windows NT 10.0; Win64; x64) AppleWebKit/537.36 (KHTML, like Gecko) Chrome/124.0.6367.207 Safari/537.36"
209.50.181.197 - - [29/Jan/2026:20:50:14 -0500] "GET /promos/2012/404/gay HTTP/1.1" 302 291 "-" "Mozilla/5.0 (Windows NT 10.0; Win64; x64) AppleWebKit/537.36 (KHTML, like Gecko) Chrome/124.0.6367.207 Safari/537.36"
209.50.181.197 - - [29/Jan/2026:20:50:14 -0500] "GET /promos/2012/404/gay HTTP/1.1" 302 291 "-" "Mozilla/5.0 (Windows NT 10.0; Win64; x64) AppleWebKit/537.36 (KHTML, like Gecko) Chrome/124.0.6367.207 Safari/537.36"
209.50.181.197 - - [29/Jan/2026:20:50:14 -0500] "GET /promos/2012/404/gay HTTP/1.1" 302 291 "-" "Mozilla/5.0 (Windows NT 10.0; Win64; x64) AppleWebKit/537.36 (KHTML, like Gecko) Chrome/124.0.6367.207 Safari/537.36"
209.50.181.197 - - [29/Jan/2026:20:50:15 -0500] "GET /promos/2012/404/gay HTTP/1.1" 302 291 "-" "Mozilla/5.0 (Windows NT 10.0; Win64; x64) AppleWebKit/537.36 (KHTML, like Gecko) Chrome/124.0.6367.207 Safari/537.36"
209.50.181.197 - - [29/Jan/2026:20:50:15 -0500] "GET /promos/2012/404/gay HTTP/1.1" 302 291 "-" "Mozilla/5.0 (Windows NT 10.0; Win64; x64) AppleWebKit/537.36 (KHTML, like Gecko) Chrome/124.0.6367.207 Safari/537.36"
209.50.181.197 - - [29/Jan/2026:20:50:15 -0500] "GET /promos/2012/404/gay HTTP/1.1" 302 291 "-" "Mozilla/5.0 (Windows NT 10.0; Win64; x64) AppleWebKit/537.36 (KHTML, like Gecko) Chrome/124.0.6367.207 Safari/537.36"
209.50.181.197 - - [29/Jan/2026:20:50:15 -0500] "GET /promos/2012/404/gay HTTP/1.1" 302 291 "-" "Mozilla/5.0 (Windows NT 10.0; Win64; x64) AppleWebKit/537.36 (KHTML, like Gecko) Chrome/124.0.6367.207 Safari/537.36"
209.50.181.197 - - [29/Jan/2026:20:50:15 -0500] "GET /promos/2012/404/gay HTTP/1.1" 302 291 "-" "Mozilla/5.0 (Windows NT 10.0; Win64; x64) AppleWebKit/537.36 (KHTML, like Gecko) Chrome/124.0.6367.207 Safari/537.36"
209.50.181.197 - - [29/Jan/2026:20:50:16 -0500] "GET /promos/2012/404/gay HTTP/1.1" 302 291 "-" "Mozilla/5.0 (Windows NT 10.0; Win64; x64) AppleWebKit/537.36 (KHTML, like Gecko) Chrome/124.0.6367.207 Safari/537.36"
209.50.181.197 - - [29/Jan/2026:20:50:16 -0500] "GET /wp-json/wp/v2/users/me HTTP/1.1" 302 294 "-" "Mozilla/5.0 (Windows NT 10.0; Win64; x64) AppleWebKit/537.36 (KHTML, like Gecko) Chrome/124.0.6367.207 Safari/537.36"
209.50.181.197 - - [29/Jan/2026:20:50:16 -0500] "GET /promos/2012/404/gay HTTP/1.1" 302 291 "-" "Mozilla/5.0 (Windows NT 10.0; Win64; x64) AppleWebKit/537.36 (KHTML, like Gecko) Chrome/124.0.6367.207 Safari/537.36"
209.50.181.197 - - [29/Jan/2026:20:50:16 -0500] "GET /promos/2012/404/gay HTTP/1.1" 302 291 "-" "Mozilla/5.0 (Windows NT 10.0; Win64; x64) AppleWebKit/537.36 (KHTML, like Gecko) Chrome/124.0.6367.207 Safari/537.36"
204.76.203.212 - - [29/Jan/2026:20:51:23 -0500] "GET / HTTP/1.1" 301 - "-" "Mozilla/5.0 (Windows NT 10.0; Win64; x64) AppleWebKit/537.36 (KHTML, like Gecko) Chrome/90.0.4430.85 Safari/537.36 Edg/90.0.818.46"
170.106.160.90 - - [29/Jan/2026:20:56:59 -0500] "GET / HTTP/1.1" 301 - "-" "Mozilla/5.0 (iPhone; CPU iPhone OS 13_2_3 like Mac OS X) AppleWebKit/605.1.15 (KHTML, like Gecko) Version/13.0.3 Mobile/15E148 Safari/604.1"
185.241.208.170 - - [29/Jan/2026:21:03:01 -0500] "GET /.git/config HTTP/1.1" 302 289 "-" "Mozilla/5.0 (iPhone; CPU iPhone OS 12_4 like Mac OS X) AppleWebKit/605.1.15 (KHTML, like Gecko) CriOS/76.0.3809.81 Mobile/15E148 Safari/605.1"
89.42.231.200 - - [29/Jan/2026:21:08:29 -0500] "GET /cgi-bin/luci/;stok=/locale HTTP/1.1" 302 289 "-" "-"
40.77.167.15 - - [29/Jan/2026:21:10:06 -0500] "GET /index.php/hardcore-bareback/horny-gay-pounding-tube.html HTTP/1.1" 200 26169 "-" "Mozilla/5.0 AppleWebKit/537.36 (KHTML, like Gecko; compatible; bingbot/2.0; +http://www.bing.com/bingbot.htm) Chrome/116.0.1938.76 Safari/537.36"
193.142.147.209 - - [29/Jan/2026:21:14:42 -0500] "POST / HTTP/1.1" 301 - "-" "Mozilla/5.0 (Windows NT 10.0; Win64; x64) AppleWebKit/537.36"
204.76.203.212 - - [29/Jan/2026:21:17:20 -0500] "GET / HTTP/1.1" 301 - "-" "Mozilla/5.0 (Windows NT 10.0; Win64; x64) AppleWebKit/537.36 (KHTML, like Gecko) Chrome/90.0.4430.85 Safari/537.36 Edg/90.0.818.46"
176.65.139.8 - - [29/Jan/2026:21:30:28 -0500] "GET / HTTP/1.1" 301 - "-" "Mozilla/5.0 (Windows NT 10.0; Win64; x64) AppleWebKit/537.36 (KHTML, like Gecko) Chrome/90.0.4430.85 Safari/537.36 Edg/90.0.818.46"
204.76.203.212 - - [29/Jan/2026:21:43:19 -0500] "GET / HTTP/1.1" 301 - "-" "Mozilla/5.0 (Windows NT 10.0; Win64; x64) AppleWebKit/537.36 (KHTML, like Gecko) Chrome/90.0.4430.85 Safari/537.36 Edg/90.0.818.46"
204.76.203.212 - - [29/Jan/2026:22:07:57 -0500] "GET / HTTP/1.1" 301 - "-" "Mozilla/5.0 (Windows NT 10.0; Win64; x64) AppleWebKit/537.36 (KHTML, like Gecko) Chrome/90.0.4430.85 Safari/537.36 Edg/90.0.818.46"
176.65.148.220 - - [29/Jan/2026:22:14:59 -0500] "GET / HTTP/1.1" 301 - "-" "Mozilla/5.0 (Windows NT 10.0; Win64; x64) AppleWebKit/537.36 (KHTML, like Gecko) Chrome/90.0.4430.85 Safari/537.36 Edg/90.0.818.46"
195.178.110.246 - - [29/Jan/2026:22:21:30 -0500] "GET /.git/credentials HTTP/1.1" 302 289 "-" "SonyEricssonK800i/R1CB Browser/NetFront/3.3 Profile/MIDP-2.0 Configuration/CLDC-1.1 UP.Link/6.3.0.0.0"
91.224.92.115 - - [29/Jan/2026:22:24:00 -0500] "GET /cgi-bin/luci/;stok=/locale HTTP/1.1" 302 289 "-" "-"
43.157.20.63 - - [29/Jan/2026:22:26:25 -0500] "GET / HTTP/1.1" 301 - "-" "Mozilla/5.0 (iPhone; CPU iPhone OS 13_2_3 like Mac OS X) AppleWebKit/605.1.15 (KHTML, like Gecko) Version/13.0.3 Mobile/15E148 Safari/604.1"
89.42.231.200 - - [29/Jan/2026:22:30:07 -0500] "GET /cgi-bin/luci/;stok=/locale HTTP/1.1" 302 289 "-" "-"
204.76.203.212 - - [29/Jan/2026:22:33:09 -0500] "GET / HTTP/1.1" 301 - "-" "Mozilla/5.0 (Windows NT 10.0; Win64; x64) AppleWebKit/537.36 (KHTML, like Gecko) Chrome/90.0.4430.85 Safari/537.36 Edg/90.0.818.46"
195.178.110.162 - - [29/Jan/2026:22:38:25 -0500] "GET /.git/config HTTP/1.1" 302 289 "-" "Mozilla/5.0 (Macintosh; Intel Mac OS X 10_12_6) AppleWebKit/537.36 (KHTML, like Gecko) Chrome/74.0.3729.169 Safari/537.36"
135.119.88.100 - - [29/Jan/2026:22:38:29 -0500] "GET /developmentserver/metadatauploader HTTP/1.1" 302 289 "-" "Mozilla/5.0 zgrab/0.x"
204.76.203.212 - - [29/Jan/2026:22:55:56 -0500] "GET / HTTP/1.1" 301 - "-" "Mozilla/5.0 (Windows NT 10.0; Win64; x64) AppleWebKit/537.36 (KHTML, like Gecko) Chrome/90.0.4430.85 Safari/537.36 Edg/90.0.818.46"
204.76.203.69 - - [29/Jan/2026:23:12:01 -0500] "GET / HTTP/1.1" 301 - "-" "-"
43.135.115.233 - - [29/Jan/2026:23:20:49 -0500] "GET / HTTP/1.1" 301 - "-" "Mozilla/5.0 (iPhone; CPU iPhone OS 13_2_3 like Mac OS X) AppleWebKit/605.1.15 (KHTML, like Gecko) Version/13.0.3 Mobile/15E148 Safari/604.1"
204.76.203.212 - - [29/Jan/2026:23:24:34 -0500] "GET / HTTP/1.1" 301 - "-" "Mozilla/5.0 (Windows NT 10.0; Win64; x64) AppleWebKit/537.36 (KHTML, like Gecko) Chrome/90.0.4430.85 Safari/537.36 Edg/90.0.818.46"
193.142.147.209 - - [29/Jan/2026:23:30:52 -0500] "POST / HTTP/1.1" 301 - "-" "Mozilla/5.0 (Windows NT 10.0; Win64; x64) AppleWebKit/537.36"
43.130.57.76 - - [29/Jan/2026:23:35:39 -0500] "GET / HTTP/1.1" 301 - "-" "Mozilla/5.0 (iPhone; CPU iPhone OS 13_2_3 like Mac OS X) AppleWebKit/605.1.15 (KHTML, like Gecko) Version/13.0.3 Mobile/15E148 Safari/604.1"
164.68.106.186 - - [29/Jan/2026:23:43:43 -0500] "GET /wp-admin/css/ HTTP/1.1" 302 294 "binance.com" "Mozilla/5.0 (Windows NT 10.0; Win64; x64) AppleWebKit/537.36 (KHTML, like Gecko) Chrome/90.0.4430.85 Safari/537.36"
164.68.106.186 - - [29/Jan/2026:23:43:52 -0500] "GET /.well-known/ HTTP/1.1" 302 294 "binance.com" "Mozilla/5.0 (Windows NT 10.0; Win64; x64) AppleWebKit/537.36 (KHTML, like Gecko) Chrome/90.0.4430.85 Safari/537.36"
164.68.106.186 - - [29/Jan/2026:23:43:58 -0500] "GET /sites/default/files/ HTTP/1.1" 302 294 "binance.com" "Mozilla/5.0 (Windows NT 10.0; Win64; x64) AppleWebKit/537.36 (KHTML, like Gecko) Chrome/90.0.4430.85 Safari/537.36"
104.236.122.188 - - [29/Jan/2026:23:43:59 -0500] "GET /mifs/c/windows/api/v2/device/registration HTTP/1.1" 302 289 "-" "Mozilla/5.0 (Ubuntu; Linux i686; rv:130.0) Gecko/20100101 Firefox/130.0"
104.236.122.188 - - [29/Jan/2026:23:44:00 -0500] "GET /mifs/rs/api/v2/device/registration HTTP/1.1" 302 289 "-" "Mozilla/5.0 (Mac OS X 13_2) AppleWebKit/537.36 (KHTML, like Gecko) Edge/102.0 Safari/537.36"
164.68.106.186 - - [29/Jan/2026:23:44:04 -0500] "GET /admin/controller/extension/extension/ HTTP/1.1" 302 294 "binance.com" "Mozilla/5.0 (Windows NT 10.0; Win64; x64) AppleWebKit/537.36 (KHTML, like Gecko) Chrome/90.0.4430.85 Safari/537.36"
164.68.106.186 - - [29/Jan/2026:23:44:11 -0500] "GET /uploads/ HTTP/1.1" 302 294 "binance.com" "Mozilla/5.0 (Windows NT 10.0; Win64; x64) AppleWebKit/537.36 (KHTML, like Gecko) Chrome/90.0.4430.85 Safari/537.36"
164.68.106.186 - - [29/Jan/2026:23:44:18 -0500] "GET /images/ HTTP/1.1" 302 294 "binance.com" "Mozilla/5.0 (Windows NT 10.0; Win64; x64) AppleWebKit/537.36 (KHTML, like Gecko) Chrome/90.0.4430.85 Safari/537.36"
164.68.106.186 - - [29/Jan/2026:23:44:24 -0500] "GET /files/ HTTP/1.1" 302 294 "binance.com" "Mozilla/5.0 (Windows NT 10.0; Win64; x64) AppleWebKit/537.36 (KHTML, like Gecko) Chrome/90.0.4430.85 Safari/537.36"
204.76.203.212 - - [29/Jan/2026:23:47:31 -0500] "GET / HTTP/1.1" 301 - "-" "Mozilla/5.0 (Windows NT 10.0; Win64; x64) AppleWebKit/537.36 (KHTML, like Gecko) Chrome/90.0.4430.85 Safari/537.36 Edg/90.0.818.46"
89.42.231.200 - - [30/Jan/2026:00:01:51 -0500] "GET /cgi-bin/luci/;stok=/locale HTTP/1.1" 302 289 "-" "-"
203.55.131.4 - - [30/Jan/2026:00:09:25 -0500] "GET / HTTP/1.1" 301 - "-" "Mozilla/5.0 (Windows NT 10.0; Win64; x64) AppleWebKit/537.36 (KHTML, like Gecko) Chrome/133.0.0.0 Safari/537.36"
43.157.43.147 - - [30/Jan/2026:00:10:21 -0500] "GET / HTTP/1.1" 301 - "-" "Mozilla/5.0 (iPhone; CPU iPhone OS 13_2_3 like Mac OS X) AppleWebKit/605.1.15 (KHTML, like Gecko) Version/13.0.3 Mobile/15E148 Safari/604.1"
204.76.203.212 - - [30/Jan/2026:00:11:53 -0500] "GET / HTTP/1.1" 301 - "-" "Mozilla/5.0 (Windows NT 10.0; Win64; x64) AppleWebKit/537.36 (KHTML, like Gecko) Chrome/90.0.4430.85 Safari/537.36 Edg/90.0.818.46"
110.249.201.232 - - [30/Jan/2026:00:15:01 -0500] "GET /robots.txt HTTP/1.1" 200 29 "-" "Mozilla/5.0 (Linux; Android 5.0) AppleWebKit/537.36 (KHTML, like Gecko) Mobile Safari/537.36 (compatible; Bytespider; https://zhanzhang.toutiao.com/)"
204.76.203.212 - - [30/Jan/2026:00:37:18 -0500] "GET / HTTP/1.1" 301 - "-" "Mozilla/5.0 (Windows NT 10.0; Win64; x64) AppleWebKit/537.36 (KHTML, like Gecko) Chrome/90.0.4430.85 Safari/537.36 Edg/90.0.818.46"
103.203.57.3 - - [30/Jan/2026:00:46:02 -0500] "GET / HTTP/1.1" 301 - "-" "Mozilla/5.0 zgrab/0.x"
43.135.135.57 - - [30/Jan/2026:00:58:41 -0500] "GET / HTTP/1.1" 301 - "-" "Mozilla/5.0 (iPhone; CPU iPhone OS 13_2_3 like Mac OS X) AppleWebKit/605.1.15 (KHTML, like Gecko) Version/13.0.3 Mobile/15E148 Safari/604.1"
204.76.203.212 - - [30/Jan/2026:01:04:54 -0500] "GET / HTTP/1.1" 301 - "-" "Mozilla/5.0 (Windows NT 10.0; Win64; x64) AppleWebKit/537.36 (KHTML, like Gecko) Chrome/90.0.4430.85 Safari/537.36 Edg/90.0.818.46"
89.42.231.200 - - [30/Jan/2026:01:17:06 -0500] "GET /cgi-bin/luci/;stok=/locale HTTP/1.1" 302 289 "-" "-"
34.86.239.201 - - [30/Jan/2026:01:19:48 -0500] "GET / HTTP/1.1" 301 - "-" "Mozilla/5.0 (Windows NT 10.0; Win64; x64) AppleWebKit/537.36 (KHTML, like Gecko) Chrome/102.0.5005.197 Safari/537.36"
43.155.27.244 - - [30/Jan/2026:01:23:56 -0500] "GET / HTTP/1.1" 301 - "-" "Mozilla/5.0 (iPhone; CPU iPhone OS 13_2_3 like Mac OS X) AppleWebKit/605.1.15 (KHTML, like Gecko) Version/13.0.3 Mobile/15E148 Safari/604.1"
204.76.203.212 - - [30/Jan/2026:01:26:50 -0500] "GET / HTTP/1.1" 301 - "-" "Mozilla/5.0 (Windows NT 10.0; Win64; x64) AppleWebKit/537.36 (KHTML, like Gecko) Chrome/90.0.4430.85 Safari/537.36 Edg/90.0.818.46"
65.49.1.132 - - [30/Jan/2026:01:33:27 -0500] "GET / HTTP/1.1" 301 - "-" "Mozilla/5.0 (X11; Linux x86_64) AppleWebKit/537.36 (KHTML, like Gecko) Chrome/128.0.0.0 Safari/537.36"
65.49.1.132 - - [30/Jan/2026:01:34:10 -0500] "GET /webui/ HTTP/1.1" 302 289 "-" "Mozilla/5.0 (Macintosh; Intel Mac OS X 10_15_7) AppleWebKit/537.36 (KHTML, like Gecko) Chrome/139.0.0.0 Safari/537.36"
65.49.1.136 - - [30/Jan/2026:01:34:30 -0500] "GET / HTTP/1.1" 301 - "-" "Mozilla/5.0 (Macintosh; Intel Mac OS X 10_15_7) AppleWebKit/537.36 (KHTML, like Gecko) Chrome/139.0.0.0 Safari/537.36"
65.49.1.132 - - [30/Jan/2026:01:36:15 -0500] "GET /geoserver/web/ HTTP/1.1" 302 289 "-" "Mozilla/5.0 (X11; Linux x86_64) AppleWebKit/537.36 (KHTML, like Gecko) Chrome/128.0.0.0 Safari/537.36"
124.156.157.91 - - [30/Jan/2026:01:38:20 -0500] "GET / HTTP/1.1" 301 - "-" "Mozilla/5.0 (iPhone; CPU iPhone OS 13_2_3 like Mac OS X) AppleWebKit/605.1.15 (KHTML, like Gecko) Version/13.0.3 Mobile/15E148 Safari/604.1"
124.156.157.91 - - [30/Jan/2026:01:38:21 -0500] "GET / HTTP/1.1" 200 55978 "http://lovelygays.com" "Mozilla/5.0 (iPhone; CPU iPhone OS 13_2_3 like Mac OS X) AppleWebKit/605.1.15 (KHTML, like Gecko) Version/13.0.3 Mobile/15E148 Safari/604.1"
43.166.136.24 - - [30/Jan/2026:01:44:12 -0500] "GET / HTTP/1.1" 301 - "-" "Mozilla/5.0 (iPhone; CPU iPhone OS 13_2_3 like Mac OS X) AppleWebKit/605.1.15 (KHTML, like Gecko) Version/13.0.3 Mobile/15E148 Safari/604.1"
193.142.147.209 - - [30/Jan/2026:01:48:10 -0500] "POST / HTTP/1.1" 301 - "-" "Mozilla/5.0 (Windows NT 10.0; Win64; x64) AppleWebKit/537.36"
204.76.203.212 - - [30/Jan/2026:01:54:19 -0500] "GET / HTTP/1.1" 301 - "-" "Mozilla/5.0 (Windows NT 10.0; Win64; x64) AppleWebKit/537.36 (KHTML, like Gecko) Chrome/90.0.4430.85 Safari/537.36 Edg/90.0.818.46"
176.65.139.8 - - [30/Jan/2026:01:59:25 -0500] "GET / HTTP/1.1" 301 - "-" "-"
162.62.132.25 - - [30/Jan/2026:01:59:56 -0500] "GET / HTTP/1.1" 301 - "-" "Mozilla/5.0 (iPhone; CPU iPhone OS 13_2_3 like Mac OS X) AppleWebKit/605.1.15 (KHTML, like Gecko) Version/13.0.3 Mobile/15E148 Safari/604.1"
204.76.203.212 - - [30/Jan/2026:02:19:24 -0500] "GET / HTTP/1.1" 301 - "-" "Mozilla/5.0 (Windows NT 10.0; Win64; x64) AppleWebKit/537.36 (KHTML, like Gecko) Chrome/90.0.4430.85 Safari/537.36 Edg/90.0.818.46"
43.133.253.253 - - [30/Jan/2026:02:22:23 -0500] "GET / HTTP/1.1" 301 - "-" "Mozilla/5.0 (iPhone; CPU iPhone OS 13_2_3 like Mac OS X) AppleWebKit/605.1.15 (KHTML, like Gecko) Version/13.0.3 Mobile/15E148 Safari/604.1"
89.42.231.200 - - [30/Jan/2026:02:26:14 -0500] "GET /cgi-bin/luci/;stok=/locale HTTP/1.1" 302 289 "-" "-"
43.130.102.223 - - [30/Jan/2026:02:42:38 -0500] "GET / HTTP/1.1" 301 - "-" "Mozilla/5.0 (iPhone; CPU iPhone OS 13_2_3 like Mac OS X) AppleWebKit/605.1.15 (KHTML, like Gecko) Version/13.0.3 Mobile/15E148 Safari/604.1"
45.65.216.124 - - [30/Jan/2026:02:43:04 -0500] "GET / HTTP/1.1" 200 55978 "-" "Mozilla/5.0 (Windows NT 10.0; Win64; x64) AppleWebKit/537.36 (KHTML, like Gecko) Chrome/120.0.0.0 Safari/537.36"
47.64.48.157 - - [30/Jan/2026:02:43:14 -0500] "POST /wp-login.php HTTP/1.1" 302 - "http://www.lovelygays.com/wp-login.php" "Mozilla/5.0 (Windows NT 10.0; Win64; x64) AppleWebKit/537.36 (KHTML, like Gecko) Chrome/120.0.0.0 Safari/537.36"
47.64.48.157 - - [30/Jan/2026:02:43:15 -0500] "GET /wp-admin/ HTTP/1.1" 200 80738 "http://www.lovelygays.com/wp-login.php" "Mozilla/5.0 (Windows NT 10.0; Win64; x64) AppleWebKit/537.36 (KHTML, like Gecko) Chrome/120.0.0.0 Safari/537.36"
181.117.137.136 - - [30/Jan/2026:02:43:21 -0500] "POST /xmlrpc.php HTTP/1.1" 302 294 "-" "WordPress/5.0; http://www.lovelygays.com"
186.204.62.65 - - [30/Jan/2026:02:43:43 -0500] "GET /wp-admin/admin-ajax.php?action=rest-nonce HTTP/1.1" 200 1 "-" "Mozilla/5.0 (Windows NT 10.0; Win64; x64) AppleWebKit/537.36 (KHTML, like Gecko) Chrome/120.0.0.0 Safari/537.36"
186.204.62.65 - - [30/Jan/2026:02:43:43 -0500] "GET /wp-admin/ HTTP/1.1" 200 80738 "-" "Mozilla/5.0 (Windows NT 10.0; Win64; x64) AppleWebKit/537.36 (KHTML, like Gecko) Chrome/120.0.0.0 Safari/537.36"
204.76.203.212 - - [30/Jan/2026:02:44:39 -0500] "GET / HTTP/1.1" 301 - "-" "Mozilla/5.0 (Windows NT 10.0; Win64; x64) AppleWebKit/537.36 (KHTML, like Gecko) Chrome/90.0.4430.85 Safari/537.36 Edg/90.0.818.46"
93.174.93.12 - - [30/Jan/2026:02:47:56 -0500] "GET / HTTP/1.1" 200 55978 "-" "Mozilla/4.0 (compatible; MSIE 4.01; Windows CE; PPC; MDA Pro/1.0 Profile/MIDP-2.0 Configuration/CLDC-1.1)"
220.197.78.236 - - [30/Jan/2026:02:58:13 -0500] "GET / HTTP/1.1" 301 - "-" "-"
221.199.73.16 - - [30/Jan/2026:02:58:38 -0500] "GET / HTTP/1.1" 301 - "-" "Mozilla/5.0 (Windows NT 6.1) AppleWebKit/537.36 (KHTML, like Gecko) Chrome/49.0.2623.112 Safari/537.36"
43.154.250.181 - - [30/Jan/2026:03:02:25 -0500] "GET / HTTP/1.1" 301 - "-" "Mozilla/5.0 (iPhone; CPU iPhone OS 13_2_3 like Mac OS X) AppleWebKit/605.1.15 (KHTML, like Gecko) Version/13.0.3 Mobile/15E148 Safari/604.1"
204.76.203.212 - - [30/Jan/2026:03:09:03 -0500] "GET / HTTP/1.1" 301 - "-" "Mozilla/5.0 (Windows NT 10.0; Win64; x64) AppleWebKit/537.36 (KHTML, like Gecko) Chrome/90.0.4430.85 Safari/537.36 Edg/90.0.818.46"
204.76.203.69 - - [30/Jan/2026:03:09:43 -0500] "GET / HTTP/1.1" 301 - "-" "Mozilla/5.0 (Windows NT 10.0; Win64; x64) AppleWebKit/537.36 (KHTML, like Gecko) Chrome/90.0.4430.85 Safari/537.36 Edg/90.0.818.46"
205.210.31.218 - - [30/Jan/2026:03:12:03 -0500] "GET / HTTP/1.1" 200 55978 "-" "Hello from Palo Alto Networks, find out more about our scans in https://docs-cortex.paloaltonetworks.com/r/1/Cortex-Xpanse/Scanning-activity"
114.119.128.132 - - [30/Jan/2026:03:19:53 -0500] "GET /index.php/horny-gays/horny-old-men-fuck-young-tube.html HTTP/1.1" 200 21835 "http://www.lovelygays.com/index.php/tag/cremapie" "Mozilla/5.0 (Linux; Android 7.0;) AppleWebKit/537.36 (KHTML, like Gecko) Mobile Safari/537.36 (compatible; PetalBot;+https://webmaster.petalsearch.com/site/petalbot)"
129.226.174.80 - - [30/Jan/2026:03:21:00 -0500] "GET / HTTP/1.1" 200 55978 "-" "Mozilla/5.0 (iPhone; CPU iPhone OS 13_2_3 like Mac OS X) AppleWebKit/605.1.15 (KHTML, like Gecko) Version/13.0.3 Mobile/15E148 Safari/604.1"
3.134.148.59 - - [30/Jan/2026:03:21:08 -0500] "GET / HTTP/1.1" 301 - "-" "cypex.ai/scanning Mozilla/5.0 (Macintosh; Intel Mac OS X 10_15_7) Chrome/126.0.0.0 Safari/537.36"
3.134.148.59 - - [30/Jan/2026:03:22:26 -0500] "GET / HTTP/1.1" 301 - "-" "cypex.ai/scanning Mozilla/5.0 (Macintosh; Intel Mac OS X 10_15_7) Chrome/126.0.0.0 Safari/537.36"
43.166.226.186 - - [30/Jan/2026:03:26:03 -0500] "GET / HTTP/1.1" 301 - "-" "Mozilla/5.0 (iPhone; CPU iPhone OS 13_2_3 like Mac OS X) AppleWebKit/605.1.15 (KHTML, like Gecko) Version/13.0.3 Mobile/15E148 Safari/604.1"
204.76.203.212 - - [30/Jan/2026:03:33:58 -0500] "GET / HTTP/1.1" 301 - "-" "Mozilla/5.0 (Windows NT 10.0; Win64; x64) AppleWebKit/537.36 (KHTML, like Gecko) Chrome/90.0.4430.85 Safari/537.36 Edg/90.0.818.46"
35.233.95.0 - - [30/Jan/2026:03:43:30 -0500] "GET / HTTP/1.1" 301 - "-" "python-requests/2.32.5"
204.76.203.46 - - [30/Jan/2026:03:44:26 -0500] "GET / HTTP/1.1" 301 - "-" "Mozilla/5.0 (Windows NT 10.0; Win64; x64) AppleWebKit/537.36"
43.159.128.237 - - [30/Jan/2026:03:46:14 -0500] "GET / HTTP/1.1" 301 - "-" "Mozilla/5.0 (iPhone; CPU iPhone OS 13_2_3 like Mac OS X) AppleWebKit/605.1.15 (KHTML, like Gecko) Version/13.0.3 Mobile/15E148 Safari/604.1"
164.163.44.242 - - [30/Jan/2026:03:54:38 -0500] "GET / HTTP/1.1" 301 - "-" "Mozilla/5.0 (Macintosh; Intel Mac OS X 10_15_3) AppleWebKit/537.36 (KHTML, like Gecko) Chrome/92.0.4515.107 Safari/537.36"