155.212.37.165 - - [26/Jan/2026:12:23:26 -0500] "GET /wp-admin/plugins.php HTTP/1.1" 200 65022 "-" "Mozilla/5.0 (Windows NT 10.0; Win64; x64) AppleWebKit/537.36 (KHTML, like Gecko) Chrome/124.0.6367.207 Safari/537.36"
155.212.37.165 - - [26/Jan/2026:12:23:27 -0500] "GET /wp-admin/plugins.php HTTP/1.1" 200 65022 "-" "Mozilla/5.0 (Windows NT 10.0; Win64; x64) AppleWebKit/537.36 (KHTML, like Gecko) Chrome/124.0.6367.207 Safari/537.36"
155.212.37.165 - - [26/Jan/2026:12:23:39 -0500] "GET /wp-admin/plugins.php HTTP/1.1" 200 65022 "-" "Mozilla/5.0 (Windows NT 10.0; Win64; x64) AppleWebKit/537.36 (KHTML, like Gecko) Chrome/124.0.6367.207 Safari/537.36"
155.212.37.165 - - [26/Jan/2026:12:23:39 -0500] "GET /wp-admin/plugins.php HTTP/1.1" 200 65022 "-" "Mozilla/5.0 (Windows NT 10.0; Win64; x64) AppleWebKit/537.36 (KHTML, like Gecko) Chrome/124.0.6367.207 Safari/537.36"
155.212.37.165 - - [26/Jan/2026:12:23:40 -0500] "GET /wp-admin/plugins.php HTTP/1.1" 200 65022 "-" "Mozilla/5.0 (Windows NT 10.0; Win64; x64) AppleWebKit/537.36 (KHTML, like Gecko) Chrome/124.0.6367.207 Safari/537.36"
193.202.81.189 - - [26/Jan/2026:12:23:41 -0500] "GET /wp-login.php HTTP/1.1" 200 2300 "-" "Mozilla/5.0 (Windows NT 10.0; Win64; x64; rv:127.0) Gecko/20100101 Firefox/127.0"
193.202.81.189 - - [26/Jan/2026:12:23:42 -0500] "GET /wp-login.php?wp_lang=en_US HTTP/1.1" 200 2300 "-" "Mozilla/5.0 (Windows NT 10.0; Win64; x64) AppleWebKit/537.36 (KHTML, like Gecko) Chrome/124.0.6367.207 Safari/537.36"
193.202.81.189 - - [26/Jan/2026:12:23:42 -0500] "POST /wp-login.php?wp_lang=en_US HTTP/1.1" 302 - "http://www.knockeduptube.com/wp-login.php?wp_lang=en_US" "Mozilla/5.0 (Windows NT 10.0; Win64; x64) AppleWebKit/537.36 (KHTML, like Gecko) Chrome/124.0.6367.207 Safari/537.36"
193.202.81.189 - - [26/Jan/2026:12:23:42 -0500] "GET /wp-admin/ HTTP/1.1" 200 65973 "http://www.knockeduptube.com/wp-login.php?wp_lang=en_US" "Mozilla/5.0 (Windows NT 10.0; Win64; x64) AppleWebKit/537.36 (KHTML, like Gecko) Chrome/124.0.6367.207 Safari/537.36"
193.202.81.189 - - [26/Jan/2026:12:23:43 -0500] "GET /wp-admin/themes.php HTTP/1.1" 200 53333 "-" "Mozilla/5.0 (Windows NT 10.0; Win64; x64) AppleWebKit/537.36 (KHTML, like Gecko) Chrome/124.0.6367.207 Safari/537.36"
193.202.81.189 - - [26/Jan/2026:12:23:43 -0500] "GET /wp-admin/theme-install.php?browse=popular HTTP/1.1" 200 32061 "-" "Mozilla/5.0 (Windows NT 10.0; Win64; x64) AppleWebKit/537.36 (KHTML, like Gecko) Chrome/124.0.6367.207 Safari/537.36"
193.202.81.189 - - [26/Jan/2026:12:23:43 -0500] "GET /wp-admin/theme-install.php?browse=popular HTTP/1.1" 200 32061 "-" "Mozilla/5.0 (Windows NT 10.0; Win64; x64) AppleWebKit/537.36 (KHTML, like Gecko) Chrome/124.0.6367.207 Safari/537.36"
193.202.81.189 - - [26/Jan/2026:12:23:44 -0500] "GET /wp-admin/theme-install.php?browse=popular HTTP/1.1" 200 32061 "-" "Mozilla/5.0 (Windows NT 10.0; Win64; x64) AppleWebKit/537.36 (KHTML, like Gecko) Chrome/124.0.6367.207 Safari/537.36"
193.202.81.189 - - [26/Jan/2026:12:23:44 -0500] "GET /wp-admin/theme-install.php?browse=popular HTTP/1.1" 200 32061 "-" "Mozilla/5.0 (Windows NT 10.0; Win64; x64) AppleWebKit/537.36 (KHTML, like Gecko) Chrome/124.0.6367.207 Safari/537.36"
193.202.81.189 - - [26/Jan/2026:12:23:44 -0500] "GET /wp-admin/theme-install.php?browse=popular HTTP/1.1" 200 32061 "-" "Mozilla/5.0 (Windows NT 10.0; Win64; x64) AppleWebKit/537.36 (KHTML, like Gecko) Chrome/124.0.6367.207 Safari/537.36"
193.202.81.189 - - [26/Jan/2026:12:23:45 -0500] "GET /wp-admin/themes.php HTTP/1.1" 200 53333 "-" "Mozilla/5.0 (Windows NT 10.0; Win64; x64) AppleWebKit/537.36 (KHTML, like Gecko) Chrome/124.0.6367.207 Safari/537.36"
193.202.81.189 - - [26/Jan/2026:12:23:45 -0500] "GET /wp-admin/theme-install.php?browse=popular HTTP/1.1" 200 32061 "-" "Mozilla/5.0 (Windows NT 10.0; Win64; x64) AppleWebKit/537.36 (KHTML, like Gecko) Chrome/124.0.6367.207 Safari/537.36"
193.202.81.189 - - [26/Jan/2026:12:23:45 -0500] "GET /wp-admin/theme-install.php?browse=popular HTTP/1.1" 200 32061 "-" "Mozilla/5.0 (Windows NT 10.0; Win64; x64) AppleWebKit/537.36 (KHTML, like Gecko) Chrome/124.0.6367.207 Safari/537.36"
193.202.81.189 - - [26/Jan/2026:12:23:46 -0500] "GET /wp-admin/theme-install.php?browse=popular HTTP/1.1" 200 32061 "-" "Mozilla/5.0 (Windows NT 10.0; Win64; x64) AppleWebKit/537.36 (KHTML, like Gecko) Chrome/124.0.6367.207 Safari/537.36"
193.202.81.189 - - [26/Jan/2026:12:23:46 -0500] "GET /wp-admin/theme-install.php?browse=popular HTTP/1.1" 200 32061 "-" "Mozilla/5.0 (Windows NT 10.0; Win64; x64) AppleWebKit/537.36 (KHTML, like Gecko) Chrome/124.0.6367.207 Safari/537.36"
193.202.81.189 - - [26/Jan/2026:12:23:47 -0500] "GET /wp-admin/theme-install.php?browse=popular HTTP/1.1" 200 32061 "-" "Mozilla/5.0 (Windows NT 10.0; Win64; x64) AppleWebKit/537.36 (KHTML, like Gecko) Chrome/124.0.6367.207 Safari/537.36"
193.202.81.189 - - [26/Jan/2026:12:23:47 -0500] "GET /wp-admin/themes.php HTTP/1.1" 200 53333 "-" "Mozilla/5.0 (Windows NT 10.0; Win64; x64) AppleWebKit/537.36 (KHTML, like Gecko) Chrome/124.0.6367.207 Safari/537.36"
193.202.81.189 - - [26/Jan/2026:12:23:47 -0500] "GET /wp-admin/theme-install.php?browse=popular HTTP/1.1" 200 32061 "-" "Mozilla/5.0 (Windows NT 10.0; Win64; x64) AppleWebKit/537.36 (KHTML, like Gecko) Chrome/124.0.6367.207 Safari/537.36"
193.202.81.189 - - [26/Jan/2026:12:23:47 -0500] "GET /wp-admin/theme-install.php?browse=popular HTTP/1.1" 200 32061 "-" "Mozilla/5.0 (Windows NT 10.0; Win64; x64) AppleWebKit/537.36 (KHTML, like Gecko) Chrome/124.0.6367.207 Safari/537.36"
193.202.81.189 - - [26/Jan/2026:12:23:48 -0500] "GET /wp-admin/theme-install.php?browse=popular HTTP/1.1" 200 32061 "-" "Mozilla/5.0 (Windows NT 10.0; Win64; x64) AppleWebKit/537.36 (KHTML, like Gecko) Chrome/124.0.6367.207 Safari/537.36"
193.202.81.189 - - [26/Jan/2026:12:23:48 -0500] "GET /wp-admin/theme-install.php?browse=popular HTTP/1.1" 200 32061 "-" "Mozilla/5.0 (Windows NT 10.0; Win64; x64) AppleWebKit/537.36 (KHTML, like Gecko) Chrome/124.0.6367.207 Safari/537.36"
193.202.81.189 - - [26/Jan/2026:12:23:48 -0500] "GET /wp-admin/theme-install.php?browse=popular HTTP/1.1" 200 32061 "-" "Mozilla/5.0 (Windows NT 10.0; Win64; x64) AppleWebKit/537.36 (KHTML, like Gecko) Chrome/124.0.6367.207 Safari/537.36"
193.202.81.189 - - [26/Jan/2026:12:23:49 -0500] "GET /wp-admin/themes.php HTTP/1.1" 200 53333 "-" "Mozilla/5.0 (Windows NT 10.0; Win64; x64) AppleWebKit/537.36 (KHTML, like Gecko) Chrome/124.0.6367.207 Safari/537.36"
193.202.81.189 - - [26/Jan/2026:12:23:49 -0500] "GET /wp-admin/theme-install.php?browse=popular HTTP/1.1" 200 32061 "-" "Mozilla/5.0 (Windows NT 10.0; Win64; x64) AppleWebKit/537.36 (KHTML, like Gecko) Chrome/124.0.6367.207 Safari/537.36"
193.202.81.189 - - [26/Jan/2026:12:23:49 -0500] "GET /wp-admin/theme-install.php?browse=popular HTTP/1.1" 200 32061 "-" "Mozilla/5.0 (Windows NT 10.0; Win64; x64) AppleWebKit/537.36 (KHTML, like Gecko) Chrome/124.0.6367.207 Safari/537.36"
193.202.81.189 - - [26/Jan/2026:12:23:50 -0500] "GET /wp-admin/theme-install.php?browse=popular HTTP/1.1" 200 32061 "-" "Mozilla/5.0 (Windows NT 10.0; Win64; x64) AppleWebKit/537.36 (KHTML, like Gecko) Chrome/124.0.6367.207 Safari/537.36"
193.202.81.189 - - [26/Jan/2026:12:23:50 -0500] "GET /wp-admin/theme-install.php?browse=popular HTTP/1.1" 200 32061 "-" "Mozilla/5.0 (Windows NT 10.0; Win64; x64) AppleWebKit/537.36 (KHTML, like Gecko) Chrome/124.0.6367.207 Safari/537.36"
193.202.81.189 - - [26/Jan/2026:12:23:50 -0500] "GET /wp-admin/theme-install.php?browse=popular HTTP/1.1" 200 32061 "-" "Mozilla/5.0 (Windows NT 10.0; Win64; x64) AppleWebKit/537.36 (KHTML, like Gecko) Chrome/124.0.6367.207 Safari/537.36"
193.202.81.189 - - [26/Jan/2026:12:23:51 -0500] "GET /wp-admin/themes.php HTTP/1.1" 200 53333 "-" "Mozilla/5.0 (Windows NT 10.0; Win64; x64) AppleWebKit/537.36 (KHTML, like Gecko) Chrome/124.0.6367.207 Safari/537.36"
193.202.81.189 - - [26/Jan/2026:12:23:51 -0500] "GET /wp-admin/theme-install.php?browse=popular HTTP/1.1" 200 32061 "-" "Mozilla/5.0 (Windows NT 10.0; Win64; x64) AppleWebKit/537.36 (KHTML, like Gecko) Chrome/124.0.6367.207 Safari/537.36"
193.202.81.189 - - [26/Jan/2026:12:23:51 -0500] "GET /wp-admin/theme-install.php?browse=popular HTTP/1.1" 200 32061 "-" "Mozilla/5.0 (Windows NT 10.0; Win64; x64) AppleWebKit/537.36 (KHTML, like Gecko) Chrome/124.0.6367.207 Safari/537.36"
193.202.81.189 - - [26/Jan/2026:12:23:52 -0500] "GET /wp-admin/theme-install.php?browse=popular HTTP/1.1" 200 32061 "-" "Mozilla/5.0 (Windows NT 10.0; Win64; x64) AppleWebKit/537.36 (KHTML, like Gecko) Chrome/124.0.6367.207 Safari/537.36"
193.202.81.189 - - [26/Jan/2026:12:23:52 -0500] "GET /wp-admin/theme-install.php?browse=popular HTTP/1.1" 200 32061 "-" "Mozilla/5.0 (Windows NT 10.0; Win64; x64) AppleWebKit/537.36 (KHTML, like Gecko) Chrome/124.0.6367.207 Safari/537.36"
193.202.81.189 - - [26/Jan/2026:12:23:52 -0500] "GET /wp-admin/theme-install.php?browse=popular HTTP/1.1" 200 32061 "-" "Mozilla/5.0 (Windows NT 10.0; Win64; x64) AppleWebKit/537.36 (KHTML, like Gecko) Chrome/124.0.6367.207 Safari/537.36"
193.202.81.189 - - [26/Jan/2026:12:23:52 -0500] "GET /wp-admin/plugins.php HTTP/1.1" 200 65022 "-" "Mozilla/5.0 (Windows NT 10.0; Win64; x64) AppleWebKit/537.36 (KHTML, like Gecko) Chrome/124.0.6367.207 Safari/537.36"
193.202.81.189 - - [26/Jan/2026:12:23:53 -0500] "GET /wp-admin/plugins.php HTTP/1.1" 200 65022 "-" "Mozilla/5.0 (Windows NT 10.0; Win64; x64) AppleWebKit/537.36 (KHTML, like Gecko) Chrome/124.0.6367.207 Safari/537.36"
193.202.81.189 - - [26/Jan/2026:12:23:53 -0500] "GET /wp-admin/plugins.php HTTP/1.1" 200 65022 "-" "Mozilla/5.0 (Windows NT 10.0; Win64; x64) AppleWebKit/537.36 (KHTML, like Gecko) Chrome/124.0.6367.207 Safari/537.36"
193.202.81.189 - - [26/Jan/2026:12:23:54 -0500] "GET /wp-admin/plugins.php HTTP/1.1" 200 65022 "-" "Mozilla/5.0 (Windows NT 10.0; Win64; x64) AppleWebKit/537.36 (KHTML, like Gecko) Chrome/124.0.6367.207 Safari/537.36"
193.202.81.189 - - [26/Jan/2026:12:23:54 -0500] "GET /wp-admin/plugins.php HTTP/1.1" 200 65022 "-" "Mozilla/5.0 (Windows NT 10.0; Win64; x64) AppleWebKit/537.36 (KHTML, like Gecko) Chrome/124.0.6367.207 Safari/537.36"
193.202.81.189 - - [26/Jan/2026:12:23:54 -0500] "GET /wp-admin/plugins.php HTTP/1.1" 200 65022 "-" "Mozilla/5.0 (Windows NT 10.0; Win64; x64) AppleWebKit/537.36 (KHTML, like Gecko) Chrome/124.0.6367.207 Safari/537.36"
193.202.81.189 - - [26/Jan/2026:12:23:55 -0500] "GET /wp-admin/plugin-install.php HTTP/1.1" 200 45879 "-" "Mozilla/5.0 (Windows NT 10.0; Win64; x64) AppleWebKit/537.36 (KHTML, like Gecko) Chrome/124.0.6367.207 Safari/537.36"
193.202.81.189 - - [26/Jan/2026:12:23:55 -0500] "GET /wp-admin/plugin-install.php HTTP/1.1" 200 45879 "-" "Mozilla/5.0 (Windows NT 10.0; Win64; x64) AppleWebKit/537.36 (KHTML, like Gecko) Chrome/124.0.6367.207 Safari/537.36"
193.202.81.189 - - [26/Jan/2026:12:23:56 -0500] "GET /wp-admin/plugin-install.php HTTP/1.1" 200 45879 "-" "Mozilla/5.0 (Windows NT 10.0; Win64; x64) AppleWebKit/537.36 (KHTML, like Gecko) Chrome/124.0.6367.207 Safari/537.36"
193.202.81.189 - - [26/Jan/2026:12:23:56 -0500] "GET /wp-admin/plugin-install.php HTTP/1.1" 200 45879 "-" "Mozilla/5.0 (Windows NT 10.0; Win64; x64) AppleWebKit/537.36 (KHTML, like Gecko) Chrome/124.0.6367.207 Safari/537.36"
193.202.81.189 - - [26/Jan/2026:12:23:57 -0500] "GET /wp-admin/plugin-install.php HTTP/1.1" 200 45879 "-" "Mozilla/5.0 (Windows NT 10.0; Win64; x64) AppleWebKit/537.36 (KHTML, like Gecko) Chrome/124.0.6367.207 Safari/537.36"
104.200.152.30 - - [26/Jan/2026:12:23:58 -0500] "GET /wp-login.php HTTP/1.1" 200 2300 "-" "Mozilla/5.0 (Windows NT 10.0; Win64; x64; rv:127.0) Gecko/20100101 Firefox/127.0"
104.200.152.30 - - [26/Jan/2026:12:23:59 -0500] "GET /wp-login.php?wp_lang=en_US HTTP/1.1" 200 2300 "-" "Mozilla/5.0 (Windows NT 10.0; Win64; x64) AppleWebKit/537.36 (KHTML, like Gecko) Chrome/124.0.6367.207 Safari/537.36"
89.47.55.95 - - [26/Jan/2026:12:24:41 -0500] "GET /wp-login.php?wp_lang=en_US HTTP/1.1" 200 2300 "-" "Mozilla/5.0 (Windows NT 10.0; Win64; x64) AppleWebKit/537.36 (KHTML, like Gecko) Chrome/124.0.6367.207 Safari/537.36"
89.47.55.95 - - [26/Jan/2026:12:24:42 -0500] "POST /wp-login.php?wp_lang=en_US HTTP/1.1" 302 - "http://www.knockeduptube.com/wp-login.php?wp_lang=en_US" "Mozilla/5.0 (Windows NT 10.0; Win64; x64) AppleWebKit/537.36 (KHTML, like Gecko) Chrome/124.0.6367.207 Safari/537.36"
89.47.55.95 - - [26/Jan/2026:12:24:42 -0500] "GET /wp-admin/ HTTP/1.1" 200 65973 "http://www.knockeduptube.com/wp-login.php?wp_lang=en_US" "Mozilla/5.0 (Windows NT 10.0; Win64; x64) AppleWebKit/537.36 (KHTML, like Gecko) Chrome/124.0.6367.207 Safari/537.36"
89.47.55.95 - - [26/Jan/2026:12:24:43 -0500] "GET /wp-admin/plugins.php HTTP/1.1" 200 65022 "-" "Mozilla/5.0 (Windows NT 10.0; Win64; x64) AppleWebKit/537.36 (KHTML, like Gecko) Chrome/124.0.6367.207 Safari/537.36"
89.47.55.95 - - [26/Jan/2026:12:24:43 -0500] "GET /wp-admin/plugins.php HTTP/1.1" 200 65022 "-" "Mozilla/5.0 (Windows NT 10.0; Win64; x64) AppleWebKit/537.36 (KHTML, like Gecko) Chrome/124.0.6367.207 Safari/537.36"
89.47.55.95 - - [26/Jan/2026:12:24:44 -0500] "GET /wp-admin/plugins.php HTTP/1.1" 200 65022 "-" "Mozilla/5.0 (Windows NT 10.0; Win64; x64) AppleWebKit/537.36 (KHTML, like Gecko) Chrome/124.0.6367.207 Safari/537.36"
89.47.55.95 - - [26/Jan/2026:12:24:45 -0500] "GET /wp-admin/plugins.php HTTP/1.1" 200 65022 "-" "Mozilla/5.0 (Windows NT 10.0; Win64; x64) AppleWebKit/537.36 (KHTML, like Gecko) Chrome/124.0.6367.207 Safari/537.36"
89.47.55.95 - - [26/Jan/2026:12:24:47 -0500] "GET /wp-admin/plugins.php HTTP/1.1" 200 65022 "-" "Mozilla/5.0 (Windows NT 10.0; Win64; x64) AppleWebKit/537.36 (KHTML, like Gecko) Chrome/124.0.6367.207 Safari/537.36"
89.47.55.95 - - [26/Jan/2026:12:24:47 -0500] "GET /wp-admin/plugins.php HTTP/1.1" 200 65022 "-" "Mozilla/5.0 (Windows NT 10.0; Win64; x64) AppleWebKit/537.36 (KHTML, like Gecko) Chrome/124.0.6367.207 Safari/537.36"
89.47.55.95 - - [26/Jan/2026:12:24:48 -0500] "GET /wp-admin/plugin-install.php HTTP/1.1" 200 45879 "-" "Mozilla/5.0 (Windows NT 10.0; Win64; x64) AppleWebKit/537.36 (KHTML, like Gecko) Chrome/124.0.6367.207 Safari/537.36"
89.47.55.95 - - [26/Jan/2026:12:24:49 -0500] "GET /wp-admin/plugin-install.php HTTP/1.1" 200 45879 "-" "Mozilla/5.0 (Windows NT 10.0; Win64; x64) AppleWebKit/537.36 (KHTML, like Gecko) Chrome/124.0.6367.207 Safari/537.36"
89.47.55.95 - - [26/Jan/2026:12:24:50 -0500] "GET /wp-admin/plugin-install.php HTTP/1.1" 200 45879 "-" "Mozilla/5.0 (Windows NT 10.0; Win64; x64) AppleWebKit/537.36 (KHTML, like Gecko) Chrome/124.0.6367.207 Safari/537.36"
89.47.55.95 - - [26/Jan/2026:12:24:50 -0500] "GET /wp-admin/plugin-install.php HTTP/1.1" 200 45879 "-" "Mozilla/5.0 (Windows NT 10.0; Win64; x64) AppleWebKit/537.36 (KHTML, like Gecko) Chrome/124.0.6367.207 Safari/537.36"
89.47.55.95 - - [26/Jan/2026:12:24:51 -0500] "GET /wp-admin/plugin-install.php HTTP/1.1" 200 45879 "-" "Mozilla/5.0 (Windows NT 10.0; Win64; x64) AppleWebKit/537.36 (KHTML, like Gecko) Chrome/124.0.6367.207 Safari/537.36"
89.47.55.95 - - [26/Jan/2026:12:24:52 -0500] "GET /wp-admin/themes.php HTTP/1.1" 200 53333 "-" "Mozilla/5.0 (Windows NT 10.0; Win64; x64) AppleWebKit/537.36 (KHTML, like Gecko) Chrome/124.0.6367.207 Safari/537.36"
89.47.55.95 - - [26/Jan/2026:12:24:52 -0500] "GET /wp-admin/theme-install.php?browse=popular HTTP/1.1" 200 32061 "-" "Mozilla/5.0 (Windows NT 10.0; Win64; x64) AppleWebKit/537.36 (KHTML, like Gecko) Chrome/124.0.6367.207 Safari/537.36"
89.47.55.95 - - [26/Jan/2026:12:24:53 -0500] "GET /wp-admin/theme-install.php?browse=popular HTTP/1.1" 200 32061 "-" "Mozilla/5.0 (Windows NT 10.0; Win64; x64) AppleWebKit/537.36 (KHTML, like Gecko) Chrome/124.0.6367.207 Safari/537.36"
89.47.55.95 - - [26/Jan/2026:12:24:54 -0500] "GET /wp-admin/theme-install.php?browse=popular HTTP/1.1" 200 32061 "-" "Mozilla/5.0 (Windows NT 10.0; Win64; x64) AppleWebKit/537.36 (KHTML, like Gecko) Chrome/124.0.6367.207 Safari/537.36"
89.47.55.95 - - [26/Jan/2026:12:24:54 -0500] "GET /wp-admin/theme-install.php?browse=popular HTTP/1.1" 200 32061 "-" "Mozilla/5.0 (Windows NT 10.0; Win64; x64) AppleWebKit/537.36 (KHTML, like Gecko) Chrome/124.0.6367.207 Safari/537.36"
89.47.55.95 - - [26/Jan/2026:12:24:55 -0500] "GET /wp-admin/theme-install.php?browse=popular HTTP/1.1" 200 32061 "-" "Mozilla/5.0 (Windows NT 10.0; Win64; x64) AppleWebKit/537.36 (KHTML, like Gecko) Chrome/124.0.6367.207 Safari/537.36"
89.47.55.95 - - [26/Jan/2026:12:24:56 -0500] "GET /wp-admin/themes.php HTTP/1.1" 200 53333 "-" "Mozilla/5.0 (Windows NT 10.0; Win64; x64) AppleWebKit/537.36 (KHTML, like Gecko) Chrome/124.0.6367.207 Safari/537.36"
89.47.55.95 - - [26/Jan/2026:12:24:56 -0500] "GET /wp-admin/theme-install.php?browse=popular HTTP/1.1" 200 32061 "-" "Mozilla/5.0 (Windows NT 10.0; Win64; x64) AppleWebKit/537.36 (KHTML, like Gecko) Chrome/124.0.6367.207 Safari/537.36"
89.47.55.95 - - [26/Jan/2026:12:24:57 -0500] "GET /wp-admin/theme-install.php?browse=popular HTTP/1.1" 200 32061 "-" "Mozilla/5.0 (Windows NT 10.0; Win64; x64) AppleWebKit/537.36 (KHTML, like Gecko) Chrome/124.0.6367.207 Safari/537.36"
89.47.55.95 - - [26/Jan/2026:12:24:57 -0500] "GET /wp-admin/theme-install.php?browse=popular HTTP/1.1" 200 32061 "-" "Mozilla/5.0 (Windows NT 10.0; Win64; x64) AppleWebKit/537.36 (KHTML, like Gecko) Chrome/124.0.6367.207 Safari/537.36"
89.47.55.95 - - [26/Jan/2026:12:24:58 -0500] "GET /wp-admin/theme-install.php?browse=popular HTTP/1.1" 200 32061 "-" "Mozilla/5.0 (Windows NT 10.0; Win64; x64) AppleWebKit/537.36 (KHTML, like Gecko) Chrome/124.0.6367.207 Safari/537.36"
89.47.55.95 - - [26/Jan/2026:12:24:58 -0500] "GET /wp-admin/theme-install.php?browse=popular HTTP/1.1" 200 32061 "-" "Mozilla/5.0 (Windows NT 10.0; Win64; x64) AppleWebKit/537.36 (KHTML, like Gecko) Chrome/124.0.6367.207 Safari/537.36"
89.47.55.95 - - [26/Jan/2026:12:24:59 -0500] "GET /wp-admin/themes.php HTTP/1.1" 200 53333 "-" "Mozilla/5.0 (Windows NT 10.0; Win64; x64) AppleWebKit/537.36 (KHTML, like Gecko) Chrome/124.0.6367.207 Safari/537.36"
89.47.55.95 - - [26/Jan/2026:12:25:00 -0500] "GET /wp-admin/theme-install.php?browse=popular HTTP/1.1" 200 32061 "-" "Mozilla/5.0 (Windows NT 10.0; Win64; x64) AppleWebKit/537.36 (KHTML, like Gecko) Chrome/124.0.6367.207 Safari/537.36"
89.47.55.95 - - [26/Jan/2026:12:25:00 -0500] "GET /wp-admin/theme-install.php?browse=popular HTTP/1.1" 200 32061 "-" "Mozilla/5.0 (Windows NT 10.0; Win64; x64) AppleWebKit/537.36 (KHTML, like Gecko) Chrome/124.0.6367.207 Safari/537.36"
89.47.55.95 - - [26/Jan/2026:12:25:01 -0500] "GET /wp-admin/theme-install.php?browse=popular HTTP/1.1" 200 32061 "-" "Mozilla/5.0 (Windows NT 10.0; Win64; x64) AppleWebKit/537.36 (KHTML, like Gecko) Chrome/124.0.6367.207 Safari/537.36"
89.47.55.95 - - [26/Jan/2026:12:25:01 -0500] "GET /wp-admin/theme-install.php?browse=popular HTTP/1.1" 200 32061 "-" "Mozilla/5.0 (Windows NT 10.0; Win64; x64) AppleWebKit/537.36 (KHTML, like Gecko) Chrome/124.0.6367.207 Safari/537.36"
89.47.55.95 - - [26/Jan/2026:12:25:02 -0500] "GET /wp-admin/theme-install.php?browse=popular HTTP/1.1" 200 32061 "-" "Mozilla/5.0 (Windows NT 10.0; Win64; x64) AppleWebKit/537.36 (KHTML, like Gecko) Chrome/124.0.6367.207 Safari/537.36"
89.47.55.95 - - [26/Jan/2026:12:25:02 -0500] "GET /wp-admin/themes.php HTTP/1.1" 200 53333 "-" "Mozilla/5.0 (Windows NT 10.0; Win64; x64) AppleWebKit/537.36 (KHTML, like Gecko) Chrome/124.0.6367.207 Safari/537.36"
89.47.55.95 - - [26/Jan/2026:12:25:03 -0500] "GET /wp-admin/theme-install.php?browse=popular HTTP/1.1" 200 32061 "-" "Mozilla/5.0 (Windows NT 10.0; Win64; x64) AppleWebKit/537.36 (KHTML, like Gecko) Chrome/124.0.6367.207 Safari/537.36"
89.47.55.95 - - [26/Jan/2026:12:25:04 -0500] "GET /wp-admin/theme-install.php?browse=popular HTTP/1.1" 200 32061 "-" "Mozilla/5.0 (Windows NT 10.0; Win64; x64) AppleWebKit/537.36 (KHTML, like Gecko) Chrome/124.0.6367.207 Safari/537.36"
89.47.55.95 - - [26/Jan/2026:12:25:05 -0500] "GET /wp-admin/theme-install.php?browse=popular HTTP/1.1" 200 32061 "-" "Mozilla/5.0 (Windows NT 10.0; Win64; x64) AppleWebKit/537.36 (KHTML, like Gecko) Chrome/124.0.6367.207 Safari/537.36"
89.47.55.95 - - [26/Jan/2026:12:25:06 -0500] "GET /wp-admin/theme-install.php?browse=popular HTTP/1.1" 200 32061 "-" "Mozilla/5.0 (Windows NT 10.0; Win64; x64) AppleWebKit/537.36 (KHTML, like Gecko) Chrome/124.0.6367.207 Safari/537.36"
89.47.55.95 - - [26/Jan/2026:12:25:06 -0500] "GET /wp-admin/theme-install.php?browse=popular HTTP/1.1" 200 32061 "-" "Mozilla/5.0 (Windows NT 10.0; Win64; x64) AppleWebKit/537.36 (KHTML, like Gecko) Chrome/124.0.6367.207 Safari/537.36"
89.47.55.95 - - [26/Jan/2026:12:25:07 -0500] "GET /wp-admin/themes.php HTTP/1.1" 200 53333 "-" "Mozilla/5.0 (Windows NT 10.0; Win64; x64) AppleWebKit/537.36 (KHTML, like Gecko) Chrome/124.0.6367.207 Safari/537.36"
89.47.55.95 - - [26/Jan/2026:12:25:08 -0500] "GET /wp-admin/theme-install.php?browse=popular HTTP/1.1" 200 32061 "-" "Mozilla/5.0 (Windows NT 10.0; Win64; x64) AppleWebKit/537.36 (KHTML, like Gecko) Chrome/124.0.6367.207 Safari/537.36"
89.47.55.95 - - [26/Jan/2026:12:25:08 -0500] "GET /wp-admin/theme-install.php?browse=popular HTTP/1.1" 200 32061 "-" "Mozilla/5.0 (Windows NT 10.0; Win64; x64) AppleWebKit/537.36 (KHTML, like Gecko) Chrome/124.0.6367.207 Safari/537.36"
89.47.55.95 - - [26/Jan/2026:12:25:09 -0500] "GET /wp-admin/theme-install.php?browse=popular HTTP/1.1" 200 32061 "-" "Mozilla/5.0 (Windows NT 10.0; Win64; x64) AppleWebKit/537.36 (KHTML, like Gecko) Chrome/124.0.6367.207 Safari/537.36"
89.47.55.95 - - [26/Jan/2026:12:25:10 -0500] "GET /wp-admin/theme-install.php?browse=popular HTTP/1.1" 200 32061 "-" "Mozilla/5.0 (Windows NT 10.0; Win64; x64) AppleWebKit/537.36 (KHTML, like Gecko) Chrome/124.0.6367.207 Safari/537.36"
89.47.55.95 - - [26/Jan/2026:12:25:10 -0500] "GET /wp-admin/theme-install.php?browse=popular HTTP/1.1" 200 32061 "-" "Mozilla/5.0 (Windows NT 10.0; Win64; x64) AppleWebKit/537.36 (KHTML, like Gecko) Chrome/124.0.6367.207 Safari/537.36"
192.111.130.5 - - [26/Jan/2026:12:25:12 -0500] "GET /wp-login.php HTTP/1.1" 200 2300 "-" "Mozilla/5.0 (Macintosh; Intel Mac OS X 13_5) AppleWebKit/605.1.15 (KHTML, like Gecko) Version/17.5 Safari/605.1.15"
192.111.130.5 - - [26/Jan/2026:12:25:16 -0500] "GET /wp-login.php?wp_lang=en_US HTTP/1.1" 200 2300 "-" "Mozilla/5.0 (Windows NT 10.0; Win64; x64) AppleWebKit/537.36 (KHTML, like Gecko) Chrome/124.0.6367.207 Safari/537.36"
170.168.175.70 - - [26/Jan/2026:12:26:08 -0500] "GET /wp-login.php?wp_lang=en_US HTTP/1.1" 200 2300 "-" "Mozilla/5.0 (Windows NT 10.0; Win64; x64) AppleWebKit/537.36 (KHTML, like Gecko) Chrome/124.0.6367.207 Safari/537.36"
170.168.175.70 - - [26/Jan/2026:12:26:09 -0500] "POST /wp-login.php?wp_lang=en_US HTTP/1.1" 302 - "http://www.knockeduptube.com/wp-login.php?wp_lang=en_US" "Mozilla/5.0 (Windows NT 10.0; Win64; x64) AppleWebKit/537.36 (KHTML, like Gecko) Chrome/124.0.6367.207 Safari/537.36"
170.168.175.70 - - [26/Jan/2026:12:26:09 -0500] "GET /wp-admin/ HTTP/1.1" 200 65973 "http://www.knockeduptube.com/wp-login.php?wp_lang=en_US" "Mozilla/5.0 (Windows NT 10.0; Win64; x64) AppleWebKit/537.36 (KHTML, like Gecko) Chrome/124.0.6367.207 Safari/537.36"
170.168.175.70 - - [26/Jan/2026:12:26:12 -0500] "GET /wp-admin/plugins.php HTTP/1.1" 200 65022 "-" "Mozilla/5.0 (Windows NT 10.0; Win64; x64) AppleWebKit/537.36 (KHTML, like Gecko) Chrome/124.0.6367.207 Safari/537.36"
170.168.175.70 - - [26/Jan/2026:12:26:13 -0500] "GET /wp-admin/plugin-install.php HTTP/1.1" 200 45879 "-" "Mozilla/5.0 (Windows NT 10.0; Win64; x64) AppleWebKit/537.36 (KHTML, like Gecko) Chrome/124.0.6367.207 Safari/537.36"
170.168.175.70 - - [26/Jan/2026:12:26:13 -0500] "GET /wp-admin/plugin-install.php HTTP/1.1" 200 45879 "-" "Mozilla/5.0 (Windows NT 10.0; Win64; x64) AppleWebKit/537.36 (KHTML, like Gecko) Chrome/124.0.6367.207 Safari/537.36"
170.168.175.70 - - [26/Jan/2026:12:26:14 -0500] "GET /wp-admin/plugin-install.php HTTP/1.1" 200 45879 "-" "Mozilla/5.0 (Windows NT 10.0; Win64; x64) AppleWebKit/537.36 (KHTML, like Gecko) Chrome/124.0.6367.207 Safari/537.36"
170.168.175.70 - - [26/Jan/2026:12:26:14 -0500] "GET /wp-admin/plugin-install.php HTTP/1.1" 200 45879 "-" "Mozilla/5.0 (Windows NT 10.0; Win64; x64) AppleWebKit/537.36 (KHTML, like Gecko) Chrome/124.0.6367.207 Safari/537.36"
170.168.175.70 - - [26/Jan/2026:12:26:14 -0500] "GET /wp-admin/plugin-install.php HTTP/1.1" 200 45879 "-" "Mozilla/5.0 (Windows NT 10.0; Win64; x64) AppleWebKit/537.36 (KHTML, like Gecko) Chrome/124.0.6367.207 Safari/537.36"
170.168.175.70 - - [26/Jan/2026:12:26:17 -0500] "GET /wp-admin/themes.php HTTP/1.1" 200 53333 "-" "Mozilla/5.0 (Windows NT 10.0; Win64; x64) AppleWebKit/537.36 (KHTML, like Gecko) Chrome/124.0.6367.207 Safari/537.36"
170.168.175.70 - - [26/Jan/2026:12:26:18 -0500] "GET /wp-admin/theme-install.php?browse=popular HTTP/1.1" 200 32061 "-" "Mozilla/5.0 (Windows NT 10.0; Win64; x64) AppleWebKit/537.36 (KHTML, like Gecko) Chrome/124.0.6367.207 Safari/537.36"
170.168.175.70 - - [26/Jan/2026:12:26:19 -0500] "GET /wp-admin/theme-install.php?browse=popular HTTP/1.1" 200 32061 "-" "Mozilla/5.0 (Windows NT 10.0; Win64; x64) AppleWebKit/537.36 (KHTML, like Gecko) Chrome/124.0.6367.207 Safari/537.36"
170.168.175.70 - - [26/Jan/2026:12:26:19 -0500] "GET /wp-admin/theme-install.php?browse=popular HTTP/1.1" 200 32061 "-" "Mozilla/5.0 (Windows NT 10.0; Win64; x64) AppleWebKit/537.36 (KHTML, like Gecko) Chrome/124.0.6367.207 Safari/537.36"
170.168.175.70 - - [26/Jan/2026:12:26:19 -0500] "GET /wp-admin/theme-install.php?browse=popular HTTP/1.1" 200 32061 "-" "Mozilla/5.0 (Windows NT 10.0; Win64; x64) AppleWebKit/537.36 (KHTML, like Gecko) Chrome/124.0.6367.207 Safari/537.36"
170.168.175.70 - - [26/Jan/2026:12:26:20 -0500] "GET /wp-admin/theme-install.php?browse=popular HTTP/1.1" 200 32061 "-" "Mozilla/5.0 (Windows NT 10.0; Win64; x64) AppleWebKit/537.36 (KHTML, like Gecko) Chrome/124.0.6367.207 Safari/537.36"
170.168.175.70 - - [26/Jan/2026:12:26:20 -0500] "GET /wp-admin/themes.php HTTP/1.1" 200 53333 "-" "Mozilla/5.0 (Windows NT 10.0; Win64; x64) AppleWebKit/537.36 (KHTML, like Gecko) Chrome/124.0.6367.207 Safari/537.36"
170.168.175.70 - - [26/Jan/2026:12:26:21 -0500] "GET /wp-admin/theme-install.php?browse=popular HTTP/1.1" 200 32061 "-" "Mozilla/5.0 (Windows NT 10.0; Win64; x64) AppleWebKit/537.36 (KHTML, like Gecko) Chrome/124.0.6367.207 Safari/537.36"
170.168.175.70 - - [26/Jan/2026:12:26:21 -0500] "GET /wp-admin/theme-install.php?browse=popular HTTP/1.1" 200 32061 "-" "Mozilla/5.0 (Windows NT 10.0; Win64; x64) AppleWebKit/537.36 (KHTML, like Gecko) Chrome/124.0.6367.207 Safari/537.36"
170.168.175.70 - - [26/Jan/2026:12:26:21 -0500] "GET /wp-admin/theme-install.php?browse=popular HTTP/1.1" 200 32061 "-" "Mozilla/5.0 (Windows NT 10.0; Win64; x64) AppleWebKit/537.36 (KHTML, like Gecko) Chrome/124.0.6367.207 Safari/537.36"
170.168.175.70 - - [26/Jan/2026:12:26:22 -0500] "GET /wp-admin/theme-install.php?browse=popular HTTP/1.1" 200 32061 "-" "Mozilla/5.0 (Windows NT 10.0; Win64; x64) AppleWebKit/537.36 (KHTML, like Gecko) Chrome/124.0.6367.207 Safari/537.36"
170.168.175.70 - - [26/Jan/2026:12:26:22 -0500] "GET /wp-admin/theme-install.php?browse=popular HTTP/1.1" 200 32061 "-" "Mozilla/5.0 (Windows NT 10.0; Win64; x64) AppleWebKit/537.36 (KHTML, like Gecko) Chrome/124.0.6367.207 Safari/537.36"
170.168.175.70 - - [26/Jan/2026:12:26:23 -0500] "GET /wp-admin/themes.php HTTP/1.1" 200 53333 "-" "Mozilla/5.0 (Windows NT 10.0; Win64; x64) AppleWebKit/537.36 (KHTML, like Gecko) Chrome/124.0.6367.207 Safari/537.36"
170.168.175.70 - - [26/Jan/2026:12:26:23 -0500] "GET /wp-admin/theme-install.php?browse=popular HTTP/1.1" 200 32061 "-" "Mozilla/5.0 (Windows NT 10.0; Win64; x64) AppleWebKit/537.36 (KHTML, like Gecko) Chrome/124.0.6367.207 Safari/537.36"
170.168.175.70 - - [26/Jan/2026:12:26:24 -0500] "GET /wp-admin/theme-install.php?browse=popular HTTP/1.1" 200 32061 "-" "Mozilla/5.0 (Windows NT 10.0; Win64; x64) AppleWebKit/537.36 (KHTML, like Gecko) Chrome/124.0.6367.207 Safari/537.36"
170.168.175.70 - - [26/Jan/2026:12:26:24 -0500] "GET /wp-admin/theme-install.php?browse=popular HTTP/1.1" 200 32061 "-" "Mozilla/5.0 (Windows NT 10.0; Win64; x64) AppleWebKit/537.36 (KHTML, like Gecko) Chrome/124.0.6367.207 Safari/537.36"
170.168.175.70 - - [26/Jan/2026:12:26:25 -0500] "GET /wp-admin/theme-install.php?browse=popular HTTP/1.1" 200 32061 "-" "Mozilla/5.0 (Windows NT 10.0; Win64; x64) AppleWebKit/537.36 (KHTML, like Gecko) Chrome/124.0.6367.207 Safari/537.36"
170.168.175.70 - - [26/Jan/2026:12:26:25 -0500] "GET /wp-admin/theme-install.php?browse=popular HTTP/1.1" 200 32061 "-" "Mozilla/5.0 (Windows NT 10.0; Win64; x64) AppleWebKit/537.36 (KHTML, like Gecko) Chrome/124.0.6367.207 Safari/537.36"
170.168.175.70 - - [26/Jan/2026:12:26:25 -0500] "GET /wp-admin/themes.php HTTP/1.1" 200 53333 "-" "Mozilla/5.0 (Windows NT 10.0; Win64; x64) AppleWebKit/537.36 (KHTML, like Gecko) Chrome/124.0.6367.207 Safari/537.36"
170.168.175.70 - - [26/Jan/2026:12:26:26 -0500] "GET /wp-admin/theme-install.php?browse=popular HTTP/1.1" 200 32061 "-" "Mozilla/5.0 (Windows NT 10.0; Win64; x64) AppleWebKit/537.36 (KHTML, like Gecko) Chrome/124.0.6367.207 Safari/537.36"
170.168.175.70 - - [26/Jan/2026:12:26:26 -0500] "GET /wp-admin/theme-install.php?browse=popular HTTP/1.1" 200 32061 "-" "Mozilla/5.0 (Windows NT 10.0; Win64; x64) AppleWebKit/537.36 (KHTML, like Gecko) Chrome/124.0.6367.207 Safari/537.36"
170.168.175.70 - - [26/Jan/2026:12:26:26 -0500] "GET /wp-admin/theme-install.php?browse=popular HTTP/1.1" 200 32061 "-" "Mozilla/5.0 (Windows NT 10.0; Win64; x64) AppleWebKit/537.36 (KHTML, like Gecko) Chrome/124.0.6367.207 Safari/537.36"
170.168.175.70 - - [26/Jan/2026:12:26:27 -0500] "GET /wp-admin/theme-install.php?browse=popular HTTP/1.1" 200 32061 "-" "Mozilla/5.0 (Windows NT 10.0; Win64; x64) AppleWebKit/537.36 (KHTML, like Gecko) Chrome/124.0.6367.207 Safari/537.36"
170.168.175.70 - - [26/Jan/2026:12:26:28 -0500] "GET /wp-admin/theme-install.php?browse=popular HTTP/1.1" 200 32061 "-" "Mozilla/5.0 (Windows NT 10.0; Win64; x64) AppleWebKit/537.36 (KHTML, like Gecko) Chrome/124.0.6367.207 Safari/537.36"
170.168.175.70 - - [26/Jan/2026:12:26:28 -0500] "GET /wp-admin/themes.php HTTP/1.1" 200 53333 "-" "Mozilla/5.0 (Windows NT 10.0; Win64; x64) AppleWebKit/537.36 (KHTML, like Gecko) Chrome/124.0.6367.207 Safari/537.36"
170.168.175.70 - - [26/Jan/2026:12:26:29 -0500] "GET /wp-admin/theme-install.php?browse=popular HTTP/1.1" 200 32061 "-" "Mozilla/5.0 (Windows NT 10.0; Win64; x64) AppleWebKit/537.36 (KHTML, like Gecko) Chrome/124.0.6367.207 Safari/537.36"
170.168.175.70 - - [26/Jan/2026:12:26:29 -0500] "GET /wp-admin/theme-install.php?browse=popular HTTP/1.1" 200 32061 "-" "Mozilla/5.0 (Windows NT 10.0; Win64; x64) AppleWebKit/537.36 (KHTML, like Gecko) Chrome/124.0.6367.207 Safari/537.36"
170.168.175.70 - - [26/Jan/2026:12:26:29 -0500] "GET /wp-admin/theme-install.php?browse=popular HTTP/1.1" 200 32061 "-" "Mozilla/5.0 (Windows NT 10.0; Win64; x64) AppleWebKit/537.36 (KHTML, like Gecko) Chrome/124.0.6367.207 Safari/537.36"
170.168.175.70 - - [26/Jan/2026:12:26:30 -0500] "GET /wp-admin/theme-install.php?browse=popular HTTP/1.1" 200 32061 "-" "Mozilla/5.0 (Windows NT 10.0; Win64; x64) AppleWebKit/537.36 (KHTML, like Gecko) Chrome/124.0.6367.207 Safari/537.36"
170.168.175.70 - - [26/Jan/2026:12:26:30 -0500] "GET /wp-admin/theme-install.php?browse=popular HTTP/1.1" 200 32061 "-" "Mozilla/5.0 (Windows NT 10.0; Win64; x64) AppleWebKit/537.36 (KHTML, like Gecko) Chrome/124.0.6367.207 Safari/537.36"
170.168.175.70 - - [26/Jan/2026:12:26:31 -0500] "GET /wp-admin/plugins.php HTTP/1.1" 200 65022 "-" "Mozilla/5.0 (Windows NT 10.0; Win64; x64) AppleWebKit/537.36 (KHTML, like Gecko) Chrome/124.0.6367.207 Safari/537.36"
170.168.175.70 - - [26/Jan/2026:12:26:31 -0500] "GET /wp-admin/plugins.php HTTP/1.1" 200 65022 "-" "Mozilla/5.0 (Windows NT 10.0; Win64; x64) AppleWebKit/537.36 (KHTML, like Gecko) Chrome/124.0.6367.207 Safari/537.36"
170.168.175.70 - - [26/Jan/2026:12:26:31 -0500] "GET /wp-admin/plugins.php HTTP/1.1" 200 65022 "-" "Mozilla/5.0 (Windows NT 10.0; Win64; x64) AppleWebKit/537.36 (KHTML, like Gecko) Chrome/124.0.6367.207 Safari/537.36"
170.168.175.70 - - [26/Jan/2026:12:26:32 -0500] "GET /wp-admin/plugins.php HTTP/1.1" 200 65022 "-" "Mozilla/5.0 (Windows NT 10.0; Win64; x64) AppleWebKit/537.36 (KHTML, like Gecko) Chrome/124.0.6367.207 Safari/537.36"
170.168.175.70 - - [26/Jan/2026:12:26:32 -0500] "GET /wp-admin/plugins.php HTTP/1.1" 200 65022 "-" "Mozilla/5.0 (Windows NT 10.0; Win64; x64) AppleWebKit/537.36 (KHTML, like Gecko) Chrome/124.0.6367.207 Safari/537.36"
5.183.209.196 - - [26/Jan/2026:12:34:12 -0500] "GET /SDK/webLanguage HTTP/1.1" 404 276 "-" "Mozilla/5.0 (Windows NT 10.0; Win64; x64) AppleWebKit/537.36 (KHTML, like Gecko) Chrome/90.0.4430.85 Safari/537.36 Edg/90.0.818.46"
34.201.52.155 - - [26/Jan/2026:12:34:53 -0500] "GET / HTTP/1.1" 301 - "-" "Mozilla/5.0 (Windows NT 10.0; Win64; x64) AppleWebKit/537.36 (KHTML, like Gecko) Chrome/136.0.0.0 Safari/537.36"
204.76.203.212 - - [26/Jan/2026:12:44:32 -0500] "GET / HTTP/1.1" 301 - "-" "Mozilla/5.0 (Windows NT 10.0; Win64; x64) AppleWebKit/537.36 (KHTML, like Gecko) Chrome/90.0.4430.85 Safari/537.36 Edg/90.0.818.46"
114.119.189.203 - - [26/Jan/2026:12:46:22 -0500] "POST /hello.world?%ADd+allow_url_include%3d1+%ADd+auto_prepend_file%3dphp://input HTTP/1.1" 404 272 "-" "libredtail-http"
114.119.189.203 - - [26/Jan/2026:12:46:22 -0500] "POST /?%ADd+allow_url_include%3d1+%ADd+auto_prepend_file%3dphp://input HTTP/1.1" 301 - "-" "libredtail-http"
74.206.190.72 - - [26/Jan/2026:13:02:43 -0500] "POST /wp-cron.php?doing_wp_cron=1769450563.5880439281463623046875 HTTP/1.1" 200 - "-" "WordPress/3.6.1; http://www.knockeduptube.com"
37.59.21.100 - - [26/Jan/2026:13:02:43 -0500] "GET /index.php/category/pregnant-teens/feed HTTP/1.1" 200 6036 "-" "Mozilla/5.0 (X11; Linux i686) AppleWebKit/537.36 (KHTML, like Gecko) Chrome/30.0.1599.66 Safari/537.36"
204.76.203.6 - - [26/Jan/2026:13:05:46 -0500] "GET /SDK/webLanguage HTTP/1.1" 404 276 "-" "Mozilla/5.0 (Windows NT 10.0; Win64; x64) AppleWebKit/537.36 (KHTML, like Gecko) Chrome/90.0.4430.85 Safari/537.36 Edg/90.0.818.46"
204.76.203.212 - - [26/Jan/2026:13:07:40 -0500] "GET / HTTP/1.1" 301 - "-" "Mozilla/5.0 (Windows NT 10.0; Win64; x64) AppleWebKit/537.36 (KHTML, like Gecko) Chrome/90.0.4430.85 Safari/537.36 Edg/90.0.818.46"
74.206.190.72 - - [26/Jan/2026:13:18:50 -0500] "POST /wp-cron.php?doing_wp_cron=1769451530.0011899471282958984375 HTTP/1.1" 200 - "-" "WordPress/3.6.1; http://www.knockeduptube.com"
192.142.25.95 - - [26/Jan/2026:13:18:49 -0500] "GET / HTTP/1.1" 200 43169 "-" "Mozilla/5.0 (Windows NT 10.0; Win64; x64) AppleWebKit/537.36 (KHTML, like Gecko) Chrome/120.0.0.0 Safari/537.36"
37.59.21.100 - - [26/Jan/2026:13:27:18 -0500] "GET /index.php/category/pregnant-porn/feed HTTP/1.1" 200 9409 "-" "Mozilla/5.0 (X11; Linux i686) AppleWebKit/537.36 (KHTML, like Gecko) Chrome/30.0.1599.66 Safari/537.36"
204.76.203.212 - - [26/Jan/2026:13:32:00 -0500] "GET / HTTP/1.1" 301 - "-" "Mozilla/5.0 (Windows NT 10.0; Win64; x64) AppleWebKit/537.36 (KHTML, like Gecko) Chrome/90.0.4430.85 Safari/537.36 Edg/90.0.818.46"
35.205.235.254 - - [26/Jan/2026:13:45:09 -0500] "GET / HTTP/1.1" 301 - "-" "python-requests/2.32.5"
34.236.41.241 - - [26/Jan/2026:13:45:29 -0500] "GET /robots.txt HTTP/1.1" 200 29 "-" "Mozilla/5.0 AppleWebKit/537.36 (KHTML, like Gecko; compatible; Amazonbot/0.1; +https://developer.amazon.com/support/amazonbot) Chrome/119.0.6045.214 Safari/537.36"
54.147.182.90 - - [26/Jan/2026:13:45:31 -0500] "GET / HTTP/1.1" 200 43169 "-" "Mozilla/5.0 AppleWebKit/537.36 (KHTML, like Gecko; compatible; Amazonbot/0.1; +https://developer.amazon.com/support/amazonbot) Chrome/119.0.6045.214 Safari/537.36"
98.89.254.180 - - [26/Jan/2026:13:48:38 -0500] "GET /robots.txt HTTP/1.1" 200 29 "-" "Mozilla/5.0 (Macintosh; Intel Mac OS X 10_10_1) AppleWebKit/600.2.5 (KHTML, like Gecko) Version/8.0.2 Safari/600.2.5 (TestUserAgent)"
43.159.135.203 - - [26/Jan/2026:13:51:30 -0500] "GET / HTTP/1.1" 301 - "-" "Mozilla/5.0 (iPhone; CPU iPhone OS 13_2_3 like Mac OS X) AppleWebKit/605.1.15 (KHTML, like Gecko) Version/13.0.3 Mobile/15E148 Safari/604.1"
204.76.203.212 - - [26/Jan/2026:13:57:36 -0500] "GET / HTTP/1.1" 301 - "-" "Mozilla/5.0 (Windows NT 10.0; Win64; x64) AppleWebKit/537.36 (KHTML, like Gecko) Chrome/90.0.4430.85 Safari/537.36 Edg/90.0.818.46"
43.153.26.165 - - [26/Jan/2026:14:06:02 -0500] "GET / HTTP/1.1" 301 - "-" "Mozilla/5.0 (iPhone; CPU iPhone OS 13_2_3 like Mac OS X) AppleWebKit/605.1.15 (KHTML, like Gecko) Version/13.0.3 Mobile/15E148 Safari/604.1"
165.227.214.138 - - [26/Jan/2026:14:07:25 -0500] "GET / HTTP/1.1" 200 43169 "-" "-"
165.227.214.138 - - [26/Jan/2026:14:07:25 -0500] "GET / HTTP/1.1" 301 - "-" "Mozilla/5.0 (Macintosh; Intel Mac OS X 11) AppleWebKit/538.41 (KHTML, like Gecko) Chrome/87.0.4280.88 Safari/537.36"
43.157.98.187 - - [26/Jan/2026:14:13:36 -0500] "GET / HTTP/1.1" 301 - "-" "Mozilla/5.0 (iPhone; CPU iPhone OS 13_2_3 like Mac OS X) AppleWebKit/605.1.15 (KHTML, like Gecko) Version/13.0.3 Mobile/15E148 Safari/604.1"
193.142.147.209 - - [26/Jan/2026:14:19:15 -0500] "POST / HTTP/1.1" 301 - "-" "Mozilla/5.0 (Windows NT 10.0; Win64; x64) AppleWebKit/537.36"
20.163.14.51 - - [26/Jan/2026:14:19:19 -0500] "GET /developmentserver/metadatauploader HTTP/1.1" 404 295 "-" "Mozilla/5.0 zgrab/0.x"
204.76.203.212 - - [26/Jan/2026:14:22:50 -0500] "GET / HTTP/1.1" 301 - "-" "Mozilla/5.0 (Windows NT 10.0; Win64; x64) AppleWebKit/537.36 (KHTML, like Gecko) Chrome/90.0.4430.85 Safari/537.36 Edg/90.0.818.46"
74.206.190.72 - - [26/Jan/2026:14:25:00 -0500] "POST /wp-cron.php?doing_wp_cron=1769455500.3374600410461425781250 HTTP/1.1" 200 - "-" "WordPress/3.6.1; http://www.knockeduptube.com"
147.185.132.31 - - [26/Jan/2026:14:25:00 -0500] "GET / HTTP/1.1" 200 43169 "-" "Hello from Palo Alto Networks, find out more about our scans in https://docs-cortex.paloaltonetworks.com/r/1/Cortex-Xpanse/Scanning-activity"
43.157.148.38 - - [26/Jan/2026:14:26:23 -0500] "GET / HTTP/1.1" 301 - "-" "Mozilla/5.0 (iPhone; CPU iPhone OS 13_2_3 like Mac OS X) AppleWebKit/605.1.15 (KHTML, like Gecko) Version/13.0.3 Mobile/15E148 Safari/604.1"
192.142.25.95 - - [26/Jan/2026:14:37:24 -0500] "GET / HTTP/1.1" 301 - "-" "-"
204.76.203.212 - - [26/Jan/2026:14:51:06 -0500] "GET / HTTP/1.1" 301 - "-" "Mozilla/5.0 (Windows NT 10.0; Win64; x64) AppleWebKit/537.36 (KHTML, like Gecko) Chrome/90.0.4430.85 Safari/537.36 Edg/90.0.818.46"
37.59.21.100 - - [26/Jan/2026:15:06:22 -0500] "GET /index.php/feed HTTP/1.1" 200 15319 "-" "Mozilla/5.0 (X11; Linux i686) AppleWebKit/537.36 (KHTML, like Gecko) Chrome/30.0.1599.66 Safari/537.36"
204.76.203.212 - - [26/Jan/2026:15:13:17 -0500] "GET / HTTP/1.1" 301 - "-" "Mozilla/5.0 (Windows NT 10.0; Win64; x64) AppleWebKit/537.36 (KHTML, like Gecko) Chrome/90.0.4430.85 Safari/537.36 Edg/90.0.818.46"
103.252.89.75 - - [26/Jan/2026:15:32:05 -0500] "GET /login HTTP/1.1" 404 266 "-" "Go-http-client/1.1"
204.76.203.212 - - [26/Jan/2026:15:41:58 -0500] "GET / HTTP/1.1" 301 - "-" "Mozilla/5.0 (Windows NT 10.0; Win64; x64) AppleWebKit/537.36 (KHTML, like Gecko) Chrome/90.0.4430.85 Safari/537.36 Edg/90.0.818.46"
87.121.84.51 - - [26/Jan/2026:15:45:03 -0500] "GET / HTTP/1.1" 301 - "-" "Mozilla/5.0 (X11; Linux x86_64; rv:140.0) Gecko/20100101 Firefox/140.0"
74.206.190.72 - - [26/Jan/2026:15:48:44 -0500] "POST /wp-cron.php?doing_wp_cron=1769460524.7507760524749755859375 HTTP/1.1" 200 - "-" "WordPress/3.6.1; http://www.knockeduptube.com"
37.59.21.100 - - [26/Jan/2026:15:48:44 -0500] "GET /index.php/category/pregnant-teens/feed HTTP/1.1" 200 6036 "-" "Mozilla/5.0 (X11; Linux i686) AppleWebKit/537.36 (KHTML, like Gecko) Chrome/30.0.1599.66 Safari/537.36"
204.76.203.212 - - [26/Jan/2026:16:04:10 -0500] "GET / HTTP/1.1" 301 - "-" "Mozilla/5.0 (Windows NT 10.0; Win64; x64) AppleWebKit/537.36 (KHTML, like Gecko) Chrome/90.0.4430.85 Safari/537.36 Edg/90.0.818.46"
165.154.202.146 - - [26/Jan/2026:16:06:56 -0500] "GET /version HTTP/1.1" 404 268 "-" "-"
165.154.202.146 - - [26/Jan/2026:16:06:56 -0500] "GET / HTTP/1.1" 301 - "-" "-"
165.154.202.146 - - [26/Jan/2026:16:06:56 -0500] "GET / HTTP/1.1" 301 - "-" "-"
165.154.202.146 - - [26/Jan/2026:16:06:57 -0500] "GET /v1 HTTP/1.1" 404 263 "-" "-"
165.154.202.146 - - [26/Jan/2026:16:06:57 -0500] "GET / HTTP/1.1" 301 - "-" "-"
165.154.202.146 - - [26/Jan/2026:16:07:03 -0500] "GET / HTTP/1.1" 301 - "-" "Mozilla/5.0 (Windows NT 6.1) AppleWebKit/537.36 (KHTML, like Gecko) Chrome/49.0.2623.112 Safari/537.36"
5.61.209.92 - - [26/Jan/2026:16:10:40 -0500] "GET /SDK/webLanguage HTTP/1.1" 404 276 "-" "Mozilla/5.0 (Windows NT 10.0; Win64; x64) AppleWebKit/537.36 (KHTML, like Gecko) Chrome/90.0.4430.85 Safari/537.36 Edg/90.0.818.46"
205.210.31.159 - - [26/Jan/2026:16:11:01 -0500] "GET /wp-login.php HTTP/1.1" 301 - "-" "Hello from Palo Alto Networks, find out more about our scans in https://docs-cortex.paloaltonetworks.com/r/1/Cortex-Xpanse/Scanning-activity"
34.26.135.235 - - [26/Jan/2026:16:17:56 -0500] "HEAD /wp/ HTTP/1.1" 404 - "-" "Mozilla/5.0 (Windows NT 10.0; Win64; x64) AppleWebKit/537.36 (KHTML, like Gecko) Chrome/126.0.6478.70 Safari/537.36 Vivaldi/6.7.3200.25"
34.26.135.235 - - [26/Jan/2026:16:17:56 -0500] "HEAD /new/ HTTP/1.1" 404 - "-" "Mozilla/5.0 (Windows NT 10.0; Win64; x64) AppleWebKit/537.36 (KHTML, like Gecko) Chrome/125.0.6422.112 Safari/537.36 Brave/1.63.120"
34.26.135.235 - - [26/Jan/2026:16:17:56 -0500] "HEAD / HTTP/1.1" 301 - "-" "Mozilla/5.0 (Linux; Android 14; RMX3842) AppleWebKit/537.36 (KHTML, like Gecko) Chrome/126.0.6478.44 Mobile Safari/537.36"
74.206.190.72 - - [26/Jan/2026:16:17:56 -0500] "POST /wp-cron.php?doing_wp_cron=1769462276.9356589317321777343750 HTTP/1.1" 200 - "-" "WordPress/3.6.1; http://www.knockeduptube.com"
34.26.135.235 - - [26/Jan/2026:16:17:56 -0500] "HEAD / HTTP/1.1" 200 - "http://knockeduptube.com/" "Mozilla/5.0 (Linux; Android 14; RMX3842) AppleWebKit/537.36 (KHTML, like Gecko) Chrome/126.0.6478.44 Mobile Safari/537.36"
34.26.135.235 - - [26/Jan/2026:16:17:57 -0500] "HEAD /backup/ HTTP/1.1" 404 - "-" "Mozilla/5.0 (Windows NT 10.0; Win64; x64; rv:127.0) Gecko/20100101 Firefox/127.0"
34.26.135.235 - - [26/Jan/2026:16:17:57 -0500] "HEAD /wordpress/ HTTP/1.1" 404 - "-" "Mozilla/5.0 (Linux; Android 14; Samsung SM-A546B) AppleWebKit/537.36 (KHTML, like Gecko) Chrome/126.0.6478.14 Mobile Safari/537.36"
34.26.135.235 - - [26/Jan/2026:16:17:57 -0500] "HEAD /old/ HTTP/1.1" 404 - "-" "Mozilla/5.0 (Linux; Android 13; Nokia G42 5G) AppleWebKit/537.36 (KHTML, like Gecko) Chrome/126.0.6478.41 Mobile Safari/537.36"
34.26.135.235 - - [26/Jan/2026:16:17:57 -0500] "HEAD /blog/ HTTP/1.1" 404 - "-" "Mozilla/5.0 (Linux; Android 11; RMX2195) AppleWebKit/537.36 (KHTML, like Gecko) Chrome/120.0.6099.210 Mobile Safari/537.36 OPR/75.2.3995.72468"
43.173.1.69 - - [26/Jan/2026:16:21:21 -0500] "GET / HTTP/1.1" 200 43169 "-" "Mozilla/5.0 (iPhone; CPU iPhone OS 13_2_3 like Mac OS X) AppleWebKit/605.1.15 (KHTML, like Gecko) Version/13.0.3 Mobile/15E148 Safari/604.1"
134.199.160.117 - - [26/Jan/2026:16:23:21 -0500] "GET /.env HTTP/1.1" 404 265 "-" "Mozilla/5.0 (X11; Linux x86_64; rv:83.0) Gecko/20100101 Firefox/83.0"
134.199.160.117 - - [26/Jan/2026:16:23:21 -0500] "POST / HTTP/1.1" 301 - "-" "Mozilla/5.0 (X11; Linux x86_64; rv:83.0) Gecko/20100101 Firefox/83.0"
204.76.203.212 - - [26/Jan/2026:16:29:17 -0500] "GET / HTTP/1.1" 301 - "-" "Mozilla/5.0 (Windows NT 10.0; Win64; x64) AppleWebKit/537.36 (KHTML, like Gecko) Chrome/90.0.4430.85 Safari/537.36 Edg/90.0.818.46"
37.59.21.100 - - [26/Jan/2026:16:30:19 -0500] "GET /index.php/category/pregnant-porn/feed HTTP/1.1" 200 9409 "-" "Mozilla/5.0 (X11; Linux i686) AppleWebKit/537.36 (KHTML, like Gecko) Chrome/30.0.1599.66 Safari/537.36"
43.166.251.233 - - [26/Jan/2026:16:34:49 -0500] "GET / HTTP/1.1" 301 - "-" "Mozilla/5.0 (iPhone; CPU iPhone OS 13_2_3 like Mac OS X) AppleWebKit/605.1.15 (KHTML, like Gecko) Version/13.0.3 Mobile/15E148 Safari/604.1"
193.142.147.209 - - [26/Jan/2026:16:36:21 -0500] "POST / HTTP/1.1" 301 - "-" "Mozilla/5.0 (Windows NT 10.0; Win64; x64) AppleWebKit/537.36"
85.217.149.18 - - [26/Jan/2026:16:54:52 -0500] "GET / HTTP/1.1" 301 - "-" "Mozilla/5.0 (compatible; ModatScanner/1.2; +https://modat.io/)"
74.62.9.212 - - [26/Jan/2026:16:55:47 -0500] "POST /hello.world?%ADd+allow_url_include%3d1+%ADd+auto_prepend_file%3dphp://input HTTP/1.1" 404 272 "-" "libredtail-http"
74.62.9.212 - - [26/Jan/2026:16:55:50 -0500] "POST /?%ADd+allow_url_include%3d1+%ADd+auto_prepend_file%3dphp://input HTTP/1.1" 301 - "-" "libredtail-http"
204.76.203.212 - - [26/Jan/2026:16:56:18 -0500] "GET / HTTP/1.1" 301 - "-" "Mozilla/5.0 (Windows NT 10.0; Win64; x64) AppleWebKit/537.36 (KHTML, like Gecko) Chrome/90.0.4430.85 Safari/537.36 Edg/90.0.818.46"
219.249.37.107 - - [26/Jan/2026:17:05:36 -0500] "GET //wp-json/wp/v2/posts HTTP/1.1" 404 284 "-" "Mozilla/5.0 (Windows NT 10.0; Win64; x64) AppleWebKit/537.36 (KHTML, like Gecko) Chrome/120.0.0.0 Safari/537.36"
74.206.190.72 - - [26/Jan/2026:17:08:12 -0500] "POST /wp-cron.php?doing_wp_cron=1769465292.3149719238281250000000 HTTP/1.1" 200 - "-" "WordPress/3.6.1; http://www.knockeduptube.com"
114.119.140.56 - - [26/Jan/2026:17:08:12 -0500] "GET /index.php/pregnant-porn/pregnant-movies.html HTTP/1.1" 200 13289 "http://www.knockeduptube.com/index.php/category/pregnant-porn" "Mozilla/5.0 (Linux; Android 7.0;) AppleWebKit/537.36 (KHTML, like Gecko) Mobile Safari/537.36 (compatible; PetalBot;+https://webmaster.petalsearch.com/site/petalbot)"
137.184.196.255 - - [26/Jan/2026:17:08:53 -0500] "GET /.env HTTP/1.1" 404 265 "-" "Mozilla/5.0; Keydrop.io/1.0(onlyscans.com/about);"
137.184.196.255 - - [26/Jan/2026:17:08:53 -0500] "GET /.git/config HTTP/1.1" 404 272 "-" "Mozilla/5.0; Keydrop.io/1.0(onlyscans.com/about);"
114.119.156.9 - - [26/Jan/2026:17:09:36 -0500] "GET /index.php/category/pregnant-teens HTTP/1.1" 200 25220 "http://www.knockeduptube.com/index.php/pregnant-milf/preggo-milf-tube.html" "Mozilla/5.0 (Linux; Android 7.0;) AppleWebKit/537.36 (KHTML, like Gecko) Mobile Safari/537.36 (compatible; PetalBot;+https://webmaster.petalsearch.com/site/petalbot)"
204.76.203.212 - - [26/Jan/2026:17:21:47 -0500] "GET / HTTP/1.1" 301 - "-" "Mozilla/5.0 (Windows NT 10.0; Win64; x64) AppleWebKit/537.36 (KHTML, like Gecko) Chrome/90.0.4430.85 Safari/537.36 Edg/90.0.818.46"
43.153.10.83 - - [26/Jan/2026:17:24:20 -0500] "GET / HTTP/1.1" 301 - "-" "Mozilla/5.0 (iPhone; CPU iPhone OS 13_2_3 like Mac OS X) AppleWebKit/605.1.15 (KHTML, like Gecko) Version/13.0.3 Mobile/15E148 Safari/604.1"
152.32.131.104 - - [26/Jan/2026:17:31:08 -0500] "GET /version HTTP/1.1" 404 268 "-" "-"
152.32.131.104 - - [26/Jan/2026:17:31:09 -0500] "GET / HTTP/1.1" 301 - "-" "-"
152.32.131.104 - - [26/Jan/2026:17:31:09 -0500] "GET / HTTP/1.1" 301 - "-" "-"
152.32.131.104 - - [26/Jan/2026:17:31:10 -0500] "GET /v1 HTTP/1.1" 404 263 "-" "-"
152.32.131.104 - - [26/Jan/2026:17:31:10 -0500] "GET / HTTP/1.1" 301 - "-" "-"
152.32.131.104 - - [26/Jan/2026:17:31:14 -0500] "GET / HTTP/1.1" 301 - "-" "Mozilla/5.0 (Windows NT 6.1) AppleWebKit/537.36 (KHTML, like Gecko) Chrome/49.0.2623.112 Safari/537.36"
43.158.91.71 - - [26/Jan/2026:17:37:46 -0500] "GET / HTTP/1.1" 301 - "-" "Mozilla/5.0 (iPhone; CPU iPhone OS 13_2_3 like Mac OS X) AppleWebKit/605.1.15 (KHTML, like Gecko) Version/13.0.3 Mobile/15E148 Safari/604.1"
74.206.190.72 - - [26/Jan/2026:17:37:47 -0500] "POST /wp-cron.php?doing_wp_cron=1769467067.3918159008026123046875 HTTP/1.1" 200 - "-" "WordPress/3.6.1; http://www.knockeduptube.com"
43.158.91.71 - - [26/Jan/2026:17:37:47 -0500] "GET / HTTP/1.1" 200 43169 "http://knockeduptube.com" "Mozilla/5.0 (iPhone; CPU iPhone OS 13_2_3 like Mac OS X) AppleWebKit/605.1.15 (KHTML, like Gecko) Version/13.0.3 Mobile/15E148 Safari/604.1"
204.76.203.212 - - [26/Jan/2026:17:45:42 -0500] "GET / HTTP/1.1" 301 - "-" "Mozilla/5.0 (Windows NT 10.0; Win64; x64) AppleWebKit/537.36 (KHTML, like Gecko) Chrome/90.0.4430.85 Safari/537.36 Edg/90.0.818.46"
43.155.129.131 - - [26/Jan/2026:17:50:26 -0500] "GET / HTTP/1.1" 301 - "-" "Mozilla/5.0 (iPhone; CPU iPhone OS 13_2_3 like Mac OS X) AppleWebKit/605.1.15 (KHTML, like Gecko) Version/13.0.3 Mobile/15E148 Safari/604.1"
204.76.203.212 - - [26/Jan/2026:18:09:33 -0500] "GET / HTTP/1.1" 301 - "-" "Mozilla/5.0 (Windows NT 10.0; Win64; x64) AppleWebKit/537.36 (KHTML, like Gecko) Chrome/90.0.4430.85 Safari/537.36 Edg/90.0.818.46"
37.59.21.100 - - [26/Jan/2026:18:10:22 -0500] "GET /index.php/feed HTTP/1.1" 200 15319 "-" "Mozilla/5.0 (X11; Linux i686) AppleWebKit/537.36 (KHTML, like Gecko) Chrome/30.0.1599.66 Safari/537.36"
170.106.192.208 - - [26/Jan/2026:18:22:21 -0500] "GET / HTTP/1.1" 301 - "-" "Mozilla/5.0 (iPhone; CPU iPhone OS 13_2_3 like Mac OS X) AppleWebKit/605.1.15 (KHTML, like Gecko) Version/13.0.3 Mobile/15E148 Safari/604.1"
74.206.190.72 - - [26/Jan/2026:18:22:45 -0500] "POST /wp-cron.php?doing_wp_cron=1769469765.9750940799713134765625 HTTP/1.1" 200 - "-" "WordPress/3.6.1; http://www.knockeduptube.com"
37.59.21.100 - - [26/Jan/2026:18:22:45 -0500] "GET /index.php/category/pregnant-teens/feed HTTP/1.1" 200 6036 "-" "Mozilla/5.0 (X11; Linux i686) AppleWebKit/537.36 (KHTML, like Gecko) Chrome/30.0.1599.66 Safari/537.36"
93.174.93.12 - - [26/Jan/2026:18:28:31 -0500] "GET / HTTP/1.1" 200 43169 "-" "Mozilla/5.0 (Linux; Android 7.1.1; Moto G Play) AppleWebKit/537.36 (KHTML, like Gecko) Chrome/75.0.3770.143 Mobile Safari/537.36"
193.24.211.22 - - [26/Jan/2026:18:28:50 -0500] "GET /wp-login.php HTTP/1.1" 200 2300 "-" "Mozilla/5.0 (Macintosh; Intel Mac OS X 13_5) AppleWebKit/605.1.15 (KHTML, like Gecko) Version/17.5 Safari/605.1.15"
