HEX
Server: Apache
System: Linux msm5694.mjhst.com 3.10.0-1160.119.1.el7.x86_64 #1 SMP Tue Jun 4 14:43:51 UTC 2024 x86_64
User: camjab_ssh (1000)
PHP: 5.3.29
Disabled: NONE
Upload Files
File: //home/httpd/logs/knockeduptube.com_access_log.4
216.180.246.184 - - [26/Jan/2026:04:07:33 -0500] "GET /manage/account/login HTTP/1.1" 404 281 "-" "'Mozilla/5.0 (compatible; GenomeCrawlerd/1.0; +https://www.nokia.com/genomecrawler)'"
216.180.246.184 - - [26/Jan/2026:04:09:02 -0500] "GET /admin/index.html HTTP/1.1" 404 277 "-" "'Mozilla/5.0 (compatible; GenomeCrawlerd/1.0; +https://www.nokia.com/genomecrawler)'"
216.180.246.184 - - [26/Jan/2026:04:10:33 -0500] "GET /index.html HTTP/1.1" 404 271 "-" "'Mozilla/5.0 (compatible; GenomeCrawlerd/1.0; +https://www.nokia.com/genomecrawler)'"
216.180.246.184 - - [26/Jan/2026:04:12:13 -0500] "GET /+CSCOE+/logon.html HTTP/1.1" 404 279 "-" "'Mozilla/5.0 (compatible; GenomeCrawlerd/1.0; +https://www.nokia.com/genomecrawler)'"
216.180.246.184 - - [26/Jan/2026:04:13:46 -0500] "GET /cgi-bin/login.cgi HTTP/1.1" 404 278 "-" "'Mozilla/5.0 (compatible; GenomeCrawlerd/1.0; +https://www.nokia.com/genomecrawler)'"
216.180.246.184 - - [26/Jan/2026:04:15:29 -0500] "GET /login.htm HTTP/1.1" 404 270 "-" "'Mozilla/5.0 (compatible; GenomeCrawlerd/1.0; +https://www.nokia.com/genomecrawler)'"
216.180.246.184 - - [26/Jan/2026:04:16:57 -0500] "GET /login.html HTTP/1.1" 404 271 "-" "'Mozilla/5.0 (compatible; GenomeCrawlerd/1.0; +https://www.nokia.com/genomecrawler)'"
216.180.246.184 - - [26/Jan/2026:04:18:31 -0500] "GET /login.jsp HTTP/1.1" 404 270 "-" "'Mozilla/5.0 (compatible; GenomeCrawlerd/1.0; +https://www.nokia.com/genomecrawler)'"
205.210.31.146 - - [26/Jan/2026:04:18:42 -0500] "GET /wp-login.php HTTP/1.1" 301 - "-" "Hello from Palo Alto Networks, find out more about our scans in https://docs-cortex.paloaltonetworks.com/r/1/Cortex-Xpanse/Scanning-activity"
204.76.203.212 - - [26/Jan/2026:04:19:34 -0500] "GET / HTTP/1.1" 301 - "-" "Mozilla/5.0 (Windows NT 10.0; Win64; x64) AppleWebKit/537.36 (KHTML, like Gecko) Chrome/90.0.4430.85 Safari/537.36 Edg/90.0.818.46"
216.180.246.184 - - [26/Jan/2026:04:19:57 -0500] "GET /login HTTP/1.1" 404 266 "-" "'Mozilla/5.0 (compatible; GenomeCrawlerd/1.0; +https://www.nokia.com/genomecrawler)'"
216.180.246.184 - - [26/Jan/2026:04:21:31 -0500] "GET /doc/index.html HTTP/1.1" 404 275 "-" "'Mozilla/5.0 (compatible; GenomeCrawlerd/1.0; +https://www.nokia.com/genomecrawler)'"
216.180.246.184 - - [26/Jan/2026:04:22:54 -0500] "GET /remote/login HTTP/1.1" 404 273 "-" "'Mozilla/5.0 (compatible; GenomeCrawlerd/1.0; +https://www.nokia.com/genomecrawler)'"
216.180.246.184 - - [26/Jan/2026:04:24:28 -0500] "GET //admin/login.asp HTTP/1.1" 404 276 "-" "'Mozilla/5.0 (compatible; GenomeCrawlerd/1.0; +https://www.nokia.com/genomecrawler)'"
216.180.246.184 - - [26/Jan/2026:04:25:54 -0500] "GET /web/ HTTP/1.1" 404 265 "-" "'Mozilla/5.0 (compatible; GenomeCrawlerd/1.0; +https://www.nokia.com/genomecrawler)'"
216.180.246.184 - - [26/Jan/2026:04:27:25 -0500] "GET //webpages/login.html HTTP/1.1" 404 280 "-" "'Mozilla/5.0 (compatible; GenomeCrawlerd/1.0; +https://www.nokia.com/genomecrawler)'"
91.224.92.115 - - [26/Jan/2026:04:39:44 -0500] "GET /cgi-bin/luci/;stok=/locale HTTP/1.1" 404 287 "-" "-"
74.206.190.72 - - [26/Jan/2026:04:41:16 -0500] "POST /wp-cron.php?doing_wp_cron=1769420476.2854259014129638671875 HTTP/1.1" 200 - "-" "WordPress/3.6.1; http://www.knockeduptube.com"
37.59.21.100 - - [26/Jan/2026:04:41:16 -0500] "GET /index.php/category/pregnant-porn/feed HTTP/1.1" 200 9409 "-" "Mozilla/5.0 (X11; Linux i686) AppleWebKit/537.36 (KHTML, like Gecko) Chrome/30.0.1599.66 Safari/537.36"
54.172.166.119 - - [26/Jan/2026:04:43:09 -0500] "GET / HTTP/1.1" 301 - "-" "Go-http-client/1.1"
204.76.203.212 - - [26/Jan/2026:04:44:05 -0500] "GET / HTTP/1.1" 301 - "-" "Mozilla/5.0 (Windows NT 10.0; Win64; x64) AppleWebKit/537.36 (KHTML, like Gecko) Chrome/90.0.4430.85 Safari/537.36 Edg/90.0.818.46"
204.76.203.8 - - [26/Jan/2026:04:44:59 -0500] "GET /geoserver/wfs?request=ListStoredQueries&service=wfs&version=2.0.0 HTTP/1.1" 404 274 "-" "Mozilla/5.0 (Windows NT 10.0; Win64; x64) AppleWebKit/537.36"
193.142.147.209 - - [26/Jan/2026:04:48:38 -0500] "POST / HTTP/1.1" 301 - "-" "Mozilla/5.0 (Windows NT 10.0; Win64; x64) AppleWebKit/537.36"
35.189.41.65 - - [26/Jan/2026:05:01:50 -0500] "OPTIONS / HTTP/1.1" 301 - "-" "-"
170.106.11.141 - - [26/Jan/2026:05:04:54 -0500] "GET / HTTP/1.1" 301 - "-" "Mozilla/5.0 (iPhone; CPU iPhone OS 13_2_3 like Mac OS X) AppleWebKit/605.1.15 (KHTML, like Gecko) Version/13.0.3 Mobile/15E148 Safari/604.1"
204.76.203.212 - - [26/Jan/2026:05:07:36 -0500] "GET / HTTP/1.1" 301 - "-" "Mozilla/5.0 (Windows NT 10.0; Win64; x64) AppleWebKit/537.36 (KHTML, like Gecko) Chrome/90.0.4430.85 Safari/537.36 Edg/90.0.818.46"
74.206.190.72 - - [26/Jan/2026:05:13:43 -0500] "POST /wp-cron.php?doing_wp_cron=1769422423.0684940814971923828125 HTTP/1.1" 200 - "-" "WordPress/3.6.1; http://www.knockeduptube.com"
37.59.21.100 - - [26/Jan/2026:05:13:42 -0500] "GET /index.php/category/pregnant-teens/feed HTTP/1.1" 200 6036 "-" "Mozilla/5.0 (X11; Linux i686) AppleWebKit/537.36 (KHTML, like Gecko) Chrome/30.0.1599.66 Safari/537.36"
43.157.43.147 - - [26/Jan/2026:05:23:03 -0500] "GET / HTTP/1.1" 301 - "-" "Mozilla/5.0 (iPhone; CPU iPhone OS 13_2_3 like Mac OS X) AppleWebKit/605.1.15 (KHTML, like Gecko) Version/13.0.3 Mobile/15E148 Safari/604.1"
204.76.203.212 - - [26/Jan/2026:05:35:42 -0500] "GET / HTTP/1.1" 301 - "-" "Mozilla/5.0 (Windows NT 10.0; Win64; x64) AppleWebKit/537.36 (KHTML, like Gecko) Chrome/90.0.4430.85 Safari/537.36 Edg/90.0.818.46"
79.124.40.174 - - [26/Jan/2026:05:42:17 -0500] "POST / HTTP/1.1" 301 - "-" "Mozilla/5.0 (Windows NT 10.0; Win64; x64) AppleWebKit/537.36 (KHTML, like Gecko) Chrome/78.0.3904.108 Safari/537.36"
178.134.226.206 - - [26/Jan/2026:05:43:06 -0500] "GET /wp-json/wp/v2/posts HTTP/1.1" 404 284 "-" "Mozilla/5.0 (Windows NT 10.0; Win64; x64) AppleWebKit/537.36 (KHTML, like Gecko) Chrome/120.0.0.0 Safari/537.36"
74.206.190.72 - - [26/Jan/2026:05:48:19 -0500] "POST /wp-cron.php?doing_wp_cron=1769424499.4636199474334716796875 HTTP/1.1" 200 - "-" "WordPress/3.6.1; http://www.knockeduptube.com"
37.59.21.100 - - [26/Jan/2026:05:48:19 -0500] "GET /index.php/feed HTTP/1.1" 200 15319 "-" "Mozilla/5.0 (X11; Linux i686) AppleWebKit/537.36 (KHTML, like Gecko) Chrome/30.0.1599.66 Safari/537.36"
192.142.25.95 - - [26/Jan/2026:05:52:27 -0500] "GET / HTTP/1.1" 200 43169 "-" "-"
185.247.137.253 - - [26/Jan/2026:05:53:51 -0500] "GET / HTTP/1.1" 301 - "-" "Mozilla/5.0 (compatible; InternetMeasurement/1.0; +https://internet-measurement.com/)"
204.76.203.212 - - [26/Jan/2026:05:58:11 -0500] "GET / HTTP/1.1" 301 - "-" "Mozilla/5.0 (Windows NT 10.0; Win64; x64) AppleWebKit/537.36 (KHTML, like Gecko) Chrome/90.0.4430.85 Safari/537.36 Edg/90.0.818.46"
5.61.209.92 - - [26/Jan/2026:06:07:36 -0500] "GET /SDK/webLanguage HTTP/1.1" 404 276 "-" "Mozilla/5.0 (Windows NT 10.0; Win64; x64) AppleWebKit/537.36 (KHTML, like Gecko) Chrome/90.0.4430.85 Safari/537.36 Edg/90.0.818.46"
204.76.203.8 - - [26/Jan/2026:06:23:11 -0500] "GET /geoserver/wfs?request=ListStoredQueries&service=wfs&version=2.0.0 HTTP/1.1" 404 274 "-" "Mozilla/5.0 (Windows NT 10.0; Win64; x64) AppleWebKit/537.36"
43.130.26.3 - - [26/Jan/2026:06:24:49 -0500] "GET / HTTP/1.1" 301 - "-" "Mozilla/5.0 (iPhone; CPU iPhone OS 13_2_3 like Mac OS X) AppleWebKit/605.1.15 (KHTML, like Gecko) Version/13.0.3 Mobile/15E148 Safari/604.1"
204.76.203.212 - - [26/Jan/2026:06:26:02 -0500] "GET / HTTP/1.1" 301 - "-" "Mozilla/5.0 (Windows NT 10.0; Win64; x64) AppleWebKit/537.36 (KHTML, like Gecko) Chrome/90.0.4430.85 Safari/537.36 Edg/90.0.818.46"
13.203.207.85 - - [26/Jan/2026:06:31:16 -0500] "GET / HTTP/1.1" 301 - "-" "Mozilla/5.0 (Windows NT 10.0; Win64; x64) AppleWebKit/537.36 (KHTML, like Gecko) Chrome/91.0.4472.124 Safari/537.36"
74.206.190.72 - - [26/Jan/2026:06:31:17 -0500] "POST /wp-cron.php?doing_wp_cron=1769427077.6215310096740722656250 HTTP/1.1" 200 - "-" "WordPress/3.6.1; http://www.knockeduptube.com"
13.203.207.85 - - [26/Jan/2026:06:31:17 -0500] "GET / HTTP/1.1" 200 43169 "http://knockeduptube.com" "Mozilla/5.0 (Windows NT 10.0; Win64; x64) AppleWebKit/537.36 (KHTML, like Gecko) Chrome/91.0.4472.124 Safari/537.36"
13.203.207.85 - - [26/Jan/2026:06:31:17 -0500] "GET /wp-json/wc/v3 HTTP/1.1" 404 278 "-" "Mozilla/5.0 (Windows NT 10.0; Win64; x64) AppleWebKit/537.36 (KHTML, like Gecko) Chrome/91.0.4472.124 Safari/537.36"
13.203.207.85 - - [26/Jan/2026:06:31:18 -0500] "GET /magento_version HTTP/1.1" 404 280 "-" "Mozilla/5.0 (Windows NT 10.0; Win64; x64) AppleWebKit/537.36 (KHTML, like Gecko) Chrome/91.0.4472.124 Safari/537.36"
13.203.207.85 - - [26/Jan/2026:06:31:18 -0500] "GET /index.php?route=checkout/cart HTTP/1.1" 301 - "-" "Mozilla/5.0 (Windows NT 10.0; Win64; x64) AppleWebKit/537.36 (KHTML, like Gecko) Chrome/91.0.4472.124 Safari/537.36"
13.203.207.85 - - [26/Jan/2026:06:31:18 -0500] "GET /index.php?route=checkout/cart HTTP/1.1" 301 - "http://knockeduptube.com/index.php?route=checkout/cart" "Mozilla/5.0 (Windows NT 10.0; Win64; x64) AppleWebKit/537.36 (KHTML, like Gecko) Chrome/91.0.4472.124 Safari/537.36"
13.203.207.85 - - [26/Jan/2026:06:31:19 -0500] "GET /?route=checkout/cart HTTP/1.1" 200 43235 "http://www.knockeduptube.com/index.php?route=checkout/cart" "Mozilla/5.0 (Windows NT 10.0; Win64; x64) AppleWebKit/537.36 (KHTML, like Gecko) Chrome/91.0.4472.124 Safari/537.36"
13.203.207.85 - - [26/Jan/2026:06:31:19 -0500] "GET /wp-login.php?action=register HTTP/1.1" 301 - "-" "Mozilla/5.0 (Windows NT 10.0; Win64; x64) AppleWebKit/537.36 (KHTML, like Gecko) Chrome/91.0.4472.124 Safari/537.36"
13.203.207.85 - - [26/Jan/2026:06:31:19 -0500] "GET /wp-login.php?action=register HTTP/1.1" 302 - "http://knockeduptube.com/wp-login.php?action=register" "Mozilla/5.0 (Windows NT 10.0; Win64; x64) AppleWebKit/537.36 (KHTML, like Gecko) Chrome/91.0.4472.124 Safari/537.36"
13.203.207.85 - - [26/Jan/2026:06:31:19 -0500] "GET /wp-login.php?registration=disabled HTTP/1.1" 200 2360 "http://www.knockeduptube.com/wp-login.php?action=register" "Mozilla/5.0 (Windows NT 10.0; Win64; x64) AppleWebKit/537.36 (KHTML, like Gecko) Chrome/91.0.4472.124 Safari/537.36"
223.166.22.52 - - [26/Jan/2026:06:44:10 -0500] "GET / HTTP/1.1" 301 - "-" "-"
43.153.10.13 - - [26/Jan/2026:06:45:05 -0500] "GET / HTTP/1.1" 301 - "-" "Mozilla/5.0 (iPhone; CPU iPhone OS 13_2_3 like Mac OS X) AppleWebKit/605.1.15 (KHTML, like Gecko) Version/13.0.3 Mobile/15E148 Safari/604.1"
1.83.125.156 - - [26/Jan/2026:06:45:27 -0500] "GET / HTTP/1.1" 301 - "-" "Mozilla/5.0 (Windows NT 6.1) AppleWebKit/537.36 (KHTML, like Gecko) Chrome/49.0.2623.112 Safari/537.36"
58.19.140.51 - - [26/Jan/2026:06:45:40 -0500] "GET / HTTP/1.1" 301 - "-" "Mozilla/5.0 (Windows NT 6.1) AppleWebKit/537.36 (KHTML, like Gecko) Chrome/49.0.2623.112 Safari/537.36"
49.51.33.159 - - [26/Jan/2026:06:47:19 -0500] "GET / HTTP/1.1" 301 - "-" "Mozilla/5.0 (iPhone; CPU iPhone OS 13_2_3 like Mac OS X) AppleWebKit/605.1.15 (KHTML, like Gecko) Version/13.0.3 Mobile/15E148 Safari/604.1"
204.76.203.212 - - [26/Jan/2026:06:49:33 -0500] "GET / HTTP/1.1" 301 - "-" "Mozilla/5.0 (Windows NT 10.0; Win64; x64) AppleWebKit/537.36 (KHTML, like Gecko) Chrome/90.0.4430.85 Safari/537.36 Edg/90.0.818.46"
170.106.82.209 - - [26/Jan/2026:07:00:33 -0500] "GET / HTTP/1.1" 301 - "-" "Mozilla/5.0 (iPhone; CPU iPhone OS 13_2_3 like Mac OS X) AppleWebKit/605.1.15 (KHTML, like Gecko) Version/13.0.3 Mobile/15E148 Safari/604.1"
204.76.203.212 - - [26/Jan/2026:07:14:21 -0500] "GET / HTTP/1.1" 301 - "-" "Mozilla/5.0 (Windows NT 10.0; Win64; x64) AppleWebKit/537.36 (KHTML, like Gecko) Chrome/90.0.4430.85 Safari/537.36 Edg/90.0.818.46"
192.159.99.169 - - [26/Jan/2026:07:18:13 -0500] "GET /.env HTTP/1.1" 404 265 "-" "Mozilla/5.0 (Macintosh; Intel Mac OS X 10.15; rv:77.0) Gecko/20100101 Firefox/77.0"
192.159.99.169 - - [26/Jan/2026:07:18:13 -0500] "GET /wp-content/ HTTP/1.1" 200 - "-" "Mozilla/5.0 (Macintosh; Intel Mac OS X 10.15; rv:77.0) Gecko/20100101 Firefox/77.0"
193.142.147.209 - - [26/Jan/2026:07:19:26 -0500] "POST / HTTP/1.1" 301 - "-" "Mozilla/5.0 (Windows NT 10.0; Win64; x64) AppleWebKit/537.36"
177.70.2.220 - - [26/Jan/2026:07:27:39 -0500] "POST /hello.world?%ADd+allow_url_include%3d1+%ADd+auto_prepend_file%3dphp://input HTTP/1.1" 404 272 "-" "libredtail-http"
177.70.2.220 - - [26/Jan/2026:07:27:39 -0500] "POST /?%ADd+allow_url_include%3d1+%ADd+auto_prepend_file%3dphp://input HTTP/1.1" 301 - "-" "libredtail-http"
74.206.190.72 - - [26/Jan/2026:07:31:17 -0500] "POST /wp-cron.php?doing_wp_cron=1769430677.5265729427337646484375 HTTP/1.1" 200 - "-" "WordPress/3.6.1; http://www.knockeduptube.com"
37.59.21.100 - - [26/Jan/2026:07:31:17 -0500] "GET /index.php/category/pregnant-porn/feed HTTP/1.1" 200 9409 "-" "Mozilla/5.0 (X11; Linux i686) AppleWebKit/537.36 (KHTML, like Gecko) Chrome/30.0.1599.66 Safari/537.36"
192.36.109.105 - - [26/Jan/2026:07:31:19 -0500] "GET / HTTP/1.1" 301 - "-" "Mozilla/5.0 (Windows NT 10.0; Win64; x64) AppleWebKit/537.36 (KHTML, like Gecko) Chrome/122.0.0.0 Safari/537.3"
192.36.109.78 - - [26/Jan/2026:07:31:19 -0500] "GET / HTTP/1.1" 200 43169 "http://knockeduptube.com/" "Mozilla/5.0 (Windows NT 10.0; Win64; x64) AppleWebKit/537.36 (KHTML, like Gecko) Chrome/122.0.0.0 Safari/537.3"
192.36.109.125 - - [26/Jan/2026:07:31:19 -0500] "GET /index.php/pregnant-blonde/pregnant-lesbian-tube.html HTTP/1.1" 200 13872 "-" "Mozilla/5.0 (Windows NT 10.0; Win64; x64) AppleWebKit/537.36 (KHTML, like Gecko) Chrome/122.0.0.0 Safari/537.3"
192.36.109.99 - - [26/Jan/2026:07:31:20 -0500] "GET /index.php/pregnant-porn/pregnant-belly-tube.html HTTP/1.1" 200 13311 "-" "Mozilla/5.0 (Windows NT 10.0; Win64; x64) AppleWebKit/537.36 (KHTML, like Gecko) Chrome/122.0.0.0 Safari/537.3"
192.36.109.125 - - [26/Jan/2026:07:31:20 -0500] "GET /index.php/pregnant-milf/free-preggo-gallery.html HTTP/1.1" 200 13633 "-" "Mozilla/5.0 (Windows NT 10.0; Win64; x64) AppleWebKit/537.36 (KHTML, like Gecko) Chrome/122.0.0.0 Safari/537.3"
178.20.28.181 - - [26/Jan/2026:07:33:56 -0500] "GET /wp-login.php HTTP/1.1" 200 2300 "-" "Mozilla/5.0 (Windows NT 10.0; Win64; x64) AppleWebKit/537.36 (KHTML, like Gecko) Chrome/124.0.6367.207 Safari/537.36"
178.20.28.181 - - [26/Jan/2026:07:33:56 -0500] "POST /xmlrpc.php HTTP/1.1" 403 283 "-" "Mozilla/5.0 (Windows NT 10.0; Win64; x64; rv:127.0) Gecko/20100101 Firefox/127.0"
93.177.118.235 - - [26/Jan/2026:07:33:56 -0500] "POST /xmlrpc.php HTTP/1.1" 403 283 "-" "Mozilla/5.0 (Windows NT 10.0; Win64; x64; rv:127.0) Gecko/20100101 Firefox/127.0"
89.19.35.18 - - [26/Jan/2026:07:33:57 -0500] "POST /xmlrpc.php HTTP/1.1" 403 283 "-" "Mozilla/5.0 (Windows NT 10.0; Win64; x64; rv:127.0) Gecko/20100101 Firefox/127.0"
45.148.234.139 - - [26/Jan/2026:07:33:57 -0500] "POST /xmlrpc.php HTTP/1.1" 403 283 "-" "Mozilla/5.0 (Windows NT 10.0; Win64; x64; rv:127.0) Gecko/20100101 Firefox/127.0"
193.202.87.135 - - [26/Jan/2026:07:33:58 -0500] "POST /xmlrpc.php HTTP/1.1" 403 283 "-" "Mozilla/5.0 (Windows NT 10.0; Win64; x64; rv:127.0) Gecko/20100101 Firefox/127.0"
88.218.45.144 - - [26/Jan/2026:07:33:58 -0500] "POST /xmlrpc.php HTTP/1.1" 403 283 "-" "Mozilla/5.0 (Windows NT 10.0; Win64; x64) AppleWebKit/537.36 (KHTML, like Gecko) Chrome/124.0.6367.207 Safari/537.36"
45.135.3.40 - - [26/Jan/2026:07:33:59 -0500] "POST /xmlrpc.php HTTP/1.1" 403 283 "-" "Mozilla/5.0 (Windows NT 10.0; Win64; x64) AppleWebKit/537.36 (KHTML, like Gecko) Chrome/124.0.6367.207 Safari/537.36"
194.99.27.109 - - [26/Jan/2026:07:33:59 -0500] "POST /xmlrpc.php HTTP/1.1" 403 283 "-" "Mozilla/5.0 (Macintosh; Intel Mac OS X 13_5) AppleWebKit/605.1.15 (KHTML, like Gecko) Version/17.5 Safari/605.1.15"
45.135.3.145 - - [26/Jan/2026:07:34:00 -0500] "POST /xmlrpc.php HTTP/1.1" 403 283 "-" "Mozilla/5.0 (Macintosh; Intel Mac OS X 13_5) AppleWebKit/605.1.15 (KHTML, like Gecko) Version/17.5 Safari/605.1.15"
45.66.211.129 - - [26/Jan/2026:07:34:00 -0500] "POST /xmlrpc.php HTTP/1.1" 403 283 "-" "Mozilla/5.0 (Windows NT 10.0; Win64; x64; rv:127.0) Gecko/20100101 Firefox/127.0"
170.168.30.245 - - [26/Jan/2026:07:34:01 -0500] "POST /xmlrpc.php HTTP/1.1" 403 283 "-" "Mozilla/5.0 (Windows NT 10.0; Win64; x64) AppleWebKit/537.36 (KHTML, like Gecko) Chrome/124.0.6367.207 Safari/537.36"
178.20.28.181 - - [26/Jan/2026:07:34:01 -0500] "GET /wp-login.php?wp_lang=en_US HTTP/1.1" 200 2300 "-" "Mozilla/5.0 (Windows NT 10.0; Win64; x64) AppleWebKit/537.36 (KHTML, like Gecko) Chrome/124.0.6367.207 Safari/537.36"
178.20.28.181 - - [26/Jan/2026:07:34:01 -0500] "POST /wp-login.php?wp_lang=en_US HTTP/1.1" 302 - "http://www.knockeduptube.com/wp-login.php?wp_lang=en_US" "Mozilla/5.0 (Windows NT 10.0; Win64; x64) AppleWebKit/537.36 (KHTML, like Gecko) Chrome/124.0.6367.207 Safari/537.36"
178.20.28.181 - - [26/Jan/2026:07:34:02 -0500] "GET /wp-admin/ HTTP/1.1" 200 65973 "http://www.knockeduptube.com/wp-login.php?wp_lang=en_US" "Mozilla/5.0 (Windows NT 10.0; Win64; x64) AppleWebKit/537.36 (KHTML, like Gecko) Chrome/124.0.6367.207 Safari/537.36"
178.20.28.181 - - [26/Jan/2026:07:34:02 -0500] "GET /wp-admin/admin-ajax.php?action=rest-nonce HTTP/1.1" 200 1 "-" "Mozilla/5.0 (Windows NT 10.0; Win64; x64) AppleWebKit/537.36 (KHTML, like Gecko) Chrome/124.0.6367.207 Safari/537.36"
178.20.28.181 - - [26/Jan/2026:07:34:03 -0500] "GET /wp-admin/admin-ajax.php?action=rest-nonce HTTP/1.1" 200 1 "-" "Mozilla/5.0 (Windows NT 10.0; Win64; x64) AppleWebKit/537.36 (KHTML, like Gecko) Chrome/124.0.6367.207 Safari/537.36"
178.20.28.181 - - [26/Jan/2026:07:34:03 -0500] "GET /wp-admin/admin-ajax.php?action=rest-nonce HTTP/1.1" 200 1 "-" "Mozilla/5.0 (Windows NT 10.0; Win64; x64) AppleWebKit/537.36 (KHTML, like Gecko) Chrome/124.0.6367.207 Safari/537.36"
66.249.70.4 - - [26/Jan/2026:07:34:11 -0500] "GET /robots.txt HTTP/1.1" 200 29 "-" "Mozilla/5.0 (compatible; Googlebot/2.1; +http://www.google.com/bot.html)"
204.76.203.212 - - [26/Jan/2026:07:38:39 -0500] "GET / HTTP/1.1" 301 - "-" "Mozilla/5.0 (Windows NT 10.0; Win64; x64) AppleWebKit/537.36 (KHTML, like Gecko) Chrome/90.0.4430.85 Safari/537.36 Edg/90.0.818.46"
37.59.21.100 - - [26/Jan/2026:07:49:43 -0500] "GET /index.php/category/pregnant-teens/feed HTTP/1.1" 200 6036 "-" "Mozilla/5.0 (X11; Linux i686) AppleWebKit/537.36 (KHTML, like Gecko) Chrome/30.0.1599.66 Safari/537.36"
204.76.203.212 - - [26/Jan/2026:08:06:50 -0500] "GET / HTTP/1.1" 301 - "-" "Mozilla/5.0 (Windows NT 10.0; Win64; x64) AppleWebKit/537.36 (KHTML, like Gecko) Chrome/90.0.4430.85 Safari/537.36 Edg/90.0.818.46"
182.42.111.156 - - [26/Jan/2026:08:19:46 -0500] "GET / HTTP/1.1" 301 - "-" "Mozilla/5.0 (iPhone; CPU iPhone OS 13_2_3 like Mac OS X) AppleWebKit/605.1.15 (KHTML, like Gecko) Version/13.0.3 Mobile/15E148 Safari/604.1"
74.206.190.72 - - [26/Jan/2026:08:19:51 -0500] "POST /wp-cron.php?doing_wp_cron=1769433591.2309050559997558593750 HTTP/1.1" 200 - "-" "WordPress/3.6.1; http://www.knockeduptube.com"
182.42.111.156 - - [26/Jan/2026:08:19:51 -0500] "GET / HTTP/1.1" 200 43169 "http://knockeduptube.com" "Mozilla/5.0 (iPhone; CPU iPhone OS 13_2_3 like Mac OS X) AppleWebKit/605.1.15 (KHTML, like Gecko) Version/13.0.3 Mobile/15E148 Safari/604.1"
204.76.203.212 - - [26/Jan/2026:08:29:53 -0500] "GET / HTTP/1.1" 301 - "-" "Mozilla/5.0 (Windows NT 10.0; Win64; x64) AppleWebKit/537.36 (KHTML, like Gecko) Chrome/90.0.4430.85 Safari/537.36 Edg/90.0.818.46"
213.73.25.230 - - [26/Jan/2026:08:40:09 -0500] "GET /wp-json/wp/v2/posts HTTP/1.1" 404 284 "-" "Mozilla/5.0 (Windows NT 10.0; Win64; x64) AppleWebKit/537.36 (KHTML, like Gecko) Chrome/120.0.0.0 Safari/537.36"
216.180.246.206 - - [26/Jan/2026:08:44:03 -0500] "GET / HTTP/1.1" 200 43169 "-" "'Mozilla/5.0 (compatible; GenomeCrawlerd/1.0; +https://www.nokia.com/genomecrawler)'"
216.180.246.206 - - [26/Jan/2026:08:44:35 -0500] "GET / HTTP/1.1" 301 - "-" "'Mozilla/5.0 (compatible; GenomeCrawlerd/1.0; +https://www.nokia.com/genomecrawler)'"
216.180.246.206 - - [26/Jan/2026:08:45:06 -0500] "GET /manage/account/login HTTP/1.1" 404 281 "-" "'Mozilla/5.0 (compatible; GenomeCrawlerd/1.0; +https://www.nokia.com/genomecrawler)'"
216.180.246.206 - - [26/Jan/2026:08:45:19 -0500] "GET /admin/index.html HTTP/1.1" 404 277 "-" "'Mozilla/5.0 (compatible; GenomeCrawlerd/1.0; +https://www.nokia.com/genomecrawler)'"
216.180.246.206 - - [26/Jan/2026:08:45:43 -0500] "GET /index.html HTTP/1.1" 404 271 "-" "'Mozilla/5.0 (compatible; GenomeCrawlerd/1.0; +https://www.nokia.com/genomecrawler)'"
216.180.246.206 - - [26/Jan/2026:08:45:58 -0500] "GET /+CSCOE+/logon.html HTTP/1.1" 404 279 "-" "'Mozilla/5.0 (compatible; GenomeCrawlerd/1.0; +https://www.nokia.com/genomecrawler)'"
216.180.246.206 - - [26/Jan/2026:08:46:12 -0500] "GET /cgi-bin/login.cgi HTTP/1.1" 404 278 "-" "'Mozilla/5.0 (compatible; GenomeCrawlerd/1.0; +https://www.nokia.com/genomecrawler)'"
216.180.246.206 - - [26/Jan/2026:08:46:27 -0500] "GET /login.htm HTTP/1.1" 404 270 "-" "'Mozilla/5.0 (compatible; GenomeCrawlerd/1.0; +https://www.nokia.com/genomecrawler)'"
216.180.246.206 - - [26/Jan/2026:08:46:50 -0500] "GET /login.html HTTP/1.1" 404 271 "-" "'Mozilla/5.0 (compatible; GenomeCrawlerd/1.0; +https://www.nokia.com/genomecrawler)'"
216.180.246.206 - - [26/Jan/2026:08:47:05 -0500] "GET /login.jsp HTTP/1.1" 404 270 "-" "'Mozilla/5.0 (compatible; GenomeCrawlerd/1.0; +https://www.nokia.com/genomecrawler)'"
216.180.246.206 - - [26/Jan/2026:08:47:28 -0500] "GET /login HTTP/1.1" 404 266 "-" "'Mozilla/5.0 (compatible; GenomeCrawlerd/1.0; +https://www.nokia.com/genomecrawler)'"
216.180.246.206 - - [26/Jan/2026:08:47:51 -0500] "GET /doc/index.html HTTP/1.1" 404 275 "-" "'Mozilla/5.0 (compatible; GenomeCrawlerd/1.0; +https://www.nokia.com/genomecrawler)'"
216.180.246.206 - - [26/Jan/2026:08:48:11 -0500] "GET /remote/login HTTP/1.1" 404 273 "-" "'Mozilla/5.0 (compatible; GenomeCrawlerd/1.0; +https://www.nokia.com/genomecrawler)'"
216.180.246.206 - - [26/Jan/2026:08:48:35 -0500] "GET //admin/login.asp HTTP/1.1" 404 276 "-" "'Mozilla/5.0 (compatible; GenomeCrawlerd/1.0; +https://www.nokia.com/genomecrawler)'"
216.180.246.206 - - [26/Jan/2026:08:48:58 -0500] "GET /web/ HTTP/1.1" 404 265 "-" "'Mozilla/5.0 (compatible; GenomeCrawlerd/1.0; +https://www.nokia.com/genomecrawler)'"
216.180.246.206 - - [26/Jan/2026:08:49:23 -0500] "GET //webpages/login.html HTTP/1.1" 404 280 "-" "'Mozilla/5.0 (compatible; GenomeCrawlerd/1.0; +https://www.nokia.com/genomecrawler)'"
204.76.203.212 - - [26/Jan/2026:08:56:48 -0500] "GET / HTTP/1.1" 301 - "-" "Mozilla/5.0 (Windows NT 10.0; Win64; x64) AppleWebKit/537.36 (KHTML, like Gecko) Chrome/90.0.4430.85 Safari/537.36 Edg/90.0.818.46"
37.59.21.100 - - [26/Jan/2026:09:03:20 -0500] "GET /index.php/feed HTTP/1.1" 200 15319 "-" "Mozilla/5.0 (X11; Linux i686) AppleWebKit/537.36 (KHTML, like Gecko) Chrome/30.0.1599.66 Safari/537.36"
43.153.12.58 - - [26/Jan/2026:09:03:24 -0500] "GET / HTTP/1.1" 200 43169 "-" "Mozilla/5.0 (iPhone; CPU iPhone OS 13_2_3 like Mac OS X) AppleWebKit/605.1.15 (KHTML, like Gecko) Version/13.0.3 Mobile/15E148 Safari/604.1"
47.245.93.39 - - [26/Jan/2026:09:10:50 -0500] "GET / HTTP/1.1" 301 - "-" "curl/7.78.0"
43.155.27.244 - - [26/Jan/2026:09:15:22 -0500] "GET / HTTP/1.1" 301 - "-" "Mozilla/5.0 (iPhone; CPU iPhone OS 13_2_3 like Mac OS X) AppleWebKit/605.1.15 (KHTML, like Gecko) Version/13.0.3 Mobile/15E148 Safari/604.1"
193.142.147.209 - - [26/Jan/2026:09:16:36 -0500] "POST / HTTP/1.1" 301 - "-" "Mozilla/5.0 (Windows NT 10.0; Win64; x64) AppleWebKit/537.36"
204.76.203.212 - - [26/Jan/2026:09:22:13 -0500] "GET / HTTP/1.1" 301 - "-" "Mozilla/5.0 (Windows NT 10.0; Win64; x64) AppleWebKit/537.36 (KHTML, like Gecko) Chrome/90.0.4430.85 Safari/537.36 Edg/90.0.818.46"
122.116.125.115 - - [26/Jan/2026:09:25:58 -0500] "GET //wp-json/wp/v2/posts HTTP/1.1" 404 284 "-" "Mozilla/5.0 (Windows NT 10.0; Win64; x64) AppleWebKit/537.36 (KHTML, like Gecko) Chrome/120.0.0.0 Safari/537.36"
204.76.203.212 - - [26/Jan/2026:09:44:14 -0500] "GET / HTTP/1.1" 301 - "-" "Mozilla/5.0 (Windows NT 10.0; Win64; x64) AppleWebKit/537.36 (KHTML, like Gecko) Chrome/90.0.4430.85 Safari/537.36 Edg/90.0.818.46"
52.55.248.230 - - [26/Jan/2026:09:46:38 -0500] "GET /promo/tubes_mp4/cams/c4f142122-TheHotShow.mp4 HTTP/1.1" 404 302 "http://www.kmasutra.com/" "Mozilla/5.0 (Macintosh; Intel Mac OS X 10_15_7) AppleWebKit/605.1.15 (KHTML, like Gecko) Version/26.2 Safari/605.1.15"
52.55.248.230 - - [26/Jan/2026:09:46:38 -0500] "GET /www/delivery/ajs.php?zoneid=6&cb=6252905182&charset=UTF-8&loc=http%3A//www.kmasutra.com/index.php/kama-sutra-video/kama-sutra-sex-videos.html HTTP/1.1" 404 282 "http://www.kmasutra.com/" "Mozilla/5.0 (Macintosh; Intel Mac OS X 10_15_7) AppleWebKit/605.1.15 (KHTML, like Gecko) Version/26.2 Safari/605.1.15"
52.55.248.230 - - [26/Jan/2026:09:46:38 -0500] "GET /www/delivery/ajs.php?zoneid=6&cb=64542504760&charset=UTF-8&loc=http%3A//www.kmasutra.com/index.php/kama-sutra-video/kama-sutra-sex-videos.html HTTP/1.1" 404 282 "http://www.kmasutra.com/" "Mozilla/5.0 (Macintosh; Intel Mac OS X 10_15_7) AppleWebKit/605.1.15 (KHTML, like Gecko) Version/26.2 Safari/605.1.15"
74.206.190.72 - - [26/Jan/2026:09:49:22 -0500] "POST /wp-cron.php?doing_wp_cron=1769438962.4625630378723144531250 HTTP/1.1" 200 - "-" "WordPress/3.6.1; http://www.knockeduptube.com"
27.115.124.113 - - [26/Jan/2026:09:49:22 -0500] "GET / HTTP/1.1" 200 43169 "-" "Mozilla/5.0 (Macintosh; Intel Mac OS X 10_15_7) AppleWebKit/537.36 (KHTML, like Gecko) Chrome/120.0.0.0 Safari/537.36 Edg/120.0.0.0"
27.115.124.114 - - [26/Jan/2026:09:49:41 -0500] "GET /robots.txt HTTP/1.1" 200 29 "-" "Mozilla/5.0 (Macintosh; Intel Mac OS X 10_7_0) AppleWebKit/535.11 (KHTML, like Gecko) Chrome/17.0.963.56 Safari/535.11"
27.115.124.96 - - [26/Jan/2026:09:49:43 -0500] "GET /config.json HTTP/1.1" 404 280 "-" "Mozilla/5.0 (Macintosh; Intel Mac OS X 10_7_0) AppleWebKit/535.11 (KHTML, like Gecko) Chrome/17.0.963.56 Safari/535.11"
27.115.124.114 - - [26/Jan/2026:09:49:45 -0500] "GET /wp-content/plugins/wp-postratings/readme.txt HTTP/1.1" 200 1173 "-" "Mozilla/5.0 (X11; Linux x86_64) AppleWebKit/533.1 (KHTML, like Gecko) Chrome/53.0.853.0 Safari/533.1"
27.115.124.113 - - [26/Jan/2026:09:49:46 -0500] "GET /wp-content/plugins/wp-page-numbers/readme.txt HTTP/1.1" 200 2205 "-" "Mozilla/5.0 (X11; Linux x86_64) AppleWebKit/533.1 (KHTML, like Gecko) Chrome/53.0.853.0 Safari/533.1"
27.115.124.113 - - [26/Jan/2026:09:49:47 -0500] "GET /wp-content/themes/tube-theme/readme.txt HTTP/1.1" 404 308 "-" "Mozilla/5.0 (X11; Linux x86_64) AppleWebKit/533.1 (KHTML, like Gecko) Chrome/53.0.853.0 Safari/533.1"
80.82.70.133 - - [26/Jan/2026:09:52:37 -0500] "GET / HTTP/1.1" 200 43169 "-" "Mozilla/5.0 (Macintosh; Intel Mac OS X 10_14_4) AppleWebKit/605.1.15 (KHTML, like Gecko) Version/12.1 Safari/605.1.15"
80.82.77.202 - - [26/Jan/2026:09:53:07 -0500] "GET /aaa9 HTTP/1.1" 404 265 "-" "Mozilla/5.0 (Windows NT 10.0; Win64; x64) AppleWebKit/537.36 (KHTML, like Gecko) Chrome/70.0.3538.77 Safari/537.36"
80.82.77.202 - - [26/Jan/2026:09:53:07 -0500] "GET /aab9 HTTP/1.1" 404 265 "-" "Mozilla/5.0 (Windows NT 10.0; Win64; x64) AppleWebKit/537.36 (KHTML, like Gecko) Chrome/70.0.3538.77 Safari/537.36"
185.241.208.123 - - [26/Jan/2026:10:07:51 -0500] "GET /ss.php?f_c=1 HTTP/1.1" 404 271 "-" "Mozilla/5.0 (Linux; Android 7.0; SM-G892A Build/NRD90M; wv) AppleWebKit/537.36 (KHTML, like Gecko) Version/4.0 Chrome/60.0.3112.107 Mobile Safari/537.36"
204.76.203.212 - - [26/Jan/2026:10:13:16 -0500] "GET / HTTP/1.1" 301 - "-" "Mozilla/5.0 (Windows NT 10.0; Win64; x64) AppleWebKit/537.36 (KHTML, like Gecko) Chrome/90.0.4430.85 Safari/537.36 Edg/90.0.818.46"
49.51.47.100 - - [26/Jan/2026:10:19:41 -0500] "GET / HTTP/1.1" 301 - "-" "Mozilla/5.0 (iPhone; CPU iPhone OS 13_2_3 like Mac OS X) AppleWebKit/605.1.15 (KHTML, like Gecko) Version/13.0.3 Mobile/15E148 Safari/604.1"
74.206.190.72 - - [26/Jan/2026:10:19:42 -0500] "POST /wp-cron.php?doing_wp_cron=1769440782.3647139072418212890625 HTTP/1.1" 200 - "-" "WordPress/3.6.1; http://www.knockeduptube.com"
49.51.47.100 - - [26/Jan/2026:10:19:42 -0500] "GET / HTTP/1.1" 200 43169 "http://knockeduptube.com" "Mozilla/5.0 (iPhone; CPU iPhone OS 13_2_3 like Mac OS X) AppleWebKit/605.1.15 (KHTML, like Gecko) Version/13.0.3 Mobile/15E148 Safari/604.1"
37.59.21.100 - - [26/Jan/2026:10:27:43 -0500] "GET /index.php/category/pregnant-teens/feed HTTP/1.1" 200 6036 "-" "Mozilla/5.0 (X11; Linux i686) AppleWebKit/537.36 (KHTML, like Gecko) Chrome/30.0.1599.66 Safari/537.36"
43.135.135.57 - - [26/Jan/2026:10:30:40 -0500] "GET / HTTP/1.1" 301 - "-" "Mozilla/5.0 (iPhone; CPU iPhone OS 13_2_3 like Mac OS X) AppleWebKit/605.1.15 (KHTML, like Gecko) Version/13.0.3 Mobile/15E148 Safari/604.1"
78.153.140.203 - - [26/Jan/2026:10:35:15 -0500] "GET /.env HTTP/1.1" 404 265 "-" "Mozilla/5.0 (X11; FreeBSD amd64; rv:42.0) Gecko/20100101 Firefox/42.0"
78.153.140.203 - - [26/Jan/2026:10:35:16 -0500] "GET /admin/.env HTTP/1.1" 404 271 "-" "Dalvik/2.1.0 (Linux; U; Android 5.0; SM-N900V Build/LRX21V)"
78.153.140.203 - - [26/Jan/2026:10:35:16 -0500] "GET /api/.env HTTP/1.1" 404 269 "-" "Mozilla/5.0 (Linux; U; Android 4.0.3; en-ca; A200 Build/IML74K) AppleWebKit/534.30 (KHTML, like Gecko) Version/4.0 Safari/534.30"
78.153.140.203 - - [26/Jan/2026:10:35:16 -0500] "GET /app/.env HTTP/1.1" 404 269 "-" "Mozilla/5.0 (X11; U; Linux x86_64; en-US) AppleWebKit/534.1 (KHTML, like Gecko) Chrome/6.0.427.0 Safari/534.1"
78.153.140.203 - - [26/Jan/2026:10:35:17 -0500] "GET /backend/.env HTTP/1.1" 404 273 "-" "Mozilla/5.0 (X11; Linux x86_64) AppleWebKit/537.36 (KHTML, like Gecko) Chrome/51.0.2704.63 Safari/537.36 OPR/38.0.2220.29"
78.153.140.203 - - [26/Jan/2026:10:35:17 -0500] "GET /demo/.env HTTP/1.1" 404 270 "-" "Mozilla/5.0 (X11; U; Linux x86_64; en-US) AppleWebKit/534.16 (KHTML, like Gecko) Ubuntu/10.10 Chromium/10.0.648.133 Chrome/10.0.648.133 Safari/534.16"
78.153.140.203 - - [26/Jan/2026:10:35:17 -0500] "GET /dev/.env HTTP/1.1" 404 269 "-" "Mozilla/4.0 (compatible; MSIE 5.0; Windows 2000) Opera 6.0  [en]"
78.153.140.203 - - [26/Jan/2026:10:35:18 -0500] "GET /staging/.env HTTP/1.1" 404 273 "-" "Mozilla/4.0 (compatible; MSIE 6.0; Windows NT 5.0; en) Opera 8.02"
78.153.140.203 - - [26/Jan/2026:10:35:18 -0500] "GET /mail/.env HTTP/1.1" 404 270 "-" "Mozilla/5.0 (Windows; U; Windows NT 5.1; cs; rv:1.8.1.18) Gecko/20081029 Firefox/2.0.0.18"
78.153.140.203 - - [26/Jan/2026:10:35:19 -0500] "GET /m/.env HTTP/1.1" 404 267 "-" "Mozilla/5.0 (Linux; U; Android 4.1.2; en-us; GT-N5110 Build/JZO54K) AppleWebKit/534.30 (KHTML, like Gecko) Version/4.0 Safari/534.30"
78.153.140.203 - - [26/Jan/2026:10:35:19 -0500] "GET /remote/.env HTTP/1.1" 404 272 "-" "Mozilla/5.0 (Windows NT 6.2; WOW64; rv:31.0) Gecko/20100101 Firefox/49.0"
78.153.140.203 - - [26/Jan/2026:10:35:19 -0500] "GET /webmail/.env HTTP/1.1" 404 273 "-" "Mozilla/5.0 (X11; U; Linux i686; en-US; rv:1.7.6) Gecko/20050317 Firefox/1.0.2"
78.153.140.203 - - [26/Jan/2026:10:35:20 -0500] "GET /server/.env HTTP/1.1" 404 272 "-" "Mozilla/5.0 (X11; U; Linux x86_64; en-US; rv:1.8.0.3) Gecko/20060522 Firefox/1.5.0.3"
78.153.140.203 - - [26/Jan/2026:10:35:20 -0500] "GET /vpn/.env HTTP/1.1" 404 269 "-" "Mozilla/5.0 (Windows NT 10.0; Win64; x64) AppleWebKit/537.36 (KHTML, like Gecko) Chrome/64.0.3282.186 Safari/537.36"
78.153.140.203 - - [26/Jan/2026:10:35:20 -0500] "GET /secure/.env HTTP/1.1" 404 272 "-" "Mozilla/5.0 (Windows NT 5.1; rv:5.0) Gecko/20100101 Firefox/5.0"
78.153.140.203 - - [26/Jan/2026:10:35:21 -0500] "GET /shop/.env HTTP/1.1" 404 270 "-" "Mozilla/5.0 (Macintosh; U; PPC Mac OS X 10_5_2; en-gb) AppleWebKit/526+ (KHTML, like Gecko) Version/3.1 Safari/525.9"
78.153.140.203 - - [26/Jan/2026:10:35:21 -0500] "GET /cloud/.env HTTP/1.1" 404 271 "-" "Mozilla/5.0 (X11; Ubuntu; Linux i686; rv:17.0) Gecko/20100101 Firefox/17.0"
78.153.140.203 - - [26/Jan/2026:10:35:21 -0500] "GET /portal/.env HTTP/1.1" 404 272 "-" "Mozilla/5.0 (Windows; U; Windows NT 5.1; zh-CN; rv:1.9.0.5) Gecko/200900101 Firefox/3.0.5"
78.153.140.203 - - [26/Jan/2026:10:35:22 -0500] "GET /host/.env HTTP/1.1" 404 270 "-" "Mozilla/5.0 (X11; U; Linux x86_64; en-US; rv:1.9.1.1) Gecko/20090714 SUSE/3.5.1-1.1 Firefox/3.5.1"
78.153.140.203 - - [26/Jan/2026:10:35:22 -0500] "GET /support/.env HTTP/1.1" 404 273 "-" "Mozilla/5.0 (X11; Linux i686; rv:17.0) Gecko/17.0 Firefox/17.0"
78.153.140.203 - - [26/Jan/2026:10:35:22 -0500] "GET /pop/.env HTTP/1.1" 404 269 "-" "Mozilla/5.0 (X11; U; Linux i686; en-US; rv:1.8.0.8) Gecko/20061107 Fedora/1.5.0.8-1.fc6 Firefox/1.5.0.8"
78.153.140.203 - - [26/Jan/2026:10:35:23 -0500] "GET /store/.env HTTP/1.1" 404 271 "-" "Mozilla/5.0 (X11; U; FreeBSD i386; en-US; rv:1.9.2.9) Gecko/20100913 Firefox/3.6.9"
78.153.140.203 - - [26/Jan/2026:10:35:23 -0500] "GET /cdn/.env HTTP/1.1" 404 269 "-" "Mozilla/5.0 (Macintosh; Intel Mac OS X 10_9_5) AppleWebKit/600.4.10 (KHTML, like Gecko) Version/7.1.4 Safari/537.85.13"
78.153.140.203 - - [26/Jan/2026:10:35:23 -0500] "GET /dashboard/.env HTTP/1.1" 404 275 "-" "W3C_Validator/1.305.2.12 libwww-perl/5.64"
78.153.140.203 - - [26/Jan/2026:10:35:24 -0500] "GET /test/.env HTTP/1.1" 404 270 "-" "Mozilla/5.0 (Windows; U; Windows NT 5.0; rv:1.7.3) Gecko/20040913 Firefox/0.10.1"
204.76.203.212 - - [26/Jan/2026:10:37:11 -0500] "GET / HTTP/1.1" 301 - "-" "Mozilla/5.0 (Windows NT 10.0; Win64; x64) AppleWebKit/537.36 (KHTML, like Gecko) Chrome/90.0.4430.85 Safari/537.36 Edg/90.0.818.46"
37.59.21.100 - - [26/Jan/2026:10:48:18 -0500] "GET /index.php/category/pregnant-porn/feed HTTP/1.1" 200 9409 "-" "Mozilla/5.0 (X11; Linux i686) AppleWebKit/537.36 (KHTML, like Gecko) Chrome/30.0.1599.66 Safari/537.36"
114.119.152.216 - - [26/Jan/2026:10:58:38 -0500] "GET /index.php/tag/add-new-tag HTTP/1.1" 200 14402 "http://www.knockeduptube.com/index.php/pregnant-milf/preggo-milf-tube.html" "Mozilla/5.0 (Linux; Android 7.0;) AppleWebKit/537.36 (KHTML, like Gecko) Mobile Safari/537.36 (compatible; PetalBot;+https://webmaster.petalsearch.com/site/petalbot)"
204.76.203.212 - - [26/Jan/2026:11:02:03 -0500] "GET / HTTP/1.1" 301 - "-" "Mozilla/5.0 (Windows NT 10.0; Win64; x64) AppleWebKit/537.36 (KHTML, like Gecko) Chrome/90.0.4430.85 Safari/537.36 Edg/90.0.818.46"
43.130.72.40 - - [26/Jan/2026:11:17:25 -0500] "GET / HTTP/1.1" 301 - "-" "Mozilla/5.0 (iPhone; CPU iPhone OS 13_2_3 like Mac OS X) AppleWebKit/605.1.15 (KHTML, like Gecko) Version/13.0.3 Mobile/15E148 Safari/604.1"
81.29.142.100 - - [26/Jan/2026:11:25:32 -0500] "GET / HTTP/1.1" 301 - "-" "Mozilla/5.0 (Windows NT 6.1) AppleWebKit/537.36 (KHTML, like Gecko) Chrome/89.0.4389.114 Safari/537.36"
204.76.203.212 - - [26/Jan/2026:11:27:07 -0500] "GET / HTTP/1.1" 301 - "-" "Mozilla/5.0 (Windows NT 10.0; Win64; x64) AppleWebKit/537.36 (KHTML, like Gecko) Chrome/90.0.4430.85 Safari/537.36 Edg/90.0.818.46"
193.142.147.209 - - [26/Jan/2026:11:39:21 -0500] "POST / HTTP/1.1" 301 - "-" "Mozilla/5.0 (Windows NT 10.0; Win64; x64) AppleWebKit/537.36"
204.76.203.212 - - [26/Jan/2026:11:51:30 -0500] "GET / HTTP/1.1" 301 - "-" "Mozilla/5.0 (Windows NT 10.0; Win64; x64) AppleWebKit/537.36 (KHTML, like Gecko) Chrome/90.0.4430.85 Safari/537.36 Edg/90.0.818.46"
109.205.179.242 - - [26/Jan/2026:11:53:13 -0500] "GET /wp-admin/css/ HTTP/1.1" 403 282 "binance.com" "Mozilla/5.0 (Windows NT 10.0; Win64; x64) AppleWebKit/537.36 (KHTML, like Gecko) Chrome/90.0.4430.85 Safari/537.36"
43.159.143.190 - - [26/Jan/2026:12:08:13 -0500] "GET / HTTP/1.1" 301 - "-" "Mozilla/5.0 (iPhone; CPU iPhone OS 13_2_3 like Mac OS X) AppleWebKit/605.1.15 (KHTML, like Gecko) Version/13.0.3 Mobile/15E148 Safari/604.1"
74.206.190.72 - - [26/Jan/2026:12:16:21 -0500] "POST /wp-cron.php?doing_wp_cron=1769447781.8804419040679931640625 HTTP/1.1" 200 - "-" "WordPress/3.6.1; http://www.knockeduptube.com"
37.59.21.100 - - [26/Jan/2026:12:16:21 -0500] "GET /index.php/feed HTTP/1.1" 200 15319 "-" "Mozilla/5.0 (X11; Linux i686) AppleWebKit/537.36 (KHTML, like Gecko) Chrome/30.0.1599.66 Safari/537.36"
204.76.203.212 - - [26/Jan/2026:12:17:26 -0500] "GET / HTTP/1.1" 301 - "-" "Mozilla/5.0 (Windows NT 10.0; Win64; x64) AppleWebKit/537.36 (KHTML, like Gecko) Chrome/90.0.4430.85 Safari/537.36 Edg/90.0.818.46"
155.212.37.37 - - [26/Jan/2026:12:19:50 -0500] "GET /wp-login.php HTTP/1.1" 200 2300 "-" "Mozilla/5.0 (Windows NT 10.0; Win64; x64) AppleWebKit/537.36 (KHTML, like Gecko) Chrome/124.0.6367.207 Safari/537.36"
155.212.37.37 - - [26/Jan/2026:12:19:50 -0500] "GET /wp-login.php?wp_lang=en_US HTTP/1.1" 200 2300 "-" "Mozilla/5.0 (Windows NT 10.0; Win64; x64) AppleWebKit/537.36 (KHTML, like Gecko) Chrome/124.0.6367.207 Safari/537.36"
155.212.37.37 - - [26/Jan/2026:12:19:51 -0500] "POST /wp-login.php?wp_lang=en_US HTTP/1.1" 302 - "http://www.knockeduptube.com/wp-login.php?wp_lang=en_US" "Mozilla/5.0 (Windows NT 10.0; Win64; x64) AppleWebKit/537.36 (KHTML, like Gecko) Chrome/124.0.6367.207 Safari/537.36"
155.212.37.37 - - [26/Jan/2026:12:19:51 -0500] "GET /wp-admin/ HTTP/1.1" 200 65973 "http://www.knockeduptube.com/wp-login.php?wp_lang=en_US" "Mozilla/5.0 (Windows NT 10.0; Win64; x64) AppleWebKit/537.36 (KHTML, like Gecko) Chrome/124.0.6367.207 Safari/537.36"
155.212.37.37 - - [26/Jan/2026:12:19:53 -0500] "GET /wp-admin/plugins.php HTTP/1.1" 200 65022 "-" "Mozilla/5.0 (Windows NT 10.0; Win64; x64) AppleWebKit/537.36 (KHTML, like Gecko) Chrome/124.0.6367.207 Safari/537.36"
155.212.37.37 - - [26/Jan/2026:12:19:54 -0500] "GET /wp-admin/plugin-install.php HTTP/1.1" 200 45879 "-" "Mozilla/5.0 (Windows NT 10.0; Win64; x64) AppleWebKit/537.36 (KHTML, like Gecko) Chrome/124.0.6367.207 Safari/537.36"
155.212.37.37 - - [26/Jan/2026:12:19:54 -0500] "GET /wp-admin/plugin-install.php HTTP/1.1" 200 45879 "-" "Mozilla/5.0 (Windows NT 10.0; Win64; x64) AppleWebKit/537.36 (KHTML, like Gecko) Chrome/124.0.6367.207 Safari/537.36"
155.212.37.37 - - [26/Jan/2026:12:19:55 -0500] "GET /wp-admin/plugin-install.php HTTP/1.1" 200 45879 "-" "Mozilla/5.0 (Windows NT 10.0; Win64; x64) AppleWebKit/537.36 (KHTML, like Gecko) Chrome/124.0.6367.207 Safari/537.36"
155.212.37.37 - - [26/Jan/2026:12:19:58 -0500] "GET /wp-admin/plugin-install.php HTTP/1.1" 200 45879 "-" "Mozilla/5.0 (Windows NT 10.0; Win64; x64) AppleWebKit/537.36 (KHTML, like Gecko) Chrome/124.0.6367.207 Safari/537.36"
155.212.37.37 - - [26/Jan/2026:12:19:59 -0500] "GET /wp-admin/plugin-install.php HTTP/1.1" 200 45879 "-" "Mozilla/5.0 (Windows NT 10.0; Win64; x64) AppleWebKit/537.36 (KHTML, like Gecko) Chrome/124.0.6367.207 Safari/537.36"
155.212.37.37 - - [26/Jan/2026:12:19:59 -0500] "GET /wp-admin/themes.php HTTP/1.1" 200 53333 "-" "Mozilla/5.0 (Windows NT 10.0; Win64; x64) AppleWebKit/537.36 (KHTML, like Gecko) Chrome/124.0.6367.207 Safari/537.36"
155.212.37.37 - - [26/Jan/2026:12:20:00 -0500] "GET /wp-admin/theme-install.php?browse=popular HTTP/1.1" 200 32061 "-" "Mozilla/5.0 (Windows NT 10.0; Win64; x64) AppleWebKit/537.36 (KHTML, like Gecko) Chrome/124.0.6367.207 Safari/537.36"
155.212.37.37 - - [26/Jan/2026:12:20:00 -0500] "GET /wp-admin/theme-install.php?browse=popular HTTP/1.1" 200 32061 "-" "Mozilla/5.0 (Windows NT 10.0; Win64; x64) AppleWebKit/537.36 (KHTML, like Gecko) Chrome/124.0.6367.207 Safari/537.36"
155.212.37.37 - - [26/Jan/2026:12:20:03 -0500] "GET /wp-admin/theme-install.php?browse=popular HTTP/1.1" 200 32061 "-" "Mozilla/5.0 (Windows NT 10.0; Win64; x64) AppleWebKit/537.36 (KHTML, like Gecko) Chrome/124.0.6367.207 Safari/537.36"
155.212.37.37 - - [26/Jan/2026:12:20:03 -0500] "GET /wp-admin/theme-install.php?browse=popular HTTP/1.1" 200 32061 "-" "Mozilla/5.0 (Windows NT 10.0; Win64; x64) AppleWebKit/537.36 (KHTML, like Gecko) Chrome/124.0.6367.207 Safari/537.36"
155.212.37.37 - - [26/Jan/2026:12:20:04 -0500] "GET /wp-admin/theme-install.php?browse=popular HTTP/1.1" 200 32061 "-" "Mozilla/5.0 (Windows NT 10.0; Win64; x64) AppleWebKit/537.36 (KHTML, like Gecko) Chrome/124.0.6367.207 Safari/537.36"
155.212.37.37 - - [26/Jan/2026:12:20:04 -0500] "GET /wp-admin/themes.php HTTP/1.1" 200 53333 "-" "Mozilla/5.0 (Windows NT 10.0; Win64; x64) AppleWebKit/537.36 (KHTML, like Gecko) Chrome/124.0.6367.207 Safari/537.36"
155.212.37.37 - - [26/Jan/2026:12:20:05 -0500] "GET /wp-admin/theme-install.php?browse=popular HTTP/1.1" 200 32061 "-" "Mozilla/5.0 (Windows NT 10.0; Win64; x64) AppleWebKit/537.36 (KHTML, like Gecko) Chrome/124.0.6367.207 Safari/537.36"
155.212.37.37 - - [26/Jan/2026:12:20:05 -0500] "GET /wp-admin/theme-install.php?browse=popular HTTP/1.1" 200 32061 "-" "Mozilla/5.0 (Windows NT 10.0; Win64; x64) AppleWebKit/537.36 (KHTML, like Gecko) Chrome/124.0.6367.207 Safari/537.36"
155.212.37.37 - - [26/Jan/2026:12:20:08 -0500] "GET /wp-admin/theme-install.php?browse=popular HTTP/1.1" 200 32061 "-" "Mozilla/5.0 (Windows NT 10.0; Win64; x64) AppleWebKit/537.36 (KHTML, like Gecko) Chrome/124.0.6367.207 Safari/537.36"
155.212.37.37 - - [26/Jan/2026:12:20:08 -0500] "GET /wp-admin/theme-install.php?browse=popular HTTP/1.1" 200 32061 "-" "Mozilla/5.0 (Windows NT 10.0; Win64; x64) AppleWebKit/537.36 (KHTML, like Gecko) Chrome/124.0.6367.207 Safari/537.36"
155.212.37.37 - - [26/Jan/2026:12:20:08 -0500] "GET /wp-admin/theme-install.php?browse=popular HTTP/1.1" 200 32061 "-" "Mozilla/5.0 (Windows NT 10.0; Win64; x64) AppleWebKit/537.36 (KHTML, like Gecko) Chrome/124.0.6367.207 Safari/537.36"
155.212.37.37 - - [26/Jan/2026:12:20:09 -0500] "GET /wp-admin/themes.php HTTP/1.1" 200 53333 "-" "Mozilla/5.0 (Windows NT 10.0; Win64; x64) AppleWebKit/537.36 (KHTML, like Gecko) Chrome/124.0.6367.207 Safari/537.36"
155.212.37.37 - - [26/Jan/2026:12:20:10 -0500] "GET /wp-admin/theme-install.php?browse=popular HTTP/1.1" 200 32061 "-" "Mozilla/5.0 (Windows NT 10.0; Win64; x64) AppleWebKit/537.36 (KHTML, like Gecko) Chrome/124.0.6367.207 Safari/537.36"
155.212.37.37 - - [26/Jan/2026:12:20:10 -0500] "GET /wp-admin/theme-install.php?browse=popular HTTP/1.1" 200 32061 "-" "Mozilla/5.0 (Windows NT 10.0; Win64; x64) AppleWebKit/537.36 (KHTML, like Gecko) Chrome/124.0.6367.207 Safari/537.36"
155.212.37.37 - - [26/Jan/2026:12:20:10 -0500] "GET /wp-admin/theme-install.php?browse=popular HTTP/1.1" 200 32061 "-" "Mozilla/5.0 (Windows NT 10.0; Win64; x64) AppleWebKit/537.36 (KHTML, like Gecko) Chrome/124.0.6367.207 Safari/537.36"
155.212.37.37 - - [26/Jan/2026:12:20:11 -0500] "GET /wp-admin/theme-install.php?browse=popular HTTP/1.1" 200 32061 "-" "Mozilla/5.0 (Windows NT 10.0; Win64; x64) AppleWebKit/537.36 (KHTML, like Gecko) Chrome/124.0.6367.207 Safari/537.36"
155.212.37.37 - - [26/Jan/2026:12:20:11 -0500] "GET /wp-admin/theme-install.php?browse=popular HTTP/1.1" 200 32061 "-" "Mozilla/5.0 (Windows NT 10.0; Win64; x64) AppleWebKit/537.36 (KHTML, like Gecko) Chrome/124.0.6367.207 Safari/537.36"
155.212.37.37 - - [26/Jan/2026:12:20:12 -0500] "GET /wp-admin/themes.php HTTP/1.1" 200 53333 "-" "Mozilla/5.0 (Windows NT 10.0; Win64; x64) AppleWebKit/537.36 (KHTML, like Gecko) Chrome/124.0.6367.207 Safari/537.36"
155.212.37.37 - - [26/Jan/2026:12:20:13 -0500] "GET /wp-admin/theme-install.php?browse=popular HTTP/1.1" 200 32061 "-" "Mozilla/5.0 (Windows NT 10.0; Win64; x64) AppleWebKit/537.36 (KHTML, like Gecko) Chrome/124.0.6367.207 Safari/537.36"
155.212.37.37 - - [26/Jan/2026:12:20:13 -0500] "GET /wp-admin/theme-install.php?browse=popular HTTP/1.1" 200 32061 "-" "Mozilla/5.0 (Windows NT 10.0; Win64; x64) AppleWebKit/537.36 (KHTML, like Gecko) Chrome/124.0.6367.207 Safari/537.36"
155.212.37.37 - - [26/Jan/2026:12:20:14 -0500] "GET /wp-admin/theme-install.php?browse=popular HTTP/1.1" 200 32061 "-" "Mozilla/5.0 (Windows NT 10.0; Win64; x64) AppleWebKit/537.36 (KHTML, like Gecko) Chrome/124.0.6367.207 Safari/537.36"
155.212.37.37 - - [26/Jan/2026:12:20:15 -0500] "GET /wp-admin/theme-install.php?browse=popular HTTP/1.1" 200 32061 "-" "Mozilla/5.0 (Windows NT 10.0; Win64; x64) AppleWebKit/537.36 (KHTML, like Gecko) Chrome/124.0.6367.207 Safari/537.36"
155.212.37.37 - - [26/Jan/2026:12:20:15 -0500] "GET /wp-admin/theme-install.php?browse=popular HTTP/1.1" 200 32061 "-" "Mozilla/5.0 (Windows NT 10.0; Win64; x64) AppleWebKit/537.36 (KHTML, like Gecko) Chrome/124.0.6367.207 Safari/537.36"
155.212.37.37 - - [26/Jan/2026:12:20:16 -0500] "GET /wp-admin/themes.php HTTP/1.1" 200 53333 "-" "Mozilla/5.0 (Windows NT 10.0; Win64; x64) AppleWebKit/537.36 (KHTML, like Gecko) Chrome/124.0.6367.207 Safari/537.36"
155.212.37.37 - - [26/Jan/2026:12:20:16 -0500] "GET /wp-admin/theme-install.php?browse=popular HTTP/1.1" 200 32061 "-" "Mozilla/5.0 (Windows NT 10.0; Win64; x64) AppleWebKit/537.36 (KHTML, like Gecko) Chrome/124.0.6367.207 Safari/537.36"
155.212.37.37 - - [26/Jan/2026:12:20:17 -0500] "GET /wp-admin/theme-install.php?browse=popular HTTP/1.1" 200 32061 "-" "Mozilla/5.0 (Windows NT 10.0; Win64; x64) AppleWebKit/537.36 (KHTML, like Gecko) Chrome/124.0.6367.207 Safari/537.36"
155.212.37.37 - - [26/Jan/2026:12:20:18 -0500] "GET /wp-admin/theme-install.php?browse=popular HTTP/1.1" 200 32061 "-" "Mozilla/5.0 (Windows NT 10.0; Win64; x64) AppleWebKit/537.36 (KHTML, like Gecko) Chrome/124.0.6367.207 Safari/537.36"
155.212.37.37 - - [26/Jan/2026:12:20:18 -0500] "GET /wp-admin/theme-install.php?browse=popular HTTP/1.1" 200 32061 "-" "Mozilla/5.0 (Windows NT 10.0; Win64; x64) AppleWebKit/537.36 (KHTML, like Gecko) Chrome/124.0.6367.207 Safari/537.36"
155.212.37.37 - - [26/Jan/2026:12:20:19 -0500] "GET /wp-admin/theme-install.php?browse=popular HTTP/1.1" 200 32061 "-" "Mozilla/5.0 (Windows NT 10.0; Win64; x64) AppleWebKit/537.36 (KHTML, like Gecko) Chrome/124.0.6367.207 Safari/537.36"
155.212.37.37 - - [26/Jan/2026:12:20:19 -0500] "GET /wp-admin/plugins.php HTTP/1.1" 200 65022 "-" "Mozilla/5.0 (Windows NT 10.0; Win64; x64) AppleWebKit/537.36 (KHTML, like Gecko) Chrome/124.0.6367.207 Safari/537.36"
155.212.37.37 - - [26/Jan/2026:12:20:21 -0500] "GET /wp-admin/plugins.php HTTP/1.1" 200 65022 "-" "Mozilla/5.0 (Windows NT 10.0; Win64; x64) AppleWebKit/537.36 (KHTML, like Gecko) Chrome/124.0.6367.207 Safari/537.36"
155.212.37.37 - - [26/Jan/2026:12:20:22 -0500] "GET /wp-admin/plugins.php HTTP/1.1" 200 65022 "-" "Mozilla/5.0 (Windows NT 10.0; Win64; x64) AppleWebKit/537.36 (KHTML, like Gecko) Chrome/124.0.6367.207 Safari/537.36"
155.212.37.37 - - [26/Jan/2026:12:20:23 -0500] "GET /wp-admin/plugins.php HTTP/1.1" 200 65022 "-" "Mozilla/5.0 (Windows NT 10.0; Win64; x64) AppleWebKit/537.36 (KHTML, like Gecko) Chrome/124.0.6367.207 Safari/537.36"
155.212.37.37 - - [26/Jan/2026:12:20:24 -0500] "GET /wp-admin/plugins.php HTTP/1.1" 200 65022 "-" "Mozilla/5.0 (Windows NT 10.0; Win64; x64) AppleWebKit/537.36 (KHTML, like Gecko) Chrome/124.0.6367.207 Safari/537.36"
8.213.151.128 - - [26/Jan/2026:12:20:27 -0500] "GET /wp-login.php HTTP/1.1" 200 2300 "-" "Mozilla/5.0 (Windows NT 10.0; Win64; x64; rv:127.0) Gecko/20100101 Firefox/127.0"
8.213.151.128 - - [26/Jan/2026:12:20:28 -0500] "GET /wp-login.php?wp_lang=en_US HTTP/1.1" 200 2300 "-" "Mozilla/5.0 (Windows NT 10.0; Win64; x64) AppleWebKit/537.36 (KHTML, like Gecko) Chrome/124.0.6367.207 Safari/537.36"
212.119.46.183 - - [26/Jan/2026:12:20:46 -0500] "GET /wp-login.php?wp_lang=en_US HTTP/1.1" 200 2300 "-" "Mozilla/5.0 (Windows NT 10.0; Win64; x64) AppleWebKit/537.36 (KHTML, like Gecko) Chrome/124.0.6367.207 Safari/537.36"
212.119.46.183 - - [26/Jan/2026:12:20:46 -0500] "POST /wp-login.php?wp_lang=en_US HTTP/1.1" 302 - "http://www.knockeduptube.com/wp-login.php?wp_lang=en_US" "Mozilla/5.0 (Windows NT 10.0; Win64; x64) AppleWebKit/537.36 (KHTML, like Gecko) Chrome/124.0.6367.207 Safari/537.36"
212.119.46.183 - - [26/Jan/2026:12:20:46 -0500] "GET /wp-admin/ HTTP/1.1" 200 65973 "http://www.knockeduptube.com/wp-login.php?wp_lang=en_US" "Mozilla/5.0 (Windows NT 10.0; Win64; x64) AppleWebKit/537.36 (KHTML, like Gecko) Chrome/124.0.6367.207 Safari/537.36"
212.119.46.183 - - [26/Jan/2026:12:20:47 -0500] "GET /wp-admin/themes.php HTTP/1.1" 200 53333 "-" "Mozilla/5.0 (Windows NT 10.0; Win64; x64) AppleWebKit/537.36 (KHTML, like Gecko) Chrome/124.0.6367.207 Safari/537.36"
212.119.46.183 - - [26/Jan/2026:12:20:47 -0500] "GET /wp-admin/theme-install.php?browse=popular HTTP/1.1" 200 32061 "-" "Mozilla/5.0 (Windows NT 10.0; Win64; x64) AppleWebKit/537.36 (KHTML, like Gecko) Chrome/124.0.6367.207 Safari/537.36"
212.119.46.183 - - [26/Jan/2026:12:20:48 -0500] "GET /wp-admin/theme-install.php?browse=popular HTTP/1.1" 200 32061 "-" "Mozilla/5.0 (Windows NT 10.0; Win64; x64) AppleWebKit/537.36 (KHTML, like Gecko) Chrome/124.0.6367.207 Safari/537.36"
212.119.46.183 - - [26/Jan/2026:12:20:48 -0500] "GET /wp-admin/theme-install.php?browse=popular HTTP/1.1" 200 32061 "-" "Mozilla/5.0 (Windows NT 10.0; Win64; x64) AppleWebKit/537.36 (KHTML, like Gecko) Chrome/124.0.6367.207 Safari/537.36"
212.119.46.183 - - [26/Jan/2026:12:20:48 -0500] "GET /wp-admin/theme-install.php?browse=popular HTTP/1.1" 200 32061 "-" "Mozilla/5.0 (Windows NT 10.0; Win64; x64) AppleWebKit/537.36 (KHTML, like Gecko) Chrome/124.0.6367.207 Safari/537.36"
212.119.46.183 - - [26/Jan/2026:12:20:49 -0500] "GET /wp-admin/theme-install.php?browse=popular HTTP/1.1" 200 32061 "-" "Mozilla/5.0 (Windows NT 10.0; Win64; x64) AppleWebKit/537.36 (KHTML, like Gecko) Chrome/124.0.6367.207 Safari/537.36"
212.119.46.183 - - [26/Jan/2026:12:20:50 -0500] "GET /wp-admin/themes.php HTTP/1.1" 200 53333 "-" "Mozilla/5.0 (Windows NT 10.0; Win64; x64) AppleWebKit/537.36 (KHTML, like Gecko) Chrome/124.0.6367.207 Safari/537.36"
212.119.46.183 - - [26/Jan/2026:12:20:50 -0500] "GET /wp-admin/theme-install.php?browse=popular HTTP/1.1" 200 32061 "-" "Mozilla/5.0 (Windows NT 10.0; Win64; x64) AppleWebKit/537.36 (KHTML, like Gecko) Chrome/124.0.6367.207 Safari/537.36"
212.119.46.183 - - [26/Jan/2026:12:20:51 -0500] "GET /wp-admin/theme-install.php?browse=popular HTTP/1.1" 200 32061 "-" "Mozilla/5.0 (Windows NT 10.0; Win64; x64) AppleWebKit/537.36 (KHTML, like Gecko) Chrome/124.0.6367.207 Safari/537.36"
