File: //home/httpd/logs/hunkytube.com_access_log
40.76.117.18 - - [30/Jan/2026:03:56:25 -0500] "GET /manager/html HTTP/1.1" 302 273 "-" "Mozilla/5.0 zgrab/0.x"
43.153.86.78 - - [30/Jan/2026:03:58:03 -0500] "GET / HTTP/1.1" 301 - "-" "Mozilla/5.0 (iPhone; CPU iPhone OS 13_2_3 like Mac OS X) AppleWebKit/605.1.15 (KHTML, like Gecko) Version/13.0.3 Mobile/15E148 Safari/604.1"
74.206.190.70 - - [30/Jan/2026:03:58:04 -0500] "POST /wp-cron.php?doing_wp_cron=1769763484.2258589267730712890625 HTTP/1.1" 200 - "-" "WordPress/3.6.1; http://www.hunkytube.com"
43.153.86.78 - - [30/Jan/2026:03:58:04 -0500] "GET / HTTP/1.1" 200 64729 "http://hunkytube.com" "Mozilla/5.0 (iPhone; CPU iPhone OS 13_2_3 like Mac OS X) AppleWebKit/605.1.15 (KHTML, like Gecko) Version/13.0.3 Mobile/15E148 Safari/604.1"
24.214.179.163 - - [30/Jan/2026:03:58:48 -0500] "GET / HTTP/1.1" 301 - "-" "Mozilla/5.0 (Macintosh; Intel Mac OS X 10_15_3) AppleWebKit/537.36 (KHTML, like Gecko) Chrome/92.0.4515.107 Safari/537.36"
24.214.179.163 - - [30/Jan/2026:03:58:48 -0500] "GET / HTTP/1.1" 200 64729 "-" "Mozilla/5.0 (Macintosh; Intel Mac OS X 10_15_3) AppleWebKit/537.36 (KHTML, like Gecko) Chrome/92.0.4515.107 Safari/537.36"
204.76.203.212 - - [30/Jan/2026:03:59:33 -0500] "GET / HTTP/1.1" 301 - "-" "Mozilla/5.0 (Windows NT 10.0; Win64; x64) AppleWebKit/537.36 (KHTML, like Gecko) Chrome/90.0.4430.85 Safari/537.36 Edg/90.0.818.46"
212.104.184.38 - - [30/Jan/2026:04:02:31 -0500] "GET / HTTP/1.1" 200 64729 "-" "Mozilla/5.0 (Windows NT 10.0; Win64; x64) AppleWebKit/537.36 (KHTML, like Gecko) Chrome/120.0.0.0 Safari/537.36"
169.224.67.34 - - [30/Jan/2026:04:02:36 -0500] "GET /wp-login.php HTTP/1.1" 200 2284 "-" "Mozilla/5.0 (Windows NT 10.0; Win64; x64) AppleWebKit/537.36 (KHTML, like Gecko) Chrome/120.0.0.0 Safari/537.36"
169.224.67.34 - - [30/Jan/2026:04:02:37 -0500] "POST /wp-login.php HTTP/1.1" 302 - "http://www.hunkytube.com/wp-login.php" "Mozilla/5.0 (Windows NT 10.0; Win64; x64) AppleWebKit/537.36 (KHTML, like Gecko) Chrome/120.0.0.0 Safari/537.36"
169.224.67.34 - - [30/Jan/2026:04:02:38 -0500] "GET /wp-admin/ HTTP/1.1" 200 81498 "http://www.hunkytube.com/wp-login.php" "Mozilla/5.0 (Windows NT 10.0; Win64; x64) AppleWebKit/537.36 (KHTML, like Gecko) Chrome/120.0.0.0 Safari/537.36"
93.34.113.134 - - [30/Jan/2026:04:02:41 -0500] "POST /xmlrpc.php HTTP/1.1" 302 277 "-" "WordPress/5.0; http://www.hunkytube.com"
93.34.113.134 - - [30/Jan/2026:04:02:45 -0500] "GET /wp-admin/admin-ajax.php?action=rest-nonce HTTP/1.1" 200 1 "-" "Mozilla/5.0 (Windows NT 10.0; Win64; x64) AppleWebKit/537.36 (KHTML, like Gecko) Chrome/120.0.0.0 Safari/537.36"
93.34.113.134 - - [30/Jan/2026:04:02:45 -0500] "GET /wp-admin/ HTTP/1.1" 200 81498 "-" "Mozilla/5.0 (Windows NT 10.0; Win64; x64) AppleWebKit/537.36 (KHTML, like Gecko) Chrome/120.0.0.0 Safari/537.36"
165.154.129.74 - - [30/Jan/2026:04:05:50 -0500] "GET / HTTP/1.1" 301 - "-" "curl/7.29.0"
152.32.213.68 - - [30/Jan/2026:04:06:11 -0500] "GET / HTTP/1.1" 301 - "-" "Mozilla/5.0 (Windows NT 8_1_1; Win64; x64) AppleWebKit/570.50 (KHTML, like Gecko) Chrome/78.0.119 Safari/537.36"
89.42.231.200 - - [30/Jan/2026:04:08:49 -0500] "GET /cgi-bin/luci/;stok=/locale HTTP/1.1" 302 273 "-" "-"
204.76.203.69 - - [30/Jan/2026:04:09:43 -0500] "GET / HTTP/1.1" 301 - "-" "Mozilla/5.0 (Windows NT 10.0; Win64; x64) AppleWebKit/537.36 (KHTML, like Gecko) Chrome/90.0.4430.85 Safari/537.36 Edg/90.0.818.46"
141.94.194.132 - - [30/Jan/2026:04:11:16 -0500] "GET /index.php/category/gay-hunks/feed HTTP/1.1" 200 10757 "-" "Mozilla/5.0 (X11; Linux i686) AppleWebKit/537.36 (KHTML, like Gecko) Chrome/30.0.1599.66 Safari/537.36"
43.155.26.193 - - [30/Jan/2026:04:12:45 -0500] "GET / HTTP/1.1" 301 - "-" "Mozilla/5.0 (iPhone; CPU iPhone OS 13_2_3 like Mac OS X) AppleWebKit/605.1.15 (KHTML, like Gecko) Version/13.0.3 Mobile/15E148 Safari/604.1"
141.94.194.132 - - [30/Jan/2026:04:13:18 -0500] "GET /index.php/tag/ass/feed HTTP/1.1" 200 3417 "-" "Mozilla/5.0 (X11; Linux i686) AppleWebKit/537.36 (KHTML, like Gecko) Chrome/30.0.1599.66 Safari/537.36"
5.61.209.92 - - [30/Jan/2026:04:14:24 -0500] "GET /SDK/webLanguage HTTP/1.1" 302 273 "-" "Mozilla/5.0 (Windows NT 10.0; Win64; x64) AppleWebKit/537.36 (KHTML, like Gecko) Chrome/90.0.4430.85 Safari/537.36 Edg/90.0.818.46"
43.157.98.187 - - [30/Jan/2026:04:15:19 -0500] "GET / HTTP/1.1" 301 - "-" "Mozilla/5.0 (iPhone; CPU iPhone OS 13_2_3 like Mac OS X) AppleWebKit/605.1.15 (KHTML, like Gecko) Version/13.0.3 Mobile/15E148 Safari/604.1"
193.142.147.209 - - [30/Jan/2026:04:16:54 -0500] "POST / HTTP/1.1" 301 - "-" "Mozilla/5.0 (Windows NT 10.0; Win64; x64) AppleWebKit/537.36"
141.94.194.132 - - [30/Jan/2026:04:26:25 -0500] "GET /index.php/bareback/sexy-gay-hunk.html/feed HTTP/1.1" 200 1289 "-" "Mozilla/5.0 (X11; Linux i686) AppleWebKit/537.36 (KHTML, like Gecko) Chrome/30.0.1599.66 Safari/537.36"
141.94.194.132 - - [30/Jan/2026:04:27:47 -0500] "GET /index.php/tag/raw-papi/feed HTTP/1.1" 200 13707 "-" "Mozilla/5.0 (X11; Linux i686) AppleWebKit/537.36 (KHTML, like Gecko) Chrome/30.0.1599.66 Safari/537.36"
204.76.203.212 - - [30/Jan/2026:04:27:48 -0500] "GET / HTTP/1.1" 301 - "-" "Mozilla/5.0 (Windows NT 10.0; Win64; x64) AppleWebKit/537.36 (KHTML, like Gecko) Chrome/90.0.4430.85 Safari/537.36 Edg/90.0.818.46"
149.22.90.214 - - [30/Jan/2026:04:28:15 -0500] "GET / HTTP/1.1" 301 - "-" "Mozilla/5.0 (Windows NT 10.0; Win64; x64; rv:146.0) Gecko/20100101 Firefox/146.0"
149.22.90.214 - - [30/Jan/2026:04:28:18 -0500] "GET / HTTP/1.1" 200 64729 "-" "req/v3 (https://github.com/imroc/req)"
173.244.55.135 - - [30/Jan/2026:04:28:19 -0500] "GET / HTTP/1.1" 301 - "-" "Mozilla/5.0 (Linux; Android 10; K) AppleWebKit/537.36 (KHTML, like Gecko) Chrome/137.0.0.0 Mobile Safari/537.36"
173.244.55.135 - - [30/Jan/2026:04:28:21 -0500] "GET / HTTP/1.1" 200 64729 "-" "req/v3 (https://github.com/imroc/req)"
149.22.90.214 - - [30/Jan/2026:04:29:10 -0500] "GET / HTTP/1.1" 301 - "-" "Mozilla/5.0 (iPhone; CPU iPhone OS 17_0 like Mac OS X) AppleWebKit/605.1.15 (KHTML, like Gecko) Version/17.0 Mobile/15E148 Safari/172.1"
149.22.90.214 - - [30/Jan/2026:04:29:11 -0500] "GET / HTTP/1.1" 200 64729 "-" "req/v3 (https://github.com/imroc/req)"
43.135.130.202 - - [30/Jan/2026:04:29:22 -0500] "GET / HTTP/1.1" 301 - "-" "Mozilla/5.0 (iPhone; CPU iPhone OS 13_2_3 like Mac OS X) AppleWebKit/605.1.15 (KHTML, like Gecko) Version/13.0.3 Mobile/15E148 Safari/604.1"
27.0.174.146 - - [30/Jan/2026:04:30:28 -0500] "GET / HTTP/1.1" 301 - "-" "Go-http-client/1.1"
93.123.109.125 - - [30/Jan/2026:04:31:13 -0500] "GET / HTTP/1.1" 301 - "-" "Mozilla/5.0 (Windows NT 10.0; Win64; x64) AppleWebKit/537.36 (KHTML, like Gecko) Chrome/142.0.0.0 Safari/537.36"
93.123.109.125 - - [30/Jan/2026:04:31:14 -0500] "GET / HTTP/1.1" 301 - "-" "Mozilla/5.0 (Windows NT 10.0; Win64; x64) AppleWebKit/537.36 (KHTML, like Gecko) Chrome/142.0.0.0 Safari/537.36"
93.123.109.125 - - [30/Jan/2026:04:31:13 -0500] "GET / HTTP/1.1" 200 64729 "-" "Mozilla/5.0 (Windows NT 10.0; Win64; x64) AppleWebKit/537.36 (KHTML, like Gecko) Chrome/142.0.0.0 Safari/537.36"
141.94.194.132 - - [30/Jan/2026:04:34:58 -0500] "GET /index.php/bareback/gay-tube-hunks.html/feed HTTP/1.1" 200 1249 "-" "Mozilla/5.0 (X11; Linux i686) AppleWebKit/537.36 (KHTML, like Gecko) Chrome/30.0.1599.66 Safari/537.36"
114.10.42.2 - - [30/Jan/2026:04:36:28 -0500] "GET / HTTP/1.1" 200 64729 "https://www.google.com/" "Mozilla/5.0 (Linux; Android 10; K) AppleWebKit/537.36 (KHTML, like Gecko) Chrome/144.0.0.0 Mobile Safari/537.36"
114.10.42.2 - - [30/Jan/2026:04:36:29 -0500] "GET /wp-content/plugins/wp-postratings/postratings-js.php?ver=1.30 HTTP/1.1" 200 4810 "http://www.hunkytube.com/" "Mozilla/5.0 (Linux; Android 10; K) AppleWebKit/537.36 (KHTML, like Gecko) Chrome/144.0.0.0 Mobile Safari/537.36"
114.10.42.2 - - [30/Jan/2026:04:36:56 -0500] "GET /?s=chubby+&x=0&y=0 HTTP/1.1" 200 12079 "http://www.hunkytube.com/" "Mozilla/5.0 (Linux; Android 10; K) AppleWebKit/537.36 (KHTML, like Gecko) Chrome/144.0.0.0 Mobile Safari/537.36"
114.10.42.2 - - [30/Jan/2026:04:37:06 -0500] "GET /?s=dick&x=0&y=0 HTTP/1.1" 200 21789 "http://www.hunkytube.com/" "Mozilla/5.0 (Linux; Android 10; K) AppleWebKit/537.36 (KHTML, like Gecko) Chrome/144.0.0.0 Mobile Safari/537.36"
176.65.148.66 - - [30/Jan/2026:04:47:18 -0500] "HEAD / HTTP/1.1" 301 - "-" "Mozilla/5.0 (compatible; Let's Encrypt validation server; +https://www.letsencrypt.org )"
176.65.148.66 - - [30/Jan/2026:04:47:18 -0500] "GET / HTTP/1.1" 301 - "-" "Mozilla/5.0 (compatible; Let's Encrypt validation server; +https://www.letsencrypt.org )"
176.65.148.66 - - [30/Jan/2026:04:47:20 -0500] "HEAD /_next HTTP/1.1" 302 - "-" "Mozilla/5.0 (compatible; Let's Encrypt validation server; +https://www.letsencrypt.org )"
176.65.148.66 - - [30/Jan/2026:04:47:21 -0500] "POST / HTTP/1.1" 301 - "-" "Mozilla/5.0 (compatible; Let's Encrypt validation server; +https://www.letsencrypt.org )"
176.65.148.66 - - [30/Jan/2026:04:47:23 -0500] "POST /_next HTTP/1.1" 302 273 "-" "Mozilla/5.0 (compatible; Let's Encrypt validation server; +https://www.letsencrypt.org )"
45.150.174.91 - - [30/Jan/2026:04:47:25 -0500] "GET /wp-content/uploads/ HTTP/1.1" 302 277 "-" "-"
45.150.174.91 - - [30/Jan/2026:04:47:29 -0500] "GET /wp-includes/ HTTP/1.1" 302 277 "-" "-"
45.150.174.91 - - [30/Jan/2026:04:47:30 -0500] "GET /wp-includes/css/ HTTP/1.1" 302 277 "-" "-"
45.150.174.91 - - [30/Jan/2026:04:47:30 -0500] "GET /wp-includes/ID3/ HTTP/1.1" 302 277 "-" "-"
45.150.174.91 - - [30/Jan/2026:04:47:31 -0500] "GET /wp-includes/IXR/ HTTP/1.1" 302 277 "-" "-"
45.150.174.91 - - [30/Jan/2026:04:47:31 -0500] "GET /wp-includes/Requests/ HTTP/1.1" 302 277 "-" "-"
45.150.174.91 - - [30/Jan/2026:04:47:31 -0500] "GET /wp-includes/SimplePie/ HTTP/1.1" 302 277 "-" "-"
45.150.174.91 - - [30/Jan/2026:04:47:32 -0500] "GET /wp-includes/Text/ HTTP/1.1" 302 277 "-" "-"
45.150.174.91 - - [30/Jan/2026:04:47:32 -0500] "GET /wp-content/mu-plugins-old/ HTTP/1.1" 302 277 "-" "-"
45.150.174.91 - - [30/Jan/2026:04:47:33 -0500] "GET /wp-content/themes/classic/inc/ HTTP/1.1" 302 277 "-" "-"
45.150.174.91 - - [30/Jan/2026:04:47:33 -0500] "GET /wp-content/plugins/ninja-forms/ HTTP/1.1" 302 277 "-" "-"
45.150.174.91 - - [30/Jan/2026:04:47:34 -0500] "GET /wp-content/mu-plugins/ HTTP/1.1" 302 277 "-" "-"
45.150.174.91 - - [30/Jan/2026:04:47:34 -0500] "GET /wp-includes/Text/Diff/Renderer/ HTTP/1.1" 302 277 "-" "-"
45.150.174.91 - - [30/Jan/2026:04:47:35 -0500] "GET /wp-includes/blocks/ HTTP/1.1" 302 277 "-" "-"
45.150.174.91 - - [30/Jan/2026:04:47:35 -0500] "GET /wp-includes/certificates/ HTTP/1.1" 302 277 "-" "-"
45.150.174.91 - - [30/Jan/2026:04:47:36 -0500] "GET /wp-includes/customize/ HTTP/1.1" 302 277 "-" "-"
45.150.174.91 - - [30/Jan/2026:04:47:36 -0500] "GET /wp-includes/fonts/ HTTP/1.1" 302 277 "-" "-"
45.150.174.91 - - [30/Jan/2026:04:47:37 -0500] "GET /wp-includes/images/ HTTP/1.1" 302 277 "-" "-"
45.150.174.91 - - [30/Jan/2026:04:47:38 -0500] "GET /.well-known/ HTTP/1.1" 302 277 "-" "-"
45.150.174.91 - - [30/Jan/2026:04:47:38 -0500] "GET /ALFA_DATA/ HTTP/1.1" 302 277 "-" "-"
45.150.174.91 - - [30/Jan/2026:04:47:39 -0500] "GET /.well-knownold/ HTTP/1.1" 302 277 "-" "-"
45.150.174.91 - - [30/Jan/2026:04:47:39 -0500] "GET /.well-known/acme-challenge/ HTTP/1.1" 403 296 "-" "-"
45.150.174.91 - - [30/Jan/2026:04:47:39 -0500] "GET /cgi-bin/ HTTP/1.1" 302 277 "-" "-"
45.150.174.91 - - [30/Jan/2026:04:47:40 -0500] "GET /index/ HTTP/1.1" 302 277 "-" "-"
45.150.174.91 - - [30/Jan/2026:04:47:40 -0500] "GET /id/ HTTP/1.1" 302 277 "-" "-"
45.150.174.91 - - [30/Jan/2026:04:47:41 -0500] "GET /www/ HTTP/1.1" 302 277 "-" "-"
45.150.174.91 - - [30/Jan/2026:04:47:41 -0500] "GET /web/ HTTP/1.1" 302 277 "-" "-"
45.150.174.91 - - [30/Jan/2026:04:47:42 -0500] "GET /uploads/ HTTP/1.1" 302 277 "-" "-"
45.150.174.91 - - [30/Jan/2026:04:47:42 -0500] "GET /upload/ HTTP/1.1" 302 277 "-" "-"
45.150.174.91 - - [30/Jan/2026:04:47:43 -0500] "GET /admin/uploads/ HTTP/1.1" 302 277 "-" "-"
45.150.174.91 - - [30/Jan/2026:04:47:43 -0500] "GET /Admin/uploads/ HTTP/1.1" 302 277 "-" "-"
45.150.174.91 - - [30/Jan/2026:04:47:43 -0500] "GET /admin/ HTTP/1.1" 302 277 "-" "-"
45.150.174.91 - - [30/Jan/2026:04:47:44 -0500] "GET /images/ HTTP/1.1" 302 277 "-" "-"
45.150.174.91 - - [30/Jan/2026:04:47:44 -0500] "GET /assets/ HTTP/1.1" 302 277 "-" "-"
45.150.174.91 - - [30/Jan/2026:04:47:45 -0500] "GET /vendor/phpunit/phpunit/src/Util/PHP/ HTTP/1.1" 302 277 "-" "-"
45.150.174.91 - - [30/Jan/2026:04:47:45 -0500] "GET /upload/image/ HTTP/1.1" 302 277 "-" "-"
45.150.174.91 - - [30/Jan/2026:04:47:46 -0500] "GET /assets/images/ HTTP/1.1" 302 277 "-" "-"
45.150.174.91 - - [30/Jan/2026:04:47:46 -0500] "GET /Public/ HTTP/1.1" 302 277 "-" "-"
45.150.174.91 - - [30/Jan/2026:04:47:46 -0500] "GET /vendor/ HTTP/1.1" 302 277 "-" "-"
45.150.174.91 - - [30/Jan/2026:04:47:47 -0500] "GET /local/ HTTP/1.1" 302 277 "-" "-"
45.150.174.91 - - [30/Jan/2026:04:47:47 -0500] "GET /modules/ HTTP/1.1" 302 277 "-" "-"
45.150.174.91 - - [30/Jan/2026:04:47:48 -0500] "GET /Site/ HTTP/1.1" 302 277 "-" "-"
45.150.174.91 - - [30/Jan/2026:04:47:48 -0500] "GET /system/ HTTP/1.1" 302 277 "-" "-"
45.150.174.91 - - [30/Jan/2026:04:47:49 -0500] "GET /template/ HTTP/1.1" 302 277 "-" "-"
45.150.174.91 - - [30/Jan/2026:04:47:49 -0500] "GET /shop/ HTTP/1.1" 302 277 "-" "-"
45.150.174.91 - - [30/Jan/2026:04:47:50 -0500] "GET /files/ HTTP/1.1" 302 277 "-" "-"
45.150.174.91 - - [30/Jan/2026:04:47:50 -0500] "GET /admin/editor/ HTTP/1.1" 302 277 "-" "-"
45.150.174.91 - - [30/Jan/2026:04:47:51 -0500] "GET /include/ HTTP/1.1" 302 277 "-" "-"
45.150.174.91 - - [30/Jan/2026:04:47:51 -0500] "GET /Assets/ HTTP/1.1" 302 277 "-" "-"
45.150.174.91 - - [30/Jan/2026:04:47:51 -0500] "GET /images/stories/ HTTP/1.1" 302 277 "-" "-"
45.150.174.91 - - [30/Jan/2026:04:47:52 -0500] "GET /plugins/ HTTP/1.1" 302 277 "-" "-"
45.150.174.91 - - [30/Jan/2026:04:47:52 -0500] "GET /php/ HTTP/1.1" 302 277 "-" "-"
45.150.174.91 - - [30/Jan/2026:04:47:53 -0500] "GET /wp-admin/css/ HTTP/1.1" 302 277 "-" "-"
45.150.174.91 - - [30/Jan/2026:04:47:53 -0500] "GET /wp-content/themes/twentytwenty/ HTTP/1.1" 302 277 "-" "-"
45.150.174.91 - - [30/Jan/2026:04:47:54 -0500] "GET /wp-content/cache/ HTTP/1.1" 302 277 "-" "-"
45.150.174.91 - - [30/Jan/2026:04:47:54 -0500] "GET /wp-admin/maint/ HTTP/1.1" 302 277 "-" "-"
45.150.174.91 - - [30/Jan/2026:04:47:55 -0500] "GET /wp-content/plugins/akismet/ HTTP/1.1" 302 277 "-" "-"
45.150.174.91 - - [30/Jan/2026:04:47:55 -0500] "GET /wp-includes/assets/ HTTP/1.1" 302 277 "-" "-"
45.150.174.91 - - [30/Jan/2026:04:47:55 -0500] "GET /wp-includes/block-patterns/ HTTP/1.1" 302 277 "-" "-"
45.150.174.91 - - [30/Jan/2026:04:47:56 -0500] "GET /wp-includes/block-supports/ HTTP/1.1" 302 277 "-" "-"
45.150.174.91 - - [30/Jan/2026:04:47:56 -0500] "GET /wp-includes/html-api/ HTTP/1.1" 302 277 "-" "-"
45.150.174.91 - - [30/Jan/2026:04:47:57 -0500] "GET /wp-includes/js/ HTTP/1.1" 302 277 "-" "-"
45.150.174.91 - - [30/Jan/2026:04:47:57 -0500] "GET /wp-includes/php-compat/ HTTP/1.1" 302 277 "-" "-"
45.150.174.91 - - [30/Jan/2026:04:47:57 -0500] "GET /wp-includes/PHPMailer/ HTTP/1.1" 302 277 "-" "-"
45.150.174.91 - - [30/Jan/2026:04:47:58 -0500] "GET /wp-includes/pomo/ HTTP/1.1" 302 277 "-" "-"
45.150.174.91 - - [30/Jan/2026:04:47:58 -0500] "GET /wp-includes/random_compat/ HTTP/1.1" 302 277 "-" "-"
45.150.174.91 - - [30/Jan/2026:04:47:59 -0500] "GET /wp-includes/rest-api/ HTTP/1.1" 302 277 "-" "-"
45.150.174.91 - - [30/Jan/2026:04:47:59 -0500] "GET /wp-includes/sitemaps/ HTTP/1.1" 302 277 "-" "-"
45.150.174.91 - - [30/Jan/2026:04:47:59 -0500] "GET /wp-includes/sodium_compat/ HTTP/1.1" 302 277 "-" "-"
45.150.174.91 - - [30/Jan/2026:04:48:00 -0500] "GET /wp-includes/style-engine/ HTTP/1.1" 302 277 "-" "-"
45.150.174.91 - - [30/Jan/2026:04:48:00 -0500] "GET /wp-includes/theme-compat/ HTTP/1.1" 302 277 "-" "-"
45.150.174.91 - - [30/Jan/2026:04:48:01 -0500] "GET /wp-includes/widgets/ HTTP/1.1" 302 277 "-" "-"
45.150.174.91 - - [30/Jan/2026:04:48:01 -0500] "GET /wp-admin/css/colors/ectoplasm/ HTTP/1.1" 302 277 "-" "-"
45.150.174.91 - - [30/Jan/2026:04:48:02 -0500] "GET /wp-admin/css/colors/ HTTP/1.1" 302 277 "-" "-"
45.150.174.91 - - [30/Jan/2026:04:48:02 -0500] "GET /admin/images/slider/ HTTP/1.1" 302 277 "-" "-"
45.150.174.91 - - [30/Jan/2026:04:48:03 -0500] "GET /admin/fckeditor/editor/filemanager/ HTTP/1.1" 302 277 "-" "-"
45.150.174.91 - - [30/Jan/2026:04:48:03 -0500] "GET /sites/default/files/ HTTP/1.1" 302 277 "-" "-"
45.150.174.91 - - [30/Jan/2026:04:48:04 -0500] "GET /admin/controller/extension/extension/ HTTP/1.1" 302 277 "-" "-"
45.150.174.91 - - [30/Jan/2026:04:48:04 -0500] "GET /modules/mod_simplefileuploadv1.3/elements/ HTTP/1.1" 302 277 "-" "-"
45.150.174.91 - - [30/Jan/2026:04:48:05 -0500] "GET /components/ HTTP/1.1" 302 277 "-" "-"
45.150.174.91 - - [30/Jan/2026:04:48:05 -0500] "GET /admin/uploads/images/ HTTP/1.1" 302 277 "-" "-"
45.150.174.91 - - [30/Jan/2026:04:48:06 -0500] "GET /wp-content/plugins/classic-editor/ HTTP/1.1" 302 277 "-" "-"
45.150.174.91 - - [30/Jan/2026:04:48:06 -0500] "GET /wp-content/fonts/ HTTP/1.1" 302 277 "-" "-"
45.150.174.91 - - [30/Jan/2026:04:48:07 -0500] "GET /wp-content/plugins/contact-form-7/admin/js/ HTTP/1.1" 302 277 "-" "-"
45.150.174.91 - - [30/Jan/2026:04:48:07 -0500] "GET /wp-content/plugins/contact-form-7/ HTTP/1.1" 302 277 "-" "-"
45.150.174.91 - - [30/Jan/2026:04:48:08 -0500] "GET /wordpress/ HTTP/1.1" 302 277 "-" "-"
45.150.174.91 - - [30/Jan/2026:04:48:09 -0500] "GET /wp-admin/images/ HTTP/1.1" 302 277 "-" "-"
45.150.174.91 - - [30/Jan/2026:04:48:09 -0500] "GET /wp-content/plugins/wordpress-seo/js/dist/ HTTP/1.1" 302 277 "-" "-"
45.150.174.91 - - [30/Jan/2026:04:48:09 -0500] "GET /wp-content/plugins/wordpress-seo/ HTTP/1.1" 302 277 "-" "-"
45.150.174.91 - - [30/Jan/2026:04:48:10 -0500] "GET /js/ HTTP/1.1" 302 277 "-" "-"
45.150.174.91 - - [30/Jan/2026:04:48:10 -0500] "GET /wp-content/plugins/woocommerce/assets/js/ HTTP/1.1" 302 277 "-" "-"
45.150.174.91 - - [30/Jan/2026:04:48:11 -0500] "GET /wp-content/plugins/woocommerce/ HTTP/1.1" 302 277 "-" "-"
45.150.174.91 - - [30/Jan/2026:04:48:11 -0500] "GET /wp-admin/meta/ HTTP/1.1" 302 277 "-" "-"
45.150.174.91 - - [30/Jan/2026:04:48:12 -0500] "GET /wp-admin/network/ HTTP/1.1" 302 - "-" "-"
45.150.174.91 - - [30/Jan/2026:04:48:12 -0500] "GET /wp-login.php?redirect_to=http%3A%2F%2Fwww.hunkytube.com%2Fwp-admin%2Fnetwork%2F&reauth=1 HTTP/1.1" 200 2292 "-" "-"
45.150.174.91 - - [30/Jan/2026:04:48:12 -0500] "GET /wp-admin/user/ HTTP/1.1" 302 - "-" "-"
45.150.174.91 - - [30/Jan/2026:04:48:12 -0500] "GET /wp-login.php?redirect_to=http%3A%2F%2Fwww.hunkytube.com%2Fwp-admin%2Fuser%2F&reauth=1 HTTP/1.1" 200 2289 "-" "-"
45.150.174.91 - - [30/Jan/2026:04:48:13 -0500] "GET /wp-content/ HTTP/1.1" 200 - "-" "-"
45.150.174.91 - - [30/Jan/2026:04:48:13 -0500] "GET /wp-content/plugins/ HTTP/1.1" 200 - "-" "-"
45.150.174.91 - - [30/Jan/2026:04:48:13 -0500] "GET /wp-content/themes/ HTTP/1.1" 200 - "-" "-"
45.150.174.91 - - [30/Jan/2026:04:48:16 -0500] "GET /wp-admin/includes/ HTTP/1.1" 302 277 "-" "-"
45.150.174.91 - - [30/Jan/2026:04:48:16 -0500] "GET /wp-admin/ HTTP/1.1" 302 - "-" "-"
45.150.174.91 - - [30/Jan/2026:04:48:16 -0500] "GET /wp-login.php?redirect_to=http%3A%2F%2Fwww.hunkytube.com%2Fwp-admin%2F&reauth=1 HTTP/1.1" 200 2284 "-" "-"
45.150.174.91 - - [30/Jan/2026:04:48:17 -0500] "GET /wp-content/upgrade/ HTTP/1.1" 302 277 "-" "-"
204.76.203.212 - - [30/Jan/2026:04:50:52 -0500] "GET / HTTP/1.1" 301 - "-" "Mozilla/5.0 (Windows NT 10.0; Win64; x64) AppleWebKit/537.36 (KHTML, like Gecko) Chrome/90.0.4430.85 Safari/537.36 Edg/90.0.818.46"
54.39.203.95 - - [30/Jan/2026:04:50:53 -0500] "GET /robots.txt HTTP/1.1" 302 277 "-" "Mozilla/5.0 (compatible; AhrefsBot/7.0; +http://ahrefs.com/robot/)"
54.39.6.42 - - [30/Jan/2026:04:50:56 -0500] "GET /index.php/hunk-tube/hunks-without-trunks-movie.html HTTP/1.1" 302 277 "-" "Mozilla/5.0 (compatible; AhrefsBot/7.0; +http://ahrefs.com/robot/)"
46.105.42.96 - - [30/Jan/2026:04:51:31 -0500] "GET /robots.txt HTTP/1.1" 302 273 "-" "Mozilla/5.0 (compatible; MJ12bot/v2.0.4; http://mj12bot.com/)"
46.105.42.96 - - [30/Jan/2026:04:51:31 -0500] "GET / HTTP/1.1" 302 273 "-" "Mozilla/5.0 (compatible; MJ12bot/v2.0.4; http://mj12bot.com/)"
5.183.209.196 - - [30/Jan/2026:04:51:53 -0500] "GET /SDK/webLanguage HTTP/1.1" 302 273 "-" "Mozilla/5.0 (Windows NT 10.0; Win64; x64) AppleWebKit/537.36 (KHTML, like Gecko) Chrome/90.0.4430.85 Safari/537.36 Edg/90.0.818.46"
204.76.203.212 - - [30/Jan/2026:05:15:42 -0500] "GET / HTTP/1.1" 301 - "-" "Mozilla/5.0 (Windows NT 10.0; Win64; x64) AppleWebKit/537.36 (KHTML, like Gecko) Chrome/90.0.4430.85 Safari/537.36 Edg/90.0.818.46"
43.130.131.18 - - [30/Jan/2026:05:27:54 -0500] "GET / HTTP/1.1" 301 - "-" "Mozilla/5.0 (iPhone; CPU iPhone OS 13_2_3 like Mac OS X) AppleWebKit/605.1.15 (KHTML, like Gecko) Version/13.0.3 Mobile/15E148 Safari/604.1"
5.61.209.92 - - [30/Jan/2026:05:32:25 -0500] "GET /SDK/webLanguage HTTP/1.1" 302 273 "-" "Mozilla/5.0 (Windows NT 10.0; Win64; x64) AppleWebKit/537.36 (KHTML, like Gecko) Chrome/90.0.4430.85 Safari/537.36 Edg/90.0.818.46"
74.206.190.70 - - [30/Jan/2026:05:35:45 -0500] "POST /wp-cron.php?doing_wp_cron=1769769345.8647899627685546875000 HTTP/1.1" 200 - "-" "WordPress/3.6.1; http://www.hunkytube.com"
141.94.194.132 - - [30/Jan/2026:05:35:45 -0500] "GET /index.php/gay-hunks/naked-hunk-tube.html/feed HTTP/1.1" 200 1720 "-" "Mozilla/5.0 (X11; Linux i686) AppleWebKit/537.36 (KHTML, like Gecko) Chrome/30.0.1599.66 Safari/537.36"
204.76.203.212 - - [30/Jan/2026:05:40:01 -0500] "GET / HTTP/1.1" 301 - "-" "Mozilla/5.0 (Windows NT 10.0; Win64; x64) AppleWebKit/537.36 (KHTML, like Gecko) Chrome/90.0.4430.85 Safari/537.36 Edg/90.0.818.46"
43.135.140.225 - - [30/Jan/2026:05:45:37 -0500] "GET / HTTP/1.1" 301 - "-" "Mozilla/5.0 (iPhone; CPU iPhone OS 13_2_3 like Mac OS X) AppleWebKit/605.1.15 (KHTML, like Gecko) Version/13.0.3 Mobile/15E148 Safari/604.1"
74.206.190.70 - - [30/Jan/2026:05:54:42 -0500] "POST /wp-cron.php?doing_wp_cron=1769770482.0708301067352294921875 HTTP/1.1" 200 - "-" "WordPress/3.6.1; http://www.hunkytube.com"
43.135.148.92 - - [30/Jan/2026:05:54:41 -0500] "GET / HTTP/1.1" 200 64729 "-" "Mozilla/5.0 (iPhone; CPU iPhone OS 13_2_3 like Mac OS X) AppleWebKit/605.1.15 (KHTML, like Gecko) Version/13.0.3 Mobile/15E148 Safari/604.1"
216.26.244.180 - - [30/Jan/2026:06:03:44 -0500] "GET /wp-login.php HTTP/1.1" 200 2284 "-" "Mozilla/5.0 (Macintosh; Intel Mac OS X 13_5) AppleWebKit/605.1.15 (KHTML, like Gecko) Version/17.5 Safari/605.1.15"
216.26.244.180 - - [30/Jan/2026:06:03:45 -0500] "POST /xmlrpc.php HTTP/1.1" 302 277 "-" "Mozilla/5.0 (Macintosh; Intel Mac OS X 13_5) AppleWebKit/605.1.15 (KHTML, like Gecko) Version/17.5 Safari/605.1.15"
216.26.244.180 - - [30/Jan/2026:06:03:46 -0500] "GET / HTTP/1.1" 301 - "-" "Mozilla/5.0 (Macintosh; Intel Mac OS X 13_5) AppleWebKit/605.1.15 (KHTML, like Gecko) Version/17.5 Safari/605.1.15"
216.26.244.180 - - [30/Jan/2026:06:03:46 -0500] "GET / HTTP/1.1" 200 64729 "-" "Mozilla/5.0 (Macintosh; Intel Mac OS X 13_5) AppleWebKit/605.1.15 (KHTML, like Gecko) Version/17.5 Safari/605.1.15"
104.167.19.203 - - [30/Jan/2026:06:03:48 -0500] "POST /xmlrpc.php HTTP/1.1" 302 277 "-" "Mozilla/5.0 (Windows NT 10.0; Win64; x64; rv:127.0) Gecko/20100101 Firefox/127.0"
104.167.19.203 - - [30/Jan/2026:06:03:49 -0500] "GET / HTTP/1.1" 301 - "-" "Mozilla/5.0 (Windows NT 10.0; Win64; x64; rv:127.0) Gecko/20100101 Firefox/127.0"
104.167.19.203 - - [30/Jan/2026:06:03:49 -0500] "GET / HTTP/1.1" 200 64729 "-" "Mozilla/5.0 (Windows NT 10.0; Win64; x64; rv:127.0) Gecko/20100101 Firefox/127.0"
45.3.42.41 - - [30/Jan/2026:06:03:51 -0500] "POST /xmlrpc.php HTTP/1.1" 302 277 "-" "Mozilla/5.0 (Windows NT 10.0; Win64; x64; rv:127.0) Gecko/20100101 Firefox/127.0"
45.3.42.41 - - [30/Jan/2026:06:03:51 -0500] "GET / HTTP/1.1" 301 - "-" "Mozilla/5.0 (Windows NT 10.0; Win64; x64; rv:127.0) Gecko/20100101 Firefox/127.0"
45.3.42.41 - - [30/Jan/2026:06:03:52 -0500] "GET / HTTP/1.1" 200 64729 "-" "Mozilla/5.0 (Windows NT 10.0; Win64; x64; rv:127.0) Gecko/20100101 Firefox/127.0"
65.111.13.104 - - [30/Jan/2026:06:03:54 -0500] "POST /xmlrpc.php HTTP/1.1" 302 277 "-" "Mozilla/5.0 (Windows NT 10.0; Win64; x64; rv:127.0) Gecko/20100101 Firefox/127.0"
65.111.13.104 - - [30/Jan/2026:06:03:54 -0500] "GET / HTTP/1.1" 301 - "-" "Mozilla/5.0 (Windows NT 10.0; Win64; x64; rv:127.0) Gecko/20100101 Firefox/127.0"
65.111.13.104 - - [30/Jan/2026:06:03:55 -0500] "GET / HTTP/1.1" 200 64729 "-" "Mozilla/5.0 (Windows NT 10.0; Win64; x64; rv:127.0) Gecko/20100101 Firefox/127.0"
45.3.34.18 - - [30/Jan/2026:06:03:58 -0500] "POST /xmlrpc.php HTTP/1.1" 302 277 "-" "Mozilla/5.0 (Windows NT 10.0; Win64; x64; rv:127.0) Gecko/20100101 Firefox/127.0"
45.3.34.18 - - [30/Jan/2026:06:03:58 -0500] "GET / HTTP/1.1" 301 - "-" "Mozilla/5.0 (Windows NT 10.0; Win64; x64; rv:127.0) Gecko/20100101 Firefox/127.0"
45.3.34.18 - - [30/Jan/2026:06:03:59 -0500] "GET / HTTP/1.1" 200 64729 "-" "Mozilla/5.0 (Windows NT 10.0; Win64; x64; rv:127.0) Gecko/20100101 Firefox/127.0"
45.3.35.193 - - [30/Jan/2026:06:04:01 -0500] "POST /xmlrpc.php HTTP/1.1" 302 277 "-" "Mozilla/5.0 (Windows NT 10.0; Win64; x64) AppleWebKit/537.36 (KHTML, like Gecko) Chrome/124.0.6367.207 Safari/537.36"
45.3.35.193 - - [30/Jan/2026:06:04:01 -0500] "GET / HTTP/1.1" 301 - "-" "Mozilla/5.0 (Windows NT 10.0; Win64; x64) AppleWebKit/537.36 (KHTML, like Gecko) Chrome/124.0.6367.207 Safari/537.36"
45.3.35.193 - - [30/Jan/2026:06:04:02 -0500] "GET / HTTP/1.1" 200 64729 "-" "Mozilla/5.0 (Windows NT 10.0; Win64; x64) AppleWebKit/537.36 (KHTML, like Gecko) Chrome/124.0.6367.207 Safari/537.36"
209.50.166.148 - - [30/Jan/2026:06:04:05 -0500] "POST /xmlrpc.php HTTP/1.1" 302 277 "-" "Mozilla/5.0 (Macintosh; Intel Mac OS X 13_5) AppleWebKit/605.1.15 (KHTML, like Gecko) Version/17.5 Safari/605.1.15"
209.50.166.148 - - [30/Jan/2026:06:04:05 -0500] "GET / HTTP/1.1" 301 - "-" "Mozilla/5.0 (Macintosh; Intel Mac OS X 13_5) AppleWebKit/605.1.15 (KHTML, like Gecko) Version/17.5 Safari/605.1.15"
209.50.166.148 - - [30/Jan/2026:06:04:06 -0500] "GET / HTTP/1.1" 200 64729 "-" "Mozilla/5.0 (Macintosh; Intel Mac OS X 13_5) AppleWebKit/605.1.15 (KHTML, like Gecko) Version/17.5 Safari/605.1.15"
65.111.1.12 - - [30/Jan/2026:06:04:08 -0500] "POST /xmlrpc.php HTTP/1.1" 302 277 "-" "Mozilla/5.0 (Windows NT 10.0; Win64; x64; rv:127.0) Gecko/20100101 Firefox/127.0"
65.111.1.12 - - [30/Jan/2026:06:04:09 -0500] "GET / HTTP/1.1" 301 - "-" "Mozilla/5.0 (Windows NT 10.0; Win64; x64; rv:127.0) Gecko/20100101 Firefox/127.0"
65.111.1.12 - - [30/Jan/2026:06:04:09 -0500] "GET / HTTP/1.1" 200 64729 "-" "Mozilla/5.0 (Windows NT 10.0; Win64; x64; rv:127.0) Gecko/20100101 Firefox/127.0"
104.207.63.36 - - [30/Jan/2026:06:04:12 -0500] "POST /xmlrpc.php HTTP/1.1" 302 277 "-" "Mozilla/5.0 (Windows NT 10.0; Win64; x64; rv:127.0) Gecko/20100101 Firefox/127.0"
104.207.63.36 - - [30/Jan/2026:06:04:12 -0500] "GET / HTTP/1.1" 301 - "-" "Mozilla/5.0 (Windows NT 10.0; Win64; x64; rv:127.0) Gecko/20100101 Firefox/127.0"
104.207.63.36 - - [30/Jan/2026:06:04:13 -0500] "GET / HTTP/1.1" 200 64729 "-" "Mozilla/5.0 (Windows NT 10.0; Win64; x64; rv:127.0) Gecko/20100101 Firefox/127.0"
154.213.165.204 - - [30/Jan/2026:06:04:15 -0500] "POST /xmlrpc.php HTTP/1.1" 302 277 "-" "Mozilla/5.0 (Windows NT 10.0; Win64; x64) AppleWebKit/537.36 (KHTML, like Gecko) Chrome/124.0.6367.207 Safari/537.36"
154.213.165.204 - - [30/Jan/2026:06:04:15 -0500] "GET / HTTP/1.1" 301 - "-" "Mozilla/5.0 (Windows NT 10.0; Win64; x64) AppleWebKit/537.36 (KHTML, like Gecko) Chrome/124.0.6367.207 Safari/537.36"
154.213.165.204 - - [30/Jan/2026:06:04:16 -0500] "GET / HTTP/1.1" 200 64729 "-" "Mozilla/5.0 (Windows NT 10.0; Win64; x64) AppleWebKit/537.36 (KHTML, like Gecko) Chrome/124.0.6367.207 Safari/537.36"
154.213.166.134 - - [30/Jan/2026:06:04:18 -0500] "POST /xmlrpc.php HTTP/1.1" 302 277 "-" "Mozilla/5.0 (Windows NT 10.0; Win64; x64) AppleWebKit/537.36 (KHTML, like Gecko) Chrome/124.0.6367.207 Safari/537.36"
154.213.166.134 - - [30/Jan/2026:06:04:19 -0500] "GET / HTTP/1.1" 301 - "-" "Mozilla/5.0 (Windows NT 10.0; Win64; x64) AppleWebKit/537.36 (KHTML, like Gecko) Chrome/124.0.6367.207 Safari/537.36"
154.213.166.134 - - [30/Jan/2026:06:04:19 -0500] "GET / HTTP/1.1" 200 64729 "-" "Mozilla/5.0 (Windows NT 10.0; Win64; x64) AppleWebKit/537.36 (KHTML, like Gecko) Chrome/124.0.6367.207 Safari/537.36"
216.26.244.180 - - [30/Jan/2026:06:04:21 -0500] "GET /wp-login.php HTTP/1.1" 200 2284 "-" "Mozilla/5.0 (Windows NT 10.0; Win64; x64) AppleWebKit/537.36 (KHTML, like Gecko) Chrome/124.0.6367.207 Safari/537.36"
216.26.244.180 - - [30/Jan/2026:06:04:23 -0500] "POST /wp-login.php HTTP/1.1" 302 - "http://www.hunkytube.com/wp-login.php" "Mozilla/5.0 (Windows NT 10.0; Win64; x64) AppleWebKit/537.36 (KHTML, like Gecko) Chrome/124.0.6367.207 Safari/537.36"
216.26.244.180 - - [30/Jan/2026:06:04:23 -0500] "GET /wp-admin/ HTTP/1.1" 200 81499 "http://www.hunkytube.com/wp-login.php" "Mozilla/5.0 (Windows NT 10.0; Win64; x64) AppleWebKit/537.36 (KHTML, like Gecko) Chrome/124.0.6367.207 Safari/537.36"
216.26.244.180 - - [30/Jan/2026:06:04:25 -0500] "GET /wp-admin/admin-ajax.php?action=rest-nonce HTTP/1.1" 200 1 "-" "Mozilla/5.0 (Windows NT 10.0; Win64; x64) AppleWebKit/537.36 (KHTML, like Gecko) Chrome/124.0.6367.207 Safari/537.36"
216.26.244.180 - - [30/Jan/2026:06:04:25 -0500] "GET /wp-json/wp/v2/users/me HTTP/1.1" 302 277 "-" "Mozilla/5.0 (Windows NT 10.0; Win64; x64) AppleWebKit/537.36 (KHTML, like Gecko) Chrome/124.0.6367.207 Safari/537.36"
216.26.244.180 - - [30/Jan/2026:06:04:26 -0500] "GET / HTTP/1.1" 301 - "-" "Mozilla/5.0 (Windows NT 10.0; Win64; x64) AppleWebKit/537.36 (KHTML, like Gecko) Chrome/124.0.6367.207 Safari/537.36"
216.26.244.180 - - [30/Jan/2026:06:04:26 -0500] "GET / HTTP/1.1" 200 64729 "-" "Mozilla/5.0 (Windows NT 10.0; Win64; x64) AppleWebKit/537.36 (KHTML, like Gecko) Chrome/124.0.6367.207 Safari/537.36"
216.26.244.180 - - [30/Jan/2026:06:04:27 -0500] "GET /wp-json/wp/v2/users/me HTTP/1.1" 302 277 "-" "Mozilla/5.0 (Windows NT 10.0; Win64; x64) AppleWebKit/537.36 (KHTML, like Gecko) Chrome/124.0.6367.207 Safari/537.36"
216.26.244.180 - - [30/Jan/2026:06:04:28 -0500] "GET / HTTP/1.1" 301 - "-" "Mozilla/5.0 (Windows NT 10.0; Win64; x64) AppleWebKit/537.36 (KHTML, like Gecko) Chrome/124.0.6367.207 Safari/537.36"
216.26.244.180 - - [30/Jan/2026:06:04:28 -0500] "GET / HTTP/1.1" 200 64729 "-" "Mozilla/5.0 (Windows NT 10.0; Win64; x64) AppleWebKit/537.36 (KHTML, like Gecko) Chrome/124.0.6367.207 Safari/537.36"
216.26.244.180 - - [30/Jan/2026:06:04:30 -0500] "GET /wp-json/wp/v2/users/me HTTP/1.1" 302 277 "-" "Mozilla/5.0 (Windows NT 10.0; Win64; x64) AppleWebKit/537.36 (KHTML, like Gecko) Chrome/124.0.6367.207 Safari/537.36"
216.26.244.180 - - [30/Jan/2026:06:04:30 -0500] "GET / HTTP/1.1" 301 - "-" "Mozilla/5.0 (Windows NT 10.0; Win64; x64) AppleWebKit/537.36 (KHTML, like Gecko) Chrome/124.0.6367.207 Safari/537.36"
216.26.244.180 - - [30/Jan/2026:06:04:31 -0500] "GET / HTTP/1.1" 200 64729 "-" "Mozilla/5.0 (Windows NT 10.0; Win64; x64) AppleWebKit/537.36 (KHTML, like Gecko) Chrome/124.0.6367.207 Safari/537.36"
216.26.244.180 - - [30/Jan/2026:06:04:32 -0500] "GET /wp-json/wp/v2/users/me HTTP/1.1" 302 277 "-" "Mozilla/5.0 (Windows NT 10.0; Win64; x64) AppleWebKit/537.36 (KHTML, like Gecko) Chrome/124.0.6367.207 Safari/537.36"
216.26.244.180 - - [30/Jan/2026:06:04:32 -0500] "GET / HTTP/1.1" 301 - "-" "Mozilla/5.0 (Windows NT 10.0; Win64; x64) AppleWebKit/537.36 (KHTML, like Gecko) Chrome/124.0.6367.207 Safari/537.36"
216.26.244.180 - - [30/Jan/2026:06:04:33 -0500] "GET / HTTP/1.1" 200 64729 "-" "Mozilla/5.0 (Windows NT 10.0; Win64; x64) AppleWebKit/537.36 (KHTML, like Gecko) Chrome/124.0.6367.207 Safari/537.36"
216.26.244.180 - - [30/Jan/2026:06:04:34 -0500] "GET /wp-json/wp/v2/users/me HTTP/1.1" 302 277 "-" "Mozilla/5.0 (Windows NT 10.0; Win64; x64) AppleWebKit/537.36 (KHTML, like Gecko) Chrome/124.0.6367.207 Safari/537.36"
216.26.244.180 - - [30/Jan/2026:06:04:34 -0500] "GET / HTTP/1.1" 301 - "-" "Mozilla/5.0 (Windows NT 10.0; Win64; x64) AppleWebKit/537.36 (KHTML, like Gecko) Chrome/124.0.6367.207 Safari/537.36"
216.26.244.180 - - [30/Jan/2026:06:04:35 -0500] "GET / HTTP/1.1" 200 64729 "-" "Mozilla/5.0 (Windows NT 10.0; Win64; x64) AppleWebKit/537.36 (KHTML, like Gecko) Chrome/124.0.6367.207 Safari/537.36"
216.26.244.180 - - [30/Jan/2026:06:04:37 -0500] "GET /wp-admin/theme-editor.php HTTP/1.1" 200 47184 "-" "Mozilla/5.0 (Windows NT 10.0; Win64; x64) AppleWebKit/537.36 (KHTML, like Gecko) Chrome/124.0.6367.207 Safari/537.36"
216.26.244.180 - - [30/Jan/2026:06:04:38 -0500] "GET /wp-admin/plugin-editor.php HTTP/1.1" 200 32024 "-" "Mozilla/5.0 (Windows NT 10.0; Win64; x64) AppleWebKit/537.36 (KHTML, like Gecko) Chrome/124.0.6367.207 Safari/537.36"
216.26.244.180 - - [30/Jan/2026:06:04:39 -0500] "GET /wp-admin/theme-install.php HTTP/1.1" 200 35628 "-" "Mozilla/5.0 (Windows NT 10.0; Win64; x64) AppleWebKit/537.36 (KHTML, like Gecko) Chrome/124.0.6367.207 Safari/537.36"
216.26.244.180 - - [30/Jan/2026:06:04:40 -0500] "GET /wp-admin/plugin-install.php HTTP/1.1" 200 49025 "-" "Mozilla/5.0 (Windows NT 10.0; Win64; x64) AppleWebKit/537.36 (KHTML, like Gecko) Chrome/124.0.6367.207 Safari/537.36"
216.26.244.180 - - [30/Jan/2026:06:04:42 -0500] "GET /wp-admin/plugin-install.php HTTP/1.1" 200 49025 "-" "Mozilla/5.0 (Windows NT 10.0; Win64; x64) AppleWebKit/537.36 (KHTML, like Gecko) Chrome/124.0.6367.207 Safari/537.36"
216.26.244.180 - - [30/Jan/2026:06:04:43 -0500] "GET /wp-admin/plugin-install.php HTTP/1.1" 200 49025 "-" "Mozilla/5.0 (Windows NT 10.0; Win64; x64) AppleWebKit/537.36 (KHTML, like Gecko) Chrome/124.0.6367.207 Safari/537.36"
216.26.244.180 - - [30/Jan/2026:06:04:43 -0500] "GET /wp-admin/plugin-install.php HTTP/1.1" 200 49025 "-" "Mozilla/5.0 (Windows NT 10.0; Win64; x64) AppleWebKit/537.36 (KHTML, like Gecko) Chrome/124.0.6367.207 Safari/537.36"
216.26.244.180 - - [30/Jan/2026:06:04:44 -0500] "GET /wp-admin/plugin-install.php HTTP/1.1" 200 49025 "-" "Mozilla/5.0 (Windows NT 10.0; Win64; x64) AppleWebKit/537.36 (KHTML, like Gecko) Chrome/124.0.6367.207 Safari/537.36"
216.26.244.180 - - [30/Jan/2026:06:04:45 -0500] "GET /wp-admin/plugins.php?plugin_status=all HTTP/1.1" 200 67537 "-" "Mozilla/5.0 (Windows NT 10.0; Win64; x64) AppleWebKit/537.36 (KHTML, like Gecko) Chrome/124.0.6367.207 Safari/537.36"
216.26.244.180 - - [30/Jan/2026:06:04:46 -0500] "GET /wp-admin/plugins.php?plugin_status=all HTTP/1.1" 200 67537 "-" "Mozilla/5.0 (Windows NT 10.0; Win64; x64) AppleWebKit/537.36 (KHTML, like Gecko) Chrome/124.0.6367.207 Safari/537.36"
216.26.244.180 - - [30/Jan/2026:06:04:47 -0500] "GET /wp-admin/plugins.php?plugin_status=all HTTP/1.1" 200 67537 "-" "Mozilla/5.0 (Windows NT 10.0; Win64; x64) AppleWebKit/537.36 (KHTML, like Gecko) Chrome/124.0.6367.207 Safari/537.36"
216.26.244.180 - - [30/Jan/2026:06:04:48 -0500] "GET /wp-admin/plugins.php?plugin_status=all HTTP/1.1" 200 67537 "-" "Mozilla/5.0 (Windows NT 10.0; Win64; x64) AppleWebKit/537.36 (KHTML, like Gecko) Chrome/124.0.6367.207 Safari/537.36"
216.26.244.180 - - [30/Jan/2026:06:04:49 -0500] "GET /wp-admin/plugins.php?plugin_status=all HTTP/1.1" 200 67537 "-" "Mozilla/5.0 (Windows NT 10.0; Win64; x64) AppleWebKit/537.36 (KHTML, like Gecko) Chrome/124.0.6367.207 Safari/537.36"
216.26.244.180 - - [30/Jan/2026:06:04:50 -0500] "GET /wp-admin/plugins.php HTTP/1.1" 200 67345 "-" "Mozilla/5.0 (Windows NT 10.0; Win64; x64) AppleWebKit/537.36 (KHTML, like Gecko) Chrome/124.0.6367.207 Safari/537.36"
204.76.203.212 - - [30/Jan/2026:06:08:14 -0500] "GET / HTTP/1.1" 301 - "-" "Mozilla/5.0 (Windows NT 10.0; Win64; x64) AppleWebKit/537.36 (KHTML, like Gecko) Chrome/90.0.4430.85 Safari/537.36 Edg/90.0.818.46"
43.166.247.155 - - [30/Jan/2026:06:09:57 -0500] "GET / HTTP/1.1" 301 - "-" "Mozilla/5.0 (iPhone; CPU iPhone OS 13_2_3 like Mac OS X) AppleWebKit/605.1.15 (KHTML, like Gecko) Version/13.0.3 Mobile/15E148 Safari/604.1"
193.142.147.209 - - [30/Jan/2026:06:11:13 -0500] "POST / HTTP/1.1" 301 - "-" "Mozilla/5.0 (Windows NT 10.0; Win64; x64) AppleWebKit/537.36"
34.150.223.83 - - [30/Jan/2026:06:19:13 -0500] "GET / HTTP/1.1" 301 - "-" "Mozilla/5.0 (Windows NT 10.0; Win64; x64) AppleWebKit/537.36 (KHTML, like Gecko) Chrome/102.0.5005.197 Safari/537.36"
141.94.194.132 - - [30/Jan/2026:06:22:17 -0500] "GET /index.php/hunk-tube/hard-sex-tube.html/feed HTTP/1.1" 200 810 "-" "Mozilla/5.0 (X11; Linux i686) AppleWebKit/537.36 (KHTML, like Gecko) Chrome/30.0.1599.66 Safari/537.36"
204.76.203.212 - - [30/Jan/2026:06:30:54 -0500] "GET / HTTP/1.1" 301 - "-" "Mozilla/5.0 (Windows NT 10.0; Win64; x64) AppleWebKit/537.36 (KHTML, like Gecko) Chrome/90.0.4430.85 Safari/537.36 Edg/90.0.818.46"
157.180.118.86 - - [30/Jan/2026:06:43:30 -0500] "GET /wp-json/wp/v2/posts HTTP/1.1" 302 273 "-" "Mozilla/5.0 (Windows NT 10.0; Win64; x64) AppleWebKit/537.36 (KHTML, like Gecko) Chrome/120.0.0.0 Safari/537.36"
192.71.12.156 - - [30/Jan/2026:06:44:40 -0500] "GET / HTTP/1.1" 301 - "-" "Mozilla/5.0 (Windows NT 10.0; Win64; x64) AppleWebKit/537.36 (KHTML, like Gecko) Chrome/120.0.0.0 Safari/537.36 Viewer/99.9.8853.8"
192.71.224.103 - - [30/Jan/2026:06:44:40 -0500] "GET / HTTP/1.1" 200 64729 "http://hunkytube.com/" "Mozilla/5.0 (Windows NT 10.0; Win64; x64) AppleWebKit/537.36 (KHTML, like Gecko) Chrome/120.0.0.0 Safari/537.36 Viewer/99.9.8853.8"
192.71.2.119 - - [30/Jan/2026:06:44:41 -0500] "GET /index.php/hunk-tube/gorgeous-hunks-tube.html/comment-page-1 HTTP/1.1" 200 13313 "-" "Mozilla/5.0 (Windows NT 10.0; Win64; x64) AppleWebKit/537.36 (KHTML, like Gecko) Chrome/120.0.0.0 Safari/537.36 Viewer/99.9.8853.8"
192.71.142.176 - - [30/Jan/2026:06:44:42 -0500] "GET /index.php/gay-hunks/teen-hunks-tube.html/comment-page-1 HTTP/1.1" 200 13200 "-" "Mozilla/5.0 (Windows NT 10.0; Win64; x64) AppleWebKit/537.36 (KHTML, like Gecko) Chrome/120.0.0.0 Safari/537.36 Viewer/99.9.8853.8"
192.71.2.119 - - [30/Jan/2026:06:44:43 -0500] "GET /index.php/bareback/gay-jizz-tube.html/comment-page-1 HTTP/1.1" 200 13537 "-" "Mozilla/5.0 (Windows NT 10.0; Win64; x64) AppleWebKit/537.36 (KHTML, like Gecko) Chrome/120.0.0.0 Safari/537.36 Viewer/99.9.8853.8"
204.76.203.18 - - [30/Jan/2026:06:53:17 -0500] "GET / HTTP/1.1" 301 - "-" "-"
74.206.190.70 - - [30/Jan/2026:06:53:57 -0500] "POST /wp-cron.php?doing_wp_cron=1769774037.3929998874664306640625 HTTP/1.1" 200 - "-" "WordPress/3.6.1; http://www.hunkytube.com"
110.166.71.39 - - [30/Jan/2026:06:53:57 -0500] "GET / HTTP/1.1" 200 64729 "-" "Mozilla/5.0 (iPhone; CPU iPhone OS 13_2_3 like Mac OS X) AppleWebKit/605.1.15 (KHTML, like Gecko) Version/13.0.3 Mobile/15E148 Safari/604.1"
141.94.194.132 - - [30/Jan/2026:06:55:32 -0500] "GET /index.php/gay-hunks/teen-hunks-tube.html/feed HTTP/1.1" 200 1297 "-" "Mozilla/5.0 (X11; Linux i686) AppleWebKit/537.36 (KHTML, like Gecko) Chrome/30.0.1599.66 Safari/537.36"
204.76.203.212 - - [30/Jan/2026:06:57:42 -0500] "GET / HTTP/1.1" 301 - "-" "Mozilla/5.0 (Windows NT 10.0; Win64; x64) AppleWebKit/537.36 (KHTML, like Gecko) Chrome/90.0.4430.85 Safari/537.36 Edg/90.0.818.46"
141.94.194.132 - - [30/Jan/2026:07:03:48 -0500] "GET /index.php/tag/raw-papi/feed HTTP/1.1" 200 13707 "-" "Mozilla/5.0 (X11; Linux i686) AppleWebKit/537.36 (KHTML, like Gecko) Chrome/30.0.1599.66 Safari/537.36"
95.91.110.210 - - [30/Jan/2026:07:03:49 -0500] "GET /robots.txt HTTP/1.1" 302 277 "-" "Mozilla/5.0 (compatible; MJ12bot/v1.4.8; http://mj12bot.com/)"
95.91.110.210 - - [30/Jan/2026:07:03:50 -0500] "GET /%E2%80%A6/ HTTP/1.1" 302 277 "-" "Mozilla/5.0 (compatible; MJ12bot/v1.4.8; http://mj12bot.com/)"
204.76.203.18 - - [30/Jan/2026:07:03:55 -0500] "GET /bins/ HTTP/1.1" 302 273 "-" "-"
178.217.88.143 - - [30/Jan/2026:07:06:33 -0500] "GET / HTTP/1.1" 200 64729 "-" "Mozilla/5.0 (Windows NT 10.0; Win64; x64) AppleWebKit/537.36 (KHTML, like Gecko) Chrome/120.0.0.0 Safari/537.36"
94.167.17.43 - - [30/Jan/2026:07:06:36 -0500] "GET /wp-login.php HTTP/1.1" 200 2284 "-" "Mozilla/5.0 (Windows NT 10.0; Win64; x64) AppleWebKit/537.36 (KHTML, like Gecko) Chrome/120.0.0.0 Safari/537.36"
94.167.17.43 - - [30/Jan/2026:07:06:37 -0500] "POST /wp-login.php HTTP/1.1" 302 - "http://www.hunkytube.com/wp-login.php" "Mozilla/5.0 (Windows NT 10.0; Win64; x64) AppleWebKit/537.36 (KHTML, like Gecko) Chrome/120.0.0.0 Safari/537.36"
94.167.17.43 - - [30/Jan/2026:07:06:37 -0500] "GET /wp-admin/ HTTP/1.1" 200 81499 "http://www.hunkytube.com/wp-login.php" "Mozilla/5.0 (Windows NT 10.0; Win64; x64) AppleWebKit/537.36 (KHTML, like Gecko) Chrome/120.0.0.0 Safari/537.36"
176.188.73.83 - - [30/Jan/2026:07:06:40 -0500] "POST /xmlrpc.php HTTP/1.1" 302 277 "-" "WordPress/5.0; http://www.hunkytube.com"
176.188.73.83 - - [30/Jan/2026:07:06:43 -0500] "GET /wp-admin/admin-ajax.php?action=rest-nonce HTTP/1.1" 200 1 "-" "Mozilla/5.0 (Windows NT 10.0; Win64; x64) AppleWebKit/537.36 (KHTML, like Gecko) Chrome/120.0.0.0 Safari/537.36"
176.188.73.83 - - [30/Jan/2026:07:06:44 -0500] "GET /wp-admin/ HTTP/1.1" 200 81499 "-" "Mozilla/5.0 (Windows NT 10.0; Win64; x64) AppleWebKit/537.36 (KHTML, like Gecko) Chrome/120.0.0.0 Safari/537.36"
204.76.203.69 - - [30/Jan/2026:07:09:14 -0500] "GET / HTTP/1.1" 301 - "-" "-"
162.142.125.209 - - [30/Jan/2026:07:09:20 -0500] "GET / HTTP/1.1" 301 - "-" "Mozilla/5.0 (compatible; CensysInspect/1.1; +https://about.censys.io/)"
91.224.92.115 - - [30/Jan/2026:07:12:27 -0500] "GET /cgi-bin/luci/;stok=/locale HTTP/1.1" 302 273 "-" "-"
207.46.13.150 - - [30/Jan/2026:07:17:57 -0500] "GET /index.php/ HTTP/1.1" 301 - "-" "Mozilla/5.0 AppleWebKit/537.36 (KHTML, like Gecko; compatible; bingbot/2.0; +http://www.bing.com/bingbot.htm) Chrome/116.0.1938.76 Safari/537.36"
207.46.13.150 - - [30/Jan/2026:07:17:58 -0500] "GET / HTTP/1.1" 200 64729 "-" "Mozilla/5.0 AppleWebKit/537.36 (KHTML, like Gecko; compatible; bingbot/2.0; +http://www.bing.com/bingbot.htm) Chrome/116.0.1938.76 Safari/537.36"
5.61.209.92 - - [30/Jan/2026:07:20:06 -0500] "GET /SDK/webLanguage HTTP/1.1" 302 273 "-" "Mozilla/5.0 (Windows NT 10.0; Win64; x64) AppleWebKit/537.36 (KHTML, like Gecko) Chrome/90.0.4430.85 Safari/537.36 Edg/90.0.818.46"
204.76.203.212 - - [30/Jan/2026:07:20:25 -0500] "GET / HTTP/1.1" 301 - "-" "Mozilla/5.0 (Windows NT 10.0; Win64; x64) AppleWebKit/537.36 (KHTML, like Gecko) Chrome/90.0.4430.85 Safari/537.36 Edg/90.0.818.46"
79.124.40.174 - - [30/Jan/2026:07:22:37 -0500] "GET / HTTP/1.1" 301 - "-" "Mozilla/5.0 (Windows NT 10.0; Win64; x64) AppleWebKit/537.36 (KHTML, like Gecko) Chrome/78.0.3904.108 Safari/537.36"
79.124.40.174 - - [30/Jan/2026:07:32:39 -0500] "GET / HTTP/1.1" 301 - "-" "Mozilla/5.0 (Windows NT 10.0; Win64; x64) AppleWebKit/537.36 (KHTML, like Gecko) Chrome/78.0.3904.108 Safari/537.36"
141.94.194.132 - - [30/Jan/2026:07:34:17 -0500] "GET /index.php/category/gay-hunks/feed HTTP/1.1" 200 10757 "-" "Mozilla/5.0 (X11; Linux i686) AppleWebKit/537.36 (KHTML, like Gecko) Chrome/30.0.1599.66 Safari/537.36"
51.68.111.242 - - [30/Jan/2026:07:35:13 -0500] "GET /robots.txt HTTP/1.1" 302 277 "-" "Mozilla/5.0 (compatible; MJ12bot/v2.0.4; http://mj12bot.com/)"
51.68.111.242 - - [30/Jan/2026:07:35:13 -0500] "GET / HTTP/1.1" 302 277 "-" "Mozilla/5.0 (compatible; MJ12bot/v2.0.4; http://mj12bot.com/)"
204.76.203.212 - - [30/Jan/2026:07:45:53 -0500] "GET / HTTP/1.1" 301 - "-" "Mozilla/5.0 (Windows NT 10.0; Win64; x64) AppleWebKit/537.36 (KHTML, like Gecko) Chrome/90.0.4430.85 Safari/537.36 Edg/90.0.818.46"
93.123.109.135 - - [30/Jan/2026:07:50:13 -0500] "GET /.git/index HTTP/1.1" 302 273 "-" "Mozilla/5.0 (Linux; Android 15; SM-G960U) AppleWebKit/537.36 (KHTML, like Gecko) Chrome/137.0.7151.62 Mobile Safari/537.36"
93.123.109.135 - - [30/Jan/2026:07:50:14 -0500] "GET /.git/index HTTP/1.1" 302 273 "-" "Mozilla/5.0 (Linux; Android 15; SM-G960U) AppleWebKit/537.36 (KHTML, like Gecko) Chrome/137.0.7151.62 Mobile Safari/537.36"
74.206.190.70 - - [30/Jan/2026:07:50:58 -0500] "POST /wp-cron.php?doing_wp_cron=1769777458.4011940956115722656250 HTTP/1.1" 200 - "-" "WordPress/3.6.1; http://www.hunkytube.com"
141.94.194.132 - - [30/Jan/2026:07:50:58 -0500] "GET /index.php/bareback/gay-tube-hunks.html/feed HTTP/1.1" 200 1249 "-" "Mozilla/5.0 (X11; Linux i686) AppleWebKit/537.36 (KHTML, like Gecko) Chrome/30.0.1599.66 Safari/537.36"
141.94.194.132 - - [30/Jan/2026:07:52:25 -0500] "GET /index.php/bareback/sexy-gay-hunk.html/feed HTTP/1.1" 200 1289 "-" "Mozilla/5.0 (X11; Linux i686) AppleWebKit/537.36 (KHTML, like Gecko) Chrome/30.0.1599.66 Safari/537.36"
141.94.194.132 - - [30/Jan/2026:08:00:53 -0500] "GET /index.php/hunk-tube/hung-hunks.html/feed HTTP/1.1" 200 1260 "-" "Mozilla/5.0 (X11; Linux i686) AppleWebKit/537.36 (KHTML, like Gecko) Chrome/30.0.1599.66 Safari/537.36"
89.42.231.200 - - [30/Jan/2026:08:09:21 -0500] "GET /SDK/webLanguage HTTP/1.1" 302 273 "-" "Mozilla/5.0 (Windows NT 10.0; Win64; x64) AppleWebKit/537.36 (KHTML, like Gecko) Chrome/90.0.4430.85 Safari/537.36 Edg/90.0.818.46"
204.76.203.212 - - [30/Jan/2026:08:10:19 -0500] "GET / HTTP/1.1" 301 - "-" "Mozilla/5.0 (Windows NT 10.0; Win64; x64) AppleWebKit/537.36 (KHTML, like Gecko) Chrome/90.0.4430.85 Safari/537.36 Edg/90.0.818.46"
5.61.209.92 - - [30/Jan/2026:08:15:30 -0500] "GET /SDK/webLanguage HTTP/1.1" 302 273 "-" "Mozilla/5.0 (Windows NT 10.0; Win64; x64) AppleWebKit/537.36 (KHTML, like Gecko) Chrome/90.0.4430.85 Safari/537.36 Edg/90.0.818.46"
104.168.28.15 - - [30/Jan/2026:08:31:21 -0500] "GET / HTTP/1.1" 200 64729 "-" "Mozilla/5.0 (Macintosh; Intel Mac OS X 15_7_3) AppleWebKit/605.1.15 (KHTML, like Gecko) Version/26.0 Safari/605.1.15"
204.76.203.212 - - [30/Jan/2026:08:38:54 -0500] "GET / HTTP/1.1" 301 - "-" "Mozilla/5.0 (Windows NT 10.0; Win64; x64) AppleWebKit/537.36 (KHTML, like Gecko) Chrome/90.0.4430.85 Safari/537.36 Edg/90.0.818.46"
74.206.190.70 - - [30/Jan/2026:08:39:05 -0500] "POST /wp-cron.php?doing_wp_cron=1769780345.6264529228210449218750 HTTP/1.1" 200 - "-" "WordPress/3.6.1; http://www.hunkytube.com"
217.148.140.59 - - [30/Jan/2026:08:39:05 -0500] "GET /index.php/gay-hunks/hunktube-free.html HTTP/1.1" 200 12347 "https://www.google.com/" "Mozilla/5.0 (Linux; Android 10; K) AppleWebKit/537.36 (KHTML, like Gecko) Chrome/144.0.0.0 Mobile Safari/537.36"
217.148.140.59 - - [30/Jan/2026:08:39:08 -0500] "GET /wp-content/plugins/wp-postratings/postratings-js.php?ver=1.30 HTTP/1.1" 200 4810 "http://www.hunkytube.com/index.php/gay-hunks/hunktube-free.html" "Mozilla/5.0 (Linux; Android 10; K) AppleWebKit/537.36 (KHTML, like Gecko) Chrome/144.0.0.0 Mobile Safari/537.36"
79.124.40.174 - - [30/Jan/2026:08:39:31 -0500] "GET /?XDEBUG_SESSION_START=phpstorm HTTP/1.1" 301 - "-" "Mozilla/5.0 (Windows NT 10.0; Win64; x64) AppleWebKit/537.36 (KHTML, like Gecko) Chrome/78.0.3904.108 Safari/537.36"
193.142.147.209 - - [30/Jan/2026:08:52:57 -0500] "POST / HTTP/1.1" 301 - "-" "Mozilla/5.0 (Windows NT 10.0; Win64; x64) AppleWebKit/537.36"
74.206.190.70 - - [30/Jan/2026:09:03:09 -0500] "POST /wp-cron.php?doing_wp_cron=1769781789.4610650539398193359375 HTTP/1.1" 200 - "-" "WordPress/3.6.1; http://www.hunkytube.com"
4.210.23.209 - - [30/Jan/2026:09:03:09 -0500] "GET /index.php/feed HTTP/1.1" 200 11125 "-" "Mozilla/5.0 (Macintosh; Intel Mac OS X 10.15; rv:92.0) Gecko/20100101 Firefox/92.0"
204.76.203.212 - - [30/Jan/2026:09:04:05 -0500] "GET / HTTP/1.1" 301 - "-" "Mozilla/5.0 (Windows NT 10.0; Win64; x64) AppleWebKit/537.36 (KHTML, like Gecko) Chrome/90.0.4430.85 Safari/537.36 Edg/90.0.818.46"
77.237.68.140 - - [30/Jan/2026:09:15:21 -0500] "GET / HTTP/1.1" 301 - "-" "Go-http-client/1.1"
212.104.180.135 - - [30/Jan/2026:09:17:54 -0500] "GET / HTTP/1.1" 200 64729 "-" "Mozilla/5.0 (Windows NT 10.0; Win64; x64) AppleWebKit/537.36 (KHTML, like Gecko) Chrome/120.0.0.0 Safari/537.36"
141.94.146.171 - - [30/Jan/2026:09:17:59 -0500] "GET /wp-login.php HTTP/1.1" 200 2284 "-" "Mozilla/5.0 (Windows NT 10.0; Win64; x64) AppleWebKit/537.36 (KHTML, like Gecko) Chrome/120.0.0.0 Safari/537.36"
141.94.146.171 - - [30/Jan/2026:09:18:00 -0500] "POST /wp-login.php HTTP/1.1" 302 - "http://www.hunkytube.com/wp-login.php" "Mozilla/5.0 (Windows NT 10.0; Win64; x64) AppleWebKit/537.36 (KHTML, like Gecko) Chrome/120.0.0.0 Safari/537.36"
141.94.146.171 - - [30/Jan/2026:09:18:01 -0500] "GET /wp-admin/ HTTP/1.1" 200 81499 "http://www.hunkytube.com/wp-login.php" "Mozilla/5.0 (Windows NT 10.0; Win64; x64) AppleWebKit/537.36 (KHTML, like Gecko) Chrome/120.0.0.0 Safari/537.36"
98.97.131.53 - - [30/Jan/2026:09:18:04 -0500] "POST /xmlrpc.php HTTP/1.1" 302 277 "-" "WordPress/5.0; http://www.hunkytube.com"
98.97.131.53 - - [30/Jan/2026:09:18:08 -0500] "GET /wp-admin/admin-ajax.php?action=rest-nonce HTTP/1.1" 200 1 "-" "Mozilla/5.0 (Windows NT 10.0; Win64; x64) AppleWebKit/537.36 (KHTML, like Gecko) Chrome/120.0.0.0 Safari/537.36"
98.97.131.53 - - [30/Jan/2026:09:18:09 -0500] "GET /wp-admin/ HTTP/1.1" 200 81499 "-" "Mozilla/5.0 (Windows NT 10.0; Win64; x64) AppleWebKit/537.36 (KHTML, like Gecko) Chrome/120.0.0.0 Safari/537.36"
81.168.83.103 - - [30/Jan/2026:09:18:16 -0500] "GET /.vscode/sftp.json HTTP/1.1" 302 273 "-" "Mozilla/5.0 (Windows NT 10.0; Win64; x64) AppleWebKit/537.36 (KHTML, like Gecko) Chrome/124.0.0.0 Safari/537.36"
93.174.93.12 - - [30/Jan/2026:09:23:17 -0500] "GET / HTTP/1.1" 200 64729 "-" "Mozilla/4.0 (compatible; MSIE 4.01; Windows CE; PPC; MDA Pro/1.0 Profile/MIDP-2.0 Configuration/CLDC-1.1)"
204.76.203.212 - - [30/Jan/2026:09:27:09 -0500] "GET / HTTP/1.1" 301 - "-" "Mozilla/5.0 (Windows NT 10.0; Win64; x64) AppleWebKit/537.36 (KHTML, like Gecko) Chrome/90.0.4430.85 Safari/537.36 Edg/90.0.818.46"
79.124.40.174 - - [30/Jan/2026:09:37:22 -0500] "GET / HTTP/1.1" 301 - "-" "Mozilla/5.0 (Windows NT 10.0; Win64; x64) AppleWebKit/537.36 (KHTML, like Gecko) Chrome/78.0.3904.108 Safari/537.36"
