79.124.40.174 - - [30/Jan/2026:09:43:43 -0500] "GET / HTTP/1.1" 301 - "-" "Mozilla/5.0 (Windows NT 10.0; Win64; x64) AppleWebKit/537.36 (KHTML, like Gecko) Chrome/78.0.3904.108 Safari/537.36"
204.76.203.212 - - [30/Jan/2026:09:54:36 -0500] "GET / HTTP/1.1" 301 - "-" "Mozilla/5.0 (Windows NT 10.0; Win64; x64) AppleWebKit/537.36 (KHTML, like Gecko) Chrome/90.0.4430.85 Safari/537.36 Edg/90.0.818.46"
79.124.40.174 - - [30/Jan/2026:09:58:30 -0500] "GET /actuator/gateway/routes HTTP/1.1" 302 273 "-" "Mozilla/5.0 (Windows NT 10.0; Win64; x64) AppleWebKit/537.36 (KHTML, like Gecko) Chrome/78.0.3904.108 Safari/537.36"
91.231.89.66 - - [30/Jan/2026:10:08:14 -0500] "GET / HTTP/1.1" 301 - "-" "Mozilla/5.0 (X11; Ubuntu; Linux x86_64; rv:134.0) Gecko/20100101 Firefox/134.0"
49.51.33.159 - - [30/Jan/2026:10:08:30 -0500] "GET / HTTP/1.1" 301 - "-" "Mozilla/5.0 (iPhone; CPU iPhone OS 13_2_3 like Mac OS X) AppleWebKit/605.1.15 (KHTML, like Gecko) Version/13.0.3 Mobile/15E148 Safari/604.1"
74.206.190.70 - - [30/Jan/2026:10:08:31 -0500] "POST /wp-cron.php?doing_wp_cron=1769785711.7548429965972900390625 HTTP/1.1" 200 - "-" "WordPress/3.6.1; http://www.hunkytube.com"
49.51.33.159 - - [30/Jan/2026:10:08:31 -0500] "GET / HTTP/1.1" 200 64729 "http://hunkytube.com" "Mozilla/5.0 (iPhone; CPU iPhone OS 13_2_3 like Mac OS X) AppleWebKit/605.1.15 (KHTML, like Gecko) Version/13.0.3 Mobile/15E148 Safari/604.1"
170.238.217.202 - - [30/Jan/2026:10:09:58 -0500] "GET / HTTP/1.1" 200 64729 "-" "Mozilla/5.0 (Linux; Android 10; K) AppleWebKit/537.36 (KHTML, like Gecko) Chrome/144.0.0.0 Mobile Safari/537.36"
170.238.217.202 - - [30/Jan/2026:10:09:59 -0500] "GET /wp-content/plugins/wp-postratings/postratings-js.php?ver=1.30 HTTP/1.1" 200 4810 "http://www.hunkytube.com/" "Mozilla/5.0 (Linux; Android 10; K) AppleWebKit/537.36 (KHTML, like Gecko) Chrome/144.0.0.0 Mobile Safari/537.36"
86.121.177.221 - - [30/Jan/2026:10:15:30 -0500] "GET / HTTP/1.1" 200 64729 "https://www.google.com/" "Mozilla/5.0 (Linux; Android 10; K) AppleWebKit/537.36 (KHTML, like Gecko) Chrome/144.0.0.0 Mobile Safari/537.36"
86.121.177.221 - - [30/Jan/2026:10:15:31 -0500] "GET /wp-content/plugins/wp-postratings/postratings-js.php?ver=1.30 HTTP/1.1" 200 4810 "http://www.hunkytube.com/" "Mozilla/5.0 (Linux; Android 10; K) AppleWebKit/537.36 (KHTML, like Gecko) Chrome/144.0.0.0 Mobile Safari/537.36"
86.121.177.221 - - [30/Jan/2026:10:15:38 -0500] "GET / HTTP/1.1" 200 64729 "https://www.google.com/" "Mozilla/5.0 (Linux; Android 10; K) AppleWebKit/537.36 (KHTML, like Gecko) Chrome/144.0.0.0 Mobile Safari/537.36"
86.121.177.221 - - [30/Jan/2026:10:15:41 -0500] "GET /index.php/category/gay-hunks HTTP/1.1" 200 64619 "http://www.hunkytube.com/" "Mozilla/5.0 (Linux; Android 10; K) AppleWebKit/537.36 (KHTML, like Gecko) Chrome/144.0.0.0 Mobile Safari/537.36"
86.121.177.221 - - [30/Jan/2026:10:15:53 -0500] "GET /index.php/gay-hunks/268.html HTTP/1.1" 200 12374 "http://www.hunkytube.com/index.php/category/gay-hunks" "Mozilla/5.0 (Linux; Android 10; K) AppleWebKit/537.36 (KHTML, like Gecko) Chrome/144.0.0.0 Mobile Safari/537.36"
141.94.194.132 - - [30/Jan/2026:10:16:49 -0500] "GET /index.php/tag/raw-papi/feed HTTP/1.1" 200 13707 "-" "Mozilla/5.0 (X11; Linux i686) AppleWebKit/537.36 (KHTML, like Gecko) Chrome/30.0.1599.66 Safari/537.36"
141.94.194.132 - - [30/Jan/2026:10:19:32 -0500] "GET /index.php/gay-hunks/teen-hunks-tube.html/feed HTTP/1.1" 200 1297 "-" "Mozilla/5.0 (X11; Linux i686) AppleWebKit/537.36 (KHTML, like Gecko) Chrome/30.0.1599.66 Safari/537.36"
204.76.203.212 - - [30/Jan/2026:10:20:21 -0500] "GET / HTTP/1.1" 301 - "-" "Mozilla/5.0 (Windows NT 10.0; Win64; x64) AppleWebKit/537.36 (KHTML, like Gecko) Chrome/90.0.4430.85 Safari/537.36 Edg/90.0.818.46"
170.106.65.93 - - [30/Jan/2026:10:22:07 -0500] "GET / HTTP/1.1" 301 - "-" "Mozilla/5.0 (iPhone; CPU iPhone OS 13_2_3 like Mac OS X) AppleWebKit/605.1.15 (KHTML, like Gecko) Version/13.0.3 Mobile/15E148 Safari/604.1"
141.94.194.132 - - [30/Jan/2026:10:26:59 -0500] "GET /index.php/bareback/gay-tube-hunks.html/feed HTTP/1.1" 200 1249 "-" "Mozilla/5.0 (X11; Linux i686) AppleWebKit/537.36 (KHTML, like Gecko) Chrome/30.0.1599.66 Safari/537.36"
141.94.194.132 - - [30/Jan/2026:10:29:25 -0500] "GET /index.php/bareback/sexy-gay-hunk.html/feed HTTP/1.1" 200 1289 "-" "Mozilla/5.0 (X11; Linux i686) AppleWebKit/537.36 (KHTML, like Gecko) Chrome/30.0.1599.66 Safari/537.36"
102.22.20.125 - - [30/Jan/2026:10:29:40 -0500] "GET /admin/config.php HTTP/1.1" 302 273 "-" "xfa1,nvdorz,nvd0rz"
4.241.184.25 - - [30/Jan/2026:10:32:01 -0500] "GET /wp-content/plugins/hellopress/wp_filemanager.php HTTP/1.1" 302 273 "-" "-"
4.241.184.25 - - [30/Jan/2026:10:32:02 -0500] "GET //bless.php HTTP/1.1" 302 273 "-" "-"
4.241.184.25 - - [30/Jan/2026:10:32:02 -0500] "GET //wp.php HTTP/1.1" 302 273 "-" "-"
4.241.184.25 - - [30/Jan/2026:10:32:03 -0500] "GET /wp-includes/css/index.php HTTP/1.1" 302 273 "-" "-"
4.241.184.25 - - [30/Jan/2026:10:32:03 -0500] "GET //wp-content/uploads/index.php HTTP/1.1" 302 273 "-" "-"
4.241.184.25 - - [30/Jan/2026:10:32:03 -0500] "GET //about.php HTTP/1.1" 302 273 "-" "-"
4.241.184.25 - - [30/Jan/2026:10:32:04 -0500] "GET //simple.php HTTP/1.1" 302 273 "-" "-"
4.241.184.25 - - [30/Jan/2026:10:32:04 -0500] "GET //inputs.php HTTP/1.1" 302 273 "-" "-"
4.241.184.25 - - [30/Jan/2026:10:32:04 -0500] "GET //index/function.php HTTP/1.1" 302 273 "-" "-"
4.241.184.25 - - [30/Jan/2026:10:32:05 -0500] "GET //wp-includes/ID3/index.php HTTP/1.1" 302 273 "-" "-"
4.241.184.25 - - [30/Jan/2026:10:32:05 -0500] "GET //wp-content/themes/seotheme/mar.php HTTP/1.1" 302 273 "-" "-"
4.241.184.25 - - [30/Jan/2026:10:32:05 -0500] "GET //404.php HTTP/1.1" 302 273 "-" "-"
4.241.184.25 - - [30/Jan/2026:10:32:05 -0500] "GET /wp-content/languages/index.php HTTP/1.1" 302 273 "-" "-"
4.241.184.25 - - [30/Jan/2026:10:32:06 -0500] "GET /png.php HTTP/1.1" 302 273 "-" "-"
4.241.184.25 - - [30/Jan/2026:10:32:06 -0500] "GET //wp-content/about.php HTTP/1.1" 302 273 "-" "-"
4.241.184.25 - - [30/Jan/2026:10:32:06 -0500] "GET /404.php HTTP/1.1" 302 273 "-" "-"
4.241.184.25 - - [30/Jan/2026:10:32:07 -0500] "GET //wp-admin/user/index.php HTTP/1.1" 301 - "-" "-"
4.241.184.25 - - [30/Jan/2026:10:32:08 -0500] "GET //wp-admin/user/index.php HTTP/1.1" 302 - "-" "-"
4.241.184.25 - - [30/Jan/2026:10:32:08 -0500] "GET /wp-login.php?redirect_to=http%3A%2F%2Fwww.hunkytube.com%2F%2Fwp-admin%2Fuser%2Findex.php&reauth=1 HTTP/1.1" 200 2299 "-" "-"
4.241.184.25 - - [30/Jan/2026:10:32:08 -0500] "GET /an.php HTTP/1.1" 302 273 "-" "-"
4.241.184.25 - - [30/Jan/2026:10:32:09 -0500] "GET //test.php HTTP/1.1" 302 273 "-" "-"
4.241.184.25 - - [30/Jan/2026:10:32:09 -0500] "GET /wp.php HTTP/1.1" 302 273 "-" "-"
4.241.184.25 - - [30/Jan/2026:10:32:09 -0500] "GET /class-t.api.php HTTP/1.1" 302 273 "-" "-"
4.241.184.25 - - [30/Jan/2026:10:32:10 -0500] "GET //wp-includes/css/about.php HTTP/1.1" 302 273 "-" "-"
4.241.184.25 - - [30/Jan/2026:10:32:10 -0500] "GET /wp4.php HTTP/1.1" 302 273 "-" "-"
4.241.184.25 - - [30/Jan/2026:10:32:10 -0500] "GET //wp-includes/assets/index.php HTTP/1.1" 302 273 "-" "-"
4.241.184.25 - - [30/Jan/2026:10:32:11 -0500] "GET /bolt.php HTTP/1.1" 302 273 "-" "-"
4.241.184.25 - - [30/Jan/2026:10:32:11 -0500] "GET /wp-admin/install.php HTTP/1.1" 200 825 "-" "-"
4.241.184.25 - - [30/Jan/2026:10:32:11 -0500] "GET /shell.php HTTP/1.1" 302 273 "-" "-"
4.241.184.25 - - [30/Jan/2026:10:32:12 -0500] "GET /content.php HTTP/1.1" 302 273 "-" "-"
4.241.184.25 - - [30/Jan/2026:10:32:12 -0500] "GET /wp-includes/ID3/index.php HTTP/1.1" 302 273 "-" "-"
4.241.184.25 - - [30/Jan/2026:10:32:12 -0500] "GET /shell20211028.php HTTP/1.1" 302 273 "-" "-"
4.241.184.25 - - [30/Jan/2026:10:32:13 -0500] "GET //wp-includes/customize/index.php HTTP/1.1" 302 273 "-" "-"
4.241.184.25 - - [30/Jan/2026:10:32:13 -0500] "GET //geck.php HTTP/1.1" 302 273 "-" "-"
4.241.184.25 - - [30/Jan/2026:10:32:13 -0500] "GET /wp-content/uploads/index.php HTTP/1.1" 302 273 "-" "-"
4.241.184.25 - - [30/Jan/2026:10:32:13 -0500] "GET //dropdown.php HTTP/1.1" 302 273 "-" "-"
4.241.184.25 - - [30/Jan/2026:10:32:14 -0500] "GET //wso.php HTTP/1.1" 302 273 "-" "-"
4.241.184.25 - - [30/Jan/2026:10:32:14 -0500] "GET /wp-includes/css/about.php HTTP/1.1" 302 273 "-" "-"
4.241.184.25 - - [30/Jan/2026:10:32:14 -0500] "GET /jmfi2.php HTTP/1.1" 302 273 "-" "-"
4.241.184.25 - - [30/Jan/2026:10:32:15 -0500] "GET //w.php HTTP/1.1" 302 273 "-" "-"
4.241.184.25 - - [30/Jan/2026:10:32:15 -0500] "GET /ahax.php HTTP/1.1" 302 273 "-" "-"
4.241.184.25 - - [30/Jan/2026:10:32:15 -0500] "GET /wp-content/themes/deeto/login.php HTTP/1.1" 302 273 "-" "-"
4.241.184.25 - - [30/Jan/2026:10:32:16 -0500] "GET //h.php HTTP/1.1" 302 273 "-" "-"
4.241.184.25 - - [30/Jan/2026:10:32:16 -0500] "GET //wp-content/languages/index.php HTTP/1.1" 302 273 "-" "-"
4.241.184.25 - - [30/Jan/2026:10:32:16 -0500] "GET /wp-includes/customize/index.php HTTP/1.1" 302 273 "-" "-"
4.241.184.25 - - [30/Jan/2026:10:32:17 -0500] "GET //autoload_classmap.php HTTP/1.1" 302 273 "-" "-"
4.241.184.25 - - [30/Jan/2026:10:32:17 -0500] "GET /menu.php HTTP/1.1" 302 273 "-" "-"
4.241.184.25 - - [30/Jan/2026:10:32:17 -0500] "GET /p.php HTTP/1.1" 302 273 "-" "-"
4.241.184.25 - - [30/Jan/2026:10:32:17 -0500] "GET /m.php HTTP/1.1" 302 273 "-" "-"
4.241.184.25 - - [30/Jan/2026:10:32:18 -0500] "GET /wp-includes/assets/index.php HTTP/1.1" 302 273 "-" "-"
4.241.184.25 - - [30/Jan/2026:10:32:18 -0500] "GET /gm.php HTTP/1.1" 302 273 "-" "-"
4.241.184.25 - - [30/Jan/2026:10:32:18 -0500] "GET /a2.php HTTP/1.1" 302 273 "-" "-"
4.241.184.25 - - [30/Jan/2026:10:32:19 -0500] "GET /o.php HTTP/1.1" 302 273 "-" "-"
4.241.184.25 - - [30/Jan/2026:10:32:19 -0500] "GET /wp-content/index.php HTTP/1.1" 200 - "-" "-"
4.241.184.25 - - [30/Jan/2026:10:32:19 -0500] "GET /wp-admin/user/index.php HTTP/1.1" 301 - "-" "-"
4.241.184.25 - - [30/Jan/2026:10:32:20 -0500] "GET /wp-admin/user/index.php HTTP/1.1" 302 - "-" "-"
4.241.184.25 - - [30/Jan/2026:10:32:20 -0500] "GET /wp-login.php?redirect_to=http%3A%2F%2Fwww.hunkytube.com%2Fwp-admin%2Fuser%2Findex.php&reauth=1 HTTP/1.1" 200 2298 "-" "-"
4.241.184.25 - - [30/Jan/2026:10:32:20 -0500] "GET /db.php HTTP/1.1" 302 273 "-" "-"
4.241.184.25 - - [30/Jan/2026:10:32:21 -0500] "GET //wp-content/themes/about.php HTTP/1.1" 302 273 "-" "-"
4.241.184.25 - - [30/Jan/2026:10:32:21 -0500] "GET //alfa.php HTTP/1.1" 302 273 "-" "-"
4.241.184.25 - - [30/Jan/2026:10:32:21 -0500] "GET //moon.php HTTP/1.1" 302 273 "-" "-"
4.241.184.25 - - [30/Jan/2026:10:32:21 -0500] "GET /packed.php HTTP/1.1" 302 273 "-" "-"
4.241.184.25 - - [30/Jan/2026:10:32:22 -0500] "GET //admin/function.php HTTP/1.1" 302 273 "-" "-"
4.241.184.25 - - [30/Jan/2026:10:32:22 -0500] "GET //about/function.php HTTP/1.1" 302 273 "-" "-"
4.241.184.25 - - [30/Jan/2026:10:32:22 -0500] "GET /wp-includes/IXR/moon.php HTTP/1.1" 302 273 "-" "-"
4.241.184.25 - - [30/Jan/2026:10:32:23 -0500] "GET //doc.php HTTP/1.1" 302 273 "-" "-"
4.241.184.25 - - [30/Jan/2026:10:32:23 -0500] "GET /inputs.php HTTP/1.1" 302 273 "-" "-"
4.241.184.25 - - [30/Jan/2026:10:32:23 -0500] "GET /asd67.php HTTP/1.1" 302 273 "-" "-"
4.241.184.25 - - [30/Jan/2026:10:32:24 -0500] "GET //shell20211028.php HTTP/1.1" 302 273 "-" "-"
4.241.184.25 - - [30/Jan/2026:10:32:24 -0500] "GET /luxe.php HTTP/1.1" 302 273 "-" "-"
4.241.184.25 - - [30/Jan/2026:10:32:24 -0500] "GET /raw.php HTTP/1.1" 302 273 "-" "-"
4.241.184.25 - - [30/Jan/2026:10:32:25 -0500] "GET //x.php HTTP/1.1" 302 273 "-" "-"
4.241.184.25 - - [30/Jan/2026:10:32:25 -0500] "GET /ss.php HTTP/1.1" 302 273 "-" "-"
4.241.184.25 - - [30/Jan/2026:10:32:25 -0500] "GET /system.php HTTP/1.1" 302 273 "-" "-"
4.241.184.25 - - [30/Jan/2026:10:32:25 -0500] "GET /mds.php HTTP/1.1" 302 273 "-" "-"
4.241.184.25 - - [30/Jan/2026:10:32:26 -0500] "GET /cache.php HTTP/1.1" 302 273 "-" "-"
4.241.184.25 - - [30/Jan/2026:10:32:26 -0500] "GET //content.php HTTP/1.1" 302 273 "-" "-"
4.241.184.25 - - [30/Jan/2026:10:32:26 -0500] "GET //error.php HTTP/1.1" 302 273 "-" "-"
4.241.184.25 - - [30/Jan/2026:10:32:27 -0500] "GET /031.php HTTP/1.1" 302 273 "-" "-"
4.241.184.25 - - [30/Jan/2026:10:32:27 -0500] "GET /ilex.php HTTP/1.1" 302 273 "-" "-"
4.241.184.25 - - [30/Jan/2026:10:32:27 -0500] "GET /flex.php HTTP/1.1" 302 273 "-" "-"
4.241.184.25 - - [30/Jan/2026:10:32:28 -0500] "GET /mlex.php HTTP/1.1" 302 273 "-" "-"
4.241.184.25 - - [30/Jan/2026:10:32:28 -0500] "GET /wlex.php HTTP/1.1" 302 273 "-" "-"
4.241.184.25 - - [30/Jan/2026:10:32:28 -0500] "GET /wp-aaa.php HTTP/1.1" 302 273 "-" "-"
4.241.184.25 - - [30/Jan/2026:10:32:29 -0500] "GET /klex.php HTTP/1.1" 302 273 "-" "-"
4.241.184.25 - - [30/Jan/2026:10:32:29 -0500] "GET /about3.php HTTP/1.1" 302 273 "-" "-"
4.241.184.25 - - [30/Jan/2026:10:32:29 -0500] "GET //222.php HTTP/1.1" 302 273 "-" "-"
4.241.184.25 - - [30/Jan/2026:10:32:29 -0500] "GET //444.php HTTP/1.1" 302 273 "-" "-"
4.241.184.25 - - [30/Jan/2026:10:32:30 -0500] "GET //file9.php HTTP/1.1" 302 273 "-" "-"
4.241.184.25 - - [30/Jan/2026:10:32:30 -0500] "GET /filesss.php HTTP/1.1" 302 273 "-" "-"
4.241.184.25 - - [30/Jan/2026:10:32:30 -0500] "GET //file88.php HTTP/1.1" 302 273 "-" "-"
4.241.184.25 - - [30/Jan/2026:10:32:31 -0500] "GET /gifclass4.php HTTP/1.1" 302 273 "-" "-"
4.241.184.25 - - [30/Jan/2026:10:32:31 -0500] "GET //class-wp.php HTTP/1.1" 302 273 "-" "-"
4.241.184.25 - - [30/Jan/2026:10:32:31 -0500] "GET //555.php HTTP/1.1" 302 273 "-" "-"
4.241.184.25 - - [30/Jan/2026:10:32:32 -0500] "GET //333.php HTTP/1.1" 302 273 "-" "-"
4.241.184.25 - - [30/Jan/2026:10:32:32 -0500] "GET //class19.php HTTP/1.1" 302 273 "-" "-"
4.241.184.25 - - [30/Jan/2026:10:32:32 -0500] "GET /2clas.php HTTP/1.1" 302 273 "-" "-"
4.241.184.25 - - [30/Jan/2026:10:32:33 -0500] "GET //bless5.php HTTP/1.1" 302 273 "-" "-"
4.241.184.25 - - [30/Jan/2026:10:32:33 -0500] "GET //file15.php HTTP/1.1" 302 273 "-" "-"
4.241.184.25 - - [30/Jan/2026:10:32:33 -0500] "GET /hk.php HTTP/1.1" 302 273 "-" "-"
4.241.184.25 - - [30/Jan/2026:10:32:33 -0500] "GET /alpa.php HTTP/1.1" 302 273 "-" "-"
4.241.184.25 - - [30/Jan/2026:10:32:34 -0500] "GET //file21.php HTTP/1.1" 302 273 "-" "-"
4.241.184.25 - - [30/Jan/2026:10:32:34 -0500] "GET /ssss.php HTTP/1.1" 302 273 "-" "-"
4.241.184.25 - - [30/Jan/2026:10:32:34 -0500] "GET /ut.php HTTP/1.1" 302 273 "-" "-"
4.241.184.25 - - [30/Jan/2026:10:32:35 -0500] "GET /inde.php HTTP/1.1" 302 273 "-" "-"
4.241.184.25 - - [30/Jan/2026:10:32:35 -0500] "GET /classgoto24.php HTTP/1.1" 302 273 "-" "-"
4.241.184.25 - - [30/Jan/2026:10:32:36 -0500] "GET /030.php HTTP/1.1" 302 273 "-" "-"
4.241.184.25 - - [30/Jan/2026:10:32:36 -0500] "GET /thh.php HTTP/1.1" 302 273 "-" "-"
4.241.184.25 - - [30/Jan/2026:10:32:36 -0500] "GET /fffff.php HTTP/1.1" 302 273 "-" "-"
4.241.184.25 - - [30/Jan/2026:10:32:37 -0500] "GET /indo.php HTTP/1.1" 302 273 "-" "-"
4.241.184.25 - - [30/Jan/2026:10:32:37 -0500] "GET /fileas.php HTTP/1.1" 302 273 "-" "-"
4.241.184.25 - - [30/Jan/2026:10:32:37 -0500] "GET /yellow.php HTTP/1.1" 302 273 "-" "-"
4.241.184.25 - - [30/Jan/2026:10:32:37 -0500] "GET /33.php HTTP/1.1" 302 273 "-" "-"
4.241.184.25 - - [30/Jan/2026:10:32:38 -0500] "GET //plss3.php HTTP/1.1" 302 273 "-" "-"
4.241.184.25 - - [30/Jan/2026:10:32:38 -0500] "GET /he.php HTTP/1.1" 302 273 "-" "-"
4.241.184.25 - - [30/Jan/2026:10:32:38 -0500] "GET /thxt.php HTTP/1.1" 302 273 "-" "-"
4.241.184.25 - - [30/Jan/2026:10:32:39 -0500] "GET /wfile.php HTTP/1.1" 302 273 "-" "-"
4.241.184.25 - - [30/Jan/2026:10:32:39 -0500] "GET //class20.php HTTP/1.1" 302 273 "-" "-"
4.241.184.25 - - [30/Jan/2026:10:32:39 -0500] "GET /build.php HTTP/1.1" 302 273 "-" "-"
4.241.184.25 - - [30/Jan/2026:10:32:40 -0500] "GET /1.php HTTP/1.1" 302 273 "-" "-"
4.241.184.25 - - [30/Jan/2026:10:32:40 -0500] "GET /usep.php HTTP/1.1" 302 273 "-" "-"
4.241.184.25 - - [30/Jan/2026:10:32:41 -0500] "GET /wa.php HTTP/1.1" 302 273 "-" "-"
4.241.184.25 - - [30/Jan/2026:10:32:41 -0500] "GET /wb.php HTTP/1.1" 302 273 "-" "-"
4.241.184.25 - - [30/Jan/2026:10:32:41 -0500] "GET //file1.php HTTP/1.1" 302 273 "-" "-"
4.241.184.25 - - [30/Jan/2026:10:32:42 -0500] "GET /2.php HTTP/1.1" 302 273 "-" "-"
4.241.184.25 - - [30/Jan/2026:10:32:42 -0500] "GET /a.php HTTP/1.1" 302 273 "-" "-"
4.241.184.25 - - [30/Jan/2026:10:32:42 -0500] "GET /gmo.php HTTP/1.1" 302 273 "-" "-"
4.241.184.25 - - [30/Jan/2026:10:32:42 -0500] "GET /info.php HTTP/1.1" 302 273 "-" "-"
4.241.184.25 - - [30/Jan/2026:10:32:43 -0500] "GET //file2.php HTTP/1.1" 302 273 "-" "-"
4.241.184.25 - - [30/Jan/2026:10:32:43 -0500] "GET /lv.php HTTP/1.1" 302 273 "-" "-"
4.241.184.25 - - [30/Jan/2026:10:32:43 -0500] "GET //lock360.php HTTP/1.1" 302 273 "-" "-"
4.241.184.25 - - [30/Jan/2026:10:32:44 -0500] "GET /alfa.php HTTP/1.1" 302 273 "-" "-"
4.241.184.25 - - [30/Jan/2026:10:32:44 -0500] "GET /NewFile.php HTTP/1.1" 302 273 "-" "-"
4.241.184.25 - - [30/Jan/2026:10:32:44 -0500] "GET /atomlib.php HTTP/1.1" 302 273 "-" "-"
4.241.184.25 - - [30/Jan/2026:10:32:45 -0500] "GET /system_log.php HTTP/1.1" 302 273 "-" "-"
4.241.184.25 - - [30/Jan/2026:10:32:45 -0500] "GET /pp.php HTTP/1.1" 302 273 "-" "-"
4.241.184.25 - - [30/Jan/2026:10:32:45 -0500] "GET /geck.php HTTP/1.1" 302 273 "-" "-"
4.241.184.25 - - [30/Jan/2026:10:32:45 -0500] "GET /makeasmtp.php HTTP/1.1" 302 273 "-" "-"
4.241.184.25 - - [30/Jan/2026:10:32:46 -0500] "GET /cccc.php HTTP/1.1" 302 273 "-" "-"
4.241.184.25 - - [30/Jan/2026:10:32:46 -0500] "GET /file4.php HTTP/1.1" 302 273 "-" "-"
4.241.184.25 - - [30/Jan/2026:10:32:46 -0500] "GET /520.php HTTP/1.1" 302 273 "-" "-"
4.241.184.25 - - [30/Jan/2026:10:32:47 -0500] "GET //CLA.php HTTP/1.1" 302 273 "-" "-"
4.241.184.25 - - [30/Jan/2026:10:32:47 -0500] "GET /file18.php HTTP/1.1" 302 273 "-" "-"
4.241.184.25 - - [30/Jan/2026:10:32:47 -0500] "GET /ffile.php HTTP/1.1" 302 273 "-" "-"
4.241.184.25 - - [30/Jan/2026:10:32:48 -0500] "GET //file7.php HTTP/1.1" 302 273 "-" "-"
4.241.184.25 - - [30/Jan/2026:10:32:48 -0500] "GET //file.php HTTP/1.1" 302 273 "-" "-"
4.241.184.25 - - [30/Jan/2026:10:32:48 -0500] "GET /we.php HTTP/1.1" 302 273 "-" "-"
4.241.184.25 - - [30/Jan/2026:10:32:49 -0500] "GET /gfile.php HTTP/1.1" 302 273 "-" "-"
74.248.24.238 - - [30/Jan/2026:10:41:35 -0500] "GET /wp-content/plugins/hellopress/wp_filemanager.php HTTP/1.1" 302 273 "-" "-"
74.248.24.238 - - [30/Jan/2026:10:41:37 -0500] "GET /thebe.php HTTP/1.1" 302 273 "-" "-"
74.248.24.238 - - [30/Jan/2026:10:41:37 -0500] "GET /ol.php HTTP/1.1" 302 273 "-" "-"
74.248.24.238 - - [30/Jan/2026:10:41:37 -0500] "GET /sanity.php HTTP/1.1" 302 273 "-" "-"
74.248.24.238 - - [30/Jan/2026:10:41:38 -0500] "GET /anj.php HTTP/1.1" 302 273 "-" "-"
74.248.24.238 - - [30/Jan/2026:10:41:38 -0500] "GET /baixy.php HTTP/1.1" 302 273 "-" "-"
74.248.24.238 - - [30/Jan/2026:10:41:38 -0500] "GET /ioxi.php HTTP/1.1" 302 273 "-" "-"
74.248.24.238 - - [30/Jan/2026:10:41:38 -0500] "GET /aboutc.php HTTP/1.1" 302 273 "-" "-"
74.248.24.238 - - [30/Jan/2026:10:41:39 -0500] "GET /8xyz.php HTTP/1.1" 302 273 "-" "-"
74.248.24.238 - - [30/Jan/2026:10:41:39 -0500] "GET /zmia.php HTTP/1.1" 302 273 "-" "-"
74.248.24.238 - - [30/Jan/2026:10:41:39 -0500] "GET /edorxrr.php HTTP/1.1" 302 273 "-" "-"
74.248.24.238 - - [30/Jan/2026:10:41:40 -0500] "GET /doko.php HTTP/1.1" 302 273 "-" "-"
74.248.24.238 - - [30/Jan/2026:10:41:40 -0500] "GET /sst.php HTTP/1.1" 302 273 "-" "-"
74.248.24.238 - - [30/Jan/2026:10:41:40 -0500] "GET /easy.php HTTP/1.1" 302 273 "-" "-"
74.248.24.238 - - [30/Jan/2026:10:41:41 -0500] "GET /wp-rss4.php HTTP/1.1" 302 273 "-" "-"
74.248.24.238 - - [30/Jan/2026:10:41:41 -0500] "GET /nlvbr.php HTTP/1.1" 302 273 "-" "-"
74.248.24.238 - - [30/Jan/2026:10:41:41 -0500] "GET /ah25.php HTTP/1.1" 302 273 "-" "-"
74.248.24.238 - - [30/Jan/2026:10:41:42 -0500] "GET /icoxp.php HTTP/1.1" 302 273 "-" "-"
74.248.24.238 - - [30/Jan/2026:10:41:42 -0500] "GET /wp-set.php HTTP/1.1" 302 273 "-" "-"
74.248.24.238 - - [30/Jan/2026:10:41:42 -0500] "GET /edit-tags.php HTTP/1.1" 302 273 "-" "-"
74.248.24.238 - - [30/Jan/2026:10:41:42 -0500] "GET /install.php HTTP/1.1" 302 273 "-" "-"
74.248.24.238 - - [30/Jan/2026:10:41:43 -0500] "GET /gettest.php HTTP/1.1" 302 273 "-" "-"
74.248.24.238 - - [30/Jan/2026:10:41:43 -0500] "GET /tempae.php HTTP/1.1" 302 273 "-" "-"
74.248.24.238 - - [30/Jan/2026:10:41:43 -0500] "GET /drfabyqp.php HTTP/1.1" 302 273 "-" "-"
74.248.24.238 - - [30/Jan/2026:10:41:44 -0500] "GET /f6.php HTTP/1.1" 302 273 "-" "-"
74.248.24.238 - - [30/Jan/2026:10:41:44 -0500] "GET /ty.php HTTP/1.1" 302 273 "-" "-"
74.248.24.238 - - [30/Jan/2026:10:41:44 -0500] "GET /RIP.php HTTP/1.1" 302 273 "-" "-"
74.248.24.238 - - [30/Jan/2026:10:41:44 -0500] "GET /bayss.php HTTP/1.1" 302 273 "-" "-"
74.248.24.238 - - [30/Jan/2026:10:41:45 -0500] "GET /w1.php HTTP/1.1" 302 273 "-" "-"
74.248.24.238 - - [30/Jan/2026:10:41:45 -0500] "GET /dgdaolin.php HTTP/1.1" 302 273 "-" "-"
74.248.24.238 - - [30/Jan/2026:10:41:46 -0500] "GET /rrhbdzdz.php HTTP/1.1" 302 273 "-" "-"
74.248.24.238 - - [30/Jan/2026:10:41:46 -0500] "GET /000.php HTTP/1.1" 302 273 "-" "-"
204.76.203.212 - - [30/Jan/2026:10:43:34 -0500] "GET / HTTP/1.1" 301 - "-" "Mozilla/5.0 (Windows NT 10.0; Win64; x64) AppleWebKit/537.36 (KHTML, like Gecko) Chrome/90.0.4430.85 Safari/537.36 Edg/90.0.818.46"
102.22.20.125 - - [30/Jan/2026:10:50:26 -0500] "GET /robots.txt HTTP/1.1" 200 29 "-" "Mozilla/5.0 (compatible; FreePBX-Scanner/1.0)"
74.206.190.70 - - [30/Jan/2026:10:59:18 -0500] "POST /wp-cron.php?doing_wp_cron=1769788758.5212810039520263671875 HTTP/1.1" 200 - "-" "WordPress/3.6.1; http://www.hunkytube.com"
141.94.194.132 - - [30/Jan/2026:10:59:18 -0500] "GET /index.php/category/gay-hunks/feed HTTP/1.1" 200 10757 "-" "Mozilla/5.0 (X11; Linux i686) AppleWebKit/537.36 (KHTML, like Gecko) Chrome/30.0.1599.66 Safari/537.36"
93.123.109.205 - - [30/Jan/2026:11:05:12 -0500] "GET / HTTP/1.1" 301 - "-" "Mozilla/5.0 (Macintosh; Intel Mac OS X 10_15_7) AppleWebKit/537.36 (KHTML, like Gecko) Chrome/138.0.0.0 Safari/537.36"
192.169.115.23 - - [30/Jan/2026:11:08:07 -0500] "GET / HTTP/1.1" 200 64729 "https://www.google.com/" "Mozilla/5.0 (iPhone; CPU iPhone OS 18_7 like Mac OS X) AppleWebKit/605.1.15 (KHTML, like Gecko) Mobile/15E148 Version/18.7 Safari/605.1.15 AlohaBrowser/7.14.1"
192.169.115.23 - - [30/Jan/2026:11:08:08 -0500] "GET /wp-content/plugins/wp-postratings/postratings-js.php?ver=1.30 HTTP/1.1" 200 4810 "http://www.hunkytube.com/" "Mozilla/5.0 (iPhone; CPU iPhone OS 18_7 like Mac OS X) AppleWebKit/605.1.15 (KHTML, like Gecko) Mobile/15E148 Version/18.7 Safari/605.1.15 AlohaBrowser/7.14.1"
204.76.203.69 - - [30/Jan/2026:11:09:22 -0500] "GET / HTTP/1.1" 301 - "-" "Mozilla/5.0 (Windows NT 10.0; Win64; x64) AppleWebKit/537.36 (KHTML, like Gecko) Chrome/90.0.4430.85 Safari/537.36 Edg/90.0.818.46"
193.142.147.209 - - [30/Jan/2026:11:10:18 -0500] "POST / HTTP/1.1" 301 - "-" "Mozilla/5.0 (Windows NT 10.0; Win64; x64) AppleWebKit/537.36"
204.76.203.212 - - [30/Jan/2026:11:10:29 -0500] "GET / HTTP/1.1" 301 - "-" "Mozilla/5.0 (Windows NT 10.0; Win64; x64) AppleWebKit/537.36 (KHTML, like Gecko) Chrome/90.0.4430.85 Safari/537.36 Edg/90.0.818.46"
119.28.89.249 - - [30/Jan/2026:11:19:04 -0500] "GET / HTTP/1.1" 301 - "-" "Mozilla/5.0 (iPhone; CPU iPhone OS 13_2_3 like Mac OS X) AppleWebKit/605.1.15 (KHTML, like Gecko) Version/13.0.3 Mobile/15E148 Safari/604.1"
204.76.203.18 - - [30/Jan/2026:11:30:09 -0500] "GET /bin/ HTTP/1.1" 302 273 "-" "-"
204.76.203.18 - - [30/Jan/2026:11:30:12 -0500] "GET /bin/ HTTP/1.1" 302 273 "-" "-"
43.153.19.83 - - [30/Jan/2026:11:33:22 -0500] "GET / HTTP/1.1" 301 - "-" "Mozilla/5.0 (iPhone; CPU iPhone OS 13_2_3 like Mac OS X) AppleWebKit/605.1.15 (KHTML, like Gecko) Version/13.0.3 Mobile/15E148 Safari/604.1"
204.76.203.212 - - [30/Jan/2026:11:34:11 -0500] "GET / HTTP/1.1" 301 - "-" "Mozilla/5.0 (Windows NT 10.0; Win64; x64) AppleWebKit/537.36 (KHTML, like Gecko) Chrome/90.0.4430.85 Safari/537.36 Edg/90.0.818.46"
91.224.92.115 - - [30/Jan/2026:11:35:17 -0500] "GET /cgi-bin/luci/;stok=/locale HTTP/1.1" 302 273 "-" "-"
43.159.135.203 - - [30/Jan/2026:11:37:59 -0500] "GET / HTTP/1.1" 301 - "-" "Mozilla/5.0 (iPhone; CPU iPhone OS 13_2_3 like Mac OS X) AppleWebKit/605.1.15 (KHTML, like Gecko) Version/13.0.3 Mobile/15E148 Safari/604.1"
192.227.159.123 - - [30/Jan/2026:11:38:02 -0500] "GET / HTTP/1.1" 301 - "-" "Mozilla/5.0 (Macintosh; Intel Mac OS X 15_7_3) AppleWebKit/605.1.15 (KHTML, like Gecko) Version/26.0 Safari/605.1.15"
43.155.188.157 - - [30/Jan/2026:11:52:42 -0500] "GET / HTTP/1.1" 301 - "-" "Mozilla/5.0 (iPhone; CPU iPhone OS 13_2_3 like Mac OS X) AppleWebKit/605.1.15 (KHTML, like Gecko) Version/13.0.3 Mobile/15E148 Safari/604.1"
159.192.138.242 - - [30/Jan/2026:11:53:54 -0500] "GET / HTTP/1.1" 301 - "-" "Mozilla/5.0 (Windows NT 6.1; WOW64) AppleWebKit/537.36 (KHTML, like Gecko) Chrome/52.0.2743.116 Safari/537.36"
20.223.150.246 - - [30/Jan/2026:11:55:05 -0500] "GET /wp-content/plugins/hellopress/wp_filemanager.php HTTP/1.1" 302 273 "-" "-"
20.223.150.246 - - [30/Jan/2026:11:55:05 -0500] "GET /rip.php HTTP/1.1" 302 273 "-" "-"
204.76.203.212 - - [30/Jan/2026:11:57:26 -0500] "GET / HTTP/1.1" 301 - "-" "Mozilla/5.0 (Windows NT 10.0; Win64; x64) AppleWebKit/537.36 (KHTML, like Gecko) Chrome/90.0.4430.85 Safari/537.36 Edg/90.0.818.46"
79.124.40.174 - - [30/Jan/2026:12:02:29 -0500] "POST / HTTP/1.1" 301 - "-" "Mozilla/5.0 (Windows NT 10.0; Win64; x64) AppleWebKit/537.36 (KHTML, like Gecko) Chrome/78.0.3904.108 Safari/537.36"
204.76.203.18 - - [30/Jan/2026:12:13:45 -0500] "GET /backup/ HTTP/1.1" 302 273 "-" "-"
170.106.143.6 - - [30/Jan/2026:12:14:19 -0500] "GET / HTTP/1.1" 301 - "-" "Mozilla/5.0 (iPhone; CPU iPhone OS 13_2_3 like Mac OS X) AppleWebKit/605.1.15 (KHTML, like Gecko) Version/13.0.3 Mobile/15E148 Safari/604.1"
204.76.203.212 - - [30/Jan/2026:12:24:16 -0500] "GET / HTTP/1.1" 301 - "-" "Mozilla/5.0 (Windows NT 10.0; Win64; x64) AppleWebKit/537.36 (KHTML, like Gecko) Chrome/90.0.4430.85 Safari/537.36 Edg/90.0.818.46"
92.63.197.197 - - [30/Jan/2026:12:26:36 -0500] "GET / HTTP/1.1" 301 - "-" "Mozilla/5.0 (Windows NT 6.1) AppleWebKit/537.36 (KHTML, like Gecko) Chrome/44.0.2403.130 Safari/537.36"
45.156.87.161 - - [30/Jan/2026:12:27:51 -0500] "GET /backend/.env HTTP/1.1" 302 273 "-" "Mozilla/5.0 (compatible; Googlebot/2.1; +http://www.google.com/bot.html)"
44.212.68.158 - - [30/Jan/2026:12:36:16 -0500] "GET / HTTP/1.1" 301 - "-" "Mozilla/5.0 (Windows NT 10.0; Win64; x64) AppleWebKit/537.36 (KHTML, like Gecko) Chrome/136.0.0.0 Safari/537.36"
43.153.102.138 - - [30/Jan/2026:12:38:24 -0500] "GET / HTTP/1.1" 301 - "-" "Mozilla/5.0 (iPhone; CPU iPhone OS 13_2_3 like Mac OS X) AppleWebKit/605.1.15 (KHTML, like Gecko) Version/13.0.3 Mobile/15E148 Safari/604.1"
74.206.190.70 - - [30/Jan/2026:12:39:09 -0500] "POST /wp-cron.php?doing_wp_cron=1769794749.5933089256286621093750 HTTP/1.1" 200 - "-" "WordPress/3.6.1; http://www.hunkytube.com"
38.222.105.131 - - [30/Jan/2026:12:39:09 -0500] "GET / HTTP/1.1" 200 64729 "https://www.google.com/" "Mozilla/5.0 (Linux; Android 10; K) AppleWebKit/537.36 (KHTML, like Gecko) Chrome/144.0.0.0 Mobile Safari/537.36"
38.222.105.131 - - [30/Jan/2026:12:39:10 -0500] "GET /wp-content/plugins/wp-postratings/postratings-js.php?ver=1.30 HTTP/1.1" 200 4810 "http://www.hunkytube.com/" "Mozilla/5.0 (Linux; Android 10; K) AppleWebKit/537.36 (KHTML, like Gecko) Chrome/144.0.0.0 Mobile Safari/537.36"
38.222.105.131 - - [30/Jan/2026:12:40:31 -0500] "GET / HTTP/1.1" 200 64729 "https://www.google.com/" "Mozilla/5.0 (Linux; Android 10; K) AppleWebKit/537.36 (KHTML, like Gecko) Chrome/144.0.0.0 Mobile Safari/537.36"
34.11.244.115 - - [30/Jan/2026:12:41:41 -0500] "HEAD / HTTP/1.1" 301 - "-" "Mozilla/5.0 (Linux; Android 13; Infinix X688B) AppleWebKit/537.36 (KHTML, like Gecko) Chrome/124.0.6367.48 Mobile Safari/537.36"
34.11.244.115 - - [30/Jan/2026:12:41:41 -0500] "HEAD / HTTP/1.1" 200 - "http://hunkytube.com/" "Mozilla/5.0 (Linux; Android 13; Infinix X688B) AppleWebKit/537.36 (KHTML, like Gecko) Chrome/124.0.6367.48 Mobile Safari/537.36"
34.11.244.115 - - [30/Jan/2026:12:41:42 -0500] "HEAD /blog/ HTTP/1.1" 302 - "-" "Mozilla/5.0 (Linux; Android 13; Pixel 7a) AppleWebKit/537.36 (KHTML, like Gecko) Chrome/124.0.6367.82 Mobile Safari/537.36"
34.11.244.115 - - [30/Jan/2026:12:41:42 -0500] "HEAD /wp/ HTTP/1.1" 302 - "-" "Mozilla/5.0 (Macintosh; Intel Mac OS X 14_5) AppleWebKit/605.1.15 (KHTML, like Gecko) Version/17.5 Safari/605.1.15"
34.11.244.115 - - [30/Jan/2026:12:41:42 -0500] "HEAD /wordpress/ HTTP/1.1" 302 - "-" "Mozilla/5.0 (Linux; Android 11; moto g31) AppleWebKit/537.36 (KHTML, like Gecko) Chrome/122.0.6261.96 Mobile Safari/537.36"
34.11.244.115 - - [30/Jan/2026:12:41:42 -0500] "HEAD /backup/ HTTP/1.1" 302 - "-" "Mozilla/5.0 (Linux; Android 14; Xiaomi 14 Pro) AppleWebKit/537.36 (KHTML, like Gecko) Chrome/126.0.6478.33 Mobile Safari/537.36"
34.11.244.115 - - [30/Jan/2026:12:41:42 -0500] "HEAD /old/ HTTP/1.1" 302 - "-" "Mozilla/5.0 (Linux; Android 14; Samsung SM-A546B) AppleWebKit/537.36 (KHTML, like Gecko) Chrome/126.0.6478.14 Mobile Safari/537.36"
34.11.244.115 - - [30/Jan/2026:12:41:42 -0500] "HEAD /new/ HTTP/1.1" 302 - "-" "Mozilla/5.0 (Linux; Android 14; RMX3842) AppleWebKit/537.36 (KHTML, like Gecko) Chrome/126.0.6478.44 Mobile Safari/537.36"
74.206.190.70 - - [30/Jan/2026:12:49:34 -0500] "POST /wp-cron.php?doing_wp_cron=1769795374.0782830715179443359375 HTTP/1.1" 200 - "-" "WordPress/3.6.1; http://www.hunkytube.com"
141.94.194.132 - - [30/Jan/2026:12:49:33 -0500] "GET /index.php/gay-hunks/teen-hunks-tube.html/feed HTTP/1.1" 200 1297 "-" "Mozilla/5.0 (X11; Linux i686) AppleWebKit/537.36 (KHTML, like Gecko) Chrome/30.0.1599.66 Safari/537.36"
204.76.203.212 - - [30/Jan/2026:12:50:47 -0500] "GET / HTTP/1.1" 301 - "-" "Mozilla/5.0 (Windows NT 10.0; Win64; x64) AppleWebKit/537.36 (KHTML, like Gecko) Chrome/90.0.4430.85 Safari/537.36 Edg/90.0.818.46"
106.75.188.200 - - [30/Jan/2026:12:54:53 -0500] "GET /DYnQ HTTP/1.1" 302 273 "-" "Mozilla/5.0 (X11; Linux x86_64) AppleWebKit/537.36 (KHTML, like Gecko) Chrome/103.0.0.0 Safari/537.36"
106.75.188.200 - - [30/Jan/2026:12:54:54 -0500] "GET /iiHC HTTP/1.1" 302 273 "-" "Mozilla/5.0 (X11; U; Linux i686; en-US; rv:1.8.1) Gecko/20061024 Firefox/2.0 (Swiftfox)"
43.135.142.7 - - [30/Jan/2026:12:59:57 -0500] "GET / HTTP/1.1" 301 - "-" "Mozilla/5.0 (iPhone; CPU iPhone OS 13_2_3 like Mac OS X) AppleWebKit/605.1.15 (KHTML, like Gecko) Version/13.0.3 Mobile/15E148 Safari/604.1"
204.76.203.69 - - [30/Jan/2026:13:03:40 -0500] "GET / HTTP/1.1" 301 - "-" "-"
87.121.84.51 - - [30/Jan/2026:13:03:50 -0500] "GET / HTTP/1.1" 301 - "-" "Mozilla/5.0 (X11; Linux x86_64; rv:140.0) Gecko/20100101 Firefox/140.0"
43.167.239.66 - - [30/Jan/2026:13:05:59 -0500] "GET / HTTP/1.1" 200 64729 "-" "Mozilla/5.0 (iPhone; CPU iPhone OS 13_2_3 like Mac OS X) AppleWebKit/605.1.15 (KHTML, like Gecko) Version/13.0.3 Mobile/15E148 Safari/604.1"
175.178.6.115 - - [30/Jan/2026:13:06:57 -0500] "GET /wp-json/wp/v2/posts HTTP/1.1" 302 273 "-" "Mozilla/5.0 (Windows NT 10.0; Win64; x64) AppleWebKit/537.36 (KHTML, like Gecko) Chrome/120.0.0.0 Safari/537.36"
193.142.147.209 - - [30/Jan/2026:13:08:52 -0500] "POST / HTTP/1.1" 301 - "-" "Mozilla/5.0 (Windows NT 10.0; Win64; x64) AppleWebKit/537.36"
204.76.203.212 - - [30/Jan/2026:13:15:42 -0500] "GET / HTTP/1.1" 301 - "-" "Mozilla/5.0 (Windows NT 10.0; Win64; x64) AppleWebKit/537.36 (KHTML, like Gecko) Chrome/90.0.4430.85 Safari/537.36 Edg/90.0.818.46"
164.92.103.174 - - [30/Jan/2026:13:16:38 -0500] "GET /.env HTTP/1.1" 302 273 "-" "Mozilla/5.0; Keydrop.io/1.0(onlyscans.com/about);"
164.92.103.174 - - [30/Jan/2026:13:16:38 -0500] "GET /.git/config HTTP/1.1" 302 273 "-" "Mozilla/5.0; Keydrop.io/1.0(onlyscans.com/about);"
43.130.3.120 - - [30/Jan/2026:13:19:50 -0500] "GET / HTTP/1.1" 301 - "-" "Mozilla/5.0 (iPhone; CPU iPhone OS 13_2_3 like Mac OS X) AppleWebKit/605.1.15 (KHTML, like Gecko) Version/13.0.3 Mobile/15E148 Safari/604.1"
141.94.194.132 - - [30/Jan/2026:13:22:59 -0500] "GET /index.php/bareback/gay-tube-hunks.html/feed HTTP/1.1" 200 1249 "-" "Mozilla/5.0 (X11; Linux i686) AppleWebKit/537.36 (KHTML, like Gecko) Chrome/30.0.1599.66 Safari/537.36"
49.51.33.159 - - [30/Jan/2026:13:31:53 -0500] "GET /index.php/feed HTTP/1.1" 200 11125 "-" "Mozilla/5.0 (iPhone; CPU iPhone OS 13_2_3 like Mac OS X) AppleWebKit/605.1.15 (KHTML, like Gecko) Version/13.0.3 Mobile/15E148 Safari/604.1"
205.210.31.109 - - [30/Jan/2026:13:34:22 -0500] "GET / HTTP/1.1" 200 64729 "-" "Hello from Palo Alto Networks, find out more about our scans in https://docs-cortex.paloaltonetworks.com/r/1/Cortex-Xpanse/Scanning-activity"
43.156.168.214 - - [30/Jan/2026:13:38:35 -0500] "GET / HTTP/1.1" 301 - "-" "Mozilla/5.0 (iPhone; CPU iPhone OS 13_2_3 like Mac OS X) AppleWebKit/605.1.15 (KHTML, like Gecko) Version/13.0.3 Mobile/15E148 Safari/604.1"
186.6.170.76 - - [30/Jan/2026:13:38:40 -0500] "GET / HTTP/1.1" 301 - "-" "Mozilla/5.0 (Windows NT 10.0; WOW64) AppleWebKit/537.36 (KHTML, like Gecko) Chrome/51.0.2704.103 Safari/537.36"
204.76.203.212 - - [30/Jan/2026:13:39:24 -0500] "GET / HTTP/1.1" 301 - "-" "Mozilla/5.0 (Windows NT 10.0; Win64; x64) AppleWebKit/537.36 (KHTML, like Gecko) Chrome/90.0.4430.85 Safari/537.36 Edg/90.0.818.46"
141.94.194.132 - - [30/Jan/2026:13:40:50 -0500] "GET /index.php/tag/raw-papi/feed HTTP/1.1" 200 13707 "-" "Mozilla/5.0 (X11; Linux i686) AppleWebKit/537.36 (KHTML, like Gecko) Chrome/30.0.1599.66 Safari/537.36"
43.166.129.247 - - [30/Jan/2026:13:43:41 -0500] "GET /index.php/tag/big-candy HTTP/1.1" 200 14880 "-" "Mozilla/5.0 (iPhone; CPU iPhone OS 13_2_3 like Mac OS X) AppleWebKit/605.1.15 (KHTML, like Gecko) Version/13.0.3 Mobile/15E148 Safari/604.1"
141.94.194.132 - - [30/Jan/2026:13:47:26 -0500] "GET /index.php/bareback/sexy-gay-hunk.html/feed HTTP/1.1" 200 1289 "-" "Mozilla/5.0 (X11; Linux i686) AppleWebKit/537.36 (KHTML, like Gecko) Chrome/30.0.1599.66 Safari/537.36"
74.206.190.70 - - [30/Jan/2026:13:52:18 -0500] "POST /wp-cron.php?doing_wp_cron=1769799138.1404941082000732421875 HTTP/1.1" 200 - "-" "WordPress/3.6.1; http://www.hunkytube.com"
43.153.123.3 - - [30/Jan/2026:13:52:18 -0500] "GET /index.php/category/bareback HTTP/1.1" 200 64523 "-" "Mozilla/5.0 (iPhone; CPU iPhone OS 13_2_3 like Mac OS X) AppleWebKit/605.1.15 (KHTML, like Gecko) Version/13.0.3 Mobile/15E148 Safari/604.1"
43.159.139.164 - - [30/Jan/2026:13:58:32 -0500] "GET / HTTP/1.1" 301 - "-" "Mozilla/5.0 (iPhone; CPU iPhone OS 13_2_3 like Mac OS X) AppleWebKit/605.1.15 (KHTML, like Gecko) Version/13.0.3 Mobile/15E148 Safari/604.1"
204.76.203.212 - - [30/Jan/2026:14:05:02 -0500] "GET / HTTP/1.1" 301 - "-" "Mozilla/5.0 (Windows NT 10.0; Win64; x64) AppleWebKit/537.36 (KHTML, like Gecko) Chrome/90.0.4430.85 Safari/537.36 Edg/90.0.818.46"
43.155.157.239 - - [30/Jan/2026:14:06:17 -0500] "GET /index.php/page/2 HTTP/1.1" 200 64465 "-" "Mozilla/5.0 (iPhone; CPU iPhone OS 13_2_3 like Mac OS X) AppleWebKit/605.1.15 (KHTML, like Gecko) Version/13.0.3 Mobile/15E148 Safari/604.1"
141.94.194.132 - - [30/Jan/2026:14:06:19 -0500] "GET /index.php/category/gay-hunks/feed HTTP/1.1" 200 10757 "-" "Mozilla/5.0 (X11; Linux i686) AppleWebKit/537.36 (KHTML, like Gecko) Chrome/30.0.1599.66 Safari/537.36"
124.156.179.141 - - [30/Jan/2026:14:08:33 -0500] "GET /index.php/tag/ass HTTP/1.1" 200 18309 "-" "Mozilla/5.0 (iPhone; CPU iPhone OS 13_2_3 like Mac OS X) AppleWebKit/605.1.15 (KHTML, like Gecko) Version/13.0.3 Mobile/15E148 Safari/604.1"
34.79.159.68 - - [30/Jan/2026:14:11:50 -0500] "GET / HTTP/1.1" 301 - "-" "python-requests/2.32.5"
43.166.245.120 - - [30/Jan/2026:14:22:00 -0500] "GET /index.php/gay-hunks/hunky-hunks.html/feed HTTP/1.1" 200 804 "-" "Mozilla/5.0 (iPhone; CPU iPhone OS 13_2_3 like Mac OS X) AppleWebKit/605.1.15 (KHTML, like Gecko) Version/13.0.3 Mobile/15E148 Safari/604.1"
43.135.148.92 - - [30/Jan/2026:14:23:00 -0500] "GET / HTTP/1.1" 301 - "-" "Mozilla/5.0 (iPhone; CPU iPhone OS 13_2_3 like Mac OS X) AppleWebKit/605.1.15 (KHTML, like Gecko) Version/13.0.3 Mobile/15E148 Safari/604.1"
167.94.146.56 - - [30/Jan/2026:14:30:03 -0500] "GET / HTTP/1.1" 301 - "-" "Mozilla/5.0 (compatible; CensysInspect/1.1; +https://about.censys.io/)"
167.94.146.56 - - [30/Jan/2026:14:30:08 -0500] "GET /login HTTP/1.1" 302 273 "-" "Mozilla/5.0 (compatible; CensysInspect/1.1; +https://about.censys.io/)"
204.76.203.212 - - [30/Jan/2026:14:30:26 -0500] "GET / HTTP/1.1" 301 - "-" "Mozilla/5.0 (Windows NT 10.0; Win64; x64) AppleWebKit/537.36 (KHTML, like Gecko) Chrome/90.0.4430.85 Safari/537.36 Edg/90.0.818.46"
43.130.32.245 - - [30/Jan/2026:14:32:40 -0500] "GET /?p=280 HTTP/1.1" 301 - "-" "Mozilla/5.0 (iPhone; CPU iPhone OS 13_2_3 like Mac OS X) AppleWebKit/605.1.15 (KHTML, like Gecko) Version/13.0.3 Mobile/15E148 Safari/604.1"
43.130.32.245 - - [30/Jan/2026:14:32:44 -0500] "GET /index.php/gay-hunks/gay-hunktube.html HTTP/1.1" 200 12304 "http://www.hunkytube.com/?p=280" "Mozilla/5.0 (iPhone; CPU iPhone OS 13_2_3 like Mac OS X) AppleWebKit/605.1.15 (KHTML, like Gecko) Version/13.0.3 Mobile/15E148 Safari/604.1"
140.248.36.81 - - [30/Jan/2026:14:34:26 -0500] "GET / HTTP/1.1" 200 64729 "-" "Mozilla/5.0 (Macintosh; Intel Mac OS X 10_15_7) AppleWebKit/605.1.15 (KHTML, like Gecko) Version/16.0 Safari/605.1.15"
140.248.36.80 - - [30/Jan/2026:14:34:26 -0500] "GET / HTTP/1.1" 200 64729 "https://www.bing.com/" "Mozilla/5.0 (Macintosh; Intel Mac OS X 10_15_7) AppleWebKit/605.1.15 (KHTML, like Gecko) Version/18.6 Safari/605.1.15"
140.248.36.80 - - [30/Jan/2026:14:34:27 -0500] "GET /wp-content/plugins/wp-postratings/postratings-js.php?ver=1.30 HTTP/1.1" 200 4810 "http://www.hunkytube.com/" "Mozilla/5.0 (Macintosh; Intel Mac OS X 10_15_7) AppleWebKit/605.1.15 (KHTML, like Gecko) Version/18.6 Safari/605.1.15"
45.3.35.56 - - [30/Jan/2026:14:39:24 -0500] "POST /xmlrpc.php HTTP/1.1" 302 277 "-" "Wget/1.21.4"
45.3.35.56 - - [30/Jan/2026:14:39:25 -0500] "POST /xmlrpc.php HTTP/1.1" 302 277 "-" "Wget/1.21.4"
45.3.35.56 - - [30/Jan/2026:14:39:25 -0500] "POST /xmlrpc.php HTTP/1.1" 302 277 "-" "curl/8.6.0"
104.207.55.31 - - [30/Jan/2026:14:39:26 -0500] "GET /wp-login.php HTTP/1.1" 200 2284 "-" "curl/8.6.0"
104.207.55.31 - - [30/Jan/2026:14:39:26 -0500] "POST /wp-login.php HTTP/1.1" 302 - "http://www.hunkytube.com/wp-login.php" "Wget/1.21.4"
104.207.55.31 - - [30/Jan/2026:14:39:27 -0500] "GET /wp-admin/ HTTP/1.1" 200 81499 "http://www.hunkytube.com/wp-login.php" "Wget/1.21.4"
104.207.55.31 - - [30/Jan/2026:14:39:28 -0500] "GET /wp-admin/plugins.php HTTP/1.1" 200 67345 "-" "Wget/1.21.4"
170.106.181.163 - - [30/Jan/2026:14:44:20 -0500] "GET /index.php/category/hunk-tube HTTP/1.1" 200 53502 "-" "Mozilla/5.0 (iPhone; CPU iPhone OS 13_2_3 like Mac OS X) AppleWebKit/605.1.15 (KHTML, like Gecko) Version/13.0.3 Mobile/15E148 Safari/604.1"
49.51.204.74 - - [30/Jan/2026:14:47:56 -0500] "GET / HTTP/1.1" 301 - "-" "Mozilla/5.0 (iPhone; CPU iPhone OS 13_2_3 like Mac OS X) AppleWebKit/605.1.15 (KHTML, like Gecko) Version/13.0.3 Mobile/15E148 Safari/604.1"
74.206.190.70 - - [30/Jan/2026:14:51:45 -0500] "POST /wp-cron.php?doing_wp_cron=1769802705.0396940708160400390625 HTTP/1.1" 200 - "-" "WordPress/3.6.1; http://www.hunkytube.com"
170.106.181.163 - - [30/Jan/2026:14:51:44 -0500] "GET /index.php/bareback/latin-hunk-sex.html HTTP/1.1" 200 12382 "-" "Mozilla/5.0 (iPhone; CPU iPhone OS 13_2_3 like Mac OS X) AppleWebKit/605.1.15 (KHTML, like Gecko) Version/13.0.3 Mobile/15E148 Safari/604.1"
204.76.203.212 - - [30/Jan/2026:14:58:43 -0500] "GET / HTTP/1.1" 301 - "-" "Mozilla/5.0 (Windows NT 10.0; Win64; x64) AppleWebKit/537.36 (KHTML, like Gecko) Chrome/90.0.4430.85 Safari/537.36 Edg/90.0.818.46"
17.246.15.210 - - [30/Jan/2026:14:59:23 -0500] "GET /index.php/gay-hunks/gay-hunktube.html HTTP/1.1" 200 12304 "-" "Mozilla/5.0 (Macintosh; Intel Mac OS X 10_15_7) AppleWebKit/605.1.15 (KHTML, like Gecko) Version/17.4 Safari/605.1.15 (Applebot/0.1; +http://www.apple.com/go/applebot)"
104.207.55.31 - - [30/Jan/2026:14:59:31 -0500] "HEAD /wp-admin/ HTTP/1.1" 302 - "-" "curl/7.88.1"
104.207.55.31 - - [30/Jan/2026:14:59:32 -0500] "HEAD /wp-login.php?redirect_to=http%3A%2F%2Fwww.hunkytube.com%2Fwp-admin%2F&reauth=1 HTTP/1.1" 200 - "http://www.hunkytube.com/wp-admin/" "curl/7.88.1"
104.207.55.31 - - [30/Jan/2026:14:59:32 -0500] "GET /wp-admin/admin.php?page=wc-orders HTTP/1.1" 500 4145 "-" "curl/8.6.0"
104.207.55.31 - - [30/Jan/2026:14:59:32 -0500] "GET /wp-admin/edit.php?post_type=shop_order HTTP/1.1" 500 4103 "-" "curl/8.6.0"
104.207.55.31 - - [30/Jan/2026:14:59:33 -0500] "GET /wp-admin/admin.php?page=wc-reports&range=year HTTP/1.1" 500 4145 "-" "Wget/1.21.4"
104.207.55.31 - - [30/Jan/2026:14:59:33 -0500] "GET /wp-admin/admin.php?page=wc-reports&range=last_month HTTP/1.1" 500 4145 "-" "curl/8.6.0"
104.207.55.31 - - [30/Jan/2026:14:59:35 -0500] "GET /wp-admin/admin.php?page=wc-reports&range=month HTTP/1.1" 500 4145 "-" "Wget/1.21.4"
104.207.55.31 - - [30/Jan/2026:14:59:35 -0500] "GET /wp-login.php HTTP/1.1" 200 2284 "-" "curl/7.88.1"
104.207.55.31 - - [30/Jan/2026:14:59:35 -0500] "POST /wp-login.php HTTP/1.1" 302 - "http://www.hunkytube.com/wp-login.php" "curl/7.88.1"
104.207.55.31 - - [30/Jan/2026:14:59:36 -0500] "GET /wp-admin/ HTTP/1.1" 200 81499 "http://www.hunkytube.com/wp-login.php" "curl/7.88.1"
104.207.55.31 - - [30/Jan/2026:14:59:37 -0500] "GET /wp-admin/admin.php?page=wc-orders HTTP/1.1" 500 4145 "-" "Wget/1.21.4"
104.207.55.31 - - [30/Jan/2026:14:59:37 -0500] "GET /wp-admin/edit.php?post_type=shop_order HTTP/1.1" 500 4103 "-" "Wget/1.21.4"
104.207.55.31 - - [30/Jan/2026:14:59:37 -0500] "GET /wp-admin/admin.php?page=wc-reports&range=year HTTP/1.1" 500 4145 "-" "Wget/1.21.4"
104.207.55.31 - - [30/Jan/2026:14:59:38 -0500] "GET /wp-admin/admin.php?page=wc-reports&range=last_month HTTP/1.1" 500 4145 "-" "curl/7.88.1"
104.207.55.31 - - [30/Jan/2026:14:59:38 -0500] "GET /wp-admin/admin.php?page=wc-reports&range=month HTTP/1.1" 500 4145 "-" "Wget/1.21.4"
45.3.36.37 - - [30/Jan/2026:14:59:39 -0500] "HEAD /wp-admin/ HTTP/1.1" 302 - "-" "curl/7.88.1"
45.3.36.37 - - [30/Jan/2026:14:59:39 -0500] "HEAD /wp-login.php?redirect_to=http%3A%2F%2Fwww.hunkytube.com%2Fwp-admin%2F&reauth=1 HTTP/1.1" 200 - "http://www.hunkytube.com/wp-admin/" "curl/7.88.1"
45.3.36.37 - - [30/Jan/2026:14:59:40 -0500] "GET /wp-admin/admin.php?page=wc-orders HTTP/1.1" 500 4145 "-" "curl/7.88.1"
45.3.36.37 - - [30/Jan/2026:14:59:40 -0500] "GET /wp-admin/edit.php?post_type=shop_order HTTP/1.1" 500 4103 "-" "curl/7.88.1"
45.3.36.37 - - [30/Jan/2026:14:59:40 -0500] "GET /wp-admin/admin.php?page=wc-reports&range=year HTTP/1.1" 500 4145 "-" "curl/7.88.1"
45.3.36.37 - - [30/Jan/2026:14:59:41 -0500] "GET /wp-admin/admin.php?page=wc-reports&range=last_month HTTP/1.1" 500 4145 "-" "curl/7.88.1"
45.3.36.37 - - [30/Jan/2026:14:59:41 -0500] "GET /wp-admin/admin.php?page=wc-reports&range=month HTTP/1.1" 500 4145 "-" "curl/7.88.1"
45.3.36.37 - - [30/Jan/2026:14:59:41 -0500] "GET /wp-login.php HTTP/1.1" 200 2284 "-" "curl/8.6.0"
45.3.36.37 - - [30/Jan/2026:14:59:42 -0500] "POST /wp-login.php HTTP/1.1" 302 - "http://www.hunkytube.com/wp-login.php" "curl/8.6.0"
45.3.36.37 - - [30/Jan/2026:14:59:42 -0500] "GET /wp-admin/ HTTP/1.1" 200 81499 "http://www.hunkytube.com/wp-login.php" "curl/8.6.0"
45.3.36.37 - - [30/Jan/2026:14:59:43 -0500] "GET /wp-admin/edit.php?post_type=shop_order HTTP/1.1" 500 4103 "-" "curl/7.88.1"
45.3.36.37 - - [30/Jan/2026:14:59:43 -0500] "GET /wp-admin/admin.php?page=wc-orders HTTP/1.1" 500 4145 "-" "curl/7.88.1"
45.3.36.37 - - [30/Jan/2026:14:59:43 -0500] "GET /wp-admin/admin.php?page=wc-reports&range=year HTTP/1.1" 500 4145 "-" "curl/7.88.1"
45.3.36.37 - - [30/Jan/2026:14:59:44 -0500] "GET /wp-admin/admin.php?page=wc-reports&range=last_month HTTP/1.1" 500 4145 "-" "Wget/1.21.4"
45.3.36.37 - - [30/Jan/2026:14:59:44 -0500] "GET /wp-admin/admin.php?page=wc-reports&range=month HTTP/1.1" 500 4145 "-" "curl/7.88.1"
17.246.19.55 - - [30/Jan/2026:15:01:11 -0500] "GET /wp-content/plugins/wp-postratings/postratings-js.php?ver=1.30 HTTP/1.1" 200 4810 "http://www.hunkytube.com/index.php/gay-hunks/gay-hunktube.html" "Mozilla/5.0 (Macintosh; Intel Mac OS X 10_15_7) AppleWebKit/605.1.15 (KHTML, like Gecko) Version/17.4 Safari/605.1.15 (Applebot/0.1; +http://www.apple.com/go/applebot)"
170.106.163.48 - - [30/Jan/2026:15:01:37 -0500] "GET /index.php/tag/anal HTTP/1.1" 200 18354 "-" "Mozilla/5.0 (iPhone; CPU iPhone OS 13_2_3 like Mac OS X) AppleWebKit/605.1.15 (KHTML, like Gecko) Version/13.0.3 Mobile/15E148 Safari/604.1"
54.183.1.23 - - [30/Jan/2026:15:04:33 -0500] "GET / HTTP/1.1" 301 - "-" "Mozilla/5.0 (X11; Linux x86_64) AppleWebKit/537.36 (KHTML, like Gecko) Chrome/137.0.0.0 Safari/537.36"
54.183.1.23 - - [30/Jan/2026:15:04:34 -0500] "GET / HTTP/1.1" 200 64729 "-" "Mozilla/5.0 (X11; Linux x86_64) AppleWebKit/537.36 (KHTML, like Gecko) Chrome/137.0.0.0 Safari/537.36"
43.153.192.98 - - [30/Jan/2026:15:12:59 -0500] "GET / HTTP/1.1" 301 - "-" "Mozilla/5.0 (iPhone; CPU iPhone OS 13_2_3 like Mac OS X) AppleWebKit/605.1.15 (KHTML, like Gecko) Version/13.0.3 Mobile/15E148 Safari/604.1"
74.206.190.70 - - [30/Jan/2026:15:16:05 -0500] "POST /wp-cron.php?doing_wp_cron=1769804165.2784090042114257812500 HTTP/1.1" 200 - "-" "WordPress/3.6.1; http://www.hunkytube.com"
43.159.136.201 - - [30/Jan/2026:15:16:05 -0500] "GET /index.php/tag/ass/feed HTTP/1.1" 200 3417 "-" "Mozilla/5.0 (iPhone; CPU iPhone OS 13_2_3 like Mac OS X) AppleWebKit/605.1.15 (KHTML, like Gecko) Version/13.0.3 Mobile/15E148 Safari/604.1"
204.76.203.212 - - [30/Jan/2026:15:23:56 -0500] "GET / HTTP/1.1" 301 - "-" "Mozilla/5.0 (Windows NT 10.0; Win64; x64) AppleWebKit/537.36 (KHTML, like Gecko) Chrome/90.0.4430.85 Safari/537.36 Edg/90.0.818.46"
52.167.144.172 - - [30/Jan/2026:15:27:58 -0500] "GET /?s= HTTP/1.1" 200 64743 "-" "Mozilla/5.0 AppleWebKit/537.36 (KHTML, like Gecko; compatible; bingbot/2.0; +http://www.bing.com/bingbot.htm) Chrome/116.0.1938.76 Safari/537.36"
163.172.221.9 - - [30/Jan/2026:15:28:45 -0500] "GET /index.php/gay-hunks/hunktube-free.html HTTP/1.1" 200 12347 "https://www.google.com/" "Mozilla/5.0 (Linux; Android 10; K) AppleWebKit/537.36 (KHTML, like Gecko) Chrome/144.0.0.0 Mobile Safari/537.36 AlohaBrowser/7.13.1"
163.172.221.9 - - [30/Jan/2026:15:28:47 -0500] "GET /wp-content/plugins/wp-postratings/postratings-js.php?ver=1.30 HTTP/1.1" 200 4810 "http://www.hunkytube.com/index.php/gay-hunks/hunktube-free.html" "Mozilla/5.0 (Linux; Android 10; K) AppleWebKit/537.36 (KHTML, like Gecko) Chrome/144.0.0.0 Mobile Safari/537.36 AlohaBrowser/7.13.1"
163.172.221.9 - - [30/Jan/2026:15:29:23 -0500] "GET /index.php/gay-hunks/hunktube-free.html HTTP/1.1" 200 12347 "https://www.google.com/" "Mozilla/5.0 (Linux; Android 10; K) AppleWebKit/537.36 (KHTML, like Gecko) Chrome/144.0.0.0 Mobile Safari/537.36 AlohaBrowser/7.13.1"
193.142.147.209 - - [30/Jan/2026:15:29:26 -0500] "POST / HTTP/1.1" 301 - "-" "Mozilla/5.0 (Windows NT 10.0; Win64; x64) AppleWebKit/537.36"
43.157.153.236 - - [30/Jan/2026:15:31:18 -0500] "GET /index.php/category/gay-hunks HTTP/1.1" 200 64619 "-" "Mozilla/5.0 (iPhone; CPU iPhone OS 13_2_3 like Mac OS X) AppleWebKit/605.1.15 (KHTML, like Gecko) Version/13.0.3 Mobile/15E148 Safari/604.1"
43.166.247.82 - - [30/Jan/2026:15:33:34 -0500] "GET / HTTP/1.1" 301 - "-" "Mozilla/5.0 (iPhone; CPU iPhone OS 13_2_3 like Mac OS X) AppleWebKit/605.1.15 (KHTML, like Gecko) Version/13.0.3 Mobile/15E148 Safari/604.1"
163.172.221.9 - - [30/Jan/2026:15:36:56 -0500] "GET /index.php/category/bareback HTTP/1.1" 200 64523 "https://www.google.com/" "Mozilla/5.0 (Linux; Android 10; K) AppleWebKit/537.36 (KHTML, like Gecko) Chrome/144.0.0.0 Mobile Safari/537.36 AlohaBrowser/7.13.1"
162.62.213.187 - - [30/Jan/2026:15:40:29 -0500] "GET /index.php/hunk-tube/raw-gaytube.html HTTP/1.1" 200 12793 "-" "Mozilla/5.0 (iPhone; CPU iPhone OS 13_2_3 like Mac OS X) AppleWebKit/605.1.15 (KHTML, like Gecko) Version/13.0.3 Mobile/15E148 Safari/604.1"
45.138.16.159 - - [30/Jan/2026:15:42:52 -0500] "GET /ss.php?f_c=1 HTTP/1.1" 302 273 "-" "Mozilla/5.0 (Linux; Android 7.0; SM-G892A Build/NRD90M; wv) AppleWebKit/537.36 (KHTML, like Gecko) Version/4.0 Chrome/60.0.3112.107 Mobile Safari/537.36"
204.76.203.212 - - [30/Jan/2026:15:47:09 -0500] "GET / HTTP/1.1" 301 - "-" "Mozilla/5.0 (Windows NT 10.0; Win64; x64) AppleWebKit/537.36 (KHTML, like Gecko) Chrome/90.0.4430.85 Safari/537.36 Edg/90.0.818.46"
74.206.190.70 - - [30/Jan/2026:15:51:59 -0500] "POST /wp-cron.php?doing_wp_cron=1769806319.5453929901123046875000 HTTP/1.1" 200 - "-" "WordPress/3.6.1; http://www.hunkytube.com"
43.159.128.155 - - [30/Jan/2026:15:51:59 -0500] "GET /index.php/gay-hunks/latin-hunk-tube.html HTTP/1.1" 200 12408 "-" "Mozilla/5.0 (iPhone; CPU iPhone OS 13_2_3 like Mac OS X) AppleWebKit/605.1.15 (KHTML, like Gecko) Version/13.0.3 Mobile/15E148 Safari/604.1"
170.106.193.108 - - [30/Jan/2026:16:02:03 -0500] "GET /index.php/bareback/hunk-sex-tube.html HTTP/1.1" 200 12663 "-" "Mozilla/5.0 (iPhone; CPU iPhone OS 13_2_3 like Mac OS X) AppleWebKit/605.1.15 (KHTML, like Gecko) Version/13.0.3 Mobile/15E148 Safari/604.1"
104.168.28.15 - - [30/Jan/2026:16:02:33 -0500] "GET / HTTP/1.1" 200 64729 "-" "Mozilla/5.0 (Macintosh; Intel Mac OS X 15_7_3) AppleWebKit/605.1.15 (KHTML, like Gecko) Version/26.0 Safari/605.1.15"
147.185.132.109 - - [30/Jan/2026:16:09:10 -0500] "GET /wp-login.php HTTP/1.1" 301 - "-" "Hello from Palo Alto Networks, find out more about our scans in https://docs-cortex.paloaltonetworks.com/r/1/Cortex-Xpanse/Scanning-activity"
104.200.30.32 - - [30/Jan/2026:16:10:08 -0500] "GET / HTTP/1.1" 301 - "-" "ANK-WALK Internet Research Project - see https://your-domain.com"
141.94.194.132 - - [30/Jan/2026:16:11:33 -0500] "GET /index.php/gay-hunks/teen-hunks-tube.html/feed HTTP/1.1" 200 1297 "-" "Mozilla/5.0 (X11; Linux i686) AppleWebKit/537.36 (KHTML, like Gecko) Chrome/30.0.1599.66 Safari/537.36"
