File: //home/httpd/logs/hombretube.com_access_log.1
74.206.190.68 - - [30/Jan/2026:04:21:13 -0500] "POST /wp-cron.php?doing_wp_cron=1769764873.8344099521636962890625 HTTP/1.1" 200 - "-" "WordPress/3.6.1; http://www.hombretube.com"
129.226.174.80 - - [30/Jan/2026:04:21:13 -0500] "GET / HTTP/1.1" 200 103767 "-" "Mozilla/5.0 (iPhone; CPU iPhone OS 13_2_3 like Mac OS X) AppleWebKit/605.1.15 (KHTML, like Gecko) Version/13.0.3 Mobile/15E148 Safari/604.1"
221.149.119.65 - - [30/Jan/2026:04:30:03 -0500] "GET /wp-content/plugins/fix/up.php HTTP/1.1" 302 278 "-" "Mozilla/5.0 (Windows NT 10.0; Win64; x64) AppleWebKit/537.36 (KHTML, like Gecko) Chrome/87.0.4280.141 Safari/537.36"
93.123.109.125 - - [30/Jan/2026:04:31:13 -0500] "GET / HTTP/1.1" 301 - "-" "Mozilla/5.0 (Windows NT 10.0; Win64; x64) AppleWebKit/537.36 (KHTML, like Gecko) Chrome/142.0.0.0 Safari/537.36"
93.123.109.125 - - [30/Jan/2026:04:31:13 -0500] "GET / HTTP/1.1" 200 103767 "-" "Mozilla/5.0 (Windows NT 10.0; Win64; x64) AppleWebKit/537.36 (KHTML, like Gecko) Chrome/142.0.0.0 Safari/537.36"
221.149.119.65 - - [30/Jan/2026:04:33:03 -0500] "GET /dup-installer/main.installer.php HTTP/1.1" 302 278 "-" "Mozilla/5.0 (Windows NT 10.0; Win64; x64) AppleWebKit/537.36 (KHTML, like Gecko) Chrome/87.0.4280.141 Safari/537.36"
221.149.119.65 - - [30/Jan/2026:04:35:31 -0500] "GET /wp-content/themes/seotheme/db.php?u HTTP/1.1" 302 278 "-" "Mozilla/5.0 (Windows NT 10.0; Win64; x64) AppleWebKit/537.36 (KHTML, like Gecko) Chrome/87.0.4280.141 Safari/537.36"
74.248.24.238 - - [30/Jan/2026:05:18:30 -0500] "GET /wp-content/plugins/hellopress/wp_filemanager.php HTTP/1.1" 302 274 "-" "-"
74.248.24.238 - - [30/Jan/2026:05:18:31 -0500] "GET /rip.php HTTP/1.1" 302 274 "-" "-"
74.206.190.68 - - [30/Jan/2026:05:39:55 -0500] "POST /wp-cron.php?doing_wp_cron=1769769595.3584580421447753906250 HTTP/1.1" 200 - "-" "WordPress/3.6.1; http://www.hombretube.com"
157.55.39.53 - - [30/Jan/2026:05:39:55 -0500] "GET /index.php/gay-cum/latin-bareback-tube.html HTTP/1.1" 200 15743 "-" "Mozilla/5.0 AppleWebKit/537.36 (KHTML, like Gecko; compatible; bingbot/2.0; +http://www.bing.com/bingbot.htm) Chrome/116.0.1938.76 Safari/537.36"
80.66.79.42 - - [30/Jan/2026:05:55:45 -0500] "GET / HTTP/1.1" 301 - "-" "Mozilla/5.0 (compatible; DomainChecker/2.0)"
80.66.79.42 - - [30/Jan/2026:05:55:54 -0500] "GET / HTTP/1.1" 301 - "-" "Mozilla/5.0 (compatible; DomainChecker/2.0)"
80.66.79.42 - - [30/Jan/2026:05:55:56 -0500] "GET / HTTP/1.1" 200 103767 "-" "Mozilla/5.0 (compatible; DomainChecker/2.0)"
207.46.13.6 - - [30/Jan/2026:06:04:12 -0500] "GET /index.php/page/4 HTTP/1.1" 200 37731 "-" "Mozilla/5.0 AppleWebKit/537.36 (KHTML, like Gecko; compatible; bingbot/2.0; +http://www.bing.com/bingbot.htm) Chrome/116.0.1938.76 Safari/537.36"
74.206.190.68 - - [30/Jan/2026:06:19:14 -0500] "POST /wp-cron.php?doing_wp_cron=1769771954.3584420680999755859375 HTTP/1.1" 200 - "-" "WordPress/3.6.1; http://www.hombretube.com"
114.119.151.146 - - [30/Jan/2026:06:19:14 -0500] "GET /index.php/latin-bareback/hard-latino-men.html HTTP/1.1" 200 15876 "http://www.hombretube.com/index.php/category/latin-bareback/" "Mozilla/5.0 (Linux; Android 7.0;) AppleWebKit/537.36 (KHTML, like Gecko) Mobile Safari/537.36 (compatible; PetalBot;+https://webmaster.petalsearch.com/site/petalbot)"
114.119.141.35 - - [30/Jan/2026:06:20:39 -0500] "GET /index.php/tag/gangbang HTTP/1.1" 200 11930 "http://www.hombretube.com/index.php/gay-cum/latino-gaytube-porn.html" "Mozilla/5.0 (Linux; Android 7.0;) AppleWebKit/537.36 (KHTML, like Gecko) Mobile Safari/537.36 (compatible; PetalBot;+https://webmaster.petalsearch.com/site/petalbot)"
114.119.129.175 - - [30/Jan/2026:06:22:03 -0500] "GET /index.php/gay-cum/latino-porn-tube.html HTTP/1.1" 200 15720 "http://www.hombretube.com/index.php/category/gay-cum/page/2" "Mozilla/5.0 (Linux; Android 7.0;) AppleWebKit/537.36 (KHTML, like Gecko) Mobile Safari/537.36 (compatible; PetalBot;+https://webmaster.petalsearch.com/site/petalbot)"
114.119.151.146 - - [30/Jan/2026:06:23:27 -0500] "GET /index.php/gay-cum/hard-gay-porn.html HTTP/1.1" 200 15669 "http://www.hombretube.com/index.php/category/gay-cum" "Mozilla/5.0 (Linux; Android 7.0;) AppleWebKit/537.36 (KHTML, like Gecko) Mobile Safari/537.36 (compatible; PetalBot;+https://webmaster.petalsearch.com/site/petalbot)"
114.119.149.66 - - [30/Jan/2026:07:10:54 -0500] "GET /index.php/gay-cum/gay-homeboy-tube.html HTTP/1.1" 200 15697 "http://www.hombretube.com/index.php/category/gay-cum" "Mozilla/5.0 (Linux; Android 7.0;) AppleWebKit/537.36 (KHTML, like Gecko) Mobile Safari/537.36 (compatible; PetalBot;+https://webmaster.petalsearch.com/site/petalbot)"
43.166.134.114 - - [30/Jan/2026:07:35:13 -0500] "GET / HTTP/1.1" 301 - "-" "Mozilla/5.0 (iPhone; CPU iPhone OS 13_2_3 like Mac OS X) AppleWebKit/605.1.15 (KHTML, like Gecko) Version/13.0.3 Mobile/15E148 Safari/604.1"
74.206.190.68 - - [30/Jan/2026:07:35:15 -0500] "POST /wp-cron.php?doing_wp_cron=1769776515.0958659648895263671875 HTTP/1.1" 200 - "-" "WordPress/3.6.1; http://www.hombretube.com"
43.166.134.114 - - [30/Jan/2026:07:35:15 -0500] "GET / HTTP/1.1" 200 103767 "http://hombretube.com" "Mozilla/5.0 (iPhone; CPU iPhone OS 13_2_3 like Mac OS X) AppleWebKit/605.1.15 (KHTML, like Gecko) Version/13.0.3 Mobile/15E148 Safari/604.1"
74.206.190.68 - - [30/Jan/2026:08:17:34 -0500] "POST /wp-cron.php?doing_wp_cron=1769779054.8478529453277587890625 HTTP/1.1" 200 - "-" "WordPress/3.6.1; http://www.hombretube.com"
157.55.39.197 - - [30/Jan/2026:08:17:34 -0500] "GET /index.php/gay-cum/latino-ass-pounding.html HTTP/1.1" 200 15870 "-" "Mozilla/5.0 AppleWebKit/537.36 (KHTML, like Gecko; compatible; bingbot/2.0; +http://www.bing.com/bingbot.htm) Chrome/116.0.1938.76 Safari/537.36"
74.248.24.238 - - [30/Jan/2026:09:40:01 -0500] "GET /wp-content/plugins/hellopress/wp_filemanager.php HTTP/1.1" 302 274 "-" "-"
74.248.24.238 - - [30/Jan/2026:09:40:03 -0500] "GET /thebe.php HTTP/1.1" 302 274 "-" "-"
74.248.24.238 - - [30/Jan/2026:09:40:03 -0500] "GET /ol.php HTTP/1.1" 302 274 "-" "-"
74.248.24.238 - - [30/Jan/2026:09:40:04 -0500] "GET /sanity.php HTTP/1.1" 302 274 "-" "-"
74.248.24.238 - - [30/Jan/2026:09:40:04 -0500] "GET /anj.php HTTP/1.1" 302 274 "-" "-"
74.248.24.238 - - [30/Jan/2026:09:40:05 -0500] "GET /baixy.php HTTP/1.1" 302 274 "-" "-"
74.248.24.238 - - [30/Jan/2026:09:40:05 -0500] "GET /ioxi.php HTTP/1.1" 302 274 "-" "-"
74.248.24.238 - - [30/Jan/2026:09:40:05 -0500] "GET /aboutc.php HTTP/1.1" 302 274 "-" "-"
74.248.24.238 - - [30/Jan/2026:09:40:06 -0500] "GET /8xyz.php HTTP/1.1" 302 274 "-" "-"
74.248.24.238 - - [30/Jan/2026:09:40:06 -0500] "GET /zmia.php HTTP/1.1" 302 274 "-" "-"
74.248.24.238 - - [30/Jan/2026:09:40:07 -0500] "GET /edorxrr.php HTTP/1.1" 302 274 "-" "-"
74.248.24.238 - - [30/Jan/2026:09:40:07 -0500] "GET /doko.php HTTP/1.1" 302 274 "-" "-"
74.248.24.238 - - [30/Jan/2026:09:40:07 -0500] "GET /sst.php HTTP/1.1" 302 274 "-" "-"
74.248.24.238 - - [30/Jan/2026:09:40:08 -0500] "GET /easy.php HTTP/1.1" 302 274 "-" "-"
74.248.24.238 - - [30/Jan/2026:09:40:08 -0500] "GET /wp-rss4.php HTTP/1.1" 302 274 "-" "-"
74.248.24.238 - - [30/Jan/2026:09:40:08 -0500] "GET /nlvbr.php HTTP/1.1" 302 274 "-" "-"
74.248.24.238 - - [30/Jan/2026:09:40:09 -0500] "GET /ah25.php HTTP/1.1" 302 274 "-" "-"
74.248.24.238 - - [30/Jan/2026:09:40:09 -0500] "GET /icoxp.php HTTP/1.1" 302 274 "-" "-"
74.248.24.238 - - [30/Jan/2026:09:40:09 -0500] "GET /wp-set.php HTTP/1.1" 302 274 "-" "-"
74.248.24.238 - - [30/Jan/2026:09:40:09 -0500] "GET /edit-tags.php HTTP/1.1" 302 274 "-" "-"
74.248.24.238 - - [30/Jan/2026:09:40:10 -0500] "GET /install.php HTTP/1.1" 302 274 "-" "-"
74.248.24.238 - - [30/Jan/2026:09:40:10 -0500] "GET /gettest.php HTTP/1.1" 302 274 "-" "-"
74.248.24.238 - - [30/Jan/2026:09:40:10 -0500] "GET /tempae.php HTTP/1.1" 302 274 "-" "-"
74.248.24.238 - - [30/Jan/2026:09:40:10 -0500] "GET /drfabyqp.php HTTP/1.1" 302 274 "-" "-"
74.248.24.238 - - [30/Jan/2026:09:40:11 -0500] "GET /f6.php HTTP/1.1" 302 274 "-" "-"
74.248.24.238 - - [30/Jan/2026:09:40:11 -0500] "GET /ty.php HTTP/1.1" 302 274 "-" "-"
74.248.24.238 - - [30/Jan/2026:09:40:11 -0500] "GET /RIP.php HTTP/1.1" 302 274 "-" "-"
74.248.24.238 - - [30/Jan/2026:09:40:11 -0500] "GET /bayss.php HTTP/1.1" 302 274 "-" "-"
74.248.24.238 - - [30/Jan/2026:09:40:12 -0500] "GET /w1.php HTTP/1.1" 302 274 "-" "-"
74.248.24.238 - - [30/Jan/2026:09:40:12 -0500] "GET /dgdaolin.php HTTP/1.1" 302 274 "-" "-"
74.248.24.238 - - [30/Jan/2026:09:40:13 -0500] "GET /rrhbdzdz.php HTTP/1.1" 302 274 "-" "-"
74.248.24.238 - - [30/Jan/2026:09:40:13 -0500] "GET /000.php HTTP/1.1" 302 274 "-" "-"
74.206.190.68 - - [30/Jan/2026:09:48:47 -0500] "POST /wp-cron.php?doing_wp_cron=1769784527.6295690536499023437500 HTTP/1.1" 200 - "-" "WordPress/3.6.1; http://www.hombretube.com"
114.119.151.146 - - [30/Jan/2026:09:48:47 -0500] "GET /index.php/latin-gay-porn/homeboy-tube.html HTTP/1.1" 301 - "http://www.hombretube.com/index.php/category/gay-cum/" "Mozilla/5.0 (Linux; Android 7.0;) AppleWebKit/537.36 (KHTML, like Gecko) Mobile Safari/537.36 (compatible; PetalBot;+https://webmaster.petalsearch.com/site/petalbot)"
114.119.151.146 - - [30/Jan/2026:09:48:48 -0500] "GET /index.php/gay-cum/homeboy-tube.html HTTP/1.1" 200 15660 "http://www.hombretube.com/index.php/category/gay-cum/" "Mozilla/5.0 (Linux; Android 7.0;) AppleWebKit/537.36 (KHTML, like Gecko) Mobile Safari/537.36 (compatible; PetalBot;+https://webmaster.petalsearch.com/site/petalbot)"
1.15.52.154 - - [30/Jan/2026:10:10:52 -0500] "GET / HTTP/1.1" 200 103767 "-" "Mozilla/5.0 (iPhone; CPU iPhone OS 13_2_3 like Mac OS X) AppleWebKit/605.1.15 (KHTML, like Gecko) Version/13.0.3 Mobile/15E148 Safari/604.1"
74.206.190.68 - - [30/Jan/2026:10:26:47 -0500] "POST /wp-cron.php?doing_wp_cron=1769786807.3896009922027587890625 HTTP/1.1" 200 - "-" "WordPress/3.6.1; http://www.hombretube.com"
114.119.129.175 - - [30/Jan/2026:10:26:47 -0500] "GET /index.php/latin-gay-porn/gay-raw-sex-tube.html HTTP/1.1" 301 - "http://www.hombretube.com/index.php/page/3" "Mozilla/5.0 (Linux; Android 7.0;) AppleWebKit/537.36 (KHTML, like Gecko) Mobile Safari/537.36 (compatible; PetalBot;+https://webmaster.petalsearch.com/site/petalbot)"
114.119.129.175 - - [30/Jan/2026:10:26:47 -0500] "GET /index.php/latin-bareback/gay-raw-sex-tube.html HTTP/1.1" 200 15811 "http://www.hombretube.com/index.php/page/3" "Mozilla/5.0 (Linux; Android 7.0;) AppleWebKit/537.36 (KHTML, like Gecko) Mobile Safari/537.36 (compatible; PetalBot;+https://webmaster.petalsearch.com/site/petalbot)"
114.119.159.62 - - [30/Jan/2026:10:28:10 -0500] "GET /index.php/latin-bareback/gay-porn-sex-2.html HTTP/1.1" 200 15643 "http://www.hombretube.com/index.php/category/latin-bareback/" "Mozilla/5.0 (Linux; Android 7.0;) AppleWebKit/537.36 (KHTML, like Gecko) Mobile Safari/537.36 (compatible; PetalBot;+https://webmaster.petalsearch.com/site/petalbot)"
74.206.190.68 - - [30/Jan/2026:11:16:46 -0500] "POST /wp-cron.php?doing_wp_cron=1769789806.7547140121459960937500 HTTP/1.1" 200 - "-" "WordPress/3.6.1; http://www.hombretube.com"
23.19.125.52 - - [30/Jan/2026:11:16:46 -0500] "GET /index.php/latin-gay-porn/bareback-men.html HTTP/1.1" 200 15762 "-" "Mozilla/5.0 (X11; Ubuntu; Linux i686; rv:114.0) Gecko/20100101 Firefox/114.0"
23.19.125.52 - - [30/Jan/2026:11:16:48 -0500] "POST /wp-comments-post.php HTTP/1.1" 302 278 "http://www.hombretube.com/index.php/latin-gay-porn/bareback-men.html" "Mozilla/5.0 (X11; Ubuntu; Linux i686; rv:114.0) Gecko/20100101 Firefox/114.0"
170.106.73.216 - - [30/Jan/2026:11:44:55 -0500] "GET / HTTP/1.1" 200 103767 "-" "Mozilla/5.0 (iPhone; CPU iPhone OS 13_2_3 like Mac OS X) AppleWebKit/605.1.15 (KHTML, like Gecko) Version/13.0.3 Mobile/15E148 Safari/604.1"
114.119.141.35 - - [30/Jan/2026:11:52:58 -0500] "GET /index.php/latin-gay-porn/hombres-peludos-2.html HTTP/1.1" 200 15771 "http://www.hombretube.com/index.php/page/2" "Mozilla/5.0 (Linux; Android 7.0;) AppleWebKit/537.36 (KHTML, like Gecko) Mobile Safari/537.36 (compatible; PetalBot;+https://webmaster.petalsearch.com/site/petalbot)"
43.130.106.18 - - [30/Jan/2026:12:10:12 -0500] "GET /index.php/category/latin-hunk HTTP/1.1" 200 18344 "-" "Mozilla/5.0 (iPhone; CPU iPhone OS 13_2_3 like Mac OS X) AppleWebKit/605.1.15 (KHTML, like Gecko) Version/13.0.3 Mobile/15E148 Safari/604.1"
114.119.136.249 - - [30/Jan/2026:12:11:00 -0500] "GET /index.php/latin-gay-porn/hard-gay-sex.html HTTP/1.1" 301 - "http://www.hombretube.com/index.php/category/gay-cum/" "Mozilla/5.0 (Linux; Android 7.0;) AppleWebKit/537.36 (KHTML, like Gecko) Mobile Safari/537.36 (compatible; PetalBot;+https://webmaster.petalsearch.com/site/petalbot)"
114.119.136.249 - - [30/Jan/2026:12:11:02 -0500] "GET /index.php/gay-cum/hard-gay-sex.html HTTP/1.1" 200 15738 "http://www.hombretube.com/index.php/category/gay-cum/" "Mozilla/5.0 (Linux; Android 7.0;) AppleWebKit/537.36 (KHTML, like Gecko) Mobile Safari/537.36 (compatible; PetalBot;+https://webmaster.petalsearch.com/site/petalbot)"
195.178.110.108 - - [30/Jan/2026:12:18:58 -0500] "GET / HTTP/1.1" 301 - "-" "-"
74.206.190.68 - - [30/Jan/2026:12:36:21 -0500] "POST /wp-cron.php?doing_wp_cron=1769794581.5205359458923339843750 HTTP/1.1" 200 - "-" "WordPress/3.6.1; http://www.hombretube.com"
43.130.102.223 - - [30/Jan/2026:12:36:21 -0500] "GET /wp-content/plugins/wp-postratings/postratings-js.php?ver=1.30 HTTP/1.1" 200 4811 "-" "Mozilla/5.0 (iPhone; CPU iPhone OS 13_2_3 like Mac OS X) AppleWebKit/605.1.15 (KHTML, like Gecko) Version/13.0.3 Mobile/15E148 Safari/604.1"
43.153.73.200 - - [30/Jan/2026:12:50:31 -0500] "GET /index.php/latin-gay-porn/gaytube-latino.html HTTP/1.1" 200 15667 "-" "Mozilla/5.0 (iPhone; CPU iPhone OS 13_2_3 like Mac OS X) AppleWebKit/605.1.15 (KHTML, like Gecko) Version/13.0.3 Mobile/15E148 Safari/604.1"
43.157.38.131 - - [30/Jan/2026:13:01:32 -0500] "GET /index.php/latin-hunk/latin-cock.html HTTP/1.1" 200 20255 "-" "Mozilla/5.0 (iPhone; CPU iPhone OS 13_2_3 like Mac OS X) AppleWebKit/605.1.15 (KHTML, like Gecko) Version/13.0.3 Mobile/15E148 Safari/604.1"
43.153.15.51 - - [30/Jan/2026:13:12:43 -0500] "GET /index.php/latin-hunk/latin-hunks.html HTTP/1.1" 200 20267 "-" "Mozilla/5.0 (iPhone; CPU iPhone OS 13_2_3 like Mac OS X) AppleWebKit/605.1.15 (KHTML, like Gecko) Version/13.0.3 Mobile/15E148 Safari/604.1"
185.187.92.42 - - [30/Jan/2026:13:15:16 -0500] "GET /wp-json/wp/v2/posts HTTP/1.1" 302 274 "-" "Mozilla/5.0 (Windows NT 10.0; Win64; x64) AppleWebKit/537.36 (KHTML, like Gecko) Chrome/120.0.0.0 Safari/537.36"
164.68.99.221 - - [30/Jan/2026:13:18:34 -0500] "GET /wp-admin/css/ HTTP/1.1" 302 274 "binance.com" "Mozilla/5.0 (Windows NT 10.0; Win64; x64) AppleWebKit/537.36 (KHTML, like Gecko) Chrome/90.0.4430.85 Safari/537.36"
74.206.190.68 - - [30/Jan/2026:13:30:27 -0500] "POST /wp-cron.php?doing_wp_cron=1769797827.9181010723114013671875 HTTP/1.1" 200 - "-" "WordPress/3.6.1; http://www.hombretube.com"
43.152.72.247 - - [30/Jan/2026:13:30:27 -0500] "GET /index.php/category/gay-cum HTTP/1.1" 200 103680 "-" "Mozilla/5.0 (iPhone; CPU iPhone OS 13_2_3 like Mac OS X) AppleWebKit/605.1.15 (KHTML, like Gecko) Version/13.0.3 Mobile/15E148 Safari/604.1"
83.217.208.0 - - [30/Jan/2026:13:35:48 -0500] "GET /wp-login.php HTTP/1.1" 200 2393 "-" "Mozilla/5.0 (iPad; CPU OS 7_1_2 like Mac OS X) AppleWebKit/537.51.2 (KHTML, like Gecko) Version/7.0 Mobile/11D257 Safari/9537.53"
83.217.208.0 - - [30/Jan/2026:13:35:49 -0500] "POST /wp-login.php HTTP/1.1" 200 2655 "-" "Mozilla/5.0 (iPad; CPU OS 7_1_2 like Mac OS X) AppleWebKit/537.51.2 (KHTML, like Gecko) Version/7.0 Mobile/11D257 Safari/9537.53"
49.51.50.147 - - [30/Jan/2026:13:50:54 -0500] "GET /index.php/category/latin-gay-porn HTTP/1.1" 200 56342 "-" "Mozilla/5.0 (iPhone; CPU iPhone OS 13_2_3 like Mac OS X) AppleWebKit/605.1.15 (KHTML, like Gecko) Version/13.0.3 Mobile/15E148 Safari/604.1"
43.166.246.180 - - [30/Jan/2026:14:04:00 -0500] "GET /index.php/latin-gay-porn/hombre-latin-porn.html HTTP/1.1" 200 20327 "-" "Mozilla/5.0 (iPhone; CPU iPhone OS 13_2_3 like Mac OS X) AppleWebKit/605.1.15 (KHTML, like Gecko) Version/13.0.3 Mobile/15E148 Safari/604.1"
141.94.194.132 - - [30/Jan/2026:14:06:43 -0500] "GET /index.php/feed HTTP/1.1" 200 25045 "-" "Mozilla/5.0 (X11; Linux i686) AppleWebKit/537.36 (KHTML, like Gecko) Chrome/30.0.1599.66 Safari/537.36"
43.153.204.189 - - [30/Jan/2026:14:16:28 -0500] "GET /index.php/tag/gay HTTP/1.1" 200 40386 "-" "Mozilla/5.0 (iPhone; CPU iPhone OS 13_2_3 like Mac OS X) AppleWebKit/605.1.15 (KHTML, like Gecko) Version/13.0.3 Mobile/15E148 Safari/604.1"
74.206.190.68 - - [30/Jan/2026:14:19:20 -0500] "POST /wp-cron.php?doing_wp_cron=1769800760.8293321132659912109375 HTTP/1.1" 200 - "-" "WordPress/3.6.1; http://www.hombretube.com"
43.155.140.157 - - [30/Jan/2026:14:19:20 -0500] "GET /index.php/gay-cum/being-watched-videos-gay-latinos.html HTTP/1.1" 200 15959 "-" "Mozilla/5.0 (iPhone; CPU iPhone OS 13_2_3 like Mac OS X) AppleWebKit/605.1.15 (KHTML, like Gecko) Version/13.0.3 Mobile/15E148 Safari/604.1"
207.46.13.126 - - [30/Jan/2026:14:21:26 -0500] "GET /index.php/latin-gay-porn/gay-porn-tubes.html HTTP/1.1" 200 15805 "-" "Mozilla/5.0 AppleWebKit/537.36 (KHTML, like Gecko; compatible; bingbot/2.0; +http://www.bing.com/bingbot.htm) Chrome/116.0.1938.76 Safari/537.36"
43.130.37.243 - - [30/Jan/2026:14:28:04 -0500] "GET /index.php/category/gay-cum/feed HTTP/1.1" 200 24724 "-" "Mozilla/5.0 (iPhone; CPU iPhone OS 13_2_3 like Mac OS X) AppleWebKit/605.1.15 (KHTML, like Gecko) Version/13.0.3 Mobile/15E148 Safari/604.1"
114.119.151.146 - - [30/Jan/2026:14:35:24 -0500] "GET /index.php/gay-cum/gay-latino.html HTTP/1.1" 200 15657 "http://www.hombretube.com/index.php/page/2" "Mozilla/5.0 (Linux; Android 7.0;) AppleWebKit/537.36 (KHTML, like Gecko) Mobile Safari/537.36 (compatible; PetalBot;+https://webmaster.petalsearch.com/site/petalbot)"
43.135.185.59 - - [30/Jan/2026:14:40:29 -0500] "GET /index.php/category/latin-gay-porn/feed HTTP/1.1" 200 24404 "-" "Mozilla/5.0 (iPhone; CPU iPhone OS 13_2_3 like Mac OS X) AppleWebKit/605.1.15 (KHTML, like Gecko) Version/13.0.3 Mobile/15E148 Safari/604.1"
95.85.238.51 - - [30/Jan/2026:14:46:42 -0500] "GET /wp-login.php HTTP/1.1" 200 2285 "-" "Mozilla/5.0 (Windows NT 5.1; rv:31.0) Gecko/20100101 Firefox/31.0"
95.85.238.51 - - [30/Jan/2026:14:46:43 -0500] "POST /wp-login.php HTTP/1.1" 200 3228 "-" "Mozilla/5.0 (Windows NT 5.1; rv:31.0) Gecko/20100101 Firefox/31.0"
43.130.139.177 - - [30/Jan/2026:14:49:46 -0500] "GET /index.php/latin-gay-porn/hombres-peludos-2.html HTTP/1.1" 200 15833 "-" "Mozilla/5.0 (iPhone; CPU iPhone OS 13_2_3 like Mac OS X) AppleWebKit/605.1.15 (KHTML, like Gecko) Version/13.0.3 Mobile/15E148 Safari/604.1"
114.119.136.249 - - [30/Jan/2026:15:08:16 -0500] "GET /index.php/latin-gay-porn/gay-mexican-tube.html HTTP/1.1" 301 - "http://www.hombretube.com/index.php/category/gay-cum/" "Mozilla/5.0 (Linux; Android 7.0;) AppleWebKit/537.36 (KHTML, like Gecko) Mobile Safari/537.36 (compatible; PetalBot;+https://webmaster.petalsearch.com/site/petalbot)"
114.119.136.249 - - [30/Jan/2026:15:08:17 -0500] "GET /index.php/gay-cum/gay-mexican-tube.html HTTP/1.1" 200 15585 "http://www.hombretube.com/index.php/category/gay-cum/" "Mozilla/5.0 (Linux; Android 7.0;) AppleWebKit/537.36 (KHTML, like Gecko) Mobile Safari/537.36 (compatible; PetalBot;+https://webmaster.petalsearch.com/site/petalbot)"
114.119.129.175 - - [30/Jan/2026:15:09:39 -0500] "GET /index.php/gay-cum/sexo-gay-gratis-hombre.html HTTP/1.1" 200 15709 "http://www.hombretube.com/index.php/page/3" "Mozilla/5.0 (Linux; Android 7.0;) AppleWebKit/537.36 (KHTML, like Gecko) Mobile Safari/537.36 (compatible; PetalBot;+https://webmaster.petalsearch.com/site/petalbot)"
74.206.190.68 - - [30/Jan/2026:15:22:25 -0500] "POST /wp-cron.php?doing_wp_cron=1769804545.8162279129028320312500 HTTP/1.1" 200 - "-" "WordPress/3.6.1; http://www.hombretube.com"
52.167.144.186 - - [30/Jan/2026:15:22:25 -0500] "GET /index.php/gay-cum/facial-gay-porn.html HTTP/1.1" 200 15742 "-" "Mozilla/5.0 AppleWebKit/537.36 (KHTML, like Gecko; compatible; bingbot/2.0; +http://www.bing.com/bingbot.htm) Chrome/116.0.1938.76 Safari/537.36"
207.46.13.168 - - [30/Jan/2026:15:34:22 -0500] "GET /index.php/gay-cum/latin-gay-cumshot.html HTTP/1.1" 200 15922 "-" "Mozilla/5.0 AppleWebKit/537.36 (KHTML, like Gecko; compatible; bingbot/2.0; +http://www.bing.com/bingbot.htm) Chrome/116.0.1938.76 Safari/537.36"
207.46.13.168 - - [30/Jan/2026:15:36:06 -0500] "GET /index.php/latin-bareback/gay-porn-sex.html HTTP/1.1" 200 15741 "-" "Mozilla/5.0 AppleWebKit/537.36 (KHTML, like Gecko; compatible; bingbot/2.0; +http://www.bing.com/bingbot.htm) Chrome/116.0.1938.76 Safari/537.36"
114.119.149.66 - - [30/Jan/2026:15:38:29 -0500] "GET /index.php/page/4 HTTP/1.1" 200 37731 "http://www.hombretube.com/index.php/page/2" "Mozilla/5.0 (Linux; Android 7.0;) AppleWebKit/537.36 (KHTML, like Gecko) Mobile Safari/537.36 (compatible; PetalBot;+https://webmaster.petalsearch.com/site/petalbot)"
114.119.129.175 - - [30/Jan/2026:15:39:54 -0500] "GET /index.php/latin-bareback/gay-sex-movies.html HTTP/1.1" 200 15707 "http://www.hombretube.com/index.php/category/latin-bareback/" "Mozilla/5.0 (Linux; Android 7.0;) AppleWebKit/537.36 (KHTML, like Gecko) Mobile Safari/537.36 (compatible; PetalBot;+https://webmaster.petalsearch.com/site/petalbot)"
114.119.142.93 - - [30/Jan/2026:15:41:17 -0500] "GET /index.php/latin-gay-porn/latino-sex-tubes.html HTTP/1.1" 301 - "-" "Mozilla/5.0 (Linux; Android 7.0;) AppleWebKit/537.36 (KHTML, like Gecko) Mobile Safari/537.36 (compatible; PetalBot;+https://webmaster.petalsearch.com/site/petalbot)"
114.119.142.93 - - [30/Jan/2026:15:41:18 -0500] "GET /index.php/gay-cum/latino-sex-tubes.html HTTP/1.1" 200 15551 "-" "Mozilla/5.0 (Linux; Android 7.0;) AppleWebKit/537.36 (KHTML, like Gecko) Mobile Safari/537.36 (compatible; PetalBot;+https://webmaster.petalsearch.com/site/petalbot)"
114.119.141.35 - - [30/Jan/2026:15:42:40 -0500] "GET /index.php/gay-cum/free-gay-latino-porn-clips.html HTTP/1.1" 200 15909 "http://www.hombretube.com/index.php/page/2" "Mozilla/5.0 (Linux; Android 7.0;) AppleWebKit/537.36 (KHTML, like Gecko) Mobile Safari/537.36 (compatible; PetalBot;+https://webmaster.petalsearch.com/site/petalbot)"
114.119.146.15 - - [30/Jan/2026:15:44:04 -0500] "GET /index.php/latin-bareback/hombres-con-pene-grande.html HTTP/1.1" 200 15902 "http://www.hombretube.com/index.php/page/2" "Mozilla/5.0 (Linux; Android 7.0;) AppleWebKit/537.36 (KHTML, like Gecko) Mobile Safari/537.36 (compatible; PetalBot;+https://webmaster.petalsearch.com/site/petalbot)"
114.119.159.62 - - [30/Jan/2026:15:45:27 -0500] "GET /index.php/latin-gay-porn/gayporn-tube.html HTTP/1.1" 301 - "http://www.hombretube.com/index.php/category/gay-cum/" "Mozilla/5.0 (Linux; Android 7.0;) AppleWebKit/537.36 (KHTML, like Gecko) Mobile Safari/537.36 (compatible; PetalBot;+https://webmaster.petalsearch.com/site/petalbot)"
114.119.159.62 - - [30/Jan/2026:15:45:28 -0500] "GET /index.php/gay-cum/gayporn-tube.html HTTP/1.1" 200 15806 "http://www.hombretube.com/index.php/category/gay-cum/" "Mozilla/5.0 (Linux; Android 7.0;) AppleWebKit/537.36 (KHTML, like Gecko) Mobile Safari/537.36 (compatible; PetalBot;+https://webmaster.petalsearch.com/site/petalbot)"
114.119.141.35 - - [30/Jan/2026:15:46:50 -0500] "GET /index.php/latin-bareback/gay-ass-sex.html HTTP/1.1" 200 15859 "http://www.hombretube.com/index.php/category/latin-bareback/" "Mozilla/5.0 (Linux; Android 7.0;) AppleWebKit/537.36 (KHTML, like Gecko) Mobile Safari/537.36 (compatible; PetalBot;+https://webmaster.petalsearch.com/site/petalbot)"
34.73.186.192 - - [30/Jan/2026:15:53:37 -0500] "HEAD / HTTP/1.1" 301 - "-" "Mozilla/5.0 (Macintosh; Intel Mac OS X 13_5) AppleWebKit/605.1.15 (KHTML, like Gecko) Version/16.5 Safari/605.1.15"
34.73.186.192 - - [30/Jan/2026:15:53:38 -0500] "HEAD / HTTP/1.1" 200 - "http://hombretube.com/" "Mozilla/5.0 (Macintosh; Intel Mac OS X 13_5) AppleWebKit/605.1.15 (KHTML, like Gecko) Version/16.5 Safari/605.1.15"
34.73.186.192 - - [30/Jan/2026:15:53:38 -0500] "HEAD /wordpress/ HTTP/1.1" 302 - "-" "Mozilla/5.0 (Windows NT 11.0; Win64; x64) AppleWebKit/537.36 (KHTML, like Gecko) Edg/128.0.2790.25 Chrome/128.0.6540.22 Safari/537.36"
34.73.186.192 - - [30/Jan/2026:15:53:38 -0500] "HEAD /wp/ HTTP/1.1" 302 - "-" "Mozilla/5.0 (Linux; Android 13; Pixel 7a) AppleWebKit/537.36 (KHTML, like Gecko) Chrome/124.0.6367.82 Mobile Safari/537.36"
34.73.186.192 - - [30/Jan/2026:15:53:38 -0500] "HEAD /backup/ HTTP/1.1" 302 - "-" "Mozilla/5.0 (Macintosh; Intel Mac OS X 15_0) AppleWebKit/537.36 (KHTML, like Gecko) Chrome/125.0.6422.141 Safari/537.36"
34.73.186.192 - - [30/Jan/2026:15:53:38 -0500] "HEAD /old/ HTTP/1.1" 302 - "-" "Mozilla/5.0 (Macintosh; Intel Mac OS X 13_5) AppleWebKit/605.1.15 (KHTML, like Gecko) Version/16.5 Safari/605.1.15"
34.73.186.192 - - [30/Jan/2026:15:53:38 -0500] "HEAD /blog/ HTTP/1.1" 302 - "-" "Mozilla/5.0 (iPhone; CPU iPhone OS 17_5 like Mac OS X) AppleWebKit/605.1.15 (KHTML, like Gecko) Version/17.5 Mobile/15E148 Safari/604.1"
34.73.186.192 - - [30/Jan/2026:15:53:38 -0500] "HEAD /new/ HTTP/1.1" 302 - "-" "Mozilla/5.0 (iPhone; CPU iPhone OS 17_5 like Mac OS X) AppleWebKit/605.1.15 (KHTML, like Gecko) Version/17.5 Mobile/15E148 Safari/604.1"
114.119.141.35 - - [30/Jan/2026:15:58:05 -0500] "GET /index.php/latin-gay-porn/latino-gay-sex-tube.html HTTP/1.1" 200 15789 "http://www.hombretube.com/index.php/latin-gay-porn/latino-gay-sex-tube.html" "Mozilla/5.0 (Linux; Android 7.0;) AppleWebKit/537.36 (KHTML, like Gecko) Mobile Safari/537.36 (compatible; PetalBot;+https://webmaster.petalsearch.com/site/petalbot)"
107.189.30.231 - - [30/Jan/2026:16:15:46 -0500] "GET /wp-login.php HTTP/1.1" 200 2285 "-" "Mozilla/5.0 (Macintosh; Intel Mac OS X 10_9_4) AppleWebKit/537.36 (KHTML, like Gecko) Chrome/36.0.1985.143 Safari/537.36"
107.189.30.231 - - [30/Jan/2026:16:15:47 -0500] "POST /wp-login.php HTTP/1.1" 200 3228 "-" "Mozilla/5.0 (Macintosh; Intel Mac OS X 10_9_4) AppleWebKit/537.36 (KHTML, like Gecko) Chrome/36.0.1985.143 Safari/537.36"
220.152.115.13 - - [30/Jan/2026:16:19:32 -0500] "GET /wp-json/wp/v2/posts HTTP/1.1" 302 274 "-" "Mozilla/5.0 (Windows NT 10.0; Win64; x64) AppleWebKit/537.36 (KHTML, like Gecko) Chrome/120.0.0.0 Safari/537.36"
74.206.190.68 - - [30/Jan/2026:16:22:41 -0500] "POST /wp-cron.php?doing_wp_cron=1769808161.9380230903625488281250 HTTP/1.1" 200 - "-" "WordPress/3.6.1; http://www.hombretube.com"
114.119.159.62 - - [30/Jan/2026:16:22:41 -0500] "GET /index.php/latin-bareback/gay-hombre.html HTTP/1.1" 200 15638 "http://www.hombretube.com/index.php/page/2" "Mozilla/5.0 (Linux; Android 7.0;) AppleWebKit/537.36 (KHTML, like Gecko) Mobile Safari/537.36 (compatible; PetalBot;+https://webmaster.petalsearch.com/site/petalbot)"
114.119.142.93 - - [30/Jan/2026:16:24:07 -0500] "GET /index.php/gay-cum/gay-bareback-latino.html HTTP/1.1" 200 15765 "http://www.hombretube.com/index.php/page/3" "Mozilla/5.0 (Linux; Android 7.0;) AppleWebKit/537.36 (KHTML, like Gecko) Mobile Safari/537.36 (compatible; PetalBot;+https://webmaster.petalsearch.com/site/petalbot)"
182.42.111.213 - - [30/Jan/2026:16:43:33 -0500] "GET / HTTP/1.1" 301 - "-" "Mozilla/5.0 (iPhone; CPU iPhone OS 13_2_3 like Mac OS X) AppleWebKit/605.1.15 (KHTML, like Gecko) Version/13.0.3 Mobile/15E148 Safari/604.1"
182.42.111.213 - - [30/Jan/2026:16:43:34 -0500] "GET / HTTP/1.1" 200 103767 "http://hombretube.com" "Mozilla/5.0 (iPhone; CPU iPhone OS 13_2_3 like Mac OS X) AppleWebKit/605.1.15 (KHTML, like Gecko) Version/13.0.3 Mobile/15E148 Safari/604.1"
178.16.53.34 - - [30/Jan/2026:17:23:17 -0500] "GET /wp-login.php HTTP/1.1" 301 - "https://www.google.de/search?q=wordpress" "Mozilla/5.0 (Macintosh; Intel Mac OS X 13_6_1) AppleWebKit/605.1.15 (KHTML, like Gecko) Version/16.6.1 Safari/605.1.15"
74.206.190.68 - - [30/Jan/2026:17:23:17 -0500] "POST /wp-cron.php?doing_wp_cron=1769811797.9149830341339111328125 HTTP/1.1" 200 - "-" "WordPress/3.6.1; http://www.hombretube.com"
178.16.53.34 - - [30/Jan/2026:17:23:17 -0500] "GET /wp-login.php HTTP/1.1" 200 2285 "https://www.google.de/search?q=wordpress" "Mozilla/5.0 (Macintosh; Intel Mac OS X 13_6_1) AppleWebKit/605.1.15 (KHTML, like Gecko) Version/16.6.1 Safari/605.1.15"
178.16.53.34 - - [30/Jan/2026:17:23:18 -0500] "POST /wp-login.php HTTP/1.1" 301 - "http://hombretube.com/wp-login.php" "Mozilla/5.0 (Macintosh; Intel Mac OS X 13_6_2) AppleWebKit/537.36 (KHTML, like Gecko) Chrome/120.0.6099.130 Safari/537.36"
178.16.53.34 - - [30/Jan/2026:17:23:18 -0500] "GET /wp-login.php HTTP/1.1" 200 2285 "http://hombretube.com/wp-login.php" "Mozilla/5.0 (Macintosh; Intel Mac OS X 13_6_2) AppleWebKit/537.36 (KHTML, like Gecko) Chrome/120.0.6099.130 Safari/537.36"
178.16.53.34 - - [30/Jan/2026:17:23:31 -0500] "POST /wp-login.php HTTP/1.1" 301 - "http://hombretube.com/wp-login.php" "Mozilla/5.0 (X11; Ubuntu; Linux x86_64; rv:119.0.1) Gecko/20100101 Firefox/119.0.1"
178.16.53.34 - - [30/Jan/2026:17:23:31 -0500] "GET /wp-login.php HTTP/1.1" 200 2285 "http://hombretube.com/wp-login.php" "Mozilla/5.0 (X11; Ubuntu; Linux x86_64; rv:119.0.1) Gecko/20100101 Firefox/119.0.1"
178.16.53.34 - - [30/Jan/2026:17:23:44 -0500] "POST /wp-login.php HTTP/1.1" 301 - "http://hombretube.com/wp-login.php" "Mozilla/5.0 (Macintosh; Intel Mac OS X 10_15_7) AppleWebKit/605.1.15 (KHTML, like Gecko) Version/17.1 Safari/605.1.15"
178.16.53.34 - - [30/Jan/2026:17:23:44 -0500] "GET /wp-login.php HTTP/1.1" 200 2285 "http://hombretube.com/wp-login.php" "Mozilla/5.0 (Macintosh; Intel Mac OS X 10_15_7) AppleWebKit/605.1.15 (KHTML, like Gecko) Version/17.1 Safari/605.1.15"
178.16.53.34 - - [30/Jan/2026:17:23:57 -0500] "POST /wp-login.php HTTP/1.1" 301 - "http://hombretube.com/wp-login.php" "Mozilla/5.0 (Macintosh; Intel Mac OS X 13_6_2) AppleWebKit/537.36 (KHTML, like Gecko) Chrome/119.0.6045.159 Safari/537.36"
178.16.53.34 - - [30/Jan/2026:17:23:57 -0500] "GET /wp-login.php HTTP/1.1" 200 2285 "http://hombretube.com/wp-login.php" "Mozilla/5.0 (Macintosh; Intel Mac OS X 13_6_2) AppleWebKit/537.36 (KHTML, like Gecko) Chrome/119.0.6045.159 Safari/537.36"
178.16.53.34 - - [30/Jan/2026:17:24:10 -0500] "POST /wp-login.php HTTP/1.1" 301 - "http://hombretube.com/wp-login.php" "Mozilla/5.0 (X11; Linux x86_64) AppleWebKit/537.36 (KHTML, like Gecko) Chrome/118.0.5993.88 Safari/537.36"
178.16.53.34 - - [30/Jan/2026:17:24:10 -0500] "GET /wp-login.php HTTP/1.1" 200 2285 "http://hombretube.com/wp-login.php" "Mozilla/5.0 (X11; Linux x86_64) AppleWebKit/537.36 (KHTML, like Gecko) Chrome/118.0.5993.88 Safari/537.36"
178.16.53.34 - - [30/Jan/2026:17:24:22 -0500] "POST /wp-login.php HTTP/1.1" 301 - "http://hombretube.com/wp-login.php" "Mozilla/5.0 (X11; Linux x86_64) AppleWebKit/537.36 (KHTML, like Gecko) Chrome/122.0.6261.57 Safari/537.36"
178.16.53.34 - - [30/Jan/2026:17:24:23 -0500] "GET /wp-login.php HTTP/1.1" 200 2285 "http://hombretube.com/wp-login.php" "Mozilla/5.0 (X11; Linux x86_64) AppleWebKit/537.36 (KHTML, like Gecko) Chrome/122.0.6261.57 Safari/537.36"
178.16.53.34 - - [30/Jan/2026:17:24:35 -0500] "POST /wp-login.php HTTP/1.1" 301 - "http://hombretube.com/wp-login.php" "Mozilla/5.0 (Windows NT 11.0; Win64; x64) AppleWebKit/537.36 (KHTML, like Gecko) Chrome/121.0.6167.85 Safari/537.36"
178.16.53.34 - - [30/Jan/2026:17:24:36 -0500] "GET /wp-login.php HTTP/1.1" 200 2285 "http://hombretube.com/wp-login.php" "Mozilla/5.0 (Windows NT 11.0; Win64; x64) AppleWebKit/537.36 (KHTML, like Gecko) Chrome/121.0.6167.85 Safari/537.36"
178.16.53.34 - - [30/Jan/2026:17:24:48 -0500] "POST /wp-login.php HTTP/1.1" 301 - "http://hombretube.com/wp-login.php" "Mozilla/5.0 (Windows NT 10.0; Win64; x64) Gecko/20100101 Firefox/122.0"
178.16.53.34 - - [30/Jan/2026:17:24:49 -0500] "GET /wp-login.php HTTP/1.1" 200 2285 "http://hombretube.com/wp-login.php" "Mozilla/5.0 (Windows NT 10.0; Win64; x64) Gecko/20100101 Firefox/122.0"
178.16.53.34 - - [30/Jan/2026:17:25:01 -0500] "POST /wp-login.php HTTP/1.1" 301 - "http://hombretube.com/wp-login.php" "Mozilla/5.0 (Macintosh; Intel Mac OS X 10_15_7) AppleWebKit/537.36 (KHTML, like Gecko) Chrome/119.0.6045.159 Safari/537.36"
178.16.53.34 - - [30/Jan/2026:17:25:02 -0500] "GET /wp-login.php HTTP/1.1" 200 2285 "http://hombretube.com/wp-login.php" "Mozilla/5.0 (Macintosh; Intel Mac OS X 10_15_7) AppleWebKit/537.36 (KHTML, like Gecko) Chrome/119.0.6045.159 Safari/537.36"
178.16.53.34 - - [30/Jan/2026:17:25:14 -0500] "POST /wp-login.php HTTP/1.1" 301 - "http://hombretube.com/wp-login.php" "Mozilla/5.0 (Windows NT 10.0; Win64; x64) Gecko/20100101 Firefox/122.0"
178.16.53.34 - - [30/Jan/2026:17:25:15 -0500] "GET /wp-login.php HTTP/1.1" 200 2285 "http://hombretube.com/wp-login.php" "Mozilla/5.0 (Windows NT 10.0; Win64; x64) Gecko/20100101 Firefox/122.0"
178.16.53.34 - - [30/Jan/2026:17:25:27 -0500] "POST /wp-login.php HTTP/1.1" 301 - "http://hombretube.com/wp-login.php" "Mozilla/5.0 (Macintosh; Intel Mac OS X 10.15) Gecko/20100101 Firefox/121.0"
178.16.53.34 - - [30/Jan/2026:17:25:28 -0500] "GET /wp-login.php HTTP/1.1" 200 2285 "http://hombretube.com/wp-login.php" "Mozilla/5.0 (Macintosh; Intel Mac OS X 10.15) Gecko/20100101 Firefox/121.0"
178.16.53.34 - - [30/Jan/2026:17:25:40 -0500] "POST /wp-login.php HTTP/1.1" 301 - "http://hombretube.com/wp-login.php" "Mozilla/5.0 (X11; Linux x86_64) AppleWebKit/537.36 (KHTML, like Gecko) Chrome/119.0.6045.159 Safari/537.36"
178.16.53.34 - - [30/Jan/2026:17:25:40 -0500] "GET /wp-login.php HTTP/1.1" 200 2285 "http://hombretube.com/wp-login.php" "Mozilla/5.0 (X11; Linux x86_64) AppleWebKit/537.36 (KHTML, like Gecko) Chrome/119.0.6045.159 Safari/537.36"
104.208.80.64 - - [30/Jan/2026:17:25:49 -0500] "GET /wp-content/plugins/hellopress/wp_filemanager.php HTTP/1.1" 302 274 "-" "-"
104.208.80.64 - - [30/Jan/2026:17:25:52 -0500] "GET /sa.php7 HTTP/1.1" 302 274 "-" "-"
104.208.80.64 - - [30/Jan/2026:17:25:52 -0500] "GET /gettest.php HTTP/1.1" 302 274 "-" "-"
104.208.80.64 - - [30/Jan/2026:17:25:52 -0500] "GET /menu.php HTTP/1.1" 302 274 "-" "-"
104.208.80.64 - - [30/Jan/2026:17:25:53 -0500] "GET /bjfl.php HTTP/1.1" 302 274 "-" "-"
178.16.53.34 - - [30/Jan/2026:17:25:53 -0500] "POST /wp-login.php HTTP/1.1" 301 - "http://hombretube.com/wp-login.php" "Mozilla/5.0 (Windows NT 10.0; Win64; x64) Gecko/20100101 Firefox/121.0"
104.208.80.64 - - [30/Jan/2026:17:25:53 -0500] "GET /sko.php HTTP/1.1" 302 274 "-" "-"
178.16.53.34 - - [30/Jan/2026:17:25:53 -0500] "GET /wp-login.php HTTP/1.1" 200 2285 "http://hombretube.com/wp-login.php" "Mozilla/5.0 (Windows NT 10.0; Win64; x64) Gecko/20100101 Firefox/121.0"
104.208.80.64 - - [30/Jan/2026:17:25:54 -0500] "GET /obfuscate.php HTTP/1.1" 302 274 "-" "-"
104.208.80.64 - - [30/Jan/2026:17:25:54 -0500] "GET /img.php HTTP/1.1" 302 274 "-" "-"
104.208.80.64 - - [30/Jan/2026:17:25:55 -0500] "GET /co.php HTTP/1.1" 302 274 "-" "-"
104.208.80.64 - - [30/Jan/2026:17:25:55 -0500] "GET /iswfg.php HTTP/1.1" 302 274 "-" "-"
104.208.80.64 - - [30/Jan/2026:17:25:56 -0500] "GET /acxx.php?p= HTTP/1.1" 302 274 "-" "-"
104.208.80.64 - - [30/Jan/2026:17:25:56 -0500] "GET /black.php HTTP/1.1" 302 274 "-" "-"
104.208.80.64 - - [30/Jan/2026:17:25:57 -0500] "GET /up.php HTTP/1.1" 302 274 "-" "-"
104.208.80.64 - - [30/Jan/2026:17:25:58 -0500] "GET /wikindex.php HTTP/1.1" 302 274 "-" "-"
104.208.80.64 - - [30/Jan/2026:17:25:58 -0500] "GET /tool.php HTTP/1.1" 302 274 "-" "-"
104.208.80.64 - - [30/Jan/2026:17:25:59 -0500] "GET /py.php HTTP/1.1" 302 274 "-" "-"
104.208.80.64 - - [30/Jan/2026:17:26:00 -0500] "GET /155.php HTTP/1.1" 302 274 "-" "-"
104.208.80.64 - - [30/Jan/2026:17:26:00 -0500] "GET /sym404.php HTTP/1.1" 302 274 "-" "-"
104.208.80.64 - - [30/Jan/2026:17:26:01 -0500] "GET /iko.php HTTP/1.1" 302 274 "-" "-"
104.208.80.64 - - [30/Jan/2026:17:26:01 -0500] "GET /wefile.php HTTP/1.1" 302 274 "-" "-"
104.208.80.64 - - [30/Jan/2026:17:26:02 -0500] "GET /gfd.php HTTP/1.1" 302 274 "-" "-"
104.208.80.64 - - [30/Jan/2026:17:26:03 -0500] "GET /xmlrpc.php HTTP/1.1" 302 274 "-" "-"
104.208.80.64 - - [30/Jan/2026:17:26:03 -0500] "GET /bnm.php HTTP/1.1" 302 274 "-" "-"
104.208.80.64 - - [30/Jan/2026:17:26:04 -0500] "GET /edit-tags.php HTTP/1.1" 302 274 "-" "-"
104.208.80.64 - - [30/Jan/2026:17:26:04 -0500] "GET /vx.php HTTP/1.1" 302 274 "-" "-"
104.208.80.64 - - [30/Jan/2026:17:26:05 -0500] "GET /lkj.php HTTP/1.1" 302 274 "-" "-"
104.208.80.64 - - [30/Jan/2026:17:26:05 -0500] "GET /ioxi-o.php HTTP/1.1" 302 274 "-" "-"
178.16.53.34 - - [30/Jan/2026:17:26:06 -0500] "POST /wp-login.php HTTP/1.1" 301 - "http://hombretube.com/wp-login.php" "Mozilla/5.0 (X11; Ubuntu; Linux x86_64) AppleWebKit/537.36 (KHTML, like Gecko) Chrome/119.0.6045.159 Safari/537.36"
104.208.80.64 - - [30/Jan/2026:17:26:06 -0500] "GET /wp-admin/js/wp-conflg.php?p= HTTP/1.1" 302 274 "-" "-"
178.16.53.34 - - [30/Jan/2026:17:26:06 -0500] "GET /wp-login.php HTTP/1.1" 200 2285 "http://hombretube.com/wp-login.php" "Mozilla/5.0 (X11; Ubuntu; Linux x86_64) AppleWebKit/537.36 (KHTML, like Gecko) Chrome/119.0.6045.159 Safari/537.36"
104.208.80.64 - - [30/Jan/2026:17:26:07 -0500] "GET /about/function.php HTTP/1.1" 302 274 "-" "-"
104.208.80.64 - - [30/Jan/2026:17:26:07 -0500] "GET /wp-includes/block-patterns/index.php HTTP/1.1" 302 274 "-" "-"
104.208.80.64 - - [30/Jan/2026:17:26:08 -0500] "GET /wp-admin/maint/about.php HTTP/1.1" 302 274 "-" "-"
104.208.80.64 - - [30/Jan/2026:17:26:08 -0500] "GET /readme.php?p= HTTP/1.1" 302 274 "-" "-"
104.208.80.64 - - [30/Jan/2026:17:26:09 -0500] "GET /wp-includes/js/codemirror/index.php HTTP/1.1" 302 274 "-" "-"
104.208.80.64 - - [30/Jan/2026:17:26:09 -0500] "GET /classwithtostring.php HTTP/1.1" 302 274 "-" "-"
104.208.80.64 - - [30/Jan/2026:17:26:10 -0500] "GET /1.php HTTP/1.1" 302 274 "-" "-"
104.208.80.64 - - [30/Jan/2026:17:26:10 -0500] "GET /.well-known/index.php HTTP/1.1" 302 274 "-" "-"
104.208.80.64 - - [30/Jan/2026:17:26:11 -0500] "GET /alfa.php HTTP/1.1" 302 274 "-" "-"
104.208.80.64 - - [30/Jan/2026:17:26:12 -0500] "GET /wp-includes/images/wp-login.php HTTP/1.1" 302 274 "-" "-"
104.208.80.64 - - [30/Jan/2026:17:26:12 -0500] "GET /atx.php HTTP/1.1" 302 274 "-" "-"
104.208.80.64 - - [30/Jan/2026:17:26:13 -0500] "GET /inputs.php HTTP/1.1" 302 274 "-" "-"
104.208.80.64 - - [30/Jan/2026:17:26:14 -0500] "GET /wp-content/radio.php HTTP/1.1" 302 274 "-" "-"
104.208.80.64 - - [30/Jan/2026:17:26:15 -0500] "GET /404.php HTTP/1.1" 302 274 "-" "-"
104.208.80.64 - - [30/Jan/2026:17:26:15 -0500] "GET /footer.php HTTP/1.1" 302 274 "-" "-"
104.208.80.64 - - [30/Jan/2026:17:26:16 -0500] "GET /global.php HTTP/1.1" 302 274 "-" "-"
104.208.80.64 - - [30/Jan/2026:17:26:17 -0500] "GET /core.php HTTP/1.1" 302 274 "-" "-"
104.208.80.64 - - [30/Jan/2026:17:26:17 -0500] "GET /thoms.php HTTP/1.1" 302 274 "-" "-"
104.208.80.64 - - [30/Jan/2026:17:26:18 -0500] "GET /irc.js.php HTTP/1.1" 302 274 "-" "-"
178.16.53.34 - - [30/Jan/2026:17:26:19 -0500] "POST /wp-login.php HTTP/1.1" 301 - "http://hombretube.com/wp-login.php" "Mozilla/5.0 (Windows NT 10.0; Win64; x64) AppleWebKit/537.36 (KHTML, like Gecko) Chrome/122.0.6261.57 Safari/537.36"
178.16.53.34 - - [30/Jan/2026:17:26:19 -0500] "GET /wp-login.php HTTP/1.1" 200 2285 "http://hombretube.com/wp-login.php" "Mozilla/5.0 (Windows NT 10.0; Win64; x64) AppleWebKit/537.36 (KHTML, like Gecko) Chrome/122.0.6261.57 Safari/537.36"
178.16.53.34 - - [30/Jan/2026:17:26:31 -0500] "POST /wp-login.php HTTP/1.1" 301 - "http://hombretube.com/wp-login.php" "Mozilla/5.0 (Macintosh; Intel Mac OS X 13_6_2) AppleWebKit/537.36 (KHTML, like Gecko) Chrome/121.0.6167.85 Safari/537.36"
178.16.53.34 - - [30/Jan/2026:17:26:32 -0500] "GET /wp-login.php HTTP/1.1" 200 2285 "http://hombretube.com/wp-login.php" "Mozilla/5.0 (Macintosh; Intel Mac OS X 13_6_2) AppleWebKit/537.36 (KHTML, like Gecko) Chrome/121.0.6167.85 Safari/537.36"
178.16.53.34 - - [30/Jan/2026:17:26:45 -0500] "POST /wp-login.php HTTP/1.1" 301 - "http://hombretube.com/wp-login.php" "Mozilla/5.0 (Macintosh; Intel Mac OS X 13_6_1) AppleWebKit/605.1.15 (KHTML, like Gecko) Version/17.1 Safari/605.1.15"
178.16.53.34 - - [30/Jan/2026:17:26:45 -0500] "GET /wp-login.php HTTP/1.1" 200 2285 "http://hombretube.com/wp-login.php" "Mozilla/5.0 (Macintosh; Intel Mac OS X 13_6_1) AppleWebKit/605.1.15 (KHTML, like Gecko) Version/17.1 Safari/605.1.15"
178.16.53.34 - - [30/Jan/2026:17:26:57 -0500] "POST /wp-login.php HTTP/1.1" 301 - "http://hombretube.com/wp-login.php" "Mozilla/5.0 (Macintosh; Intel Mac OS X 10_15_7) AppleWebKit/605.1.15 (KHTML, like Gecko) Version/17.2.1 Safari/605.1.15"
178.16.53.34 - - [30/Jan/2026:17:26:58 -0500] "GET /wp-login.php HTTP/1.1" 200 2285 "http://hombretube.com/wp-login.php" "Mozilla/5.0 (Macintosh; Intel Mac OS X 10_15_7) AppleWebKit/605.1.15 (KHTML, like Gecko) Version/17.2.1 Safari/605.1.15"
178.16.53.34 - - [30/Jan/2026:17:27:10 -0500] "POST /wp-login.php HTTP/1.1" 301 - "http://hombretube.com/wp-login.php" "Mozilla/5.0 (Windows NT 10.0; Win64; x64) AppleWebKit/537.36 (KHTML, like Gecko) Chrome/120.0.0.0 Safari/537.36 Edg/120.0.2210.133"
178.16.53.34 - - [30/Jan/2026:17:27:11 -0500] "GET /wp-login.php HTTP/1.1" 200 2285 "http://hombretube.com/wp-login.php" "Mozilla/5.0 (Windows NT 10.0; Win64; x64) AppleWebKit/537.36 (KHTML, like Gecko) Chrome/120.0.0.0 Safari/537.36 Edg/120.0.2210.133"
178.16.53.34 - - [30/Jan/2026:17:27:23 -0500] "POST /wp-login.php HTTP/1.1" 301 - "http://hombretube.com/wp-login.php" "Mozilla/5.0 (Macintosh; Intel Mac OS X 12_6_2) AppleWebKit/605.1.15 (KHTML, like Gecko) Version/17.1 Safari/605.1.15"
178.16.53.34 - - [30/Jan/2026:17:27:23 -0500] "GET /wp-login.php HTTP/1.1" 200 2285 "http://hombretube.com/wp-login.php" "Mozilla/5.0 (Macintosh; Intel Mac OS X 12_6_2) AppleWebKit/605.1.15 (KHTML, like Gecko) Version/17.1 Safari/605.1.15"
178.16.53.34 - - [30/Jan/2026:17:27:36 -0500] "POST /wp-login.php HTTP/1.1" 301 - "http://hombretube.com/wp-login.php" "Mozilla/5.0 (X11; Linux x86_64) AppleWebKit/537.36 (KHTML, like Gecko) Chrome/118.0.5993.88 Safari/537.36"
178.16.53.34 - - [30/Jan/2026:17:27:36 -0500] "GET /wp-login.php HTTP/1.1" 200 2285 "http://hombretube.com/wp-login.php" "Mozilla/5.0 (X11; Linux x86_64) AppleWebKit/537.36 (KHTML, like Gecko) Chrome/118.0.5993.88 Safari/537.36"
178.16.53.34 - - [30/Jan/2026:17:27:49 -0500] "POST /wp-login.php HTTP/1.1" 301 - "http://hombretube.com/wp-login.php" "Mozilla/5.0 (Windows NT 10.0; Win64; x64) Gecko/20100101 Firefox/121.0"
178.16.53.34 - - [30/Jan/2026:17:27:49 -0500] "GET /wp-login.php HTTP/1.1" 200 2285 "http://hombretube.com/wp-login.php" "Mozilla/5.0 (Windows NT 10.0; Win64; x64) Gecko/20100101 Firefox/121.0"
178.16.53.34 - - [30/Jan/2026:17:28:02 -0500] "POST /wp-login.php HTTP/1.1" 301 - "http://hombretube.com/wp-login.php" "Mozilla/5.0 (X11; Ubuntu; Linux x86_64) AppleWebKit/537.36 (KHTML, like Gecko) Chrome/120.0.6099.130 Safari/537.36"
178.16.53.34 - - [30/Jan/2026:17:28:02 -0500] "GET /wp-login.php HTTP/1.1" 200 2285 "http://hombretube.com/wp-login.php" "Mozilla/5.0 (X11; Ubuntu; Linux x86_64) AppleWebKit/537.36 (KHTML, like Gecko) Chrome/120.0.6099.130 Safari/537.36"
178.16.53.34 - - [30/Jan/2026:17:28:15 -0500] "POST /wp-login.php HTTP/1.1" 301 - "http://hombretube.com/wp-login.php" "Mozilla/5.0 (X11; Ubuntu; Linux x86_64) AppleWebKit/537.36 (KHTML, like Gecko) Chrome/122.0.6261.57 Safari/537.36"
178.16.53.34 - - [30/Jan/2026:17:28:15 -0500] "GET /wp-login.php HTTP/1.1" 200 2285 "http://hombretube.com/wp-login.php" "Mozilla/5.0 (X11; Ubuntu; Linux x86_64) AppleWebKit/537.36 (KHTML, like Gecko) Chrome/122.0.6261.57 Safari/537.36"
178.16.53.34 - - [30/Jan/2026:17:28:27 -0500] "POST /wp-login.php HTTP/1.1" 301 - "http://hombretube.com/wp-login.php" "Mozilla/5.0 (Macintosh; Intel Mac OS X 13_6_2) AppleWebKit/537.36 (KHTML, like Gecko) Chrome/120.0.6099.130 Safari/537.36"
178.16.53.34 - - [30/Jan/2026:17:28:28 -0500] "GET /wp-login.php HTTP/1.1" 200 2285 "http://hombretube.com/wp-login.php" "Mozilla/5.0 (Macintosh; Intel Mac OS X 13_6_2) AppleWebKit/537.36 (KHTML, like Gecko) Chrome/120.0.6099.130 Safari/537.36"
178.16.53.34 - - [30/Jan/2026:17:28:41 -0500] "POST /wp-login.php HTTP/1.1" 301 - "http://hombretube.com/wp-login.php" "Mozilla/5.0 (X11; Ubuntu; Linux x86_64) AppleWebKit/537.36 (KHTML, like Gecko) Chrome/122.0.6261.57 Safari/537.36"
178.16.53.34 - - [30/Jan/2026:17:28:41 -0500] "GET /wp-login.php HTTP/1.1" 200 2285 "http://hombretube.com/wp-login.php" "Mozilla/5.0 (X11; Ubuntu; Linux x86_64) AppleWebKit/537.36 (KHTML, like Gecko) Chrome/122.0.6261.57 Safari/537.36"
178.16.53.34 - - [30/Jan/2026:17:28:54 -0500] "POST /wp-login.php HTTP/1.1" 301 - "http://hombretube.com/wp-login.php" "Mozilla/5.0 (X11; Ubuntu; Linux x86_64) AppleWebKit/537.36 (KHTML, like Gecko) Chrome/121.0.6167.85 Safari/537.36"
178.16.53.34 - - [30/Jan/2026:17:28:54 -0500] "GET /wp-login.php HTTP/1.1" 200 2285 "http://hombretube.com/wp-login.php" "Mozilla/5.0 (X11; Ubuntu; Linux x86_64) AppleWebKit/537.36 (KHTML, like Gecko) Chrome/121.0.6167.85 Safari/537.36"
178.16.53.34 - - [30/Jan/2026:17:29:06 -0500] "POST /wp-login.php HTTP/1.1" 301 - "http://hombretube.com/wp-login.php" "Mozilla/5.0 (X11; Linux x86_64) AppleWebKit/537.36 (KHTML, like Gecko) Chrome/121.0.6167.85 Safari/537.36"
178.16.53.34 - - [30/Jan/2026:17:29:07 -0500] "GET /wp-login.php HTTP/1.1" 200 2285 "http://hombretube.com/wp-login.php" "Mozilla/5.0 (X11; Linux x86_64) AppleWebKit/537.36 (KHTML, like Gecko) Chrome/121.0.6167.85 Safari/537.36"
178.16.53.34 - - [30/Jan/2026:17:29:19 -0500] "POST /wp-login.php HTTP/1.1" 301 - "http://hombretube.com/wp-login.php" "Mozilla/5.0 (Windows NT 11.0; Win64; x64) AppleWebKit/537.36 (KHTML, like Gecko) Chrome/118.0.5993.88 Safari/537.36"
178.16.53.34 - - [30/Jan/2026:17:29:20 -0500] "GET /wp-login.php HTTP/1.1" 200 2285 "http://hombretube.com/wp-login.php" "Mozilla/5.0 (Windows NT 11.0; Win64; x64) AppleWebKit/537.36 (KHTML, like Gecko) Chrome/118.0.5993.88 Safari/537.36"
178.16.53.34 - - [30/Jan/2026:17:29:33 -0500] "POST /wp-login.php HTTP/1.1" 301 - "http://hombretube.com/wp-login.php" "Mozilla/5.0 (Windows NT 10.0; Win64; x64) AppleWebKit/537.36 (KHTML, like Gecko) Chrome/118.0.5993.88 Safari/537.36"
178.16.53.34 - - [30/Jan/2026:17:29:33 -0500] "GET /wp-login.php HTTP/1.1" 200 2285 "http://hombretube.com/wp-login.php" "Mozilla/5.0 (Windows NT 10.0; Win64; x64) AppleWebKit/537.36 (KHTML, like Gecko) Chrome/118.0.5993.88 Safari/537.36"
178.16.53.34 - - [30/Jan/2026:17:29:45 -0500] "POST /wp-login.php HTTP/1.1" 301 - "http://hombretube.com/wp-login.php" "Mozilla/5.0 (Windows NT 10.0; Win64; x64) AppleWebKit/537.36 (KHTML, like Gecko) Chrome/121.0.0.0 Safari/537.36 Edg/121.0.2277.83"
178.16.53.34 - - [30/Jan/2026:17:29:46 -0500] "GET /wp-login.php HTTP/1.1" 200 2285 "http://hombretube.com/wp-login.php" "Mozilla/5.0 (Windows NT 10.0; Win64; x64) AppleWebKit/537.36 (KHTML, like Gecko) Chrome/121.0.0.0 Safari/537.36 Edg/121.0.2277.83"
178.16.53.34 - - [30/Jan/2026:17:29:58 -0500] "POST /wp-login.php HTTP/1.1" 301 - "http://hombretube.com/wp-login.php" "Mozilla/5.0 (X11; Ubuntu; Linux x86_64; rv:118.0.2) Gecko/20100101 Firefox/118.0.2"
178.16.53.34 - - [30/Jan/2026:17:29:59 -0500] "GET /wp-login.php HTTP/1.1" 200 2285 "http://hombretube.com/wp-login.php" "Mozilla/5.0 (X11; Ubuntu; Linux x86_64; rv:118.0.2) Gecko/20100101 Firefox/118.0.2"
178.16.53.34 - - [30/Jan/2026:17:30:11 -0500] "POST /wp-login.php HTTP/1.1" 301 - "http://hombretube.com/wp-login.php" "Mozilla/5.0 (Macintosh; Intel Mac OS X 13_6_1) AppleWebKit/605.1.15 (KHTML, like Gecko) Version/17.2.1 Safari/605.1.15"
178.16.53.34 - - [30/Jan/2026:17:30:12 -0500] "GET /wp-login.php HTTP/1.1" 200 2285 "http://hombretube.com/wp-login.php" "Mozilla/5.0 (Macintosh; Intel Mac OS X 13_6_1) AppleWebKit/605.1.15 (KHTML, like Gecko) Version/17.2.1 Safari/605.1.15"
178.16.53.34 - - [30/Jan/2026:17:30:24 -0500] "POST /wp-login.php HTTP/1.1" 301 - "http://hombretube.com/wp-login.php" "Mozilla/5.0 (X11; Linux x86_64) AppleWebKit/537.36 (KHTML, like Gecko) Chrome/118.0.5993.88 Safari/537.36"
178.16.53.34 - - [30/Jan/2026:17:30:25 -0500] "GET /wp-login.php HTTP/1.1" 200 2285 "http://hombretube.com/wp-login.php" "Mozilla/5.0 (X11; Linux x86_64) AppleWebKit/537.36 (KHTML, like Gecko) Chrome/118.0.5993.88 Safari/537.36"
178.16.53.34 - - [30/Jan/2026:17:30:37 -0500] "POST /wp-login.php HTTP/1.1" 301 - "http://hombretube.com/wp-login.php" "Mozilla/5.0 (Macintosh; Intel Mac OS X 11_7_2) AppleWebKit/605.1.15 (KHTML, like Gecko) Version/17.2.1 Safari/605.1.15"
178.16.53.34 - - [30/Jan/2026:17:30:37 -0500] "GET /wp-login.php HTTP/1.1" 200 2285 "http://hombretube.com/wp-login.php" "Mozilla/5.0 (Macintosh; Intel Mac OS X 11_7_2) AppleWebKit/605.1.15 (KHTML, like Gecko) Version/17.2.1 Safari/605.1.15"
178.16.53.34 - - [30/Jan/2026:17:30:50 -0500] "POST /wp-login.php HTTP/1.1" 301 - "http://hombretube.com/wp-login.php" "Mozilla/5.0 (Windows NT 11.0; Win64; x64) AppleWebKit/537.36 (KHTML, like Gecko) Chrome/121.0.6167.85 Safari/537.36"
178.16.53.34 - - [30/Jan/2026:17:30:50 -0500] "GET /wp-login.php HTTP/1.1" 200 2285 "http://hombretube.com/wp-login.php" "Mozilla/5.0 (Windows NT 11.0; Win64; x64) AppleWebKit/537.36 (KHTML, like Gecko) Chrome/121.0.6167.85 Safari/537.36"
178.16.53.34 - - [30/Jan/2026:17:31:03 -0500] "POST /wp-login.php HTTP/1.1" 301 - "http://hombretube.com/wp-login.php" "Mozilla/5.0 (X11; Ubuntu; Linux x86_64; rv:118.0.2) Gecko/20100101 Firefox/118.0.2"
178.16.53.34 - - [30/Jan/2026:17:31:03 -0500] "GET /wp-login.php HTTP/1.1" 200 2285 "http://hombretube.com/wp-login.php" "Mozilla/5.0 (X11; Ubuntu; Linux x86_64; rv:118.0.2) Gecko/20100101 Firefox/118.0.2"
178.16.53.34 - - [30/Jan/2026:17:31:16 -0500] "POST /wp-login.php HTTP/1.1" 301 - "http://hombretube.com/wp-login.php" "Mozilla/5.0 (Windows NT 11.0; Win64; x64) AppleWebKit/537.36 (KHTML, like Gecko) Chrome/118.0.5993.88 Safari/537.36"
