198.235.24.222 - - [27/Jan/2026:23:54:54 -0500] "GET / HTTP/1.1" 200 26522 "-" "Hello from Palo Alto Networks, find out more about our scans in https://docs-cortex.paloaltonetworks.com/r/1/Cortex-Xpanse/Scanning-activity"
74.206.190.68 - - [27/Jan/2026:23:55:18 -0500] "GET / HTTP/1.1" 200 26522 "-" "curl/7.29.0"
74.206.190.68 - - [28/Jan/2026:00:00:30 -0500] "GET / HTTP/1.1" 200 26522 "-" "curl/7.29.0"
74.206.190.68 - - [28/Jan/2026:00:05:19 -0500] "GET / HTTP/1.1" 200 26522 "-" "curl/7.29.0"
5.183.209.196 - - [28/Jan/2026:00:05:40 -0500] "GET /SDK/webLanguage HTTP/1.1" 302 275 "-" "Mozilla/5.0 (Windows NT 10.0; Win64; x64) AppleWebKit/537.36 (KHTML, like Gecko) Chrome/90.0.4430.85 Safari/537.36 Edg/90.0.818.46"
204.76.203.212 - - [28/Jan/2026:00:08:38 -0500] "GET / HTTP/1.1" 200 26522 "-" "Mozilla/5.0 (Windows NT 10.0; Win64; x64) AppleWebKit/537.36 (KHTML, like Gecko) Chrome/90.0.4430.85 Safari/537.36 Edg/90.0.818.46"
74.206.190.68 - - [28/Jan/2026:00:10:17 -0500] "GET / HTTP/1.1" 200 26522 "-" "curl/7.29.0"
74.206.190.68 - - [28/Jan/2026:00:15:21 -0500] "POST /wp-cron.php?doing_wp_cron=1769577321.7576870918273925781250 HTTP/1.1" 200 - "http://www.hollywooddorm.com/wp-cron.php?doing_wp_cron=1769577321.7576870918273925781250" "WordPress/4.9.16; http://www.hollywooddorm.com"
74.206.190.68 - - [28/Jan/2026:00:15:21 -0500] "GET / HTTP/1.1" 200 26522 "-" "curl/7.29.0"
74.206.190.68 - - [28/Jan/2026:00:20:31 -0500] "GET / HTTP/1.1" 200 26522 "-" "curl/7.29.0"
74.206.190.68 - - [28/Jan/2026:00:25:25 -0500] "GET / HTTP/1.1" 200 26522 "-" "curl/7.29.0"
74.206.190.68 - - [28/Jan/2026:00:30:21 -0500] "GET / HTTP/1.1" 200 26522 "-" "curl/7.29.0"
204.76.203.212 - - [28/Jan/2026:00:30:32 -0500] "GET / HTTP/1.1" 200 26522 "-" "Mozilla/5.0 (Windows NT 10.0; Win64; x64) AppleWebKit/537.36 (KHTML, like Gecko) Chrome/90.0.4430.85 Safari/537.36 Edg/90.0.818.46"
74.206.190.68 - - [28/Jan/2026:00:35:15 -0500] "GET / HTTP/1.1" 200 26522 "-" "curl/7.29.0"
74.206.190.68 - - [28/Jan/2026:00:40:24 -0500] "GET / HTTP/1.1" 200 26522 "-" "curl/7.29.0"
74.206.190.68 - - [28/Jan/2026:00:45:22 -0500] "GET / HTTP/1.1" 200 26522 "-" "curl/7.29.0"
74.206.190.68 - - [28/Jan/2026:00:47:58 -0500] "POST /wp-cron.php?doing_wp_cron=1769579278.2787649631500244140625 HTTP/1.1" 200 - "http://www.hollywooddorm.com/wp-cron.php?doing_wp_cron=1769579278.2787649631500244140625" "WordPress/4.9.16; http://www.hollywooddorm.com"
104.244.72.245 - - [28/Jan/2026:00:47:58 -0500] "GET /wp-login.php HTTP/1.1" 200 2396 "-" "Mozilla/5.0 (X11; Ubuntu; Linux x86_64; rv:31.0) Gecko/20100101 Firefox/31.0"
104.244.72.245 - - [28/Jan/2026:00:47:59 -0500] "POST /wp-login.php HTTP/1.1" 200 3388 "-" "Mozilla/5.0 (X11; Ubuntu; Linux x86_64; rv:31.0) Gecko/20100101 Firefox/31.0"
74.206.190.68 - - [28/Jan/2026:00:50:16 -0500] "GET / HTTP/1.1" 200 26522 "-" "curl/7.29.0"
74.206.190.68 - - [28/Jan/2026:00:56:05 -0500] "GET / HTTP/1.1" 200 26522 "-" "curl/7.29.0"
204.76.203.212 - - [28/Jan/2026:00:56:52 -0500] "GET / HTTP/1.1" 200 26522 "-" "Mozilla/5.0 (Windows NT 10.0; Win64; x64) AppleWebKit/537.36 (KHTML, like Gecko) Chrome/90.0.4430.85 Safari/537.36 Edg/90.0.818.46"
74.206.190.68 - - [28/Jan/2026:01:00:27 -0500] "GET / HTTP/1.1" 200 26522 "-" "curl/7.29.0"
193.142.147.209 - - [28/Jan/2026:01:03:10 -0500] "POST / HTTP/1.1" 200 26522 "-" "Mozilla/5.0 (Windows NT 10.0; Win64; x64) AppleWebKit/537.36"
74.206.190.68 - - [28/Jan/2026:01:05:21 -0500] "GET / HTTP/1.1" 200 26522 "-" "curl/7.29.0"
5.101.64.6 - - [28/Jan/2026:01:06:24 -0500] "GET / HTTP/1.1" 200 26522 "-" "Mozilla/5.0 (Macintosh; Intel Mac OS X 10_14_6) AppleWebKit/537.36 (KHTML, like Gecko) Chrome/101.0.4951.64 Safari/537.36"
74.206.190.68 - - [28/Jan/2026:01:10:26 -0500] "GET / HTTP/1.1" 200 26522 "-" "curl/7.29.0"
74.206.190.68 - - [28/Jan/2026:01:15:19 -0500] "POST /wp-cron.php?doing_wp_cron=1769580919.4266409873962402343750 HTTP/1.1" 200 - "http://www.hollywooddorm.com/wp-cron.php?doing_wp_cron=1769580919.4266409873962402343750" "WordPress/4.9.16; http://www.hollywooddorm.com"
74.206.190.68 - - [28/Jan/2026:01:15:19 -0500] "GET / HTTP/1.1" 200 26522 "-" "curl/7.29.0"
47.77.204.92 - - [28/Jan/2026:01:17:13 -0500] "GET / HTTP/1.1" 200 26522 "-" "-"
47.77.204.92 - - [28/Jan/2026:01:17:13 -0500] "GET / HTTP/1.1" 200 26522 "-" "Mozilla/5.0 (Macintosh; Intel Mac OS X 10_14_6) AppleWebKit/537.36 (KHTML, like Gecko) Chrome/76.0.3809.132 Safari/537.36"
18.236.124.156 - - [28/Jan/2026:01:18:35 -0500] "GET /.env HTTP/1.1" 302 275 "-" "python-requests/2.26.0"
18.236.124.156 - - [28/Jan/2026:01:18:36 -0500] "GET / HTTP/1.1" 200 26522 "-" "python-requests/2.26.0"
18.236.124.156 - - [28/Jan/2026:01:18:36 -0500] "POST / HTTP/1.1" 200 26522 "-" "python-requests/2.26.0"
74.206.190.68 - - [28/Jan/2026:01:21:12 -0500] "GET / HTTP/1.1" 200 26522 "-" "curl/7.29.0"
204.76.203.212 - - [28/Jan/2026:01:21:43 -0500] "GET / HTTP/1.1" 200 26522 "-" "Mozilla/5.0 (Windows NT 10.0; Win64; x64) AppleWebKit/537.36 (KHTML, like Gecko) Chrome/90.0.4430.85 Safari/537.36 Edg/90.0.818.46"
92.63.197.197 - - [28/Jan/2026:01:22:27 -0500] "GET / HTTP/1.1" 200 26522 "-" "Mozilla/5.0 (X11; Linux x86_64) AppleWebKit/537.36 (KHTML, like Gecko) Chrome/44.0.2403.157 Safari/537.36"
74.206.190.68 - - [28/Jan/2026:01:25:35 -0500] "GET / HTTP/1.1" 200 26522 "-" "curl/7.29.0"
35.203.210.228 - - [28/Jan/2026:01:26:16 -0500] "GET /wp-login.php HTTP/1.1" 200 2396 "-" "Hello from Palo Alto Networks, find out more about our scans in https://docs-cortex.paloaltonetworks.com/r/1/Cortex-Xpanse/Scanning-activity"
74.206.190.68 - - [28/Jan/2026:01:30:22 -0500] "GET / HTTP/1.1" 200 26522 "-" "curl/7.29.0"
74.206.190.68 - - [28/Jan/2026:01:35:18 -0500] "GET / HTTP/1.1" 200 26522 "-" "curl/7.29.0"
64.62.156.52 - - [28/Jan/2026:01:35:31 -0500] "GET / HTTP/1.1" 200 26522 "-" "Mozilla/5.0 (Macintosh; Intel Mac OS X 10.15; rv:141.0) Gecko/20100101 Firefox/141.0"
64.62.156.52 - - [28/Jan/2026:01:36:18 -0500] "GET /webui/ HTTP/1.1" 302 275 "-" "Mozilla/5.0 (Windows NT 10.0; Win64; x64) AppleWebKit/537.36 (KHTML, like Gecko) Chrome/123.0.0.0 Safari/537.36 Edg/123.0.0.0"
204.76.203.69 - - [28/Jan/2026:01:37:41 -0500] "GET / HTTP/1.1" 200 26522 "-" "-"
64.62.156.52 - - [28/Jan/2026:01:38:45 -0500] "GET /geoserver/web/ HTTP/1.1" 302 275 "-" "Mozilla/5.0 (Macintosh; Intel Mac OS X 10.15; rv:141.0) Gecko/20100101 Firefox/141.0"
74.206.190.68 - - [28/Jan/2026:01:40:29 -0500] "GET / HTTP/1.1" 200 26522 "-" "curl/7.29.0"
74.206.190.68 - - [28/Jan/2026:01:45:19 -0500] "GET / HTTP/1.1" 200 26522 "-" "curl/7.29.0"
45.156.129.130 - - [28/Jan/2026:01:46:08 -0500] "GET / HTTP/1.1" 200 26522 "-" "Mozilla/5.0 (Windows NT 10.0; Win64; x64) AppleWebKit/537.36 (KHTML, like Gecko) Chrome/60.0.3112.113 Safari/537.36"
204.76.203.212 - - [28/Jan/2026:01:48:11 -0500] "GET / HTTP/1.1" 200 26522 "-" "Mozilla/5.0 (Windows NT 10.0; Win64; x64) AppleWebKit/537.36 (KHTML, like Gecko) Chrome/90.0.4430.85 Safari/537.36 Edg/90.0.818.46"
74.206.190.68 - - [28/Jan/2026:01:50:17 -0500] "GET / HTTP/1.1" 200 26522 "-" "curl/7.29.0"
74.206.190.68 - - [28/Jan/2026:01:55:18 -0500] "GET / HTTP/1.1" 200 26522 "-" "curl/7.29.0"
74.206.190.68 - - [28/Jan/2026:02:00:25 -0500] "GET / HTTP/1.1" 200 26522 "-" "curl/7.29.0"
3.134.148.59 - - [28/Jan/2026:02:03:34 -0500] "GET / HTTP/1.1" 200 26522 "-" "cypex.ai/scanning Mozilla/5.0 (Macintosh; Intel Mac OS X 10_15_7) Chrome/126.0.0.0 Safari/537.36"
3.134.148.59 - - [28/Jan/2026:02:04:12 -0500] "GET / HTTP/1.1" 200 26522 "-" "cypex.ai/scanning Mozilla/5.0 (Macintosh; Intel Mac OS X 10_15_7) Chrome/126.0.0.0 Safari/537.36"
74.206.190.68 - - [28/Jan/2026:02:05:17 -0500] "GET / HTTP/1.1" 200 26522 "-" "curl/7.29.0"
74.206.190.68 - - [28/Jan/2026:02:10:23 -0500] "GET / HTTP/1.1" 200 26522 "-" "curl/7.29.0"
204.76.203.212 - - [28/Jan/2026:02:12:19 -0500] "GET / HTTP/1.1" 200 26522 "-" "Mozilla/5.0 (Windows NT 10.0; Win64; x64) AppleWebKit/537.36 (KHTML, like Gecko) Chrome/90.0.4430.85 Safari/537.36 Edg/90.0.818.46"
74.206.190.68 - - [28/Jan/2026:02:15:20 -0500] "POST /wp-cron.php?doing_wp_cron=1769584520.5646450519561767578125 HTTP/1.1" 200 - "http://www.hollywooddorm.com/wp-cron.php?doing_wp_cron=1769584520.5646450519561767578125" "WordPress/4.9.16; http://www.hollywooddorm.com"
74.206.190.68 - - [28/Jan/2026:02:15:20 -0500] "GET / HTTP/1.1" 200 26522 "-" "curl/7.29.0"
74.206.190.68 - - [28/Jan/2026:02:20:27 -0500] "GET / HTTP/1.1" 200 26522 "-" "curl/7.29.0"
74.206.190.68 - - [28/Jan/2026:02:25:17 -0500] "GET / HTTP/1.1" 200 26522 "-" "curl/7.29.0"
45.148.10.124 - - [28/Jan/2026:02:29:11 -0500] "GET /.env HTTP/1.1" 302 275 "-" "Mozilla/5.0 (Linux; Android 7.1.2; Redmi 4X) AppleWebKit/537.36 (KHTML, like Gecko) Chrome/76.0.3809.111 Mobile Safari/537.36"
45.148.10.124 - - [28/Jan/2026:02:29:47 -0500] "GET /.env HTTP/1.1" 302 275 "-" "Mozilla/5.0 (Macintosh; Intel Mac OS X 10_14_6) AppleWebKit/537.36 (KHTML, like Gecko) Chrome/78.0.3876.0 Safari/537.36"
74.206.190.68 - - [28/Jan/2026:02:30:16 -0500] "GET / HTTP/1.1" 200 26522 "-" "curl/7.29.0"
74.206.190.68 - - [28/Jan/2026:02:35:25 -0500] "GET / HTTP/1.1" 200 26522 "-" "curl/7.29.0"
45.148.10.124 - - [28/Jan/2026:02:36:10 -0500] "GET /.env HTTP/1.1" 302 275 "-" "Mozilla/5.0 (X11; Linux x86_64) AppleWebKit/537.36 (KHTML, like Gecko) Chrome/72.0.3626.81 Safari/537.36"
204.76.203.212 - - [28/Jan/2026:02:37:42 -0500] "GET / HTTP/1.1" 200 26522 "-" "Mozilla/5.0 (Windows NT 10.0; Win64; x64) AppleWebKit/537.36 (KHTML, like Gecko) Chrome/90.0.4430.85 Safari/537.36 Edg/90.0.818.46"
74.206.190.68 - - [28/Jan/2026:02:40:41 -0500] "GET / HTTP/1.1" 200 26522 "-" "curl/7.29.0"
74.206.190.68 - - [28/Jan/2026:02:45:19 -0500] "GET / HTTP/1.1" 200 26522 "-" "curl/7.29.0"
74.206.190.68 - - [28/Jan/2026:02:50:17 -0500] "GET / HTTP/1.1" 200 26522 "-" "curl/7.29.0"
45.148.10.124 - - [28/Jan/2026:02:51:20 -0500] "GET /.env HTTP/1.1" 302 275 "-" "Mozilla/5.0 (Macintosh; Intel Mac OS X 10_14_5) AppleWebKit/537.36 (KHTML, like Gecko) Chrome/75.0.3770.100 Safari/537.36"
74.206.190.68 - - [28/Jan/2026:02:55:17 -0500] "GET / HTTP/1.1" 200 26522 "-" "curl/7.29.0"
74.206.190.68 - - [28/Jan/2026:03:00:23 -0500] "GET / HTTP/1.1" 200 26522 "-" "curl/7.29.0"
102.22.20.125 - - [28/Jan/2026:03:01:10 -0500] "GET /admin/config.php HTTP/1.1" 302 275 "-" "xfa1,nvdorz,nvd0rz"
193.142.147.209 - - [28/Jan/2026:03:02:58 -0500] "POST / HTTP/1.1" 200 26522 "-" "Mozilla/5.0 (Windows NT 10.0; Win64; x64) AppleWebKit/537.36"
204.76.203.212 - - [28/Jan/2026:03:03:09 -0500] "GET / HTTP/1.1" 200 26522 "-" "Mozilla/5.0 (Windows NT 10.0; Win64; x64) AppleWebKit/537.36 (KHTML, like Gecko) Chrome/90.0.4430.85 Safari/537.36 Edg/90.0.818.46"
74.206.190.68 - - [28/Jan/2026:03:05:19 -0500] "GET / HTTP/1.1" 200 26522 "-" "curl/7.29.0"
204.76.203.69 - - [28/Jan/2026:03:08:57 -0500] "GET / HTTP/1.1" 200 26522 "-" "Mozilla/5.0 (Windows NT 10.0; Win64; x64) AppleWebKit/537.36 (KHTML, like Gecko) Chrome/90.0.4430.85 Safari/537.36 Edg/90.0.818.46"
74.206.190.68 - - [28/Jan/2026:03:10:17 -0500] "GET / HTTP/1.1" 200 26522 "-" "curl/7.29.0"
74.206.190.68 - - [28/Jan/2026:03:15:17 -0500] "POST /wp-cron.php?doing_wp_cron=1769588117.0997180938720703125000 HTTP/1.1" 200 - "http://www.hollywooddorm.com/wp-cron.php?doing_wp_cron=1769588117.0997180938720703125000" "WordPress/4.9.16; http://www.hollywooddorm.com"
74.206.190.68 - - [28/Jan/2026:03:15:16 -0500] "GET / HTTP/1.1" 200 26522 "-" "curl/7.29.0"
74.206.190.68 - - [28/Jan/2026:03:20:26 -0500] "GET / HTTP/1.1" 200 26522 "-" "curl/7.29.0"
74.206.190.68 - - [28/Jan/2026:03:25:15 -0500] "GET / HTTP/1.1" 200 26522 "-" "curl/7.29.0"
204.76.203.212 - - [28/Jan/2026:03:28:14 -0500] "GET / HTTP/1.1" 200 26522 "-" "Mozilla/5.0 (Windows NT 10.0; Win64; x64) AppleWebKit/537.36 (KHTML, like Gecko) Chrome/90.0.4430.85 Safari/537.36 Edg/90.0.818.46"
74.206.190.68 - - [28/Jan/2026:03:30:16 -0500] "GET / HTTP/1.1" 200 26522 "-" "curl/7.29.0"
152.228.220.143 - - [28/Jan/2026:03:32:37 -0500] "GET /index.php/feed HTTP/1.1" 200 15826 "-" "Mozilla/5.0 (X11; Linux i686) AppleWebKit/537.36 (KHTML, like Gecko) Chrome/30.0.1599.66 Safari/537.36"
74.206.190.68 - - [28/Jan/2026:03:35:34 -0500] "GET / HTTP/1.1" 200 26522 "-" "curl/7.29.0"
74.206.190.68 - - [28/Jan/2026:03:41:07 -0500] "GET / HTTP/1.1" 200 26522 "-" "curl/7.29.0"
74.206.190.68 - - [28/Jan/2026:03:45:20 -0500] "GET / HTTP/1.1" 200 26522 "-" "curl/7.29.0"
64.15.129.115 - - [28/Jan/2026:03:48:04 -0500] "GET / HTTP/1.1" 200 26522 "-" "Mozilla/5.0 (Windows NT 10.0; Win64; x64) AppleWebKit/537.36 (KHTML, like Gecko) Chrome/144.0.0.0 Safari/537.36"
192.175.111.238 - - [28/Jan/2026:03:48:05 -0500] "GET / HTTP/1.1" 200 26522 "-" "Mozilla/5.0 (Windows NT 10.0; Win64; x64) AppleWebKit/537.36 (KHTML, like Gecko) Chrome/144.0.0.0 Safari/537.36"
192.175.111.247 - - [28/Jan/2026:03:48:06 -0500] "GET / HTTP/1.1" 200 26522 "-" "Mozilla/5.0 (Windows NT 10.0; Win64; x64) AppleWebKit/537.36 (KHTML, like Gecko) Chrome/144.0.0.0 Safari/537.36"
64.15.129.123 - - [28/Jan/2026:03:48:06 -0500] "GET / HTTP/1.1" 200 26522 "-" "Mozilla/5.0 (Windows NT 10.0; Win64; x64) AppleWebKit/537.36 (KHTML, like Gecko) Chrome/144.0.0.0 Safari/537.36"
114.119.152.143 - - [28/Jan/2026:03:49:21 -0500] "GET /index.php/tag/pornstar/page/2 HTTP/1.1" 200 23215 "http://www.hollywooddorm.com/index.php/tag/pornstar" "Mozilla/5.0 (Linux; Android 7.0;) AppleWebKit/537.36 (KHTML, like Gecko) Mobile Safari/537.36 (compatible; PetalBot;+https://webmaster.petalsearch.com/site/petalbot)"
74.206.190.68 - - [28/Jan/2026:03:50:17 -0500] "GET / HTTP/1.1" 200 26522 "-" "curl/7.29.0"
114.119.151.0 - - [28/Jan/2026:03:50:45 -0500] "GET /index.php/blonde-pornstar/hollywood-blonde-pornstar.html HTTP/1.1" 200 24087 "http://www.hollywooddorm.com/index.php/category/blonde-pornstar" "Mozilla/5.0 (Linux; Android 7.0;) AppleWebKit/537.36 (KHTML, like Gecko) Mobile Safari/537.36 (compatible; PetalBot;+https://webmaster.petalsearch.com/site/petalbot)"
167.94.146.61 - - [28/Jan/2026:03:50:47 -0500] "GET / HTTP/1.1" 200 26522 "-" "Mozilla/5.0 (compatible; CensysInspect/1.1; +https://about.censys.io/)"
167.94.146.61 - - [28/Jan/2026:03:50:54 -0500] "GET /wiki HTTP/1.1" 302 275 "-" "Mozilla/5.0 (compatible; CensysInspect/1.1; +https://about.censys.io/)"
43.153.73.200 - - [28/Jan/2026:03:51:28 -0500] "GET / HTTP/1.1" 200 26522 "-" "Mozilla/5.0 (iPhone; CPU iPhone OS 13_2_3 like Mac OS X) AppleWebKit/605.1.15 (KHTML, like Gecko) Version/13.0.3 Mobile/15E148 Safari/604.1"
107.189.14.99 - - [28/Jan/2026:03:52:40 -0500] "GET /wp-login.php HTTP/1.1" 200 2396 "-" "Mozilla/5.0 (Windows NT 6.1; rv:31.0) Gecko/20100101 Firefox/31.0"
107.189.14.99 - - [28/Jan/2026:03:52:41 -0500] "POST /wp-login.php HTTP/1.1" 200 3388 "-" "Mozilla/5.0 (Windows NT 6.1; rv:31.0) Gecko/20100101 Firefox/31.0"
204.76.203.212 - - [28/Jan/2026:03:53:53 -0500] "GET / HTTP/1.1" 200 26522 "-" "Mozilla/5.0 (Windows NT 10.0; Win64; x64) AppleWebKit/537.36 (KHTML, like Gecko) Chrome/90.0.4430.85 Safari/537.36 Edg/90.0.818.46"
74.206.190.68 - - [28/Jan/2026:03:55:18 -0500] "GET / HTTP/1.1" 200 26522 "-" "curl/7.29.0"
74.206.190.68 - - [28/Jan/2026:04:00:30 -0500] "GET / HTTP/1.1" 200 26522 "-" "curl/7.29.0"
87.236.176.98 - - [28/Jan/2026:04:01:55 -0500] "GET / HTTP/1.1" 200 26522 "-" "Mozilla/5.0 (compatible; InternetMeasurement/1.0; +https://internet-measurement.com/)"
74.206.190.68 - - [28/Jan/2026:04:05:19 -0500] "GET / HTTP/1.1" 200 26522 "-" "curl/7.29.0"
74.206.190.68 - - [28/Jan/2026:04:10:18 -0500] "GET / HTTP/1.1" 200 26522 "-" "curl/7.29.0"
74.206.190.68 - - [28/Jan/2026:04:13:57 -0500] "POST /wp-cron.php?doing_wp_cron=1769591637.8505549430847167968750 HTTP/1.1" 200 - "http://www.hollywooddorm.com/wp-cron.php?doing_wp_cron=1769591637.8505549430847167968750" "WordPress/4.9.16; http://www.hollywooddorm.com"
43.165.69.68 - - [28/Jan/2026:04:13:57 -0500] "GET / HTTP/1.1" 200 26522 "-" "Mozilla/5.0 (iPhone; CPU iPhone OS 13_2_3 like Mac OS X) AppleWebKit/605.1.15 (KHTML, like Gecko) Version/13.0.3 Mobile/15E148 Safari/604.1"
74.206.190.68 - - [28/Jan/2026:04:15:30 -0500] "GET / HTTP/1.1" 200 26522 "-" "curl/7.29.0"
205.210.31.208 - - [28/Jan/2026:04:15:38 -0500] "GET /wp-login.php HTTP/1.1" 200 2396 "-" "Hello from Palo Alto Networks, find out more about our scans in https://docs-cortex.paloaltonetworks.com/r/1/Cortex-Xpanse/Scanning-activity"