File: //home/httpd/logs/hollywooddorm.com_access_log.2
204.76.203.212 - - [28/Jan/2026:04:19:11 -0500] "GET / HTTP/1.1" 200 26522 "-" "Mozilla/5.0 (Windows NT 10.0; Win64; x64) AppleWebKit/537.36 (KHTML, like Gecko) Chrome/90.0.4430.85 Safari/537.36 Edg/90.0.818.46"
74.206.190.68 - - [28/Jan/2026:04:20:51 -0500] "GET / HTTP/1.1" 200 26522 "-" "curl/7.29.0"
74.206.190.68 - - [28/Jan/2026:04:25:22 -0500] "GET / HTTP/1.1" 200 26522 "-" "curl/7.29.0"
43.138.68.113 - - [28/Jan/2026:04:28:37 -0500] "GET / HTTP/1.1" 301 - "-" "Mozilla/5.0 (iPhone; CPU iPhone OS 13_2_3 like Mac OS X) AppleWebKit/605.1.15 (KHTML, like Gecko) Version/13.0.3 Mobile/15E148 Safari/604.1"
43.138.68.113 - - [28/Jan/2026:04:28:39 -0500] "GET / HTTP/1.1" 200 26522 "http://hollywooddorm.com" "Mozilla/5.0 (iPhone; CPU iPhone OS 13_2_3 like Mac OS X) AppleWebKit/605.1.15 (KHTML, like Gecko) Version/13.0.3 Mobile/15E148 Safari/604.1"
74.206.190.68 - - [28/Jan/2026:04:30:16 -0500] "GET / HTTP/1.1" 200 26522 "-" "curl/7.29.0"
74.206.190.68 - - [28/Jan/2026:04:35:16 -0500] "GET / HTTP/1.1" 200 26522 "-" "curl/7.29.0"
74.206.190.68 - - [28/Jan/2026:04:40:22 -0500] "GET / HTTP/1.1" 200 26522 "-" "curl/7.29.0"
43.159.143.190 - - [28/Jan/2026:04:41:15 -0500] "GET / HTTP/1.1" 301 - "-" "Mozilla/5.0 (iPhone; CPU iPhone OS 13_2_3 like Mac OS X) AppleWebKit/605.1.15 (KHTML, like Gecko) Version/13.0.3 Mobile/15E148 Safari/604.1"
43.159.143.190 - - [28/Jan/2026:04:41:16 -0500] "GET / HTTP/1.1" 200 26522 "http://hollywooddorm.com" "Mozilla/5.0 (iPhone; CPU iPhone OS 13_2_3 like Mac OS X) AppleWebKit/605.1.15 (KHTML, like Gecko) Version/13.0.3 Mobile/15E148 Safari/604.1"
204.76.203.212 - - [28/Jan/2026:04:42:49 -0500] "GET / HTTP/1.1" 200 26522 "-" "Mozilla/5.0 (Windows NT 10.0; Win64; x64) AppleWebKit/537.36 (KHTML, like Gecko) Chrome/90.0.4430.85 Safari/537.36 Edg/90.0.818.46"
74.206.190.68 - - [28/Jan/2026:04:45:21 -0500] "GET / HTTP/1.1" 200 26522 "-" "curl/7.29.0"
43.153.104.196 - - [28/Jan/2026:04:48:49 -0500] "GET / HTTP/1.1" 200 26522 "-" "Mozilla/5.0 (iPhone; CPU iPhone OS 13_2_3 like Mac OS X) AppleWebKit/605.1.15 (KHTML, like Gecko) Version/13.0.3 Mobile/15E148 Safari/604.1"
74.206.190.68 - - [28/Jan/2026:04:50:15 -0500] "GET / HTTP/1.1" 200 26522 "-" "curl/7.29.0"
95.85.238.19 - - [28/Jan/2026:04:53:43 -0500] "GET /wp-login.php HTTP/1.1" 200 2396 "-" "Mozilla/5.0 (Windows NT 6.1; WOW64; rv:30.0) Gecko/20100101 Firefox/30.0"
95.85.238.19 - - [28/Jan/2026:04:53:43 -0500] "POST /wp-login.php HTTP/1.1" 200 3388 "-" "Mozilla/5.0 (Windows NT 6.1; WOW64; rv:30.0) Gecko/20100101 Firefox/30.0"
74.206.190.68 - - [28/Jan/2026:04:55:18 -0500] "GET / HTTP/1.1" 200 26522 "-" "curl/7.29.0"
74.206.190.68 - - [28/Jan/2026:05:00:26 -0500] "GET / HTTP/1.1" 200 26522 "-" "curl/7.29.0"
46.161.50.108 - - [28/Jan/2026:05:05:01 -0500] "GET /aaa9 HTTP/1.1" 302 275 "-" "Mozilla/5.0 (Windows NT 10.0; Win64; x64) AppleWebKit/537.36 (KHTML, like Gecko) Chrome/70.0.3538.77 Safari/537.36"
46.161.50.108 - - [28/Jan/2026:05:05:01 -0500] "GET /aab9 HTTP/1.1" 302 275 "-" "Mozilla/5.0 (Windows NT 10.0; Win64; x64) AppleWebKit/537.36 (KHTML, like Gecko) Chrome/70.0.3538.77 Safari/537.36"
74.206.190.68 - - [28/Jan/2026:05:05:17 -0500] "GET / HTTP/1.1" 200 26522 "-" "curl/7.29.0"
204.76.203.212 - - [28/Jan/2026:05:08:08 -0500] "GET / HTTP/1.1" 200 26522 "-" "Mozilla/5.0 (Windows NT 10.0; Win64; x64) AppleWebKit/537.36 (KHTML, like Gecko) Chrome/90.0.4430.85 Safari/537.36 Edg/90.0.818.46"
74.206.190.68 - - [28/Jan/2026:05:10:17 -0500] "GET / HTTP/1.1" 200 26522 "-" "curl/7.29.0"
74.206.190.68 - - [28/Jan/2026:05:15:18 -0500] "POST /wp-cron.php?doing_wp_cron=1769595318.0796990394592285156250 HTTP/1.1" 200 - "http://www.hollywooddorm.com/wp-cron.php?doing_wp_cron=1769595318.0796990394592285156250" "WordPress/4.9.16; http://www.hollywooddorm.com"
74.206.190.68 - - [28/Jan/2026:05:15:17 -0500] "GET / HTTP/1.1" 200 26522 "-" "curl/7.29.0"
20.65.194.47 - - [28/Jan/2026:05:18:22 -0500] "GET /portal/redlion HTTP/1.1" 302 275 "-" "Mozilla/5.0 zgrab/0.x"
74.206.190.68 - - [28/Jan/2026:05:20:26 -0500] "GET / HTTP/1.1" 200 26522 "-" "curl/7.29.0"
35.202.9.133 - - [28/Jan/2026:05:24:29 -0500] "GET / HTTP/1.1" 200 26522 "-" "Mozilla/5.0 (compatible; tchelebi/1.0; +http://tchelebi.io)"
74.206.190.68 - - [28/Jan/2026:05:25:18 -0500] "GET / HTTP/1.1" 200 26522 "-" "curl/7.29.0"
74.206.190.68 - - [28/Jan/2026:05:30:19 -0500] "GET / HTTP/1.1" 200 26522 "-" "curl/7.29.0"
74.206.190.68 - - [28/Jan/2026:05:35:22 -0500] "GET / HTTP/1.1" 200 26522 "-" "curl/7.29.0"
74.206.190.68 - - [28/Jan/2026:05:40:29 -0500] "GET / HTTP/1.1" 200 26522 "-" "curl/7.29.0"
185.209.196.229 - - [28/Jan/2026:05:40:48 -0500] "GET //wp-content/plugins/fix/up.php HTTP/1.1" 302 279 "-" "Mozilla/5.0 (Windows NT 10.0; Win64; x64) AppleWebKit/537.36 (KHTML, like Gecko) Chrome/85.0.4183.102 Safari/537.36"
185.209.196.229 - - [28/Jan/2026:05:40:48 -0500] "GET / HTTP/1.1" 200 26522 "-" "Mozilla/5.0 (Windows NT 10.0; Win64; x64) AppleWebKit/537.36 (KHTML, like Gecko) Chrome/85.0.4183.102 Safari/537.36"
79.124.40.174 - - [28/Jan/2026:05:42:37 -0500] "GET /?XDEBUG_SESSION_START=phpstorm HTTP/1.1" 200 26612 "-" "Mozilla/5.0 (Windows NT 10.0; Win64; x64) AppleWebKit/537.36 (KHTML, like Gecko) Chrome/78.0.3904.108 Safari/537.36"
193.142.147.209 - - [28/Jan/2026:05:44:04 -0500] "POST / HTTP/1.1" 200 26522 "-" "Mozilla/5.0 (Windows NT 10.0; Win64; x64) AppleWebKit/537.36"
74.206.190.68 - - [28/Jan/2026:05:45:23 -0500] "GET / HTTP/1.1" 200 26522 "-" "curl/7.29.0"
78.153.140.151 - - [28/Jan/2026:05:45:36 -0500] "GET /.env HTTP/1.1" 302 275 "-" "Mozilla/5.0 (Macintosh; Intel Mac OS X 108) AppleWebKit/536.15 (KHTML like Gecko) Version/6.0 Safari/536.16"
78.153.140.151 - - [28/Jan/2026:05:45:36 -0500] "GET /api/.env HTTP/1.1" 302 275 "-" "Mozilla/5.0 (X11; Linux x86_64) AppleWebKit/537.36 (KHTML, like Gecko) Chrome/55.0.2883.91 Safari/537.36 OPR/42.7.2246.114996"
78.153.140.151 - - [28/Jan/2026:05:45:37 -0500] "GET /backend/.env HTTP/1.1" 302 275 "-" "Mozilla/5.0 (iPhone; CPU iPhone OS 5_0 like Mac OS X) AppleWebKit/534.46 (KHTML, like Gecko) Version/5.1 Mobile/9A334 Safari/7534.48.3"
78.153.140.151 - - [28/Jan/2026:05:45:37 -0500] "GET /admin/.env HTTP/1.1" 302 275 "-" "Mozilla/5.0 (Windows NT 6.1; WOW64; Trident/7.0; UHG_Win7_Build 11-15-2010; rv:11.0) like Gecko"
78.153.140.151 - - [28/Jan/2026:05:45:38 -0500] "GET /.env.example HTTP/1.1" 302 275 "-" "Mozilla/4.0 (compatible; MSIE 8.0; Windows NT 5.1; Trident/4.0; BTRS100206; GTB7.4; .NET CLR 1.0.3705; .NET CLR 1.1.4322; Media Center PC 4.0; .NET CLR 2.0.50727; .NET CLR 3.0.4506.2152; .NET CLR 3.5.30729; .NET4.0C)"
78.153.140.151 - - [28/Jan/2026:05:45:38 -0500] "GET /app_dev.php/_profiler/phpinfo HTTP/1.1" 302 275 "-" "Mozilla/4.0 (compatible; MSIE 7.0b; Windows NT 6.0 ; .NET CLR 2.0.50215; SL Commerce Client v1.0; Tablet PC 2.0"
78.153.140.151 - - [28/Jan/2026:05:45:38 -0500] "GET /?phpinfo=-1 HTTP/1.1" 200 26555 "-" "Mozilla/5.0 (Macintosh; U; Intel Mac OS X 10_6_3; en-US) AppleWebKit/534.16 (KHTML, like Gecko) Chrome/10.0.648.133 Safari/534.16"
78.153.140.151 - - [28/Jan/2026:05:45:40 -0500] "GET /?url=.env HTTP/1.1" 200 26549 "-" "HTC_Dream Mozilla/5.0 (Linux; U; Android 1.5; en-ca; Build/CUPCAKE) AppleWebKit/528.5 (KHTML, like Gecko) Version/3.1.2 Mobile Safari/525.20.1"
78.153.140.151 - - [28/Jan/2026:05:45:44 -0500] "GET /staging/.env HTTP/1.1" 302 275 "-" "Opera/9.80 (X11; Linux zvav; U; sv) Presto/2.8.119 Version/11.10"
78.153.140.151 - - [28/Jan/2026:05:45:44 -0500] "GET /app_dev.php/_profiler/open?file=app/config/parameters.yml HTTP/1.1" 302 275 "-" "Mozilla/5.0 (Windows NT 6.3; WOW64; rv:36.0) Gecko/20100101 Firefox/36.0"
78.153.140.151 - - [28/Jan/2026:05:45:44 -0500] "GET /phpinfo.php HTTP/1.1" 302 275 "-" "Mozilla/5.0 (X11; U; Linux armv6l; rv 1.8.1.5pre) Gecko/20070619 Minimo/0.020"
78.153.140.151 - - [28/Jan/2026:05:45:45 -0500] "GET /info/ HTTP/1.1" 302 275 "-" "Mozilla/5.0 (Linux; U; Android 4.4.2; en-us; GT-N5110 Build/KOT49H) AppleWebKit/534.30 (KHTML, like Gecko) Version/4.0 Safari/534.30"
78.153.140.151 - - [28/Jan/2026:05:45:45 -0500] "GET /app/.env HTTP/1.1" 302 275 "-" "Mozilla/5.0 (Macintosh; U; Intel Mac OS X 10_6_1; en-US) AppleWebKit/532.0 (KHTML, like Gecko) Chrome/4.0.212.0 Safari/532.0"
78.153.140.151 - - [28/Jan/2026:05:45:46 -0500] "GET /phpinfo/ HTTP/1.1" 302 275 "-" "Mozilla/5.0 (Linux; U; Android 4.1.2; ru-ru; GT-P3100 Build/JZO54K) AppleWebKit/534.30 (KHTML, like Gecko) Version/4.0 Safari/534.30"
78.153.140.151 - - [28/Jan/2026:05:45:46 -0500] "GET /dev/.env HTTP/1.1" 302 275 "-" "Mozilla/5.0 (Macintosh; U; Intel Mac OS X 10_5_8; en-us) AppleWebKit/531.21.8 (KHTML, like Gecko) Version/4.0.3 Safari/531.21.10"
78.153.140.151 - - [28/Jan/2026:05:45:46 -0500] "GET /.env.production HTTP/1.1" 302 275 "-" "Mozilla/5.0 (Linux; Android 6.0.1; SM-G550FY Build/MMB29K) AppleWebKit/537.36 (KHTML, like Gecko) Chrome/56.0.2924.87 Mobile Safari/537.36"
78.153.140.151 - - [28/Jan/2026:05:45:47 -0500] "GET /.env.save HTTP/1.1" 302 275 "-" "Opera/9.80 (Windows NT 5.1) Presto/2.12.388 Version/12.13"
78.153.140.151 - - [28/Jan/2026:05:45:47 -0500] "GET /demo/.env HTTP/1.1" 302 275 "-" "Mozilla/5.0 (Windows NT 6.1; WOW64) AppleWebKit/537.36 (KHTML like Gecko) Chrome/30.0.1599.101 Safari/537.36"
78.153.140.151 - - [28/Jan/2026:05:45:48 -0500] "GET /img/.env HTTP/1.1" 302 275 "-" "Mozilla/4.0 (compatible; MSIE 8.0; Windows NT 6.1; Trident/4.0; SLCC2; .NET CLR 2.0.50727; .NET CLR 3.5.30729; .NET CLR 3.0.30729; Media Center PC 6.0; MDDC; BRI/1; .NET4.0C; BRI/2; AskTbX-SD/5.14.1.20007; .NET4.0E)"
78.153.140.151 - - [28/Jan/2026:05:45:48 -0500] "GET /vendor/.env HTTP/1.1" 302 275 "-" "Mozilla/5.0 (Linux; Android 4.4.4; E2124 Build/24.0.B.5.14) AppleWebKit/537.36 (KHTML, like Gecko) Chrome/59.0.3071.125 Mobile Safari/537.36"
78.153.140.151 - - [28/Jan/2026:05:45:49 -0500] "GET /php-info.php HTTP/1.1" 302 275 "-" "Mozilla/5.0 (Macintosh; U; Mac OS X 10_6_1; en-US) AppleWebKit/530.5 (KHTML, like Gecko) Chrome/ Safari/530.5"
78.153.140.151 - - [28/Jan/2026:05:45:49 -0500] "GET /inf/ HTTP/1.1" 302 275 "-" "Mozilla/5.0 (Windows NT 6.2; WOW64) AppleWebKit/537.36 (KHTML, like Gecko) Chrome/49.0.2623.75 Safari/537.36"
78.153.140.151 - - [28/Jan/2026:05:45:49 -0500] "GET /upload/.env HTTP/1.1" 302 275 "-" "Mozilla/5.0 (Linux; Android 7.1.1; SM-N950U Build/NMF26X) AppleWebKit/537.36 (KHTML, like Gecko) Chrome/62.0.3202.84 Mobile Safari/537.36"
78.153.140.151 - - [28/Jan/2026:05:45:50 -0500] "GET /includes/.env HTTP/1.1" 302 275 "-" "Mozilla/5.0 (Windows NT 6.3; WOW64; Trident/7.0; Touch; MASPJS; rv:11.0) like Gecko"
78.153.140.151 - - [28/Jan/2026:05:45:50 -0500] "GET /APPS/.env HTTP/1.1" 302 275 "-" "Mozilla/5.0 (Windows NT 6.1; WOW64) AppleWebKit/537.36 (KHTML, like Gecko) Chrome/43.0.2357.134 Safari/537.36"
78.153.140.151 - - [28/Jan/2026:05:45:51 -0500] "GET /application/.env HTTP/1.1" 302 275 "-" "Mozilla/5.0 (Windows; U; en_US) AppleWebKit/533.19.4 (KHTML, like Gecko) Dreamweaver/12.0.0.5808 Version/5.0.3 Safari/533.19.4"
78.153.140.151 - - [28/Jan/2026:05:45:51 -0500] "GET /.config HTTP/1.1" 302 275 "-" "Mozilla/5.0 (X11; U; Linux; fr; rv:1.9.0.6) Gecko/2009011913 Firefox/3.0.6"
78.153.140.151 - - [28/Jan/2026:05:45:51 -0500] "GET /doc/.env HTTP/1.1" 302 275 "-" "Mozilla/5.0 (iPhone; CPU iPhone OS 10_2 like Mac OS X) AppleWebKit/602.3.12 (KHTML, like Gecko) Version/10.0 Mobile/14C89 Safari/602.1"
78.153.140.151 - - [28/Jan/2026:05:45:52 -0500] "GET /css/.env HTTP/1.1" 302 275 "-" "Mozilla/5.0 (compatible; MSIE 10.0; Windows NT 6.2; Win64; x64; Trident/6.0; MAARJS)"
78.153.140.151 - - [28/Jan/2026:05:45:52 -0500] "GET /framework/.env HTTP/1.1" 302 275 "-" "Mozilla/5.0 (X11; U; Linux i686; en-US; rv:1.8.1.14) Gecko/20080525 Firefox/2.0.0.14"
74.206.190.68 - - [28/Jan/2026:05:50:18 -0500] "GET / HTTP/1.1" 200 26522 "-" "curl/7.29.0"
74.206.190.68 - - [28/Jan/2026:05:55:18 -0500] "GET / HTTP/1.1" 200 26522 "-" "curl/7.29.0"
204.76.203.212 - - [28/Jan/2026:05:56:05 -0500] "GET / HTTP/1.1" 200 26522 "-" "Mozilla/5.0 (Windows NT 10.0; Win64; x64) AppleWebKit/537.36 (KHTML, like Gecko) Chrome/90.0.4430.85 Safari/537.36 Edg/90.0.818.46"
74.206.190.68 - - [28/Jan/2026:06:00:25 -0500] "GET / HTTP/1.1" 200 26522 "-" "curl/7.29.0"
74.206.190.68 - - [28/Jan/2026:06:05:17 -0500] "GET / HTTP/1.1" 200 26522 "-" "curl/7.29.0"
74.206.190.68 - - [28/Jan/2026:06:10:01 -0500] "POST /wp-cron.php?doing_wp_cron=1769598601.2427949905395507812500 HTTP/1.1" 200 - "http://www.hollywooddorm.com/wp-cron.php?doing_wp_cron=1769598601.2427949905395507812500" "WordPress/4.9.16; http://www.hollywooddorm.com"
95.85.238.51 - - [28/Jan/2026:06:10:01 -0500] "GET /wp-login.php HTTP/1.1" 200 2396 "-" "Mozilla/5.0 (Windows NT 6.3; WOW64; Trident/7.0; rv:11.0) like Gecko"
95.85.238.51 - - [28/Jan/2026:06:10:02 -0500] "POST /wp-login.php HTTP/1.1" 200 3388 "-" "Mozilla/5.0 (Windows NT 6.3; WOW64; Trident/7.0; rv:11.0) like Gecko"
74.206.190.68 - - [28/Jan/2026:06:10:17 -0500] "GET / HTTP/1.1" 200 26522 "-" "curl/7.29.0"
74.206.190.68 - - [28/Jan/2026:06:15:19 -0500] "POST /wp-cron.php?doing_wp_cron=1769598919.7051041126251220703125 HTTP/1.1" 200 - "http://www.hollywooddorm.com/wp-cron.php?doing_wp_cron=1769598919.7051041126251220703125" "WordPress/4.9.16; http://www.hollywooddorm.com"
74.206.190.68 - - [28/Jan/2026:06:15:19 -0500] "GET / HTTP/1.1" 200 26522 "-" "curl/7.29.0"
204.76.203.212 - - [28/Jan/2026:06:20:22 -0500] "GET / HTTP/1.1" 200 26522 "-" "Mozilla/5.0 (Windows NT 10.0; Win64; x64) AppleWebKit/537.36 (KHTML, like Gecko) Chrome/90.0.4430.85 Safari/537.36 Edg/90.0.818.46"
74.206.190.68 - - [28/Jan/2026:06:20:27 -0500] "GET / HTTP/1.1" 200 26522 "-" "curl/7.29.0"
204.76.203.6 - - [28/Jan/2026:06:20:53 -0500] "GET /SDK/webLanguage HTTP/1.1" 302 275 "-" "Mozilla/5.0 (Windows NT 10.0; Win64; x64) AppleWebKit/537.36 (KHTML, like Gecko) Chrome/90.0.4430.85 Safari/537.36 Edg/90.0.818.46"
74.206.190.68 - - [28/Jan/2026:06:25:18 -0500] "GET / HTTP/1.1" 200 26522 "-" "curl/7.29.0"
34.22.151.18 - - [28/Jan/2026:06:28:20 -0500] "GET / HTTP/1.1" 200 26522 "-" "python-requests/2.32.5"
74.206.190.68 - - [28/Jan/2026:06:30:19 -0500] "GET / HTTP/1.1" 200 26522 "-" "curl/7.29.0"
152.228.220.143 - - [28/Jan/2026:06:30:59 -0500] "GET /index.php/category/teen-pornstar/feed HTTP/1.1" 200 13285 "-" "Mozilla/5.0 (X11; Linux i686) AppleWebKit/537.36 (KHTML, like Gecko) Chrome/30.0.1599.66 Safari/537.36"
74.206.190.68 - - [28/Jan/2026:06:35:18 -0500] "GET / HTTP/1.1" 200 26522 "-" "curl/7.29.0"
74.206.190.68 - - [28/Jan/2026:06:40:30 -0500] "GET / HTTP/1.1" 200 26522 "-" "curl/7.29.0"
74.206.190.68 - - [28/Jan/2026:06:45:33 -0500] "GET / HTTP/1.1" 200 26522 "-" "curl/7.29.0"
204.76.203.212 - - [28/Jan/2026:06:46:43 -0500] "GET / HTTP/1.1" 200 26522 "-" "Mozilla/5.0 (Windows NT 10.0; Win64; x64) AppleWebKit/537.36 (KHTML, like Gecko) Chrome/90.0.4430.85 Safari/537.36 Edg/90.0.818.46"
77.237.68.140 - - [28/Jan/2026:06:48:59 -0500] "GET / HTTP/1.1" 200 26522 "-" "Go-http-client/1.1"
74.206.190.68 - - [28/Jan/2026:06:50:19 -0500] "GET / HTTP/1.1" 200 26522 "-" "curl/7.29.0"
74.206.190.68 - - [28/Jan/2026:06:55:20 -0500] "GET / HTTP/1.1" 200 26522 "-" "curl/7.29.0"
79.124.40.174 - - [28/Jan/2026:06:55:49 -0500] "GET /actuator/gateway/routes HTTP/1.1" 302 275 "-" "Mozilla/5.0 (Windows NT 10.0; Win64; x64) AppleWebKit/537.36 (KHTML, like Gecko) Chrome/78.0.3904.108 Safari/537.36"
79.124.40.174 - - [28/Jan/2026:06:55:54 -0500] "GET / HTTP/1.1" 200 26522 "http://74.206.190.68:80/actuator/gateway/routes" "Mozilla/5.0 (Windows NT 10.0; Win64; x64) AppleWebKit/537.36 (KHTML, like Gecko) Chrome/78.0.3904.108 Safari/537.36"
74.206.190.68 - - [28/Jan/2026:07:00:28 -0500] "GET / HTTP/1.1" 200 26522 "-" "curl/7.29.0"
74.206.190.68 - - [28/Jan/2026:07:05:19 -0500] "GET / HTTP/1.1" 200 26522 "-" "curl/7.29.0"
204.76.203.212 - - [28/Jan/2026:07:09:00 -0500] "GET / HTTP/1.1" 200 26522 "-" "Mozilla/5.0 (Windows NT 10.0; Win64; x64) AppleWebKit/537.36 (KHTML, like Gecko) Chrome/90.0.4430.85 Safari/537.36 Edg/90.0.818.46"
74.206.190.68 - - [28/Jan/2026:07:10:26 -0500] "GET / HTTP/1.1" 200 26522 "-" "curl/7.29.0"
74.206.190.68 - - [28/Jan/2026:07:15:18 -0500] "POST /wp-cron.php?doing_wp_cron=1769602518.9810750484466552734375 HTTP/1.1" 200 - "http://www.hollywooddorm.com/wp-cron.php?doing_wp_cron=1769602518.9810750484466552734375" "WordPress/4.9.16; http://www.hollywooddorm.com"
74.206.190.68 - - [28/Jan/2026:07:15:18 -0500] "GET / HTTP/1.1" 200 26522 "-" "curl/7.29.0"
74.206.190.68 - - [28/Jan/2026:07:20:30 -0500] "GET / HTTP/1.1" 200 26522 "-" "curl/7.29.0"
74.206.190.68 - - [28/Jan/2026:07:25:16 -0500] "GET / HTTP/1.1" 200 26522 "-" "curl/7.29.0"
74.206.190.68 - - [28/Jan/2026:07:30:17 -0500] "GET / HTTP/1.1" 200 26522 "-" "curl/7.29.0"
204.76.203.212 - - [28/Jan/2026:07:35:12 -0500] "GET / HTTP/1.1" 200 26522 "-" "Mozilla/5.0 (Windows NT 10.0; Win64; x64) AppleWebKit/537.36 (KHTML, like Gecko) Chrome/90.0.4430.85 Safari/537.36 Edg/90.0.818.46"
74.206.190.68 - - [28/Jan/2026:07:35:17 -0500] "GET / HTTP/1.1" 200 26522 "-" "curl/7.29.0"
74.206.190.68 - - [28/Jan/2026:07:40:26 -0500] "GET / HTTP/1.1" 200 26522 "-" "curl/7.29.0"
74.206.190.68 - - [28/Jan/2026:07:45:17 -0500] "GET / HTTP/1.1" 200 26522 "-" "curl/7.29.0"
74.206.190.68 - - [28/Jan/2026:07:50:16 -0500] "GET / HTTP/1.1" 200 26522 "-" "curl/7.29.0"
74.206.190.68 - - [28/Jan/2026:07:55:16 -0500] "GET / HTTP/1.1" 200 26522 "-" "curl/7.29.0"
204.76.203.69 - - [28/Jan/2026:07:56:28 -0500] "GET / HTTP/1.1" 200 26522 "-" "Mozilla/5.0 (Windows NT 10.0; Win64; x64) AppleWebKit/537.36 (KHTML, like Gecko) Chrome/90.0.4430.85 Safari/537.36 Edg/90.0.818.46"
193.142.147.209 - - [28/Jan/2026:08:00:18 -0500] "POST / HTTP/1.1" 200 26522 "-" "Mozilla/5.0 (Windows NT 10.0; Win64; x64) AppleWebKit/537.36"
74.206.190.68 - - [28/Jan/2026:08:00:31 -0500] "GET / HTTP/1.1" 200 26522 "-" "curl/7.29.0"
204.76.203.212 - - [28/Jan/2026:08:03:27 -0500] "GET / HTTP/1.1" 200 26522 "-" "Mozilla/5.0 (Windows NT 10.0; Win64; x64) AppleWebKit/537.36 (KHTML, like Gecko) Chrome/90.0.4430.85 Safari/537.36 Edg/90.0.818.46"
74.206.190.68 - - [28/Jan/2026:08:05:17 -0500] "GET / HTTP/1.1" 200 26522 "-" "curl/7.29.0"
74.206.190.68 - - [28/Jan/2026:08:10:16 -0500] "GET / HTTP/1.1" 200 26522 "-" "curl/7.29.0"
204.76.203.69 - - [28/Jan/2026:08:12:49 -0500] "GET / HTTP/1.1" 200 26522 "-" "-"
74.206.190.68 - - [28/Jan/2026:08:15:22 -0500] "POST /wp-cron.php?doing_wp_cron=1769606122.1344470977783203125000 HTTP/1.1" 200 - "http://www.hollywooddorm.com/wp-cron.php?doing_wp_cron=1769606122.1344470977783203125000" "WordPress/4.9.16; http://www.hollywooddorm.com"
74.206.190.68 - - [28/Jan/2026:08:15:21 -0500] "GET / HTTP/1.1" 200 26522 "-" "curl/7.29.0"
152.228.220.143 - - [28/Jan/2026:08:20:21 -0500] "GET /index.php/teen-pornstar/pornstar-zeina-heart-tube.html/feed HTTP/1.1" 200 929 "-" "Mozilla/5.0 (X11; Linux i686) AppleWebKit/537.36 (KHTML, like Gecko) Chrome/30.0.1599.66 Safari/537.36"
74.206.190.68 - - [28/Jan/2026:08:20:31 -0500] "GET / HTTP/1.1" 200 26522 "-" "curl/7.29.0"
74.206.190.68 - - [28/Jan/2026:08:25:18 -0500] "GET / HTTP/1.1" 200 26522 "-" "curl/7.29.0"
204.76.203.212 - - [28/Jan/2026:08:28:04 -0500] "GET / HTTP/1.1" 200 26522 "-" "Mozilla/5.0 (Windows NT 10.0; Win64; x64) AppleWebKit/537.36 (KHTML, like Gecko) Chrome/90.0.4430.85 Safari/537.36 Edg/90.0.818.46"
74.206.190.68 - - [28/Jan/2026:08:30:18 -0500] "GET / HTTP/1.1" 200 26522 "-" "curl/7.29.0"
46.23.108.183 - - [28/Jan/2026:08:33:48 -0500] "GET / HTTP/1.1" 200 26522 "-" "Mozilla/5.0"
74.206.190.68 - - [28/Jan/2026:08:35:15 -0500] "GET / HTTP/1.1" 200 26522 "-" "curl/7.29.0"
45.194.70.253 - - [28/Jan/2026:08:39:19 -0500] "GET / HTTP/1.1" 200 26522 "-" "curl/7.29.0"
45.194.70.253 - - [28/Jan/2026:08:39:36 -0500] "GET / HTTP/1.1" 200 26522 "-" "Mozilla/5.0 (Macintosh; Intel Mac OS X 8_0) AppleWebKit/592.45 (KHTML, like Gecko) Chrome/106.0.2367 Safari/537.36"
45.194.70.253 - - [28/Jan/2026:08:39:42 -0500] "GET /robots.txt HTTP/1.1" 200 29 "-" "Go-http-client/1.1"
204.76.203.18 - - [28/Jan/2026:08:39:52 -0500] "GET / HTTP/1.1" 200 26522 "-" "-"
204.76.203.18 - - [28/Jan/2026:08:39:56 -0500] "GET / HTTP/1.1" 200 26522 "-" "-"
204.76.203.18 - - [28/Jan/2026:08:39:59 -0500] "GET / HTTP/1.1" 200 26522 "-" "-"
204.76.203.18 - - [28/Jan/2026:08:40:02 -0500] "GET / HTTP/1.1" 200 26522 "-" "-"
204.76.203.18 - - [28/Jan/2026:08:40:05 -0500] "GET / HTTP/1.1" 200 26522 "-" "-"
74.206.190.68 - - [28/Jan/2026:08:40:25 -0500] "GET / HTTP/1.1" 200 26522 "-" "curl/7.29.0"
74.206.190.68 - - [28/Jan/2026:08:45:17 -0500] "GET / HTTP/1.1" 200 26522 "-" "curl/7.29.0"
216.180.246.186 - - [28/Jan/2026:08:47:53 -0500] "GET / HTTP/1.1" 200 26522 "-" "'Mozilla/5.0 (compatible; GenomeCrawlerd/1.0; +https://www.nokia.com/genomecrawler)'"
216.180.246.186 - - [28/Jan/2026:08:48:14 -0500] "GET / HTTP/1.1" 200 26522 "-" "'Mozilla/5.0 (compatible; GenomeCrawlerd/1.0; +https://www.nokia.com/genomecrawler)'"
74.206.190.68 - - [28/Jan/2026:08:50:18 -0500] "GET / HTTP/1.1" 200 26522 "-" "curl/7.29.0"
204.76.203.212 - - [28/Jan/2026:08:51:54 -0500] "GET / HTTP/1.1" 200 26522 "-" "Mozilla/5.0 (Windows NT 10.0; Win64; x64) AppleWebKit/537.36 (KHTML, like Gecko) Chrome/90.0.4430.85 Safari/537.36 Edg/90.0.818.46"
74.206.190.68 - - [28/Jan/2026:08:55:16 -0500] "GET / HTTP/1.1" 200 26522 "-" "curl/7.29.0"
155.2.191.196 - - [28/Jan/2026:08:57:17 -0500] "GET /.env HTTP/1.1" 302 275 "-" "Mozilla/5.0 (X11; Linux x86_64) AppleWebKit/537.36 (KHTML, like Gecko) Chrome/81.0.4044.129 Safari/537.36"
155.2.191.196 - - [28/Jan/2026:08:57:17 -0500] "POST / HTTP/1.1" 200 26522 "-" "Mozilla/5.0 (X11; Linux x86_64) AppleWebKit/537.36 (KHTML, like Gecko) Chrome/81.0.4044.129 Safari/537.36"
155.2.191.196 - - [28/Jan/2026:08:57:19 -0500] "GET /sendgrid/.env HTTP/1.1" 302 275 "-" "Mozilla/5.0 (X11; Linux x86_64) AppleWebKit/537.36 (KHTML, like Gecko) Chrome/81.0.4044.129 Safari/537.36"
155.2.191.196 - - [28/Jan/2026:08:57:19 -0500] "POST / HTTP/1.1" 200 26522 "-" "Mozilla/5.0 (X11; Linux x86_64) AppleWebKit/537.36 (KHTML, like Gecko) Chrome/81.0.4044.129 Safari/537.36"
155.2.191.196 - - [28/Jan/2026:08:57:21 -0500] "GET /.env HTTP/1.1" 302 275 "-" "Mozlila/5.0 (Linux; Android 7.0; SM-G892A Bulid/NRD90M; wv) AppleWebKit/537.36 (KHTML, like Gecko) Version/4.0 Chrome/60.0.3112.107 Moblie Safari/537.36"
155.2.191.196 - - [28/Jan/2026:08:57:32 -0500] "GET / HTTP/1.1" 200 26522 "-" "Mozlila/5.0 (Linux; Android 7.0; SM-G892A Bulid/NRD90M; wv) AppleWebKit/537.36 (KHTML, like Gecko) Version/4.0 Chrome/60.0.3112.107 Moblie Safari/537.36"
74.206.190.68 - - [28/Jan/2026:09:00:27 -0500] "GET / HTTP/1.1" 200 26522 "-" "curl/7.29.0"
74.206.190.68 - - [28/Jan/2026:09:05:17 -0500] "GET / HTTP/1.1" 200 26522 "-" "curl/7.29.0"
74.206.190.68 - - [28/Jan/2026:09:10:15 -0500] "GET / HTTP/1.1" 200 26522 "-" "curl/7.29.0"
91.224.92.115 - - [28/Jan/2026:09:12:21 -0500] "GET /cgi-bin/luci/;stok=/locale HTTP/1.1" 302 275 "-" "-"
91.224.92.115 - - [28/Jan/2026:09:12:32 -0500] "GET / HTTP/1.1" 200 26522 "http://74.206.190.68:80/cgi-bin/luci/;stok=/locale" "-"
74.206.190.68 - - [28/Jan/2026:09:15:00 -0500] "POST /wp-cron.php?doing_wp_cron=1769609699.9996581077575683593750 HTTP/1.1" 200 - "http://www.hollywooddorm.com/wp-cron.php?doing_wp_cron=1769609699.9996581077575683593750" "WordPress/4.9.16; http://www.hollywooddorm.com"
83.217.208.83 - - [28/Jan/2026:09:14:59 -0500] "GET /wp-login.php HTTP/1.1" 200 2396 "-" "Mozilla/5.0 (Macintosh; Intel Mac OS X 10_9_4) AppleWebKit/537.36 (KHTML, like Gecko) Chrome/35.0.1916.153 Safari/537.36"
83.217.208.83 - - [28/Jan/2026:09:15:00 -0500] "POST /wp-login.php HTTP/1.1" 200 3388 "-" "Mozilla/5.0 (Macintosh; Intel Mac OS X 10_9_4) AppleWebKit/537.36 (KHTML, like Gecko) Chrome/35.0.1916.153 Safari/537.36"
74.206.190.68 - - [28/Jan/2026:09:15:16 -0500] "GET / HTTP/1.1" 200 26522 "-" "curl/7.29.0"
204.76.203.212 - - [28/Jan/2026:09:18:39 -0500] "GET / HTTP/1.1" 200 26522 "-" "Mozilla/5.0 (Windows NT 10.0; Win64; x64) AppleWebKit/537.36 (KHTML, like Gecko) Chrome/90.0.4430.85 Safari/537.36 Edg/90.0.818.46"
74.206.190.68 - - [28/Jan/2026:09:20:29 -0500] "GET / HTTP/1.1" 200 26522 "-" "curl/7.29.0"
66.249.72.37 - - [28/Jan/2026:09:22:39 -0500] "GET /robots.txt HTTP/1.1" 200 29 "-" "Mozilla/5.0 (compatible; Googlebot/2.1; +http://www.google.com/bot.html)"
74.206.190.68 - - [28/Jan/2026:09:25:17 -0500] "GET / HTTP/1.1" 200 26522 "-" "curl/7.29.0"
74.206.190.68 - - [28/Jan/2026:09:30:17 -0500] "GET / HTTP/1.1" 200 26522 "-" "curl/7.29.0"
74.206.190.68 - - [28/Jan/2026:09:35:18 -0500] "GET / HTTP/1.1" 200 26522 "-" "curl/7.29.0"
74.206.190.68 - - [28/Jan/2026:09:40:28 -0500] "GET / HTTP/1.1" 200 26522 "-" "curl/7.29.0"
204.76.203.212 - - [28/Jan/2026:09:43:09 -0500] "GET / HTTP/1.1" 200 26522 "-" "Mozilla/5.0 (Windows NT 10.0; Win64; x64) AppleWebKit/537.36 (KHTML, like Gecko) Chrome/90.0.4430.85 Safari/537.36 Edg/90.0.818.46"
74.206.190.68 - - [28/Jan/2026:09:45:16 -0500] "GET / HTTP/1.1" 200 26522 "-" "curl/7.29.0"
74.206.190.68 - - [28/Jan/2026:09:50:20 -0500] "GET / HTTP/1.1" 200 26522 "-" "curl/7.29.0"
109.105.210.105 - - [28/Jan/2026:09:52:28 -0500] "GET / HTTP/1.1" 200 26522 "-" "Mozilla/5.0 (Windows NT 10.0; Win64; x64) AppleWebKit/537.36 (KHTML, like Gecko) Chrome/60.0.3112.113 Safari/537.36"
74.206.190.68 - - [28/Jan/2026:09:55:17 -0500] "GET / HTTP/1.1" 200 26522 "-" "curl/7.29.0"
74.206.190.68 - - [28/Jan/2026:10:00:28 -0500] "GET / HTTP/1.1" 200 26522 "-" "curl/7.29.0"
74.206.190.68 - - [28/Jan/2026:10:05:17 -0500] "GET / HTTP/1.1" 200 26522 "-" "curl/7.29.0"
204.76.203.212 - - [28/Jan/2026:10:07:21 -0500] "GET / HTTP/1.1" 200 26522 "-" "Mozilla/5.0 (Windows NT 10.0; Win64; x64) AppleWebKit/537.36 (KHTML, like Gecko) Chrome/90.0.4430.85 Safari/537.36 Edg/90.0.818.46"
74.206.190.68 - - [28/Jan/2026:10:10:16 -0500] "GET / HTTP/1.1" 200 26522 "-" "curl/7.29.0"
74.206.190.68 - - [28/Jan/2026:10:15:17 -0500] "POST /wp-cron.php?doing_wp_cron=1769613317.8981559276580810546875 HTTP/1.1" 200 - "http://www.hollywooddorm.com/wp-cron.php?doing_wp_cron=1769613317.8981559276580810546875" "WordPress/4.9.16; http://www.hollywooddorm.com"
74.206.190.68 - - [28/Jan/2026:10:15:17 -0500] "GET / HTTP/1.1" 200 26522 "-" "curl/7.29.0"
74.206.190.68 - - [28/Jan/2026:10:20:25 -0500] "GET / HTTP/1.1" 200 26522 "-" "curl/7.29.0"
74.206.190.68 - - [28/Jan/2026:10:25:20 -0500] "GET / HTTP/1.1" 200 26522 "-" "curl/7.29.0"
5.61.209.92 - - [28/Jan/2026:10:25:36 -0500] "GET /SDK/webLanguage HTTP/1.1" 302 275 "-" "Mozilla/5.0 (Windows NT 10.0; Win64; x64) AppleWebKit/537.36 (KHTML, like Gecko) Chrome/90.0.4430.85 Safari/537.36 Edg/90.0.818.46"
74.206.190.68 - - [28/Jan/2026:10:30:15 -0500] "GET / HTTP/1.1" 200 26522 "-" "curl/7.29.0"
193.142.147.209 - - [28/Jan/2026:10:31:47 -0500] "POST / HTTP/1.1" 200 26522 "-" "Mozilla/5.0 (Windows NT 10.0; Win64; x64) AppleWebKit/537.36"
204.76.203.212 - - [28/Jan/2026:10:32:44 -0500] "GET / HTTP/1.1" 200 26522 "-" "Mozilla/5.0 (Windows NT 10.0; Win64; x64) AppleWebKit/537.36 (KHTML, like Gecko) Chrome/90.0.4430.85 Safari/537.36 Edg/90.0.818.46"
74.206.190.68 - - [28/Jan/2026:10:35:16 -0500] "GET / HTTP/1.1" 200 26522 "-" "curl/7.29.0"
212.112.19.110 - - [28/Jan/2026:10:36:07 -0500] "GET / HTTP/1.1" 301 - "http://hollywooddorm.com/" "Mozilla/5.0 (Windows NT 6.1; WOW64) AppleWebKit/537.36 (KHTML, like Gecko) Chrome/103.0.0.0 Safari/537.36"
212.112.19.110 - - [28/Jan/2026:10:36:08 -0500] "GET / HTTP/1.1" 200 26522 "http://www.hollywooddorm.com/" "Mozilla/5.0 (Windows NT 6.1; WOW64) AppleWebKit/537.36 (KHTML, like Gecko) Chrome/103.0.0.0 Safari/537.36"
43.157.50.58 - - [28/Jan/2026:10:37:27 -0500] "GET / HTTP/1.1" 200 26522 "-" "Mozilla/5.0 (iPhone; CPU iPhone OS 13_2_3 like Mac OS X) AppleWebKit/605.1.15 (KHTML, like Gecko) Version/13.0.3 Mobile/15E148 Safari/604.1"
74.206.190.68 - - [28/Jan/2026:10:40:26 -0500] "GET / HTTP/1.1" 200 26522 "-" "curl/7.29.0"
74.206.190.68 - - [28/Jan/2026:10:45:16 -0500] "GET / HTTP/1.1" 200 26522 "-" "curl/7.29.0"
74.206.190.68 - - [28/Jan/2026:10:50:15 -0500] "GET / HTTP/1.1" 200 26522 "-" "curl/7.29.0"
74.206.190.68 - - [28/Jan/2026:10:55:16 -0500] "GET / HTTP/1.1" 200 26522 "-" "curl/7.29.0"
204.76.203.212 - - [28/Jan/2026:10:58:03 -0500] "GET / HTTP/1.1" 200 26522 "-" "Mozilla/5.0 (Windows NT 10.0; Win64; x64) AppleWebKit/537.36 (KHTML, like Gecko) Chrome/90.0.4430.85 Safari/537.36 Edg/90.0.818.46"
74.206.190.68 - - [28/Jan/2026:11:00:26 -0500] "GET / HTTP/1.1" 200 26522 "-" "curl/7.29.0"
74.206.190.68 - - [28/Jan/2026:11:00:27 -0500] "POST /wp-cron.php?doing_wp_cron=1769616026.7650010585784912109375 HTTP/1.1" 200 - "http://www.hollywooddorm.com/wp-cron.php?doing_wp_cron=1769616026.7650010585784912109375" "WordPress/4.9.16; http://www.hollywooddorm.com"
74.206.190.68 - - [28/Jan/2026:11:05:17 -0500] "GET / HTTP/1.1" 200 26522 "-" "curl/7.29.0"
89.42.231.186 - - [28/Jan/2026:11:05:38 -0500] "GET / HTTP/1.1" 200 26522 "-" "Mozilla/5.0"
89.42.231.186 - - [28/Jan/2026:11:05:48 -0500] "GET /admin/login.asp HTTP/1.1" 302 275 "-" "Mozilla/5.0"
74.206.190.68 - - [28/Jan/2026:11:10:16 -0500] "GET / HTTP/1.1" 200 26522 "-" "curl/7.29.0"
74.206.190.68 - - [28/Jan/2026:11:15:21 -0500] "POST /wp-cron.php?doing_wp_cron=1769616921.7890529632568359375000 HTTP/1.1" 200 - "http://www.hollywooddorm.com/wp-cron.php?doing_wp_cron=1769616921.7890529632568359375000" "WordPress/4.9.16; http://www.hollywooddorm.com"
74.206.190.68 - - [28/Jan/2026:11:15:21 -0500] "GET / HTTP/1.1" 200 26522 "-" "curl/7.29.0"
74.206.190.68 - - [28/Jan/2026:11:20:37 -0500] "GET / HTTP/1.1" 200 26522 "-" "curl/7.29.0"
204.76.203.212 - - [28/Jan/2026:11:23:17 -0500] "GET / HTTP/1.1" 200 26522 "-" "Mozilla/5.0 (Windows NT 10.0; Win64; x64) AppleWebKit/537.36 (KHTML, like Gecko) Chrome/90.0.4430.85 Safari/537.36 Edg/90.0.818.46"
107.173.171.201 - - [28/Jan/2026:11:23:33 -0500] "GET / HTTP/1.1" 301 - "-" "Mozilla/5.0 (Macintosh; Intel Mac OS X 15_7_3) AppleWebKit/605.1.15 (KHTML, like Gecko) Version/26.0 Safari/605.1.15"
74.206.190.68 - - [28/Jan/2026:11:25:17 -0500] "GET / HTTP/1.1" 200 26522 "-" "curl/7.29.0"
204.76.203.18 - - [28/Jan/2026:11:26:24 -0500] "GET /bins/ HTTP/1.1" 302 275 "-" "-"
43.157.170.126 - - [28/Jan/2026:11:27:19 -0500] "GET / HTTP/1.1" 200 26522 "-" "Mozilla/5.0 (iPhone; CPU iPhone OS 13_2_3 like Mac OS X) AppleWebKit/605.1.15 (KHTML, like Gecko) Version/13.0.3 Mobile/15E148 Safari/604.1"
74.206.190.68 - - [28/Jan/2026:11:30:19 -0500] "GET / HTTP/1.1" 200 26522 "-" "curl/7.29.0"
74.206.190.68 - - [28/Jan/2026:11:35:18 -0500] "GET / HTTP/1.1" 200 26522 "-" "curl/7.29.0"
43.159.128.155 - - [28/Jan/2026:11:39:43 -0500] "GET / HTTP/1.1" 200 26522 "-" "Mozilla/5.0 (iPhone; CPU iPhone OS 13_2_3 like Mac OS X) AppleWebKit/605.1.15 (KHTML, like Gecko) Version/13.0.3 Mobile/15E148 Safari/604.1"
74.206.190.68 - - [28/Jan/2026:11:40:28 -0500] "GET / HTTP/1.1" 200 26522 "-" "curl/7.29.0"
74.206.190.68 - - [28/Jan/2026:11:45:17 -0500] "GET / HTTP/1.1" 200 26522 "-" "curl/7.29.0"
204.76.203.212 - - [28/Jan/2026:11:48:52 -0500] "GET / HTTP/1.1" 200 26522 "-" "Mozilla/5.0 (Windows NT 10.0; Win64; x64) AppleWebKit/537.36 (KHTML, like Gecko) Chrome/90.0.4430.85 Safari/537.36 Edg/90.0.818.46"
74.206.190.68 - - [28/Jan/2026:11:50:17 -0500] "GET / HTTP/1.1" 200 26522 "-" "curl/7.29.0"
204.76.203.18 - - [28/Jan/2026:11:55:10 -0500] "GET /bin/ HTTP/1.1" 302 275 "-" "-"
74.206.190.68 - - [28/Jan/2026:11:55:16 -0500] "GET / HTTP/1.1" 200 26522 "-" "curl/7.29.0"
43.173.1.69 - - [28/Jan/2026:11:55:58 -0500] "GET / HTTP/1.1" 301 - "-" "Mozilla/5.0 (iPhone; CPU iPhone OS 13_2_3 like Mac OS X) AppleWebKit/605.1.15 (KHTML, like Gecko) Version/13.0.3 Mobile/15E148 Safari/604.1"
43.173.1.69 - - [28/Jan/2026:11:56:00 -0500] "GET / HTTP/1.1" 200 26522 "http://hollywooddorm.com" "Mozilla/5.0 (iPhone; CPU iPhone OS 13_2_3 like Mac OS X) AppleWebKit/605.1.15 (KHTML, like Gecko) Version/13.0.3 Mobile/15E148 Safari/604.1"
114.119.131.210 - - [28/Jan/2026:11:57:58 -0500] "GET /index.php/page/1 HTTP/1.1" 200 26522 "http://www.hollywooddorm.com/index.php/page/2" "Mozilla/5.0 (Linux; Android 7.0;) AppleWebKit/537.36 (KHTML, like Gecko) Mobile Safari/537.36 (compatible; PetalBot;+https://webmaster.petalsearch.com/site/petalbot)"
74.206.190.68 - - [28/Jan/2026:12:00:29 -0500] "GET / HTTP/1.1" 200 26522 "-" "curl/7.29.0"
4.210.23.209 - - [28/Jan/2026:12:05:18 -0500] "GET /index.php/feed HTTP/1.1" 200 15826 "-" "Mozilla/5.0 (Macintosh; Intel Mac OS X 10.15; rv:92.0) Gecko/20100101 Firefox/92.0"
74.206.190.68 - - [28/Jan/2026:12:05:18 -0500] "GET / HTTP/1.1" 200 26522 "-" "curl/7.29.0"
74.206.190.68 - - [28/Jan/2026:12:10:15 -0500] "GET / HTTP/1.1" 200 26522 "-" "curl/7.29.0"
43.166.128.86 - - [28/Jan/2026:12:12:38 -0500] "GET /index.php/category/blonde-pornstar HTTP/1.1" 200 21760 "-" "Mozilla/5.0 (iPhone; CPU iPhone OS 13_2_3 like Mac OS X) AppleWebKit/605.1.15 (KHTML, like Gecko) Version/13.0.3 Mobile/15E148 Safari/604.1"
74.206.190.68 - - [28/Jan/2026:12:14:39 -0500] "POST /wp-cron.php?doing_wp_cron=1769620479.8049049377441406250000 HTTP/1.1" 200 - "http://www.hollywooddorm.com/wp-cron.php?doing_wp_cron=1769620479.8049049377441406250000" "WordPress/4.9.16; http://www.hollywooddorm.com"
204.76.203.212 - - [28/Jan/2026:12:14:39 -0500] "GET / HTTP/1.1" 200 26522 "-" "Mozilla/5.0 (Windows NT 10.0; Win64; x64) AppleWebKit/537.36 (KHTML, like Gecko) Chrome/90.0.4430.85 Safari/537.36 Edg/90.0.818.46"
74.206.190.68 - - [28/Jan/2026:12:15:16 -0500] "GET / HTTP/1.1" 200 26522 "-" "curl/7.29.0"
74.206.190.68 - - [28/Jan/2026:12:20:23 -0500] "GET / HTTP/1.1" 200 26522 "-" "curl/7.29.0"
43.130.53.252 - - [28/Jan/2026:12:21:47 -0500] "GET /index.php/big-tits-pornstar/big-tits-latina-with-thicc-ass.html HTTP/1.1" 200 21859 "-" "Mozilla/5.0 (iPhone; CPU iPhone OS 13_2_3 like Mac OS X) AppleWebKit/605.1.15 (KHTML, like Gecko) Version/13.0.3 Mobile/15E148 Safari/604.1"
74.206.190.68 - - [28/Jan/2026:12:25:17 -0500] "GET / HTTP/1.1" 200 26522 "-" "curl/7.29.0"
43.153.104.196 - - [28/Jan/2026:12:28:30 -0500] "GET /index.php/brunette-pornstar/day-with-a-pornstar.html HTTP/1.1" 200 24032 "-" "Mozilla/5.0 (iPhone; CPU iPhone OS 13_2_3 like Mac OS X) AppleWebKit/605.1.15 (KHTML, like Gecko) Version/13.0.3 Mobile/15E148 Safari/604.1"
74.206.190.68 - - [28/Jan/2026:12:30:17 -0500] "GET / HTTP/1.1" 200 26522 "-" "curl/7.29.0"
93.174.93.12 - - [28/Jan/2026:12:34:15 -0500] "GET / HTTP/1.1" 200 26522 "-" "Mozilla/5.0 (Windows; U; Windows NT 5.1; en-US; BOLT/2.800) AppleWebKit/534.6 (KHTML, like Gecko) Version/5.0 Safari/534.6.3"
44.204.29.60 - - [28/Jan/2026:12:34:24 -0500] "GET / HTTP/1.1" 200 26522 "-" "Mozilla/5.0 (Windows NT 10.0; Win64; x64) AppleWebKit/537.36 (KHTML, like Gecko) Chrome/136.0.0.0 Safari/537.36"
74.206.190.68 - - [28/Jan/2026:12:35:16 -0500] "GET / HTTP/1.1" 200 26522 "-" "curl/7.29.0"
193.142.147.209 - - [28/Jan/2026:12:39:16 -0500] "POST / HTTP/1.1" 200 26522 "-" "Mozilla/5.0 (Windows NT 10.0; Win64; x64) AppleWebKit/537.36"
204.76.203.212 - - [28/Jan/2026:12:40:13 -0500] "GET / HTTP/1.1" 200 26522 "-" "Mozilla/5.0 (Windows NT 10.0; Win64; x64) AppleWebKit/537.36 (KHTML, like Gecko) Chrome/90.0.4430.85 Safari/537.36 Edg/90.0.818.46"
74.206.190.68 - - [28/Jan/2026:12:40:26 -0500] "GET / HTTP/1.1" 200 26522 "-" "curl/7.29.0"
170.106.180.153 - - [28/Jan/2026:12:41:37 -0500] "GET /index.php/blonde-pornstar/bad-ass-blonde-pornstar.html HTTP/1.1" 200 24108 "-" "Mozilla/5.0 (iPhone; CPU iPhone OS 13_2_3 like Mac OS X) AppleWebKit/605.1.15 (KHTML, like Gecko) Version/13.0.3 Mobile/15E148 Safari/604.1"
74.206.190.68 - - [28/Jan/2026:12:45:15 -0500] "GET / HTTP/1.1" 200 26522 "-" "curl/7.29.0"
74.206.190.68 - - [28/Jan/2026:12:50:17 -0500] "GET / HTTP/1.1" 200 26522 "-" "curl/7.29.0"
43.157.82.252 - - [28/Jan/2026:12:51:23 -0500] "GET /index.php/blonde-pornstar/pornstar-in-hollywood.html HTTP/1.1" 200 24026 "-" "Mozilla/5.0 (iPhone; CPU iPhone OS 13_2_3 like Mac OS X) AppleWebKit/605.1.15 (KHTML, like Gecko) Version/13.0.3 Mobile/15E148 Safari/604.1"
74.206.190.68 - - [28/Jan/2026:12:55:18 -0500] "GET / HTTP/1.1" 200 26522 "-" "curl/7.29.0"
74.206.190.68 - - [28/Jan/2026:13:00:43 -0500] "GET / HTTP/1.1" 200 26522 "-" "curl/7.29.0"
74.206.190.68 - - [28/Jan/2026:13:05:17 -0500] "GET / HTTP/1.1" 200 26522 "-" "curl/7.29.0"
204.76.203.212 - - [28/Jan/2026:13:05:39 -0500] "GET / HTTP/1.1" 200 26522 "-" "Mozilla/5.0 (Windows NT 10.0; Win64; x64) AppleWebKit/537.36 (KHTML, like Gecko) Chrome/90.0.4430.85 Safari/537.36 Edg/90.0.818.46"
74.206.190.68 - - [28/Jan/2026:13:10:16 -0500] "GET / HTTP/1.1" 200 26522 "-" "curl/7.29.0"
74.206.190.68 - - [28/Jan/2026:13:13:25 -0500] "POST /wp-cron.php?doing_wp_cron=1769624005.9627089500427246093750 HTTP/1.1" 200 - "http://www.hollywooddorm.com/wp-cron.php?doing_wp_cron=1769624005.9627089500427246093750" "WordPress/4.9.16; http://www.hollywooddorm.com"
43.130.26.3 - - [28/Jan/2026:13:13:25 -0500] "GET /index.php/blonde-pornstar/blonde-pornstar.html HTTP/1.1" 200 23803 "-" "Mozilla/5.0 (iPhone; CPU iPhone OS 13_2_3 like Mac OS X) AppleWebKit/605.1.15 (KHTML, like Gecko) Version/13.0.3 Mobile/15E148 Safari/604.1"
74.206.190.68 - - [28/Jan/2026:13:15:16 -0500] "GET / HTTP/1.1" 200 26522 "-" "curl/7.29.0"
74.206.190.68 - - [28/Jan/2026:13:20:25 -0500] "GET / HTTP/1.1" 200 26522 "-" "curl/7.29.0"
114.119.131.210 - - [28/Jan/2026:13:20:54 -0500] "GET /index.php/blonde-pornstar/gina-lynn.html HTTP/1.1" 200 23771 "http://www.hollywooddorm.com/index.php/category/blonde-pornstar" "Mozilla/5.0 (Linux; Android 7.0;) AppleWebKit/537.36 (KHTML, like Gecko) Mobile Safari/537.36 (compatible; PetalBot;+https://webmaster.petalsearch.com/site/petalbot)"
43.165.67.57 - - [28/Jan/2026:13:22:14 -0500] "GET /index.php/wp-json/oembed/1.0/embed?url=http%3A%2F%2Fwww.hollywooddorm.com%2Findex.php%2Fbig-tits-pornstar%2Fbig-tits-latina-with-thicc-ass.html&format=xml HTTP/1.1" 200 2571 "-" "Mozilla/5.0 (iPhone; CPU iPhone OS 13_2_3 like Mac OS X) AppleWebKit/605.1.15 (KHTML, like Gecko) Version/13.0.3 Mobile/15E148 Safari/604.1"
74.206.190.68 - - [28/Jan/2026:13:25:16 -0500] "GET / HTTP/1.1" 200 26522 "-" "curl/7.29.0"
49.51.195.195 - - [28/Jan/2026:13:28:48 -0500] "GET /index.php/tag/pornstar-teen HTTP/1.1" 200 26373 "-" "Mozilla/5.0 (iPhone; CPU iPhone OS 13_2_3 like Mac OS X) AppleWebKit/605.1.15 (KHTML, like Gecko) Version/13.0.3 Mobile/15E148 Safari/604.1"
74.206.190.68 - - [28/Jan/2026:13:30:16 -0500] "GET / HTTP/1.1" 200 26522 "-" "curl/7.29.0"
204.76.203.212 - - [28/Jan/2026:13:33:30 -0500] "GET / HTTP/1.1" 200 26522 "-" "Mozilla/5.0 (Windows NT 10.0; Win64; x64) AppleWebKit/537.36 (KHTML, like Gecko) Chrome/90.0.4430.85 Safari/537.36 Edg/90.0.818.46"
74.206.190.68 - - [28/Jan/2026:13:35:16 -0500] "GET / HTTP/1.1" 200 26522 "-" "curl/7.29.0"
172.212.224.104 - - [28/Jan/2026:13:40:20 -0500] "GET /hudson HTTP/1.1" 302 275 "-" "Mozilla/5.0 zgrab/0.x"
74.206.190.68 - - [28/Jan/2026:13:40:27 -0500] "GET / HTTP/1.1" 200 26522 "-" "curl/7.29.0"
43.135.135.57 - - [28/Jan/2026:13:41:27 -0500] "GET /index.php/wp-json/oembed/1.0/embed?url=http%3A%2F%2Fwww.hollywooddorm.com%2Findex.php%2Fblonde-pornstar%2Fbad-ass-blonde-pornstar.html&format=xml HTTP/1.1" 200 2490 "-" "Mozilla/5.0 (iPhone; CPU iPhone OS 13_2_3 like Mac OS X) AppleWebKit/605.1.15 (KHTML, like Gecko) Version/13.0.3 Mobile/15E148 Safari/604.1"
74.206.190.68 - - [28/Jan/2026:13:45:18 -0500] "GET / HTTP/1.1" 200 26522 "-" "curl/7.29.0"
74.206.190.68 - - [28/Jan/2026:13:50:16 -0500] "GET / HTTP/1.1" 200 26522 "-" "curl/7.29.0"
43.166.246.180 - - [28/Jan/2026:13:51:39 -0500] "GET /index.php/wp-json/oembed/1.0/embed?url=http%3A%2F%2Fwww.hollywooddorm.com%2Findex.php%2Fblonde-pornstar%2Fpornstar-in-hollywood.html&format=xml HTTP/1.1" 200 2480 "-" "Mozilla/5.0 (iPhone; CPU iPhone OS 13_2_3 like Mac OS X) AppleWebKit/605.1.15 (KHTML, like Gecko) Version/13.0.3 Mobile/15E148 Safari/604.1"
74.206.190.68 - - [28/Jan/2026:13:55:18 -0500] "GET / HTTP/1.1" 200 26522 "-" "curl/7.29.0"
74.206.190.68 - - [28/Jan/2026:14:00:29 -0500] "GET / HTTP/1.1" 200 26522 "-" "curl/7.29.0"
74.206.190.68 - - [28/Jan/2026:14:05:19 -0500] "GET / HTTP/1.1" 200 26522 "-" "curl/7.29.0"
74.206.190.68 - - [28/Jan/2026:14:10:18 -0500] "GET / HTTP/1.1" 200 26522 "-" "curl/7.29.0"
43.130.3.122 - - [28/Jan/2026:14:10:51 -0500] "GET /index.php/tag/pornstar-tube HTTP/1.1" 200 26096 "-" "Mozilla/5.0 (iPhone; CPU iPhone OS 13_2_3 like Mac OS X) AppleWebKit/605.1.15 (KHTML, like Gecko) Version/13.0.3 Mobile/15E148 Safari/604.1"
74.206.190.68 - - [28/Jan/2026:14:15:17 -0500] "POST /wp-cron.php?doing_wp_cron=1769627717.8772559165954589843750 HTTP/1.1" 200 - "http://www.hollywooddorm.com/wp-cron.php?doing_wp_cron=1769627717.8772559165954589843750" "WordPress/4.9.16; http://www.hollywooddorm.com"
74.206.190.68 - - [28/Jan/2026:14:15:17 -0500] "GET / HTTP/1.1" 200 26522 "-" "curl/7.29.0"
34.75.147.157 - - [28/Jan/2026:14:20:00 -0500] "HEAD /wp/ HTTP/1.1" 302 - "-" "Mozilla/5.0 (Windows NT 11.0; Win64; x64) AppleWebKit/537.36 (KHTML, like Gecko) Edg/128.0.2790.25 Chrome/128.0.6540.22 Safari/537.36"
34.75.147.157 - - [28/Jan/2026:14:20:00 -0500] "HEAD / HTTP/1.1" 200 - "http://hollywooddorm.com/wp/" "Mozilla/5.0 (Windows NT 11.0; Win64; x64) AppleWebKit/537.36 (KHTML, like Gecko) Edg/128.0.2790.25 Chrome/128.0.6540.22 Safari/537.36"
34.75.147.157 - - [28/Jan/2026:14:20:00 -0500] "HEAD /new/ HTTP/1.1" 302 - "-" "Mozilla/5.0 (iPhone; CPU iPhone OS 17_5 like Mac OS X) AppleWebKit/605.1.15 (KHTML, like Gecko) Version/17.5 Mobile/15E148 Safari/604.1"
34.75.147.157 - - [28/Jan/2026:14:20:00 -0500] "HEAD / HTTP/1.1" 200 - "http://hollywooddorm.com/new/" "Mozilla/5.0 (iPhone; CPU iPhone OS 17_5 like Mac OS X) AppleWebKit/605.1.15 (KHTML, like Gecko) Version/17.5 Mobile/15E148 Safari/604.1"
34.75.147.157 - - [28/Jan/2026:14:20:00 -0500] "HEAD /backup/ HTTP/1.1" 302 - "-" "Mozilla/5.0 (Macintosh; Intel Mac OS X 13_5) AppleWebKit/605.1.15 (KHTML, like Gecko) Version/16.5 Safari/605.1.15"
34.75.147.157 - - [28/Jan/2026:14:20:00 -0500] "HEAD / HTTP/1.1" 200 - "http://hollywooddorm.com/backup/" "Mozilla/5.0 (Macintosh; Intel Mac OS X 13_5) AppleWebKit/605.1.15 (KHTML, like Gecko) Version/16.5 Safari/605.1.15"
34.75.147.157 - - [28/Jan/2026:14:20:00 -0500] "HEAD /wordpress/ HTTP/1.1" 302 - "-" "Mozilla/5.0 (Linux; Android 14; SM-A146P) AppleWebKit/537.36 (KHTML, like Gecko) SamsungBrowser/25.0 Chrome/123.0.6312.120 Mobile Safari/537.36"
34.75.147.157 - - [28/Jan/2026:14:20:00 -0500] "HEAD / HTTP/1.1" 200 - "http://hollywooddorm.com/wordpress/" "Mozilla/5.0 (Linux; Android 14; SM-A146P) AppleWebKit/537.36 (KHTML, like Gecko) SamsungBrowser/25.0 Chrome/123.0.6312.120 Mobile Safari/537.36"
34.75.147.157 - - [28/Jan/2026:14:20:00 -0500] "HEAD / HTTP/1.1" 301 - "-" "Mozilla/5.0 (Linux; Android 14; RMX3842) AppleWebKit/537.36 (KHTML, like Gecko) Chrome/126.0.6478.44 Mobile Safari/537.36"
34.75.147.157 - - [28/Jan/2026:14:20:01 -0500] "HEAD / HTTP/1.1" 200 - "http://hollywooddorm.com/" "Mozilla/5.0 (Linux; Android 14; RMX3842) AppleWebKit/537.36 (KHTML, like Gecko) Chrome/126.0.6478.44 Mobile Safari/537.36"
34.75.147.157 - - [28/Jan/2026:14:20:01 -0500] "HEAD /blog/ HTTP/1.1" 302 - "-" "Mozilla/5.0 (Linux; Android 13; Infinix X688B) AppleWebKit/537.36 (KHTML, like Gecko) Chrome/124.0.6367.48 Mobile Safari/537.36"
34.75.147.157 - - [28/Jan/2026:14:20:01 -0500] "HEAD / HTTP/1.1" 200 - "http://hollywooddorm.com/blog/" "Mozilla/5.0 (Linux; Android 13; Infinix X688B) AppleWebKit/537.36 (KHTML, like Gecko) Chrome/124.0.6367.48 Mobile Safari/537.36"
34.75.147.157 - - [28/Jan/2026:14:20:01 -0500] "HEAD /old/ HTTP/1.1" 302 - "-" "Mozilla/5.0 (Linux; Android 11; moto g31) AppleWebKit/537.36 (KHTML, like Gecko) Chrome/122.0.6261.96 Mobile Safari/537.36"
34.75.147.157 - - [28/Jan/2026:14:20:01 -0500] "HEAD / HTTP/1.1" 200 - "http://hollywooddorm.com/old/" "Mozilla/5.0 (Linux; Android 11; moto g31) AppleWebKit/537.36 (KHTML, like Gecko) Chrome/122.0.6261.96 Mobile Safari/537.36"
74.206.190.68 - - [28/Jan/2026:14:20:24 -0500] "GET / HTTP/1.1" 200 26522 "-" "curl/7.29.0"
64.23.131.69 - - [28/Jan/2026:14:20:52 -0500] "GET / HTTP/1.1" 301 - "-" "Mozilla/5.0 (X11; Linux x86_64) AppleWebKit/537.36 (KHTML, like Gecko) Chrome/142.0.0.0 Safari/537.36"
43.156.228.27 - - [28/Jan/2026:14:21:15 -0500] "GET /index.php/big-tits-pornstar/big-tits-latina-with-thicc-ass.html/embed HTTP/1.1" 200 24704 "-" "Mozilla/5.0 (iPhone; CPU iPhone OS 13_2_3 like Mac OS X) AppleWebKit/605.1.15 (KHTML, like Gecko) Version/13.0.3 Mobile/15E148 Safari/604.1"
74.206.190.68 - - [28/Jan/2026:14:25:16 -0500] "GET / HTTP/1.1" 200 26522 "-" "curl/7.29.0"
74.206.190.68 - - [28/Jan/2026:14:30:16 -0500] "GET / HTTP/1.1" 200 26522 "-" "curl/7.29.0"
43.166.253.94 - - [28/Jan/2026:14:31:41 -0500] "GET /index.php/brunette-pornstar/hollywood-asian-pornstar.html HTTP/1.1" 200 24200 "-" "Mozilla/5.0 (iPhone; CPU iPhone OS 13_2_3 like Mac OS X) AppleWebKit/605.1.15 (KHTML, like Gecko) Version/13.0.3 Mobile/15E148 Safari/604.1"
74.206.190.68 - - [28/Jan/2026:14:35:15 -0500] "GET / HTTP/1.1" 200 26522 "-" "curl/7.29.0"
20.163.15.167 - - [28/Jan/2026:14:35:18 -0500] "GET / HTTP/1.1" 200 26522 "-" "Mozilla/5.0 zgrab/0.x"
168.76.20.229 - - [28/Jan/2026:14:37:38 -0500] "GET / HTTP/1.1" 200 26522 "-" "Mozilla/5.0 (Windows NT 6.1) AppleWebKit/537.36 (KHTML, like Gecko) Chrome/71.0.2623.112 Safari/537.36"
168.76.20.229 - - [28/Jan/2026:14:37:40 -0500] "GET / HTTP/1.1" 200 26522 "-" "Mozilla/5.0 (Windows NT 6.1; WOW64) AppleWebKit/537.36 (KHTML, like Gecko) Chrome/63.0.3239.132 Safari/537.36 QIHU 360SE"
168.76.20.229 - - [28/Jan/2026:14:37:42 -0500] "GET /robots.txt HTTP/1.1" 200 29 "-" "Mozilla/5.0 (Windows NT 6.1; WOW64) AppleWebKit/537.36 (KHTML, like Gecko) Chrome/63.0.3239.132 Safari/537.36 QIHU 360SE"
74.206.190.68 - - [28/Jan/2026:14:40:25 -0500] "GET / HTTP/1.1" 200 26522 "-" "curl/7.29.0"
150.109.230.210 - - [28/Jan/2026:14:41:26 -0500] "GET /index.php/blonde-pornstar/bad-ass-blonde-pornstar.html/embed HTTP/1.1" 200 24545 "-" "Mozilla/5.0 (iPhone; CPU iPhone OS 13_2_3 like Mac OS X) AppleWebKit/605.1.15 (KHTML, like Gecko) Version/13.0.3 Mobile/15E148 Safari/604.1"
74.206.190.68 - - [28/Jan/2026:14:45:17 -0500] "GET / HTTP/1.1" 200 26522 "-" "curl/7.29.0"
85.11.183.6 - - [28/Jan/2026:14:47:08 -0500] "GET / HTTP/1.1" 200 26522 "-" "Mozilla/5.0 (Windows NT 10.0; Win64; x64) AppleWebKit/537.36 (KHTML, like Gecko) Chrome/140.0.0.0 Safari/537.36"
74.206.190.68 - - [28/Jan/2026:14:50:17 -0500] "GET / HTTP/1.1" 200 26522 "-" "curl/7.29.0"
49.51.195.195 - - [28/Jan/2026:14:51:49 -0500] "GET /index.php/blonde-pornstar/pornstar-in-hollywood.html/embed HTTP/1.1" 200 24527 "-" "Mozilla/5.0 (iPhone; CPU iPhone OS 13_2_3 like Mac OS X) AppleWebKit/605.1.15 (KHTML, like Gecko) Version/13.0.3 Mobile/15E148 Safari/604.1"
74.206.190.68 - - [28/Jan/2026:14:55:17 -0500] "GET / HTTP/1.1" 200 26522 "-" "curl/7.29.0"
74.206.190.68 - - [28/Jan/2026:15:00:23 -0500] "GET / HTTP/1.1" 200 26522 "-" "curl/7.29.0"
193.142.147.209 - - [28/Jan/2026:15:03:44 -0500] "POST / HTTP/1.1" 200 26522 "-" "Mozilla/5.0 (Windows NT 10.0; Win64; x64) AppleWebKit/537.36"
74.206.190.68 - - [28/Jan/2026:15:05:19 -0500] "GET / HTTP/1.1" 200 26522 "-" "curl/7.29.0"
87.121.84.51 - - [28/Jan/2026:15:06:23 -0500] "GET / HTTP/1.1" 200 26522 "-" "Mozilla/5.0 (X11; Linux x86_64; rv:140.0) Gecko/20100101 Firefox/140.0"
74.206.190.68 - - [28/Jan/2026:15:10:18 -0500] "GET / HTTP/1.1" 200 26522 "-" "curl/7.29.0"
204.76.203.69 - - [28/Jan/2026:15:12:13 -0500] "GET / HTTP/1.1" 200 26522 "-" "-"
74.206.190.68 - - [28/Jan/2026:15:15:19 -0500] "POST /wp-cron.php?doing_wp_cron=1769631319.4808371067047119140625 HTTP/1.1" 200 - "http://www.hollywooddorm.com/wp-cron.php?doing_wp_cron=1769631319.4808371067047119140625" "WordPress/4.9.16; http://www.hollywooddorm.com"
74.206.190.68 - - [28/Jan/2026:15:15:19 -0500] "GET / HTTP/1.1" 200 26522 "-" "curl/7.29.0"
74.206.190.68 - - [28/Jan/2026:15:20:24 -0500] "GET / HTTP/1.1" 200 26522 "-" "curl/7.29.0"
198.98.53.57 - - [28/Jan/2026:15:23:32 -0500] "GET /wp-login.php HTTP/1.1" 200 2396 "-" "Mozilla/5.0 (Windows NT 6.1; WOW64; rv:31.0) Gecko/20100101 Firefox/31.0"
198.98.53.57 - - [28/Jan/2026:15:23:33 -0500] "POST /wp-login.php HTTP/1.1" 200 3388 "-" "Mozilla/5.0 (Windows NT 6.1; WOW64; rv:31.0) Gecko/20100101 Firefox/31.0"
74.206.190.68 - - [28/Jan/2026:15:25:16 -0500] "GET / HTTP/1.1" 200 26522 "-" "curl/7.29.0"
74.206.190.68 - - [28/Jan/2026:15:30:17 -0500] "GET / HTTP/1.1" 200 26522 "-" "curl/7.29.0"
170.64.227.216 - - [28/Jan/2026:15:31:02 -0500] "GET / HTTP/1.1" 200 26522 "-" "Mozilla/5.0"
170.64.227.216 - - [28/Jan/2026:15:31:03 -0500] "POST / HTTP/1.1" 200 26522 "-" "Mozilla/5.0"
87.121.84.172 - - [28/Jan/2026:15:31:19 -0500] "GET /ip HTTP/1.1" 302 273 "-" "ProxyPool-Scanner/2.0"
87.121.84.172 - - [28/Jan/2026:15:31:19 -0500] "GET / HTTP/1.1" 200 26522 "http://httpbin.org/ip" "ProxyPool-Scanner/2.0"
204.76.203.18 - - [28/Jan/2026:15:32:23 -0500] "GET /backup/ HTTP/1.1" 302 275 "-" "-"
74.206.190.68 - - [28/Jan/2026:15:35:17 -0500] "GET / HTTP/1.1" 200 26522 "-" "curl/7.29.0"
152.228.220.143 - - [28/Jan/2026:15:38:41 -0500] "GET /index.php/big-tits-pornstar/free-pornstar-tube.html/feed HTTP/1.1" 200 916 "-" "Mozilla/5.0 (X11; Linux i686) AppleWebKit/537.36 (KHTML, like Gecko) Chrome/30.0.1599.66 Safari/537.36"
74.206.190.68 - - [28/Jan/2026:15:40:28 -0500] "GET / HTTP/1.1" 200 26522 "-" "curl/7.29.0"
74.206.190.68 - - [28/Jan/2026:15:45:19 -0500] "GET / HTTP/1.1" 200 26522 "-" "curl/7.29.0"
74.206.190.68 - - [28/Jan/2026:15:50:17 -0500] "GET / HTTP/1.1" 200 26522 "-" "curl/7.29.0"
74.206.190.68 - - [28/Jan/2026:15:55:19 -0500] "GET / HTTP/1.1" 200 26522 "-" "curl/7.29.0"
74.206.190.68 - - [28/Jan/2026:16:00:30 -0500] "GET / HTTP/1.1" 200 26522 "-" "curl/7.29.0"
74.206.190.68 - - [28/Jan/2026:16:05:16 -0500] "GET / HTTP/1.1" 200 26522 "-" "curl/7.29.0"
