74.206.190.68 - - [29/Jan/2026:16:30:16 -0500] "GET / HTTP/1.1" 200 26522 "-" "curl/7.29.0"
193.142.146.230 - - [29/Jan/2026:16:31:23 -0500] "GET /login HTTP/1.1" 302 275 "-" "Go-http-client/1.1"
193.142.146.230 - - [29/Jan/2026:16:31:23 -0500] "GET / HTTP/1.1" 200 26522 "http://74.206.190.68:80/login" "Go-http-client/1.1"
74.206.190.68 - - [29/Jan/2026:16:35:15 -0500] "GET / HTTP/1.1" 200 26522 "-" "curl/7.29.0"
209.141.32.196 - - [29/Jan/2026:16:38:58 -0500] "GET /wp-login.php HTTP/1.1" 200 2396 "-" "Mozilla/5.0 (iPhone; CPU iPhone OS 7_0_4 like Mac OS X) AppleWebKit/537.51.1 (KHTML, like Gecko) Version/7.0 Mobile/11B554a Safari/9537.53"
209.141.32.196 - - [29/Jan/2026:16:38:58 -0500] "POST /wp-login.php HTTP/1.1" 200 3406 "-" "Mozilla/5.0 (iPhone; CPU iPhone OS 7_0_4 like Mac OS X) AppleWebKit/537.51.1 (KHTML, like Gecko) Version/7.0 Mobile/11B554a Safari/9537.53"
2.57.171.139 - - [29/Jan/2026:16:39:06 -0500] "GET /.env HTTP/1.1" 302 275 "-" "python-requests/2.26.0"
2.57.171.139 - - [29/Jan/2026:16:39:07 -0500] "GET / HTTP/1.1" 200 26522 "-" "python-requests/2.26.0"
2.57.171.139 - - [29/Jan/2026:16:39:08 -0500] "POST / HTTP/1.1" 200 26522 "-" "python-requests/2.26.0"
74.206.190.68 - - [29/Jan/2026:16:40:26 -0500] "GET / HTTP/1.1" 200 26522 "-" "curl/7.29.0"
193.142.147.209 - - [29/Jan/2026:16:40:40 -0500] "POST / HTTP/1.1" 200 26522 "-" "Mozilla/5.0 (Windows NT 10.0; Win64; x64) AppleWebKit/537.36"
204.76.203.212 - - [29/Jan/2026:16:42:44 -0500] "GET / HTTP/1.1" 200 26522 "-" "Mozilla/5.0 (Windows NT 10.0; Win64; x64) AppleWebKit/537.36 (KHTML, like Gecko) Chrome/90.0.4430.85 Safari/537.36 Edg/90.0.818.46"
74.206.190.68 - - [29/Jan/2026:16:45:18 -0500] "GET / HTTP/1.1" 200 26522 "-" "curl/7.29.0"
36.65.194.133 - - [29/Jan/2026:16:48:48 -0500] "GET /wp-json/wp/v2/posts HTTP/1.1" 302 279 "-" "Mozilla/5.0 (Windows NT 10.0; Win64; x64) AppleWebKit/537.36 (KHTML, like Gecko) Chrome/120.0.0.0 Safari/537.36"
74.206.190.68 - - [29/Jan/2026:16:50:16 -0500] "GET / HTTP/1.1" 200 26522 "-" "curl/7.29.0"
89.42.231.200 - - [29/Jan/2026:16:52:35 -0500] "GET /cgi-bin/luci/;stok=/locale HTTP/1.1" 302 275 "-" "-"
89.42.231.200 - - [29/Jan/2026:16:52:35 -0500] "GET / HTTP/1.1" 200 26522 "http://74.206.190.68:80/cgi-bin/luci/;stok=/locale" "-"
120.92.12.14 - - [29/Jan/2026:16:52:59 -0500] "GET /login.rsp HTTP/1.1" 302 275 "-" "Mozilla/5.0 (Windows NT 10.0; Win64; x64) AppleWebKit/537.36 (KHTML, like Gecko) Chrome/63.0.3239.84 Safari/537.36"
120.92.12.14 - - [29/Jan/2026:16:53:00 -0500] "GET / HTTP/1.1" 200 26522 "-" "Mozilla/5.0 (Windows NT 10.0; Win64; x64) AppleWebKit/537.36 (KHTML, like Gecko) Chrome/63.0.3239.84 Safari/537.36"
74.206.190.68 - - [29/Jan/2026:16:55:17 -0500] "GET / HTTP/1.1" 200 26522 "-" "curl/7.29.0"
74.206.190.68 - - [29/Jan/2026:17:00:25 -0500] "GET / HTTP/1.1" 200 26522 "-" "curl/7.29.0"
74.206.190.68 - - [29/Jan/2026:17:05:20 -0500] "GET / HTTP/1.1" 200 26522 "-" "curl/7.29.0"
204.76.203.212 - - [29/Jan/2026:17:07:19 -0500] "GET / HTTP/1.1" 200 26522 "-" "Mozilla/5.0 (Windows NT 10.0; Win64; x64) AppleWebKit/537.36 (KHTML, like Gecko) Chrome/90.0.4430.85 Safari/537.36 Edg/90.0.818.46"
74.206.190.68 - - [29/Jan/2026:17:10:19 -0500] "GET / HTTP/1.1" 200 26522 "-" "curl/7.29.0"
74.206.190.68 - - [29/Jan/2026:17:15:22 -0500] "POST /wp-cron.php?doing_wp_cron=1769724922.1787939071655273437500 HTTP/1.1" 200 - "http://www.hollywooddorm.com/wp-cron.php?doing_wp_cron=1769724922.1787939071655273437500" "WordPress/4.9.16; http://www.hollywooddorm.com"
74.206.190.68 - - [29/Jan/2026:17:15:21 -0500] "GET / HTTP/1.1" 200 26522 "-" "curl/7.29.0"
74.206.190.68 - - [29/Jan/2026:17:20:23 -0500] "GET / HTTP/1.1" 200 26522 "-" "curl/7.29.0"
74.206.190.68 - - [29/Jan/2026:17:25:16 -0500] "GET / HTTP/1.1" 200 26522 "-" "curl/7.29.0"
114.119.142.131 - - [29/Jan/2026:17:29:41 -0500] "GET /robots.txt HTTP/1.1" 200 29 "-" "Mozilla/5.0 (compatible;PetalBot;+https://webmaster.petalsearch.com/site/petalbot)"
195.178.110.246 - - [29/Jan/2026:17:30:11 -0500] "GET /.git/config HTTP/1.1" 302 275 "-" "Mozilla/5.0 (Linux; Android 7.0; Moto G (4)) AppleWebKit/537.36 (KHTML, like Gecko) Chrome/76.0.3809.111 Mobile Safari/537.36"
74.206.190.68 - - [29/Jan/2026:17:30:17 -0500] "GET / HTTP/1.1" 200 26522 "-" "curl/7.29.0"
204.76.203.212 - - [29/Jan/2026:17:32:32 -0500] "GET / HTTP/1.1" 200 26522 "-" "Mozilla/5.0 (Windows NT 10.0; Win64; x64) AppleWebKit/537.36 (KHTML, like Gecko) Chrome/90.0.4430.85 Safari/537.36 Edg/90.0.818.46"
74.206.190.68 - - [29/Jan/2026:17:35:17 -0500] "GET / HTTP/1.1" 200 26522 "-" "curl/7.29.0"
2.57.171.139 - - [29/Jan/2026:17:37:49 -0500] "GET /.env HTTP/1.1" 302 275 "-" "python-requests/2.26.0"
2.57.171.112 - - [29/Jan/2026:17:37:50 -0500] "GET / HTTP/1.1" 200 26522 "-" "python-requests/2.26.0"
2.57.171.139 - - [29/Jan/2026:17:37:51 -0500] "POST / HTTP/1.1" 200 26522 "-" "python-requests/2.26.0"
43.153.10.83 - - [29/Jan/2026:17:39:51 -0500] "GET / HTTP/1.1" 200 26522 "-" "Mozilla/5.0 (iPhone; CPU iPhone OS 13_2_3 like Mac OS X) AppleWebKit/605.1.15 (KHTML, like Gecko) Version/13.0.3 Mobile/15E148 Safari/604.1"
74.206.190.68 - - [29/Jan/2026:17:40:30 -0500] "GET / HTTP/1.1" 200 26522 "-" "curl/7.29.0"
5.61.209.92 - - [29/Jan/2026:17:41:00 -0500] "GET /SDK/webLanguage HTTP/1.1" 302 275 "-" "Mozilla/5.0 (Windows NT 10.0; Win64; x64) AppleWebKit/537.36 (KHTML, like Gecko) Chrome/90.0.4430.85 Safari/537.36 Edg/90.0.818.46"
74.206.190.68 - - [29/Jan/2026:17:45:19 -0500] "GET / HTTP/1.1" 200 26522 "-" "curl/7.29.0"
74.206.190.68 - - [29/Jan/2026:17:50:17 -0500] "GET / HTTP/1.1" 200 26522 "-" "curl/7.29.0"
74.206.190.68 - - [29/Jan/2026:17:55:18 -0500] "GET / HTTP/1.1" 200 26522 "-" "curl/7.29.0"
204.76.203.212 - - [29/Jan/2026:17:55:55 -0500] "GET / HTTP/1.1" 200 26522 "-" "Mozilla/5.0 (Windows NT 10.0; Win64; x64) AppleWebKit/537.36 (KHTML, like Gecko) Chrome/90.0.4430.85 Safari/537.36 Edg/90.0.818.46"
74.206.190.68 - - [29/Jan/2026:18:00:31 -0500] "GET / HTTP/1.1" 200 26522 "-" "curl/7.29.0"
192.71.126.245 - - [29/Jan/2026:18:01:19 -0500] "GET / HTTP/1.1" 301 - "-" "Mozilla/5.0 (Windows NT 6.1; Win64; x64; rv:109.0) Gecko/20100101 Firefox/115"
192.71.12.181 - - [29/Jan/2026:18:01:20 -0500] "GET / HTTP/1.1" 200 26522 "http://hollywooddorm.com/" "Mozilla/5.0 (Windows NT 6.1; Win64; x64; rv:109.0) Gecko/20100101 Firefox/115"
192.71.126.151 - - [29/Jan/2026:18:01:20 -0500] "GET /index.php/teen-pornstar/nasty-teen-couple-ready-for-hollywood-porn.html HTTP/1.1" 200 27746 "-" "Mozilla/5.0 (Windows NT 6.1; Win64; x64; rv:109.0) Gecko/20100101 Firefox/115"
192.71.2.99 - - [29/Jan/2026:18:01:21 -0500] "GET /index.php/teen-pornstar/boyfriend-bangs-girlfriend-on-live-cam.html HTTP/1.1" 200 27648 "-" "Mozilla/5.0 (Windows NT 6.1; Win64; x64; rv:109.0) Gecko/20100101 Firefox/115"
192.71.12.156 - - [29/Jan/2026:18:01:21 -0500] "GET /index.php/blonde-pornstar/tiffanybells-pornstar-sucks-cock.html HTTP/1.1" 200 24261 "-" "Mozilla/5.0 (Windows NT 6.1; Win64; x64; rv:109.0) Gecko/20100101 Firefox/115"
204.76.203.69 - - [29/Jan/2026:18:01:59 -0500] "GET / HTTP/1.1" 200 26522 "-" "Mozilla/5.0 (Windows NT 10.0; Win64; x64) AppleWebKit/537.36 (KHTML, like Gecko) Chrome/90.0.4430.85 Safari/537.36 Edg/90.0.818.46"
74.206.190.68 - - [29/Jan/2026:18:05:18 -0500] "GET / HTTP/1.1" 200 26522 "-" "curl/7.29.0"
164.92.107.174 - - [29/Jan/2026:18:06:16 -0500] "GET / HTTP/1.1" 301 - "-" "-"
164.92.107.174 - - [29/Jan/2026:18:06:16 -0500] "GET / HTTP/1.1" 301 - "-" "Mozilla/5.0 (l9scan/2.0.8363e2039313e2630323e24373; +https://leakix.net)"
164.92.107.174 - - [29/Jan/2026:18:06:17 -0500] "GET /server HTTP/1.1" 302 279 "-" "Mozilla/5.0 (l9scan/2.0.8363e2039313e2630323e24373; +https://leakix.net)"
164.92.107.174 - - [29/Jan/2026:18:06:18 -0500] "GET /server-status HTTP/1.1" 200 56093 "-" "Mozilla/5.0 (l9scan/2.0.8363e2039313e2630323e24373; +https://leakix.net)"
164.92.107.174 - - [29/Jan/2026:18:06:20 -0500] "GET /about HTTP/1.1" 302 279 "-" "Mozilla/5.0 (l9scan/2.0.8363e2039313e2630323e24373; +https://leakix.net)"
164.92.107.174 - - [29/Jan/2026:18:06:21 -0500] "GET /login.action HTTP/1.1" 302 279 "-" "Mozilla/5.0 (l9scan/2.0.8363e2039313e2630323e24373; +https://leakix.net)"
164.92.107.174 - - [29/Jan/2026:18:06:22 -0500] "GET /v2/_catalog HTTP/1.1" 302 279 "-" "Mozilla/5.0 (l9scan/2.0.8363e2039313e2630323e24373; +https://leakix.net)"
164.92.107.174 - - [29/Jan/2026:18:06:22 -0500] "GET /.DS_Store HTTP/1.1" 302 279 "-" "Mozilla/5.0 (l9scan/2.0.8363e2039313e2630323e24373; +https://leakix.net)"
164.92.107.174 - - [29/Jan/2026:18:06:23 -0500] "GET /.env HTTP/1.1" 302 279 "-" "Mozilla/5.0 (l9scan/2.0.8363e2039313e2630323e24373; +https://leakix.net)"
164.92.107.174 - - [29/Jan/2026:18:06:25 -0500] "GET /ecp/Current/exporttool/microsoft.exchange.ediscovery.exporttool.application HTTP/1.1" 302 279 "-" "Mozilla/5.0 (l9scan/2.0.8363e2039313e2630323e24373; +https://leakix.net)"
164.92.107.174 - - [29/Jan/2026:18:06:27 -0500] "GET /.git/config HTTP/1.1" 302 279 "-" "Mozilla/5.0 (l9scan/2.0.8363e2039313e2630323e24373; +https://leakix.net)"
164.92.107.174 - - [29/Jan/2026:18:06:28 -0500] "POST /graphql HTTP/1.1" 302 279 "-" "Mozilla/5.0 (l9scan/2.0.8363e2039313e2630323e24373; +https://leakix.net)"
164.92.107.174 - - [29/Jan/2026:18:06:28 -0500] "POST /api HTTP/1.1" 302 279 "-" "Mozilla/5.0 (l9scan/2.0.8363e2039313e2630323e24373; +https://leakix.net)"
164.92.107.174 - - [29/Jan/2026:18:06:28 -0500] "POST /api/graphql HTTP/1.1" 302 279 "-" "Mozilla/5.0 (l9scan/2.0.8363e2039313e2630323e24373; +https://leakix.net)"
164.92.107.174 - - [29/Jan/2026:18:06:29 -0500] "POST /graphql/api HTTP/1.1" 302 279 "-" "Mozilla/5.0 (l9scan/2.0.8363e2039313e2630323e24373; +https://leakix.net)"
164.92.107.174 - - [29/Jan/2026:18:06:29 -0500] "POST /api/gql HTTP/1.1" 302 279 "-" "Mozilla/5.0 (l9scan/2.0.8363e2039313e2630323e24373; +https://leakix.net)"
164.92.107.174 - - [29/Jan/2026:18:06:29 -0500] "GET /s/8363e2039313e2630323e24373/_/;/META-INF/maven/com.atlassian.jira/jira-webapp-dist/pom.properties HTTP/1.1" 302 279 "-" "Mozilla/5.0 (l9scan/2.0.8363e2039313e2630323e24373; +https://leakix.net)"
164.92.107.174 - - [29/Jan/2026:18:06:30 -0500] "GET /config.json HTTP/1.1" 302 279 "-" "Mozilla/5.0 (l9scan/2.0.8363e2039313e2630323e24373; +https://leakix.net)"
164.92.107.174 - - [29/Jan/2026:18:06:32 -0500] "GET /telescope/requests HTTP/1.1" 302 279 "-" "Mozilla/5.0 (l9scan/2.0.8363e2039313e2630323e24373; +https://leakix.net)"
164.92.107.174 - - [29/Jan/2026:18:06:32 -0500] "POST /php-cgi/php-cgi.exe?%ADd+cgi.force_redirect%3D0+%ADd+disable_functions%3D\"\"+%ADd+allow_url_include%3D1+%ADd+auto_prepend_file%3Dphp://input HTTP/1.1" 302 279 "-" "Mozilla/5.0 (l9scan/2.0.8363e2039313e2630323e24373; +https://leakix.net)"
164.92.107.174 - - [29/Jan/2026:18:06:33 -0500] "GET /info.php HTTP/1.1" 302 279 "-" "Mozilla/5.0 (l9scan/2.0.8363e2039313e2630323e24373; +https://leakix.net)"
164.92.107.174 - - [29/Jan/2026:18:06:34 -0500] "GET /actuator/env HTTP/1.1" 302 279 "-" "Mozilla/5.0 (l9scan/2.0.8363e2039313e2630323e24373; +https://leakix.net)"
164.92.107.174 - - [29/Jan/2026:18:06:36 -0500] "GET /swagger-ui.html HTTP/1.1" 302 279 "-" "Mozilla/5.0 (l9scan/2.0.8363e2039313e2630323e24373; +https://leakix.net)"
164.92.107.174 - - [29/Jan/2026:18:06:37 -0500] "GET /swagger/index.html HTTP/1.1" 302 279 "-" "Mozilla/5.0 (l9scan/2.0.8363e2039313e2630323e24373; +https://leakix.net)"
164.92.107.174 - - [29/Jan/2026:18:06:38 -0500] "GET /swagger/swagger-ui.html HTTP/1.1" 302 279 "-" "Mozilla/5.0 (l9scan/2.0.8363e2039313e2630323e24373; +https://leakix.net)"
164.92.107.174 - - [29/Jan/2026:18:06:39 -0500] "GET /webjars/swagger-ui/index.html HTTP/1.1" 302 279 "-" "Mozilla/5.0 (l9scan/2.0.8363e2039313e2630323e24373; +https://leakix.net)"
164.92.107.174 - - [29/Jan/2026:18:06:40 -0500] "GET /swagger.json HTTP/1.1" 302 279 "-" "Mozilla/5.0 (l9scan/2.0.8363e2039313e2630323e24373; +https://leakix.net)"
164.92.107.174 - - [29/Jan/2026:18:06:41 -0500] "GET /swagger/v1/swagger.json HTTP/1.1" 302 279 "-" "Mozilla/5.0 (l9scan/2.0.8363e2039313e2630323e24373; +https://leakix.net)"
164.92.107.174 - - [29/Jan/2026:18:06:42 -0500] "GET /v2/api-docs HTTP/1.1" 302 279 "-" "Mozilla/5.0 (l9scan/2.0.8363e2039313e2630323e24373; +https://leakix.net)"
164.92.107.174 - - [29/Jan/2026:18:06:43 -0500] "GET /v3/api-docs HTTP/1.1" 302 279 "-" "Mozilla/5.0 (l9scan/2.0.8363e2039313e2630323e24373; +https://leakix.net)"
164.92.107.174 - - [29/Jan/2026:18:06:44 -0500] "GET /api-docs/swagger.json HTTP/1.1" 302 279 "-" "Mozilla/5.0 (l9scan/2.0.8363e2039313e2630323e24373; +https://leakix.net)"
164.92.107.174 - - [29/Jan/2026:18:06:45 -0500] "GET /api/swagger.json HTTP/1.1" 302 279 "-" "Mozilla/5.0 (l9scan/2.0.8363e2039313e2630323e24373; +https://leakix.net)"
164.92.107.174 - - [29/Jan/2026:18:06:46 -0500] "GET /@vite/env HTTP/1.1" 302 279 "-" "Mozilla/5.0 (l9scan/2.0.8363e2039313e2630323e24373; +https://leakix.net)"
164.92.107.174 - - [29/Jan/2026:18:06:47 -0500] "GET /.vscode/sftp.json HTTP/1.1" 302 279 "-" "Mozilla/5.0 (l9scan/2.0.8363e2039313e2630323e24373; +https://leakix.net)"
164.92.107.174 - - [29/Jan/2026:18:06:48 -0500] "GET /?rest_route=/wp/v2/users/ HTTP/1.1" 200 611 "-" "Mozilla/5.0 (l9scan/2.0.8363e2039313e2630323e24373; +https://leakix.net)"
164.92.107.174 - - [29/Jan/2026:18:06:49 -0500] "GET /debug/default/view?panel=config HTTP/1.1" 302 279 "-" "Mozilla/5.0 (l9scan/2.0.8363e2039313e2630323e24373; +https://leakix.net)"
188.130.188.211 - - [29/Jan/2026:18:09:34 -0500] "GET /hello-world/ HTTP/1.1" 302 279 "http://hollywooddorm.com/hello-world/" "Mozilla/5.0 (Windows NT 10.0; Win64; x64) AppleWebKit/537.36 (KHTML, like Gecko) Chrome/129.0.0.0 Safari/537.36"
213.226.101.248 - - [29/Jan/2026:18:09:35 -0500] "GET /privet-mir/ HTTP/1.1" 302 279 "http://hollywooddorm.com/privet-mir/" "Mozilla/5.0 (Windows NT 10.0; Win64; x64) AppleWebKit/537.36 (KHTML, like Gecko) Chrome/130.0.0.0 Safari/537.36"
188.130.188.211 - - [29/Jan/2026:18:09:35 -0500] "GET / HTTP/1.1" 200 26522 "http://www.hollywooddorm.com/" "Mozilla/5.0 (Windows NT 10.0; Win64; x64) AppleWebKit/537.36 (KHTML, like Gecko) Chrome/129.0.0.0 Safari/537.36"
213.226.101.248 - - [29/Jan/2026:18:09:35 -0500] "GET / HTTP/1.1" 200 26522 "http://www.hollywooddorm.com/" "Mozilla/5.0 (Windows NT 10.0; Win64; x64) AppleWebKit/537.36 (KHTML, like Gecko) Chrome/130.0.0.0 Safari/537.36"
20.123.115.147 - - [29/Jan/2026:18:09:41 -0500] "GET /index.php/feed HTTP/1.1" 200 15826 "-" "Mozilla/5.0 (Macintosh; Intel Mac OS X 10.15; rv:92.0) Gecko/20100101 Firefox/92.0"
74.206.190.68 - - [29/Jan/2026:18:10:15 -0500] "GET / HTTP/1.1" 200 26522 "-" "curl/7.29.0"
74.206.190.68 - - [29/Jan/2026:18:15:18 -0500] "POST /wp-cron.php?doing_wp_cron=1769728518.1081359386444091796875 HTTP/1.1" 200 - "http://www.hollywooddorm.com/wp-cron.php?doing_wp_cron=1769728518.1081359386444091796875" "WordPress/4.9.16; http://www.hollywooddorm.com"
74.206.190.68 - - [29/Jan/2026:18:15:17 -0500] "GET / HTTP/1.1" 200 26522 "-" "curl/7.29.0"
89.42.231.200 - - [29/Jan/2026:18:19:39 -0500] "GET /cgi-bin/luci/;stok=/locale HTTP/1.1" 302 275 "-" "-"
89.42.231.200 - - [29/Jan/2026:18:19:39 -0500] "GET / HTTP/1.1" 200 26522 "http://74.206.190.68:80/cgi-bin/luci/;stok=/locale" "-"
74.206.190.68 - - [29/Jan/2026:18:20:32 -0500] "GET / HTTP/1.1" 200 26522 "-" "curl/7.29.0"
204.76.203.212 - - [29/Jan/2026:18:23:10 -0500] "GET / HTTP/1.1" 200 26522 "-" "Mozilla/5.0 (Windows NT 10.0; Win64; x64) AppleWebKit/537.36 (KHTML, like Gecko) Chrome/90.0.4430.85 Safari/537.36 Edg/90.0.818.46"
74.206.190.68 - - [29/Jan/2026:18:25:28 -0500] "GET / HTTP/1.1" 200 26522 "-" "curl/7.29.0"
74.206.190.68 - - [29/Jan/2026:18:30:18 -0500] "GET / HTTP/1.1" 200 26522 "-" "curl/7.29.0"
34.150.223.83 - - [29/Jan/2026:18:30:30 -0500] "GET / HTTP/1.1" 200 26522 "-" "Mozilla/5.0 (Windows NT 10.0; Win64; x64) AppleWebKit/537.36 (KHTML, like Gecko) Chrome/102.0.5005.197 Safari/537.36"
114.119.154.237 - - [29/Jan/2026:18:31:38 -0500] "GET /index.php/tag/pornstar-teen HTTP/1.1" 200 26373 "http://www.hollywooddorm.com/index.php/blonde-pornstar/hollywood-blonde-pornstar.html" "Mozilla/5.0 (Linux; Android 7.0;) AppleWebKit/537.36 (KHTML, like Gecko) Mobile Safari/537.36 (compatible; PetalBot;+https://webmaster.petalsearch.com/site/petalbot)"
193.142.147.209 - - [29/Jan/2026:18:31:50 -0500] "POST / HTTP/1.1" 200 26522 "-" "Mozilla/5.0 (Windows NT 10.0; Win64; x64) AppleWebKit/537.36"
114.119.131.210 - - [29/Jan/2026:18:33:02 -0500] "GET /index.php/tag/pornstar HTTP/1.1" 200 26338 "http://www.hollywooddorm.com/index.php/teen-pornstar/paris-gables-is-one-hot-pornstar.html" "Mozilla/5.0 (Linux; Android 7.0;) AppleWebKit/537.36 (KHTML, like Gecko) Mobile Safari/537.36 (compatible; PetalBot;+https://webmaster.petalsearch.com/site/petalbot)"
74.206.190.68 - - [29/Jan/2026:18:35:17 -0500] "GET / HTTP/1.1" 200 26522 "-" "curl/7.29.0"
74.206.190.68 - - [29/Jan/2026:18:40:27 -0500] "GET / HTTP/1.1" 200 26522 "-" "curl/7.29.0"
185.241.208.170 - - [29/Jan/2026:18:44:36 -0500] "GET /.git/config HTTP/1.1" 302 275 "-" "Mozilla/5.0 (Linux; Android 8.0.0; HTC U11 plus) AppleWebKit/537.36 (KHTML, like Gecko) Chrome/76.0.3809.111 Mobile Safari/537.36"
74.206.190.68 - - [29/Jan/2026:18:45:23 -0500] "GET / HTTP/1.1" 200 26522 "-" "curl/7.29.0"
170.64.227.227 - - [29/Jan/2026:18:45:48 -0500] "GET /.env HTTP/1.1" 302 275 "-" "Mozilla/5.0; Keydrop.io/1.0(onlyscans.com/about);"
170.64.227.227 - - [29/Jan/2026:18:45:49 -0500] "GET /.git/config HTTP/1.1" 302 275 "-" "Mozilla/5.0; Keydrop.io/1.0(onlyscans.com/about);"
204.76.203.212 - - [29/Jan/2026:18:48:03 -0500] "GET / HTTP/1.1" 200 26522 "-" "Mozilla/5.0 (Windows NT 10.0; Win64; x64) AppleWebKit/537.36 (KHTML, like Gecko) Chrome/90.0.4430.85 Safari/537.36 Edg/90.0.818.46"
74.206.190.68 - - [29/Jan/2026:18:50:16 -0500] "GET / HTTP/1.1" 200 26522 "-" "curl/7.29.0"
114.119.151.175 - - [29/Jan/2026:18:52:36 -0500] "GET /index.php/teen-pornstar/pornstar-zeina-heart-tube.html HTTP/1.1" 200 27148 "http://www.hollywooddorm.com/index.php/teen-pornstar/paris-gables-is-one-hot-pornstar.html" "Mozilla/5.0 (Linux; Android 7.0;) AppleWebKit/537.36 (KHTML, like Gecko) Mobile Safari/537.36 (compatible; PetalBot;+https://webmaster.petalsearch.com/site/petalbot)"
206.168.34.221 - - [29/Jan/2026:18:53:36 -0500] "GET /cxs9odu88h93dr54d HTTP/1.1" 302 275 "-" "Mozilla/5.0 (compatible; CensysInspect/1.1; +https://about.censys.io/)"
114.119.151.0 - - [29/Jan/2026:18:53:55 -0500] "GET /index.php/tag/hollywood-pornstar HTTP/1.1" 200 22359 "http://www.hollywooddorm.com/index.php/blonde-pornstar/hollywood-blonde-pornstar.html" "Mozilla/5.0 (Linux; Android 7.0;) AppleWebKit/537.36 (KHTML, like Gecko) Mobile Safari/537.36 (compatible; PetalBot;+https://webmaster.petalsearch.com/site/petalbot)"
74.206.190.68 - - [29/Jan/2026:18:55:20 -0500] "GET / HTTP/1.1" 200 26522 "-" "curl/7.29.0"
74.206.190.68 - - [29/Jan/2026:19:00:25 -0500] "GET / HTTP/1.1" 200 26522 "-" "curl/7.29.0"
216.218.206.67 - - [29/Jan/2026:19:02:20 -0500] "GET / HTTP/1.1" 200 26522 "-" "Mozilla/5.0 (Windows NT 10.0; Win64; x64) AppleWebKit/537.36 (KHTML, like Gecko) Chrome/110.0.0.0 Safari/537.36"
13.89.125.19 - - [29/Jan/2026:19:03:26 -0500] "GET / HTTP/1.1" 200 26522 "-" "Mozilla/5.0 zgrab/0.x"
216.218.206.67 - - [29/Jan/2026:19:03:43 -0500] "GET /webui/ HTTP/1.1" 302 275 "-" "Mozilla/5.0 (Macintosh; Intel Mac OS X 10.15; rv:124.0) Gecko/20100101 Firefox/124.0"
74.206.190.68 - - [29/Jan/2026:19:05:23 -0500] "GET / HTTP/1.1" 200 26522 "-" "curl/7.29.0"
114.96.103.33 - - [29/Jan/2026:19:07:17 -0500] "GET / HTTP/1.1" 301 - "-" "Mozilla/5.0 (iPhone; CPU iPhone OS 13_2_3 like Mac OS X) AppleWebKit/605.1.15 (KHTML, like Gecko) Version/13.0.3 Mobile/15E148 Safari/604.1"
114.96.103.33 - - [29/Jan/2026:19:07:19 -0500] "GET / HTTP/1.1" 200 26522 "http://hollywooddorm.com" "Mozilla/5.0 (iPhone; CPU iPhone OS 13_2_3 like Mac OS X) AppleWebKit/605.1.15 (KHTML, like Gecko) Version/13.0.3 Mobile/15E148 Safari/604.1"
20.92.90.54 - - [29/Jan/2026:19:10:00 -0500] "GET /wp-content/plugins/hellopress/wp_filemanager.php HTTP/1.1" 302 279 "-" "-"
20.92.90.54 - - [29/Jan/2026:19:10:01 -0500] "GET / HTTP/1.1" 200 26522 "-" "-"
20.92.90.54 - - [29/Jan/2026:19:10:01 -0500] "GET /rip.php HTTP/1.1" 302 279 "-" "-"
20.92.90.54 - - [29/Jan/2026:19:10:01 -0500] "GET / HTTP/1.1" 200 26522 "-" "-"
204.76.203.212 - - [29/Jan/2026:19:10:09 -0500] "GET / HTTP/1.1" 200 26522 "-" "Mozilla/5.0 (Windows NT 10.0; Win64; x64) AppleWebKit/537.36 (KHTML, like Gecko) Chrome/90.0.4430.85 Safari/537.36 Edg/90.0.818.46"
74.206.190.68 - - [29/Jan/2026:19:10:15 -0500] "GET / HTTP/1.1" 200 26522 "-" "curl/7.29.0"
114.119.154.237 - - [29/Jan/2026:19:10:21 -0500] "GET /index.php/page/3 HTTP/1.1" 200 18424 "http://www.hollywooddorm.com/index.php/page/1" "Mozilla/5.0 (Linux; Android 7.0;) AppleWebKit/537.36 (KHTML, like Gecko) Mobile Safari/537.36 (compatible; PetalBot;+https://webmaster.petalsearch.com/site/petalbot)"
216.218.206.67 - - [29/Jan/2026:19:10:32 -0500] "GET /geoserver/web/ HTTP/1.1" 302 275 "-" "Mozilla/5.0 (Windows NT 10.0; Win64; x64) AppleWebKit/537.36 (KHTML, like Gecko) Chrome/110.0.0.0 Safari/537.36"
198.235.24.92 - - [29/Jan/2026:19:12:43 -0500] "GET /wp-login.php HTTP/1.1" 200 2396 "-" "Hello from Palo Alto Networks, find out more about our scans in https://docs-cortex.paloaltonetworks.com/r/1/Cortex-Xpanse/Scanning-activity"
74.206.190.68 - - [29/Jan/2026:19:15:25 -0500] "POST /wp-cron.php?doing_wp_cron=1769732125.7764461040496826171875 HTTP/1.1" 200 - "http://www.hollywooddorm.com/wp-cron.php?doing_wp_cron=1769732125.7764461040496826171875" "WordPress/4.9.16; http://www.hollywooddorm.com"
74.206.190.68 - - [29/Jan/2026:19:15:25 -0500] "GET / HTTP/1.1" 200 26522 "-" "curl/7.29.0"
152.228.220.143 - - [29/Jan/2026:19:15:38 -0500] "GET /index.php/feed HTTP/1.1" 200 15826 "-" "Mozilla/5.0 (X11; Linux i686) AppleWebKit/537.36 (KHTML, like Gecko) Chrome/30.0.1599.66 Safari/537.36"
35.233.24.129 - - [29/Jan/2026:19:19:06 -0500] "GET / HTTP/1.1" 200 26522 "-" "python-requests/2.32.5"
74.206.190.68 - - [29/Jan/2026:19:20:52 -0500] "GET / HTTP/1.1" 200 26522 "-" "curl/7.29.0"
170.106.82.209 - - [29/Jan/2026:19:22:39 -0500] "GET / HTTP/1.1" 200 26522 "-" "Mozilla/5.0 (iPhone; CPU iPhone OS 13_2_3 like Mac OS X) AppleWebKit/605.1.15 (KHTML, like Gecko) Version/13.0.3 Mobile/15E148 Safari/604.1"
176.65.139.8 - - [29/Jan/2026:19:23:49 -0500] "GET / HTTP/1.1" 200 26522 "-" "Mozilla/5.0 (Windows NT 10.0; Win64; x64) AppleWebKit/537.36 (KHTML, like Gecko) Chrome/90.0.4430.85 Safari/537.36 Edg/90.0.818.46"
74.206.190.68 - - [29/Jan/2026:19:25:15 -0500] "GET / HTTP/1.1" 200 26522 "-" "curl/7.29.0"
34.150.223.83 - - [29/Jan/2026:19:28:28 -0500] "GET / HTTP/1.1" 200 26522 "-" "Mozilla/5.0 (Windows NT 10.0; Win64; x64) AppleWebKit/537.36 (KHTML, like Gecko) Chrome/102.0.5005.197 Safari/537.36"
74.206.190.68 - - [29/Jan/2026:19:30:15 -0500] "GET / HTTP/1.1" 200 26522 "-" "curl/7.29.0"
74.206.190.68 - - [29/Jan/2026:19:35:17 -0500] "GET / HTTP/1.1" 200 26522 "-" "curl/7.29.0"
89.42.231.200 - - [29/Jan/2026:19:36:43 -0500] "GET /cgi-bin/luci/;stok=/locale HTTP/1.1" 302 275 "-" "-"
89.42.231.200 - - [29/Jan/2026:19:36:43 -0500] "GET / HTTP/1.1" 200 26522 "http://74.206.190.68:80/cgi-bin/luci/;stok=/locale" "-"
204.76.203.212 - - [29/Jan/2026:19:37:48 -0500] "GET / HTTP/1.1" 200 26522 "-" "Mozilla/5.0 (Windows NT 10.0; Win64; x64) AppleWebKit/537.36 (KHTML, like Gecko) Chrome/90.0.4430.85 Safari/537.36 Edg/90.0.818.46"
74.206.190.68 - - [29/Jan/2026:19:40:24 -0500] "GET / HTTP/1.1" 200 26522 "-" "curl/7.29.0"
74.206.190.68 - - [29/Jan/2026:19:45:17 -0500] "GET / HTTP/1.1" 200 26522 "-" "curl/7.29.0"
74.206.190.68 - - [29/Jan/2026:19:50:17 -0500] "GET / HTTP/1.1" 200 26522 "-" "curl/7.29.0"
81.168.83.103 - - [29/Jan/2026:19:50:25 -0500] "GET /dump.sql HTTP/1.1" 302 275 "-" "Mozilla/5.0 (Windows NT 10.0; Win64; x64) AppleWebKit/537.36 (KHTML, like Gecko) Chrome/124.0.0.0 Safari/537.36"
43.157.149.188 - - [29/Jan/2026:19:51:53 -0500] "GET / HTTP/1.1" 301 - "-" "Mozilla/5.0 (iPhone; CPU iPhone OS 13_2_3 like Mac OS X) AppleWebKit/605.1.15 (KHTML, like Gecko) Version/13.0.3 Mobile/15E148 Safari/604.1"
43.157.149.188 - - [29/Jan/2026:19:51:54 -0500] "GET / HTTP/1.1" 200 26522 "http://hollywooddorm.com" "Mozilla/5.0 (iPhone; CPU iPhone OS 13_2_3 like Mac OS X) AppleWebKit/605.1.15 (KHTML, like Gecko) Version/13.0.3 Mobile/15E148 Safari/604.1"
74.206.190.68 - - [29/Jan/2026:19:55:15 -0500] "GET / HTTP/1.1" 200 26522 "-" "curl/7.29.0"
74.206.190.68 - - [29/Jan/2026:20:00:25 -0500] "GET / HTTP/1.1" 200 26522 "-" "curl/7.29.0"
204.76.203.212 - - [29/Jan/2026:20:03:44 -0500] "GET / HTTP/1.1" 200 26522 "-" "Mozilla/5.0 (Windows NT 10.0; Win64; x64) AppleWebKit/537.36 (KHTML, like Gecko) Chrome/90.0.4430.85 Safari/537.36 Edg/90.0.818.46"
74.206.190.68 - - [29/Jan/2026:20:05:24 -0500] "GET / HTTP/1.1" 200 26522 "-" "curl/7.29.0"
107.189.7.100 - - [29/Jan/2026:20:08:42 -0500] "GET /wp-login.php HTTP/1.1" 200 2396 "-" "Mozilla/5.0 (Macintosh; Intel Mac OS X 10.7; rv:31.0) Gecko/20100101 Firefox/31.0"
107.189.7.100 - - [29/Jan/2026:20:08:44 -0500] "POST /wp-login.php HTTP/1.1" 200 3388 "-" "Mozilla/5.0 (Macintosh; Intel Mac OS X 10.7; rv:31.0) Gecko/20100101 Firefox/31.0"
74.206.190.68 - - [29/Jan/2026:20:10:20 -0500] "GET / HTTP/1.1" 200 26522 "-" "curl/7.29.0"
193.142.146.230 - - [29/Jan/2026:20:14:06 -0500] "GET /login HTTP/1.1" 302 275 "-" "Go-http-client/1.1"
74.206.190.68 - - [29/Jan/2026:20:14:06 -0500] "POST /wp-cron.php?doing_wp_cron=1769735646.8020129203796386718750 HTTP/1.1" 200 - "http://www.hollywooddorm.com/wp-cron.php?doing_wp_cron=1769735646.8020129203796386718750" "WordPress/4.9.16; http://www.hollywooddorm.com"
193.142.146.230 - - [29/Jan/2026:20:14:06 -0500] "GET / HTTP/1.1" 200 26522 "http://74.206.190.68:80/login" "Go-http-client/1.1"
74.206.190.68 - - [29/Jan/2026:20:15:23 -0500] "GET / HTTP/1.1" 200 26522 "-" "curl/7.29.0"
74.206.190.68 - - [29/Jan/2026:20:20:22 -0500] "GET / HTTP/1.1" 200 26522 "-" "curl/7.29.0"
74.206.190.68 - - [29/Jan/2026:20:25:19 -0500] "GET / HTTP/1.1" 200 26522 "-" "curl/7.29.0"
204.76.203.212 - - [29/Jan/2026:20:28:27 -0500] "GET / HTTP/1.1" 200 26522 "-" "Mozilla/5.0 (Windows NT 10.0; Win64; x64) AppleWebKit/537.36 (KHTML, like Gecko) Chrome/90.0.4430.85 Safari/537.36 Edg/90.0.818.46"
74.206.190.68 - - [29/Jan/2026:20:30:16 -0500] "GET / HTTP/1.1" 200 26522 "-" "curl/7.29.0"
188.191.165.159 - - [29/Jan/2026:20:33:52 -0500] "GET //wp-json/wp/v2/posts HTTP/1.1" 302 279 "-" "Mozilla/5.0 (Windows NT 10.0; Win64; x64) AppleWebKit/537.36 (KHTML, like Gecko) Chrome/120.0.0.0 Safari/537.36"
74.206.190.68 - - [29/Jan/2026:20:35:17 -0500] "GET / HTTP/1.1" 200 26522 "-" "curl/7.29.0"
74.206.190.68 - - [29/Jan/2026:20:40:21 -0500] "GET / HTTP/1.1" 200 26522 "-" "curl/7.29.0"
74.206.190.68 - - [29/Jan/2026:20:45:26 -0500] "GET / HTTP/1.1" 200 26522 "-" "curl/7.29.0"
74.206.190.68 - - [29/Jan/2026:20:50:17 -0500] "GET / HTTP/1.1" 200 26522 "-" "curl/7.29.0"
204.76.203.212 - - [29/Jan/2026:20:51:59 -0500] "GET / HTTP/1.1" 200 26522 "-" "Mozilla/5.0 (Windows NT 10.0; Win64; x64) AppleWebKit/537.36 (KHTML, like Gecko) Chrome/90.0.4430.85 Safari/537.36 Edg/90.0.818.46"
74.206.190.68 - - [29/Jan/2026:20:55:18 -0500] "GET / HTTP/1.1" 200 26522 "-" "curl/7.29.0"
185.241.208.170 - - [29/Jan/2026:20:56:21 -0500] "GET /.git/config HTTP/1.1" 302 275 "-" "Mozilla/5.0 (Windows NT 6.1; Win64; x64; rv:35.0) Gecko/20100101 Firefox/35.0"
74.206.190.68 - - [29/Jan/2026:21:00:21 -0500] "GET / HTTP/1.1" 200 26522 "-" "curl/7.29.0"
89.42.231.200 - - [29/Jan/2026:21:02:43 -0500] "GET /cgi-bin/luci/;stok=/locale HTTP/1.1" 302 275 "-" "-"
89.42.231.200 - - [29/Jan/2026:21:02:43 -0500] "GET / HTTP/1.1" 200 26522 "http://74.206.190.68:80/cgi-bin/luci/;stok=/locale" "-"
114.119.155.142 - - [29/Jan/2026:21:03:24 -0500] "GET /index.php/brunette-pornstar/day-with-a-pornstar.html HTTP/1.1" 200 24032 "http://www.hollywooddorm.com/index.php/page/1" "Mozilla/5.0 (Linux; Android 7.0;) AppleWebKit/537.36 (KHTML, like Gecko) Mobile Safari/537.36 (compatible; PetalBot;+https://webmaster.petalsearch.com/site/petalbot)"
74.206.190.68 - - [29/Jan/2026:21:05:17 -0500] "GET / HTTP/1.1" 200 26522 "-" "curl/7.29.0"
193.142.147.209 - - [29/Jan/2026:21:09:04 -0500] "POST / HTTP/1.1" 200 26522 "-" "Mozilla/5.0 (Windows NT 10.0; Win64; x64) AppleWebKit/537.36"
74.206.190.68 - - [29/Jan/2026:21:10:15 -0500] "GET / HTTP/1.1" 200 26522 "-" "curl/7.29.0"
74.206.190.68 - - [29/Jan/2026:21:15:16 -0500] "POST /wp-cron.php?doing_wp_cron=1769739316.0027499198913574218750 HTTP/1.1" 200 - "http://www.hollywooddorm.com/wp-cron.php?doing_wp_cron=1769739316.0027499198913574218750" "WordPress/4.9.16; http://www.hollywooddorm.com"
74.206.190.68 - - [29/Jan/2026:21:15:15 -0500] "GET / HTTP/1.1" 200 26522 "-" "curl/7.29.0"
204.76.203.212 - - [29/Jan/2026:21:15:39 -0500] "GET / HTTP/1.1" 200 26522 "-" "Mozilla/5.0 (Windows NT 10.0; Win64; x64) AppleWebKit/537.36 (KHTML, like Gecko) Chrome/90.0.4430.85 Safari/537.36 Edg/90.0.818.46"
74.206.190.68 - - [29/Jan/2026:21:20:29 -0500] "GET / HTTP/1.1" 200 26522 "-" "curl/7.29.0"
74.206.190.68 - - [29/Jan/2026:21:25:19 -0500] "GET / HTTP/1.1" 200 26522 "-" "curl/7.29.0"
74.206.190.68 - - [29/Jan/2026:21:30:18 -0500] "GET / HTTP/1.1" 200 26522 "-" "curl/7.29.0"
74.206.190.68 - - [29/Jan/2026:21:35:16 -0500] "GET / HTTP/1.1" 200 26522 "-" "curl/7.29.0"
74.206.190.68 - - [29/Jan/2026:21:40:29 -0500] "GET / HTTP/1.1" 200 26522 "-" "curl/7.29.0"
204.76.203.212 - - [29/Jan/2026:21:43:02 -0500] "GET / HTTP/1.1" 200 26522 "-" "Mozilla/5.0 (Windows NT 10.0; Win64; x64) AppleWebKit/537.36 (KHTML, like Gecko) Chrome/90.0.4430.85 Safari/537.36 Edg/90.0.818.46"
135.222.40.118 - - [29/Jan/2026:21:43:09 -0500] "GET /developmentserver/metadatauploader HTTP/1.1" 302 275 "-" "Mozilla/5.0 zgrab/0.x"
152.32.205.238 - - [29/Jan/2026:21:43:22 -0500] "POST /hello.world?%ADd+allow_url_include%3d1+%ADd+auto_prepend_file%3dphp://input HTTP/1.1" 302 275 "-" "libredtail-http"
74.206.190.68 - - [29/Jan/2026:21:45:17 -0500] "GET / HTTP/1.1" 200 26522 "-" "curl/7.29.0"
74.206.190.68 - - [29/Jan/2026:21:50:19 -0500] "GET / HTTP/1.1" 200 26522 "-" "curl/7.29.0"
74.206.190.68 - - [29/Jan/2026:21:55:17 -0500] "GET / HTTP/1.1" 200 26522 "-" "curl/7.29.0"
74.206.190.68 - - [29/Jan/2026:22:00:26 -0500] "GET / HTTP/1.1" 200 26522 "-" "curl/7.29.0"
74.206.190.68 - - [29/Jan/2026:22:05:17 -0500] "GET / HTTP/1.1" 200 26522 "-" "curl/7.29.0"
95.85.238.23 - - [29/Jan/2026:22:08:21 -0500] "GET /wp-login.php HTTP/1.1" 200 2396 "-" "Mozilla/5.0 (X11; Linux x86_64; rv:31.0) Gecko/20100101 Firefox/31.0"
95.85.238.23 - - [29/Jan/2026:22:08:27 -0500] "POST /wp-login.php HTTP/1.1" 200 3406 "-" "Mozilla/5.0 (X11; Linux x86_64; rv:31.0) Gecko/20100101 Firefox/31.0"
204.76.203.212 - - [29/Jan/2026:22:09:12 -0500] "GET / HTTP/1.1" 200 26522 "-" "Mozilla/5.0 (Windows NT 10.0; Win64; x64) AppleWebKit/537.36 (KHTML, like Gecko) Chrome/90.0.4430.85 Safari/537.36 Edg/90.0.818.46"
74.206.190.68 - - [29/Jan/2026:22:10:17 -0500] "GET / HTTP/1.1" 200 26522 "-" "curl/7.29.0"
74.206.190.68 - - [29/Jan/2026:22:15:17 -0500] "POST /wp-cron.php?doing_wp_cron=1769742917.8007369041442871093750 HTTP/1.1" 200 - "http://www.hollywooddorm.com/wp-cron.php?doing_wp_cron=1769742917.8007369041442871093750" "WordPress/4.9.16; http://www.hollywooddorm.com"
74.206.190.68 - - [29/Jan/2026:22:15:17 -0500] "GET / HTTP/1.1" 200 26522 "-" "curl/7.29.0"
74.206.190.68 - - [29/Jan/2026:22:20:24 -0500] "POST /wp-cron.php?doing_wp_cron=1769743224.7959930896759033203125 HTTP/1.1" 200 - "http://www.hollywooddorm.com/wp-cron.php?doing_wp_cron=1769743224.7959930896759033203125" "WordPress/4.9.16; http://www.hollywooddorm.com"
74.206.190.68 - - [29/Jan/2026:22:20:24 -0500] "GET / HTTP/1.1" 200 26522 "-" "curl/7.29.0"
74.206.190.68 - - [29/Jan/2026:22:25:23 -0500] "GET / HTTP/1.1" 200 26522 "-" "curl/7.29.0"
104.223.56.247 - - [29/Jan/2026:22:27:44 -0500] "GET / HTTP/1.1" 301 - "-" "Mozilla/5.0 (iPhone; CPU iPhone OS 18_0 like Mac OS X) AppleWebKit/605.1.15 (KHTML, like Gecko) Version/18.4 Mobile/15E148 Safari/604.1"
104.223.56.247 - - [29/Jan/2026:22:27:45 -0500] "GET / HTTP/1.1" 200 26522 "-" "Mozilla/5.0 (iPhone; CPU iPhone OS 18_0 like Mac OS X) AppleWebKit/605.1.15 (KHTML, like Gecko) Version/18.4 Mobile/15E148 Safari/604.1"
89.42.231.200 - - [29/Jan/2026:22:28:51 -0500] "GET /cgi-bin/luci/;stok=/locale HTTP/1.1" 302 275 "-" "-"
89.42.231.200 - - [29/Jan/2026:22:28:52 -0500] "GET / HTTP/1.1" 200 26522 "http://74.206.190.68:80/cgi-bin/luci/;stok=/locale" "-"
74.206.190.68 - - [29/Jan/2026:22:30:16 -0500] "GET / HTTP/1.1" 200 26522 "-" "curl/7.29.0"
204.76.203.212 - - [29/Jan/2026:22:32:10 -0500] "GET / HTTP/1.1" 200 26522 "-" "Mozilla/5.0 (Windows NT 10.0; Win64; x64) AppleWebKit/537.36 (KHTML, like Gecko) Chrome/90.0.4430.85 Safari/537.36 Edg/90.0.818.46"
74.206.190.68 - - [29/Jan/2026:22:35:16 -0500] "GET / HTTP/1.1" 200 26522 "-" "curl/7.29.0"
195.178.110.162 - - [29/Jan/2026:22:38:25 -0500] "GET /.git/config HTTP/1.1" 302 275 "-" "Mozilla/5.0 (Macintosh; Intel Mac OS X 10_14_6) AppleWebKit/537.36 (KHTML, like Gecko) Chrome/78.0.3888.0 Safari/537.36"
74.206.190.68 - - [29/Jan/2026:22:40:22 -0500] "GET / HTTP/1.1" 200 26522 "-" "curl/7.29.0"
74.206.190.68 - - [29/Jan/2026:22:45:18 -0500] "GET / HTTP/1.1" 200 26522 "-" "curl/7.29.0"
221.153.92.39 - - [29/Jan/2026:22:46:49 -0500] "GET //wp-json/wp/v2/posts HTTP/1.1" 302 279 "-" "Mozilla/5.0 (Windows NT 10.0; Win64; x64) AppleWebKit/537.36 (KHTML, like Gecko) Chrome/120.0.0.0 Safari/537.36"
74.206.190.68 - - [29/Jan/2026:22:50:18 -0500] "GET / HTTP/1.1" 200 26522 "-" "curl/7.29.0"
74.206.190.68 - - [29/Jan/2026:22:55:24 -0500] "GET / HTTP/1.1" 200 26522 "-" "curl/7.29.0"
204.76.203.212 - - [29/Jan/2026:22:58:11 -0500] "GET / HTTP/1.1" 200 26522 "-" "Mozilla/5.0 (Windows NT 10.0; Win64; x64) AppleWebKit/537.36 (KHTML, like Gecko) Chrome/90.0.4430.85 Safari/537.36 Edg/90.0.818.46"
74.206.190.68 - - [29/Jan/2026:23:00:24 -0500] "GET / HTTP/1.1" 200 26522 "-" "curl/7.29.0"
74.206.190.68 - - [29/Jan/2026:23:00:24 -0500] "POST /wp-cron.php?doing_wp_cron=1769745624.1423289775848388671875 HTTP/1.1" 200 - "http://www.hollywooddorm.com/wp-cron.php?doing_wp_cron=1769745624.1423289775848388671875" "WordPress/4.9.16; http://www.hollywooddorm.com"
74.206.190.68 - - [29/Jan/2026:23:05:19 -0500] "GET / HTTP/1.1" 200 26522 "-" "curl/7.29.0"
74.206.190.68 - - [29/Jan/2026:23:10:19 -0500] "GET / HTTP/1.1" 200 26522 "-" "curl/7.29.0"
74.206.190.68 - - [29/Jan/2026:23:15:20 -0500] "POST /wp-cron.php?doing_wp_cron=1769746520.0266840457916259765625 HTTP/1.1" 200 - "http://www.hollywooddorm.com/wp-cron.php?doing_wp_cron=1769746520.0266840457916259765625" "WordPress/4.9.16; http://www.hollywooddorm.com"
74.206.190.68 - - [29/Jan/2026:23:15:19 -0500] "GET / HTTP/1.1" 200 26522 "-" "curl/7.29.0"
74.206.190.68 - - [29/Jan/2026:23:17:29 -0500] "POST /wp-cron.php?doing_wp_cron=1769746649.3014280796051025390625 HTTP/1.1" 200 - "http://www.hollywooddorm.com/wp-cron.php?doing_wp_cron=1769746649.3014280796051025390625" "WordPress/4.9.16; http://www.hollywooddorm.com"
193.142.147.209 - - [29/Jan/2026:23:17:29 -0500] "POST / HTTP/1.1" 200 26522 "-" "Mozilla/5.0 (Windows NT 10.0; Win64; x64) AppleWebKit/537.36"
74.206.190.68 - - [29/Jan/2026:23:20:48 -0500] "GET / HTTP/1.1" 200 26522 "-" "curl/7.29.0"
204.76.203.212 - - [29/Jan/2026:23:21:12 -0500] "GET / HTTP/1.1" 200 26522 "-" "Mozilla/5.0 (Windows NT 10.0; Win64; x64) AppleWebKit/537.36 (KHTML, like Gecko) Chrome/90.0.4430.85 Safari/537.36 Edg/90.0.818.46"
17.241.75.136 - - [29/Jan/2026:23:22:44 -0500] "GET /robots.txt HTTP/1.1" 200 29 "-" "Mozilla/5.0 (Macintosh; Intel Mac OS X 10_15_7) AppleWebKit/605.1.15 (KHTML, like Gecko) Version/17.4 Safari/605.1.15 (Applebot/0.1; +http://www.apple.com/go/applebot)"
17.241.75.136 - - [29/Jan/2026:23:22:44 -0500] "GET /index.php/big-tits-pornstar/free-pornstar-tube.html HTTP/1.1" 200 22589 "-" "Mozilla/5.0 (Macintosh; Intel Mac OS X 10_15_7) AppleWebKit/605.1.15 (KHTML, like Gecko) Version/17.4 Safari/605.1.15 (Applebot/0.1; +http://www.apple.com/go/applebot)"
74.206.190.68 - - [29/Jan/2026:23:25:16 -0500] "GET / HTTP/1.1" 200 26522 "-" "curl/7.29.0"
74.206.190.68 - - [29/Jan/2026:23:30:21 -0500] "GET / HTTP/1.1" 200 26522 "-" "curl/7.29.0"
74.206.190.68 - - [29/Jan/2026:23:35:22 -0500] "GET / HTTP/1.1" 200 26522 "-" "curl/7.29.0"
104.131.60.16 - - [29/Jan/2026:23:35:23 -0500] "GET /mifs/c/windows/api/v2/device/registration HTTP/1.1" 302 275 "-" "Mozilla/5.0 (Windows NT 10.0; rv:91.0) Gecko/20100101 Firefox/91.0"
104.131.60.16 - - [29/Jan/2026:23:35:23 -0500] "GET /mifs/rs/api/v2/device/registration HTTP/1.1" 302 275 "-" "Mozilla/5.0 (X11; Linux x86_64) AppleWebKit/537.36 (KHTML, like Gecko) Chrome/124.0.0.0 Safari/537.36"
74.206.190.68 - - [29/Jan/2026:23:40:32 -0500] "GET / HTTP/1.1" 200 26522 "-" "curl/7.29.0"
45.61.187.77 - - [29/Jan/2026:23:43:28 -0500] "GET /wp-login.php HTTP/1.1" 200 2396 "-" "Mozilla/5.0 (Windows NT 6.2; WOW64) AppleWebKit/537.36 (KHTML, like Gecko) Chrome/36.0.1985.125 Safari/537.36"
45.61.187.77 - - [29/Jan/2026:23:43:29 -0500] "POST /wp-login.php HTTP/1.1" 200 3406 "-" "Mozilla/5.0 (Windows NT 6.2; WOW64) AppleWebKit/537.36 (KHTML, like Gecko) Chrome/36.0.1985.125 Safari/537.36"
74.206.190.68 - - [29/Jan/2026:23:45:17 -0500] "GET / HTTP/1.1" 200 26522 "-" "curl/7.29.0"
204.76.203.212 - - [29/Jan/2026:23:46:20 -0500] "GET / HTTP/1.1" 200 26522 "-" "Mozilla/5.0 (Windows NT 10.0; Win64; x64) AppleWebKit/537.36 (KHTML, like Gecko) Chrome/90.0.4430.85 Safari/537.36 Edg/90.0.818.46"
74.206.190.68 - - [29/Jan/2026:23:50:20 -0500] "GET / HTTP/1.1" 200 26522 "-" "curl/7.29.0"
89.42.231.200 - - [29/Jan/2026:23:50:53 -0500] "GET /cgi-bin/luci/;stok=/locale HTTP/1.1" 302 275 "-" "-"
89.42.231.200 - - [29/Jan/2026:23:50:54 -0500] "GET / HTTP/1.1" 200 26522 "http://74.206.190.68:80/cgi-bin/luci/;stok=/locale" "-"
74.206.190.68 - - [29/Jan/2026:23:55:28 -0500] "GET / HTTP/1.1" 200 26522 "-" "curl/7.29.0"
17.22.253.174 - - [29/Jan/2026:23:57:51 -0500] "GET /robots.txt HTTP/1.1" 200 29 "-" "Mozilla/5.0 (Macintosh; Intel Mac OS X 10_15_7) AppleWebKit/605.1.15 (KHTML, like Gecko) Version/17.4 Safari/605.1.15 (Applebot/0.1; +http://www.apple.com/go/applebot)"
17.22.253.174 - - [29/Jan/2026:23:57:51 -0500] "GET /index.php/teen-pornstar/pornstar-tube.html HTTP/1.1" 200 27235 "-" "Mozilla/5.0 (Macintosh; Intel Mac OS X 10_15_7) AppleWebKit/605.1.15 (KHTML, like Gecko) Version/17.4 Safari/605.1.15 (Applebot/0.1; +http://www.apple.com/go/applebot)"
74.206.190.68 - - [30/Jan/2026:00:00:28 -0500] "GET / HTTP/1.1" 200 26522 "-" "curl/7.29.0"
198.98.60.91 - - [30/Jan/2026:00:02:09 -0500] "GET /wp-login.php HTTP/1.1" 200 2396 "-" "Mozilla/5.0 (Windows NT 6.1; WOW64) AppleWebKit/537.36 (KHTML, like Gecko) Chrome/36.0.1985.143 Safari/537.36"
198.98.60.91 - - [30/Jan/2026:00:02:10 -0500] "POST /wp-login.php HTTP/1.1" 200 3388 "-" "Mozilla/5.0 (Windows NT 6.1; WOW64) AppleWebKit/537.36 (KHTML, like Gecko) Chrome/36.0.1985.143 Safari/537.36"
95.85.238.22 - - [30/Jan/2026:00:04:02 -0500] "GET /wp-login.php HTTP/1.1" 200 2396 "-" "Mozilla/5.0 (Windows NT 6.3; WOW64; rv:30.0) Gecko/20100101 Firefox/30.0"
95.85.238.22 - - [30/Jan/2026:00:04:04 -0500] "POST /wp-login.php HTTP/1.1" 200 3388 "-" "Mozilla/5.0 (Windows NT 6.3; WOW64; rv:30.0) Gecko/20100101 Firefox/30.0"
74.206.190.68 - - [30/Jan/2026:00:05:15 -0500] "GET / HTTP/1.1" 200 26522 "-" "curl/7.29.0"
141.138.213.100 - - [30/Jan/2026:00:06:03 -0500] "GET / HTTP/1.1" 301 - "-" "Mozilla/5.0 (Windows NT 10.0; Win64; x64) AppleWebKit/537.36 (KHTML, like Gecko) Chrome/121.0.0.0 Safari/537.3"
141.138.211.251 - - [30/Jan/2026:00:06:04 -0500] "GET / HTTP/1.1" 200 26522 "http://hollywooddorm.com/" "Mozilla/5.0 (Windows NT 10.0; Win64; x64) AppleWebKit/537.36 (KHTML, like Gecko) Chrome/121.0.0.0 Safari/537.3"
146.247.229.2 - - [30/Jan/2026:00:06:04 -0500] "GET /index.php/teen-pornstar/nasty-teen-couple-ready-for-hollywood-porn.html HTTP/1.1" 200 27746 "-" "Mozilla/5.0 (Windows NT 10.0; Win64; x64) AppleWebKit/537.36 (KHTML, like Gecko) Chrome/121.0.0.0 Safari/537.3"
192.36.53.210 - - [30/Jan/2026:00:06:05 -0500] "GET /index.php/teen-pornstar/boyfriend-bangs-girlfriend-on-live-cam.html HTTP/1.1" 200 27648 "-" "Mozilla/5.0 (Windows NT 10.0; Win64; x64) AppleWebKit/537.36 (KHTML, like Gecko) Chrome/121.0.0.0 Safari/537.3"
192.36.53.210 - - [30/Jan/2026:00:06:05 -0500] "GET /index.php/blonde-pornstar/tiffanybells-pornstar-sucks-cock.html HTTP/1.1" 200 24261 "-" "Mozilla/5.0 (Windows NT 10.0; Win64; x64) AppleWebKit/537.36 (KHTML, like Gecko) Chrome/121.0.0.0 Safari/537.3"
74.206.190.68 - - [30/Jan/2026:00:10:19 -0500] "GET / HTTP/1.1" 200 26522 "-" "curl/7.29.0"
74.206.190.68 - - [30/Jan/2026:00:14:59 -0500] "POST /wp-cron.php?doing_wp_cron=1769750099.0365281105041503906250 HTTP/1.1" 200 - "http://www.hollywooddorm.com/wp-cron.php?doing_wp_cron=1769750099.0365281105041503906250" "WordPress/4.9.16; http://www.hollywooddorm.com"
204.76.203.212 - - [30/Jan/2026:00:14:58 -0500] "GET / HTTP/1.1" 200 26522 "-" "Mozilla/5.0 (Windows NT 10.0; Win64; x64) AppleWebKit/537.36 (KHTML, like Gecko) Chrome/90.0.4430.85 Safari/537.36 Edg/90.0.818.46"
74.206.190.68 - - [30/Jan/2026:00:15:19 -0500] "GET / HTTP/1.1" 200 26522 "-" "curl/7.29.0"
74.206.190.68 - - [30/Jan/2026:00:20:35 -0500] "GET / HTTP/1.1" 200 26522 "-" "curl/7.29.0"
74.206.190.68 - - [30/Jan/2026:00:25:17 -0500] "GET / HTTP/1.1" 200 26522 "-" "curl/7.29.0"
34.150.223.83 - - [30/Jan/2026:00:29:17 -0500] "GET / HTTP/1.1" 200 26522 "-" "Mozilla/5.0 (Windows NT 10.0; Win64; x64) AppleWebKit/537.36 (KHTML, like Gecko) Chrome/102.0.5005.197 Safari/537.36"
74.206.190.68 - - [30/Jan/2026:00:30:16 -0500] "GET / HTTP/1.1" 200 26522 "-" "curl/7.29.0"
204.76.203.69 - - [30/Jan/2026:00:32:30 -0500] "GET / HTTP/1.1" 200 26522 "-" "-"
74.206.190.68 - - [30/Jan/2026:00:35:16 -0500] "GET / HTTP/1.1" 200 26522 "-" "curl/7.29.0"
204.76.203.212 - - [30/Jan/2026:00:36:35 -0500] "GET / HTTP/1.1" 200 26522 "-" "Mozilla/5.0 (Windows NT 10.0; Win64; x64) AppleWebKit/537.36 (KHTML, like Gecko) Chrome/90.0.4430.85 Safari/537.36 Edg/90.0.818.46"
91.224.92.115 - - [30/Jan/2026:00:37:54 -0500] "GET /cgi-bin/luci/;stok=/locale HTTP/1.1" 302 275 "-" "-"
147.185.132.197 - - [30/Jan/2026:00:39:59 -0500] "GET / HTTP/1.1" 200 26522 "-" "Hello from Palo Alto Networks, find out more about our scans in https://docs-cortex.paloaltonetworks.com/r/1/Cortex-Xpanse/Scanning-activity"
74.206.190.68 - - [30/Jan/2026:00:40:27 -0500] "GET / HTTP/1.1" 200 26522 "-" "curl/7.29.0"
43.156.156.96 - - [30/Jan/2026:00:44:27 -0500] "GET / HTTP/1.1" 200 26522 "-" "Mozilla/5.0 (iPhone; CPU iPhone OS 13_2_3 like Mac OS X) AppleWebKit/605.1.15 (KHTML, like Gecko) Version/13.0.3 Mobile/15E148 Safari/604.1"
74.206.190.68 - - [30/Jan/2026:00:45:17 -0500] "GET / HTTP/1.1" 200 26522 "-" "curl/7.29.0"
162.142.125.210 - - [30/Jan/2026:00:48:38 -0500] "GET /robots.txt HTTP/1.1" 200 29 "-" "Mozilla/5.0 (compatible; CensysInspect/1.1; +https://about.censys.io/)"
162.142.125.210 - - [30/Jan/2026:00:48:41 -0500] "GET /hyf67wkgoecr HTTP/1.1" 302 275 "-" "Mozilla/5.0 (compatible; CensysInspect/1.1; +https://about.censys.io/)"
74.206.190.68 - - [30/Jan/2026:00:50:15 -0500] "POST /wp-cron.php?doing_wp_cron=1769752215.8401589393615722656250 HTTP/1.1" 200 - "http://www.hollywooddorm.com/wp-cron.php?doing_wp_cron=1769752215.8401589393615722656250" "WordPress/4.9.16; http://www.hollywooddorm.com"
74.206.190.68 - - [30/Jan/2026:00:50:15 -0500] "GET / HTTP/1.1" 200 26522 "-" "curl/7.29.0"
74.206.190.68 - - [30/Jan/2026:00:55:18 -0500] "GET / HTTP/1.1" 200 26522 "-" "curl/7.29.0"
74.206.190.68 - - [30/Jan/2026:01:00:27 -0500] "GET / HTTP/1.1" 200 26522 "-" "curl/7.29.0"
204.76.203.212 - - [30/Jan/2026:01:01:45 -0500] "GET / HTTP/1.1" 200 26522 "-" "Mozilla/5.0 (Windows NT 10.0; Win64; x64) AppleWebKit/537.36 (KHTML, like Gecko) Chrome/90.0.4430.85 Safari/537.36 Edg/90.0.818.46"
74.206.190.68 - - [30/Jan/2026:01:05:17 -0500] "GET / HTTP/1.1" 200 26522 "-" "curl/7.29.0"
74.206.190.68 - - [30/Jan/2026:01:10:15 -0500] "GET / HTTP/1.1" 200 26522 "-" "curl/7.29.0"
89.42.231.200 - - [30/Jan/2026:01:14:11 -0500] "GET /cgi-bin/luci/;stok=/locale HTTP/1.1" 302 275 "-" "-"
74.206.190.68 - - [30/Jan/2026:01:14:12 -0500] "POST /wp-cron.php?doing_wp_cron=1769753652.3607099056243896484375 HTTP/1.1" 200 - "http://www.hollywooddorm.com/wp-cron.php?doing_wp_cron=1769753652.3607099056243896484375" "WordPress/4.9.16; http://www.hollywooddorm.com"
89.42.231.200 - - [30/Jan/2026:01:14:12 -0500] "GET / HTTP/1.1" 200 26522 "http://74.206.190.68:80/cgi-bin/luci/;stok=/locale" "-"
74.206.190.68 - - [30/Jan/2026:01:15:20 -0500] "GET / HTTP/1.1" 200 26522 "-" "curl/7.29.0"
74.206.190.68 - - [30/Jan/2026:01:21:20 -0500] "GET / HTTP/1.1" 200 26522 "-" "curl/7.29.0"
176.65.139.8 - - [30/Jan/2026:01:22:42 -0500] "GET / HTTP/1.1" 200 26522 "-" "-"
74.206.190.68 - - [30/Jan/2026:01:25:28 -0500] "GET / HTTP/1.1" 200 26522 "-" "curl/7.29.0"
204.76.203.212 - - [30/Jan/2026:01:29:20 -0500] "GET / HTTP/1.1" 200 26522 "-" "Mozilla/5.0 (Windows NT 10.0; Win64; x64) AppleWebKit/537.36 (KHTML, like Gecko) Chrome/90.0.4430.85 Safari/537.36 Edg/90.0.818.46"
74.206.190.68 - - [30/Jan/2026:01:30:24 -0500] "GET / HTTP/1.1" 200 26522 "-" "curl/7.29.0"
114.119.137.128 - - [30/Jan/2026:01:31:44 -0500] "GET /robots.txt HTTP/1.1" 200 29 "-" "Mozilla/5.0 (compatible;PetalBot;+https://webmaster.petalsearch.com/site/petalbot)"
193.142.147.209 - - [30/Jan/2026:01:32:49 -0500] "POST / HTTP/1.1" 200 26522 "-" "Mozilla/5.0 (Windows NT 10.0; Win64; x64) AppleWebKit/537.36"
74.206.190.68 - - [30/Jan/2026:01:35:20 -0500] "GET / HTTP/1.1" 200 26522 "-" "curl/7.29.0"
74.206.190.68 - - [30/Jan/2026:01:40:24 -0500] "GET / HTTP/1.1" 200 26522 "-" "curl/7.29.0"
128.199.103.139 - - [30/Jan/2026:01:41:35 -0500] "POST /hello.world?%ADd+allow_url_include%3d1+%ADd+auto_prepend_file%3dphp://input HTTP/1.1" 302 275 "-" "libredtail-http"
74.206.190.68 - - [30/Jan/2026:01:45:16 -0500] "GET / HTTP/1.1" 200 26522 "-" "curl/7.29.0"
176.65.148.220 - - [30/Jan/2026:01:49:52 -0500] "GET / HTTP/1.1" 200 26522 "-" "Mozilla/5.0 (Windows NT 10.0; Win64; x64) AppleWebKit/537.36 (KHTML, like Gecko) Chrome/90.0.4430.85 Safari/537.36 Edg/90.0.818.46"
74.206.190.68 - - [30/Jan/2026:01:50:17 -0500] "GET / HTTP/1.1" 200 26522 "-" "curl/7.29.0"
43.130.57.76 - - [30/Jan/2026:01:52:05 -0500] "GET / HTTP/1.1" 200 26522 "-" "Mozilla/5.0 (iPhone; CPU iPhone OS 13_2_3 like Mac OS X) AppleWebKit/605.1.15 (KHTML, like Gecko) Version/13.0.3 Mobile/15E148 Safari/604.1"
204.76.203.212 - - [30/Jan/2026:01:55:13 -0500] "GET / HTTP/1.1" 200 26522 "-" "Mozilla/5.0 (Windows NT 10.0; Win64; x64) AppleWebKit/537.36 (KHTML, like Gecko) Chrome/90.0.4430.85 Safari/537.36 Edg/90.0.818.46"
74.206.190.68 - - [30/Jan/2026:01:55:27 -0500] "GET / HTTP/1.1" 200 26522 "-" "curl/7.29.0"
74.206.190.68 - - [30/Jan/2026:02:00:26 -0500] "GET / HTTP/1.1" 200 26522 "-" "curl/7.29.0"
74.206.190.68 - - [30/Jan/2026:02:05:16 -0500] "GET / HTTP/1.1" 200 26522 "-" "curl/7.29.0"
74.206.190.68 - - [30/Jan/2026:02:10:16 -0500] "GET / HTTP/1.1" 200 26522 "-" "curl/7.29.0"
74.206.190.68 - - [30/Jan/2026:02:15:18 -0500] "POST /wp-cron.php?doing_wp_cron=1769757318.7721679210662841796875 HTTP/1.1" 200 - "http://www.hollywooddorm.com/wp-cron.php?doing_wp_cron=1769757318.7721679210662841796875" "WordPress/4.9.16; http://www.hollywooddorm.com"
74.206.190.68 - - [30/Jan/2026:02:15:18 -0500] "GET / HTTP/1.1" 200 26522 "-" "curl/7.29.0"
146.70.189.60 - - [30/Jan/2026:02:16:50 -0500] "GET / HTTP/1.1" 200 26522 "-" "Mozilla/5.0 (Windows NT 10.0; Win64; x64) AppleWebKit/537.36 (KHTML, like Gecko) Chrome/136.0.0.0 Safari/537.36"
204.76.203.212 - - [30/Jan/2026:02:19:39 -0500] "GET / HTTP/1.1" 200 26522 "-" "Mozilla/5.0 (Windows NT 10.0; Win64; x64) AppleWebKit/537.36 (KHTML, like Gecko) Chrome/90.0.4430.85 Safari/537.36 Edg/90.0.818.46"
74.206.190.68 - - [30/Jan/2026:02:20:28 -0500] "GET / HTTP/1.1" 200 26522 "-" "curl/7.29.0"
74.206.190.68 - - [30/Jan/2026:02:25:15 -0500] "GET / HTTP/1.1" 200 26522 "-" "curl/7.29.0"
74.206.190.68 - - [30/Jan/2026:02:30:15 -0500] "GET / HTTP/1.1" 200 26522 "-" "curl/7.29.0"
89.42.231.200 - - [30/Jan/2026:02:30:54 -0500] "GET /cgi-bin/luci/;stok=/locale HTTP/1.1" 302 275 "-" "-"
89.42.231.200 - - [30/Jan/2026:02:30:54 -0500] "GET / HTTP/1.1" 200 26522 "http://74.206.190.68:80/cgi-bin/luci/;stok=/locale" "-"
74.206.190.68 - - [30/Jan/2026:02:35:19 -0500] "GET / HTTP/1.1" 200 26522 "-" "curl/7.29.0"
74.206.190.68 - - [30/Jan/2026:02:40:27 -0500] "GET / HTTP/1.1" 200 26522 "-" "curl/7.29.0"
74.206.190.68 - - [30/Jan/2026:02:45:16 -0500] "GET / HTTP/1.1" 200 26522 "-" "curl/7.29.0"
204.76.203.212 - - [30/Jan/2026:02:46:50 -0500] "GET / HTTP/1.1" 200 26522 "-" "Mozilla/5.0 (Windows NT 10.0; Win64; x64) AppleWebKit/537.36 (KHTML, like Gecko) Chrome/90.0.4430.85 Safari/537.36 Edg/90.0.818.46"
74.206.190.68 - - [30/Jan/2026:02:50:27 -0500] "GET / HTTP/1.1" 200 26522 "-" "curl/7.29.0"
74.206.190.68 - - [30/Jan/2026:02:55:16 -0500] "GET / HTTP/1.1" 200 26522 "-" "curl/7.29.0"
74.206.190.68 - - [30/Jan/2026:03:00:25 -0500] "GET / HTTP/1.1" 200 26522 "-" "curl/7.29.0"
74.206.190.68 - - [30/Jan/2026:03:05:16 -0500] "GET / HTTP/1.1" 200 26522 "-" "curl/7.29.0"
74.206.190.68 - - [30/Jan/2026:03:10:19 -0500] "GET / HTTP/1.1" 200 26522 "-" "curl/7.29.0"
204.76.203.212 - - [30/Jan/2026:03:11:27 -0500] "GET / HTTP/1.1" 200 26522 "-" "Mozilla/5.0 (Windows NT 10.0; Win64; x64) AppleWebKit/537.36 (KHTML, like Gecko) Chrome/90.0.4430.85 Safari/537.36 Edg/90.0.818.46"
74.206.190.68 - - [30/Jan/2026:03:15:23 -0500] "POST /wp-cron.php?doing_wp_cron=1769760923.1963860988616943359375 HTTP/1.1" 200 - "http://www.hollywooddorm.com/wp-cron.php?doing_wp_cron=1769760923.1963860988616943359375" "WordPress/4.9.16; http://www.hollywooddorm.com"
