File: //home/httpd/logs/hollywooddorm.com_access_log
74.206.190.68 - - [31/Jan/2026:04:01:29 -0500] "GET / HTTP/1.1" 200 26522 "-" "curl/7.29.0"
114.119.152.143 - - [31/Jan/2026:04:02:44 -0500] "GET /index.php/tag/pornstar-xxx HTTP/1.1" 200 26366 "http://www.hollywooddorm.com/index.php/teen-pornstar/pornstar-xxx.html" "Mozilla/5.0 (Linux; Android 7.0;) AppleWebKit/537.36 (KHTML, like Gecko) Mobile Safari/537.36 (compatible; PetalBot;+https://webmaster.petalsearch.com/site/petalbot)"
204.76.203.212 - - [31/Jan/2026:04:03:57 -0500] "GET / HTTP/1.1" 200 26522 "-" "Mozilla/5.0 (Windows NT 10.0; Win64; x64) AppleWebKit/537.36 (KHTML, like Gecko) Chrome/90.0.4430.85 Safari/537.36 Edg/90.0.818.46"
74.206.190.68 - - [31/Jan/2026:04:05:29 -0500] "GET / HTTP/1.1" 200 26522 "-" "curl/7.29.0"
204.76.203.206 - - [31/Jan/2026:04:06:33 -0500] "GET / HTTP/1.1" 200 26522 "-" "Mozilla/5.0 (Windows NT 10.0; Win64; x64) AppleWebKit/537.36 (KHTML, like Gecko) Chrome/90.0.4430.85 Safari/537.36 Edg/90.0.818.46"
74.206.190.68 - - [31/Jan/2026:04:10:26 -0500] "GET / HTTP/1.1" 200 26522 "-" "curl/7.29.0"
74.206.190.68 - - [31/Jan/2026:04:15:26 -0500] "POST /wp-cron.php?doing_wp_cron=1769850926.6875278949737548828125 HTTP/1.1" 200 - "http://www.hollywooddorm.com/wp-cron.php?doing_wp_cron=1769850926.6875278949737548828125" "WordPress/4.9.16; http://www.hollywooddorm.com"
74.206.190.68 - - [31/Jan/2026:04:15:26 -0500] "GET / HTTP/1.1" 200 26522 "-" "curl/7.29.0"
20.102.89.79 - - [31/Jan/2026:04:16:21 -0500] "GET /druid/index.html HTTP/1.1" 302 275 "-" "Mozilla/5.0 zgrab/0.x"
3.134.148.59 - - [31/Jan/2026:04:18:26 -0500] "GET / HTTP/1.1" 200 26522 "-" "cypex.ai/scanning Mozilla/5.0 (Macintosh; Intel Mac OS X 10_15_7) Chrome/126.0.0.0 Safari/537.36"
74.206.190.68 - - [31/Jan/2026:04:20:28 -0500] "GET / HTTP/1.1" 200 26522 "-" "curl/7.29.0"
74.206.190.68 - - [31/Jan/2026:04:25:32 -0500] "GET / HTTP/1.1" 200 26522 "-" "curl/7.29.0"
204.76.203.212 - - [31/Jan/2026:04:28:42 -0500] "GET / HTTP/1.1" 200 26522 "-" "Mozilla/5.0 (Windows NT 10.0; Win64; x64) AppleWebKit/537.36 (KHTML, like Gecko) Chrome/90.0.4430.85 Safari/537.36 Edg/90.0.818.46"
74.206.190.68 - - [31/Jan/2026:04:30:24 -0500] "GET / HTTP/1.1" 200 26522 "-" "curl/7.29.0"
74.206.190.68 - - [31/Jan/2026:04:35:18 -0500] "GET / HTTP/1.1" 200 26522 "-" "curl/7.29.0"
185.247.137.195 - - [31/Jan/2026:04:37:36 -0500] "GET / HTTP/1.1" 200 26522 "-" "Mozilla/5.0 (compatible; InternetMeasurement/1.0; +https://internet-measurement.com/)"
204.76.203.206 - - [31/Jan/2026:04:39:18 -0500] "GET / HTTP/1.1" 200 26522 "-" "Mozilla/5.0 (Windows NT 10.0; Win64; x64) AppleWebKit/537.36 (KHTML, like Gecko) Chrome/90.0.4430.85 Safari/537.36 Edg/90.0.818.46"
204.76.203.69 - - [31/Jan/2026:04:39:53 -0500] "GET / HTTP/1.1" 200 26522 "-" "-"
74.206.190.68 - - [31/Jan/2026:04:40:30 -0500] "GET / HTTP/1.1" 200 26522 "-" "curl/7.29.0"
54.194.235.159 - - [31/Jan/2026:04:42:27 -0500] "GET /.env HTTP/1.1" 302 279 "-" "python-requests/2.26.0"
54.194.235.159 - - [31/Jan/2026:04:42:27 -0500] "GET / HTTP/1.1" 200 26522 "-" "python-requests/2.26.0"
54.194.235.159 - - [31/Jan/2026:04:42:28 -0500] "POST / HTTP/1.1" 200 26522 "-" "python-requests/2.26.0"
74.206.190.68 - - [31/Jan/2026:04:45:33 -0500] "GET / HTTP/1.1" 200 26522 "-" "curl/7.29.0"
74.206.190.68 - - [31/Jan/2026:04:50:23 -0500] "GET / HTTP/1.1" 200 26522 "-" "curl/7.29.0"
74.206.190.68 - - [31/Jan/2026:04:55:25 -0500] "GET / HTTP/1.1" 200 26522 "-" "curl/7.29.0"
204.76.203.212 - - [31/Jan/2026:04:56:41 -0500] "GET / HTTP/1.1" 200 26522 "-" "Mozilla/5.0 (Windows NT 10.0; Win64; x64) AppleWebKit/537.36 (KHTML, like Gecko) Chrome/90.0.4430.85 Safari/537.36 Edg/90.0.818.46"
74.206.190.68 - - [31/Jan/2026:05:00:30 -0500] "GET / HTTP/1.1" 200 26522 "-" "curl/7.29.0"
89.42.231.200 - - [31/Jan/2026:05:02:13 -0500] "GET /SDK/webLanguage HTTP/1.1" 302 275 "-" "Mozilla/5.0 (Windows NT 10.0; Win64; x64) AppleWebKit/537.36 (KHTML, like Gecko) Chrome/90.0.4430.85 Safari/537.36 Edg/90.0.818.46"
74.206.190.68 - - [31/Jan/2026:05:05:33 -0500] "GET / HTTP/1.1" 200 26522 "-" "curl/7.29.0"
204.76.203.206 - - [31/Jan/2026:05:06:37 -0500] "GET / HTTP/1.1" 200 26522 "-" "Mozilla/5.0 (Windows NT 10.0; Win64; x64) AppleWebKit/537.36 (KHTML, like Gecko) Chrome/90.0.4430.85 Safari/537.36 Edg/90.0.818.46"
74.206.190.68 - - [31/Jan/2026:05:10:20 -0500] "GET / HTTP/1.1" 200 26522 "-" "curl/7.29.0"
74.206.190.68 - - [31/Jan/2026:05:15:20 -0500] "POST /wp-cron.php?doing_wp_cron=1769854520.8299860954284667968750 HTTP/1.1" 200 - "http://www.hollywooddorm.com/wp-cron.php?doing_wp_cron=1769854520.8299860954284667968750" "WordPress/4.9.16; http://www.hollywooddorm.com"
74.206.190.68 - - [31/Jan/2026:05:15:20 -0500] "GET / HTTP/1.1" 200 26522 "-" "curl/7.29.0"
74.206.190.68 - - [31/Jan/2026:05:20:28 -0500] "GET / HTTP/1.1" 200 26522 "-" "curl/7.29.0"
204.76.203.212 - - [31/Jan/2026:05:21:11 -0500] "GET / HTTP/1.1" 200 26522 "-" "Mozilla/5.0 (Windows NT 10.0; Win64; x64) AppleWebKit/537.36 (KHTML, like Gecko) Chrome/90.0.4430.85 Safari/537.36 Edg/90.0.818.46"
74.206.190.68 - - [31/Jan/2026:05:25:22 -0500] "GET / HTTP/1.1" 200 26522 "-" "curl/7.29.0"
193.142.147.209 - - [31/Jan/2026:05:29:30 -0500] "POST / HTTP/1.1" 200 26522 "-" "Mozilla/5.0 (Windows NT 10.0; Win64; x64) AppleWebKit/537.36"
74.206.190.68 - - [31/Jan/2026:05:30:21 -0500] "GET / HTTP/1.1" 200 26522 "-" "curl/7.29.0"
204.76.203.18 - - [31/Jan/2026:05:35:11 -0500] "GET / HTTP/1.1" 200 26522 "-" "-"
74.206.190.68 - - [31/Jan/2026:05:35:25 -0500] "GET / HTTP/1.1" 200 26522 "-" "curl/7.29.0"
204.76.203.206 - - [31/Jan/2026:05:40:17 -0500] "GET / HTTP/1.1" 200 26522 "-" "Mozilla/5.0 (Windows NT 10.0; Win64; x64) AppleWebKit/537.36 (KHTML, like Gecko) Chrome/90.0.4430.85 Safari/537.36 Edg/90.0.818.46"
74.206.190.68 - - [31/Jan/2026:05:40:30 -0500] "GET / HTTP/1.1" 200 26522 "-" "curl/7.29.0"
217.216.34.160 - - [31/Jan/2026:05:42:21 -0500] "POST /hello.world?%ADd+allow_url_include%3d1+%ADd+auto_prepend_file%3dphp://input HTTP/1.1" 302 275 "-" "libredtail-http"
204.76.203.69 - - [31/Jan/2026:05:42:54 -0500] "GET / HTTP/1.1" 200 26522 "-" "Mozilla/5.0 (Windows NT 10.0; Win64; x64) AppleWebKit/537.36 (KHTML, like Gecko) Chrome/90.0.4430.85 Safari/537.36 Edg/90.0.818.46"
107.189.12.18 - - [31/Jan/2026:05:43:40 -0500] "GET /wp-login.php HTTP/1.1" 200 2396 "-" "Mozilla/5.0 (Windows NT 6.2; WOW64) AppleWebKit/537.36 (KHTML, like Gecko) Chrome/36.0.1985.125 Safari/537.36"
107.189.12.18 - - [31/Jan/2026:05:43:41 -0500] "POST /wp-login.php HTTP/1.1" 200 3388 "-" "Mozilla/5.0 (Windows NT 6.2; WOW64) AppleWebKit/537.36 (KHTML, like Gecko) Chrome/36.0.1985.125 Safari/537.36"
17.246.15.197 - - [31/Jan/2026:05:45:09 -0500] "GET /robots.txt HTTP/1.1" 200 29 "-" "Mozilla/5.0 (Macintosh; Intel Mac OS X 10_15_7) AppleWebKit/605.1.15 (KHTML, like Gecko) Version/17.4 Safari/605.1.15 (Applebot/0.1; +http://www.apple.com/go/applebot)"
17.246.15.197 - - [31/Jan/2026:05:45:09 -0500] "GET /index.php/brunette-pornstar/pornstars-bedroom-fuck.html HTTP/1.1" 200 24030 "-" "Mozilla/5.0 (Macintosh; Intel Mac OS X 10_15_7) AppleWebKit/605.1.15 (KHTML, like Gecko) Version/17.4 Safari/605.1.15 (Applebot/0.1; +http://www.apple.com/go/applebot)"
74.206.190.68 - - [31/Jan/2026:05:45:29 -0500] "GET / HTTP/1.1" 200 26522 "-" "curl/7.29.0"
104.200.30.32 - - [31/Jan/2026:05:45:33 -0500] "GET / HTTP/1.1" 200 26522 "-" "ANK-WALK Internet Research Project - see https://your-domain.com"
204.76.203.18 - - [31/Jan/2026:05:46:14 -0500] "GET /bins/ HTTP/1.1" 302 275 "-" "-"
204.76.203.212 - - [31/Jan/2026:05:48:05 -0500] "GET / HTTP/1.1" 200 26522 "-" "Mozilla/5.0 (Windows NT 10.0; Win64; x64) AppleWebKit/537.36 (KHTML, like Gecko) Chrome/90.0.4430.85 Safari/537.36 Edg/90.0.818.46"
17.246.19.202 - - [31/Jan/2026:05:49:52 -0500] "GET /index.php/brunette-pornstar/video.mp4 HTTP/1.1" 404 18306 "http://www.hollywooddorm.com/index.php/brunette-pornstar/pornstars-bedroom-fuck.html" "Mozilla/5.0 (Macintosh; Intel Mac OS X 10_15_7) AppleWebKit/605.1.15 (KHTML, like Gecko) Version/17.4 Safari/605.1.15 (Applebot/0.1; +http://www.apple.com/go/applebot)"
74.206.190.68 - - [31/Jan/2026:05:50:27 -0500] "GET / HTTP/1.1" 200 26522 "-" "curl/7.29.0"
74.206.190.68 - - [31/Jan/2026:05:55:26 -0500] "GET / HTTP/1.1" 200 26522 "-" "curl/7.29.0"
74.206.190.68 - - [31/Jan/2026:06:00:31 -0500] "GET / HTTP/1.1" 200 26522 "-" "curl/7.29.0"
74.206.190.68 - - [31/Jan/2026:06:05:20 -0500] "GET / HTTP/1.1" 200 26522 "-" "curl/7.29.0"
74.206.190.68 - - [31/Jan/2026:06:10:08 -0500] "POST /wp-cron.php?doing_wp_cron=1769857808.0866529941558837890625 HTTP/1.1" 200 - "http://www.hollywooddorm.com/wp-cron.php?doing_wp_cron=1769857808.0866529941558837890625" "WordPress/4.9.16; http://www.hollywooddorm.com"
204.76.203.212 - - [31/Jan/2026:06:10:07 -0500] "GET / HTTP/1.1" 200 26522 "-" "Mozilla/5.0 (Windows NT 10.0; Win64; x64) AppleWebKit/537.36 (KHTML, like Gecko) Chrome/90.0.4430.85 Safari/537.36 Edg/90.0.818.46"
74.206.190.68 - - [31/Jan/2026:06:10:20 -0500] "GET / HTTP/1.1" 200 26522 "-" "curl/7.29.0"
204.76.203.206 - - [31/Jan/2026:06:11:40 -0500] "GET / HTTP/1.1" 200 26522 "-" "Mozilla/5.0 (Windows NT 10.0; Win64; x64) AppleWebKit/537.36 (KHTML, like Gecko) Chrome/90.0.4430.85 Safari/537.36 Edg/90.0.818.46"
5.61.209.92 - - [31/Jan/2026:06:12:11 -0500] "GET /SDK/webLanguage HTTP/1.1" 302 275 "-" "Mozilla/5.0 (Windows NT 10.0; Win64; x64) AppleWebKit/537.36 (KHTML, like Gecko) Chrome/90.0.4430.85 Safari/537.36 Edg/90.0.818.46"
74.206.190.68 - - [31/Jan/2026:06:15:23 -0500] "POST /wp-cron.php?doing_wp_cron=1769858123.7468578815460205078125 HTTP/1.1" 200 - "http://www.hollywooddorm.com/wp-cron.php?doing_wp_cron=1769858123.7468578815460205078125" "WordPress/4.9.16; http://www.hollywooddorm.com"
74.206.190.68 - - [31/Jan/2026:06:15:23 -0500] "GET / HTTP/1.1" 200 26522 "-" "curl/7.29.0"
170.106.181.163 - - [31/Jan/2026:06:19:35 -0500] "GET / HTTP/1.1" 200 26522 "-" "Mozilla/5.0 (iPhone; CPU iPhone OS 13_2_3 like Mac OS X) AppleWebKit/605.1.15 (KHTML, like Gecko) Version/13.0.3 Mobile/15E148 Safari/604.1"
74.206.190.68 - - [31/Jan/2026:06:20:34 -0500] "GET / HTTP/1.1" 200 26522 "-" "curl/7.29.0"
74.206.190.68 - - [31/Jan/2026:06:25:23 -0500] "GET / HTTP/1.1" 200 26522 "-" "curl/7.29.0"
74.206.190.68 - - [31/Jan/2026:06:30:23 -0500] "GET / HTTP/1.1" 200 26522 "-" "curl/7.29.0"
74.206.190.68 - - [31/Jan/2026:06:35:24 -0500] "GET / HTTP/1.1" 200 26522 "-" "curl/7.29.0"
204.76.203.212 - - [31/Jan/2026:06:36:17 -0500] "GET / HTTP/1.1" 200 26522 "-" "Mozilla/5.0 (Windows NT 10.0; Win64; x64) AppleWebKit/537.36 (KHTML, like Gecko) Chrome/90.0.4430.85 Safari/537.36 Edg/90.0.818.46"
74.206.190.68 - - [31/Jan/2026:06:40:39 -0500] "GET / HTTP/1.1" 200 26522 "-" "curl/7.29.0"
204.76.203.206 - - [31/Jan/2026:06:42:19 -0500] "GET / HTTP/1.1" 200 26522 "-" "Mozilla/5.0 (Windows NT 10.0; Win64; x64) AppleWebKit/537.36 (KHTML, like Gecko) Chrome/90.0.4430.85 Safari/537.36 Edg/90.0.818.46"
74.206.190.68 - - [31/Jan/2026:06:45:24 -0500] "GET / HTTP/1.1" 200 26522 "-" "curl/7.29.0"
167.94.138.205 - - [31/Jan/2026:06:48:01 -0500] "GET /robots.txt HTTP/1.1" 200 29 "-" "Mozilla/5.0 (compatible; CensysInspect/1.1; +https://about.censys.io/)"
167.94.138.205 - - [31/Jan/2026:06:48:07 -0500] "GET /479f4lv6wfuawdzszf HTTP/1.1" 302 275 "-" "Mozilla/5.0 (compatible; CensysInspect/1.1; +https://about.censys.io/)"
74.206.190.68 - - [31/Jan/2026:06:50:19 -0500] "GET / HTTP/1.1" 200 26522 "-" "curl/7.29.0"
152.228.220.143 - - [31/Jan/2026:06:53:39 -0500] "GET /index.php/feed HTTP/1.1" 200 15826 "-" "Mozilla/5.0 (X11; Linux i686) AppleWebKit/537.36 (KHTML, like Gecko) Chrome/30.0.1599.66 Safari/537.36"
74.206.190.68 - - [31/Jan/2026:06:55:24 -0500] "GET / HTTP/1.1" 200 26522 "-" "curl/7.29.0"
152.228.220.143 - - [31/Jan/2026:06:58:30 -0500] "GET /index.php/blonde-pornstar/hollywood-blonde-pornstar.html/feed HTTP/1.1" 200 933 "-" "Mozilla/5.0 (X11; Linux i686) AppleWebKit/537.36 (KHTML, like Gecko) Chrome/30.0.1599.66 Safari/537.36"
74.206.190.68 - - [31/Jan/2026:07:00:30 -0500] "GET / HTTP/1.1" 200 26522 "-" "curl/7.29.0"
204.76.203.212 - - [31/Jan/2026:07:02:04 -0500] "GET / HTTP/1.1" 200 26522 "-" "Mozilla/5.0 (Windows NT 10.0; Win64; x64) AppleWebKit/537.36 (KHTML, like Gecko) Chrome/90.0.4430.85 Safari/537.36 Edg/90.0.818.46"
74.206.190.68 - - [31/Jan/2026:07:05:31 -0500] "GET / HTTP/1.1" 200 26522 "-" "curl/7.29.0"
204.76.203.206 - - [31/Jan/2026:07:09:33 -0500] "GET / HTTP/1.1" 200 26522 "-" "Mozilla/5.0 (Windows NT 10.0; Win64; x64) AppleWebKit/537.36 (KHTML, like Gecko) Chrome/90.0.4430.85 Safari/537.36 Edg/90.0.818.46"
74.206.190.68 - - [31/Jan/2026:07:10:32 -0500] "GET / HTTP/1.1" 200 26522 "-" "curl/7.29.0"
74.206.190.68 - - [31/Jan/2026:07:15:25 -0500] "POST /wp-cron.php?doing_wp_cron=1769861725.7052810192108154296875 HTTP/1.1" 200 - "http://www.hollywooddorm.com/wp-cron.php?doing_wp_cron=1769861725.7052810192108154296875" "WordPress/4.9.16; http://www.hollywooddorm.com"
74.206.190.68 - - [31/Jan/2026:07:15:25 -0500] "GET / HTTP/1.1" 200 26522 "-" "curl/7.29.0"
74.206.190.68 - - [31/Jan/2026:07:20:28 -0500] "GET / HTTP/1.1" 200 26522 "-" "curl/7.29.0"
91.224.92.115 - - [31/Jan/2026:07:22:38 -0500] "GET /cgi-bin/luci/;stok=/locale HTTP/1.1" 302 275 "-" "-"
74.206.190.68 - - [31/Jan/2026:07:25:20 -0500] "GET / HTTP/1.1" 200 26522 "-" "curl/7.29.0"
204.76.203.212 - - [31/Jan/2026:07:28:11 -0500] "GET / HTTP/1.1" 200 26522 "-" "Mozilla/5.0 (Windows NT 10.0; Win64; x64) AppleWebKit/537.36 (KHTML, like Gecko) Chrome/90.0.4430.85 Safari/537.36 Edg/90.0.818.46"
74.206.190.68 - - [31/Jan/2026:07:30:19 -0500] "GET / HTTP/1.1" 200 26522 "-" "curl/7.29.0"
43.130.12.43 - - [31/Jan/2026:07:32:11 -0500] "GET / HTTP/1.1" 200 26522 "-" "Mozilla/5.0 (iPhone; CPU iPhone OS 13_2_3 like Mac OS X) AppleWebKit/605.1.15 (KHTML, like Gecko) Version/13.0.3 Mobile/15E148 Safari/604.1"
74.206.190.68 - - [31/Jan/2026:07:35:26 -0500] "GET / HTTP/1.1" 200 26522 "-" "curl/7.29.0"
74.206.190.68 - - [31/Jan/2026:07:41:06 -0500] "GET / HTTP/1.1" 200 26522 "-" "curl/7.29.0"
204.76.203.206 - - [31/Jan/2026:07:43:24 -0500] "GET / HTTP/1.1" 200 26522 "-" "Mozilla/5.0 (Windows NT 10.0; Win64; x64) AppleWebKit/537.36 (KHTML, like Gecko) Chrome/90.0.4430.85 Safari/537.36 Edg/90.0.818.46"
193.142.147.209 - - [31/Jan/2026:07:45:05 -0500] "POST / HTTP/1.1" 200 26522 "-" "Mozilla/5.0 (Windows NT 10.0; Win64; x64) AppleWebKit/537.36"
74.206.190.68 - - [31/Jan/2026:07:45:35 -0500] "GET / HTTP/1.1" 200 26522 "-" "curl/7.29.0"
74.206.190.68 - - [31/Jan/2026:07:50:24 -0500] "GET / HTTP/1.1" 200 26522 "-" "curl/7.29.0"
204.76.203.212 - - [31/Jan/2026:07:54:47 -0500] "GET / HTTP/1.1" 200 26522 "-" "Mozilla/5.0 (Windows NT 10.0; Win64; x64) AppleWebKit/537.36 (KHTML, like Gecko) Chrome/90.0.4430.85 Safari/537.36 Edg/90.0.818.46"
74.206.190.68 - - [31/Jan/2026:07:55:19 -0500] "GET / HTTP/1.1" 200 26522 "-" "curl/7.29.0"
74.206.190.68 - - [31/Jan/2026:08:00:24 -0500] "GET / HTTP/1.1" 200 26522 "-" "curl/7.29.0"
114.119.154.237 - - [31/Jan/2026:08:02:21 -0500] "GET /index.php/tag/hollywood HTTP/1.1" 200 22314 "http://www.hollywooddorm.com/index.php/blonde-pornstar/pornstar-in-hollywood.html" "Mozilla/5.0 (Linux; Android 7.0;) AppleWebKit/537.36 (KHTML, like Gecko) Mobile Safari/537.36 (compatible; PetalBot;+https://webmaster.petalsearch.com/site/petalbot)"
74.206.190.68 - - [31/Jan/2026:08:05:20 -0500] "GET / HTTP/1.1" 200 26522 "-" "curl/7.29.0"
74.206.190.68 - - [31/Jan/2026:08:10:19 -0500] "GET / HTTP/1.1" 200 26522 "-" "curl/7.29.0"
185.241.208.170 - - [31/Jan/2026:08:11:02 -0500] "GET /.env HTTP/1.1" 302 275 "-" "Mozilla/5.0 (Windows NT 10.0; WOW64) AppleWebKit/537.36 (KHTML, like Gecko) Chrome/75.0.3770.143 YaBrowser/19.7.1.114 Yowser/2.5 Safari/537.36"
74.206.190.68 - - [31/Jan/2026:08:14:20 -0500] "POST /wp-cron.php?doing_wp_cron=1769865260.5501980781555175781250 HTTP/1.1" 200 - "http://www.hollywooddorm.com/wp-cron.php?doing_wp_cron=1769865260.5501980781555175781250" "WordPress/4.9.16; http://www.hollywooddorm.com"
204.76.203.206 - - [31/Jan/2026:08:14:20 -0500] "GET / HTTP/1.1" 200 26522 "-" "Mozilla/5.0 (Windows NT 10.0; Win64; x64) AppleWebKit/537.36 (KHTML, like Gecko) Chrome/90.0.4430.85 Safari/537.36 Edg/90.0.818.46"
74.206.190.68 - - [31/Jan/2026:08:15:24 -0500] "GET / HTTP/1.1" 200 26522 "-" "curl/7.29.0"
204.76.203.212 - - [31/Jan/2026:08:19:28 -0500] "GET / HTTP/1.1" 200 26522 "-" "Mozilla/5.0 (Windows NT 10.0; Win64; x64) AppleWebKit/537.36 (KHTML, like Gecko) Chrome/90.0.4430.85 Safari/537.36 Edg/90.0.818.46"
220.169.121.131 - - [31/Jan/2026:08:19:56 -0500] "GET / HTTP/1.1" 200 26522 "-" "-"
220.169.121.131 - - [31/Jan/2026:08:20:01 -0500] "POST /sdk HTTP/1.1" 302 275 "-" "Mozilla/5.0(WindowsNT10.0;Win64;x64)AppleWebKit/537.36(KHTML,likeGecko)Chrome/86.0.4240.111Safari/537.36"
220.169.121.131 - - [31/Jan/2026:08:20:01 -0500] "GET /nmaplowercheck1769865600 HTTP/1.1" 302 275 "-" "Mozilla/5.0(WindowsNT10.0;Win64;x64)AppleWebKit/537.36(KHTML,likeGecko)Chrome/86.0.4240.111Safari/537.36"
220.169.121.131 - - [31/Jan/2026:08:20:01 -0500] "HEAD / HTTP/1.1" 200 - "-" "Mozilla/5.0(WindowsNT10.0;Win64;x64)AppleWebKit/537.36(KHTML,likeGecko)Chrome/86.0.4240.111Safari/537.36"
220.169.121.131 - - [31/Jan/2026:08:20:01 -0500] "GET / HTTP/1.1" 200 26522 "-" "-"
220.169.121.131 - - [31/Jan/2026:08:20:01 -0500] "GET /HNAP1 HTTP/1.1" 302 275 "-" "Mozilla/5.0(WindowsNT10.0;Win64;x64)AppleWebKit/537.36(KHTML,likeGecko)Chrome/86.0.4240.111Safari/537.36"
220.169.121.131 - - [31/Jan/2026:08:20:01 -0500] "GET /evox/about HTTP/1.1" 302 275 "-" "Mozilla/5.0(WindowsNT10.0;Win64;x64)AppleWebKit/537.36(KHTML,likeGecko)Chrome/86.0.4240.111Safari/537.36"
220.169.121.131 - - [31/Jan/2026:08:20:12 -0500] "GET / HTTP/1.1" 200 26522 "-" "-"
220.169.121.131 - - [31/Jan/2026:08:20:12 -0500] "GET / HTTP/1.1" 200 26522 "-" "-"
74.206.190.68 - - [31/Jan/2026:08:20:28 -0500] "GET / HTTP/1.1" 200 26522 "-" "curl/7.29.0"
74.206.190.68 - - [31/Jan/2026:08:25:18 -0500] "GET / HTTP/1.1" 200 26522 "-" "curl/7.29.0"
35.233.5.189 - - [31/Jan/2026:08:26:06 -0500] "GET / HTTP/1.1" 200 26522 "-" "python-requests/2.32.5"
74.206.190.68 - - [31/Jan/2026:08:30:20 -0500] "GET / HTTP/1.1" 200 26522 "-" "curl/7.29.0"
83.217.208.173 - - [31/Jan/2026:08:30:37 -0500] "GET /wp-login.php HTTP/1.1" 200 2396 "-" "Mozilla/5.0 (Windows NT 6.1; rv:30.0) Gecko/20100101 Firefox/30.0"
83.217.208.173 - - [31/Jan/2026:08:30:37 -0500] "POST /wp-login.php HTTP/1.1" 200 3388 "-" "Mozilla/5.0 (Windows NT 6.1; rv:30.0) Gecko/20100101 Firefox/30.0"
74.206.190.68 - - [31/Jan/2026:08:35:26 -0500] "GET / HTTP/1.1" 200 26522 "-" "curl/7.29.0"
74.206.190.68 - - [31/Jan/2026:08:40:26 -0500] "GET / HTTP/1.1" 200 26522 "-" "curl/7.29.0"
204.76.203.206 - - [31/Jan/2026:08:43:28 -0500] "GET / HTTP/1.1" 200 26522 "-" "Mozilla/5.0 (Windows NT 10.0; Win64; x64) AppleWebKit/537.36 (KHTML, like Gecko) Chrome/90.0.4430.85 Safari/537.36 Edg/90.0.818.46"
204.76.203.212 - - [31/Jan/2026:08:44:12 -0500] "GET / HTTP/1.1" 200 26522 "-" "Mozilla/5.0 (Windows NT 10.0; Win64; x64) AppleWebKit/537.36 (KHTML, like Gecko) Chrome/90.0.4430.85 Safari/537.36 Edg/90.0.818.46"
74.206.190.68 - - [31/Jan/2026:08:45:26 -0500] "GET / HTTP/1.1" 200 26522 "-" "curl/7.29.0"
74.206.190.68 - - [31/Jan/2026:08:50:22 -0500] "GET / HTTP/1.1" 200 26522 "-" "curl/7.29.0"
74.206.190.68 - - [31/Jan/2026:08:55:18 -0500] "GET / HTTP/1.1" 200 26522 "-" "curl/7.29.0"
74.206.190.68 - - [31/Jan/2026:09:00:32 -0500] "GET / HTTP/1.1" 200 26522 "-" "curl/7.29.0"
74.206.190.68 - - [31/Jan/2026:09:05:19 -0500] "GET / HTTP/1.1" 200 26522 "-" "curl/7.29.0"
204.76.203.212 - - [31/Jan/2026:09:09:47 -0500] "GET / HTTP/1.1" 200 26522 "-" "Mozilla/5.0 (Windows NT 10.0; Win64; x64) AppleWebKit/537.36 (KHTML, like Gecko) Chrome/90.0.4430.85 Safari/537.36 Edg/90.0.818.46"
74.206.190.68 - - [31/Jan/2026:09:10:22 -0500] "GET / HTTP/1.1" 200 26522 "-" "curl/7.29.0"
74.206.190.68 - - [31/Jan/2026:09:15:16 -0500] "POST /wp-cron.php?doing_wp_cron=1769868916.3183760643005371093750 HTTP/1.1" 200 - "http://www.hollywooddorm.com/wp-cron.php?doing_wp_cron=1769868916.3183760643005371093750" "WordPress/4.9.16; http://www.hollywooddorm.com"
204.76.203.206 - - [31/Jan/2026:09:15:16 -0500] "GET / HTTP/1.1" 200 26522 "-" "Mozilla/5.0 (Windows NT 10.0; Win64; x64) AppleWebKit/537.36 (KHTML, like Gecko) Chrome/90.0.4430.85 Safari/537.36 Edg/90.0.818.46"
74.206.190.68 - - [31/Jan/2026:09:15:23 -0500] "GET / HTTP/1.1" 200 26522 "-" "curl/7.29.0"
74.206.190.68 - - [31/Jan/2026:09:20:29 -0500] "GET / HTTP/1.1" 200 26522 "-" "curl/7.29.0"
74.206.190.68 - - [31/Jan/2026:09:25:25 -0500] "GET / HTTP/1.1" 200 26522 "-" "curl/7.29.0"
74.206.190.68 - - [31/Jan/2026:09:30:18 -0500] "GET / HTTP/1.1" 200 26522 "-" "curl/7.29.0"
204.76.203.212 - - [31/Jan/2026:09:34:56 -0500] "GET / HTTP/1.1" 200 26522 "-" "Mozilla/5.0 (Windows NT 10.0; Win64; x64) AppleWebKit/537.36 (KHTML, like Gecko) Chrome/90.0.4430.85 Safari/537.36 Edg/90.0.818.46"
74.206.190.68 - - [31/Jan/2026:09:35:19 -0500] "GET / HTTP/1.1" 200 26522 "-" "curl/7.29.0"
112.94.190.143 - - [31/Jan/2026:09:40:18 -0500] "GET / HTTP/1.1" 200 26522 "-" "Mozilla/5.0 (Windows NT 10.0; Win64; x64) AppleWebKit/537.36 (KHTML, like Gecko) Chrome/121.0.0.0 Safari/537.36"
74.206.190.68 - - [31/Jan/2026:09:40:35 -0500] "GET / HTTP/1.1" 200 26522 "-" "curl/7.29.0"
47.76.249.245 - - [31/Jan/2026:09:40:36 -0500] "GET /api/v1/guest/comm/config HTTP/1.1" 302 275 "-" "Mozilla/5.0 (Macintosh; Intel Mac OS X 10_15_7) AppleWebKit/537.36 (KHTML, like Gecko) Chrome/121.0.0.0 Safari/537.36"
47.76.249.245 - - [31/Jan/2026:09:40:41 -0500] "GET / HTTP/1.1" 200 26522 "-" "Mozilla/5.0 (Macintosh; Intel Mac OS X 10_15_7) AppleWebKit/605.1.15 (KHTML, like Gecko) Version/17.2.1 Safari/605.1.15"
77.83.39.197 - - [31/Jan/2026:09:43:11 -0500] "GET /.env HTTP/1.1" 302 275 "-" "Mozilla/5.0 (X11; U; OpenBSD i386; en-US) AppleWebKit/533.3 (KHTML, like Gecko) Chrome/5.0.359.0 Safari/533.3"
74.206.190.68 - - [31/Jan/2026:09:45:26 -0500] "GET / HTTP/1.1" 200 26522 "-" "curl/7.29.0"
204.76.203.206 - - [31/Jan/2026:09:45:28 -0500] "GET / HTTP/1.1" 200 26522 "-" "Mozilla/5.0 (Windows NT 10.0; Win64; x64) AppleWebKit/537.36 (KHTML, like Gecko) Chrome/90.0.4430.85 Safari/537.36 Edg/90.0.818.46"
95.85.238.23 - - [31/Jan/2026:09:47:34 -0500] "GET /wp-login.php HTTP/1.1" 200 2396 "-" "Mozilla/5.0 (Windows NT 5.1) AppleWebKit/537.36 (KHTML, like Gecko) Chrome/36.0.1985.125 Safari/537.36"
95.85.238.23 - - [31/Jan/2026:09:47:34 -0500] "POST /wp-login.php HTTP/1.1" 200 3406 "-" "Mozilla/5.0 (Windows NT 5.1) AppleWebKit/537.36 (KHTML, like Gecko) Chrome/36.0.1985.125 Safari/537.36"
74.206.190.68 - - [31/Jan/2026:09:50:22 -0500] "GET / HTTP/1.1" 200 26522 "-" "curl/7.29.0"
74.206.190.68 - - [31/Jan/2026:09:55:29 -0500] "GET / HTTP/1.1" 200 26522 "-" "curl/7.29.0"
204.76.203.212 - - [31/Jan/2026:09:58:59 -0500] "GET / HTTP/1.1" 200 26522 "-" "Mozilla/5.0 (Windows NT 10.0; Win64; x64) AppleWebKit/537.36 (KHTML, like Gecko) Chrome/90.0.4430.85 Safari/537.36 Edg/90.0.818.46"
74.206.190.68 - - [31/Jan/2026:10:00:25 -0500] "GET / HTTP/1.1" 200 26522 "-" "curl/7.29.0"
175.6.217.4 - - [31/Jan/2026:10:00:46 -0500] "GET / HTTP/1.1" 301 - "-" "Mozilla/5.0 (iPhone; CPU iPhone OS 13_2_3 like Mac OS X) AppleWebKit/605.1.15 (KHTML, like Gecko) Version/13.0.3 Mobile/15E148 Safari/604.1"
175.6.217.4 - - [31/Jan/2026:10:00:50 -0500] "GET / HTTP/1.1" 200 26522 "http://hollywooddorm.com" "Mozilla/5.0 (iPhone; CPU iPhone OS 13_2_3 like Mac OS X) AppleWebKit/605.1.15 (KHTML, like Gecko) Version/13.0.3 Mobile/15E148 Safari/604.1"
79.124.40.174 - - [31/Jan/2026:10:01:41 -0500] "GET /?XDEBUG_SESSION_START=phpstorm HTTP/1.1" 200 26612 "-" "Mozilla/5.0 (Windows NT 10.0; Win64; x64) AppleWebKit/537.36 (KHTML, like Gecko) Chrome/78.0.3904.108 Safari/537.36"
74.206.190.68 - - [31/Jan/2026:10:05:27 -0500] "GET / HTTP/1.1" 200 26522 "-" "curl/7.29.0"
74.206.190.68 - - [31/Jan/2026:10:10:23 -0500] "GET / HTTP/1.1" 200 26522 "-" "curl/7.29.0"
74.206.190.68 - - [31/Jan/2026:10:15:26 -0500] "POST /wp-cron.php?doing_wp_cron=1769872526.2838959693908691406250 HTTP/1.1" 200 - "http://www.hollywooddorm.com/wp-cron.php?doing_wp_cron=1769872526.2838959693908691406250" "WordPress/4.9.16; http://www.hollywooddorm.com"
204.76.203.206 - - [31/Jan/2026:10:15:26 -0500] "GET / HTTP/1.1" 200 26522 "-" "Mozilla/5.0 (Windows NT 10.0; Win64; x64) AppleWebKit/537.36 (KHTML, like Gecko) Chrome/90.0.4430.85 Safari/537.36 Edg/90.0.818.46"
74.206.190.68 - - [31/Jan/2026:10:15:27 -0500] "GET / HTTP/1.1" 200 26522 "-" "curl/7.29.0"
74.206.190.68 - - [31/Jan/2026:10:20:31 -0500] "GET / HTTP/1.1" 200 26522 "-" "curl/7.29.0"
204.76.203.212 - - [31/Jan/2026:10:25:03 -0500] "GET / HTTP/1.1" 200 26522 "-" "Mozilla/5.0 (Windows NT 10.0; Win64; x64) AppleWebKit/537.36 (KHTML, like Gecko) Chrome/90.0.4430.85 Safari/537.36 Edg/90.0.818.46"
74.206.190.68 - - [31/Jan/2026:10:25:26 -0500] "GET / HTTP/1.1" 200 26522 "-" "curl/7.29.0"
34.122.105.182 - - [31/Jan/2026:10:26:58 -0500] "GET / HTTP/1.1" 200 26522 "-" "Mozilla/5.0 (compatible; TchelebiScanner/2.0; +https://scan.tchelebi.io)"
74.206.190.68 - - [31/Jan/2026:10:30:24 -0500] "GET / HTTP/1.1" 200 26522 "-" "curl/7.29.0"
176.65.139.8 - - [31/Jan/2026:10:32:31 -0500] "POST /goform/formJsonAjaxReq HTTP/1.1" 302 275 "http://74.206.190.68/home.asp" "Go-http-client/1.1"
74.206.190.68 - - [31/Jan/2026:10:35:21 -0500] "GET / HTTP/1.1" 200 26522 "-" "curl/7.29.0"
195.178.110.246 - - [31/Jan/2026:10:37:10 -0500] "GET /.env HTTP/1.1" 302 275 "-" "Mozilla/5.0 (X11; U; Linux i686; en-US) AppleWebKit/532.8 (KHTML, like Gecko) Chrome/4.0.277.0 Safari/532.8"
193.142.147.209 - - [31/Jan/2026:10:40:05 -0500] "POST / HTTP/1.1" 200 26522 "-" "Mozilla/5.0 (Windows NT 10.0; Win64; x64) AppleWebKit/537.36"
74.206.190.68 - - [31/Jan/2026:10:40:32 -0500] "GET / HTTP/1.1" 200 26522 "-" "curl/7.29.0"